2026-02-02 00:43:22.278 138793 DEBUG oslo_service.service [req-55a3fd33-dfca-4625-b7b6-43cdb398e97d - - - - -] hyperv.instances_path_share = log_opt_values /usr/lib/python3/dist-packages/oslo_config/cfg.py:2609
2026-02-02 00:43:22.278 139589 DEBUG oslo_messaging._drivers.amqpdriver [-] received message msg_id: 6eeeabc90aa54d6dbde81c0cfba74d4b reply to reply_0a77ee9d958342deaeeee485eafd2f81 __call__ /usr/lib/python3/dist-packages/oslo_messaging/_drivers/amqpdriver.py:320
2026-02-02 00:43:22.278 138793 DEBUG oslo_service.service [req-55a3fd33-dfca-4625-b7b6-43cdb398e97d - - - - -] hyperv.iscsi_initiator_list = [] log_opt_values /usr/lib/python3/dist-packages/oslo_config/cfg.py:2609
2026-02-02 00:43:22.278 138793 DEBUG oslo_service.service [req-55a3fd33-dfca-4625-b7b6-43cdb398e97d - - - - -] hyperv.limit_cpu_features = False log_opt_values /usr/lib/python3/dist-packages/oslo_config/cfg.py:2609
2026-02-02 00:43:22.278 138793 DEBUG oslo_service.service [req-55a3fd33-dfca-4625-b7b6-43cdb398e97d - - - - -] hyperv.mounted_disk_query_retry_count = 10 log_opt_values /usr/lib/python3/dist-packages/oslo_config/cfg.py:2609
2026-02-02 00:43:22.279 138793 DEBUG oslo_service.service [req-55a3fd33-dfca-4625-b7b6-43cdb398e97d - - - - -] hyperv.mounted_disk_query_retry_interval = 5 log_opt_values /usr/lib/python3/dist-packages/oslo_config/cfg.py:2609
2026-02-02 00:43:22.279 138793 DEBUG oslo_service.service [req-55a3fd33-dfca-4625-b7b6-43cdb398e97d - - - - -] hyperv.power_state_check_timeframe = 60 log_opt_values /usr/lib/python3/dist-packages/oslo_config/cfg.py:2609
2026-02-02 00:43:22.279 138793 DEBUG oslo_service.service [req-55a3fd33-dfca-4625-b7b6-43cdb398e97d - - - - -] hyperv.power_state_event_polling_interval = 2 log_opt_values /usr/lib/python3/dist-packages/oslo_config/cfg.py:2609
2026-02-02 00:43:22.279 138793 DEBUG oslo_service.service [req-55a3fd33-dfca-4625-b7b6-43cdb398e97d - - - - -] hyperv.qemu_img_cmd = qemu-img.exe log_opt_values /usr/lib/python3/dist-packages/oslo_config/cfg.py:2609
2026-02-02 00:43:22.279 139589 DEBUG nova.service [req-7c7dacce-719b-4f72-a639-a2a298208a5c - - - - -] Join ServiceGroup membership for this service conductor start /usr/lib/python3/dist-packages/nova/service.py:199
2026-02-02 00:43:22.280 138793 DEBUG oslo_service.service [req-55a3fd33-dfca-4625-b7b6-43cdb398e97d - - - - -] hyperv.use_multipath_io = False log_opt_values /usr/lib/python3/dist-packages/oslo_config/cfg.py:2609
2026-02-02 00:43:22.280 138793 DEBUG oslo_service.service [req-55a3fd33-dfca-4625-b7b6-43cdb398e97d - - - - -] hyperv.volume_attach_retry_count = 10 log_opt_values /usr/lib/python3/dist-packages/oslo_config/cfg.py:2609
2026-02-02 00:43:22.280 138793 DEBUG oslo_service.service [req-55a3fd33-dfca-4625-b7b6-43cdb398e97d - - - - -] hyperv.volume_attach_retry_interval = 5 log_opt_values /usr/lib/python3/dist-packages/oslo_config/cfg.py:2609
2026-02-02 00:43:22.280 139589 DEBUG nova.servicegroup.drivers.db [req-7c7dacce-719b-4f72-a639-a2a298208a5c - - - - -] DB_Driver: join new ServiceGroup member juju-86eeeb-0-lxd-7 to the conductor group, service = join /usr/lib/python3/dist-packages/nova/servicegroup/drivers/db.py:44
2026-02-02 00:43:22.280 138793 DEBUG oslo_service.service [req-55a3fd33-dfca-4625-b7b6-43cdb398e97d - - - - -] hyperv.vswitch_name = None log_opt_values /usr/lib/python3/dist-packages/oslo_config/cfg.py:2609
2026-02-02 00:43:22.280 138793 DEBUG oslo_service.service [req-55a3fd33-dfca-4625-b7b6-43cdb398e97d - - - - -] hyperv.wait_soft_reboot_seconds = 60 log_opt_values /usr/lib/python3/dist-packages/oslo_config/cfg.py:2609
2026-02-02 00:43:22.280 139589 DEBUG oslo_messaging._drivers.amqpdriver [-] AMQPListener connection timeout poll /usr/lib/python3/dist-packages/oslo_messaging/_drivers/amqpdriver.py:360
2026-02-02 00:43:22.281 139589 DEBUG oslo_messaging._drivers.amqpdriver [-] Listener is running poll /usr/lib/python3/dist-packages/oslo_messaging/_drivers/amqpdriver.py:343
2026-02-02 00:43:22.281 139589 DEBUG oslo_messaging._drivers.amqpdriver [-] Poll the incoming message with unique_id: bfd8d0fdbcce4de6872f2614e37fb348 poll /usr/lib/python3/dist-packages/oslo_messaging/_drivers/amqpdriver.py:346
2026-02-02 00:43:22.281 139589 DEBUG oslo_messaging._drivers.amqpdriver [-] Listener is running poll /usr/lib/python3/dist-packages/oslo_messaging/_drivers/amqpdriver.py:343
2026-02-02 00:43:22.281 139589 DEBUG oslo_messaging._drivers.amqpdriver [-] AMQPListener connection consume poll /usr/lib/python3/dist-packages/oslo_messaging/_drivers/amqpdriver.py:357
2026-02-02 00:43:22.280 138793 DEBUG oslo_service.service [req-55a3fd33-dfca-4625-b7b6-43cdb398e97d - - - - -] mks.enabled = False log_opt_values /usr/lib/python3/dist-packages/oslo_config/cfg.py:2609
2026-02-02 00:43:22.281 139597 DEBUG oslo_messaging._drivers.amqpdriver [-] Listener is running poll /usr/lib/python3/dist-packages/oslo_messaging/_drivers/amqpdriver.py:343
2026-02-02 00:43:22.282 139597 DEBUG oslo_messaging._drivers.amqpdriver [-] AMQPListener connection consume poll /usr/lib/python3/dist-packages/oslo_messaging/_drivers/amqpdriver.py:357
2026-02-02 00:43:22.282 138793 DEBUG oslo_service.service [req-55a3fd33-dfca-4625-b7b6-43cdb398e97d - - - - -] mks.mksproxy_base_url = http://127.0.0.1:6090/ log_opt_values /usr/lib/python3/dist-packages/oslo_config/cfg.py:2609
2026-02-02 00:43:22.282 138793 DEBUG oslo_service.service [req-55a3fd33-dfca-4625-b7b6-43cdb398e97d - - - - -] image_cache.manager_interval = 2400 log_opt_values /usr/lib/python3/dist-packages/oslo_config/cfg.py:2609
2026-02-02 00:43:22.282 138793 DEBUG oslo_service.service [req-55a3fd33-dfca-4625-b7b6-43cdb398e97d - - - - -] image_cache.precache_concurrency = 1 log_opt_values /usr/lib/python3/dist-packages/oslo_config/cfg.py:2609
2026-02-02 00:43:22.282 139597 DEBUG nova.service [req-0537a4d3-ff34-4870-9707-f0e2821f5873 - - - - -] Join ServiceGroup membership for this service conductor start /usr/lib/python3/dist-packages/nova/service.py:199
2026-02-02 00:43:22.282 138793 DEBUG oslo_service.service [req-55a3fd33-dfca-4625-b7b6-43cdb398e97d - - - - -] image_cache.remove_unused_base_images = True log_opt_values /usr/lib/python3/dist-packages/oslo_config/cfg.py:2609
2026-02-02 00:43:22.283 138793 DEBUG oslo_service.service [req-55a3fd33-dfca-4625-b7b6-43cdb398e97d - - - - -] image_cache.remove_unused_original_minimum_age_seconds = 86400 log_opt_values /usr/lib/python3/dist-packages/oslo_config/cfg.py:2609
2026-02-02 00:43:22.283 138793 DEBUG oslo_service.service [req-55a3fd33-dfca-4625-b7b6-43cdb398e97d - - - - -] image_cache.remove_unused_resized_minimum_age_seconds = 3600 log_opt_values /usr/lib/python3/dist-packages/oslo_config/cfg.py:2609
2026-02-02 00:43:22.283 138793 DEBUG oslo_service.service [req-55a3fd33-dfca-4625-b7b6-43cdb398e97d - - - - -] image_cache.subdirectory_name = _base log_opt_values /usr/lib/python3/dist-packages/oslo_config/cfg.py:2609
2026-02-02 00:43:22.283 138793 DEBUG oslo_service.service [req-55a3fd33-dfca-4625-b7b6-43cdb398e97d - - - - -] ironic.api_max_retries = 60 log_opt_values /usr/lib/python3/dist-packages/oslo_config/cfg.py:2609
2026-02-02 00:43:22.283 138793 DEBUG oslo_service.service [req-55a3fd33-dfca-4625-b7b6-43cdb398e97d - - - - -] ironic.api_retry_interval = 2 log_opt_values /usr/lib/python3/dist-packages/oslo_config/cfg.py:2609
2026-02-02 00:43:22.283 138793 DEBUG oslo_service.service [req-55a3fd33-dfca-4625-b7b6-43cdb398e97d - - - - -] ironic.auth_section = None log_opt_values /usr/lib/python3/dist-packages/oslo_config/cfg.py:2609
2026-02-02 00:43:22.284 138793 DEBUG oslo_service.service [req-55a3fd33-dfca-4625-b7b6-43cdb398e97d - - - - -] ironic.auth_type = None log_opt_values /usr/lib/python3/dist-packages/oslo_config/cfg.py:2609
2026-02-02 00:43:22.284 138793 DEBUG oslo_service.service [req-55a3fd33-dfca-4625-b7b6-43cdb398e97d - - - - -] ironic.cafile = None log_opt_values /usr/lib/python3/dist-packages/oslo_config/cfg.py:2609
2026-02-02 00:43:22.284 138793 DEBUG oslo_service.service [req-55a3fd33-dfca-4625-b7b6-43cdb398e97d - - - - -] ironic.certfile = None log_opt_values /usr/lib/python3/dist-packages/oslo_config/cfg.py:2609
2026-02-02 00:43:22.284 138793 DEBUG oslo_service.service [req-55a3fd33-dfca-4625-b7b6-43cdb398e97d - - - - -] ironic.collect_timing = False log_opt_values /usr/lib/python3/dist-packages/oslo_config/cfg.py:2609
2026-02-02 00:43:22.284 138793 DEBUG oslo_service.service [req-55a3fd33-dfca-4625-b7b6-43cdb398e97d - - - - -] ironic.connect_retries = None log_opt_values /usr/lib/python3/dist-packages/oslo_config/cfg.py:2609
2026-02-02 00:43:22.284 138793 DEBUG oslo_service.service [req-55a3fd33-dfca-4625-b7b6-43cdb398e97d - - - - -] ironic.connect_retry_delay = None log_opt_values /usr/lib/python3/dist-packages/oslo_config/cfg.py:2609
2026-02-02 00:43:22.284 138793 DEBUG oslo_service.service [req-55a3fd33-dfca-4625-b7b6-43cdb398e97d - - - - -] ironic.endpoint_override = None log_opt_values /usr/lib/python3/dist-packages/oslo_config/cfg.py:2609
2026-02-02 00:43:22.284 139597 DEBUG nova.servicegroup.drivers.db [req-0537a4d3-ff34-4870-9707-f0e2821f5873 - - - - -] DB_Driver: join new ServiceGroup member juju-86eeeb-0-lxd-7 to the conductor group, service = join /usr/lib/python3/dist-packages/nova/servicegroup/drivers/db.py:44
2026-02-02 00:43:22.285 138793 DEBUG oslo_service.service [req-55a3fd33-dfca-4625-b7b6-43cdb398e97d - - - - -] ironic.insecure = False log_opt_values /usr/lib/python3/dist-packages/oslo_config/cfg.py:2609
2026-02-02 00:43:22.285 138793 DEBUG oslo_service.service [req-55a3fd33-dfca-4625-b7b6-43cdb398e97d - - - - -] ironic.keyfile = None log_opt_values /usr/lib/python3/dist-packages/oslo_config/cfg.py:2609
2026-02-02 00:43:22.285 138793 DEBUG oslo_service.service [req-55a3fd33-dfca-4625-b7b6-43cdb398e97d - - - - -] ironic.max_version = None log_opt_values /usr/lib/python3/dist-packages/oslo_config/cfg.py:2609
2026-02-02 00:43:22.285 138793 DEBUG oslo_service.service [req-55a3fd33-dfca-4625-b7b6-43cdb398e97d - - - - -] ironic.min_version = None log_opt_values /usr/lib/python3/dist-packages/oslo_config/cfg.py:2609
2026-02-02 00:43:22.285 138793 DEBUG oslo_service.service [req-55a3fd33-dfca-4625-b7b6-43cdb398e97d - - - - -] ironic.partition_key = None log_opt_values /usr/lib/python3/dist-packages/oslo_config/cfg.py:2609
2026-02-02 00:43:22.285 138793 DEBUG oslo_service.service [req-55a3fd33-dfca-4625-b7b6-43cdb398e97d - - - - -] ironic.peer_list = [] log_opt_values /usr/lib/python3/dist-packages/oslo_config/cfg.py:2609
2026-02-02 00:43:22.286 138793 DEBUG oslo_service.service [req-55a3fd33-dfca-4625-b7b6-43cdb398e97d - - - - -] ironic.region_name = None log_opt_values /usr/lib/python3/dist-packages/oslo_config/cfg.py:2609
2026-02-02 00:43:22.286 138793 DEBUG oslo_service.service [req-55a3fd33-dfca-4625-b7b6-43cdb398e97d - - - - -] ironic.serial_console_state_timeout = 10 log_opt_values /usr/lib/python3/dist-packages/oslo_config/cfg.py:2609
2026-02-02 00:43:22.287 139590 DEBUG nova.service [req-20180e3f-8612-4087-99fc-d83d4e9f2566 - - - - -] Creating RPC server for service conductor start /usr/lib/python3/dist-packages/nova/service.py:182
2026-02-02 00:43:22.286 138793 DEBUG oslo_service.service [req-55a3fd33-dfca-4625-b7b6-43cdb398e97d - - - - -] ironic.service_name = None log_opt_values /usr/lib/python3/dist-packages/oslo_config/cfg.py:2609
2026-02-02 00:43:22.290 138793 DEBUG oslo_service.service [req-55a3fd33-dfca-4625-b7b6-43cdb398e97d - - - - -] ironic.service_type = baremetal log_opt_values /usr/lib/python3/dist-packages/oslo_config/cfg.py:2609
2026-02-02 00:43:22.290 138793 DEBUG oslo_service.service [req-55a3fd33-dfca-4625-b7b6-43cdb398e97d - - - - -] ironic.split_loggers = False log_opt_values /usr/lib/python3/dist-packages/oslo_config/cfg.py:2609
2026-02-02 00:43:22.290 139589 DEBUG oslo_messaging._drivers.amqpdriver [req-5602e23d-bc03-4e44-8385-4eb2c39cbc8d - - - - -] sending reply msg_id: 6eeeabc90aa54d6dbde81c0cfba74d4b reply queue: reply_0a77ee9d958342deaeeee485eafd2f81 time elapsed: 0.0115768969999408s _send_reply /usr/lib/python3/dist-packages/oslo_messaging/_drivers/amqpdriver.py:118
2026-02-02 00:43:22.290 138793 DEBUG oslo_service.service [req-55a3fd33-dfca-4625-b7b6-43cdb398e97d - - - - -] ironic.status_code_retries = None log_opt_values /usr/lib/python3/dist-packages/oslo_config/cfg.py:2609
2026-02-02 00:43:22.290 138793 DEBUG oslo_service.service [req-55a3fd33-dfca-4625-b7b6-43cdb398e97d - - - - -] ironic.status_code_retry_delay = None log_opt_values /usr/lib/python3/dist-packages/oslo_config/cfg.py:2609
2026-02-02 00:43:22.290 138793 DEBUG oslo_service.service [req-55a3fd33-dfca-4625-b7b6-43cdb398e97d - - - - -] ironic.timeout = None log_opt_values /usr/lib/python3/dist-packages/oslo_config/cfg.py:2609
2026-02-02 00:43:22.291 138793 DEBUG oslo_service.service [req-55a3fd33-dfca-4625-b7b6-43cdb398e97d - - - - -] ironic.valid_interfaces = ['internal', 'public'] log_opt_values /usr/lib/python3/dist-packages/oslo_config/cfg.py:2609
2026-02-02 00:43:22.291 138793 DEBUG oslo_service.service [req-55a3fd33-dfca-4625-b7b6-43cdb398e97d - - - - -] ironic.version = None log_opt_values /usr/lib/python3/dist-packages/oslo_config/cfg.py:2609
2026-02-02 00:43:22.291 138793 DEBUG oslo_service.service [req-55a3fd33-dfca-4625-b7b6-43cdb398e97d - - - - -] key_manager.backend = barbican log_opt_values /usr/lib/python3/dist-packages/oslo_config/cfg.py:2609
2026-02-02 00:43:22.291 138793 DEBUG oslo_service.service [req-55a3fd33-dfca-4625-b7b6-43cdb398e97d - - - - -] key_manager.fixed_key = **** log_opt_values /usr/lib/python3/dist-packages/oslo_config/cfg.py:2609
2026-02-02 00:43:22.291 138793 DEBUG oslo_service.service [req-55a3fd33-dfca-4625-b7b6-43cdb398e97d - - - - -] barbican.auth_endpoint = http://localhost/identity/v3 log_opt_values /usr/lib/python3/dist-packages/oslo_config/cfg.py:2609
2026-02-02 00:43:22.292 138793 DEBUG oslo_service.service [req-55a3fd33-dfca-4625-b7b6-43cdb398e97d - - - - -] barbican.barbican_api_version = None log_opt_values /usr/lib/python3/dist-packages/oslo_config/cfg.py:2609
2026-02-02 00:43:22.292 138793 DEBUG oslo_service.service [req-55a3fd33-dfca-4625-b7b6-43cdb398e97d - - - - -] barbican.barbican_endpoint = None log_opt_values /usr/lib/python3/dist-packages/oslo_config/cfg.py:2609
2026-02-02 00:43:22.292 138793 DEBUG oslo_service.service [req-55a3fd33-dfca-4625-b7b6-43cdb398e97d - - - - -] barbican.barbican_endpoint_type = public log_opt_values /usr/lib/python3/dist-packages/oslo_config/cfg.py:2609
2026-02-02 00:43:22.292 138793 DEBUG oslo_service.service [req-55a3fd33-dfca-4625-b7b6-43cdb398e97d - - - - -] barbican.barbican_region_name = None log_opt_values /usr/lib/python3/dist-packages/oslo_config/cfg.py:2609
2026-02-02 00:43:22.292 138793 DEBUG oslo_service.service [req-55a3fd33-dfca-4625-b7b6-43cdb398e97d - - - - -] barbican.cafile = None log_opt_values /usr/lib/python3/dist-packages/oslo_config/cfg.py:2609
2026-02-02 00:43:22.292 138793 DEBUG oslo_service.service [req-55a3fd33-dfca-4625-b7b6-43cdb398e97d - - - - -] barbican.certfile = None log_opt_values /usr/lib/python3/dist-packages/oslo_config/cfg.py:2609
2026-02-02 00:43:22.293 138793 DEBUG oslo_service.service [req-55a3fd33-dfca-4625-b7b6-43cdb398e97d - - - - -] barbican.collect_timing = False log_opt_values /usr/lib/python3/dist-packages/oslo_config/cfg.py:2609
2026-02-02 00:43:22.293 138793 DEBUG oslo_service.service [req-55a3fd33-dfca-4625-b7b6-43cdb398e97d - - - - -] barbican.insecure = False log_opt_values /usr/lib/python3/dist-packages/oslo_config/cfg.py:2609
2026-02-02 00:43:22.293 138793 DEBUG oslo_service.service [req-55a3fd33-dfca-4625-b7b6-43cdb398e97d - - - - -] barbican.keyfile = None log_opt_values /usr/lib/python3/dist-packages/oslo_config/cfg.py:2609
2026-02-02 00:43:22.293 138793 DEBUG oslo_service.service [req-55a3fd33-dfca-4625-b7b6-43cdb398e97d - - - - -] barbican.number_of_retries = 60 log_opt_values /usr/lib/python3/dist-packages/oslo_config/cfg.py:2609
2026-02-02 00:43:22.293 138793 DEBUG oslo_service.service [req-55a3fd33-dfca-4625-b7b6-43cdb398e97d - - - - -] barbican.retry_delay = 1 log_opt_values /usr/lib/python3/dist-packages/oslo_config/cfg.py:2609
2026-02-02 00:43:22.293 138793 DEBUG oslo_service.service [req-55a3fd33-dfca-4625-b7b6-43cdb398e97d - - - - -] barbican.send_service_user_token = False log_opt_values /usr/lib/python3/dist-packages/oslo_config/cfg.py:2609
2026-02-02 00:43:22.293 138793 DEBUG oslo_service.service [req-55a3fd33-dfca-4625-b7b6-43cdb398e97d - - - - -] barbican.split_loggers = False log_opt_values /usr/lib/python3/dist-packages/oslo_config/cfg.py:2609
2026-02-02 00:43:22.294 138793 DEBUG oslo_service.service [req-55a3fd33-dfca-4625-b7b6-43cdb398e97d - - - - -] barbican.timeout = None log_opt_values /usr/lib/python3/dist-packages/oslo_config/cfg.py:2609
2026-02-02 00:43:22.294 138793 DEBUG oslo_service.service [req-55a3fd33-dfca-4625-b7b6-43cdb398e97d - - - - -] barbican.verify_ssl = True log_opt_values /usr/lib/python3/dist-packages/oslo_config/cfg.py:2609
2026-02-02 00:43:22.294 138793 DEBUG oslo_service.service [req-55a3fd33-dfca-4625-b7b6-43cdb398e97d - - - - -] barbican.verify_ssl_path = None log_opt_values /usr/lib/python3/dist-packages/oslo_config/cfg.py:2609
2026-02-02 00:43:22.294 138793 DEBUG oslo_service.service [req-55a3fd33-dfca-4625-b7b6-43cdb398e97d - - - - -] barbican_service_user.auth_section = None log_opt_values /usr/lib/python3/dist-packages/oslo_config/cfg.py:2609
2026-02-02 00:43:22.294 138793 DEBUG oslo_service.service [req-55a3fd33-dfca-4625-b7b6-43cdb398e97d - - - - -] barbican_service_user.auth_type = None log_opt_values /usr/lib/python3/dist-packages/oslo_config/cfg.py:2609
2026-02-02 00:43:22.295 138793 DEBUG oslo_service.service [req-55a3fd33-dfca-4625-b7b6-43cdb398e97d - - - - -] barbican_service_user.cafile = None log_opt_values /usr/lib/python3/dist-packages/oslo_config/cfg.py:2609
2026-02-02 00:43:22.295 138793 DEBUG oslo_service.service [req-55a3fd33-dfca-4625-b7b6-43cdb398e97d - - - - -] barbican_service_user.certfile = None log_opt_values /usr/lib/python3/dist-packages/oslo_config/cfg.py:2609
2026-02-02 00:43:22.295 138793 DEBUG oslo_service.service [req-55a3fd33-dfca-4625-b7b6-43cdb398e97d - - - - -] barbican_service_user.collect_timing = False log_opt_values /usr/lib/python3/dist-packages/oslo_config/cfg.py:2609
2026-02-02 00:43:22.295 138793 DEBUG oslo_service.service [req-55a3fd33-dfca-4625-b7b6-43cdb398e97d - - - - -] barbican_service_user.insecure = False log_opt_values /usr/lib/python3/dist-packages/oslo_config/cfg.py:2609
2026-02-02 00:43:22.295 138793 DEBUG oslo_service.service [req-55a3fd33-dfca-4625-b7b6-43cdb398e97d - - - - -] barbican_service_user.keyfile = None log_opt_values /usr/lib/python3/dist-packages/oslo_config/cfg.py:2609
2026-02-02 00:43:22.295 138793 DEBUG oslo_service.service [req-55a3fd33-dfca-4625-b7b6-43cdb398e97d - - - - -] barbican_service_user.split_loggers = False log_opt_values /usr/lib/python3/dist-packages/oslo_config/cfg.py:2609
2026-02-02 00:43:22.296 138793 DEBUG oslo_service.service [req-55a3fd33-dfca-4625-b7b6-43cdb398e97d - - - - -] barbican_service_user.timeout = None log_opt_values /usr/lib/python3/dist-packages/oslo_config/cfg.py:2609
2026-02-02 00:43:22.296 138793 DEBUG oslo_service.service [req-55a3fd33-dfca-4625-b7b6-43cdb398e97d - - - - -] vault.approle_role_id = None log_opt_values /usr/lib/python3/dist-packages/oslo_config/cfg.py:2609
2026-02-02 00:43:22.296 138793 DEBUG oslo_service.service [req-55a3fd33-dfca-4625-b7b6-43cdb398e97d - - - - -] vault.approle_secret_id = None log_opt_values /usr/lib/python3/dist-packages/oslo_config/cfg.py:2609
2026-02-02 00:43:22.296 138793 DEBUG oslo_service.service [req-55a3fd33-dfca-4625-b7b6-43cdb398e97d - - - - -] vault.cafile = None log_opt_values /usr/lib/python3/dist-packages/oslo_config/cfg.py:2609
2026-02-02 00:43:22.296 138793 DEBUG oslo_service.service [req-55a3fd33-dfca-4625-b7b6-43cdb398e97d - - - - -] vault.certfile = None log_opt_values /usr/lib/python3/dist-packages/oslo_config/cfg.py:2609
2026-02-02 00:43:22.296 138793 DEBUG oslo_service.service [req-55a3fd33-dfca-4625-b7b6-43cdb398e97d - - - - -] vault.collect_timing = False log_opt_values /usr/lib/python3/dist-packages/oslo_config/cfg.py:2609
2026-02-02 00:43:22.296 138793 DEBUG oslo_service.service [req-55a3fd33-dfca-4625-b7b6-43cdb398e97d - - - - -] vault.insecure = False log_opt_values /usr/lib/python3/dist-packages/oslo_config/cfg.py:2609
2026-02-02 00:43:22.297 138793 DEBUG oslo_service.service [req-55a3fd33-dfca-4625-b7b6-43cdb398e97d - - - - -] vault.keyfile = None log_opt_values /usr/lib/python3/dist-packages/oslo_config/cfg.py:2609
2026-02-02 00:43:22.297 138793 DEBUG oslo_service.service [req-55a3fd33-dfca-4625-b7b6-43cdb398e97d - - - - -] vault.kv_mountpoint = secret log_opt_values /usr/lib/python3/dist-packages/oslo_config/cfg.py:2609
2026-02-02 00:43:22.297 138793 DEBUG oslo_service.service [req-55a3fd33-dfca-4625-b7b6-43cdb398e97d - - - - -] vault.kv_version = 2 log_opt_values /usr/lib/python3/dist-packages/oslo_config/cfg.py:2609
2026-02-02 00:43:22.297 138793 DEBUG oslo_service.service [req-55a3fd33-dfca-4625-b7b6-43cdb398e97d - - - - -] vault.namespace = None log_opt_values /usr/lib/python3/dist-packages/oslo_config/cfg.py:2609
2026-02-02 00:43:22.297 138793 DEBUG oslo_service.service [req-55a3fd33-dfca-4625-b7b6-43cdb398e97d - - - - -] vault.root_token_id = None log_opt_values /usr/lib/python3/dist-packages/oslo_config/cfg.py:2609
2026-02-02 00:43:22.297 138793 DEBUG oslo_service.service [req-55a3fd33-dfca-4625-b7b6-43cdb398e97d - - - - -] vault.split_loggers = False log_opt_values /usr/lib/python3/dist-packages/oslo_config/cfg.py:2609
2026-02-02 00:43:22.302 139597 DEBUG oslo_messaging._drivers.amqpdriver [-] AMQPListener connection timeout poll /usr/lib/python3/dist-packages/oslo_messaging/_drivers/amqpdriver.py:360
2026-02-02 00:43:22.303 139597 DEBUG oslo_messaging._drivers.amqpdriver [-] Listener is running poll /usr/lib/python3/dist-packages/oslo_messaging/_drivers/amqpdriver.py:343
2026-02-02 00:43:22.303 139597 DEBUG oslo_messaging._drivers.amqpdriver [-] AMQPListener connection consume poll /usr/lib/python3/dist-packages/oslo_messaging/_drivers/amqpdriver.py:357
2026-02-02 00:43:22.298 138793 DEBUG oslo_service.service [req-55a3fd33-dfca-4625-b7b6-43cdb398e97d - - - - -] vault.ssl_ca_crt_file = None log_opt_values /usr/lib/python3/dist-packages/oslo_config/cfg.py:2609
2026-02-02 00:43:22.304 138793 DEBUG oslo_service.service [req-55a3fd33-dfca-4625-b7b6-43cdb398e97d - - - - -] vault.timeout = None log_opt_values /usr/lib/python3/dist-packages/oslo_config/cfg.py:2609
2026-02-02 00:43:22.304 138793 DEBUG oslo_service.service [req-55a3fd33-dfca-4625-b7b6-43cdb398e97d - - - - -] vault.use_ssl = False log_opt_values /usr/lib/python3/dist-packages/oslo_config/cfg.py:2609
2026-02-02 00:43:22.304 138793 DEBUG oslo_service.service [req-55a3fd33-dfca-4625-b7b6-43cdb398e97d - - - - -] vault.vault_url = http://127.0.0.1:8200 log_opt_values /usr/lib/python3/dist-packages/oslo_config/cfg.py:2609
2026-02-02 00:43:22.304 138793 DEBUG oslo_service.service [req-55a3fd33-dfca-4625-b7b6-43cdb398e97d - - - - -] keystone.cafile = None log_opt_values /usr/lib/python3/dist-packages/oslo_config/cfg.py:2609
2026-02-02 00:43:22.304 139596 DEBUG oslo_messaging._drivers.amqpdriver [-] Listener is running poll /usr/lib/python3/dist-packages/oslo_messaging/_drivers/amqpdriver.py:343
2026-02-02 00:43:22.304 138793 DEBUG oslo_service.service [req-55a3fd33-dfca-4625-b7b6-43cdb398e97d - - - - -] keystone.certfile = None log_opt_values /usr/lib/python3/dist-packages/oslo_config/cfg.py:2609
2026-02-02 00:43:22.304 139596 DEBUG oslo_messaging._drivers.amqpdriver [-] AMQPListener connection consume poll /usr/lib/python3/dist-packages/oslo_messaging/_drivers/amqpdriver.py:357
2026-02-02 00:43:22.304 138793 DEBUG oslo_service.service [req-55a3fd33-dfca-4625-b7b6-43cdb398e97d - - - - -] keystone.collect_timing = False log_opt_values /usr/lib/python3/dist-packages/oslo_config/cfg.py:2609
2026-02-02 00:43:22.305 138793 DEBUG oslo_service.service [req-55a3fd33-dfca-4625-b7b6-43cdb398e97d - - - - -] keystone.connect_retries = None log_opt_values /usr/lib/python3/dist-packages/oslo_config/cfg.py:2609
2026-02-02 00:43:22.305 138793 DEBUG oslo_service.service [req-55a3fd33-dfca-4625-b7b6-43cdb398e97d - - - - -] keystone.connect_retry_delay = None log_opt_values /usr/lib/python3/dist-packages/oslo_config/cfg.py:2609
2026-02-02 00:43:22.305 138793 DEBUG oslo_service.service [req-55a3fd33-dfca-4625-b7b6-43cdb398e97d - - - - -] keystone.endpoint_override = None log_opt_values /usr/lib/python3/dist-packages/oslo_config/cfg.py:2609
2026-02-02 00:43:22.305 138793 DEBUG oslo_service.service [req-55a3fd33-dfca-4625-b7b6-43cdb398e97d - - - - -] keystone.insecure = False log_opt_values /usr/lib/python3/dist-packages/oslo_config/cfg.py:2609
2026-02-02 00:43:22.305 138793 DEBUG oslo_service.service [req-55a3fd33-dfca-4625-b7b6-43cdb398e97d - - - - -] keystone.keyfile = None log_opt_values /usr/lib/python3/dist-packages/oslo_config/cfg.py:2609
2026-02-02 00:43:22.305 138793 DEBUG oslo_service.service [req-55a3fd33-dfca-4625-b7b6-43cdb398e97d - - - - -] keystone.max_version = None log_opt_values /usr/lib/python3/dist-packages/oslo_config/cfg.py:2609
2026-02-02 00:43:22.306 138793 DEBUG oslo_service.service [req-55a3fd33-dfca-4625-b7b6-43cdb398e97d - - - - -] keystone.min_version = None log_opt_values /usr/lib/python3/dist-packages/oslo_config/cfg.py:2609
2026-02-02 00:43:22.306 138793 DEBUG oslo_service.service [req-55a3fd33-dfca-4625-b7b6-43cdb398e97d - - - - -] keystone.region_name = None log_opt_values /usr/lib/python3/dist-packages/oslo_config/cfg.py:2609
2026-02-02 00:43:22.306 138793 DEBUG oslo_service.service [req-55a3fd33-dfca-4625-b7b6-43cdb398e97d - - - - -] keystone.service_name = None log_opt_values /usr/lib/python3/dist-packages/oslo_config/cfg.py:2609
2026-02-02 00:43:22.306 138793 DEBUG oslo_service.service [req-55a3fd33-dfca-4625-b7b6-43cdb398e97d - - - - -] keystone.service_type = identity log_opt_values /usr/lib/python3/dist-packages/oslo_config/cfg.py:2609
2026-02-02 00:43:22.306 138793 DEBUG oslo_service.service [req-55a3fd33-dfca-4625-b7b6-43cdb398e97d - - - - -] keystone.split_loggers = False log_opt_values /usr/lib/python3/dist-packages/oslo_config/cfg.py:2609
2026-02-02 00:43:22.306 139596 DEBUG nova.service [req-2a54c996-03ff-4658-8e7e-14c6a146ffc0 - - - - -] Join ServiceGroup membership for this service conductor start /usr/lib/python3/dist-packages/nova/service.py:199
2026-02-02 00:43:22.306 138793 DEBUG oslo_service.service [req-55a3fd33-dfca-4625-b7b6-43cdb398e97d - - - - -] keystone.status_code_retries = None log_opt_values /usr/lib/python3/dist-packages/oslo_config/cfg.py:2609
2026-02-02 00:43:22.306 138793 DEBUG oslo_service.service [req-55a3fd33-dfca-4625-b7b6-43cdb398e97d - - - - -] keystone.status_code_retry_delay = None log_opt_values /usr/lib/python3/dist-packages/oslo_config/cfg.py:2609
2026-02-02 00:43:22.306 139596 DEBUG nova.servicegroup.drivers.db [req-2a54c996-03ff-4658-8e7e-14c6a146ffc0 - - - - -] DB_Driver: join new ServiceGroup member juju-86eeeb-0-lxd-7 to the conductor group, service = join /usr/lib/python3/dist-packages/nova/servicegroup/drivers/db.py:44
2026-02-02 00:43:22.307 138793 DEBUG oslo_service.service [req-55a3fd33-dfca-4625-b7b6-43cdb398e97d - - - - -] keystone.timeout = None log_opt_values /usr/lib/python3/dist-packages/oslo_config/cfg.py:2609
2026-02-02 00:43:22.307 138793 DEBUG oslo_service.service [req-55a3fd33-dfca-4625-b7b6-43cdb398e97d - - - - -] keystone.valid_interfaces = ['internal', 'public'] log_opt_values /usr/lib/python3/dist-packages/oslo_config/cfg.py:2609
2026-02-02 00:43:22.307 138793 DEBUG oslo_service.service [req-55a3fd33-dfca-4625-b7b6-43cdb398e97d - - - - -] keystone.version = None log_opt_values /usr/lib/python3/dist-packages/oslo_config/cfg.py:2609
2026-02-02 00:43:22.307 138793 DEBUG oslo_service.service [req-55a3fd33-dfca-4625-b7b6-43cdb398e97d - - - - -] libvirt.connection_uri = log_opt_values /usr/lib/python3/dist-packages/oslo_config/cfg.py:2609
2026-02-02 00:43:22.307 138793 DEBUG oslo_service.service [req-55a3fd33-dfca-4625-b7b6-43cdb398e97d - - - - -] libvirt.cpu_mode = None log_opt_values /usr/lib/python3/dist-packages/oslo_config/cfg.py:2609
2026-02-02 00:43:22.308 138793 DEBUG oslo_service.service [req-55a3fd33-dfca-4625-b7b6-43cdb398e97d - - - - -] libvirt.cpu_model_extra_flags = [] log_opt_values /usr/lib/python3/dist-packages/oslo_config/cfg.py:2609
2026-02-02 00:43:22.308 138793 DEBUG oslo_service.service [req-55a3fd33-dfca-4625-b7b6-43cdb398e97d - - - - -] libvirt.cpu_models = [] log_opt_values /usr/lib/python3/dist-packages/oslo_config/cfg.py:2609
2026-02-02 00:43:22.308 138793 DEBUG oslo_service.service [req-55a3fd33-dfca-4625-b7b6-43cdb398e97d - - - - -] libvirt.device_detach_attempts = 8 log_opt_values /usr/lib/python3/dist-packages/oslo_config/cfg.py:2609
2026-02-02 00:43:22.308 138793 DEBUG oslo_service.service [req-55a3fd33-dfca-4625-b7b6-43cdb398e97d - - - - -] libvirt.device_detach_timeout = 20 log_opt_values /usr/lib/python3/dist-packages/oslo_config/cfg.py:2609
2026-02-02 00:43:22.308 138793 DEBUG oslo_service.service [req-55a3fd33-dfca-4625-b7b6-43cdb398e97d - - - - -] libvirt.disk_cachemodes = [] log_opt_values /usr/lib/python3/dist-packages/oslo_config/cfg.py:2609
2026-02-02 00:43:22.308 138793 DEBUG oslo_service.service [req-55a3fd33-dfca-4625-b7b6-43cdb398e97d - - - - -] libvirt.disk_prefix = None log_opt_values /usr/lib/python3/dist-packages/oslo_config/cfg.py:2609
2026-02-02 00:43:22.309 138793 DEBUG oslo_service.service [req-55a3fd33-dfca-4625-b7b6-43cdb398e97d - - - - -] libvirt.enabled_perf_events = [] log_opt_values /usr/lib/python3/dist-packages/oslo_config/cfg.py:2609
2026-02-02 00:43:22.309 138793 DEBUG oslo_service.service [req-55a3fd33-dfca-4625-b7b6-43cdb398e97d - - - - -] libvirt.file_backed_memory = 0 log_opt_values /usr/lib/python3/dist-packages/oslo_config/cfg.py:2609
2026-02-02 00:43:22.309 138793 DEBUG oslo_service.service [req-55a3fd33-dfca-4625-b7b6-43cdb398e97d - - - - -] libvirt.gid_maps = [] log_opt_values /usr/lib/python3/dist-packages/oslo_config/cfg.py:2609
2026-02-02 00:43:22.309 138793 DEBUG oslo_service.service [req-55a3fd33-dfca-4625-b7b6-43cdb398e97d - - - - -] libvirt.hw_disk_discard = None log_opt_values /usr/lib/python3/dist-packages/oslo_config/cfg.py:2609
2026-02-02 00:43:22.309 138793 DEBUG oslo_service.service [req-55a3fd33-dfca-4625-b7b6-43cdb398e97d - - - - -] libvirt.hw_machine_type = None log_opt_values /usr/lib/python3/dist-packages/oslo_config/cfg.py:2609
2026-02-02 00:43:22.309 138793 DEBUG oslo_service.service [req-55a3fd33-dfca-4625-b7b6-43cdb398e97d - - - - -] libvirt.images_rbd_ceph_conf = log_opt_values /usr/lib/python3/dist-packages/oslo_config/cfg.py:2609
2026-02-02 00:43:22.310 138793 DEBUG oslo_service.service [req-55a3fd33-dfca-4625-b7b6-43cdb398e97d - - - - -] libvirt.images_rbd_glance_copy_poll_interval = 15 log_opt_values /usr/lib/python3/dist-packages/oslo_config/cfg.py:2609
2026-02-02 00:43:22.310 138793 DEBUG oslo_service.service [req-55a3fd33-dfca-4625-b7b6-43cdb398e97d - - - - -] libvirt.images_rbd_glance_copy_timeout = 600 log_opt_values /usr/lib/python3/dist-packages/oslo_config/cfg.py:2609
2026-02-02 00:43:22.310 138793 DEBUG oslo_service.service [req-55a3fd33-dfca-4625-b7b6-43cdb398e97d - - - - -] libvirt.images_rbd_glance_store_name = log_opt_values /usr/lib/python3/dist-packages/oslo_config/cfg.py:2609
2026-02-02 00:43:22.310 138793 DEBUG oslo_service.service [req-55a3fd33-dfca-4625-b7b6-43cdb398e97d - - - - -] libvirt.images_rbd_pool = rbd log_opt_values /usr/lib/python3/dist-packages/oslo_config/cfg.py:2609
2026-02-02 00:43:22.310 139596 DEBUG oslo_messaging._drivers.amqpdriver [-] AMQPListener connection timeout poll /usr/lib/python3/dist-packages/oslo_messaging/_drivers/amqpdriver.py:360
2026-02-02 00:43:22.310 138793 DEBUG oslo_service.service [req-55a3fd33-dfca-4625-b7b6-43cdb398e97d - - - - -] libvirt.images_type = default log_opt_values /usr/lib/python3/dist-packages/oslo_config/cfg.py:2609
2026-02-02 00:43:22.310 139596 DEBUG oslo_messaging._drivers.amqpdriver [-] Listener is running poll /usr/lib/python3/dist-packages/oslo_messaging/_drivers/amqpdriver.py:343
2026-02-02 00:43:22.310 138793 DEBUG oslo_service.service [req-55a3fd33-dfca-4625-b7b6-43cdb398e97d - - - - -] libvirt.images_volume_group = None log_opt_values /usr/lib/python3/dist-packages/oslo_config/cfg.py:2609
2026-02-02 00:43:22.310 139596 DEBUG oslo_messaging._drivers.amqpdriver [-] AMQPListener connection consume poll /usr/lib/python3/dist-packages/oslo_messaging/_drivers/amqpdriver.py:357
2026-02-02 00:43:22.311 138793 DEBUG oslo_service.service [req-55a3fd33-dfca-4625-b7b6-43cdb398e97d - - - - -] libvirt.inject_key = False log_opt_values /usr/lib/python3/dist-packages/oslo_config/cfg.py:2609
2026-02-02 00:43:22.311 138793 DEBUG oslo_service.service [req-55a3fd33-dfca-4625-b7b6-43cdb398e97d - - - - -] libvirt.inject_partition = -2 log_opt_values /usr/lib/python3/dist-packages/oslo_config/cfg.py:2609
2026-02-02 00:43:22.311 138793 DEBUG oslo_service.service [req-55a3fd33-dfca-4625-b7b6-43cdb398e97d - - - - -] libvirt.inject_password = False log_opt_values /usr/lib/python3/dist-packages/oslo_config/cfg.py:2609
2026-02-02 00:43:22.311 138793 DEBUG oslo_service.service [req-55a3fd33-dfca-4625-b7b6-43cdb398e97d - - - - -] libvirt.iscsi_iface = None log_opt_values /usr/lib/python3/dist-packages/oslo_config/cfg.py:2609
2026-02-02 00:43:22.311 138793 DEBUG oslo_service.service [req-55a3fd33-dfca-4625-b7b6-43cdb398e97d - - - - -] libvirt.iser_use_multipath = False log_opt_values /usr/lib/python3/dist-packages/oslo_config/cfg.py:2609
2026-02-02 00:43:22.311 138793 DEBUG oslo_service.service [req-55a3fd33-dfca-4625-b7b6-43cdb398e97d - - - - -] libvirt.live_migration_bandwidth = 0 log_opt_values /usr/lib/python3/dist-packages/oslo_config/cfg.py:2609
2026-02-02 00:43:22.311 138793 DEBUG oslo_service.service [req-55a3fd33-dfca-4625-b7b6-43cdb398e97d - - - - -] libvirt.live_migration_completion_timeout = 800 log_opt_values /usr/lib/python3/dist-packages/oslo_config/cfg.py:2609
2026-02-02 00:43:22.312 138793 DEBUG oslo_service.service [req-55a3fd33-dfca-4625-b7b6-43cdb398e97d - - - - -] libvirt.live_migration_downtime = 500 log_opt_values /usr/lib/python3/dist-packages/oslo_config/cfg.py:2609
2026-02-02 00:43:22.312 138793 DEBUG oslo_service.service [req-55a3fd33-dfca-4625-b7b6-43cdb398e97d - - - - -] libvirt.live_migration_downtime_delay = 75 log_opt_values /usr/lib/python3/dist-packages/oslo_config/cfg.py:2609
2026-02-02 00:43:22.312 138793 DEBUG oslo_service.service [req-55a3fd33-dfca-4625-b7b6-43cdb398e97d - - - - -] libvirt.live_migration_downtime_steps = 10 log_opt_values /usr/lib/python3/dist-packages/oslo_config/cfg.py:2609
2026-02-02 00:43:22.312 138793 DEBUG oslo_service.service [req-55a3fd33-dfca-4625-b7b6-43cdb398e97d - - - - -] libvirt.live_migration_inbound_addr = None log_opt_values /usr/lib/python3/dist-packages/oslo_config/cfg.py:2609
2026-02-02 00:43:22.312 138793 DEBUG oslo_service.service [req-55a3fd33-dfca-4625-b7b6-43cdb398e97d - - - - -] libvirt.live_migration_permit_auto_converge = False log_opt_values /usr/lib/python3/dist-packages/oslo_config/cfg.py:2609
2026-02-02 00:43:22.312 138793 DEBUG oslo_service.service [req-55a3fd33-dfca-4625-b7b6-43cdb398e97d - - - - -] libvirt.live_migration_permit_post_copy = False log_opt_values /usr/lib/python3/dist-packages/oslo_config/cfg.py:2609
2026-02-02 00:43:22.314 138793 DEBUG oslo_service.service [req-55a3fd33-dfca-4625-b7b6-43cdb398e97d - - - - -] libvirt.live_migration_scheme = None log_opt_values /usr/lib/python3/dist-packages/oslo_config/cfg.py:2609
2026-02-02 00:43:22.314 138793 DEBUG oslo_service.service [req-55a3fd33-dfca-4625-b7b6-43cdb398e97d - - - - -] libvirt.live_migration_timeout_action = abort log_opt_values /usr/lib/python3/dist-packages/oslo_config/cfg.py:2609
2026-02-02 00:43:22.315 138793 DEBUG oslo_service.service [req-55a3fd33-dfca-4625-b7b6-43cdb398e97d - - - - -] libvirt.live_migration_tunnelled = False log_opt_values /usr/lib/python3/dist-packages/oslo_config/cfg.py:2609
2026-02-02 00:43:22.315 138793 DEBUG oslo_service.service [req-55a3fd33-dfca-4625-b7b6-43cdb398e97d - - - - -] libvirt.live_migration_uri = None log_opt_values /usr/lib/python3/dist-packages/oslo_config/cfg.py:2609
2026-02-02 00:43:22.315 138793 DEBUG oslo_service.service [req-55a3fd33-dfca-4625-b7b6-43cdb398e97d - - - - -] libvirt.live_migration_with_native_tls = False log_opt_values /usr/lib/python3/dist-packages/oslo_config/cfg.py:2609
2026-02-02 00:43:22.317 138793 DEBUG oslo_service.service [req-55a3fd33-dfca-4625-b7b6-43cdb398e97d - - - - -] libvirt.max_queues = None log_opt_values /usr/lib/python3/dist-packages/oslo_config/cfg.py:2609
2026-02-02 00:43:22.317 138793 DEBUG oslo_service.service [req-55a3fd33-dfca-4625-b7b6-43cdb398e97d - - - - -] libvirt.mem_stats_period_seconds = 10 log_opt_values /usr/lib/python3/dist-packages/oslo_config/cfg.py:2609
2026-02-02 00:43:22.317 138793 DEBUG oslo_service.service [req-55a3fd33-dfca-4625-b7b6-43cdb398e97d - - - - -] libvirt.nfs_mount_options = None log_opt_values /usr/lib/python3/dist-packages/oslo_config/cfg.py:2609
2026-02-02 00:43:22.318 138793 DEBUG oslo_service.service [req-55a3fd33-dfca-4625-b7b6-43cdb398e97d - - - - -] libvirt.nfs_mount_point_base = /var/lib/nova/mnt log_opt_values /usr/lib/python3/dist-packages/oslo_config/cfg.py:2609
2026-02-02 00:43:22.318 138793 DEBUG oslo_service.service [req-55a3fd33-dfca-4625-b7b6-43cdb398e97d - - - - -] libvirt.num_aoe_discover_tries = 3 log_opt_values /usr/lib/python3/dist-packages/oslo_config/cfg.py:2609
2026-02-02 00:43:22.318 138793 DEBUG oslo_service.service [req-55a3fd33-dfca-4625-b7b6-43cdb398e97d - - - - -] libvirt.num_iser_scan_tries = 5 log_opt_values /usr/lib/python3/dist-packages/oslo_config/cfg.py:2609
2026-02-02 00:43:22.319 138793 DEBUG oslo_service.service [req-55a3fd33-dfca-4625-b7b6-43cdb398e97d - - - - -] libvirt.num_memory_encrypted_guests = None log_opt_values /usr/lib/python3/dist-packages/oslo_config/cfg.py:2609
2026-02-02 00:43:22.319 138793 DEBUG oslo_service.service [req-55a3fd33-dfca-4625-b7b6-43cdb398e97d - - - - -] libvirt.num_nvme_discover_tries = 5 log_opt_values /usr/lib/python3/dist-packages/oslo_config/cfg.py:2609
2026-02-02 00:43:22.319 138793 DEBUG oslo_service.service [req-55a3fd33-dfca-4625-b7b6-43cdb398e97d - - - - -] libvirt.num_pcie_ports = 0 log_opt_values /usr/lib/python3/dist-packages/oslo_config/cfg.py:2609
2026-02-02 00:43:22.319 138793 DEBUG oslo_service.service [req-55a3fd33-dfca-4625-b7b6-43cdb398e97d - - - - -] libvirt.num_volume_scan_tries = 5 log_opt_values /usr/lib/python3/dist-packages/oslo_config/cfg.py:2609
2026-02-02 00:43:22.319 138793 DEBUG oslo_service.service [req-55a3fd33-dfca-4625-b7b6-43cdb398e97d - - - - -] libvirt.pmem_namespaces = [] log_opt_values /usr/lib/python3/dist-packages/oslo_config/cfg.py:2609
2026-02-02 00:43:22.320 138793 DEBUG oslo_service.service [req-55a3fd33-dfca-4625-b7b6-43cdb398e97d - - - - -] libvirt.quobyte_client_cfg = None log_opt_values /usr/lib/python3/dist-packages/oslo_config/cfg.py:2609
2026-02-02 00:43:22.320 138793 DEBUG oslo_service.service [req-55a3fd33-dfca-4625-b7b6-43cdb398e97d - - - - -] libvirt.quobyte_mount_point_base = /var/lib/nova/mnt log_opt_values /usr/lib/python3/dist-packages/oslo_config/cfg.py:2609
2026-02-02 00:43:22.320 138793 DEBUG oslo_service.service [req-55a3fd33-dfca-4625-b7b6-43cdb398e97d - - - - -] libvirt.rbd_connect_timeout = 5 log_opt_values /usr/lib/python3/dist-packages/oslo_config/cfg.py:2609
2026-02-02 00:43:22.320 139590 DEBUG oslo_messaging._drivers.amqpdriver [-] Listener is running poll /usr/lib/python3/dist-packages/oslo_messaging/_drivers/amqpdriver.py:343
2026-02-02 00:43:22.320 138793 DEBUG oslo_service.service [req-55a3fd33-dfca-4625-b7b6-43cdb398e97d - - - - -] libvirt.rbd_destroy_volume_retries = 12 log_opt_values /usr/lib/python3/dist-packages/oslo_config/cfg.py:2609
2026-02-02 00:43:22.320 139590 DEBUG oslo_messaging._drivers.amqpdriver [-] AMQPListener connection consume poll /usr/lib/python3/dist-packages/oslo_messaging/_drivers/amqpdriver.py:357
2026-02-02 00:43:22.320 138793 DEBUG oslo_service.service [req-55a3fd33-dfca-4625-b7b6-43cdb398e97d - - - - -] libvirt.rbd_destroy_volume_retry_interval = 5 log_opt_values /usr/lib/python3/dist-packages/oslo_config/cfg.py:2609
2026-02-02 00:43:22.321 138793 DEBUG oslo_service.service [req-55a3fd33-dfca-4625-b7b6-43cdb398e97d - - - - -] libvirt.rbd_secret_uuid = None log_opt_values /usr/lib/python3/dist-packages/oslo_config/cfg.py:2609
2026-02-02 00:43:22.321 138793 DEBUG oslo_service.service [req-55a3fd33-dfca-4625-b7b6-43cdb398e97d - - - - -] libvirt.rbd_user = None log_opt_values /usr/lib/python3/dist-packages/oslo_config/cfg.py:2609
2026-02-02 00:43:22.321 138793 DEBUG oslo_service.service [req-55a3fd33-dfca-4625-b7b6-43cdb398e97d - - - - -] libvirt.realtime_scheduler_priority = 1 log_opt_values /usr/lib/python3/dist-packages/oslo_config/cfg.py:2609
2026-02-02 00:43:22.321 138793 DEBUG oslo_service.service [req-55a3fd33-dfca-4625-b7b6-43cdb398e97d - - - - -] libvirt.remote_filesystem_transport = ssh log_opt_values /usr/lib/python3/dist-packages/oslo_config/cfg.py:2609
2026-02-02 00:43:22.321 138793 DEBUG oslo_service.service [req-55a3fd33-dfca-4625-b7b6-43cdb398e97d - - - - -] libvirt.rescue_image_id = None log_opt_values /usr/lib/python3/dist-packages/oslo_config/cfg.py:2609
2026-02-02 00:43:22.321 138793 DEBUG oslo_service.service [req-55a3fd33-dfca-4625-b7b6-43cdb398e97d - - - - -] libvirt.rescue_kernel_id = None log_opt_values /usr/lib/python3/dist-packages/oslo_config/cfg.py:2609
2026-02-02 00:43:22.321 139590 DEBUG nova.service [req-20180e3f-8612-4087-99fc-d83d4e9f2566 - - - - -] Join ServiceGroup membership for this service conductor start /usr/lib/python3/dist-packages/nova/service.py:199
2026-02-02 00:43:22.322 138793 DEBUG oslo_service.service [req-55a3fd33-dfca-4625-b7b6-43cdb398e97d - - - - -] libvirt.rescue_ramdisk_id = None log_opt_values /usr/lib/python3/dist-packages/oslo_config/cfg.py:2609
2026-02-02 00:43:22.322 139590 DEBUG nova.servicegroup.drivers.db [req-20180e3f-8612-4087-99fc-d83d4e9f2566 - - - - -] DB_Driver: join new ServiceGroup member juju-86eeeb-0-lxd-7 to the conductor group, service = join /usr/lib/python3/dist-packages/nova/servicegroup/drivers/db.py:44
2026-02-02 00:43:22.322 138793 DEBUG oslo_service.service [req-55a3fd33-dfca-4625-b7b6-43cdb398e97d - - - - -] libvirt.rng_dev_path = /dev/urandom log_opt_values /usr/lib/python3/dist-packages/oslo_config/cfg.py:2609
2026-02-02 00:43:22.322 138793 DEBUG oslo_service.service [req-55a3fd33-dfca-4625-b7b6-43cdb398e97d - - - - -] libvirt.rx_queue_size = None log_opt_values /usr/lib/python3/dist-packages/oslo_config/cfg.py:2609
2026-02-02 00:43:22.322 138793 DEBUG oslo_service.service [req-55a3fd33-dfca-4625-b7b6-43cdb398e97d - - - - -] libvirt.smbfs_mount_options = log_opt_values /usr/lib/python3/dist-packages/oslo_config/cfg.py:2609
2026-02-02 00:43:22.323 138793 DEBUG oslo_service.service [req-55a3fd33-dfca-4625-b7b6-43cdb398e97d - - - - -] libvirt.smbfs_mount_point_base = /var/lib/nova/mnt log_opt_values /usr/lib/python3/dist-packages/oslo_config/cfg.py:2609
2026-02-02 00:43:22.323 138793 DEBUG oslo_service.service [req-55a3fd33-dfca-4625-b7b6-43cdb398e97d - - - - -] libvirt.snapshot_compression = False log_opt_values /usr/lib/python3/dist-packages/oslo_config/cfg.py:2609
2026-02-02 00:43:22.323 138793 DEBUG oslo_service.service [req-55a3fd33-dfca-4625-b7b6-43cdb398e97d - - - - -] libvirt.snapshot_image_format = None log_opt_values /usr/lib/python3/dist-packages/oslo_config/cfg.py:2609
2026-02-02 00:43:22.323 138793 DEBUG oslo_service.service [req-55a3fd33-dfca-4625-b7b6-43cdb398e97d - - - - -] libvirt.snapshots_directory = /var/lib/nova/instances/snapshots log_opt_values /usr/lib/python3/dist-packages/oslo_config/cfg.py:2609
2026-02-02 00:43:22.323 138793 DEBUG oslo_service.service [req-55a3fd33-dfca-4625-b7b6-43cdb398e97d - - - - -] libvirt.sparse_logical_volumes = False log_opt_values /usr/lib/python3/dist-packages/oslo_config/cfg.py:2609
2026-02-02 00:43:22.323 138793 DEBUG oslo_service.service [req-55a3fd33-dfca-4625-b7b6-43cdb398e97d - - - - -] libvirt.swtpm_enabled = False log_opt_values /usr/lib/python3/dist-packages/oslo_config/cfg.py:2609
2026-02-02 00:43:22.324 138793 DEBUG oslo_service.service [req-55a3fd33-dfca-4625-b7b6-43cdb398e97d - - - - -] libvirt.swtpm_group = tss log_opt_values /usr/lib/python3/dist-packages/oslo_config/cfg.py:2609
2026-02-02 00:43:22.324 139590 DEBUG oslo_messaging._drivers.amqpdriver [-] AMQPListener connection timeout poll /usr/lib/python3/dist-packages/oslo_messaging/_drivers/amqpdriver.py:360
2026-02-02 00:43:22.324 139590 DEBUG oslo_messaging._drivers.amqpdriver [-] Listener is running poll /usr/lib/python3/dist-packages/oslo_messaging/_drivers/amqpdriver.py:343
2026-02-02 00:43:22.324 138793 DEBUG oslo_service.service [req-55a3fd33-dfca-4625-b7b6-43cdb398e97d - - - - -] libvirt.swtpm_user = tss log_opt_values /usr/lib/python3/dist-packages/oslo_config/cfg.py:2609
2026-02-02 00:43:22.324 139590 DEBUG oslo_messaging._drivers.amqpdriver [-] AMQPListener connection consume poll /usr/lib/python3/dist-packages/oslo_messaging/_drivers/amqpdriver.py:357
2026-02-02 00:43:22.324 138793 DEBUG oslo_service.service [req-55a3fd33-dfca-4625-b7b6-43cdb398e97d - - - - -] libvirt.sysinfo_serial = unique log_opt_values /usr/lib/python3/dist-packages/oslo_config/cfg.py:2609
2026-02-02 00:43:22.324 138793 DEBUG oslo_service.service [req-55a3fd33-dfca-4625-b7b6-43cdb398e97d - - - - -] libvirt.tx_queue_size = None log_opt_values /usr/lib/python3/dist-packages/oslo_config/cfg.py:2609
2026-02-02 00:43:22.325 138793 DEBUG oslo_service.service [req-55a3fd33-dfca-4625-b7b6-43cdb398e97d - - - - -] libvirt.uid_maps = [] log_opt_values /usr/lib/python3/dist-packages/oslo_config/cfg.py:2609
2026-02-02 00:43:22.325 138793 DEBUG oslo_service.service [req-55a3fd33-dfca-4625-b7b6-43cdb398e97d - - - - -] libvirt.use_virtio_for_bridges = True log_opt_values /usr/lib/python3/dist-packages/oslo_config/cfg.py:2609
2026-02-02 00:43:22.325 138793 DEBUG oslo_service.service [req-55a3fd33-dfca-4625-b7b6-43cdb398e97d - - - - -] libvirt.virt_type = kvm log_opt_values /usr/lib/python3/dist-packages/oslo_config/cfg.py:2609
2026-02-02 00:43:22.325 138793 DEBUG oslo_service.service [req-55a3fd33-dfca-4625-b7b6-43cdb398e97d - - - - -] libvirt.volume_clear = zero log_opt_values /usr/lib/python3/dist-packages/oslo_config/cfg.py:2609
2026-02-02 00:43:22.325 138793 DEBUG oslo_service.service [req-55a3fd33-dfca-4625-b7b6-43cdb398e97d - - - - -] libvirt.volume_clear_size = 0 log_opt_values /usr/lib/python3/dist-packages/oslo_config/cfg.py:2609
2026-02-02 00:43:22.325 138793 DEBUG oslo_service.service [req-55a3fd33-dfca-4625-b7b6-43cdb398e97d - - - - -] libvirt.volume_use_multipath = False log_opt_values /usr/lib/python3/dist-packages/oslo_config/cfg.py:2609
2026-02-02 00:43:22.326 138793 DEBUG oslo_service.service [req-55a3fd33-dfca-4625-b7b6-43cdb398e97d - - - - -] libvirt.vzstorage_cache_path = None log_opt_values /usr/lib/python3/dist-packages/oslo_config/cfg.py:2609
2026-02-02 00:43:22.326 138793 DEBUG oslo_service.service [req-55a3fd33-dfca-4625-b7b6-43cdb398e97d - - - - -] libvirt.vzstorage_log_path = /var/log/vstorage/%(cluster_name)s/nova.log.gz log_opt_values /usr/lib/python3/dist-packages/oslo_config/cfg.py:2609
2026-02-02 00:43:22.326 138793 DEBUG oslo_service.service [req-55a3fd33-dfca-4625-b7b6-43cdb398e97d - - - - -] libvirt.vzstorage_mount_group = qemu log_opt_values /usr/lib/python3/dist-packages/oslo_config/cfg.py:2609
2026-02-02 00:43:22.326 138793 DEBUG oslo_service.service [req-55a3fd33-dfca-4625-b7b6-43cdb398e97d - - - - -] libvirt.vzstorage_mount_opts = [] log_opt_values /usr/lib/python3/dist-packages/oslo_config/cfg.py:2609
2026-02-02 00:43:22.326 138793 DEBUG oslo_service.service [req-55a3fd33-dfca-4625-b7b6-43cdb398e97d - - - - -] libvirt.vzstorage_mount_perms = 0770 log_opt_values /usr/lib/python3/dist-packages/oslo_config/cfg.py:2609
2026-02-02 00:43:22.326 138793 DEBUG oslo_service.service [req-55a3fd33-dfca-4625-b7b6-43cdb398e97d - - - - -] libvirt.vzstorage_mount_point_base = /var/lib/nova/mnt log_opt_values /usr/lib/python3/dist-packages/oslo_config/cfg.py:2609
2026-02-02 00:43:22.327 138793 DEBUG oslo_service.service [req-55a3fd33-dfca-4625-b7b6-43cdb398e97d - - - - -] libvirt.vzstorage_mount_user = stack log_opt_values /usr/lib/python3/dist-packages/oslo_config/cfg.py:2609
2026-02-02 00:43:22.327 138793 DEBUG oslo_service.service [req-55a3fd33-dfca-4625-b7b6-43cdb398e97d - - - - -] libvirt.wait_soft_reboot_seconds = 120 log_opt_values /usr/lib/python3/dist-packages/oslo_config/cfg.py:2609
2026-02-02 00:43:22.327 138793 DEBUG oslo_service.service [req-55a3fd33-dfca-4625-b7b6-43cdb398e97d - - - - -] neutron.auth_section = None log_opt_values /usr/lib/python3/dist-packages/oslo_config/cfg.py:2609
2026-02-02 00:43:22.327 138793 DEBUG oslo_service.service [req-55a3fd33-dfca-4625-b7b6-43cdb398e97d - - - - -] neutron.auth_type = password log_opt_values /usr/lib/python3/dist-packages/oslo_config/cfg.py:2609
2026-02-02 00:43:22.328 138793 DEBUG oslo_service.service [req-55a3fd33-dfca-4625-b7b6-43cdb398e97d - - - - -] neutron.cafile = None log_opt_values /usr/lib/python3/dist-packages/oslo_config/cfg.py:2609
2026-02-02 00:43:22.328 138793 DEBUG oslo_service.service [req-55a3fd33-dfca-4625-b7b6-43cdb398e97d - - - - -] neutron.certfile = None log_opt_values /usr/lib/python3/dist-packages/oslo_config/cfg.py:2609
