2026-01-29 00:35:31.635 170476 DEBUG oslo_service.service [req-ebf2b46f-1a09-44eb-aca2-9fd8621f6de0 - - - - -] api.dhcp_domain = novalocal log_opt_values /usr/lib/python3/dist-packages/oslo_config/cfg.py:2609
2026-01-29 00:35:31.635 170476 DEBUG oslo_service.service [req-ebf2b46f-1a09-44eb-aca2-9fd8621f6de0 - - - - -] api.enable_instance_password = True log_opt_values /usr/lib/python3/dist-packages/oslo_config/cfg.py:2609
2026-01-29 00:35:31.636 170476 DEBUG oslo_service.service [req-ebf2b46f-1a09-44eb-aca2-9fd8621f6de0 - - - - -] api.glance_link_prefix = None log_opt_values /usr/lib/python3/dist-packages/oslo_config/cfg.py:2609
2026-01-29 00:35:31.636 170476 DEBUG oslo_service.service [req-ebf2b46f-1a09-44eb-aca2-9fd8621f6de0 - - - - -] api.instance_list_cells_batch_fixed_size = 100 log_opt_values /usr/lib/python3/dist-packages/oslo_config/cfg.py:2609
2026-01-29 00:35:31.637 170476 DEBUG oslo_service.service [req-ebf2b46f-1a09-44eb-aca2-9fd8621f6de0 - - - - -] api.instance_list_cells_batch_strategy = distributed log_opt_values /usr/lib/python3/dist-packages/oslo_config/cfg.py:2609
2026-01-29 00:35:31.637 170476 DEBUG oslo_service.service [req-ebf2b46f-1a09-44eb-aca2-9fd8621f6de0 - - - - -] api.instance_list_per_project_cells = False log_opt_values /usr/lib/python3/dist-packages/oslo_config/cfg.py:2609
2026-01-29 00:35:31.638 170476 DEBUG oslo_service.service [req-ebf2b46f-1a09-44eb-aca2-9fd8621f6de0 - - - - -] api.list_records_by_skipping_down_cells = True log_opt_values /usr/lib/python3/dist-packages/oslo_config/cfg.py:2609
2026-01-29 00:35:31.638 170476 DEBUG oslo_service.service [req-ebf2b46f-1a09-44eb-aca2-9fd8621f6de0 - - - - -] api.local_metadata_per_cell = False log_opt_values /usr/lib/python3/dist-packages/oslo_config/cfg.py:2609
2026-01-29 00:35:31.639 170476 DEBUG oslo_service.service [req-ebf2b46f-1a09-44eb-aca2-9fd8621f6de0 - - - - -] api.max_limit = 1000 log_opt_values /usr/lib/python3/dist-packages/oslo_config/cfg.py:2609
2026-01-29 00:35:31.639 170476 DEBUG oslo_service.service [req-ebf2b46f-1a09-44eb-aca2-9fd8621f6de0 - - - - -] api.metadata_cache_expiration = 15 log_opt_values /usr/lib/python3/dist-packages/oslo_config/cfg.py:2609
2026-01-29 00:35:31.639 170476 DEBUG oslo_service.service [req-ebf2b46f-1a09-44eb-aca2-9fd8621f6de0 - - - - -] api.neutron_default_tenant_id = default log_opt_values /usr/lib/python3/dist-packages/oslo_config/cfg.py:2609
2026-01-29 00:35:31.639 170476 DEBUG oslo_service.service [req-ebf2b46f-1a09-44eb-aca2-9fd8621f6de0 - - - - -] api.use_forwarded_for = False log_opt_values /usr/lib/python3/dist-packages/oslo_config/cfg.py:2609
2026-01-29 00:35:31.640 170476 DEBUG oslo_service.service [req-ebf2b46f-1a09-44eb-aca2-9fd8621f6de0 - - - - -] api.use_neutron_default_nets = False log_opt_values /usr/lib/python3/dist-packages/oslo_config/cfg.py:2609
2026-01-29 00:35:31.640 170476 DEBUG oslo_service.service [req-ebf2b46f-1a09-44eb-aca2-9fd8621f6de0 - - - - -] api.vendordata_dynamic_connect_timeout = 5 log_opt_values /usr/lib/python3/dist-packages/oslo_config/cfg.py:2609
2026-01-29 00:35:31.640 170476 DEBUG oslo_service.service [req-ebf2b46f-1a09-44eb-aca2-9fd8621f6de0 - - - - -] api.vendordata_dynamic_failure_fatal = False log_opt_values /usr/lib/python3/dist-packages/oslo_config/cfg.py:2609
2026-01-29 00:35:31.640 170476 DEBUG oslo_service.service [req-ebf2b46f-1a09-44eb-aca2-9fd8621f6de0 - - - - -] api.vendordata_dynamic_read_timeout = 5 log_opt_values /usr/lib/python3/dist-packages/oslo_config/cfg.py:2609
2026-01-29 00:35:31.640 170476 DEBUG oslo_service.service [req-ebf2b46f-1a09-44eb-aca2-9fd8621f6de0 - - - - -] api.vendordata_dynamic_ssl_certfile = log_opt_values /usr/lib/python3/dist-packages/oslo_config/cfg.py:2609
2026-01-29 00:35:31.641 170476 DEBUG oslo_service.service [req-ebf2b46f-1a09-44eb-aca2-9fd8621f6de0 - - - - -] api.vendordata_dynamic_targets = [] log_opt_values /usr/lib/python3/dist-packages/oslo_config/cfg.py:2609
2026-01-29 00:35:31.641 170476 DEBUG oslo_service.service [req-ebf2b46f-1a09-44eb-aca2-9fd8621f6de0 - - - - -] api.vendordata_jsonfile_path = None log_opt_values /usr/lib/python3/dist-packages/oslo_config/cfg.py:2609
2026-01-29 00:35:31.641 170476 DEBUG oslo_service.service [req-ebf2b46f-1a09-44eb-aca2-9fd8621f6de0 - - - - -] api.vendordata_providers = ['StaticJSON'] log_opt_values /usr/lib/python3/dist-packages/oslo_config/cfg.py:2609
2026-01-29 00:35:31.642 170476 DEBUG oslo_service.service [req-ebf2b46f-1a09-44eb-aca2-9fd8621f6de0 - - - - -] cache.backend = dogpile.cache.null log_opt_values /usr/lib/python3/dist-packages/oslo_config/cfg.py:2609
2026-01-29 00:35:31.642 170476 DEBUG oslo_service.service [req-ebf2b46f-1a09-44eb-aca2-9fd8621f6de0 - - - - -] cache.backend_argument = **** log_opt_values /usr/lib/python3/dist-packages/oslo_config/cfg.py:2609
2026-01-29 00:35:31.643 170476 DEBUG oslo_service.service [req-ebf2b46f-1a09-44eb-aca2-9fd8621f6de0 - - - - -] cache.config_prefix = cache.oslo log_opt_values /usr/lib/python3/dist-packages/oslo_config/cfg.py:2609
2026-01-29 00:35:31.643 170476 DEBUG oslo_service.service [req-ebf2b46f-1a09-44eb-aca2-9fd8621f6de0 - - - - -] cache.debug_cache_backend = False log_opt_values /usr/lib/python3/dist-packages/oslo_config/cfg.py:2609
2026-01-29 00:35:31.643 170476 DEBUG oslo_service.service [req-ebf2b46f-1a09-44eb-aca2-9fd8621f6de0 - - - - -] cache.enabled = False log_opt_values /usr/lib/python3/dist-packages/oslo_config/cfg.py:2609
2026-01-29 00:35:31.643 170901 DEBUG oslo_messaging._drivers.amqpdriver [-] Listener is running poll /usr/lib/python3/dist-packages/oslo_messaging/_drivers/amqpdriver.py:343
2026-01-29 00:35:31.644 170476 DEBUG oslo_service.service [req-ebf2b46f-1a09-44eb-aca2-9fd8621f6de0 - - - - -] cache.expiration_time = 600 log_opt_values /usr/lib/python3/dist-packages/oslo_config/cfg.py:2609
2026-01-29 00:35:31.644 170901 DEBUG oslo_messaging._drivers.amqpdriver [-] AMQPListener connection consume poll /usr/lib/python3/dist-packages/oslo_messaging/_drivers/amqpdriver.py:357
2026-01-29 00:35:31.644 170476 DEBUG oslo_service.service [req-ebf2b46f-1a09-44eb-aca2-9fd8621f6de0 - - - - -] cache.memcache_dead_retry = 300 log_opt_values /usr/lib/python3/dist-packages/oslo_config/cfg.py:2609
2026-01-29 00:35:31.644 170476 DEBUG oslo_service.service [req-ebf2b46f-1a09-44eb-aca2-9fd8621f6de0 - - - - -] cache.memcache_pool_connection_get_timeout = 10 log_opt_values /usr/lib/python3/dist-packages/oslo_config/cfg.py:2609
2026-01-29 00:35:31.645 170476 DEBUG oslo_service.service [req-ebf2b46f-1a09-44eb-aca2-9fd8621f6de0 - - - - -] cache.memcache_pool_flush_on_reconnect = False log_opt_values /usr/lib/python3/dist-packages/oslo_config/cfg.py:2609
2026-01-29 00:35:31.645 170476 DEBUG oslo_service.service [req-ebf2b46f-1a09-44eb-aca2-9fd8621f6de0 - - - - -] cache.memcache_pool_maxsize = 10 log_opt_values /usr/lib/python3/dist-packages/oslo_config/cfg.py:2609
2026-01-29 00:35:31.644 170901 DEBUG nova.service [req-d254dabf-297f-458d-8c08-1f626c7544e9 - - - - -] Join ServiceGroup membership for this service scheduler start /usr/lib/python3/dist-packages/nova/service.py:199
2026-01-29 00:35:31.645 170476 DEBUG oslo_service.service [req-ebf2b46f-1a09-44eb-aca2-9fd8621f6de0 - - - - -] cache.memcache_pool_unused_timeout = 60 log_opt_values /usr/lib/python3/dist-packages/oslo_config/cfg.py:2609
2026-01-29 00:35:31.645 170901 DEBUG nova.servicegroup.drivers.db [req-d254dabf-297f-458d-8c08-1f626c7544e9 - - - - -] DB_Driver: join new ServiceGroup member juju-13bb81-0-lxd-7 to the scheduler group, service = join /usr/lib/python3/dist-packages/nova/servicegroup/drivers/db.py:44
2026-01-29 00:35:31.645 170476 DEBUG oslo_service.service [req-ebf2b46f-1a09-44eb-aca2-9fd8621f6de0 - - - - -] cache.memcache_servers = ['localhost:11211'] log_opt_values /usr/lib/python3/dist-packages/oslo_config/cfg.py:2609
2026-01-29 00:35:31.646 170476 DEBUG oslo_service.service [req-ebf2b46f-1a09-44eb-aca2-9fd8621f6de0 - - - - -] cache.memcache_socket_timeout = 1.0 log_opt_values /usr/lib/python3/dist-packages/oslo_config/cfg.py:2609
2026-01-29 00:35:31.646 170476 DEBUG oslo_service.service [req-ebf2b46f-1a09-44eb-aca2-9fd8621f6de0 - - - - -] cache.proxies = [] log_opt_values /usr/lib/python3/dist-packages/oslo_config/cfg.py:2609
2026-01-29 00:35:31.646 170476 DEBUG oslo_service.service [req-ebf2b46f-1a09-44eb-aca2-9fd8621f6de0 - - - - -] cache.tls_allowed_ciphers = None log_opt_values /usr/lib/python3/dist-packages/oslo_config/cfg.py:2609
2026-01-29 00:35:31.646 170476 DEBUG oslo_service.service [req-ebf2b46f-1a09-44eb-aca2-9fd8621f6de0 - - - - -] cache.tls_cafile = None log_opt_values /usr/lib/python3/dist-packages/oslo_config/cfg.py:2609
2026-01-29 00:35:31.646 170902 DEBUG oslo_messaging._drivers.amqpdriver [-] Listener is running poll /usr/lib/python3/dist-packages/oslo_messaging/_drivers/amqpdriver.py:343
2026-01-29 00:35:31.646 170900 DEBUG nova.service [req-b4d7df20-ae75-41e8-a012-7fc5de2204c2 - - - - -] Creating RPC server for service scheduler start /usr/lib/python3/dist-packages/nova/service.py:182
2026-01-29 00:35:31.646 170476 DEBUG oslo_service.service [req-ebf2b46f-1a09-44eb-aca2-9fd8621f6de0 - - - - -] cache.tls_certfile = None log_opt_values /usr/lib/python3/dist-packages/oslo_config/cfg.py:2609
2026-01-29 00:35:31.647 170902 DEBUG oslo_messaging._drivers.amqpdriver [-] AMQPListener connection consume poll /usr/lib/python3/dist-packages/oslo_messaging/_drivers/amqpdriver.py:357
2026-01-29 00:35:31.647 170476 DEBUG oslo_service.service [req-ebf2b46f-1a09-44eb-aca2-9fd8621f6de0 - - - - -] cache.tls_enabled = False log_opt_values /usr/lib/python3/dist-packages/oslo_config/cfg.py:2609
2026-01-29 00:35:31.647 170476 DEBUG oslo_service.service [req-ebf2b46f-1a09-44eb-aca2-9fd8621f6de0 - - - - -] cache.tls_keyfile = None log_opt_values /usr/lib/python3/dist-packages/oslo_config/cfg.py:2609
2026-01-29 00:35:31.647 170476 DEBUG oslo_service.service [req-ebf2b46f-1a09-44eb-aca2-9fd8621f6de0 - - - - -] cinder.auth_section = None log_opt_values /usr/lib/python3/dist-packages/oslo_config/cfg.py:2609
2026-01-29 00:35:31.647 170476 DEBUG oslo_service.service [req-ebf2b46f-1a09-44eb-aca2-9fd8621f6de0 - - - - -] cinder.auth_type = None log_opt_values /usr/lib/python3/dist-packages/oslo_config/cfg.py:2609
2026-01-29 00:35:31.647 170902 DEBUG nova.service [req-032c4c57-c597-4ed9-b43d-41b27b05785a - - - - -] Join ServiceGroup membership for this service scheduler start /usr/lib/python3/dist-packages/nova/service.py:199
2026-01-29 00:35:31.647 170902 DEBUG nova.servicegroup.drivers.db [req-032c4c57-c597-4ed9-b43d-41b27b05785a - - - - -] DB_Driver: join new ServiceGroup member juju-13bb81-0-lxd-7 to the scheduler group, service = join /usr/lib/python3/dist-packages/nova/servicegroup/drivers/db.py:44
2026-01-29 00:35:31.648 170901 DEBUG oslo_messaging._drivers.amqpdriver [-] AMQPListener connection timeout poll /usr/lib/python3/dist-packages/oslo_messaging/_drivers/amqpdriver.py:360
2026-01-29 00:35:31.648 170901 DEBUG oslo_messaging._drivers.amqpdriver [-] Listener is running poll /usr/lib/python3/dist-packages/oslo_messaging/_drivers/amqpdriver.py:343
2026-01-29 00:35:31.648 170901 DEBUG oslo_messaging._drivers.amqpdriver [-] AMQPListener connection consume poll /usr/lib/python3/dist-packages/oslo_messaging/_drivers/amqpdriver.py:357
2026-01-29 00:35:31.647 170476 DEBUG oslo_service.service [req-ebf2b46f-1a09-44eb-aca2-9fd8621f6de0 - - - - -] cinder.cafile = None log_opt_values /usr/lib/python3/dist-packages/oslo_config/cfg.py:2609
2026-01-29 00:35:31.648 170476 DEBUG oslo_service.service [req-ebf2b46f-1a09-44eb-aca2-9fd8621f6de0 - - - - -] cinder.catalog_info = volumev3::publicURL log_opt_values /usr/lib/python3/dist-packages/oslo_config/cfg.py:2609
2026-01-29 00:35:31.648 170476 DEBUG oslo_service.service [req-ebf2b46f-1a09-44eb-aca2-9fd8621f6de0 - - - - -] cinder.certfile = None log_opt_values /usr/lib/python3/dist-packages/oslo_config/cfg.py:2609
2026-01-29 00:35:31.649 170476 DEBUG oslo_service.service [req-ebf2b46f-1a09-44eb-aca2-9fd8621f6de0 - - - - -] cinder.collect_timing = False log_opt_values /usr/lib/python3/dist-packages/oslo_config/cfg.py:2609
2026-01-29 00:35:31.649 170476 DEBUG oslo_service.service [req-ebf2b46f-1a09-44eb-aca2-9fd8621f6de0 - - - - -] cinder.cross_az_attach = True log_opt_values /usr/lib/python3/dist-packages/oslo_config/cfg.py:2609
2026-01-29 00:35:31.649 170476 DEBUG oslo_service.service [req-ebf2b46f-1a09-44eb-aca2-9fd8621f6de0 - - - - -] cinder.debug = False log_opt_values /usr/lib/python3/dist-packages/oslo_config/cfg.py:2609
2026-01-29 00:35:31.649 170476 DEBUG oslo_service.service [req-ebf2b46f-1a09-44eb-aca2-9fd8621f6de0 - - - - -] cinder.endpoint_template = None log_opt_values /usr/lib/python3/dist-packages/oslo_config/cfg.py:2609
2026-01-29 00:35:31.649 170476 DEBUG oslo_service.service [req-ebf2b46f-1a09-44eb-aca2-9fd8621f6de0 - - - - -] cinder.http_retries = 3 log_opt_values /usr/lib/python3/dist-packages/oslo_config/cfg.py:2609
2026-01-29 00:35:31.649 170476 DEBUG oslo_service.service [req-ebf2b46f-1a09-44eb-aca2-9fd8621f6de0 - - - - -] cinder.insecure = False log_opt_values /usr/lib/python3/dist-packages/oslo_config/cfg.py:2609
2026-01-29 00:35:31.650 170476 DEBUG oslo_service.service [req-ebf2b46f-1a09-44eb-aca2-9fd8621f6de0 - - - - -] cinder.keyfile = None log_opt_values /usr/lib/python3/dist-packages/oslo_config/cfg.py:2609
2026-01-29 00:35:31.650 170476 DEBUG oslo_service.service [req-ebf2b46f-1a09-44eb-aca2-9fd8621f6de0 - - - - -] cinder.os_region_name = None log_opt_values /usr/lib/python3/dist-packages/oslo_config/cfg.py:2609
2026-01-29 00:35:31.650 170902 DEBUG oslo_messaging._drivers.amqpdriver [-] AMQPListener connection timeout poll /usr/lib/python3/dist-packages/oslo_messaging/_drivers/amqpdriver.py:360
2026-01-29 00:35:31.650 170902 DEBUG oslo_messaging._drivers.amqpdriver [-] Listener is running poll /usr/lib/python3/dist-packages/oslo_messaging/_drivers/amqpdriver.py:343
2026-01-29 00:35:31.650 170476 DEBUG oslo_service.service [req-ebf2b46f-1a09-44eb-aca2-9fd8621f6de0 - - - - -] cinder.split_loggers = False log_opt_values /usr/lib/python3/dist-packages/oslo_config/cfg.py:2609
2026-01-29 00:35:31.650 170902 DEBUG oslo_messaging._drivers.amqpdriver [-] AMQPListener connection consume poll /usr/lib/python3/dist-packages/oslo_messaging/_drivers/amqpdriver.py:357
2026-01-29 00:35:31.650 170476 DEBUG oslo_service.service [req-ebf2b46f-1a09-44eb-aca2-9fd8621f6de0 - - - - -] cinder.timeout = None log_opt_values /usr/lib/python3/dist-packages/oslo_config/cfg.py:2609
2026-01-29 00:35:31.650 170476 DEBUG oslo_service.service [req-ebf2b46f-1a09-44eb-aca2-9fd8621f6de0 - - - - -] compute.consecutive_build_service_disable_threshold = 10 log_opt_values /usr/lib/python3/dist-packages/oslo_config/cfg.py:2609
2026-01-29 00:35:31.650 170476 DEBUG oslo_service.service [req-ebf2b46f-1a09-44eb-aca2-9fd8621f6de0 - - - - -] compute.cpu_dedicated_set = None log_opt_values /usr/lib/python3/dist-packages/oslo_config/cfg.py:2609
2026-01-29 00:35:31.650 170476 DEBUG oslo_service.service [req-ebf2b46f-1a09-44eb-aca2-9fd8621f6de0 - - - - -] compute.cpu_shared_set = None log_opt_values /usr/lib/python3/dist-packages/oslo_config/cfg.py:2609
2026-01-29 00:35:31.651 170476 DEBUG oslo_service.service [req-ebf2b46f-1a09-44eb-aca2-9fd8621f6de0 - - - - -] compute.image_type_exclude_list = [] log_opt_values /usr/lib/python3/dist-packages/oslo_config/cfg.py:2609
2026-01-29 00:35:31.651 170476 DEBUG oslo_service.service [req-ebf2b46f-1a09-44eb-aca2-9fd8621f6de0 - - - - -] compute.live_migration_wait_for_vif_plug = True log_opt_values /usr/lib/python3/dist-packages/oslo_config/cfg.py:2609
2026-01-29 00:35:31.651 170476 DEBUG oslo_service.service [req-ebf2b46f-1a09-44eb-aca2-9fd8621f6de0 - - - - -] compute.max_concurrent_disk_ops = 0 log_opt_values /usr/lib/python3/dist-packages/oslo_config/cfg.py:2609
2026-01-29 00:35:31.651 170476 DEBUG oslo_service.service [req-ebf2b46f-1a09-44eb-aca2-9fd8621f6de0 - - - - -] compute.max_disk_devices_to_attach = -1 log_opt_values /usr/lib/python3/dist-packages/oslo_config/cfg.py:2609
2026-01-29 00:35:31.651 170476 DEBUG oslo_service.service [req-ebf2b46f-1a09-44eb-aca2-9fd8621f6de0 - - - - -] compute.packing_host_numa_cells_allocation_strategy = True log_opt_values /usr/lib/python3/dist-packages/oslo_config/cfg.py:2609
2026-01-29 00:35:31.652 170476 DEBUG oslo_service.service [req-ebf2b46f-1a09-44eb-aca2-9fd8621f6de0 - - - - -] compute.provider_config_location = /etc/nova/provider_config/ log_opt_values /usr/lib/python3/dist-packages/oslo_config/cfg.py:2609
2026-01-29 00:35:31.652 170476 DEBUG oslo_service.service [req-ebf2b46f-1a09-44eb-aca2-9fd8621f6de0 - - - - -] compute.resource_provider_association_refresh = 300 log_opt_values /usr/lib/python3/dist-packages/oslo_config/cfg.py:2609
2026-01-29 00:35:31.652 170476 DEBUG oslo_service.service [req-ebf2b46f-1a09-44eb-aca2-9fd8621f6de0 - - - - -] compute.shutdown_retry_interval = 10 log_opt_values /usr/lib/python3/dist-packages/oslo_config/cfg.py:2609
2026-01-29 00:35:31.652 170476 DEBUG oslo_service.service [req-ebf2b46f-1a09-44eb-aca2-9fd8621f6de0 - - - - -] compute.vmdk_allowed_types = ['streamOptimized', 'monolithicSparse'] log_opt_values /usr/lib/python3/dist-packages/oslo_config/cfg.py:2609
2026-01-29 00:35:31.652 170476 DEBUG oslo_service.service [req-ebf2b46f-1a09-44eb-aca2-9fd8621f6de0 - - - - -] conductor.workers = 4 log_opt_values /usr/lib/python3/dist-packages/oslo_config/cfg.py:2609
2026-01-29 00:35:31.652 170476 DEBUG oslo_service.service [req-ebf2b46f-1a09-44eb-aca2-9fd8621f6de0 - - - - -] console.allowed_origins = [] log_opt_values /usr/lib/python3/dist-packages/oslo_config/cfg.py:2609
2026-01-29 00:35:31.653 170476 DEBUG oslo_service.service [req-ebf2b46f-1a09-44eb-aca2-9fd8621f6de0 - - - - -] console.ssl_ciphers = None log_opt_values /usr/lib/python3/dist-packages/oslo_config/cfg.py:2609
2026-01-29 00:35:31.653 170476 DEBUG oslo_service.service [req-ebf2b46f-1a09-44eb-aca2-9fd8621f6de0 - - - - -] console.ssl_minimum_version = default log_opt_values /usr/lib/python3/dist-packages/oslo_config/cfg.py:2609
2026-01-29 00:35:31.653 170476 DEBUG oslo_service.service [req-ebf2b46f-1a09-44eb-aca2-9fd8621f6de0 - - - - -] consoleauth.token_ttl = 600 log_opt_values /usr/lib/python3/dist-packages/oslo_config/cfg.py:2609
2026-01-29 00:35:31.653 170476 DEBUG oslo_service.service [req-ebf2b46f-1a09-44eb-aca2-9fd8621f6de0 - - - - -] cyborg.cafile = None log_opt_values /usr/lib/python3/dist-packages/oslo_config/cfg.py:2609
2026-01-29 00:35:31.654 170476 DEBUG oslo_service.service [req-ebf2b46f-1a09-44eb-aca2-9fd8621f6de0 - - - - -] cyborg.certfile = None log_opt_values /usr/lib/python3/dist-packages/oslo_config/cfg.py:2609
2026-01-29 00:35:31.654 170476 DEBUG oslo_service.service [req-ebf2b46f-1a09-44eb-aca2-9fd8621f6de0 - - - - -] cyborg.collect_timing = False log_opt_values /usr/lib/python3/dist-packages/oslo_config/cfg.py:2609
2026-01-29 00:35:31.654 170476 DEBUG oslo_service.service [req-ebf2b46f-1a09-44eb-aca2-9fd8621f6de0 - - - - -] cyborg.connect_retries = None log_opt_values /usr/lib/python3/dist-packages/oslo_config/cfg.py:2609
2026-01-29 00:35:31.655 170476 DEBUG oslo_service.service [req-ebf2b46f-1a09-44eb-aca2-9fd8621f6de0 - - - - -] cyborg.connect_retry_delay = None log_opt_values /usr/lib/python3/dist-packages/oslo_config/cfg.py:2609
2026-01-29 00:35:31.655 170476 DEBUG oslo_service.service [req-ebf2b46f-1a09-44eb-aca2-9fd8621f6de0 - - - - -] cyborg.endpoint_override = None log_opt_values /usr/lib/python3/dist-packages/oslo_config/cfg.py:2609
2026-01-29 00:35:31.655 170476 DEBUG oslo_service.service [req-ebf2b46f-1a09-44eb-aca2-9fd8621f6de0 - - - - -] cyborg.insecure = False log_opt_values /usr/lib/python3/dist-packages/oslo_config/cfg.py:2609
2026-01-29 00:35:31.655 170476 DEBUG oslo_service.service [req-ebf2b46f-1a09-44eb-aca2-9fd8621f6de0 - - - - -] cyborg.keyfile = None log_opt_values /usr/lib/python3/dist-packages/oslo_config/cfg.py:2609
2026-01-29 00:35:31.656 170476 DEBUG oslo_service.service [req-ebf2b46f-1a09-44eb-aca2-9fd8621f6de0 - - - - -] cyborg.max_version = None log_opt_values /usr/lib/python3/dist-packages/oslo_config/cfg.py:2609
2026-01-29 00:35:31.656 170476 DEBUG oslo_service.service [req-ebf2b46f-1a09-44eb-aca2-9fd8621f6de0 - - - - -] cyborg.min_version = None log_opt_values /usr/lib/python3/dist-packages/oslo_config/cfg.py:2609
2026-01-29 00:35:31.656 170476 DEBUG oslo_service.service [req-ebf2b46f-1a09-44eb-aca2-9fd8621f6de0 - - - - -] cyborg.region_name = None log_opt_values /usr/lib/python3/dist-packages/oslo_config/cfg.py:2609
2026-01-29 00:35:31.656 170476 DEBUG oslo_service.service [req-ebf2b46f-1a09-44eb-aca2-9fd8621f6de0 - - - - -] cyborg.service_name = None log_opt_values /usr/lib/python3/dist-packages/oslo_config/cfg.py:2609
2026-01-29 00:35:31.656 170476 DEBUG oslo_service.service [req-ebf2b46f-1a09-44eb-aca2-9fd8621f6de0 - - - - -] cyborg.service_type = accelerator log_opt_values /usr/lib/python3/dist-packages/oslo_config/cfg.py:2609
2026-01-29 00:35:31.657 170476 DEBUG oslo_service.service [req-ebf2b46f-1a09-44eb-aca2-9fd8621f6de0 - - - - -] cyborg.split_loggers = False log_opt_values /usr/lib/python3/dist-packages/oslo_config/cfg.py:2609
2026-01-29 00:35:31.657 170476 DEBUG oslo_service.service [req-ebf2b46f-1a09-44eb-aca2-9fd8621f6de0 - - - - -] cyborg.status_code_retries = None log_opt_values /usr/lib/python3/dist-packages/oslo_config/cfg.py:2609
2026-01-29 00:35:31.657 170476 DEBUG oslo_service.service [req-ebf2b46f-1a09-44eb-aca2-9fd8621f6de0 - - - - -] cyborg.status_code_retry_delay = None log_opt_values /usr/lib/python3/dist-packages/oslo_config/cfg.py:2609
2026-01-29 00:35:31.658 170476 DEBUG oslo_service.service [req-ebf2b46f-1a09-44eb-aca2-9fd8621f6de0 - - - - -] cyborg.timeout = None log_opt_values /usr/lib/python3/dist-packages/oslo_config/cfg.py:2609
2026-01-29 00:35:31.658 170476 DEBUG oslo_service.service [req-ebf2b46f-1a09-44eb-aca2-9fd8621f6de0 - - - - -] cyborg.valid_interfaces = ['internal', 'public'] log_opt_values /usr/lib/python3/dist-packages/oslo_config/cfg.py:2609
2026-01-29 00:35:31.658 170476 DEBUG oslo_service.service [req-ebf2b46f-1a09-44eb-aca2-9fd8621f6de0 - - - - -] cyborg.version = None log_opt_values /usr/lib/python3/dist-packages/oslo_config/cfg.py:2609
2026-01-29 00:35:31.659 170476 DEBUG oslo_service.service [req-ebf2b46f-1a09-44eb-aca2-9fd8621f6de0 - - - - -] database.backend = sqlalchemy log_opt_values /usr/lib/python3/dist-packages/oslo_config/cfg.py:2609
2026-01-29 00:35:31.659 170476 DEBUG oslo_service.service [req-ebf2b46f-1a09-44eb-aca2-9fd8621f6de0 - - - - -] database.connection = **** log_opt_values /usr/lib/python3/dist-packages/oslo_config/cfg.py:2609
2026-01-29 00:35:31.660 170476 DEBUG oslo_service.service [req-ebf2b46f-1a09-44eb-aca2-9fd8621f6de0 - - - - -] database.connection_debug = 0 log_opt_values /usr/lib/python3/dist-packages/oslo_config/cfg.py:2609
2026-01-29 00:35:31.661 170476 DEBUG oslo_service.service [req-ebf2b46f-1a09-44eb-aca2-9fd8621f6de0 - - - - -] database.connection_parameters = log_opt_values /usr/lib/python3/dist-packages/oslo_config/cfg.py:2609
2026-01-29 00:35:31.661 170476 DEBUG oslo_service.service [req-ebf2b46f-1a09-44eb-aca2-9fd8621f6de0 - - - - -] database.connection_recycle_time = 3600 log_opt_values /usr/lib/python3/dist-packages/oslo_config/cfg.py:2609
2026-01-29 00:35:31.661 170476 DEBUG oslo_service.service [req-ebf2b46f-1a09-44eb-aca2-9fd8621f6de0 - - - - -] database.connection_trace = False log_opt_values /usr/lib/python3/dist-packages/oslo_config/cfg.py:2609
2026-01-29 00:35:31.662 170476 DEBUG oslo_service.service [req-ebf2b46f-1a09-44eb-aca2-9fd8621f6de0 - - - - -] database.db_inc_retry_interval = True log_opt_values /usr/lib/python3/dist-packages/oslo_config/cfg.py:2609
2026-01-29 00:35:31.662 170476 DEBUG oslo_service.service [req-ebf2b46f-1a09-44eb-aca2-9fd8621f6de0 - - - - -] database.db_max_retries = 20 log_opt_values /usr/lib/python3/dist-packages/oslo_config/cfg.py:2609
2026-01-29 00:35:31.662 170476 DEBUG oslo_service.service [req-ebf2b46f-1a09-44eb-aca2-9fd8621f6de0 - - - - -] database.db_max_retry_interval = 10 log_opt_values /usr/lib/python3/dist-packages/oslo_config/cfg.py:2609
2026-01-29 00:35:31.662 170476 DEBUG oslo_service.service [req-ebf2b46f-1a09-44eb-aca2-9fd8621f6de0 - - - - -] database.db_retry_interval = 1 log_opt_values /usr/lib/python3/dist-packages/oslo_config/cfg.py:2609
2026-01-29 00:35:31.663 170476 DEBUG oslo_service.service [req-ebf2b46f-1a09-44eb-aca2-9fd8621f6de0 - - - - -] database.max_overflow = 50 log_opt_values /usr/lib/python3/dist-packages/oslo_config/cfg.py:2609
2026-01-29 00:35:31.664 170476 DEBUG oslo_service.service [req-ebf2b46f-1a09-44eb-aca2-9fd8621f6de0 - - - - -] database.max_pool_size = 4 log_opt_values /usr/lib/python3/dist-packages/oslo_config/cfg.py:2609
2026-01-29 00:35:31.664 170476 DEBUG oslo_service.service [req-ebf2b46f-1a09-44eb-aca2-9fd8621f6de0 - - - - -] database.max_retries = 10 log_opt_values /usr/lib/python3/dist-packages/oslo_config/cfg.py:2609
2026-01-29 00:35:31.665 170476 DEBUG oslo_service.service [req-ebf2b46f-1a09-44eb-aca2-9fd8621f6de0 - - - - -] database.mysql_enable_ndb = False log_opt_values /usr/lib/python3/dist-packages/oslo_config/cfg.py:2609
2026-01-29 00:35:31.665 170476 DEBUG oslo_service.service [req-ebf2b46f-1a09-44eb-aca2-9fd8621f6de0 - - - - -] database.mysql_sql_mode = TRADITIONAL log_opt_values /usr/lib/python3/dist-packages/oslo_config/cfg.py:2609
2026-01-29 00:35:31.665 170476 DEBUG oslo_service.service [req-ebf2b46f-1a09-44eb-aca2-9fd8621f6de0 - - - - -] database.pool_timeout = None log_opt_values /usr/lib/python3/dist-packages/oslo_config/cfg.py:2609
2026-01-29 00:35:31.666 170476 DEBUG oslo_service.service [req-ebf2b46f-1a09-44eb-aca2-9fd8621f6de0 - - - - -] database.retry_interval = 10 log_opt_values /usr/lib/python3/dist-packages/oslo_config/cfg.py:2609
2026-01-29 00:35:31.666 170476 DEBUG oslo_service.service [req-ebf2b46f-1a09-44eb-aca2-9fd8621f6de0 - - - - -] database.slave_connection = **** log_opt_values /usr/lib/python3/dist-packages/oslo_config/cfg.py:2609
2026-01-29 00:35:31.666 170476 DEBUG oslo_service.service [req-ebf2b46f-1a09-44eb-aca2-9fd8621f6de0 - - - - -] database.sqlite_synchronous = True log_opt_values /usr/lib/python3/dist-packages/oslo_config/cfg.py:2609
2026-01-29 00:35:31.667 170476 DEBUG oslo_service.service [req-ebf2b46f-1a09-44eb-aca2-9fd8621f6de0 - - - - -] database.use_db_reconnect = False log_opt_values /usr/lib/python3/dist-packages/oslo_config/cfg.py:2609
2026-01-29 00:35:31.667 170476 DEBUG oslo_service.service [req-ebf2b46f-1a09-44eb-aca2-9fd8621f6de0 - - - - -] api_database.backend = sqlalchemy log_opt_values /usr/lib/python3/dist-packages/oslo_config/cfg.py:2609
2026-01-29 00:35:31.667 170903 DEBUG oslo_messaging._drivers.amqpdriver [-] Listener is running poll /usr/lib/python3/dist-packages/oslo_messaging/_drivers/amqpdriver.py:343
2026-01-29 00:35:31.667 170476 DEBUG oslo_service.service [req-ebf2b46f-1a09-44eb-aca2-9fd8621f6de0 - - - - -] api_database.connection = **** log_opt_values /usr/lib/python3/dist-packages/oslo_config/cfg.py:2609
2026-01-29 00:35:31.667 170903 DEBUG oslo_messaging._drivers.amqpdriver [-] AMQPListener connection consume poll /usr/lib/python3/dist-packages/oslo_messaging/_drivers/amqpdriver.py:357
2026-01-29 00:35:31.667 170476 DEBUG oslo_service.service [req-ebf2b46f-1a09-44eb-aca2-9fd8621f6de0 - - - - -] api_database.connection_debug = 0 log_opt_values /usr/lib/python3/dist-packages/oslo_config/cfg.py:2609
2026-01-29 00:35:31.668 170476 DEBUG oslo_service.service [req-ebf2b46f-1a09-44eb-aca2-9fd8621f6de0 - - - - -] api_database.connection_parameters = log_opt_values /usr/lib/python3/dist-packages/oslo_config/cfg.py:2609
2026-01-29 00:35:31.668 170476 DEBUG oslo_service.service [req-ebf2b46f-1a09-44eb-aca2-9fd8621f6de0 - - - - -] api_database.connection_recycle_time = 3600 log_opt_values /usr/lib/python3/dist-packages/oslo_config/cfg.py:2609
2026-01-29 00:35:31.669 170476 DEBUG oslo_service.service [req-ebf2b46f-1a09-44eb-aca2-9fd8621f6de0 - - - - -] api_database.connection_trace = False log_opt_values /usr/lib/python3/dist-packages/oslo_config/cfg.py:2609
2026-01-29 00:35:31.668 170903 DEBUG nova.service [req-b23b13d2-cd16-4d58-a848-6b01ab9cc49b - - - - -] Join ServiceGroup membership for this service scheduler start /usr/lib/python3/dist-packages/nova/service.py:199
2026-01-29 00:35:31.669 170476 DEBUG oslo_service.service [req-ebf2b46f-1a09-44eb-aca2-9fd8621f6de0 - - - - -] api_database.db_inc_retry_interval = True log_opt_values /usr/lib/python3/dist-packages/oslo_config/cfg.py:2609
2026-01-29 00:35:31.669 170476 DEBUG oslo_service.service [req-ebf2b46f-1a09-44eb-aca2-9fd8621f6de0 - - - - -] api_database.db_max_retries = 20 log_opt_values /usr/lib/python3/dist-packages/oslo_config/cfg.py:2609
2026-01-29 00:35:31.669 170476 DEBUG oslo_service.service [req-ebf2b46f-1a09-44eb-aca2-9fd8621f6de0 - - - - -] api_database.db_max_retry_interval = 10 log_opt_values /usr/lib/python3/dist-packages/oslo_config/cfg.py:2609
2026-01-29 00:35:31.669 170903 DEBUG nova.servicegroup.drivers.db [req-b23b13d2-cd16-4d58-a848-6b01ab9cc49b - - - - -] DB_Driver: join new ServiceGroup member juju-13bb81-0-lxd-7 to the scheduler group, service = join /usr/lib/python3/dist-packages/nova/servicegroup/drivers/db.py:44
2026-01-29 00:35:31.670 170476 DEBUG oslo_service.service [req-ebf2b46f-1a09-44eb-aca2-9fd8621f6de0 - - - - -] api_database.db_retry_interval = 1 log_opt_values /usr/lib/python3/dist-packages/oslo_config/cfg.py:2609
2026-01-29 00:35:31.670 170476 DEBUG oslo_service.service [req-ebf2b46f-1a09-44eb-aca2-9fd8621f6de0 - - - - -] api_database.max_overflow = 50 log_opt_values /usr/lib/python3/dist-packages/oslo_config/cfg.py:2609
2026-01-29 00:35:31.670 170900 DEBUG oslo_messaging._drivers.amqpdriver [-] Listener is running poll /usr/lib/python3/dist-packages/oslo_messaging/_drivers/amqpdriver.py:343
2026-01-29 00:35:31.670 170476 DEBUG oslo_service.service [req-ebf2b46f-1a09-44eb-aca2-9fd8621f6de0 - - - - -] api_database.max_pool_size = 4 log_opt_values /usr/lib/python3/dist-packages/oslo_config/cfg.py:2609
2026-01-29 00:35:31.670 170900 DEBUG oslo_messaging._drivers.amqpdriver [-] AMQPListener connection consume poll /usr/lib/python3/dist-packages/oslo_messaging/_drivers/amqpdriver.py:357
2026-01-29 00:35:31.671 170476 DEBUG oslo_service.service [req-ebf2b46f-1a09-44eb-aca2-9fd8621f6de0 - - - - -] api_database.max_retries = 10 log_opt_values /usr/lib/python3/dist-packages/oslo_config/cfg.py:2609
2026-01-29 00:35:31.671 170476 DEBUG oslo_service.service [req-ebf2b46f-1a09-44eb-aca2-9fd8621f6de0 - - - - -] api_database.mysql_enable_ndb = False log_opt_values /usr/lib/python3/dist-packages/oslo_config/cfg.py:2609
2026-01-29 00:35:31.671 170476 DEBUG oslo_service.service [req-ebf2b46f-1a09-44eb-aca2-9fd8621f6de0 - - - - -] api_database.mysql_sql_mode = TRADITIONAL log_opt_values /usr/lib/python3/dist-packages/oslo_config/cfg.py:2609
2026-01-29 00:35:31.672 170903 DEBUG oslo_messaging._drivers.amqpdriver [-] AMQPListener connection timeout poll /usr/lib/python3/dist-packages/oslo_messaging/_drivers/amqpdriver.py:360
2026-01-29 00:35:31.672 170476 DEBUG oslo_service.service [req-ebf2b46f-1a09-44eb-aca2-9fd8621f6de0 - - - - -] api_database.pool_timeout = None log_opt_values /usr/lib/python3/dist-packages/oslo_config/cfg.py:2609
2026-01-29 00:35:31.672 170903 DEBUG oslo_messaging._drivers.amqpdriver [-] Listener is running poll /usr/lib/python3/dist-packages/oslo_messaging/_drivers/amqpdriver.py:343
2026-01-29 00:35:31.672 170903 DEBUG oslo_messaging._drivers.amqpdriver [-] AMQPListener connection consume poll /usr/lib/python3/dist-packages/oslo_messaging/_drivers/amqpdriver.py:357
2026-01-29 00:35:31.672 170476 DEBUG oslo_service.service [req-ebf2b46f-1a09-44eb-aca2-9fd8621f6de0 - - - - -] api_database.retry_interval = 10 log_opt_values /usr/lib/python3/dist-packages/oslo_config/cfg.py:2609
2026-01-29 00:35:31.672 170476 DEBUG oslo_service.service [req-ebf2b46f-1a09-44eb-aca2-9fd8621f6de0 - - - - -] api_database.slave_connection = **** log_opt_values /usr/lib/python3/dist-packages/oslo_config/cfg.py:2609
2026-01-29 00:35:31.672 170900 DEBUG nova.service [req-b4d7df20-ae75-41e8-a012-7fc5de2204c2 - - - - -] Join ServiceGroup membership for this service scheduler start /usr/lib/python3/dist-packages/nova/service.py:199
2026-01-29 00:35:31.672 170476 DEBUG oslo_service.service [req-ebf2b46f-1a09-44eb-aca2-9fd8621f6de0 - - - - -] api_database.sqlite_synchronous = True log_opt_values /usr/lib/python3/dist-packages/oslo_config/cfg.py:2609
2026-01-29 00:35:31.672 170476 DEBUG oslo_service.service [req-ebf2b46f-1a09-44eb-aca2-9fd8621f6de0 - - - - -] devices.enabled_mdev_types = [] log_opt_values /usr/lib/python3/dist-packages/oslo_config/cfg.py:2609
2026-01-29 00:35:31.672 170900 DEBUG nova.servicegroup.drivers.db [req-b4d7df20-ae75-41e8-a012-7fc5de2204c2 - - - - -] DB_Driver: join new ServiceGroup member juju-13bb81-0-lxd-7 to the scheduler group, service = join /usr/lib/python3/dist-packages/nova/servicegroup/drivers/db.py:44
2026-01-29 00:35:31.672 170476 DEBUG oslo_service.service [req-ebf2b46f-1a09-44eb-aca2-9fd8621f6de0 - - - - -] ephemeral_storage_encryption.cipher = aes-xts-plain64 log_opt_values /usr/lib/python3/dist-packages/oslo_config/cfg.py:2609
2026-01-29 00:35:31.673 170476 DEBUG oslo_service.service [req-ebf2b46f-1a09-44eb-aca2-9fd8621f6de0 - - - - -] ephemeral_storage_encryption.enabled = False log_opt_values /usr/lib/python3/dist-packages/oslo_config/cfg.py:2609
2026-01-29 00:35:31.673 170476 DEBUG oslo_service.service [req-ebf2b46f-1a09-44eb-aca2-9fd8621f6de0 - - - - -] ephemeral_storage_encryption.key_size = 512 log_opt_values /usr/lib/python3/dist-packages/oslo_config/cfg.py:2609
2026-01-29 00:35:31.673 170900 DEBUG oslo_messaging._drivers.amqpdriver [-] AMQPListener connection timeout poll /usr/lib/python3/dist-packages/oslo_messaging/_drivers/amqpdriver.py:360
2026-01-29 00:35:31.673 170900 DEBUG oslo_messaging._drivers.amqpdriver [-] Listener is running poll /usr/lib/python3/dist-packages/oslo_messaging/_drivers/amqpdriver.py:343
2026-01-29 00:35:31.673 170900 DEBUG oslo_messaging._drivers.amqpdriver [-] AMQPListener connection consume poll /usr/lib/python3/dist-packages/oslo_messaging/_drivers/amqpdriver.py:357
2026-01-29 00:35:31.673 170476 WARNING oslo_config.cfg [req-ebf2b46f-1a09-44eb-aca2-9fd8621f6de0 - - - - -] Deprecated: Option "api_servers" from group "glance" is deprecated for removal ( Support for image service configuration via standard keystoneauth1 Adapter options was added in the 17.0.0 Queens release. The api_servers option was retained temporarily to allow consumers time to cut over to a real load balancing solution. ). Its value may be silently ignored in the future.
2026-01-29 00:35:31.673 170476 DEBUG oslo_service.service [req-ebf2b46f-1a09-44eb-aca2-9fd8621f6de0 - - - - -] glance.api_servers = ['http://252.19.248.48:9292'] log_opt_values /usr/lib/python3/dist-packages/oslo_config/cfg.py:2609
2026-01-29 00:35:31.674 170476 DEBUG oslo_service.service [req-ebf2b46f-1a09-44eb-aca2-9fd8621f6de0 - - - - -] glance.cafile = None log_opt_values /usr/lib/python3/dist-packages/oslo_config/cfg.py:2609
2026-01-29 00:35:31.674 170476 DEBUG oslo_service.service [req-ebf2b46f-1a09-44eb-aca2-9fd8621f6de0 - - - - -] glance.certfile = None log_opt_values /usr/lib/python3/dist-packages/oslo_config/cfg.py:2609
2026-01-29 00:35:31.674 170476 DEBUG oslo_service.service [req-ebf2b46f-1a09-44eb-aca2-9fd8621f6de0 - - - - -] glance.collect_timing = False log_opt_values /usr/lib/python3/dist-packages/oslo_config/cfg.py:2609
2026-01-29 00:35:31.674 170476 DEBUG oslo_service.service [req-ebf2b46f-1a09-44eb-aca2-9fd8621f6de0 - - - - -] glance.connect_retries = None log_opt_values /usr/lib/python3/dist-packages/oslo_config/cfg.py:2609
2026-01-29 00:35:31.675 170476 DEBUG oslo_service.service [req-ebf2b46f-1a09-44eb-aca2-9fd8621f6de0 - - - - -] glance.connect_retry_delay = None log_opt_values /usr/lib/python3/dist-packages/oslo_config/cfg.py:2609
2026-01-29 00:35:31.675 170476 DEBUG oslo_service.service [req-ebf2b46f-1a09-44eb-aca2-9fd8621f6de0 - - - - -] glance.debug = False log_opt_values /usr/lib/python3/dist-packages/oslo_config/cfg.py:2609
2026-01-29 00:35:31.675 170476 DEBUG oslo_service.service [req-ebf2b46f-1a09-44eb-aca2-9fd8621f6de0 - - - - -] glance.default_trusted_certificate_ids = [] log_opt_values /usr/lib/python3/dist-packages/oslo_config/cfg.py:2609
2026-01-29 00:35:31.675 170476 DEBUG oslo_service.service [req-ebf2b46f-1a09-44eb-aca2-9fd8621f6de0 - - - - -] glance.enable_certificate_validation = False log_opt_values /usr/lib/python3/dist-packages/oslo_config/cfg.py:2609
2026-01-29 00:35:31.676 170476 DEBUG oslo_service.service [req-ebf2b46f-1a09-44eb-aca2-9fd8621f6de0 - - - - -] glance.enable_rbd_download = False log_opt_values /usr/lib/python3/dist-packages/oslo_config/cfg.py:2609
2026-01-29 00:35:31.676 170476 DEBUG oslo_service.service [req-ebf2b46f-1a09-44eb-aca2-9fd8621f6de0 - - - - -] glance.endpoint_override = None log_opt_values /usr/lib/python3/dist-packages/oslo_config/cfg.py:2609
2026-01-29 00:35:31.676 170476 DEBUG oslo_service.service [req-ebf2b46f-1a09-44eb-aca2-9fd8621f6de0 - - - - -] glance.insecure = False log_opt_values /usr/lib/python3/dist-packages/oslo_config/cfg.py:2609
2026-01-29 00:35:31.676 170476 DEBUG oslo_service.service [req-ebf2b46f-1a09-44eb-aca2-9fd8621f6de0 - - - - -] glance.keyfile = None log_opt_values /usr/lib/python3/dist-packages/oslo_config/cfg.py:2609
2026-01-29 00:35:31.676 170476 DEBUG oslo_service.service [req-ebf2b46f-1a09-44eb-aca2-9fd8621f6de0 - - - - -] glance.max_version = None log_opt_values /usr/lib/python3/dist-packages/oslo_config/cfg.py:2609
2026-01-29 00:35:31.677 170476 DEBUG oslo_service.service [req-ebf2b46f-1a09-44eb-aca2-9fd8621f6de0 - - - - -] glance.min_version = None log_opt_values /usr/lib/python3/dist-packages/oslo_config/cfg.py:2609
2026-01-29 00:35:31.677 170476 DEBUG oslo_service.service [req-ebf2b46f-1a09-44eb-aca2-9fd8621f6de0 - - - - -] glance.num_retries = 3 log_opt_values /usr/lib/python3/dist-packages/oslo_config/cfg.py:2609
2026-01-29 00:35:31.677 170476 DEBUG oslo_service.service [req-ebf2b46f-1a09-44eb-aca2-9fd8621f6de0 - - - - -] glance.rbd_ceph_conf = log_opt_values /usr/lib/python3/dist-packages/oslo_config/cfg.py:2609
2026-01-29 00:35:31.677 170476 DEBUG oslo_service.service [req-ebf2b46f-1a09-44eb-aca2-9fd8621f6de0 - - - - -] glance.rbd_connect_timeout = 5 log_opt_values /usr/lib/python3/dist-packages/oslo_config/cfg.py:2609
2026-01-29 00:35:31.677 170476 DEBUG oslo_service.service [req-ebf2b46f-1a09-44eb-aca2-9fd8621f6de0 - - - - -] glance.rbd_pool = log_opt_values /usr/lib/python3/dist-packages/oslo_config/cfg.py:2609
2026-01-29 00:35:31.677 170476 DEBUG oslo_service.service [req-ebf2b46f-1a09-44eb-aca2-9fd8621f6de0 - - - - -] glance.rbd_user = log_opt_values /usr/lib/python3/dist-packages/oslo_config/cfg.py:2609
2026-01-29 00:35:31.678 170476 DEBUG oslo_service.service [req-ebf2b46f-1a09-44eb-aca2-9fd8621f6de0 - - - - -] glance.region_name = None log_opt_values /usr/lib/python3/dist-packages/oslo_config/cfg.py:2609
2026-01-29 00:35:31.678 170476 DEBUG oslo_service.service [req-ebf2b46f-1a09-44eb-aca2-9fd8621f6de0 - - - - -] glance.service_name = None log_opt_values /usr/lib/python3/dist-packages/oslo_config/cfg.py:2609
2026-01-29 00:35:31.678 170476 DEBUG oslo_service.service [req-ebf2b46f-1a09-44eb-aca2-9fd8621f6de0 - - - - -] glance.service_type = image log_opt_values /usr/lib/python3/dist-packages/oslo_config/cfg.py:2609
2026-01-29 00:35:31.678 170476 DEBUG oslo_service.service [req-ebf2b46f-1a09-44eb-aca2-9fd8621f6de0 - - - - -] glance.split_loggers = False log_opt_values /usr/lib/python3/dist-packages/oslo_config/cfg.py:2609
2026-01-29 00:35:31.678 170476 DEBUG oslo_service.service [req-ebf2b46f-1a09-44eb-aca2-9fd8621f6de0 - - - - -] glance.status_code_retries = None log_opt_values /usr/lib/python3/dist-packages/oslo_config/cfg.py:2609
2026-01-29 00:35:31.678 170476 DEBUG oslo_service.service [req-ebf2b46f-1a09-44eb-aca2-9fd8621f6de0 - - - - -] glance.status_code_retry_delay = None log_opt_values /usr/lib/python3/dist-packages/oslo_config/cfg.py:2609
2026-01-29 00:35:31.679 170476 DEBUG oslo_service.service [req-ebf2b46f-1a09-44eb-aca2-9fd8621f6de0 - - - - -] glance.timeout = None log_opt_values /usr/lib/python3/dist-packages/oslo_config/cfg.py:2609
2026-01-29 00:35:31.679 170476 DEBUG oslo_service.service [req-ebf2b46f-1a09-44eb-aca2-9fd8621f6de0 - - - - -] glance.valid_interfaces = ['internal', 'public'] log_opt_values /usr/lib/python3/dist-packages/oslo_config/cfg.py:2609
2026-01-29 00:35:31.680 170476 DEBUG oslo_service.service [req-ebf2b46f-1a09-44eb-aca2-9fd8621f6de0 - - - - -] glance.verify_glance_signatures = False log_opt_values /usr/lib/python3/dist-packages/oslo_config/cfg.py:2609
2026-01-29 00:35:31.680 170476 DEBUG oslo_service.service [req-ebf2b46f-1a09-44eb-aca2-9fd8621f6de0 - - - - -] glance.version = None log_opt_values /usr/lib/python3/dist-packages/oslo_config/cfg.py:2609
2026-01-29 00:35:31.680 170476 DEBUG oslo_service.service [req-ebf2b46f-1a09-44eb-aca2-9fd8621f6de0 - - - - -] guestfs.debug = False log_opt_values /usr/lib/python3/dist-packages/oslo_config/cfg.py:2609
2026-01-29 00:35:31.680 170476 DEBUG oslo_service.service [req-ebf2b46f-1a09-44eb-aca2-9fd8621f6de0 - - - - -] hyperv.config_drive_cdrom = False log_opt_values /usr/lib/python3/dist-packages/oslo_config/cfg.py:2609
2026-01-29 00:35:31.680 170476 DEBUG oslo_service.service [req-ebf2b46f-1a09-44eb-aca2-9fd8621f6de0 - - - - -] hyperv.config_drive_inject_password = False log_opt_values /usr/lib/python3/dist-packages/oslo_config/cfg.py:2609
2026-01-29 00:35:31.680 170476 DEBUG oslo_service.service [req-ebf2b46f-1a09-44eb-aca2-9fd8621f6de0 - - - - -] hyperv.dynamic_memory_ratio = 1.0 log_opt_values /usr/lib/python3/dist-packages/oslo_config/cfg.py:2609
2026-01-29 00:35:31.681 170476 DEBUG oslo_service.service [req-ebf2b46f-1a09-44eb-aca2-9fd8621f6de0 - - - - -] hyperv.enable_instance_metrics_collection = False log_opt_values /usr/lib/python3/dist-packages/oslo_config/cfg.py:2609
2026-01-29 00:35:31.681 170476 DEBUG oslo_service.service [req-ebf2b46f-1a09-44eb-aca2-9fd8621f6de0 - - - - -] hyperv.enable_remotefx = False log_opt_values /usr/lib/python3/dist-packages/oslo_config/cfg.py:2609
2026-01-29 00:35:31.681 170476 DEBUG oslo_service.service [req-ebf2b46f-1a09-44eb-aca2-9fd8621f6de0 - - - - -] hyperv.instances_path_share = log_opt_values /usr/lib/python3/dist-packages/oslo_config/cfg.py:2609
2026-01-29 00:35:31.681 170476 DEBUG oslo_service.service [req-ebf2b46f-1a09-44eb-aca2-9fd8621f6de0 - - - - -] hyperv.iscsi_initiator_list = [] log_opt_values /usr/lib/python3/dist-packages/oslo_config/cfg.py:2609
2026-01-29 00:35:31.681 170476 DEBUG oslo_service.service [req-ebf2b46f-1a09-44eb-aca2-9fd8621f6de0 - - - - -] hyperv.limit_cpu_features = False log_opt_values /usr/lib/python3/dist-packages/oslo_config/cfg.py:2609
2026-01-29 00:35:31.681 170476 DEBUG oslo_service.service [req-ebf2b46f-1a09-44eb-aca2-9fd8621f6de0 - - - - -] hyperv.mounted_disk_query_retry_count = 10 log_opt_values /usr/lib/python3/dist-packages/oslo_config/cfg.py:2609
2026-01-29 00:35:31.682 170476 DEBUG oslo_service.service [req-ebf2b46f-1a09-44eb-aca2-9fd8621f6de0 - - - - -] hyperv.mounted_disk_query_retry_interval = 5 log_opt_values /usr/lib/python3/dist-packages/oslo_config/cfg.py:2609
2026-01-29 00:35:31.682 170476 DEBUG oslo_service.service [req-ebf2b46f-1a09-44eb-aca2-9fd8621f6de0 - - - - -] hyperv.power_state_check_timeframe = 60 log_opt_values /usr/lib/python3/dist-packages/oslo_config/cfg.py:2609
2026-01-29 00:35:31.682 170476 DEBUG oslo_service.service [req-ebf2b46f-1a09-44eb-aca2-9fd8621f6de0 - - - - -] hyperv.power_state_event_polling_interval = 2 log_opt_values /usr/lib/python3/dist-packages/oslo_config/cfg.py:2609
2026-01-29 00:35:31.682 170476 DEBUG oslo_service.service [req-ebf2b46f-1a09-44eb-aca2-9fd8621f6de0 - - - - -] hyperv.qemu_img_cmd = qemu-img.exe log_opt_values /usr/lib/python3/dist-packages/oslo_config/cfg.py:2609
2026-01-29 00:35:31.682 170476 DEBUG oslo_service.service [req-ebf2b46f-1a09-44eb-aca2-9fd8621f6de0 - - - - -] hyperv.use_multipath_io = False log_opt_values /usr/lib/python3/dist-packages/oslo_config/cfg.py:2609
2026-01-29 00:35:31.683 170476 DEBUG oslo_service.service [req-ebf2b46f-1a09-44eb-aca2-9fd8621f6de0 - - - - -] hyperv.volume_attach_retry_count = 10 log_opt_values /usr/lib/python3/dist-packages/oslo_config/cfg.py:2609
2026-01-29 00:35:31.684 170476 DEBUG oslo_service.service [req-ebf2b46f-1a09-44eb-aca2-9fd8621f6de0 - - - - -] hyperv.volume_attach_retry_interval = 5 log_opt_values /usr/lib/python3/dist-packages/oslo_config/cfg.py:2609
2026-01-29 00:35:31.684 170476 DEBUG oslo_service.service [req-ebf2b46f-1a09-44eb-aca2-9fd8621f6de0 - - - - -] hyperv.vswitch_name = None log_opt_values /usr/lib/python3/dist-packages/oslo_config/cfg.py:2609
2026-01-29 00:35:31.684 170476 DEBUG oslo_service.service [req-ebf2b46f-1a09-44eb-aca2-9fd8621f6de0 - - - - -] hyperv.wait_soft_reboot_seconds = 60 log_opt_values /usr/lib/python3/dist-packages/oslo_config/cfg.py:2609
2026-01-29 00:35:31.684 170476 DEBUG oslo_service.service [req-ebf2b46f-1a09-44eb-aca2-9fd8621f6de0 - - - - -] mks.enabled = False log_opt_values /usr/lib/python3/dist-packages/oslo_config/cfg.py:2609
2026-01-29 00:35:31.685 170476 DEBUG oslo_service.service [req-ebf2b46f-1a09-44eb-aca2-9fd8621f6de0 - - - - -] mks.mksproxy_base_url = http://127.0.0.1:6090/ log_opt_values /usr/lib/python3/dist-packages/oslo_config/cfg.py:2609
2026-01-29 00:35:31.685 170476 DEBUG oslo_service.service [req-ebf2b46f-1a09-44eb-aca2-9fd8621f6de0 - - - - -] image_cache.manager_interval = 2400 log_opt_values /usr/lib/python3/dist-packages/oslo_config/cfg.py:2609
2026-01-29 00:35:31.686 170476 DEBUG oslo_service.service [req-ebf2b46f-1a09-44eb-aca2-9fd8621f6de0 - - - - -] image_cache.precache_concurrency = 1 log_opt_values /usr/lib/python3/dist-packages/oslo_config/cfg.py:2609
2026-01-29 00:35:31.686 170476 DEBUG oslo_service.service [req-ebf2b46f-1a09-44eb-aca2-9fd8621f6de0 - - - - -] image_cache.remove_unused_base_images = True log_opt_values /usr/lib/python3/dist-packages/oslo_config/cfg.py:2609
2026-01-29 00:35:31.686 170476 DEBUG oslo_service.service [req-ebf2b46f-1a09-44eb-aca2-9fd8621f6de0 - - - - -] image_cache.remove_unused_original_minimum_age_seconds = 86400 log_opt_values /usr/lib/python3/dist-packages/oslo_config/cfg.py:2609
2026-01-29 00:35:31.686 170476 DEBUG oslo_service.service [req-ebf2b46f-1a09-44eb-aca2-9fd8621f6de0 - - - - -] image_cache.remove_unused_resized_minimum_age_seconds = 3600 log_opt_values /usr/lib/python3/dist-packages/oslo_config/cfg.py:2609
2026-01-29 00:35:31.686 170476 DEBUG oslo_service.service [req-ebf2b46f-1a09-44eb-aca2-9fd8621f6de0 - - - - -] image_cache.subdirectory_name = _base log_opt_values /usr/lib/python3/dist-packages/oslo_config/cfg.py:2609
2026-01-29 00:35:31.687 170476 DEBUG oslo_service.service [req-ebf2b46f-1a09-44eb-aca2-9fd8621f6de0 - - - - -] ironic.api_max_retries = 60 log_opt_values /usr/lib/python3/dist-packages/oslo_config/cfg.py:2609
2026-01-29 00:35:31.687 170476 DEBUG oslo_service.service [req-ebf2b46f-1a09-44eb-aca2-9fd8621f6de0 - - - - -] ironic.api_retry_interval = 2 log_opt_values /usr/lib/python3/dist-packages/oslo_config/cfg.py:2609
2026-01-29 00:35:31.687 170476 DEBUG oslo_service.service [req-ebf2b46f-1a09-44eb-aca2-9fd8621f6de0 - - - - -] ironic.auth_section = None log_opt_values /usr/lib/python3/dist-packages/oslo_config/cfg.py:2609
2026-01-29 00:35:31.687 170476 DEBUG oslo_service.service [req-ebf2b46f-1a09-44eb-aca2-9fd8621f6de0 - - - - -] ironic.auth_type = None log_opt_values /usr/lib/python3/dist-packages/oslo_config/cfg.py:2609
2026-01-29 00:35:31.687 170476 DEBUG oslo_service.service [req-ebf2b46f-1a09-44eb-aca2-9fd8621f6de0 - - - - -] ironic.cafile = None log_opt_values /usr/lib/python3/dist-packages/oslo_config/cfg.py:2609
2026-01-29 00:35:31.687 170476 DEBUG oslo_service.service [req-ebf2b46f-1a09-44eb-aca2-9fd8621f6de0 - - - - -] ironic.certfile = None log_opt_values /usr/lib/python3/dist-packages/oslo_config/cfg.py:2609
2026-01-29 00:35:31.687 170476 DEBUG oslo_service.service [req-ebf2b46f-1a09-44eb-aca2-9fd8621f6de0 - - - - -] ironic.collect_timing = False log_opt_values /usr/lib/python3/dist-packages/oslo_config/cfg.py:2609
2026-01-29 00:35:31.688 170476 DEBUG oslo_service.service [req-ebf2b46f-1a09-44eb-aca2-9fd8621f6de0 - - - - -] ironic.connect_retries = None log_opt_values /usr/lib/python3/dist-packages/oslo_config/cfg.py:2609
2026-01-29 00:35:31.688 170476 DEBUG oslo_service.service [req-ebf2b46f-1a09-44eb-aca2-9fd8621f6de0 - - - - -] ironic.connect_retry_delay = None log_opt_values /usr/lib/python3/dist-packages/oslo_config/cfg.py:2609
2026-01-29 00:35:31.688 170476 DEBUG oslo_service.service [req-ebf2b46f-1a09-44eb-aca2-9fd8621f6de0 - - - - -] ironic.endpoint_override = None log_opt_values /usr/lib/python3/dist-packages/oslo_config/cfg.py:2609
2026-01-29 00:35:31.688 170476 DEBUG oslo_service.service [req-ebf2b46f-1a09-44eb-aca2-9fd8621f6de0 - - - - -] ironic.insecure = False log_opt_values /usr/lib/python3/dist-packages/oslo_config/cfg.py:2609
2026-01-29 00:35:31.688 170476 DEBUG oslo_service.service [req-ebf2b46f-1a09-44eb-aca2-9fd8621f6de0 - - - - -] ironic.keyfile = None log_opt_values /usr/lib/python3/dist-packages/oslo_config/cfg.py:2609
2026-01-29 00:35:31.688 170476 DEBUG oslo_service.service [req-ebf2b46f-1a09-44eb-aca2-9fd8621f6de0 - - - - -] ironic.max_version = None log_opt_values /usr/lib/python3/dist-packages/oslo_config/cfg.py:2609
