2026-01-29 00:32:10.861 121241 DEBUG oslo_service.service [req-a506a814-35f2-4615-88b3-306ef33138f1 - - - - -] database.sqlite_synchronous = True log_opt_values /usr/lib/python3/dist-packages/oslo_config/cfg.py:2609
2026-01-29 00:32:10.862 121241 DEBUG oslo_service.service [req-a506a814-35f2-4615-88b3-306ef33138f1 - - - - -] database.use_db_reconnect = False log_opt_values /usr/lib/python3/dist-packages/oslo_config/cfg.py:2609
2026-01-29 00:32:10.862 122373 DEBUG nova.service [req-74d7e99a-a6e2-4366-aa42-9c1433990828 - - - - -] Join ServiceGroup membership for this service scheduler start /usr/lib/python3/dist-packages/nova/service.py:199
2026-01-29 00:32:10.862 121241 DEBUG oslo_service.service [req-a506a814-35f2-4615-88b3-306ef33138f1 - - - - -] api_database.backend = sqlalchemy log_opt_values /usr/lib/python3/dist-packages/oslo_config/cfg.py:2609
2026-01-29 00:32:10.862 121241 DEBUG oslo_service.service [req-a506a814-35f2-4615-88b3-306ef33138f1 - - - - -] api_database.connection = **** log_opt_values /usr/lib/python3/dist-packages/oslo_config/cfg.py:2609
2026-01-29 00:32:10.862 122373 DEBUG nova.servicegroup.drivers.db [req-74d7e99a-a6e2-4366-aa42-9c1433990828 - - - - -] DB_Driver: join new ServiceGroup member juju-13bb81-0-lxd-7 to the scheduler group, service = join /usr/lib/python3/dist-packages/nova/servicegroup/drivers/db.py:44
2026-01-29 00:32:10.862 121241 DEBUG oslo_service.service [req-a506a814-35f2-4615-88b3-306ef33138f1 - - - - -] api_database.connection_debug = 0 log_opt_values /usr/lib/python3/dist-packages/oslo_config/cfg.py:2609
2026-01-29 00:32:10.862 121241 DEBUG oslo_service.service [req-a506a814-35f2-4615-88b3-306ef33138f1 - - - - -] api_database.connection_parameters = log_opt_values /usr/lib/python3/dist-packages/oslo_config/cfg.py:2609
2026-01-29 00:32:10.862 121241 DEBUG oslo_service.service [req-a506a814-35f2-4615-88b3-306ef33138f1 - - - - -] api_database.connection_recycle_time = 3600 log_opt_values /usr/lib/python3/dist-packages/oslo_config/cfg.py:2609
2026-01-29 00:32:10.863 121241 DEBUG oslo_service.service [req-a506a814-35f2-4615-88b3-306ef33138f1 - - - - -] api_database.connection_trace = False log_opt_values /usr/lib/python3/dist-packages/oslo_config/cfg.py:2609
2026-01-29 00:32:10.863 121241 DEBUG oslo_service.service [req-a506a814-35f2-4615-88b3-306ef33138f1 - - - - -] api_database.db_inc_retry_interval = True log_opt_values /usr/lib/python3/dist-packages/oslo_config/cfg.py:2609
2026-01-29 00:32:10.863 121241 DEBUG oslo_service.service [req-a506a814-35f2-4615-88b3-306ef33138f1 - - - - -] api_database.db_max_retries = 20 log_opt_values /usr/lib/python3/dist-packages/oslo_config/cfg.py:2609
2026-01-29 00:32:10.863 121241 DEBUG oslo_service.service [req-a506a814-35f2-4615-88b3-306ef33138f1 - - - - -] api_database.db_max_retry_interval = 10 log_opt_values /usr/lib/python3/dist-packages/oslo_config/cfg.py:2609
2026-01-29 00:32:10.863 121241 DEBUG oslo_service.service [req-a506a814-35f2-4615-88b3-306ef33138f1 - - - - -] api_database.db_retry_interval = 1 log_opt_values /usr/lib/python3/dist-packages/oslo_config/cfg.py:2609
2026-01-29 00:32:10.863 121241 DEBUG oslo_service.service [req-a506a814-35f2-4615-88b3-306ef33138f1 - - - - -] api_database.max_overflow = 50 log_opt_values /usr/lib/python3/dist-packages/oslo_config/cfg.py:2609
2026-01-29 00:32:10.864 121241 DEBUG oslo_service.service [req-a506a814-35f2-4615-88b3-306ef33138f1 - - - - -] api_database.max_pool_size = 4 log_opt_values /usr/lib/python3/dist-packages/oslo_config/cfg.py:2609
2026-01-29 00:32:10.864 121241 DEBUG oslo_service.service [req-a506a814-35f2-4615-88b3-306ef33138f1 - - - - -] api_database.max_retries = 10 log_opt_values /usr/lib/python3/dist-packages/oslo_config/cfg.py:2609
2026-01-29 00:32:10.864 121241 DEBUG oslo_service.service [req-a506a814-35f2-4615-88b3-306ef33138f1 - - - - -] api_database.mysql_enable_ndb = False log_opt_values /usr/lib/python3/dist-packages/oslo_config/cfg.py:2609
2026-01-29 00:32:10.864 121241 DEBUG oslo_service.service [req-a506a814-35f2-4615-88b3-306ef33138f1 - - - - -] api_database.mysql_sql_mode = TRADITIONAL log_opt_values /usr/lib/python3/dist-packages/oslo_config/cfg.py:2609
2026-01-29 00:32:10.864 122373 DEBUG oslo_messaging._drivers.amqpdriver [-] AMQPListener connection timeout poll /usr/lib/python3/dist-packages/oslo_messaging/_drivers/amqpdriver.py:360
2026-01-29 00:32:10.864 121241 DEBUG oslo_service.service [req-a506a814-35f2-4615-88b3-306ef33138f1 - - - - -] api_database.pool_timeout = None log_opt_values /usr/lib/python3/dist-packages/oslo_config/cfg.py:2609
2026-01-29 00:32:10.864 122373 DEBUG oslo_messaging._drivers.amqpdriver [-] Listener is running poll /usr/lib/python3/dist-packages/oslo_messaging/_drivers/amqpdriver.py:343
2026-01-29 00:32:10.864 122373 DEBUG oslo_messaging._drivers.amqpdriver [-] AMQPListener connection consume poll /usr/lib/python3/dist-packages/oslo_messaging/_drivers/amqpdriver.py:357
2026-01-29 00:32:10.864 121241 DEBUG oslo_service.service [req-a506a814-35f2-4615-88b3-306ef33138f1 - - - - -] api_database.retry_interval = 10 log_opt_values /usr/lib/python3/dist-packages/oslo_config/cfg.py:2609
2026-01-29 00:32:10.865 121241 DEBUG oslo_service.service [req-a506a814-35f2-4615-88b3-306ef33138f1 - - - - -] api_database.slave_connection = **** log_opt_values /usr/lib/python3/dist-packages/oslo_config/cfg.py:2609
2026-01-29 00:32:10.865 121241 DEBUG oslo_service.service [req-a506a814-35f2-4615-88b3-306ef33138f1 - - - - -] api_database.sqlite_synchronous = True log_opt_values /usr/lib/python3/dist-packages/oslo_config/cfg.py:2609
2026-01-29 00:32:10.865 121241 DEBUG oslo_service.service [req-a506a814-35f2-4615-88b3-306ef33138f1 - - - - -] devices.enabled_mdev_types = [] log_opt_values /usr/lib/python3/dist-packages/oslo_config/cfg.py:2609
2026-01-29 00:32:10.865 121241 DEBUG oslo_service.service [req-a506a814-35f2-4615-88b3-306ef33138f1 - - - - -] ephemeral_storage_encryption.cipher = aes-xts-plain64 log_opt_values /usr/lib/python3/dist-packages/oslo_config/cfg.py:2609
2026-01-29 00:32:10.865 121241 DEBUG oslo_service.service [req-a506a814-35f2-4615-88b3-306ef33138f1 - - - - -] ephemeral_storage_encryption.enabled = False log_opt_values /usr/lib/python3/dist-packages/oslo_config/cfg.py:2609
2026-01-29 00:32:10.865 121241 DEBUG oslo_service.service [req-a506a814-35f2-4615-88b3-306ef33138f1 - - - - -] ephemeral_storage_encryption.key_size = 512 log_opt_values /usr/lib/python3/dist-packages/oslo_config/cfg.py:2609
2026-01-29 00:32:10.866 121241 WARNING oslo_config.cfg [req-a506a814-35f2-4615-88b3-306ef33138f1 - - - - -] Deprecated: Option "api_servers" from group "glance" is deprecated for removal ( Support for image service configuration via standard keystoneauth1 Adapter options was added in the 17.0.0 Queens release. The api_servers option was retained temporarily to allow consumers time to cut over to a real load balancing solution. ). Its value may be silently ignored in the future.
2026-01-29 00:32:10.866 121241 DEBUG oslo_service.service [req-a506a814-35f2-4615-88b3-306ef33138f1 - - - - -] glance.api_servers = ['http://252.19.248.48:9292'] log_opt_values /usr/lib/python3/dist-packages/oslo_config/cfg.py:2609
2026-01-29 00:32:10.866 121241 DEBUG oslo_service.service [req-a506a814-35f2-4615-88b3-306ef33138f1 - - - - -] glance.cafile = None log_opt_values /usr/lib/python3/dist-packages/oslo_config/cfg.py:2609
2026-01-29 00:32:10.866 121241 DEBUG oslo_service.service [req-a506a814-35f2-4615-88b3-306ef33138f1 - - - - -] glance.certfile = None log_opt_values /usr/lib/python3/dist-packages/oslo_config/cfg.py:2609
2026-01-29 00:32:10.866 121241 DEBUG oslo_service.service [req-a506a814-35f2-4615-88b3-306ef33138f1 - - - - -] glance.collect_timing = False log_opt_values /usr/lib/python3/dist-packages/oslo_config/cfg.py:2609
2026-01-29 00:32:10.867 121241 DEBUG oslo_service.service [req-a506a814-35f2-4615-88b3-306ef33138f1 - - - - -] glance.connect_retries = None log_opt_values /usr/lib/python3/dist-packages/oslo_config/cfg.py:2609
2026-01-29 00:32:10.867 121241 DEBUG oslo_service.service [req-a506a814-35f2-4615-88b3-306ef33138f1 - - - - -] glance.connect_retry_delay = None log_opt_values /usr/lib/python3/dist-packages/oslo_config/cfg.py:2609
2026-01-29 00:32:10.867 121241 DEBUG oslo_service.service [req-a506a814-35f2-4615-88b3-306ef33138f1 - - - - -] glance.debug = False log_opt_values /usr/lib/python3/dist-packages/oslo_config/cfg.py:2609
2026-01-29 00:32:10.867 121241 DEBUG oslo_service.service [req-a506a814-35f2-4615-88b3-306ef33138f1 - - - - -] glance.default_trusted_certificate_ids = [] log_opt_values /usr/lib/python3/dist-packages/oslo_config/cfg.py:2609
2026-01-29 00:32:10.867 121241 DEBUG oslo_service.service [req-a506a814-35f2-4615-88b3-306ef33138f1 - - - - -] glance.enable_certificate_validation = False log_opt_values /usr/lib/python3/dist-packages/oslo_config/cfg.py:2609
2026-01-29 00:32:10.867 121241 DEBUG oslo_service.service [req-a506a814-35f2-4615-88b3-306ef33138f1 - - - - -] glance.enable_rbd_download = False log_opt_values /usr/lib/python3/dist-packages/oslo_config/cfg.py:2609
2026-01-29 00:32:10.868 121241 DEBUG oslo_service.service [req-a506a814-35f2-4615-88b3-306ef33138f1 - - - - -] glance.endpoint_override = None log_opt_values /usr/lib/python3/dist-packages/oslo_config/cfg.py:2609
2026-01-29 00:32:10.868 121241 DEBUG oslo_service.service [req-a506a814-35f2-4615-88b3-306ef33138f1 - - - - -] glance.insecure = False log_opt_values /usr/lib/python3/dist-packages/oslo_config/cfg.py:2609
2026-01-29 00:32:10.868 121241 DEBUG oslo_service.service [req-a506a814-35f2-4615-88b3-306ef33138f1 - - - - -] glance.keyfile = None log_opt_values /usr/lib/python3/dist-packages/oslo_config/cfg.py:2609
2026-01-29 00:32:10.868 121241 DEBUG oslo_service.service [req-a506a814-35f2-4615-88b3-306ef33138f1 - - - - -] glance.max_version = None log_opt_values /usr/lib/python3/dist-packages/oslo_config/cfg.py:2609
2026-01-29 00:32:10.868 121241 DEBUG oslo_service.service [req-a506a814-35f2-4615-88b3-306ef33138f1 - - - - -] glance.min_version = None log_opt_values /usr/lib/python3/dist-packages/oslo_config/cfg.py:2609
2026-01-29 00:32:10.869 121241 DEBUG oslo_service.service [req-a506a814-35f2-4615-88b3-306ef33138f1 - - - - -] glance.num_retries = 3 log_opt_values /usr/lib/python3/dist-packages/oslo_config/cfg.py:2609
2026-01-29 00:32:10.869 122372 DEBUG oslo_messaging._drivers.amqpdriver [-] Listener is running poll /usr/lib/python3/dist-packages/oslo_messaging/_drivers/amqpdriver.py:343
2026-01-29 00:32:10.870 122372 DEBUG oslo_messaging._drivers.amqpdriver [-] AMQPListener connection consume poll /usr/lib/python3/dist-packages/oslo_messaging/_drivers/amqpdriver.py:357
2026-01-29 00:32:10.870 121241 DEBUG oslo_service.service [req-a506a814-35f2-4615-88b3-306ef33138f1 - - - - -] glance.rbd_ceph_conf = log_opt_values /usr/lib/python3/dist-packages/oslo_config/cfg.py:2609
2026-01-29 00:32:10.871 121241 DEBUG oslo_service.service [req-a506a814-35f2-4615-88b3-306ef33138f1 - - - - -] glance.rbd_connect_timeout = 5 log_opt_values /usr/lib/python3/dist-packages/oslo_config/cfg.py:2609
2026-01-29 00:32:10.871 121241 DEBUG oslo_service.service [req-a506a814-35f2-4615-88b3-306ef33138f1 - - - - -] glance.rbd_pool = log_opt_values /usr/lib/python3/dist-packages/oslo_config/cfg.py:2609
2026-01-29 00:32:10.872 121241 DEBUG oslo_service.service [req-a506a814-35f2-4615-88b3-306ef33138f1 - - - - -] glance.rbd_user = log_opt_values /usr/lib/python3/dist-packages/oslo_config/cfg.py:2609
2026-01-29 00:32:10.872 122372 DEBUG nova.service [req-e7ff88d4-e51d-4275-b14e-88a6a604ea9a - - - - -] Join ServiceGroup membership for this service scheduler start /usr/lib/python3/dist-packages/nova/service.py:199
2026-01-29 00:32:10.873 122372 DEBUG nova.servicegroup.drivers.db [req-e7ff88d4-e51d-4275-b14e-88a6a604ea9a - - - - -] DB_Driver: join new ServiceGroup member juju-13bb81-0-lxd-7 to the scheduler group, service = join /usr/lib/python3/dist-packages/nova/servicegroup/drivers/db.py:44
2026-01-29 00:32:10.873 121241 DEBUG oslo_service.service [req-a506a814-35f2-4615-88b3-306ef33138f1 - - - - -] glance.region_name = None log_opt_values /usr/lib/python3/dist-packages/oslo_config/cfg.py:2609
2026-01-29 00:32:10.873 121241 DEBUG oslo_service.service [req-a506a814-35f2-4615-88b3-306ef33138f1 - - - - -] glance.service_name = None log_opt_values /usr/lib/python3/dist-packages/oslo_config/cfg.py:2609
2026-01-29 00:32:10.873 121241 DEBUG oslo_service.service [req-a506a814-35f2-4615-88b3-306ef33138f1 - - - - -] glance.service_type = image log_opt_values /usr/lib/python3/dist-packages/oslo_config/cfg.py:2609
2026-01-29 00:32:10.873 121241 DEBUG oslo_service.service [req-a506a814-35f2-4615-88b3-306ef33138f1 - - - - -] glance.split_loggers = False log_opt_values /usr/lib/python3/dist-packages/oslo_config/cfg.py:2609
2026-01-29 00:32:10.874 121241 DEBUG oslo_service.service [req-a506a814-35f2-4615-88b3-306ef33138f1 - - - - -] glance.status_code_retries = None log_opt_values /usr/lib/python3/dist-packages/oslo_config/cfg.py:2609
2026-01-29 00:32:10.874 121241 DEBUG oslo_service.service [req-a506a814-35f2-4615-88b3-306ef33138f1 - - - - -] glance.status_code_retry_delay = None log_opt_values /usr/lib/python3/dist-packages/oslo_config/cfg.py:2609
2026-01-29 00:32:10.874 121241 DEBUG oslo_service.service [req-a506a814-35f2-4615-88b3-306ef33138f1 - - - - -] glance.timeout = None log_opt_values /usr/lib/python3/dist-packages/oslo_config/cfg.py:2609
2026-01-29 00:32:10.874 121241 DEBUG oslo_service.service [req-a506a814-35f2-4615-88b3-306ef33138f1 - - - - -] glance.valid_interfaces = ['internal', 'public'] log_opt_values /usr/lib/python3/dist-packages/oslo_config/cfg.py:2609
2026-01-29 00:32:10.874 122372 DEBUG oslo_messaging._drivers.amqpdriver [-] AMQPListener connection timeout poll /usr/lib/python3/dist-packages/oslo_messaging/_drivers/amqpdriver.py:360
2026-01-29 00:32:10.874 121241 DEBUG oslo_service.service [req-a506a814-35f2-4615-88b3-306ef33138f1 - - - - -] glance.verify_glance_signatures = False log_opt_values /usr/lib/python3/dist-packages/oslo_config/cfg.py:2609
2026-01-29 00:32:10.875 122372 DEBUG oslo_messaging._drivers.amqpdriver [-] Listener is running poll /usr/lib/python3/dist-packages/oslo_messaging/_drivers/amqpdriver.py:343
2026-01-29 00:32:10.875 121241 DEBUG oslo_service.service [req-a506a814-35f2-4615-88b3-306ef33138f1 - - - - -] glance.version = None log_opt_values /usr/lib/python3/dist-packages/oslo_config/cfg.py:2609
2026-01-29 00:32:10.875 122372 DEBUG oslo_messaging._drivers.amqpdriver [-] AMQPListener connection consume poll /usr/lib/python3/dist-packages/oslo_messaging/_drivers/amqpdriver.py:357
2026-01-29 00:32:10.875 121241 DEBUG oslo_service.service [req-a506a814-35f2-4615-88b3-306ef33138f1 - - - - -] guestfs.debug = False log_opt_values /usr/lib/python3/dist-packages/oslo_config/cfg.py:2609
2026-01-29 00:32:10.875 121241 DEBUG oslo_service.service [req-a506a814-35f2-4615-88b3-306ef33138f1 - - - - -] hyperv.config_drive_cdrom = False log_opt_values /usr/lib/python3/dist-packages/oslo_config/cfg.py:2609
2026-01-29 00:32:10.875 121241 DEBUG oslo_service.service [req-a506a814-35f2-4615-88b3-306ef33138f1 - - - - -] hyperv.config_drive_inject_password = False log_opt_values /usr/lib/python3/dist-packages/oslo_config/cfg.py:2609
2026-01-29 00:32:10.875 121241 DEBUG oslo_service.service [req-a506a814-35f2-4615-88b3-306ef33138f1 - - - - -] hyperv.dynamic_memory_ratio = 1.0 log_opt_values /usr/lib/python3/dist-packages/oslo_config/cfg.py:2609
2026-01-29 00:32:10.875 121241 DEBUG oslo_service.service [req-a506a814-35f2-4615-88b3-306ef33138f1 - - - - -] hyperv.enable_instance_metrics_collection = False log_opt_values /usr/lib/python3/dist-packages/oslo_config/cfg.py:2609
2026-01-29 00:32:10.876 121241 DEBUG oslo_service.service [req-a506a814-35f2-4615-88b3-306ef33138f1 - - - - -] hyperv.enable_remotefx = False log_opt_values /usr/lib/python3/dist-packages/oslo_config/cfg.py:2609
2026-01-29 00:32:10.876 121241 DEBUG oslo_service.service [req-a506a814-35f2-4615-88b3-306ef33138f1 - - - - -] hyperv.instances_path_share = log_opt_values /usr/lib/python3/dist-packages/oslo_config/cfg.py:2609
2026-01-29 00:32:10.876 121241 DEBUG oslo_service.service [req-a506a814-35f2-4615-88b3-306ef33138f1 - - - - -] hyperv.iscsi_initiator_list = [] log_opt_values /usr/lib/python3/dist-packages/oslo_config/cfg.py:2609
2026-01-29 00:32:10.876 121241 DEBUG oslo_service.service [req-a506a814-35f2-4615-88b3-306ef33138f1 - - - - -] hyperv.limit_cpu_features = False log_opt_values /usr/lib/python3/dist-packages/oslo_config/cfg.py:2609
2026-01-29 00:32:10.876 121241 DEBUG oslo_service.service [req-a506a814-35f2-4615-88b3-306ef33138f1 - - - - -] hyperv.mounted_disk_query_retry_count = 10 log_opt_values /usr/lib/python3/dist-packages/oslo_config/cfg.py:2609
2026-01-29 00:32:10.876 121241 DEBUG oslo_service.service [req-a506a814-35f2-4615-88b3-306ef33138f1 - - - - -] hyperv.mounted_disk_query_retry_interval = 5 log_opt_values /usr/lib/python3/dist-packages/oslo_config/cfg.py:2609
2026-01-29 00:32:10.877 121241 DEBUG oslo_service.service [req-a506a814-35f2-4615-88b3-306ef33138f1 - - - - -] hyperv.power_state_check_timeframe = 60 log_opt_values /usr/lib/python3/dist-packages/oslo_config/cfg.py:2609
2026-01-29 00:32:10.877 121241 DEBUG oslo_service.service [req-a506a814-35f2-4615-88b3-306ef33138f1 - - - - -] hyperv.power_state_event_polling_interval = 2 log_opt_values /usr/lib/python3/dist-packages/oslo_config/cfg.py:2609
2026-01-29 00:32:10.877 121241 DEBUG oslo_service.service [req-a506a814-35f2-4615-88b3-306ef33138f1 - - - - -] hyperv.qemu_img_cmd = qemu-img.exe log_opt_values /usr/lib/python3/dist-packages/oslo_config/cfg.py:2609
2026-01-29 00:32:10.877 121241 DEBUG oslo_service.service [req-a506a814-35f2-4615-88b3-306ef33138f1 - - - - -] hyperv.use_multipath_io = False log_opt_values /usr/lib/python3/dist-packages/oslo_config/cfg.py:2609
2026-01-29 00:32:10.877 121241 DEBUG oslo_service.service [req-a506a814-35f2-4615-88b3-306ef33138f1 - - - - -] hyperv.volume_attach_retry_count = 10 log_opt_values /usr/lib/python3/dist-packages/oslo_config/cfg.py:2609
2026-01-29 00:32:10.877 121241 DEBUG oslo_service.service [req-a506a814-35f2-4615-88b3-306ef33138f1 - - - - -] hyperv.volume_attach_retry_interval = 5 log_opt_values /usr/lib/python3/dist-packages/oslo_config/cfg.py:2609
2026-01-29 00:32:10.878 121241 DEBUG oslo_service.service [req-a506a814-35f2-4615-88b3-306ef33138f1 - - - - -] hyperv.vswitch_name = None log_opt_values /usr/lib/python3/dist-packages/oslo_config/cfg.py:2609
2026-01-29 00:32:10.878 121241 DEBUG oslo_service.service [req-a506a814-35f2-4615-88b3-306ef33138f1 - - - - -] hyperv.wait_soft_reboot_seconds = 60 log_opt_values /usr/lib/python3/dist-packages/oslo_config/cfg.py:2609
2026-01-29 00:32:10.878 122374 DEBUG nova.service [req-73b53dd9-6c89-43e2-9318-1359f7c72096 - - - - -] Creating RPC server for service scheduler start /usr/lib/python3/dist-packages/nova/service.py:182
2026-01-29 00:32:10.878 121241 DEBUG oslo_service.service [req-a506a814-35f2-4615-88b3-306ef33138f1 - - - - -] mks.enabled = False log_opt_values /usr/lib/python3/dist-packages/oslo_config/cfg.py:2609
2026-01-29 00:32:10.879 121241 DEBUG oslo_service.service [req-a506a814-35f2-4615-88b3-306ef33138f1 - - - - -] mks.mksproxy_base_url = http://127.0.0.1:6090/ log_opt_values /usr/lib/python3/dist-packages/oslo_config/cfg.py:2609
2026-01-29 00:32:10.879 121241 DEBUG oslo_service.service [req-a506a814-35f2-4615-88b3-306ef33138f1 - - - - -] image_cache.manager_interval = 2400 log_opt_values /usr/lib/python3/dist-packages/oslo_config/cfg.py:2609
2026-01-29 00:32:10.879 121241 DEBUG oslo_service.service [req-a506a814-35f2-4615-88b3-306ef33138f1 - - - - -] image_cache.precache_concurrency = 1 log_opt_values /usr/lib/python3/dist-packages/oslo_config/cfg.py:2609
2026-01-29 00:32:10.879 121241 DEBUG oslo_service.service [req-a506a814-35f2-4615-88b3-306ef33138f1 - - - - -] image_cache.remove_unused_base_images = True log_opt_values /usr/lib/python3/dist-packages/oslo_config/cfg.py:2609
2026-01-29 00:32:10.879 121241 DEBUG oslo_service.service [req-a506a814-35f2-4615-88b3-306ef33138f1 - - - - -] image_cache.remove_unused_original_minimum_age_seconds = 86400 log_opt_values /usr/lib/python3/dist-packages/oslo_config/cfg.py:2609
2026-01-29 00:32:10.880 121241 DEBUG oslo_service.service [req-a506a814-35f2-4615-88b3-306ef33138f1 - - - - -] image_cache.remove_unused_resized_minimum_age_seconds = 3600 log_opt_values /usr/lib/python3/dist-packages/oslo_config/cfg.py:2609
2026-01-29 00:32:10.881 121241 DEBUG oslo_service.service [req-a506a814-35f2-4615-88b3-306ef33138f1 - - - - -] image_cache.subdirectory_name = _base log_opt_values /usr/lib/python3/dist-packages/oslo_config/cfg.py:2609
2026-01-29 00:32:10.881 121241 DEBUG oslo_service.service [req-a506a814-35f2-4615-88b3-306ef33138f1 - - - - -] ironic.api_max_retries = 60 log_opt_values /usr/lib/python3/dist-packages/oslo_config/cfg.py:2609
2026-01-29 00:32:10.881 121241 DEBUG oslo_service.service [req-a506a814-35f2-4615-88b3-306ef33138f1 - - - - -] ironic.api_retry_interval = 2 log_opt_values /usr/lib/python3/dist-packages/oslo_config/cfg.py:2609
2026-01-29 00:32:10.881 121241 DEBUG oslo_service.service [req-a506a814-35f2-4615-88b3-306ef33138f1 - - - - -] ironic.auth_section = None log_opt_values /usr/lib/python3/dist-packages/oslo_config/cfg.py:2609
2026-01-29 00:32:10.881 121241 DEBUG oslo_service.service [req-a506a814-35f2-4615-88b3-306ef33138f1 - - - - -] ironic.auth_type = None log_opt_values /usr/lib/python3/dist-packages/oslo_config/cfg.py:2609
2026-01-29 00:32:10.882 121241 DEBUG oslo_service.service [req-a506a814-35f2-4615-88b3-306ef33138f1 - - - - -] ironic.cafile = None log_opt_values /usr/lib/python3/dist-packages/oslo_config/cfg.py:2609
2026-01-29 00:32:10.882 121241 DEBUG oslo_service.service [req-a506a814-35f2-4615-88b3-306ef33138f1 - - - - -] ironic.certfile = None log_opt_values /usr/lib/python3/dist-packages/oslo_config/cfg.py:2609
2026-01-29 00:32:10.882 121241 DEBUG oslo_service.service [req-a506a814-35f2-4615-88b3-306ef33138f1 - - - - -] ironic.collect_timing = False log_opt_values /usr/lib/python3/dist-packages/oslo_config/cfg.py:2609
2026-01-29 00:32:10.882 121241 DEBUG oslo_service.service [req-a506a814-35f2-4615-88b3-306ef33138f1 - - - - -] ironic.connect_retries = None log_opt_values /usr/lib/python3/dist-packages/oslo_config/cfg.py:2609
2026-01-29 00:32:10.882 121241 DEBUG oslo_service.service [req-a506a814-35f2-4615-88b3-306ef33138f1 - - - - -] ironic.connect_retry_delay = None log_opt_values /usr/lib/python3/dist-packages/oslo_config/cfg.py:2609
2026-01-29 00:32:10.884 121241 DEBUG oslo_service.service [req-a506a814-35f2-4615-88b3-306ef33138f1 - - - - -] ironic.endpoint_override = None log_opt_values /usr/lib/python3/dist-packages/oslo_config/cfg.py:2609
2026-01-29 00:32:10.884 121241 DEBUG oslo_service.service [req-a506a814-35f2-4615-88b3-306ef33138f1 - - - - -] ironic.insecure = False log_opt_values /usr/lib/python3/dist-packages/oslo_config/cfg.py:2609
2026-01-29 00:32:10.885 121241 DEBUG oslo_service.service [req-a506a814-35f2-4615-88b3-306ef33138f1 - - - - -] ironic.keyfile = None log_opt_values /usr/lib/python3/dist-packages/oslo_config/cfg.py:2609
2026-01-29 00:32:10.885 121241 DEBUG oslo_service.service [req-a506a814-35f2-4615-88b3-306ef33138f1 - - - - -] ironic.max_version = None log_opt_values /usr/lib/python3/dist-packages/oslo_config/cfg.py:2609
2026-01-29 00:32:10.885 121241 DEBUG oslo_service.service [req-a506a814-35f2-4615-88b3-306ef33138f1 - - - - -] ironic.min_version = None log_opt_values /usr/lib/python3/dist-packages/oslo_config/cfg.py:2609
2026-01-29 00:32:10.885 121241 DEBUG oslo_service.service [req-a506a814-35f2-4615-88b3-306ef33138f1 - - - - -] ironic.partition_key = None log_opt_values /usr/lib/python3/dist-packages/oslo_config/cfg.py:2609
2026-01-29 00:32:10.885 121241 DEBUG oslo_service.service [req-a506a814-35f2-4615-88b3-306ef33138f1 - - - - -] ironic.peer_list = [] log_opt_values /usr/lib/python3/dist-packages/oslo_config/cfg.py:2609
2026-01-29 00:32:10.887 122367 DEBUG oslo_messaging._drivers.amqpdriver [-] Listener is running poll /usr/lib/python3/dist-packages/oslo_messaging/_drivers/amqpdriver.py:343
2026-01-29 00:32:10.887 122367 DEBUG oslo_messaging._drivers.amqpdriver [-] AMQPListener connection consume poll /usr/lib/python3/dist-packages/oslo_messaging/_drivers/amqpdriver.py:357
2026-01-29 00:32:10.887 121241 DEBUG oslo_service.service [req-a506a814-35f2-4615-88b3-306ef33138f1 - - - - -] ironic.region_name = None log_opt_values /usr/lib/python3/dist-packages/oslo_config/cfg.py:2609
2026-01-29 00:32:10.890 121241 DEBUG oslo_service.service [req-a506a814-35f2-4615-88b3-306ef33138f1 - - - - -] ironic.serial_console_state_timeout = 10 log_opt_values /usr/lib/python3/dist-packages/oslo_config/cfg.py:2609
2026-01-29 00:32:10.892 122367 DEBUG nova.service [req-fad806d5-f1e4-4192-b45c-1963ee1b066a - - - - -] Join ServiceGroup membership for this service scheduler start /usr/lib/python3/dist-packages/nova/service.py:199
2026-01-29 00:32:10.892 122367 DEBUG nova.servicegroup.drivers.db [req-fad806d5-f1e4-4192-b45c-1963ee1b066a - - - - -] DB_Driver: join new ServiceGroup member juju-13bb81-0-lxd-7 to the scheduler group, service = join /usr/lib/python3/dist-packages/nova/servicegroup/drivers/db.py:44
2026-01-29 00:32:10.890 121241 DEBUG oslo_service.service [req-a506a814-35f2-4615-88b3-306ef33138f1 - - - - -] ironic.service_name = None log_opt_values /usr/lib/python3/dist-packages/oslo_config/cfg.py:2609
2026-01-29 00:32:10.893 121241 DEBUG oslo_service.service [req-a506a814-35f2-4615-88b3-306ef33138f1 - - - - -] ironic.service_type = baremetal log_opt_values /usr/lib/python3/dist-packages/oslo_config/cfg.py:2609
2026-01-29 00:32:10.893 121241 DEBUG oslo_service.service [req-a506a814-35f2-4615-88b3-306ef33138f1 - - - - -] ironic.split_loggers = False log_opt_values /usr/lib/python3/dist-packages/oslo_config/cfg.py:2609
2026-01-29 00:32:10.894 121241 DEBUG oslo_service.service [req-a506a814-35f2-4615-88b3-306ef33138f1 - - - - -] ironic.status_code_retries = None log_opt_values /usr/lib/python3/dist-packages/oslo_config/cfg.py:2609
2026-01-29 00:32:10.894 121241 DEBUG oslo_service.service [req-a506a814-35f2-4615-88b3-306ef33138f1 - - - - -] ironic.status_code_retry_delay = None log_opt_values /usr/lib/python3/dist-packages/oslo_config/cfg.py:2609
2026-01-29 00:32:10.893 122367 DEBUG oslo_messaging._drivers.amqpdriver [-] AMQPListener connection timeout poll /usr/lib/python3/dist-packages/oslo_messaging/_drivers/amqpdriver.py:360
2026-01-29 00:32:10.894 121241 DEBUG oslo_service.service [req-a506a814-35f2-4615-88b3-306ef33138f1 - - - - -] ironic.timeout = None log_opt_values /usr/lib/python3/dist-packages/oslo_config/cfg.py:2609
2026-01-29 00:32:10.895 122367 DEBUG oslo_messaging._drivers.amqpdriver [-] Listener is running poll /usr/lib/python3/dist-packages/oslo_messaging/_drivers/amqpdriver.py:343
2026-01-29 00:32:10.895 122367 DEBUG oslo_messaging._drivers.amqpdriver [-] AMQPListener connection consume poll /usr/lib/python3/dist-packages/oslo_messaging/_drivers/amqpdriver.py:357
2026-01-29 00:32:10.895 121241 DEBUG oslo_service.service [req-a506a814-35f2-4615-88b3-306ef33138f1 - - - - -] ironic.valid_interfaces = ['internal', 'public'] log_opt_values /usr/lib/python3/dist-packages/oslo_config/cfg.py:2609
2026-01-29 00:32:10.895 121241 DEBUG oslo_service.service [req-a506a814-35f2-4615-88b3-306ef33138f1 - - - - -] ironic.version = None log_opt_values /usr/lib/python3/dist-packages/oslo_config/cfg.py:2609
2026-01-29 00:32:10.896 121241 DEBUG oslo_service.service [req-a506a814-35f2-4615-88b3-306ef33138f1 - - - - -] key_manager.backend = barbican log_opt_values /usr/lib/python3/dist-packages/oslo_config/cfg.py:2609
2026-01-29 00:32:10.896 121241 DEBUG oslo_service.service [req-a506a814-35f2-4615-88b3-306ef33138f1 - - - - -] key_manager.fixed_key = **** log_opt_values /usr/lib/python3/dist-packages/oslo_config/cfg.py:2609
2026-01-29 00:32:10.896 121241 DEBUG oslo_service.service [req-a506a814-35f2-4615-88b3-306ef33138f1 - - - - -] barbican.auth_endpoint = http://localhost/identity/v3 log_opt_values /usr/lib/python3/dist-packages/oslo_config/cfg.py:2609
2026-01-29 00:32:10.896 121241 DEBUG oslo_service.service [req-a506a814-35f2-4615-88b3-306ef33138f1 - - - - -] barbican.barbican_api_version = None log_opt_values /usr/lib/python3/dist-packages/oslo_config/cfg.py:2609
2026-01-29 00:32:10.897 121241 DEBUG oslo_service.service [req-a506a814-35f2-4615-88b3-306ef33138f1 - - - - -] barbican.barbican_endpoint = None log_opt_values /usr/lib/python3/dist-packages/oslo_config/cfg.py:2609
2026-01-29 00:32:10.897 121241 DEBUG oslo_service.service [req-a506a814-35f2-4615-88b3-306ef33138f1 - - - - -] barbican.barbican_endpoint_type = public log_opt_values /usr/lib/python3/dist-packages/oslo_config/cfg.py:2609
2026-01-29 00:32:10.897 121241 DEBUG oslo_service.service [req-a506a814-35f2-4615-88b3-306ef33138f1 - - - - -] barbican.barbican_region_name = None log_opt_values /usr/lib/python3/dist-packages/oslo_config/cfg.py:2609
2026-01-29 00:32:10.897 121241 DEBUG oslo_service.service [req-a506a814-35f2-4615-88b3-306ef33138f1 - - - - -] barbican.cafile = None log_opt_values /usr/lib/python3/dist-packages/oslo_config/cfg.py:2609
2026-01-29 00:32:10.897 121241 DEBUG oslo_service.service [req-a506a814-35f2-4615-88b3-306ef33138f1 - - - - -] barbican.certfile = None log_opt_values /usr/lib/python3/dist-packages/oslo_config/cfg.py:2609
2026-01-29 00:32:10.898 121241 DEBUG oslo_service.service [req-a506a814-35f2-4615-88b3-306ef33138f1 - - - - -] barbican.collect_timing = False log_opt_values /usr/lib/python3/dist-packages/oslo_config/cfg.py:2609
2026-01-29 00:32:10.898 121241 DEBUG oslo_service.service [req-a506a814-35f2-4615-88b3-306ef33138f1 - - - - -] barbican.insecure = False log_opt_values /usr/lib/python3/dist-packages/oslo_config/cfg.py:2609
2026-01-29 00:32:10.898 121241 DEBUG oslo_service.service [req-a506a814-35f2-4615-88b3-306ef33138f1 - - - - -] barbican.keyfile = None log_opt_values /usr/lib/python3/dist-packages/oslo_config/cfg.py:2609
2026-01-29 00:32:10.898 121241 DEBUG oslo_service.service [req-a506a814-35f2-4615-88b3-306ef33138f1 - - - - -] barbican.number_of_retries = 60 log_opt_values /usr/lib/python3/dist-packages/oslo_config/cfg.py:2609
2026-01-29 00:32:10.898 121241 DEBUG oslo_service.service [req-a506a814-35f2-4615-88b3-306ef33138f1 - - - - -] barbican.retry_delay = 1 log_opt_values /usr/lib/python3/dist-packages/oslo_config/cfg.py:2609
2026-01-29 00:32:10.899 121241 DEBUG oslo_service.service [req-a506a814-35f2-4615-88b3-306ef33138f1 - - - - -] barbican.send_service_user_token = False log_opt_values /usr/lib/python3/dist-packages/oslo_config/cfg.py:2609
2026-01-29 00:32:10.899 121241 DEBUG oslo_service.service [req-a506a814-35f2-4615-88b3-306ef33138f1 - - - - -] barbican.split_loggers = False log_opt_values /usr/lib/python3/dist-packages/oslo_config/cfg.py:2609
2026-01-29 00:32:10.899 121241 DEBUG oslo_service.service [req-a506a814-35f2-4615-88b3-306ef33138f1 - - - - -] barbican.timeout = None log_opt_values /usr/lib/python3/dist-packages/oslo_config/cfg.py:2609
2026-01-29 00:32:10.899 121241 DEBUG oslo_service.service [req-a506a814-35f2-4615-88b3-306ef33138f1 - - - - -] barbican.verify_ssl = True log_opt_values /usr/lib/python3/dist-packages/oslo_config/cfg.py:2609
2026-01-29 00:32:10.899 121241 DEBUG oslo_service.service [req-a506a814-35f2-4615-88b3-306ef33138f1 - - - - -] barbican.verify_ssl_path = None log_opt_values /usr/lib/python3/dist-packages/oslo_config/cfg.py:2609
2026-01-29 00:32:10.899 121241 DEBUG oslo_service.service [req-a506a814-35f2-4615-88b3-306ef33138f1 - - - - -] barbican_service_user.auth_section = None log_opt_values /usr/lib/python3/dist-packages/oslo_config/cfg.py:2609
2026-01-29 00:32:10.900 121241 DEBUG oslo_service.service [req-a506a814-35f2-4615-88b3-306ef33138f1 - - - - -] barbican_service_user.auth_type = None log_opt_values /usr/lib/python3/dist-packages/oslo_config/cfg.py:2609
2026-01-29 00:32:10.900 121241 DEBUG oslo_service.service [req-a506a814-35f2-4615-88b3-306ef33138f1 - - - - -] barbican_service_user.cafile = None log_opt_values /usr/lib/python3/dist-packages/oslo_config/cfg.py:2609
2026-01-29 00:32:10.900 121241 DEBUG oslo_service.service [req-a506a814-35f2-4615-88b3-306ef33138f1 - - - - -] barbican_service_user.certfile = None log_opt_values /usr/lib/python3/dist-packages/oslo_config/cfg.py:2609
2026-01-29 00:32:10.900 121241 DEBUG oslo_service.service [req-a506a814-35f2-4615-88b3-306ef33138f1 - - - - -] barbican_service_user.collect_timing = False log_opt_values /usr/lib/python3/dist-packages/oslo_config/cfg.py:2609
2026-01-29 00:32:10.900 121241 DEBUG oslo_service.service [req-a506a814-35f2-4615-88b3-306ef33138f1 - - - - -] barbican_service_user.insecure = False log_opt_values /usr/lib/python3/dist-packages/oslo_config/cfg.py:2609
2026-01-29 00:32:10.900 121241 DEBUG oslo_service.service [req-a506a814-35f2-4615-88b3-306ef33138f1 - - - - -] barbican_service_user.keyfile = None log_opt_values /usr/lib/python3/dist-packages/oslo_config/cfg.py:2609
2026-01-29 00:32:10.901 121241 DEBUG oslo_service.service [req-a506a814-35f2-4615-88b3-306ef33138f1 - - - - -] barbican_service_user.split_loggers = False log_opt_values /usr/lib/python3/dist-packages/oslo_config/cfg.py:2609
2026-01-29 00:32:10.901 121241 DEBUG oslo_service.service [req-a506a814-35f2-4615-88b3-306ef33138f1 - - - - -] barbican_service_user.timeout = None log_opt_values /usr/lib/python3/dist-packages/oslo_config/cfg.py:2609
2026-01-29 00:32:10.901 121241 DEBUG oslo_service.service [req-a506a814-35f2-4615-88b3-306ef33138f1 - - - - -] vault.approle_role_id = None log_opt_values /usr/lib/python3/dist-packages/oslo_config/cfg.py:2609
2026-01-29 00:32:10.901 121241 DEBUG oslo_service.service [req-a506a814-35f2-4615-88b3-306ef33138f1 - - - - -] vault.approle_secret_id = None log_opt_values /usr/lib/python3/dist-packages/oslo_config/cfg.py:2609
2026-01-29 00:32:10.901 121241 DEBUG oslo_service.service [req-a506a814-35f2-4615-88b3-306ef33138f1 - - - - -] vault.cafile = None log_opt_values /usr/lib/python3/dist-packages/oslo_config/cfg.py:2609
2026-01-29 00:32:10.901 121241 DEBUG oslo_service.service [req-a506a814-35f2-4615-88b3-306ef33138f1 - - - - -] vault.certfile = None log_opt_values /usr/lib/python3/dist-packages/oslo_config/cfg.py:2609
2026-01-29 00:32:10.902 121241 DEBUG oslo_service.service [req-a506a814-35f2-4615-88b3-306ef33138f1 - - - - -] vault.collect_timing = False log_opt_values /usr/lib/python3/dist-packages/oslo_config/cfg.py:2609
2026-01-29 00:32:10.902 121241 DEBUG oslo_service.service [req-a506a814-35f2-4615-88b3-306ef33138f1 - - - - -] vault.insecure = False log_opt_values /usr/lib/python3/dist-packages/oslo_config/cfg.py:2609
2026-01-29 00:32:10.902 121241 DEBUG oslo_service.service [req-a506a814-35f2-4615-88b3-306ef33138f1 - - - - -] vault.keyfile = None log_opt_values /usr/lib/python3/dist-packages/oslo_config/cfg.py:2609
2026-01-29 00:32:10.902 121241 DEBUG oslo_service.service [req-a506a814-35f2-4615-88b3-306ef33138f1 - - - - -] vault.kv_mountpoint = secret log_opt_values /usr/lib/python3/dist-packages/oslo_config/cfg.py:2609
2026-01-29 00:32:10.902 121241 DEBUG oslo_service.service [req-a506a814-35f2-4615-88b3-306ef33138f1 - - - - -] vault.kv_version = 2 log_opt_values /usr/lib/python3/dist-packages/oslo_config/cfg.py:2609
2026-01-29 00:32:10.902 121241 DEBUG oslo_service.service [req-a506a814-35f2-4615-88b3-306ef33138f1 - - - - -] vault.namespace = None log_opt_values /usr/lib/python3/dist-packages/oslo_config/cfg.py:2609
2026-01-29 00:32:10.903 121241 DEBUG oslo_service.service [req-a506a814-35f2-4615-88b3-306ef33138f1 - - - - -] vault.root_token_id = None log_opt_values /usr/lib/python3/dist-packages/oslo_config/cfg.py:2609
2026-01-29 00:32:10.903 121241 DEBUG oslo_service.service [req-a506a814-35f2-4615-88b3-306ef33138f1 - - - - -] vault.split_loggers = False log_opt_values /usr/lib/python3/dist-packages/oslo_config/cfg.py:2609
2026-01-29 00:32:10.903 121241 DEBUG oslo_service.service [req-a506a814-35f2-4615-88b3-306ef33138f1 - - - - -] vault.ssl_ca_crt_file = None log_opt_values /usr/lib/python3/dist-packages/oslo_config/cfg.py:2609
2026-01-29 00:32:10.903 121241 DEBUG oslo_service.service [req-a506a814-35f2-4615-88b3-306ef33138f1 - - - - -] vault.timeout = None log_opt_values /usr/lib/python3/dist-packages/oslo_config/cfg.py:2609
2026-01-29 00:32:10.904 121241 DEBUG oslo_service.service [req-a506a814-35f2-4615-88b3-306ef33138f1 - - - - -] vault.use_ssl = False log_opt_values /usr/lib/python3/dist-packages/oslo_config/cfg.py:2609
2026-01-29 00:32:10.904 121241 DEBUG oslo_service.service [req-a506a814-35f2-4615-88b3-306ef33138f1 - - - - -] vault.vault_url = http://127.0.0.1:8200 log_opt_values /usr/lib/python3/dist-packages/oslo_config/cfg.py:2609
2026-01-29 00:32:10.904 121241 DEBUG oslo_service.service [req-a506a814-35f2-4615-88b3-306ef33138f1 - - - - -] keystone.cafile = None log_opt_values /usr/lib/python3/dist-packages/oslo_config/cfg.py:2609
2026-01-29 00:32:10.904 121241 DEBUG oslo_service.service [req-a506a814-35f2-4615-88b3-306ef33138f1 - - - - -] keystone.certfile = None log_opt_values /usr/lib/python3/dist-packages/oslo_config/cfg.py:2609
2026-01-29 00:32:10.904 121241 DEBUG oslo_service.service [req-a506a814-35f2-4615-88b3-306ef33138f1 - - - - -] keystone.collect_timing = False log_opt_values /usr/lib/python3/dist-packages/oslo_config/cfg.py:2609
2026-01-29 00:32:10.904 121241 DEBUG oslo_service.service [req-a506a814-35f2-4615-88b3-306ef33138f1 - - - - -] keystone.connect_retries = None log_opt_values /usr/lib/python3/dist-packages/oslo_config/cfg.py:2609
2026-01-29 00:32:10.905 121241 DEBUG oslo_service.service [req-a506a814-35f2-4615-88b3-306ef33138f1 - - - - -] keystone.connect_retry_delay = None log_opt_values /usr/lib/python3/dist-packages/oslo_config/cfg.py:2609
2026-01-29 00:32:10.905 121241 DEBUG oslo_service.service [req-a506a814-35f2-4615-88b3-306ef33138f1 - - - - -] keystone.endpoint_override = None log_opt_values /usr/lib/python3/dist-packages/oslo_config/cfg.py:2609
2026-01-29 00:32:10.905 121241 DEBUG oslo_service.service [req-a506a814-35f2-4615-88b3-306ef33138f1 - - - - -] keystone.insecure = False log_opt_values /usr/lib/python3/dist-packages/oslo_config/cfg.py:2609
2026-01-29 00:32:10.905 121241 DEBUG oslo_service.service [req-a506a814-35f2-4615-88b3-306ef33138f1 - - - - -] keystone.keyfile = None log_opt_values /usr/lib/python3/dist-packages/oslo_config/cfg.py:2609
2026-01-29 00:32:10.905 121241 DEBUG oslo_service.service [req-a506a814-35f2-4615-88b3-306ef33138f1 - - - - -] keystone.max_version = None log_opt_values /usr/lib/python3/dist-packages/oslo_config/cfg.py:2609
2026-01-29 00:32:10.906 121241 DEBUG oslo_service.service [req-a506a814-35f2-4615-88b3-306ef33138f1 - - - - -] keystone.min_version = None log_opt_values /usr/lib/python3/dist-packages/oslo_config/cfg.py:2609
2026-01-29 00:32:10.906 121241 DEBUG oslo_service.service [req-a506a814-35f2-4615-88b3-306ef33138f1 - - - - -] keystone.region_name = None log_opt_values /usr/lib/python3/dist-packages/oslo_config/cfg.py:2609
2026-01-29 00:32:10.906 122374 DEBUG oslo_messaging._drivers.amqpdriver [-] Listener is running poll /usr/lib/python3/dist-packages/oslo_messaging/_drivers/amqpdriver.py:343
2026-01-29 00:32:10.906 121241 DEBUG oslo_service.service [req-a506a814-35f2-4615-88b3-306ef33138f1 - - - - -] keystone.service_name = None log_opt_values /usr/lib/python3/dist-packages/oslo_config/cfg.py:2609
2026-01-29 00:32:10.906 122374 DEBUG oslo_messaging._drivers.amqpdriver [-] AMQPListener connection consume poll /usr/lib/python3/dist-packages/oslo_messaging/_drivers/amqpdriver.py:357
2026-01-29 00:32:10.906 121241 DEBUG oslo_service.service [req-a506a814-35f2-4615-88b3-306ef33138f1 - - - - -] keystone.service_type = identity log_opt_values /usr/lib/python3/dist-packages/oslo_config/cfg.py:2609
2026-01-29 00:32:10.906 121241 DEBUG oslo_service.service [req-a506a814-35f2-4615-88b3-306ef33138f1 - - - - -] keystone.split_loggers = False log_opt_values /usr/lib/python3/dist-packages/oslo_config/cfg.py:2609
2026-01-29 00:32:10.906 121241 DEBUG oslo_service.service [req-a506a814-35f2-4615-88b3-306ef33138f1 - - - - -] keystone.status_code_retries = None log_opt_values /usr/lib/python3/dist-packages/oslo_config/cfg.py:2609
2026-01-29 00:32:10.907 121241 DEBUG oslo_service.service [req-a506a814-35f2-4615-88b3-306ef33138f1 - - - - -] keystone.status_code_retry_delay = None log_opt_values /usr/lib/python3/dist-packages/oslo_config/cfg.py:2609
2026-01-29 00:32:10.907 121241 DEBUG oslo_service.service [req-a506a814-35f2-4615-88b3-306ef33138f1 - - - - -] keystone.timeout = None log_opt_values /usr/lib/python3/dist-packages/oslo_config/cfg.py:2609
2026-01-29 00:32:10.907 121241 DEBUG oslo_service.service [req-a506a814-35f2-4615-88b3-306ef33138f1 - - - - -] keystone.valid_interfaces = ['internal', 'public'] log_opt_values /usr/lib/python3/dist-packages/oslo_config/cfg.py:2609
2026-01-29 00:32:10.907 122374 DEBUG nova.service [req-73b53dd9-6c89-43e2-9318-1359f7c72096 - - - - -] Join ServiceGroup membership for this service scheduler start /usr/lib/python3/dist-packages/nova/service.py:199
2026-01-29 00:32:10.907 121241 DEBUG oslo_service.service [req-a506a814-35f2-4615-88b3-306ef33138f1 - - - - -] keystone.version = None log_opt_values /usr/lib/python3/dist-packages/oslo_config/cfg.py:2609
2026-01-29 00:32:10.907 122374 DEBUG nova.servicegroup.drivers.db [req-73b53dd9-6c89-43e2-9318-1359f7c72096 - - - - -] DB_Driver: join new ServiceGroup member juju-13bb81-0-lxd-7 to the scheduler group, service = join /usr/lib/python3/dist-packages/nova/servicegroup/drivers/db.py:44
2026-01-29 00:32:10.908 121241 DEBUG oslo_service.service [req-a506a814-35f2-4615-88b3-306ef33138f1 - - - - -] libvirt.connection_uri = log_opt_values /usr/lib/python3/dist-packages/oslo_config/cfg.py:2609
2026-01-29 00:32:10.908 121241 DEBUG oslo_service.service [req-a506a814-35f2-4615-88b3-306ef33138f1 - - - - -] libvirt.cpu_mode = None log_opt_values /usr/lib/python3/dist-packages/oslo_config/cfg.py:2609
2026-01-29 00:32:10.908 121241 DEBUG oslo_service.service [req-a506a814-35f2-4615-88b3-306ef33138f1 - - - - -] libvirt.cpu_model_extra_flags = [] log_opt_values /usr/lib/python3/dist-packages/oslo_config/cfg.py:2609
2026-01-29 00:32:10.908 121241 DEBUG oslo_service.service [req-a506a814-35f2-4615-88b3-306ef33138f1 - - - - -] libvirt.cpu_models = [] log_opt_values /usr/lib/python3/dist-packages/oslo_config/cfg.py:2609
2026-01-29 00:32:10.908 121241 DEBUG oslo_service.service [req-a506a814-35f2-4615-88b3-306ef33138f1 - - - - -] libvirt.device_detach_attempts = 8 log_opt_values /usr/lib/python3/dist-packages/oslo_config/cfg.py:2609
2026-01-29 00:32:10.909 121241 DEBUG oslo_service.service [req-a506a814-35f2-4615-88b3-306ef33138f1 - - - - -] libvirt.device_detach_timeout = 20 log_opt_values /usr/lib/python3/dist-packages/oslo_config/cfg.py:2609
2026-01-29 00:32:10.909 121241 DEBUG oslo_service.service [req-a506a814-35f2-4615-88b3-306ef33138f1 - - - - -] libvirt.disk_cachemodes = [] log_opt_values /usr/lib/python3/dist-packages/oslo_config/cfg.py:2609
2026-01-29 00:32:10.909 121241 DEBUG oslo_service.service [req-a506a814-35f2-4615-88b3-306ef33138f1 - - - - -] libvirt.disk_prefix = None log_opt_values /usr/lib/python3/dist-packages/oslo_config/cfg.py:2609
2026-01-29 00:32:10.909 121241 DEBUG oslo_service.service [req-a506a814-35f2-4615-88b3-306ef33138f1 - - - - -] libvirt.enabled_perf_events = [] log_opt_values /usr/lib/python3/dist-packages/oslo_config/cfg.py:2609
2026-01-29 00:32:10.909 121241 DEBUG oslo_service.service [req-a506a814-35f2-4615-88b3-306ef33138f1 - - - - -] libvirt.file_backed_memory = 0 log_opt_values /usr/lib/python3/dist-packages/oslo_config/cfg.py:2609
2026-01-29 00:32:10.910 121241 DEBUG oslo_service.service [req-a506a814-35f2-4615-88b3-306ef33138f1 - - - - -] libvirt.gid_maps = [] log_opt_values /usr/lib/python3/dist-packages/oslo_config/cfg.py:2609
2026-01-29 00:32:10.910 121241 DEBUG oslo_service.service [req-a506a814-35f2-4615-88b3-306ef33138f1 - - - - -] libvirt.hw_disk_discard = None log_opt_values /usr/lib/python3/dist-packages/oslo_config/cfg.py:2609
2026-01-29 00:32:10.910 121241 DEBUG oslo_service.service [req-a506a814-35f2-4615-88b3-306ef33138f1 - - - - -] libvirt.hw_machine_type = None log_opt_values /usr/lib/python3/dist-packages/oslo_config/cfg.py:2609
2026-01-29 00:32:10.910 121241 DEBUG oslo_service.service [req-a506a814-35f2-4615-88b3-306ef33138f1 - - - - -] libvirt.images_rbd_ceph_conf = log_opt_values /usr/lib/python3/dist-packages/oslo_config/cfg.py:2609
2026-01-29 00:32:10.910 122374 DEBUG oslo_messaging._drivers.amqpdriver [-] AMQPListener connection timeout poll /usr/lib/python3/dist-packages/oslo_messaging/_drivers/amqpdriver.py:360
2026-01-29 00:32:10.910 121241 DEBUG oslo_service.service [req-a506a814-35f2-4615-88b3-306ef33138f1 - - - - -] libvirt.images_rbd_glance_copy_poll_interval = 15 log_opt_values /usr/lib/python3/dist-packages/oslo_config/cfg.py:2609
2026-01-29 00:32:10.910 121241 DEBUG oslo_service.service [req-a506a814-35f2-4615-88b3-306ef33138f1 - - - - -] libvirt.images_rbd_glance_copy_timeout = 600 log_opt_values /usr/lib/python3/dist-packages/oslo_config/cfg.py:2609
2026-01-29 00:32:10.911 121241 DEBUG oslo_service.service [req-a506a814-35f2-4615-88b3-306ef33138f1 - - - - -] libvirt.images_rbd_glance_store_name = log_opt_values /usr/lib/python3/dist-packages/oslo_config/cfg.py:2609
2026-01-29 00:32:10.911 121241 DEBUG oslo_service.service [req-a506a814-35f2-4615-88b3-306ef33138f1 - - - - -] libvirt.images_rbd_pool = rbd log_opt_values /usr/lib/python3/dist-packages/oslo_config/cfg.py:2609
2026-01-29 00:32:10.911 121241 DEBUG oslo_service.service [req-a506a814-35f2-4615-88b3-306ef33138f1 - - - - -] libvirt.images_type = default log_opt_values /usr/lib/python3/dist-packages/oslo_config/cfg.py:2609
2026-01-29 00:32:10.911 121241 DEBUG oslo_service.service [req-a506a814-35f2-4615-88b3-306ef33138f1 - - - - -] libvirt.images_volume_group = None log_opt_values /usr/lib/python3/dist-packages/oslo_config/cfg.py:2609
2026-01-29 00:32:10.911 121241 DEBUG oslo_service.service [req-a506a814-35f2-4615-88b3-306ef33138f1 - - - - -] libvirt.inject_key = False log_opt_values /usr/lib/python3/dist-packages/oslo_config/cfg.py:2609
2026-01-29 00:32:10.911 121241 DEBUG oslo_service.service [req-a506a814-35f2-4615-88b3-306ef33138f1 - - - - -] libvirt.inject_partition = -2 log_opt_values /usr/lib/python3/dist-packages/oslo_config/cfg.py:2609
2026-01-29 00:32:10.912 121241 DEBUG oslo_service.service [req-a506a814-35f2-4615-88b3-306ef33138f1 - - - - -] libvirt.inject_password = False log_opt_values /usr/lib/python3/dist-packages/oslo_config/cfg.py:2609
2026-01-29 00:32:10.912 121241 DEBUG oslo_service.service [req-a506a814-35f2-4615-88b3-306ef33138f1 - - - - -] libvirt.iscsi_iface = None log_opt_values /usr/lib/python3/dist-packages/oslo_config/cfg.py:2609
2026-01-29 00:32:10.912 121241 DEBUG oslo_service.service [req-a506a814-35f2-4615-88b3-306ef33138f1 - - - - -] libvirt.iser_use_multipath = False log_opt_values /usr/lib/python3/dist-packages/oslo_config/cfg.py:2609
2026-01-29 00:32:10.912 122374 DEBUG oslo_messaging._drivers.amqpdriver [-] Listener is running poll /usr/lib/python3/dist-packages/oslo_messaging/_drivers/amqpdriver.py:343
2026-01-29 00:32:10.912 121241 DEBUG oslo_service.service [req-a506a814-35f2-4615-88b3-306ef33138f1 - - - - -] libvirt.live_migration_bandwidth = 0 log_opt_values /usr/lib/python3/dist-packages/oslo_config/cfg.py:2609
2026-01-29 00:32:10.912 122374 DEBUG oslo_messaging._drivers.amqpdriver [-] AMQPListener connection consume poll /usr/lib/python3/dist-packages/oslo_messaging/_drivers/amqpdriver.py:357
2026-01-29 00:32:10.912 121241 DEBUG oslo_service.service [req-a506a814-35f2-4615-88b3-306ef33138f1 - - - - -] libvirt.live_migration_completion_timeout = 800 log_opt_values /usr/lib/python3/dist-packages/oslo_config/cfg.py:2609
2026-01-29 00:32:10.912 121241 DEBUG oslo_service.service [req-a506a814-35f2-4615-88b3-306ef33138f1 - - - - -] libvirt.live_migration_downtime = 500 log_opt_values /usr/lib/python3/dist-packages/oslo_config/cfg.py:2609
2026-01-29 00:32:10.913 121241 DEBUG oslo_service.service [req-a506a814-35f2-4615-88b3-306ef33138f1 - - - - -] libvirt.live_migration_downtime_delay = 75 log_opt_values /usr/lib/python3/dist-packages/oslo_config/cfg.py:2609
2026-01-29 00:32:10.913 121241 DEBUG oslo_service.service [req-a506a814-35f2-4615-88b3-306ef33138f1 - - - - -] libvirt.live_migration_downtime_steps = 10 log_opt_values /usr/lib/python3/dist-packages/oslo_config/cfg.py:2609
2026-01-29 00:32:10.913 121241 DEBUG oslo_service.service [req-a506a814-35f2-4615-88b3-306ef33138f1 - - - - -] libvirt.live_migration_inbound_addr = None log_opt_values /usr/lib/python3/dist-packages/oslo_config/cfg.py:2609
2026-01-29 00:32:10.913 121241 DEBUG oslo_service.service [req-a506a814-35f2-4615-88b3-306ef33138f1 - - - - -] libvirt.live_migration_permit_auto_converge = False log_opt_values /usr/lib/python3/dist-packages/oslo_config/cfg.py:2609
2026-01-29 00:32:10.913 121241 DEBUG oslo_service.service [req-a506a814-35f2-4615-88b3-306ef33138f1 - - - - -] libvirt.live_migration_permit_post_copy = False log_opt_values /usr/lib/python3/dist-packages/oslo_config/cfg.py:2609
2026-01-29 00:32:10.914 121241 DEBUG oslo_service.service [req-a506a814-35f2-4615-88b3-306ef33138f1 - - - - -] libvirt.live_migration_scheme = None log_opt_values /usr/lib/python3/dist-packages/oslo_config/cfg.py:2609
