2026-01-26 01:54:17.632 7 DEBUG oslo_service.service [-] ml2_type_gre.tunnel_id_ranges = [] log_opt_values /var/lib/kolla/venv/lib/python3.6/site-packages/oslo_config/cfg.py:2611
2026-01-26 01:54:17.632 7 DEBUG oslo_service.service [-] ml2_type_vlan.network_vlan_ranges = [] log_opt_values /var/lib/kolla/venv/lib/python3.6/site-packages/oslo_config/cfg.py:2611
2026-01-26 01:54:17.632 7 DEBUG oslo_service.service [-] ml2_type_vxlan.vni_ranges = [] log_opt_values /var/lib/kolla/venv/lib/python3.6/site-packages/oslo_config/cfg.py:2611
2026-01-26 01:54:17.633 7 DEBUG oslo_service.service [-] ml2_type_vxlan.vxlan_group = None log_opt_values /var/lib/kolla/venv/lib/python3.6/site-packages/oslo_config/cfg.py:2611
2026-01-26 01:54:17.633 7 DEBUG oslo_service.service [-] database.backend = sqlalchemy log_opt_values /var/lib/kolla/venv/lib/python3.6/site-packages/oslo_config/cfg.py:2611
2026-01-26 01:54:17.633 7 DEBUG oslo_service.service [-] database.connection = **** log_opt_values /var/lib/kolla/venv/lib/python3.6/site-packages/oslo_config/cfg.py:2611
2026-01-26 01:54:17.633 7 DEBUG oslo_service.service [-] database.connection_debug = 0 log_opt_values /var/lib/kolla/venv/lib/python3.6/site-packages/oslo_config/cfg.py:2611
2026-01-26 01:54:17.633 7 DEBUG oslo_service.service [-] database.connection_parameters = log_opt_values /var/lib/kolla/venv/lib/python3.6/site-packages/oslo_config/cfg.py:2611
2026-01-26 01:54:17.633 7 DEBUG oslo_service.service [-] database.connection_recycle_time = 10 log_opt_values /var/lib/kolla/venv/lib/python3.6/site-packages/oslo_config/cfg.py:2611
2026-01-26 01:54:17.633 7 DEBUG oslo_service.service [-] database.connection_trace = False log_opt_values /var/lib/kolla/venv/lib/python3.6/site-packages/oslo_config/cfg.py:2611
2026-01-26 01:54:17.633 7 DEBUG oslo_service.service [-] database.db_inc_retry_interval = True log_opt_values /var/lib/kolla/venv/lib/python3.6/site-packages/oslo_config/cfg.py:2611
2026-01-26 01:54:17.633 7 DEBUG oslo_service.service [-] database.db_max_retries = 20 log_opt_values /var/lib/kolla/venv/lib/python3.6/site-packages/oslo_config/cfg.py:2611
2026-01-26 01:54:17.633 7 DEBUG oslo_service.service [-] database.db_max_retry_interval = 10 log_opt_values /var/lib/kolla/venv/lib/python3.6/site-packages/oslo_config/cfg.py:2611
2026-01-26 01:54:17.633 7 DEBUG oslo_service.service [-] database.db_retry_interval = 1 log_opt_values /var/lib/kolla/venv/lib/python3.6/site-packages/oslo_config/cfg.py:2611
2026-01-26 01:54:17.633 7 DEBUG oslo_service.service [-] database.max_overflow = 50 log_opt_values /var/lib/kolla/venv/lib/python3.6/site-packages/oslo_config/cfg.py:2611
2026-01-26 01:54:17.633 7 DEBUG oslo_service.service [-] database.max_pool_size = 1 log_opt_values /var/lib/kolla/venv/lib/python3.6/site-packages/oslo_config/cfg.py:2611
2026-01-26 01:54:17.633 7 DEBUG oslo_service.service [-] database.max_retries = -1 log_opt_values /var/lib/kolla/venv/lib/python3.6/site-packages/oslo_config/cfg.py:2611
2026-01-26 01:54:17.633 7 DEBUG oslo_service.service [-] database.mysql_enable_ndb = False log_opt_values /var/lib/kolla/venv/lib/python3.6/site-packages/oslo_config/cfg.py:2611
2026-01-26 01:54:17.633 7 DEBUG oslo_service.service [-] database.mysql_sql_mode = TRADITIONAL log_opt_values /var/lib/kolla/venv/lib/python3.6/site-packages/oslo_config/cfg.py:2611
2026-01-26 01:54:17.633 7 DEBUG oslo_service.service [-] database.pool_timeout = None log_opt_values /var/lib/kolla/venv/lib/python3.6/site-packages/oslo_config/cfg.py:2611
2026-01-26 01:54:17.634 7 DEBUG oslo_service.service [-] database.retry_interval = 10 log_opt_values /var/lib/kolla/venv/lib/python3.6/site-packages/oslo_config/cfg.py:2611
2026-01-26 01:54:17.634 7 DEBUG oslo_service.service [-] database.slave_connection = **** log_opt_values /var/lib/kolla/venv/lib/python3.6/site-packages/oslo_config/cfg.py:2611
2026-01-26 01:54:17.634 7 DEBUG oslo_service.service [-] database.sqlite_synchronous = True log_opt_values /var/lib/kolla/venv/lib/python3.6/site-packages/oslo_config/cfg.py:2611
2026-01-26 01:54:17.634 7 DEBUG oslo_service.service [-] database.use_db_reconnect = False log_opt_values /var/lib/kolla/venv/lib/python3.6/site-packages/oslo_config/cfg.py:2611
2026-01-26 01:54:17.634 7 DEBUG oslo_service.service [-] ******************************************************************************** log_opt_values /var/lib/kolla/venv/lib/python3.6/site-packages/oslo_config/cfg.py:2613
2026-01-26 01:54:19.067 22 DEBUG neutron.wsgi [-] (22) accepted ('10.0.0.27', 39516) server /var/lib/kolla/venv/lib/python3.6/site-packages/eventlet/wsgi.py:1004
2026-01-26 01:54:19.074 22 INFO neutron.wsgi [-] 10.0.0.27 "GET / HTTP/1.1" status: 200 len: 227 time: 0.0057049
2026-01-26 01:54:21.552 25 DEBUG neutron.api.rpc.handlers.dhcp_rpc [req-3ab0ef9f-a046-468c-9ac1-55f9d0994f73 - - - - -] get_active_networks_info from cn-jenkins-deploy-platform-ansible-os-5075-1 get_active_networks_info /var/lib/kolla/venv/lib/python3.6/site-packages/neutron/api/rpc/handlers/dhcp_rpc.py:159
2026-01-26 01:54:21.585 26 DEBUG neutron_lib.callbacks.manager [req-b769e1ec-52a2-407b-9ee9-2723455225e9 - - - - -] Publish callbacks ['neutron.services.segments.db._update_segment_host_mapping_for_agent-8763994538867', 'neutron.services.l3_router.l3_router_plugin.DVRResourceOperationHandler.create_fip_agent_gw_ports--9223372036854316017'] for agent (03a39868-402d-4aff-9d24-eec9ecafe85e), after_create _notify_loop /var/lib/kolla/venv/lib/python3.6/site-packages/neutron_lib/callbacks/manager.py:177
2026-01-26 01:54:21.596 25 DEBUG neutron.scheduler.dhcp_agent_scheduler [req-3ab0ef9f-a046-468c-9ac1-55f9d0994f73 - - - - -] No non-hosted networks auto_schedule_networks /var/lib/kolla/venv/lib/python3.6/site-packages/neutron/scheduler/dhcp_agent_scheduler.py:60
2026-01-26 01:54:39.344 27 DEBUG neutron_lib.callbacks.manager [req-16f7639a-da31-4427-aec0-98fa69dc6b3c - - - - -] Publish callbacks ['neutron.services.segments.db._update_segment_host_mapping_for_agent-8763994538867', 'neutron.services.l3_router.l3_router_plugin.DVRResourceOperationHandler.create_fip_agent_gw_ports--9223372036854316017'] for agent (fd60190d-6dd7-4ec4-9612-0b6f33f3668c), after_create _notify_loop /var/lib/kolla/venv/lib/python3.6/site-packages/neutron_lib/callbacks/manager.py:177
2026-01-26 01:54:49.122 22 DEBUG neutron.wsgi [-] (22) accepted ('10.0.0.27', 40444) server /var/lib/kolla/venv/lib/python3.6/site-packages/eventlet/wsgi.py:1004
2026-01-26 01:54:49.126 22 INFO neutron.wsgi [-] 10.0.0.27 "GET / HTTP/1.1" status: 200 len: 227 time: 0.0033934
2026-01-26 01:54:51.568 23 DEBUG neutron_lib.callbacks.manager [req-fea5e865-fdf8-4f05-903b-6995143d7339 - - - - -] Publish callbacks ['neutron.services.segments.db._update_segment_host_mapping_for_agent-8763994538867', 'neutron.plugins.ml2.plugin.Ml2Plugin._retry_binding_revived_agents--9223372036853452968'] for agent (03a39868-402d-4aff-9d24-eec9ecafe85e), after_update _notify_loop /var/lib/kolla/venv/lib/python3.6/site-packages/neutron_lib/callbacks/manager.py:177
2026-01-26 01:55:09.316 24 DEBUG neutron_lib.callbacks.manager [req-16f7639a-da31-4427-aec0-98fa69dc6b3c - - - - -] Publish callbacks ['neutron.services.segments.db._update_segment_host_mapping_for_agent-8763994538867', 'neutron.plugins.ml2.plugin.Ml2Plugin._retry_binding_revived_agents--9223372036853452968'] for agent (fd60190d-6dd7-4ec4-9612-0b6f33f3668c), after_update _notify_loop /var/lib/kolla/venv/lib/python3.6/site-packages/neutron_lib/callbacks/manager.py:177
2026-01-26 01:55:10.598 29 DEBUG neutron.db.agents_db [req-81cbeffa-03d9-442f-a465-b808f5a4cda7 - - - - -] Agent healthcheck: found 2 active agents agent_health_check /var/lib/kolla/venv/lib/python3.6/site-packages/neutron/db/agents_db.py:318
2026-01-26 01:55:19.169 22 DEBUG neutron.wsgi [-] (22) accepted ('10.0.0.27', 60916) server /var/lib/kolla/venv/lib/python3.6/site-packages/eventlet/wsgi.py:1004
2026-01-26 01:55:19.174 22 INFO neutron.wsgi [-] 10.0.0.27 "GET / HTTP/1.1" status: 200 len: 227 time: 0.0040891
2026-01-26 01:55:21.557 25 DEBUG neutron_lib.callbacks.manager [req-c4ee8a39-9c23-4fbd-a0d9-5d74198008ae - - - - -] Publish callbacks ['neutron.services.segments.db._update_segment_host_mapping_for_agent-8763994538867', 'neutron.plugins.ml2.plugin.Ml2Plugin._retry_binding_revived_agents--9223372036853452968'] for agent (03a39868-402d-4aff-9d24-eec9ecafe85e), after_update _notify_loop /var/lib/kolla/venv/lib/python3.6/site-packages/neutron_lib/callbacks/manager.py:177
2026-01-26 01:55:39.324 28 DEBUG neutron_lib.callbacks.manager [req-16f7639a-da31-4427-aec0-98fa69dc6b3c - - - - -] Publish callbacks ['neutron.services.segments.db._update_segment_host_mapping_for_agent-8763994538867', 'neutron.plugins.ml2.plugin.Ml2Plugin._retry_binding_revived_agents--9223372036853452968'] for agent (fd60190d-6dd7-4ec4-9612-0b6f33f3668c), after_update _notify_loop /var/lib/kolla/venv/lib/python3.6/site-packages/neutron_lib/callbacks/manager.py:177
2026-01-26 01:55:47.588 29 DEBUG neutron.db.agents_db [req-81cbeffa-03d9-442f-a465-b808f5a4cda7 - - - - -] Agent healthcheck: found 2 active agents agent_health_check /var/lib/kolla/venv/lib/python3.6/site-packages/neutron/db/agents_db.py:318
2026-01-26 01:55:49.242 22 DEBUG neutron.wsgi [-] (22) accepted ('10.0.0.27', 38200) server /var/lib/kolla/venv/lib/python3.6/site-packages/eventlet/wsgi.py:1004
2026-01-26 01:55:49.246 22 INFO neutron.wsgi [-] 10.0.0.27 "GET / HTTP/1.1" status: 200 len: 227 time: 0.0031719
2026-01-26 01:55:51.558 26 DEBUG neutron_lib.callbacks.manager [req-5328c79e-824b-4ce2-a503-feb532e9de85 - - - - -] Publish callbacks ['neutron.services.segments.db._update_segment_host_mapping_for_agent-8763994538867', 'neutron.plugins.ml2.plugin.Ml2Plugin._retry_binding_revived_agents--9223372036853452968'] for agent (03a39868-402d-4aff-9d24-eec9ecafe85e), after_update _notify_loop /var/lib/kolla/venv/lib/python3.6/site-packages/neutron_lib/callbacks/manager.py:177
2026-01-26 01:56:09.307 27 DEBUG neutron_lib.callbacks.manager [req-16f7639a-da31-4427-aec0-98fa69dc6b3c - - - - -] Publish callbacks ['neutron.services.segments.db._update_segment_host_mapping_for_agent-8763994538867', 'neutron.plugins.ml2.plugin.Ml2Plugin._retry_binding_revived_agents--9223372036853452968'] for agent (fd60190d-6dd7-4ec4-9612-0b6f33f3668c), after_update _notify_loop /var/lib/kolla/venv/lib/python3.6/site-packages/neutron_lib/callbacks/manager.py:177
2026-01-26 01:56:19.301 22 DEBUG neutron.wsgi [-] (22) accepted ('10.0.0.27', 36300) server /var/lib/kolla/venv/lib/python3.6/site-packages/eventlet/wsgi.py:1004
2026-01-26 01:56:19.305 22 INFO neutron.wsgi [-] 10.0.0.27 "GET / HTTP/1.1" status: 200 len: 227 time: 0.0032997
2026-01-26 01:56:21.556 23 DEBUG neutron_lib.callbacks.manager [req-9d9bfd1c-8a5c-4061-97bc-527955686715 - - - - -] Publish callbacks ['neutron.services.segments.db._update_segment_host_mapping_for_agent-8763994538867', 'neutron.plugins.ml2.plugin.Ml2Plugin._retry_binding_revived_agents--9223372036853452968'] for agent (03a39868-402d-4aff-9d24-eec9ecafe85e), after_update _notify_loop /var/lib/kolla/venv/lib/python3.6/site-packages/neutron_lib/callbacks/manager.py:177
2026-01-26 01:56:24.585 29 DEBUG neutron.db.agents_db [req-81cbeffa-03d9-442f-a465-b808f5a4cda7 - - - - -] Agent healthcheck: found 2 active agents agent_health_check /var/lib/kolla/venv/lib/python3.6/site-packages/neutron/db/agents_db.py:318
2026-01-26 01:56:39.310 24 DEBUG neutron_lib.callbacks.manager [req-16f7639a-da31-4427-aec0-98fa69dc6b3c - - - - -] Publish callbacks ['neutron.services.segments.db._update_segment_host_mapping_for_agent-8763994538867', 'neutron.plugins.ml2.plugin.Ml2Plugin._retry_binding_revived_agents--9223372036853452968'] for agent (fd60190d-6dd7-4ec4-9612-0b6f33f3668c), after_update _notify_loop /var/lib/kolla/venv/lib/python3.6/site-packages/neutron_lib/callbacks/manager.py:177
2026-01-26 01:56:49.347 22 DEBUG neutron.wsgi [-] (22) accepted ('10.0.0.27', 38960) server /var/lib/kolla/venv/lib/python3.6/site-packages/eventlet/wsgi.py:1004
2026-01-26 01:56:49.352 22 INFO neutron.wsgi [-] 10.0.0.27 "GET / HTTP/1.1" status: 200 len: 227 time: 0.0039024
2026-01-26 01:56:51.554 25 DEBUG neutron_lib.callbacks.manager [req-f1055640-1b4f-4d2e-8c0a-53e071e5dcc9 - - - - -] Publish callbacks ['neutron.services.segments.db._update_segment_host_mapping_for_agent-8763994538867', 'neutron.plugins.ml2.plugin.Ml2Plugin._retry_binding_revived_agents--9223372036853452968'] for agent (03a39868-402d-4aff-9d24-eec9ecafe85e), after_update _notify_loop /var/lib/kolla/venv/lib/python3.6/site-packages/neutron_lib/callbacks/manager.py:177
2026-01-26 01:57:01.594 29 DEBUG neutron.db.agents_db [req-81cbeffa-03d9-442f-a465-b808f5a4cda7 - - - - -] Agent healthcheck: found 2 active agents agent_health_check /var/lib/kolla/venv/lib/python3.6/site-packages/neutron/db/agents_db.py:318
2026-01-26 01:57:09.309 28 DEBUG neutron_lib.callbacks.manager [req-16f7639a-da31-4427-aec0-98fa69dc6b3c - - - - -] Publish callbacks ['neutron.services.segments.db._update_segment_host_mapping_for_agent-8763994538867', 'neutron.plugins.ml2.plugin.Ml2Plugin._retry_binding_revived_agents--9223372036853452968'] for agent (fd60190d-6dd7-4ec4-9612-0b6f33f3668c), after_update _notify_loop /var/lib/kolla/venv/lib/python3.6/site-packages/neutron_lib/callbacks/manager.py:177
2026-01-26 01:57:19.397 22 DEBUG neutron.wsgi [-] (22) accepted ('10.0.0.27', 60954) server /var/lib/kolla/venv/lib/python3.6/site-packages/eventlet/wsgi.py:1004
2026-01-26 01:57:19.401 22 INFO neutron.wsgi [-] 10.0.0.27 "GET / HTTP/1.1" status: 200 len: 227 time: 0.0028532
2026-01-26 01:57:21.552 26 DEBUG neutron_lib.callbacks.manager [req-23c33535-63b9-496e-b1ee-3192bda0c899 - - - - -] Publish callbacks ['neutron.services.segments.db._update_segment_host_mapping_for_agent-8763994538867', 'neutron.plugins.ml2.plugin.Ml2Plugin._retry_binding_revived_agents--9223372036853452968'] for agent (03a39868-402d-4aff-9d24-eec9ecafe85e), after_update _notify_loop /var/lib/kolla/venv/lib/python3.6/site-packages/neutron_lib/callbacks/manager.py:177
2026-01-26 01:57:38.592 29 DEBUG neutron.db.agents_db [req-81cbeffa-03d9-442f-a465-b808f5a4cda7 - - - - -] Agent healthcheck: found 2 active agents agent_health_check /var/lib/kolla/venv/lib/python3.6/site-packages/neutron/db/agents_db.py:318
2026-01-26 01:57:39.316 27 DEBUG neutron_lib.callbacks.manager [req-16f7639a-da31-4427-aec0-98fa69dc6b3c - - - - -] Publish callbacks ['neutron.services.segments.db._update_segment_host_mapping_for_agent-8763994538867', 'neutron.plugins.ml2.plugin.Ml2Plugin._retry_binding_revived_agents--9223372036853452968'] for agent (fd60190d-6dd7-4ec4-9612-0b6f33f3668c), after_update _notify_loop /var/lib/kolla/venv/lib/python3.6/site-packages/neutron_lib/callbacks/manager.py:177
2026-01-26 01:57:49.447 22 DEBUG neutron.wsgi [-] (22) accepted ('10.0.0.27', 34782) server /var/lib/kolla/venv/lib/python3.6/site-packages/eventlet/wsgi.py:1004
2026-01-26 01:57:49.451 22 INFO neutron.wsgi [-] 10.0.0.27 "GET / HTTP/1.1" status: 200 len: 227 time: 0.0027165
2026-01-26 01:57:51.549 23 DEBUG neutron_lib.callbacks.manager [req-6734ac2a-893c-449b-85c8-01dfb1ca4de4 - - - - -] Publish callbacks ['neutron.services.segments.db._update_segment_host_mapping_for_agent-8763994538867', 'neutron.plugins.ml2.plugin.Ml2Plugin._retry_binding_revived_agents--9223372036853452968'] for agent (03a39868-402d-4aff-9d24-eec9ecafe85e), after_update _notify_loop /var/lib/kolla/venv/lib/python3.6/site-packages/neutron_lib/callbacks/manager.py:177
2026-01-26 01:58:09.315 24 DEBUG neutron_lib.callbacks.manager [req-16f7639a-da31-4427-aec0-98fa69dc6b3c - - - - -] Publish callbacks ['neutron.services.segments.db._update_segment_host_mapping_for_agent-8763994538867', 'neutron.plugins.ml2.plugin.Ml2Plugin._retry_binding_revived_agents--9223372036853452968'] for agent (fd60190d-6dd7-4ec4-9612-0b6f33f3668c), after_update _notify_loop /var/lib/kolla/venv/lib/python3.6/site-packages/neutron_lib/callbacks/manager.py:177
2026-01-26 01:58:15.592 29 DEBUG neutron.db.agents_db [req-81cbeffa-03d9-442f-a465-b808f5a4cda7 - - - - -] Agent healthcheck: found 2 active agents agent_health_check /var/lib/kolla/venv/lib/python3.6/site-packages/neutron/db/agents_db.py:318
2026-01-26 01:58:19.506 22 DEBUG neutron.wsgi [-] (22) accepted ('10.0.0.27', 56576) server /var/lib/kolla/venv/lib/python3.6/site-packages/eventlet/wsgi.py:1004
2026-01-26 01:58:19.509 22 INFO neutron.wsgi [-] 10.0.0.27 "GET / HTTP/1.1" status: 200 len: 227 time: 0.0026369
2026-01-26 01:58:21.548 25 DEBUG neutron_lib.callbacks.manager [req-d990f651-fa79-4cad-bfa7-8b84a1be584f - - - - -] Publish callbacks ['neutron.services.segments.db._update_segment_host_mapping_for_agent-8763994538867', 'neutron.plugins.ml2.plugin.Ml2Plugin._retry_binding_revived_agents--9223372036853452968'] for agent (03a39868-402d-4aff-9d24-eec9ecafe85e), after_update _notify_loop /var/lib/kolla/venv/lib/python3.6/site-packages/neutron_lib/callbacks/manager.py:177
2026-01-26 01:58:39.317 28 DEBUG neutron_lib.callbacks.manager [req-16f7639a-da31-4427-aec0-98fa69dc6b3c - - - - -] Publish callbacks ['neutron.services.segments.db._update_segment_host_mapping_for_agent-8763994538867', 'neutron.plugins.ml2.plugin.Ml2Plugin._retry_binding_revived_agents--9223372036853452968'] for agent (fd60190d-6dd7-4ec4-9612-0b6f33f3668c), after_update _notify_loop /var/lib/kolla/venv/lib/python3.6/site-packages/neutron_lib/callbacks/manager.py:177
2026-01-26 01:58:49.554 22 DEBUG neutron.wsgi [-] (22) accepted ('10.0.0.27', 57974) server /var/lib/kolla/venv/lib/python3.6/site-packages/eventlet/wsgi.py:1004
2026-01-26 01:58:49.559 22 INFO neutron.wsgi [-] 10.0.0.27 "GET / HTTP/1.1" status: 200 len: 227 time: 0.0044644
2026-01-26 01:58:51.566 26 DEBUG neutron_lib.callbacks.manager [req-3125ecf7-f522-4e10-80bb-f502efc3120b - - - - -] Publish callbacks ['neutron.services.segments.db._update_segment_host_mapping_for_agent-8763994538867', 'neutron.plugins.ml2.plugin.Ml2Plugin._retry_binding_revived_agents--9223372036853452968'] for agent (03a39868-402d-4aff-9d24-eec9ecafe85e), after_update _notify_loop /var/lib/kolla/venv/lib/python3.6/site-packages/neutron_lib/callbacks/manager.py:177
2026-01-26 01:58:52.593 29 DEBUG neutron.db.agents_db [req-81cbeffa-03d9-442f-a465-b808f5a4cda7 - - - - -] Agent healthcheck: found 2 active agents agent_health_check /var/lib/kolla/venv/lib/python3.6/site-packages/neutron/db/agents_db.py:318
2026-01-26 01:59:09.320 27 DEBUG neutron_lib.callbacks.manager [req-16f7639a-da31-4427-aec0-98fa69dc6b3c - - - - -] Publish callbacks ['neutron.services.segments.db._update_segment_host_mapping_for_agent-8763994538867', 'neutron.plugins.ml2.plugin.Ml2Plugin._retry_binding_revived_agents--9223372036853452968'] for agent (fd60190d-6dd7-4ec4-9612-0b6f33f3668c), after_update _notify_loop /var/lib/kolla/venv/lib/python3.6/site-packages/neutron_lib/callbacks/manager.py:177
2026-01-26 01:59:19.639 22 DEBUG neutron.wsgi [-] (22) accepted ('10.0.0.27', 44822) server /var/lib/kolla/venv/lib/python3.6/site-packages/eventlet/wsgi.py:1004
2026-01-26 01:59:19.645 22 INFO neutron.wsgi [-] 10.0.0.27 "GET / HTTP/1.1" status: 200 len: 227 time: 0.0038717
2026-01-26 01:59:21.544 23 DEBUG neutron_lib.callbacks.manager [req-24b09cf8-39d7-4b72-b31d-a76cc5426ba3 - - - - -] Publish callbacks ['neutron.services.segments.db._update_segment_host_mapping_for_agent-8763994538867', 'neutron.plugins.ml2.plugin.Ml2Plugin._retry_binding_revived_agents--9223372036853452968'] for agent (03a39868-402d-4aff-9d24-eec9ecafe85e), after_update _notify_loop /var/lib/kolla/venv/lib/python3.6/site-packages/neutron_lib/callbacks/manager.py:177
2026-01-26 01:59:29.591 29 DEBUG neutron.db.agents_db [req-81cbeffa-03d9-442f-a465-b808f5a4cda7 - - - - -] Agent healthcheck: found 2 active agents agent_health_check /var/lib/kolla/venv/lib/python3.6/site-packages/neutron/db/agents_db.py:318
2026-01-26 01:59:39.323 24 DEBUG neutron_lib.callbacks.manager [req-16f7639a-da31-4427-aec0-98fa69dc6b3c - - - - -] Publish callbacks ['neutron.services.segments.db._update_segment_host_mapping_for_agent-8763994538867', 'neutron.plugins.ml2.plugin.Ml2Plugin._retry_binding_revived_agents--9223372036853452968'] for agent (fd60190d-6dd7-4ec4-9612-0b6f33f3668c), after_update _notify_loop /var/lib/kolla/venv/lib/python3.6/site-packages/neutron_lib/callbacks/manager.py:177
2026-01-26 01:59:49.692 22 DEBUG neutron.wsgi [-] (22) accepted ('10.0.0.27', 38112) server /var/lib/kolla/venv/lib/python3.6/site-packages/eventlet/wsgi.py:1004
2026-01-26 01:59:49.697 22 INFO neutron.wsgi [-] 10.0.0.27 "GET / HTTP/1.1" status: 200 len: 227 time: 0.0041869
2026-01-26 01:59:51.542 25 DEBUG neutron_lib.callbacks.manager [req-c25e0b0d-1d8f-4b85-b374-030d0834371c - - - - -] Publish callbacks ['neutron.services.segments.db._update_segment_host_mapping_for_agent-8763994538867', 'neutron.plugins.ml2.plugin.Ml2Plugin._retry_binding_revived_agents--9223372036853452968'] for agent (03a39868-402d-4aff-9d24-eec9ecafe85e), after_update _notify_loop /var/lib/kolla/venv/lib/python3.6/site-packages/neutron_lib/callbacks/manager.py:177
2026-01-26 02:00:06.591 29 DEBUG neutron.db.agents_db [req-81cbeffa-03d9-442f-a465-b808f5a4cda7 - - - - -] Agent healthcheck: found 2 active agents agent_health_check /var/lib/kolla/venv/lib/python3.6/site-packages/neutron/db/agents_db.py:318
2026-01-26 02:00:09.327 28 DEBUG neutron_lib.callbacks.manager [req-16f7639a-da31-4427-aec0-98fa69dc6b3c - - - - -] Publish callbacks ['neutron.services.segments.db._update_segment_host_mapping_for_agent-8763994538867', 'neutron.plugins.ml2.plugin.Ml2Plugin._retry_binding_revived_agents--9223372036853452968'] for agent (fd60190d-6dd7-4ec4-9612-0b6f33f3668c), after_update _notify_loop /var/lib/kolla/venv/lib/python3.6/site-packages/neutron_lib/callbacks/manager.py:177
2026-01-26 02:00:19.748 22 DEBUG neutron.wsgi [-] (22) accepted ('10.0.0.27', 47344) server /var/lib/kolla/venv/lib/python3.6/site-packages/eventlet/wsgi.py:1004
2026-01-26 02:00:19.753 22 INFO neutron.wsgi [-] 10.0.0.27 "GET / HTTP/1.1" status: 200 len: 227 time: 0.0032747
2026-01-26 02:00:21.539 26 DEBUG neutron_lib.callbacks.manager [req-ea804f8d-7f7c-4d2e-a1a1-fc766597c7ff - - - - -] Publish callbacks ['neutron.services.segments.db._update_segment_host_mapping_for_agent-8763994538867', 'neutron.plugins.ml2.plugin.Ml2Plugin._retry_binding_revived_agents--9223372036853452968'] for agent (03a39868-402d-4aff-9d24-eec9ecafe85e), after_update _notify_loop /var/lib/kolla/venv/lib/python3.6/site-packages/neutron_lib/callbacks/manager.py:177
2026-01-26 02:00:39.329 27 DEBUG neutron_lib.callbacks.manager [req-16f7639a-da31-4427-aec0-98fa69dc6b3c - - - - -] Publish callbacks ['neutron.services.segments.db._update_segment_host_mapping_for_agent-8763994538867', 'neutron.plugins.ml2.plugin.Ml2Plugin._retry_binding_revived_agents--9223372036853452968'] for agent (fd60190d-6dd7-4ec4-9612-0b6f33f3668c), after_update _notify_loop /var/lib/kolla/venv/lib/python3.6/site-packages/neutron_lib/callbacks/manager.py:177
2026-01-26 02:00:43.593 29 DEBUG neutron.db.agents_db [req-81cbeffa-03d9-442f-a465-b808f5a4cda7 - - - - -] Agent healthcheck: found 2 active agents agent_health_check /var/lib/kolla/venv/lib/python3.6/site-packages/neutron/db/agents_db.py:318
2026-01-26 02:00:49.798 22 DEBUG neutron.wsgi [-] (22) accepted ('10.0.0.27', 51888) server /var/lib/kolla/venv/lib/python3.6/site-packages/eventlet/wsgi.py:1004
2026-01-26 02:00:49.802 22 INFO neutron.wsgi [-] 10.0.0.27 "GET / HTTP/1.1" status: 200 len: 227 time: 0.0027258
2026-01-26 02:00:51.545 23 DEBUG neutron_lib.callbacks.manager [req-dd9e7371-0391-4182-bdc8-26cbad17017b - - - - -] Publish callbacks ['neutron.services.segments.db._update_segment_host_mapping_for_agent-8763994538867', 'neutron.plugins.ml2.plugin.Ml2Plugin._retry_binding_revived_agents--9223372036853452968'] for agent (03a39868-402d-4aff-9d24-eec9ecafe85e), after_update _notify_loop /var/lib/kolla/venv/lib/python3.6/site-packages/neutron_lib/callbacks/manager.py:177
2026-01-26 02:01:09.330 24 DEBUG neutron_lib.callbacks.manager [req-16f7639a-da31-4427-aec0-98fa69dc6b3c - - - - -] Publish callbacks ['neutron.services.segments.db._update_segment_host_mapping_for_agent-8763994538867', 'neutron.plugins.ml2.plugin.Ml2Plugin._retry_binding_revived_agents--9223372036853452968'] for agent (fd60190d-6dd7-4ec4-9612-0b6f33f3668c), after_update _notify_loop /var/lib/kolla/venv/lib/python3.6/site-packages/neutron_lib/callbacks/manager.py:177
2026-01-26 02:01:19.856 22 DEBUG neutron.wsgi [-] (22) accepted ('10.0.0.27', 34238) server /var/lib/kolla/venv/lib/python3.6/site-packages/eventlet/wsgi.py:1004
2026-01-26 02:01:19.861 22 INFO neutron.wsgi [-] 10.0.0.27 "GET / HTTP/1.1" status: 200 len: 227 time: 0.0034826
2026-01-26 02:01:20.593 29 DEBUG neutron.db.agents_db [req-81cbeffa-03d9-442f-a465-b808f5a4cda7 - - - - -] Agent healthcheck: found 2 active agents agent_health_check /var/lib/kolla/venv/lib/python3.6/site-packages/neutron/db/agents_db.py:318
2026-01-26 02:01:21.532 25 DEBUG neutron_lib.callbacks.manager [req-1b9a2cfa-5c33-4ac9-bd74-d7775f1897ee - - - - -] Publish callbacks ['neutron.services.segments.db._update_segment_host_mapping_for_agent-8763994538867', 'neutron.plugins.ml2.plugin.Ml2Plugin._retry_binding_revived_agents--9223372036853452968'] for agent (03a39868-402d-4aff-9d24-eec9ecafe85e), after_update _notify_loop /var/lib/kolla/venv/lib/python3.6/site-packages/neutron_lib/callbacks/manager.py:177
2026-01-26 02:01:39.333 28 DEBUG neutron_lib.callbacks.manager [req-16f7639a-da31-4427-aec0-98fa69dc6b3c - - - - -] Publish callbacks ['neutron.services.segments.db._update_segment_host_mapping_for_agent-8763994538867', 'neutron.plugins.ml2.plugin.Ml2Plugin._retry_binding_revived_agents--9223372036853452968'] for agent (fd60190d-6dd7-4ec4-9612-0b6f33f3668c), after_update _notify_loop /var/lib/kolla/venv/lib/python3.6/site-packages/neutron_lib/callbacks/manager.py:177
2026-01-26 02:01:49.904 22 DEBUG neutron.wsgi [-] (22) accepted ('10.0.0.27', 45224) server /var/lib/kolla/venv/lib/python3.6/site-packages/eventlet/wsgi.py:1004
2026-01-26 02:01:49.908 22 INFO neutron.wsgi [-] 10.0.0.27 "GET / HTTP/1.1" status: 200 len: 227 time: 0.0028300
2026-01-26 02:01:51.530 26 DEBUG neutron_lib.callbacks.manager [req-b56af47d-bd8a-4d6c-b77b-6f00666907c9 - - - - -] Publish callbacks ['neutron.services.segments.db._update_segment_host_mapping_for_agent-8763994538867', 'neutron.plugins.ml2.plugin.Ml2Plugin._retry_binding_revived_agents--9223372036853452968'] for agent (03a39868-402d-4aff-9d24-eec9ecafe85e), after_update _notify_loop /var/lib/kolla/venv/lib/python3.6/site-packages/neutron_lib/callbacks/manager.py:177
2026-01-26 02:01:57.593 29 DEBUG neutron.db.agents_db [req-81cbeffa-03d9-442f-a465-b808f5a4cda7 - - - - -] Agent healthcheck: found 2 active agents agent_health_check /var/lib/kolla/venv/lib/python3.6/site-packages/neutron/db/agents_db.py:318
2026-01-26 02:02:09.336 27 DEBUG neutron_lib.callbacks.manager [req-16f7639a-da31-4427-aec0-98fa69dc6b3c - - - - -] Publish callbacks ['neutron.services.segments.db._update_segment_host_mapping_for_agent-8763994538867', 'neutron.plugins.ml2.plugin.Ml2Plugin._retry_binding_revived_agents--9223372036853452968'] for agent (fd60190d-6dd7-4ec4-9612-0b6f33f3668c), after_update _notify_loop /var/lib/kolla/venv/lib/python3.6/site-packages/neutron_lib/callbacks/manager.py:177
2026-01-26 02:02:19.967 22 DEBUG neutron.wsgi [-] (22) accepted ('10.0.0.27', 41346) server /var/lib/kolla/venv/lib/python3.6/site-packages/eventlet/wsgi.py:1004
2026-01-26 02:02:19.971 22 INFO neutron.wsgi [-] 10.0.0.27 "GET / HTTP/1.1" status: 200 len: 227 time: 0.0029380
2026-01-26 02:02:21.527 23 DEBUG neutron_lib.callbacks.manager [req-e13f69db-6050-4120-829d-77ce4deee5e5 - - - - -] Publish callbacks ['neutron.services.segments.db._update_segment_host_mapping_for_agent-8763994538867', 'neutron.plugins.ml2.plugin.Ml2Plugin._retry_binding_revived_agents--9223372036853452968'] for agent (03a39868-402d-4aff-9d24-eec9ecafe85e), after_update _notify_loop /var/lib/kolla/venv/lib/python3.6/site-packages/neutron_lib/callbacks/manager.py:177
2026-01-26 02:02:34.593 29 DEBUG neutron.db.agents_db [req-81cbeffa-03d9-442f-a465-b808f5a4cda7 - - - - -] Agent healthcheck: found 2 active agents agent_health_check /var/lib/kolla/venv/lib/python3.6/site-packages/neutron/db/agents_db.py:318
2026-01-26 02:02:39.338 24 DEBUG neutron_lib.callbacks.manager [req-16f7639a-da31-4427-aec0-98fa69dc6b3c - - - - -] Publish callbacks ['neutron.services.segments.db._update_segment_host_mapping_for_agent-8763994538867', 'neutron.plugins.ml2.plugin.Ml2Plugin._retry_binding_revived_agents--9223372036853452968'] for agent (fd60190d-6dd7-4ec4-9612-0b6f33f3668c), after_update _notify_loop /var/lib/kolla/venv/lib/python3.6/site-packages/neutron_lib/callbacks/manager.py:177
2026-01-26 02:02:50.026 22 DEBUG neutron.wsgi [-] (22) accepted ('10.0.0.27', 49678) server /var/lib/kolla/venv/lib/python3.6/site-packages/eventlet/wsgi.py:1004
2026-01-26 02:02:50.031 22 INFO neutron.wsgi [-] 10.0.0.27 "GET / HTTP/1.1" status: 200 len: 227 time: 0.0037875
2026-01-26 02:02:51.527 25 DEBUG neutron_lib.callbacks.manager [req-b02cd823-080b-4ac2-b406-1ef84d5f01d4 - - - - -] Publish callbacks ['neutron.services.segments.db._update_segment_host_mapping_for_agent-8763994538867', 'neutron.plugins.ml2.plugin.Ml2Plugin._retry_binding_revived_agents--9223372036853452968'] for agent (03a39868-402d-4aff-9d24-eec9ecafe85e), after_update _notify_loop /var/lib/kolla/venv/lib/python3.6/site-packages/neutron_lib/callbacks/manager.py:177
2026-01-26 02:03:09.342 28 DEBUG neutron_lib.callbacks.manager [req-16f7639a-da31-4427-aec0-98fa69dc6b3c - - - - -] Publish callbacks ['neutron.services.segments.db._update_segment_host_mapping_for_agent-8763994538867', 'neutron.plugins.ml2.plugin.Ml2Plugin._retry_binding_revived_agents--9223372036853452968'] for agent (fd60190d-6dd7-4ec4-9612-0b6f33f3668c), after_update _notify_loop /var/lib/kolla/venv/lib/python3.6/site-packages/neutron_lib/callbacks/manager.py:177
2026-01-26 02:03:11.594 29 DEBUG neutron.db.agents_db [req-81cbeffa-03d9-442f-a465-b808f5a4cda7 - - - - -] Agent healthcheck: found 2 active agents agent_health_check /var/lib/kolla/venv/lib/python3.6/site-packages/neutron/db/agents_db.py:318
2026-01-26 02:03:20.164 22 DEBUG neutron.wsgi [-] (22) accepted ('10.0.0.27', 42524) server /var/lib/kolla/venv/lib/python3.6/site-packages/eventlet/wsgi.py:1004
2026-01-26 02:03:20.168 22 INFO neutron.wsgi [-] 10.0.0.27 "GET / HTTP/1.1" status: 200 len: 227 time: 0.0028875
2026-01-26 02:03:21.525 26 DEBUG neutron_lib.callbacks.manager [req-355ef790-463b-43e3-bca3-1e1b41e46b43 - - - - -] Publish callbacks ['neutron.services.segments.db._update_segment_host_mapping_for_agent-8763994538867', 'neutron.plugins.ml2.plugin.Ml2Plugin._retry_binding_revived_agents--9223372036853452968'] for agent (03a39868-402d-4aff-9d24-eec9ecafe85e), after_update _notify_loop /var/lib/kolla/venv/lib/python3.6/site-packages/neutron_lib/callbacks/manager.py:177
2026-01-26 02:03:23.839 7 INFO oslo_service.service [-] Caught SIGTERM, stopping children
2026-01-26 02:03:23.839 7 DEBUG oslo_concurrency.lockutils [-] Acquired lock "singleton_lock" lock /var/lib/kolla/venv/lib/python3.6/site-packages/oslo_concurrency/lockutils.py:294
2026-01-26 02:03:23.840 7 DEBUG oslo_concurrency.lockutils [-] Releasing lock "singleton_lock" lock /var/lib/kolla/venv/lib/python3.6/site-packages/oslo_concurrency/lockutils.py:312
2026-01-26 02:03:23.840 7 DEBUG oslo_service.service [-] Stop services. stop /var/lib/kolla/venv/lib/python3.6/site-packages/oslo_service/service.py:695
2026-01-26 02:03:23.840 7 DEBUG neutron.service [-] calling RpcWorker stop() stop /var/lib/kolla/venv/lib/python3.6/site-packages/neutron/service.py:138
2026-01-26 02:03:23.840 7 DEBUG neutron.service [-] calling RpcWorker stop() stop /var/lib/kolla/venv/lib/python3.6/site-packages/neutron/service.py:138
2026-01-26 02:03:23.840 7 DEBUG oslo_service.service [-] Killing children. stop /var/lib/kolla/venv/lib/python3.6/site-packages/oslo_service/service.py:700
2026-01-26 02:03:23.841 7 INFO oslo_service.service [-] Waiting on 8 children to exit
2026-01-26 02:03:23.841 22 INFO neutron.wsgi [-] (22) wsgi exited, is_accepting=True
2026-01-26 02:03:23.841 27 DEBUG neutron.service [-] calling RpcWorker stop() stop /var/lib/kolla/venv/lib/python3.6/site-packages/neutron/service.py:138
2026-01-26 02:03:23.841 24 DEBUG neutron.service [-] calling RpcWorker stop() stop /var/lib/kolla/venv/lib/python3.6/site-packages/neutron/service.py:138
2026-01-26 02:03:23.841 23 DEBUG neutron.service [-] calling RpcWorker stop() stop /var/lib/kolla/venv/lib/python3.6/site-packages/neutron/service.py:138
2026-01-26 02:03:23.842 22 DEBUG oslo_concurrency.lockutils [req-84cfd4df-c6b6-4f84-93f9-6fdfbdcba00c - - - - -] Acquired lock "singleton_lock" lock /var/lib/kolla/venv/lib/python3.6/site-packages/oslo_concurrency/lockutils.py:294
2026-01-26 02:03:23.842 22 DEBUG oslo_concurrency.lockutils [req-84cfd4df-c6b6-4f84-93f9-6fdfbdcba00c - - - - -] Releasing lock "singleton_lock" lock /var/lib/kolla/venv/lib/python3.6/site-packages/oslo_concurrency/lockutils.py:312
2026-01-26 02:03:23.843 29 DEBUG neutron.service [-] calling RpcWorker stop() stop /var/lib/kolla/venv/lib/python3.6/site-packages/neutron/service.py:138
2026-01-26 02:03:23.841 27 DEBUG neutron.service [-] calling stop on stop /var/lib/kolla/venv/lib/python3.6/site-packages/neutron/service.py:141
2026-01-26 02:03:23.842 24 DEBUG neutron.service [-] calling stop on stop /var/lib/kolla/venv/lib/python3.6/site-packages/neutron/service.py:141
2026-01-26 02:03:23.842 23 DEBUG neutron.service [-] calling stop on stop /var/lib/kolla/venv/lib/python3.6/site-packages/neutron/service.py:141
2026-01-26 02:03:23.844 29 DEBUG neutron.service [-] calling stop on stop /var/lib/kolla/venv/lib/python3.6/site-packages/neutron/service.py:141
2026-01-26 02:03:23.845 26 DEBUG neutron.service [-] calling RpcWorker stop() stop /var/lib/kolla/venv/lib/python3.6/site-packages/neutron/service.py:138
2026-01-26 02:03:23.845 28 DEBUG neutron.service [-] calling RpcWorker stop() stop /var/lib/kolla/venv/lib/python3.6/site-packages/neutron/service.py:138
2026-01-26 02:03:23.845 26 DEBUG neutron.service [-] calling stop on stop /var/lib/kolla/venv/lib/python3.6/site-packages/neutron/service.py:141
2026-01-26 02:03:23.846 28 DEBUG neutron.service [-] calling stop on stop /var/lib/kolla/venv/lib/python3.6/site-packages/neutron/service.py:141
2026-01-26 02:03:23.849 7 INFO oslo_service.service [-] Child 22 exited with status 0
2026-01-26 02:03:23.863 25 DEBUG neutron.service [-] calling RpcWorker stop() stop /var/lib/kolla/venv/lib/python3.6/site-packages/neutron/service.py:138
2026-01-26 02:03:23.863 25 DEBUG neutron.service [-] calling stop on stop /var/lib/kolla/venv/lib/python3.6/site-packages/neutron/service.py:141
2026-01-26 02:03:25.622 26 DEBUG oslo_concurrency.lockutils [req-84cfd4df-c6b6-4f84-93f9-6fdfbdcba00c - - - - -] Acquired lock "singleton_lock" lock /var/lib/kolla/venv/lib/python3.6/site-packages/oslo_concurrency/lockutils.py:294
2026-01-26 02:03:25.623 26 DEBUG oslo_concurrency.lockutils [req-84cfd4df-c6b6-4f84-93f9-6fdfbdcba00c - - - - -] Releasing lock "singleton_lock" lock /var/lib/kolla/venv/lib/python3.6/site-packages/oslo_concurrency/lockutils.py:312
2026-01-26 02:03:25.623 26 DEBUG neutron.service [req-84cfd4df-c6b6-4f84-93f9-6fdfbdcba00c - - - - -] calling RpcWorker wait() _wait /var/lib/kolla/venv/lib/python3.6/site-packages/neutron/service.py:128
2026-01-26 02:03:25.623 26 DEBUG neutron.service [req-84cfd4df-c6b6-4f84-93f9-6fdfbdcba00c - - - - -] calling wait on _wait /var/lib/kolla/venv/lib/python3.6/site-packages/neutron/service.py:131
2026-01-26 02:03:25.630 26 WARNING amqp [req-84cfd4df-c6b6-4f84-93f9-6fdfbdcba00c - - - - -] Received method (60, 30) during closing channel 1. This method will be ignored
2026-01-26 02:03:25.631 26 DEBUG neutron.service [req-84cfd4df-c6b6-4f84-93f9-6fdfbdcba00c - - - - -] returning from RpcWorker wait() _wait /var/lib/kolla/venv/lib/python3.6/site-packages/neutron/service.py:135
2026-01-26 02:03:25.635 7 INFO oslo_service.service [-] Child 26 exited with status 0
2026-01-26 02:03:27.543 28 DEBUG oslo_concurrency.lockutils [req-84cfd4df-c6b6-4f84-93f9-6fdfbdcba00c - - - - -] Acquired lock "singleton_lock" lock /var/lib/kolla/venv/lib/python3.6/site-packages/oslo_concurrency/lockutils.py:294
2026-01-26 02:03:27.544 28 DEBUG oslo_concurrency.lockutils [req-84cfd4df-c6b6-4f84-93f9-6fdfbdcba00c - - - - -] Releasing lock "singleton_lock" lock /var/lib/kolla/venv/lib/python3.6/site-packages/oslo_concurrency/lockutils.py:312
2026-01-26 02:03:27.544 28 DEBUG neutron.service [req-84cfd4df-c6b6-4f84-93f9-6fdfbdcba00c - - - - -] calling RpcWorker wait() _wait /var/lib/kolla/venv/lib/python3.6/site-packages/neutron/service.py:128
2026-01-26 02:03:27.544 28 DEBUG neutron.service [req-84cfd4df-c6b6-4f84-93f9-6fdfbdcba00c - - - - -] calling wait on _wait /var/lib/kolla/venv/lib/python3.6/site-packages/neutron/service.py:131
2026-01-26 02:03:27.551 28 WARNING amqp [req-84cfd4df-c6b6-4f84-93f9-6fdfbdcba00c - - - - -] Received method (60, 30) during closing channel 1. This method will be ignored
2026-01-26 02:03:27.553 28 DEBUG neutron.service [req-84cfd4df-c6b6-4f84-93f9-6fdfbdcba00c - - - - -] returning from RpcWorker wait() _wait /var/lib/kolla/venv/lib/python3.6/site-packages/neutron/service.py:135
2026-01-26 02:03:27.559 7 INFO oslo_service.service [-] Child 28 exited with status 0
2026-01-26 02:03:27.577 23 DEBUG neutron.service [-] calling stop on stop /var/lib/kolla/venv/lib/python3.6/site-packages/neutron/service.py:141
2026-01-26 02:03:27.580 25 DEBUG neutron.service [-] calling stop on stop /var/lib/kolla/venv/lib/python3.6/site-packages/neutron/service.py:141
2026-01-26 02:03:27.583 24 DEBUG neutron.service [-] calling stop on stop /var/lib/kolla/venv/lib/python3.6/site-packages/neutron/service.py:141
2026-01-26 02:03:27.588 27 DEBUG oslo_concurrency.lockutils [req-84cfd4df-c6b6-4f84-93f9-6fdfbdcba00c - - - - -] Acquired lock "singleton_lock" lock /var/lib/kolla/venv/lib/python3.6/site-packages/oslo_concurrency/lockutils.py:294
2026-01-26 02:03:27.588 27 DEBUG oslo_concurrency.lockutils [req-84cfd4df-c6b6-4f84-93f9-6fdfbdcba00c - - - - -] Releasing lock "singleton_lock" lock /var/lib/kolla/venv/lib/python3.6/site-packages/oslo_concurrency/lockutils.py:312
2026-01-26 02:03:27.588 27 DEBUG neutron.service [req-84cfd4df-c6b6-4f84-93f9-6fdfbdcba00c - - - - -] calling RpcWorker wait() _wait /var/lib/kolla/venv/lib/python3.6/site-packages/neutron/service.py:128
2026-01-26 02:03:27.589 27 DEBUG neutron.service [req-84cfd4df-c6b6-4f84-93f9-6fdfbdcba00c - - - - -] calling wait on _wait /var/lib/kolla/venv/lib/python3.6/site-packages/neutron/service.py:131
2026-01-26 02:03:27.595 27 WARNING amqp [req-84cfd4df-c6b6-4f84-93f9-6fdfbdcba00c - - - - -] Received method (60, 30) during closing channel 1. This method will be ignored
2026-01-26 02:03:27.596 27 DEBUG neutron.service [req-84cfd4df-c6b6-4f84-93f9-6fdfbdcba00c - - - - -] returning from RpcWorker wait() _wait /var/lib/kolla/venv/lib/python3.6/site-packages/neutron/service.py:135
2026-01-26 02:03:27.600 25 DEBUG neutron.service [-] calling stop on stop /var/lib/kolla/venv/lib/python3.6/site-packages/neutron/service.py:141
2026-01-26 02:03:27.602 7 INFO oslo_service.service [-] Child 27 exited with status 0
2026-01-26 02:03:27.603 29 DEBUG oslo_concurrency.lockutils [req-84cfd4df-c6b6-4f84-93f9-6fdfbdcba00c - - - - -] Acquired lock "singleton_lock" lock /var/lib/kolla/venv/lib/python3.6/site-packages/oslo_concurrency/lockutils.py:294
2026-01-26 02:03:27.603 29 DEBUG oslo_concurrency.lockutils [req-84cfd4df-c6b6-4f84-93f9-6fdfbdcba00c - - - - -] Releasing lock "singleton_lock" lock /var/lib/kolla/venv/lib/python3.6/site-packages/oslo_concurrency/lockutils.py:312
2026-01-26 02:03:27.604 29 DEBUG neutron.service [req-84cfd4df-c6b6-4f84-93f9-6fdfbdcba00c - - - - -] calling RpcWorker wait() _wait /var/lib/kolla/venv/lib/python3.6/site-packages/neutron/service.py:128
2026-01-26 02:03:27.604 29 DEBUG neutron.service [req-84cfd4df-c6b6-4f84-93f9-6fdfbdcba00c - - - - -] calling wait on _wait /var/lib/kolla/venv/lib/python3.6/site-packages/neutron/service.py:131
2026-01-26 02:03:27.607 24 DEBUG neutron.service [-] calling stop on stop /var/lib/kolla/venv/lib/python3.6/site-packages/neutron/service.py:141
2026-01-26 02:03:27.609 29 WARNING amqp [req-84cfd4df-c6b6-4f84-93f9-6fdfbdcba00c - - - - -] Received method (60, 30) during closing channel 1. This method will be ignored
2026-01-26 02:03:27.610 29 DEBUG neutron.service [req-84cfd4df-c6b6-4f84-93f9-6fdfbdcba00c - - - - -] returning from RpcWorker wait() _wait /var/lib/kolla/venv/lib/python3.6/site-packages/neutron/service.py:135
2026-01-26 02:03:27.612 23 DEBUG neutron.service [-] calling stop on stop /var/lib/kolla/venv/lib/python3.6/site-packages/neutron/service.py:141
2026-01-26 02:03:27.616 7 INFO oslo_service.service [-] Child 29 exited with status 0
2026-01-26 02:03:27.626 24 DEBUG neutron.service [-] calling stop on stop /var/lib/kolla/venv/lib/python3.6/site-packages/neutron/service.py:141
2026-01-26 02:03:27.630 23 DEBUG neutron.service [-] calling stop on stop /var/lib/kolla/venv/lib/python3.6/site-packages/neutron/service.py:141
2026-01-26 02:03:27.644 23 DEBUG oslo_concurrency.lockutils [req-84cfd4df-c6b6-4f84-93f9-6fdfbdcba00c - - - - -] Acquired lock "singleton_lock" lock /var/lib/kolla/venv/lib/python3.6/site-packages/oslo_concurrency/lockutils.py:294
2026-01-26 02:03:27.645 23 DEBUG oslo_concurrency.lockutils [req-84cfd4df-c6b6-4f84-93f9-6fdfbdcba00c - - - - -] Releasing lock "singleton_lock" lock /var/lib/kolla/venv/lib/python3.6/site-packages/oslo_concurrency/lockutils.py:312
2026-01-26 02:03:27.645 23 DEBUG neutron.service [req-84cfd4df-c6b6-4f84-93f9-6fdfbdcba00c - - - - -] calling RpcWorker wait() _wait /var/lib/kolla/venv/lib/python3.6/site-packages/neutron/service.py:128
2026-01-26 02:03:27.645 23 DEBUG neutron.service [req-84cfd4df-c6b6-4f84-93f9-6fdfbdcba00c - - - - -] calling wait on _wait /var/lib/kolla/venv/lib/python3.6/site-packages/neutron/service.py:131
2026-01-26 02:03:27.649 24 DEBUG oslo_concurrency.lockutils [req-84cfd4df-c6b6-4f84-93f9-6fdfbdcba00c - - - - -] Acquired lock "singleton_lock" lock /var/lib/kolla/venv/lib/python3.6/site-packages/oslo_concurrency/lockutils.py:294
2026-01-26 02:03:27.649 24 DEBUG oslo_concurrency.lockutils [req-84cfd4df-c6b6-4f84-93f9-6fdfbdcba00c - - - - -] Releasing lock "singleton_lock" lock /var/lib/kolla/venv/lib/python3.6/site-packages/oslo_concurrency/lockutils.py:312
2026-01-26 02:03:27.650 24 DEBUG neutron.service [req-84cfd4df-c6b6-4f84-93f9-6fdfbdcba00c - - - - -] calling RpcWorker wait() _wait /var/lib/kolla/venv/lib/python3.6/site-packages/neutron/service.py:128
2026-01-26 02:03:27.650 24 DEBUG neutron.service [req-84cfd4df-c6b6-4f84-93f9-6fdfbdcba00c - - - - -] calling wait on _wait /var/lib/kolla/venv/lib/python3.6/site-packages/neutron/service.py:131
2026-01-26 02:03:27.653 23 WARNING amqp [req-84cfd4df-c6b6-4f84-93f9-6fdfbdcba00c - - - - -] Received method (60, 30) during closing channel 1. This method will be ignored
2026-01-26 02:03:27.655 23 DEBUG neutron.service [req-84cfd4df-c6b6-4f84-93f9-6fdfbdcba00c - - - - -] calling wait on _wait /var/lib/kolla/venv/lib/python3.6/site-packages/neutron/service.py:131
2026-01-26 02:03:27.656 24 WARNING amqp [req-84cfd4df-c6b6-4f84-93f9-6fdfbdcba00c - - - - -] Received method (60, 30) during closing channel 1. This method will be ignored
2026-01-26 02:03:27.657 24 DEBUG neutron.service [req-84cfd4df-c6b6-4f84-93f9-6fdfbdcba00c - - - - -] calling wait on _wait /var/lib/kolla/venv/lib/python3.6/site-packages/neutron/service.py:131
2026-01-26 02:03:27.659 23 WARNING amqp [req-84cfd4df-c6b6-4f84-93f9-6fdfbdcba00c - - - - -] Received method (60, 30) during closing channel 1. This method will be ignored
2026-01-26 02:03:27.660 23 DEBUG neutron.service [req-84cfd4df-c6b6-4f84-93f9-6fdfbdcba00c - - - - -] calling wait on _wait /var/lib/kolla/venv/lib/python3.6/site-packages/neutron/service.py:131
2026-01-26 02:03:27.662 24 WARNING amqp [req-84cfd4df-c6b6-4f84-93f9-6fdfbdcba00c - - - - -] Received method (60, 30) during closing channel 1. This method will be ignored
2026-01-26 02:03:27.663 24 DEBUG neutron.service [req-84cfd4df-c6b6-4f84-93f9-6fdfbdcba00c - - - - -] calling wait on _wait /var/lib/kolla/venv/lib/python3.6/site-packages/neutron/service.py:131
2026-01-26 02:03:27.665 23 WARNING amqp [req-84cfd4df-c6b6-4f84-93f9-6fdfbdcba00c - - - - -] Received method (60, 30) during closing channel 1. This method will be ignored
2026-01-26 02:03:27.665 23 DEBUG neutron.service [req-84cfd4df-c6b6-4f84-93f9-6fdfbdcba00c - - - - -] calling wait on _wait /var/lib/kolla/venv/lib/python3.6/site-packages/neutron/service.py:131
2026-01-26 02:03:27.670 24 WARNING amqp [req-84cfd4df-c6b6-4f84-93f9-6fdfbdcba00c - - - - -] Received method (60, 30) during closing channel 1. This method will be ignored
2026-01-26 02:03:27.670 24 DEBUG neutron.service [req-84cfd4df-c6b6-4f84-93f9-6fdfbdcba00c - - - - -] calling wait on _wait /var/lib/kolla/venv/lib/python3.6/site-packages/neutron/service.py:131
2026-01-26 02:03:27.672 23 WARNING amqp [req-84cfd4df-c6b6-4f84-93f9-6fdfbdcba00c - - - - -] Received method (60, 30) during closing channel 1. This method will be ignored
2026-01-26 02:03:27.673 23 DEBUG neutron.service [req-84cfd4df-c6b6-4f84-93f9-6fdfbdcba00c - - - - -] returning from RpcWorker wait() _wait /var/lib/kolla/venv/lib/python3.6/site-packages/neutron/service.py:135
2026-01-26 02:03:27.675 24 WARNING amqp [req-84cfd4df-c6b6-4f84-93f9-6fdfbdcba00c - - - - -] Received method (60, 30) during closing channel 1. This method will be ignored
2026-01-26 02:03:27.676 24 DEBUG neutron.service [req-84cfd4df-c6b6-4f84-93f9-6fdfbdcba00c - - - - -] returning from RpcWorker wait() _wait /var/lib/kolla/venv/lib/python3.6/site-packages/neutron/service.py:135
2026-01-26 02:03:27.678 7 INFO oslo_service.service [-] Child 23 exited with status 0
2026-01-26 02:03:27.680 7 INFO oslo_service.service [-] Child 24 exited with status 0
2026-01-26 02:03:29.724 25 DEBUG neutron.service [-] calling stop on stop /var/lib/kolla/venv/lib/python3.6/site-packages/neutron/service.py:141
2026-01-26 02:03:32.652 25 DEBUG oslo_concurrency.lockutils [req-84cfd4df-c6b6-4f84-93f9-6fdfbdcba00c - - - - -] Acquired lock "singleton_lock" lock /var/lib/kolla/venv/lib/python3.6/site-packages/oslo_concurrency/lockutils.py:294
2026-01-26 02:03:32.653 25 DEBUG oslo_concurrency.lockutils [req-84cfd4df-c6b6-4f84-93f9-6fdfbdcba00c - - - - -] Releasing lock "singleton_lock" lock /var/lib/kolla/venv/lib/python3.6/site-packages/oslo_concurrency/lockutils.py:312
2026-01-26 02:03:32.653 25 DEBUG neutron.service [req-84cfd4df-c6b6-4f84-93f9-6fdfbdcba00c - - - - -] calling RpcWorker wait() _wait /var/lib/kolla/venv/lib/python3.6/site-packages/neutron/service.py:128
2026-01-26 02:03:32.653 25 DEBUG neutron.service [req-84cfd4df-c6b6-4f84-93f9-6fdfbdcba00c - - - - -] calling wait on _wait /var/lib/kolla/venv/lib/python3.6/site-packages/neutron/service.py:131
2026-01-26 02:03:32.660 25 WARNING amqp [req-84cfd4df-c6b6-4f84-93f9-6fdfbdcba00c - - - - -] Received method (60, 30) during closing channel 1. This method will be ignored
2026-01-26 02:03:32.661 25 DEBUG neutron.service [req-84cfd4df-c6b6-4f84-93f9-6fdfbdcba00c - - - - -] calling wait on _wait /var/lib/kolla/venv/lib/python3.6/site-packages/neutron/service.py:131
2026-01-26 02:03:32.666 25 WARNING amqp [req-84cfd4df-c6b6-4f84-93f9-6fdfbdcba00c - - - - -] Received method (60, 30) during closing channel 1. This method will be ignored
2026-01-26 02:03:32.667 25 DEBUG neutron.service [req-84cfd4df-c6b6-4f84-93f9-6fdfbdcba00c - - - - -] calling wait on _wait /var/lib/kolla/venv/lib/python3.6/site-packages/neutron/service.py:131
2026-01-26 02:03:32.673 25 WARNING amqp [req-84cfd4df-c6b6-4f84-93f9-6fdfbdcba00c - - - - -] Received method (60, 30) during closing channel 1. This method will be ignored
2026-01-26 02:03:32.674 25 DEBUG neutron.service [req-84cfd4df-c6b6-4f84-93f9-6fdfbdcba00c - - - - -] calling wait on _wait /var/lib/kolla/venv/lib/python3.6/site-packages/neutron/service.py:131
2026-01-26 02:03:32.680 25 WARNING amqp [req-84cfd4df-c6b6-4f84-93f9-6fdfbdcba00c - - - - -] Received method (60, 30) during closing channel 1. This method will be ignored
2026-01-26 02:03:32.681 25 DEBUG neutron.service [req-84cfd4df-c6b6-4f84-93f9-6fdfbdcba00c - - - - -] returning from RpcWorker wait() _wait /var/lib/kolla/venv/lib/python3.6/site-packages/neutron/service.py:135
2026-01-26 02:03:32.688 7 INFO oslo_service.service [-] Child 25 exited with status 0
2026-01-26 02:03:32.688 7 INFO oslo_service.service [-] Wait called after thread killed. Cleaning up.
2026-01-26 02:03:32.688 7 DEBUG oslo_service.service [-] Stop services. stop /var/lib/kolla/venv/lib/python3.6/site-packages/oslo_service/service.py:695
2026-01-26 02:03:32.688 7 DEBUG oslo_service.service [-] Killing children. stop /var/lib/kolla/venv/lib/python3.6/site-packages/oslo_service/service.py:700
2026-01-26 02:03:37.336 7 INFO neutron.common.config [-] Logging enabled!
2026-01-26 02:03:37.336 7 INFO neutron.common.config [-] /var/lib/kolla/venv/bin/neutron-server version 20.5.1.dev23
2026-01-26 02:03:37.337 7 DEBUG neutron.common.config [-] command line: /var/lib/kolla/venv/bin/neutron-server --config-file /etc/neutron/neutron.conf --config-file /etc/neutron/ContrailPlugin.ini --config-file /etc/neutron/api-paste.ini setup_logging /var/lib/kolla/venv/lib/python3.6/site-packages/neutron/common/config.py:115
2026-01-26 02:03:37.341 7 INFO neutron.common.config [-] Logging enabled!
