2026-01-22 00:38:39.930 158531 DEBUG oslo_service.service [req-15d58d20-4918-4f63-a9e6-98adb54e24bc - - - - -] use_syslog = False log_opt_values /usr/lib/python3/dist-packages/oslo_config/cfg.py:2602
2026-01-22 00:38:39.930 158531 DEBUG oslo_service.service [req-15d58d20-4918-4f63-a9e6-98adb54e24bc - - - - -] vcpu_pin_set = None log_opt_values /usr/lib/python3/dist-packages/oslo_config/cfg.py:2602
2026-01-22 00:38:39.931 158531 DEBUG oslo_service.service [req-15d58d20-4918-4f63-a9e6-98adb54e24bc - - - - -] vif_plugging_is_fatal = True log_opt_values /usr/lib/python3/dist-packages/oslo_config/cfg.py:2602
2026-01-22 00:38:39.931 158531 DEBUG oslo_service.service [req-15d58d20-4918-4f63-a9e6-98adb54e24bc - - - - -] vif_plugging_timeout = 300 log_opt_values /usr/lib/python3/dist-packages/oslo_config/cfg.py:2602
2026-01-22 00:38:39.931 158531 DEBUG oslo_service.service [req-15d58d20-4918-4f63-a9e6-98adb54e24bc - - - - -] virt_mkfs = [] log_opt_values /usr/lib/python3/dist-packages/oslo_config/cfg.py:2602
2026-01-22 00:38:39.931 158531 DEBUG oslo_service.service [req-15d58d20-4918-4f63-a9e6-98adb54e24bc - - - - -] volume_usage_poll_interval = 0 log_opt_values /usr/lib/python3/dist-packages/oslo_config/cfg.py:2602
2026-01-22 00:38:39.931 158531 DEBUG oslo_service.service [req-15d58d20-4918-4f63-a9e6-98adb54e24bc - - - - -] watch_log_file = False log_opt_values /usr/lib/python3/dist-packages/oslo_config/cfg.py:2602
2026-01-22 00:38:39.931 158531 DEBUG oslo_service.service [req-15d58d20-4918-4f63-a9e6-98adb54e24bc - - - - -] web = /usr/share/spice-html5 log_opt_values /usr/lib/python3/dist-packages/oslo_config/cfg.py:2602
2026-01-22 00:38:39.932 158531 DEBUG oslo_service.service [req-15d58d20-4918-4f63-a9e6-98adb54e24bc - - - - -] oslo_concurrency.disable_process_locking = False log_opt_values /usr/lib/python3/dist-packages/oslo_config/cfg.py:2609
2026-01-22 00:38:39.932 158531 DEBUG oslo_service.service [req-15d58d20-4918-4f63-a9e6-98adb54e24bc - - - - -] oslo_concurrency.lock_path = /var/lock/nova log_opt_values /usr/lib/python3/dist-packages/oslo_config/cfg.py:2609
2026-01-22 00:38:39.932 158531 WARNING oslo_config.cfg [req-15d58d20-4918-4f63-a9e6-98adb54e24bc - - - - -] Deprecated: Option "auth_strategy" from group "api" is deprecated for removal ( The only non-default choice, ``noauth2``, is for internal development and testing purposes only and should not be used in deployments. This option and its middleware, NoAuthMiddleware[V2_18], will be removed in a future release. ). Its value may be silently ignored in the future.
2026-01-22 00:38:39.932 158531 DEBUG oslo_service.service [req-15d58d20-4918-4f63-a9e6-98adb54e24bc - - - - -] api.auth_strategy = keystone log_opt_values /usr/lib/python3/dist-packages/oslo_config/cfg.py:2609
2026-01-22 00:38:39.933 158531 DEBUG oslo_service.service [req-15d58d20-4918-4f63-a9e6-98adb54e24bc - - - - -] api.compute_link_prefix = None log_opt_values /usr/lib/python3/dist-packages/oslo_config/cfg.py:2609
2026-01-22 00:38:39.933 158531 DEBUG oslo_service.service [req-15d58d20-4918-4f63-a9e6-98adb54e24bc - - - - -] api.config_drive_skip_versions = 1.0 2007-01-19 2007-03-01 2007-08-29 2007-10-10 2007-12-15 2008-02-01 2008-09-01 log_opt_values /usr/lib/python3/dist-packages/oslo_config/cfg.py:2609
2026-01-22 00:38:39.933 158531 DEBUG oslo_service.service [req-15d58d20-4918-4f63-a9e6-98adb54e24bc - - - - -] api.dhcp_domain = novalocal log_opt_values /usr/lib/python3/dist-packages/oslo_config/cfg.py:2609
2026-01-22 00:38:39.933 158531 DEBUG oslo_service.service [req-15d58d20-4918-4f63-a9e6-98adb54e24bc - - - - -] api.enable_instance_password = True log_opt_values /usr/lib/python3/dist-packages/oslo_config/cfg.py:2609
2026-01-22 00:38:39.934 158531 DEBUG oslo_service.service [req-15d58d20-4918-4f63-a9e6-98adb54e24bc - - - - -] api.glance_link_prefix = None log_opt_values /usr/lib/python3/dist-packages/oslo_config/cfg.py:2609
2026-01-22 00:38:39.934 158531 DEBUG oslo_service.service [req-15d58d20-4918-4f63-a9e6-98adb54e24bc - - - - -] api.instance_list_cells_batch_fixed_size = 100 log_opt_values /usr/lib/python3/dist-packages/oslo_config/cfg.py:2609
2026-01-22 00:38:39.934 158531 DEBUG oslo_service.service [req-15d58d20-4918-4f63-a9e6-98adb54e24bc - - - - -] api.instance_list_cells_batch_strategy = distributed log_opt_values /usr/lib/python3/dist-packages/oslo_config/cfg.py:2609
2026-01-22 00:38:39.934 158531 DEBUG oslo_service.service [req-15d58d20-4918-4f63-a9e6-98adb54e24bc - - - - -] api.instance_list_per_project_cells = False log_opt_values /usr/lib/python3/dist-packages/oslo_config/cfg.py:2609
2026-01-22 00:38:39.934 158531 DEBUG oslo_service.service [req-15d58d20-4918-4f63-a9e6-98adb54e24bc - - - - -] api.list_records_by_skipping_down_cells = True log_opt_values /usr/lib/python3/dist-packages/oslo_config/cfg.py:2609
2026-01-22 00:38:39.934 158531 DEBUG oslo_service.service [req-15d58d20-4918-4f63-a9e6-98adb54e24bc - - - - -] api.local_metadata_per_cell = False log_opt_values /usr/lib/python3/dist-packages/oslo_config/cfg.py:2609
2026-01-22 00:38:39.934 158531 DEBUG oslo_service.service [req-15d58d20-4918-4f63-a9e6-98adb54e24bc - - - - -] api.max_limit = 1000 log_opt_values /usr/lib/python3/dist-packages/oslo_config/cfg.py:2609
2026-01-22 00:38:39.935 158531 DEBUG oslo_service.service [req-15d58d20-4918-4f63-a9e6-98adb54e24bc - - - - -] api.metadata_cache_expiration = 15 log_opt_values /usr/lib/python3/dist-packages/oslo_config/cfg.py:2609
2026-01-22 00:38:39.935 158531 DEBUG oslo_service.service [req-15d58d20-4918-4f63-a9e6-98adb54e24bc - - - - -] api.neutron_default_tenant_id = default log_opt_values /usr/lib/python3/dist-packages/oslo_config/cfg.py:2609
2026-01-22 00:38:39.935 158531 DEBUG oslo_service.service [req-15d58d20-4918-4f63-a9e6-98adb54e24bc - - - - -] api.use_forwarded_for = False log_opt_values /usr/lib/python3/dist-packages/oslo_config/cfg.py:2609
2026-01-22 00:38:39.935 158531 DEBUG oslo_service.service [req-15d58d20-4918-4f63-a9e6-98adb54e24bc - - - - -] api.use_neutron_default_nets = False log_opt_values /usr/lib/python3/dist-packages/oslo_config/cfg.py:2609
2026-01-22 00:38:39.935 158531 DEBUG oslo_service.service [req-15d58d20-4918-4f63-a9e6-98adb54e24bc - - - - -] api.vendordata_dynamic_connect_timeout = 5 log_opt_values /usr/lib/python3/dist-packages/oslo_config/cfg.py:2609
2026-01-22 00:38:39.935 158531 DEBUG oslo_service.service [req-15d58d20-4918-4f63-a9e6-98adb54e24bc - - - - -] api.vendordata_dynamic_failure_fatal = False log_opt_values /usr/lib/python3/dist-packages/oslo_config/cfg.py:2609
2026-01-22 00:38:39.936 158531 DEBUG oslo_service.service [req-15d58d20-4918-4f63-a9e6-98adb54e24bc - - - - -] api.vendordata_dynamic_read_timeout = 5 log_opt_values /usr/lib/python3/dist-packages/oslo_config/cfg.py:2609
2026-01-22 00:38:39.936 158531 DEBUG oslo_service.service [req-15d58d20-4918-4f63-a9e6-98adb54e24bc - - - - -] api.vendordata_dynamic_ssl_certfile = log_opt_values /usr/lib/python3/dist-packages/oslo_config/cfg.py:2609
2026-01-22 00:38:39.936 158531 DEBUG oslo_service.service [req-15d58d20-4918-4f63-a9e6-98adb54e24bc - - - - -] api.vendordata_dynamic_targets = [] log_opt_values /usr/lib/python3/dist-packages/oslo_config/cfg.py:2609
2026-01-22 00:38:39.936 158983 DEBUG nova.service [req-61d80aa0-1837-461c-ac8f-c400d994fa75 - - - - -] Creating RPC server for service scheduler start /usr/lib/python3/dist-packages/nova/service.py:182
2026-01-22 00:38:39.936 158531 DEBUG oslo_service.service [req-15d58d20-4918-4f63-a9e6-98adb54e24bc - - - - -] api.vendordata_jsonfile_path = None log_opt_values /usr/lib/python3/dist-packages/oslo_config/cfg.py:2609
2026-01-22 00:38:39.936 158531 DEBUG oslo_service.service [req-15d58d20-4918-4f63-a9e6-98adb54e24bc - - - - -] api.vendordata_providers = ['StaticJSON'] log_opt_values /usr/lib/python3/dist-packages/oslo_config/cfg.py:2609
2026-01-22 00:38:39.937 158531 DEBUG oslo_service.service [req-15d58d20-4918-4f63-a9e6-98adb54e24bc - - - - -] cache.backend = dogpile.cache.null log_opt_values /usr/lib/python3/dist-packages/oslo_config/cfg.py:2609
2026-01-22 00:38:39.937 158531 DEBUG oslo_service.service [req-15d58d20-4918-4f63-a9e6-98adb54e24bc - - - - -] cache.backend_argument = **** log_opt_values /usr/lib/python3/dist-packages/oslo_config/cfg.py:2609
2026-01-22 00:38:39.937 158531 DEBUG oslo_service.service [req-15d58d20-4918-4f63-a9e6-98adb54e24bc - - - - -] cache.config_prefix = cache.oslo log_opt_values /usr/lib/python3/dist-packages/oslo_config/cfg.py:2609
2026-01-22 00:38:39.937 158531 DEBUG oslo_service.service [req-15d58d20-4918-4f63-a9e6-98adb54e24bc - - - - -] cache.debug_cache_backend = False log_opt_values /usr/lib/python3/dist-packages/oslo_config/cfg.py:2609
2026-01-22 00:38:39.937 158531 DEBUG oslo_service.service [req-15d58d20-4918-4f63-a9e6-98adb54e24bc - - - - -] cache.enabled = False log_opt_values /usr/lib/python3/dist-packages/oslo_config/cfg.py:2609
2026-01-22 00:38:39.937 158531 DEBUG oslo_service.service [req-15d58d20-4918-4f63-a9e6-98adb54e24bc - - - - -] cache.expiration_time = 600 log_opt_values /usr/lib/python3/dist-packages/oslo_config/cfg.py:2609
2026-01-22 00:38:39.937 158531 DEBUG oslo_service.service [req-15d58d20-4918-4f63-a9e6-98adb54e24bc - - - - -] cache.memcache_dead_retry = 300 log_opt_values /usr/lib/python3/dist-packages/oslo_config/cfg.py:2609
2026-01-22 00:38:39.938 158531 DEBUG oslo_service.service [req-15d58d20-4918-4f63-a9e6-98adb54e24bc - - - - -] cache.memcache_pool_connection_get_timeout = 10 log_opt_values /usr/lib/python3/dist-packages/oslo_config/cfg.py:2609
2026-01-22 00:38:39.938 158531 DEBUG oslo_service.service [req-15d58d20-4918-4f63-a9e6-98adb54e24bc - - - - -] cache.memcache_pool_flush_on_reconnect = False log_opt_values /usr/lib/python3/dist-packages/oslo_config/cfg.py:2609
2026-01-22 00:38:39.938 158531 DEBUG oslo_service.service [req-15d58d20-4918-4f63-a9e6-98adb54e24bc - - - - -] cache.memcache_pool_maxsize = 10 log_opt_values /usr/lib/python3/dist-packages/oslo_config/cfg.py:2609
2026-01-22 00:38:39.938 158531 DEBUG oslo_service.service [req-15d58d20-4918-4f63-a9e6-98adb54e24bc - - - - -] cache.memcache_pool_unused_timeout = 60 log_opt_values /usr/lib/python3/dist-packages/oslo_config/cfg.py:2609
2026-01-22 00:38:39.938 158531 DEBUG oslo_service.service [req-15d58d20-4918-4f63-a9e6-98adb54e24bc - - - - -] cache.memcache_servers = ['localhost:11211'] log_opt_values /usr/lib/python3/dist-packages/oslo_config/cfg.py:2609
2026-01-22 00:38:39.939 158531 DEBUG oslo_service.service [req-15d58d20-4918-4f63-a9e6-98adb54e24bc - - - - -] cache.memcache_socket_timeout = 1.0 log_opt_values /usr/lib/python3/dist-packages/oslo_config/cfg.py:2609
2026-01-22 00:38:39.939 158531 DEBUG oslo_service.service [req-15d58d20-4918-4f63-a9e6-98adb54e24bc - - - - -] cache.proxies = [] log_opt_values /usr/lib/python3/dist-packages/oslo_config/cfg.py:2609
2026-01-22 00:38:39.939 158531 DEBUG oslo_service.service [req-15d58d20-4918-4f63-a9e6-98adb54e24bc - - - - -] cache.tls_allowed_ciphers = None log_opt_values /usr/lib/python3/dist-packages/oslo_config/cfg.py:2609
2026-01-22 00:38:39.939 158531 DEBUG oslo_service.service [req-15d58d20-4918-4f63-a9e6-98adb54e24bc - - - - -] cache.tls_cafile = None log_opt_values /usr/lib/python3/dist-packages/oslo_config/cfg.py:2609
2026-01-22 00:38:39.939 158531 DEBUG oslo_service.service [req-15d58d20-4918-4f63-a9e6-98adb54e24bc - - - - -] cache.tls_certfile = None log_opt_values /usr/lib/python3/dist-packages/oslo_config/cfg.py:2609
2026-01-22 00:38:39.939 158531 DEBUG oslo_service.service [req-15d58d20-4918-4f63-a9e6-98adb54e24bc - - - - -] cache.tls_enabled = False log_opt_values /usr/lib/python3/dist-packages/oslo_config/cfg.py:2609
2026-01-22 00:38:39.939 158531 DEBUG oslo_service.service [req-15d58d20-4918-4f63-a9e6-98adb54e24bc - - - - -] cache.tls_keyfile = None log_opt_values /usr/lib/python3/dist-packages/oslo_config/cfg.py:2609
2026-01-22 00:38:39.940 158531 DEBUG oslo_service.service [req-15d58d20-4918-4f63-a9e6-98adb54e24bc - - - - -] cinder.auth_section = None log_opt_values /usr/lib/python3/dist-packages/oslo_config/cfg.py:2609
2026-01-22 00:38:39.940 158531 DEBUG oslo_service.service [req-15d58d20-4918-4f63-a9e6-98adb54e24bc - - - - -] cinder.auth_type = None log_opt_values /usr/lib/python3/dist-packages/oslo_config/cfg.py:2609
2026-01-22 00:38:39.940 158531 DEBUG oslo_service.service [req-15d58d20-4918-4f63-a9e6-98adb54e24bc - - - - -] cinder.cafile = None log_opt_values /usr/lib/python3/dist-packages/oslo_config/cfg.py:2609
2026-01-22 00:38:39.940 158531 DEBUG oslo_service.service [req-15d58d20-4918-4f63-a9e6-98adb54e24bc - - - - -] cinder.catalog_info = volumev3::publicURL log_opt_values /usr/lib/python3/dist-packages/oslo_config/cfg.py:2609
2026-01-22 00:38:39.940 158531 DEBUG oslo_service.service [req-15d58d20-4918-4f63-a9e6-98adb54e24bc - - - - -] cinder.certfile = None log_opt_values /usr/lib/python3/dist-packages/oslo_config/cfg.py:2609
2026-01-22 00:38:39.940 158531 DEBUG oslo_service.service [req-15d58d20-4918-4f63-a9e6-98adb54e24bc - - - - -] cinder.collect_timing = False log_opt_values /usr/lib/python3/dist-packages/oslo_config/cfg.py:2609
2026-01-22 00:38:39.941 158531 DEBUG oslo_service.service [req-15d58d20-4918-4f63-a9e6-98adb54e24bc - - - - -] cinder.cross_az_attach = True log_opt_values /usr/lib/python3/dist-packages/oslo_config/cfg.py:2609
2026-01-22 00:38:39.941 158531 DEBUG oslo_service.service [req-15d58d20-4918-4f63-a9e6-98adb54e24bc - - - - -] cinder.debug = False log_opt_values /usr/lib/python3/dist-packages/oslo_config/cfg.py:2609
2026-01-22 00:38:39.942 158531 DEBUG oslo_service.service [req-15d58d20-4918-4f63-a9e6-98adb54e24bc - - - - -] cinder.endpoint_template = None log_opt_values /usr/lib/python3/dist-packages/oslo_config/cfg.py:2609
2026-01-22 00:38:39.942 158531 DEBUG oslo_service.service [req-15d58d20-4918-4f63-a9e6-98adb54e24bc - - - - -] cinder.http_retries = 3 log_opt_values /usr/lib/python3/dist-packages/oslo_config/cfg.py:2609
2026-01-22 00:38:39.942 158531 DEBUG oslo_service.service [req-15d58d20-4918-4f63-a9e6-98adb54e24bc - - - - -] cinder.insecure = False log_opt_values /usr/lib/python3/dist-packages/oslo_config/cfg.py:2609
2026-01-22 00:38:39.943 158531 DEBUG oslo_service.service [req-15d58d20-4918-4f63-a9e6-98adb54e24bc - - - - -] cinder.keyfile = None log_opt_values /usr/lib/python3/dist-packages/oslo_config/cfg.py:2609
2026-01-22 00:38:39.943 158531 DEBUG oslo_service.service [req-15d58d20-4918-4f63-a9e6-98adb54e24bc - - - - -] cinder.os_region_name = None log_opt_values /usr/lib/python3/dist-packages/oslo_config/cfg.py:2609
2026-01-22 00:38:39.943 158531 DEBUG oslo_service.service [req-15d58d20-4918-4f63-a9e6-98adb54e24bc - - - - -] cinder.split_loggers = False log_opt_values /usr/lib/python3/dist-packages/oslo_config/cfg.py:2609
2026-01-22 00:38:39.943 158980 DEBUG oslo_messaging._drivers.amqpdriver [-] Listener is running poll /usr/lib/python3/dist-packages/oslo_messaging/_drivers/amqpdriver.py:343
2026-01-22 00:38:39.943 158531 DEBUG oslo_service.service [req-15d58d20-4918-4f63-a9e6-98adb54e24bc - - - - -] cinder.timeout = None log_opt_values /usr/lib/python3/dist-packages/oslo_config/cfg.py:2609
2026-01-22 00:38:39.944 158980 DEBUG oslo_messaging._drivers.amqpdriver [-] AMQPListener connection consume poll /usr/lib/python3/dist-packages/oslo_messaging/_drivers/amqpdriver.py:357
2026-01-22 00:38:39.944 158531 DEBUG oslo_service.service [req-15d58d20-4918-4f63-a9e6-98adb54e24bc - - - - -] compute.consecutive_build_service_disable_threshold = 10 log_opt_values /usr/lib/python3/dist-packages/oslo_config/cfg.py:2609
2026-01-22 00:38:39.944 158531 DEBUG oslo_service.service [req-15d58d20-4918-4f63-a9e6-98adb54e24bc - - - - -] compute.cpu_dedicated_set = None log_opt_values /usr/lib/python3/dist-packages/oslo_config/cfg.py:2609
2026-01-22 00:38:39.944 158531 DEBUG oslo_service.service [req-15d58d20-4918-4f63-a9e6-98adb54e24bc - - - - -] compute.cpu_shared_set = None log_opt_values /usr/lib/python3/dist-packages/oslo_config/cfg.py:2609
2026-01-22 00:38:39.944 158531 DEBUG oslo_service.service [req-15d58d20-4918-4f63-a9e6-98adb54e24bc - - - - -] compute.image_type_exclude_list = [] log_opt_values /usr/lib/python3/dist-packages/oslo_config/cfg.py:2609
2026-01-22 00:38:39.944 158980 DEBUG nova.service [req-f773a46d-112c-4246-b53b-25efdeba71e6 - - - - -] Join ServiceGroup membership for this service scheduler start /usr/lib/python3/dist-packages/nova/service.py:199
2026-01-22 00:38:39.944 158531 DEBUG oslo_service.service [req-15d58d20-4918-4f63-a9e6-98adb54e24bc - - - - -] compute.live_migration_wait_for_vif_plug = True log_opt_values /usr/lib/python3/dist-packages/oslo_config/cfg.py:2609
2026-01-22 00:38:39.945 158531 DEBUG oslo_service.service [req-15d58d20-4918-4f63-a9e6-98adb54e24bc - - - - -] compute.max_concurrent_disk_ops = 0 log_opt_values /usr/lib/python3/dist-packages/oslo_config/cfg.py:2609
2026-01-22 00:38:39.944 158980 DEBUG nova.servicegroup.drivers.db [req-f773a46d-112c-4246-b53b-25efdeba71e6 - - - - -] DB_Driver: join new ServiceGroup member juju-f748f2-0-lxd-7 to the scheduler group, service = join /usr/lib/python3/dist-packages/nova/servicegroup/drivers/db.py:44
2026-01-22 00:38:39.945 158531 DEBUG oslo_service.service [req-15d58d20-4918-4f63-a9e6-98adb54e24bc - - - - -] compute.max_disk_devices_to_attach = -1 log_opt_values /usr/lib/python3/dist-packages/oslo_config/cfg.py:2609
2026-01-22 00:38:39.945 158531 DEBUG oslo_service.service [req-15d58d20-4918-4f63-a9e6-98adb54e24bc - - - - -] compute.packing_host_numa_cells_allocation_strategy = True log_opt_values /usr/lib/python3/dist-packages/oslo_config/cfg.py:2609
2026-01-22 00:38:39.945 158531 DEBUG oslo_service.service [req-15d58d20-4918-4f63-a9e6-98adb54e24bc - - - - -] compute.provider_config_location = /etc/nova/provider_config/ log_opt_values /usr/lib/python3/dist-packages/oslo_config/cfg.py:2609
2026-01-22 00:38:39.945 158531 DEBUG oslo_service.service [req-15d58d20-4918-4f63-a9e6-98adb54e24bc - - - - -] compute.resource_provider_association_refresh = 300 log_opt_values /usr/lib/python3/dist-packages/oslo_config/cfg.py:2609
2026-01-22 00:38:39.945 158531 DEBUG oslo_service.service [req-15d58d20-4918-4f63-a9e6-98adb54e24bc - - - - -] compute.shutdown_retry_interval = 10 log_opt_values /usr/lib/python3/dist-packages/oslo_config/cfg.py:2609
2026-01-22 00:38:39.945 158531 DEBUG oslo_service.service [req-15d58d20-4918-4f63-a9e6-98adb54e24bc - - - - -] compute.vmdk_allowed_types = ['streamOptimized', 'monolithicSparse'] log_opt_values /usr/lib/python3/dist-packages/oslo_config/cfg.py:2609
2026-01-22 00:38:39.946 158531 DEBUG oslo_service.service [req-15d58d20-4918-4f63-a9e6-98adb54e24bc - - - - -] conductor.workers = 4 log_opt_values /usr/lib/python3/dist-packages/oslo_config/cfg.py:2609
2026-01-22 00:38:39.946 158531 DEBUG oslo_service.service [req-15d58d20-4918-4f63-a9e6-98adb54e24bc - - - - -] console.allowed_origins = [] log_opt_values /usr/lib/python3/dist-packages/oslo_config/cfg.py:2609
2026-01-22 00:38:39.946 158531 DEBUG oslo_service.service [req-15d58d20-4918-4f63-a9e6-98adb54e24bc - - - - -] console.ssl_ciphers = None log_opt_values /usr/lib/python3/dist-packages/oslo_config/cfg.py:2609
2026-01-22 00:38:39.946 158531 DEBUG oslo_service.service [req-15d58d20-4918-4f63-a9e6-98adb54e24bc - - - - -] console.ssl_minimum_version = default log_opt_values /usr/lib/python3/dist-packages/oslo_config/cfg.py:2609
2026-01-22 00:38:39.946 158531 DEBUG oslo_service.service [req-15d58d20-4918-4f63-a9e6-98adb54e24bc - - - - -] consoleauth.token_ttl = 600 log_opt_values /usr/lib/python3/dist-packages/oslo_config/cfg.py:2609
2026-01-22 00:38:39.946 158531 DEBUG oslo_service.service [req-15d58d20-4918-4f63-a9e6-98adb54e24bc - - - - -] cyborg.cafile = None log_opt_values /usr/lib/python3/dist-packages/oslo_config/cfg.py:2609
2026-01-22 00:38:39.947 158531 DEBUG oslo_service.service [req-15d58d20-4918-4f63-a9e6-98adb54e24bc - - - - -] cyborg.certfile = None log_opt_values /usr/lib/python3/dist-packages/oslo_config/cfg.py:2609
2026-01-22 00:38:39.947 158531 DEBUG oslo_service.service [req-15d58d20-4918-4f63-a9e6-98adb54e24bc - - - - -] cyborg.collect_timing = False log_opt_values /usr/lib/python3/dist-packages/oslo_config/cfg.py:2609
2026-01-22 00:38:39.947 158531 DEBUG oslo_service.service [req-15d58d20-4918-4f63-a9e6-98adb54e24bc - - - - -] cyborg.connect_retries = None log_opt_values /usr/lib/python3/dist-packages/oslo_config/cfg.py:2609
2026-01-22 00:38:39.947 158980 DEBUG oslo_messaging._drivers.amqpdriver [-] AMQPListener connection timeout poll /usr/lib/python3/dist-packages/oslo_messaging/_drivers/amqpdriver.py:360
2026-01-22 00:38:39.947 158531 DEBUG oslo_service.service [req-15d58d20-4918-4f63-a9e6-98adb54e24bc - - - - -] cyborg.connect_retry_delay = None log_opt_values /usr/lib/python3/dist-packages/oslo_config/cfg.py:2609
2026-01-22 00:38:39.947 158980 DEBUG oslo_messaging._drivers.amqpdriver [-] Listener is running poll /usr/lib/python3/dist-packages/oslo_messaging/_drivers/amqpdriver.py:343
2026-01-22 00:38:39.947 158980 DEBUG oslo_messaging._drivers.amqpdriver [-] AMQPListener connection consume poll /usr/lib/python3/dist-packages/oslo_messaging/_drivers/amqpdriver.py:357
2026-01-22 00:38:39.947 158531 DEBUG oslo_service.service [req-15d58d20-4918-4f63-a9e6-98adb54e24bc - - - - -] cyborg.endpoint_override = None log_opt_values /usr/lib/python3/dist-packages/oslo_config/cfg.py:2609
2026-01-22 00:38:39.947 158531 DEBUG oslo_service.service [req-15d58d20-4918-4f63-a9e6-98adb54e24bc - - - - -] cyborg.insecure = False log_opt_values /usr/lib/python3/dist-packages/oslo_config/cfg.py:2609
2026-01-22 00:38:39.948 158531 DEBUG oslo_service.service [req-15d58d20-4918-4f63-a9e6-98adb54e24bc - - - - -] cyborg.keyfile = None log_opt_values /usr/lib/python3/dist-packages/oslo_config/cfg.py:2609
2026-01-22 00:38:39.948 158531 DEBUG oslo_service.service [req-15d58d20-4918-4f63-a9e6-98adb54e24bc - - - - -] cyborg.max_version = None log_opt_values /usr/lib/python3/dist-packages/oslo_config/cfg.py:2609
2026-01-22 00:38:39.948 158531 DEBUG oslo_service.service [req-15d58d20-4918-4f63-a9e6-98adb54e24bc - - - - -] cyborg.min_version = None log_opt_values /usr/lib/python3/dist-packages/oslo_config/cfg.py:2609
2026-01-22 00:38:39.948 158531 DEBUG oslo_service.service [req-15d58d20-4918-4f63-a9e6-98adb54e24bc - - - - -] cyborg.region_name = None log_opt_values /usr/lib/python3/dist-packages/oslo_config/cfg.py:2609
2026-01-22 00:38:39.948 158531 DEBUG oslo_service.service [req-15d58d20-4918-4f63-a9e6-98adb54e24bc - - - - -] cyborg.service_name = None log_opt_values /usr/lib/python3/dist-packages/oslo_config/cfg.py:2609
2026-01-22 00:38:39.948 158982 DEBUG oslo_messaging._drivers.amqpdriver [-] Listener is running poll /usr/lib/python3/dist-packages/oslo_messaging/_drivers/amqpdriver.py:343
2026-01-22 00:38:39.948 158531 DEBUG oslo_service.service [req-15d58d20-4918-4f63-a9e6-98adb54e24bc - - - - -] cyborg.service_type = accelerator log_opt_values /usr/lib/python3/dist-packages/oslo_config/cfg.py:2609
2026-01-22 00:38:39.948 158531 DEBUG oslo_service.service [req-15d58d20-4918-4f63-a9e6-98adb54e24bc - - - - -] cyborg.split_loggers = False log_opt_values /usr/lib/python3/dist-packages/oslo_config/cfg.py:2609
2026-01-22 00:38:39.948 158982 DEBUG oslo_messaging._drivers.amqpdriver [-] AMQPListener connection consume poll /usr/lib/python3/dist-packages/oslo_messaging/_drivers/amqpdriver.py:357
2026-01-22 00:38:39.949 158531 DEBUG oslo_service.service [req-15d58d20-4918-4f63-a9e6-98adb54e24bc - - - - -] cyborg.status_code_retries = None log_opt_values /usr/lib/python3/dist-packages/oslo_config/cfg.py:2609
2026-01-22 00:38:39.949 158531 DEBUG oslo_service.service [req-15d58d20-4918-4f63-a9e6-98adb54e24bc - - - - -] cyborg.status_code_retry_delay = None log_opt_values /usr/lib/python3/dist-packages/oslo_config/cfg.py:2609
2026-01-22 00:38:39.949 158531 DEBUG oslo_service.service [req-15d58d20-4918-4f63-a9e6-98adb54e24bc - - - - -] cyborg.timeout = None log_opt_values /usr/lib/python3/dist-packages/oslo_config/cfg.py:2609
2026-01-22 00:38:39.949 158531 DEBUG oslo_service.service [req-15d58d20-4918-4f63-a9e6-98adb54e24bc - - - - -] cyborg.valid_interfaces = ['internal', 'public'] log_opt_values /usr/lib/python3/dist-packages/oslo_config/cfg.py:2609
2026-01-22 00:38:39.949 158982 DEBUG nova.service [req-14624e4b-4f6d-43a8-b285-c9df923f93e1 - - - - -] Join ServiceGroup membership for this service scheduler start /usr/lib/python3/dist-packages/nova/service.py:199
2026-01-22 00:38:39.949 158531 DEBUG oslo_service.service [req-15d58d20-4918-4f63-a9e6-98adb54e24bc - - - - -] cyborg.version = None log_opt_values /usr/lib/python3/dist-packages/oslo_config/cfg.py:2609
2026-01-22 00:38:39.949 158531 DEBUG oslo_service.service [req-15d58d20-4918-4f63-a9e6-98adb54e24bc - - - - -] database.backend = sqlalchemy log_opt_values /usr/lib/python3/dist-packages/oslo_config/cfg.py:2609
2026-01-22 00:38:39.949 158982 DEBUG nova.servicegroup.drivers.db [req-14624e4b-4f6d-43a8-b285-c9df923f93e1 - - - - -] DB_Driver: join new ServiceGroup member juju-f748f2-0-lxd-7 to the scheduler group, service = join /usr/lib/python3/dist-packages/nova/servicegroup/drivers/db.py:44
2026-01-22 00:38:39.950 158531 DEBUG oslo_service.service [req-15d58d20-4918-4f63-a9e6-98adb54e24bc - - - - -] database.connection = **** log_opt_values /usr/lib/python3/dist-packages/oslo_config/cfg.py:2609
2026-01-22 00:38:39.950 158531 DEBUG oslo_service.service [req-15d58d20-4918-4f63-a9e6-98adb54e24bc - - - - -] database.connection_debug = 0 log_opt_values /usr/lib/python3/dist-packages/oslo_config/cfg.py:2609
2026-01-22 00:38:39.950 158531 DEBUG oslo_service.service [req-15d58d20-4918-4f63-a9e6-98adb54e24bc - - - - -] database.connection_parameters = log_opt_values /usr/lib/python3/dist-packages/oslo_config/cfg.py:2609
2026-01-22 00:38:39.950 158531 DEBUG oslo_service.service [req-15d58d20-4918-4f63-a9e6-98adb54e24bc - - - - -] database.connection_recycle_time = 3600 log_opt_values /usr/lib/python3/dist-packages/oslo_config/cfg.py:2609
2026-01-22 00:38:39.950 158531 DEBUG oslo_service.service [req-15d58d20-4918-4f63-a9e6-98adb54e24bc - - - - -] database.connection_trace = False log_opt_values /usr/lib/python3/dist-packages/oslo_config/cfg.py:2609
2026-01-22 00:38:39.950 158531 DEBUG oslo_service.service [req-15d58d20-4918-4f63-a9e6-98adb54e24bc - - - - -] database.db_inc_retry_interval = True log_opt_values /usr/lib/python3/dist-packages/oslo_config/cfg.py:2609
2026-01-22 00:38:39.951 158531 DEBUG oslo_service.service [req-15d58d20-4918-4f63-a9e6-98adb54e24bc - - - - -] database.db_max_retries = 20 log_opt_values /usr/lib/python3/dist-packages/oslo_config/cfg.py:2609
2026-01-22 00:38:39.951 158531 DEBUG oslo_service.service [req-15d58d20-4918-4f63-a9e6-98adb54e24bc - - - - -] database.db_max_retry_interval = 10 log_opt_values /usr/lib/python3/dist-packages/oslo_config/cfg.py:2609
2026-01-22 00:38:39.951 158531 DEBUG oslo_service.service [req-15d58d20-4918-4f63-a9e6-98adb54e24bc - - - - -] database.db_retry_interval = 1 log_opt_values /usr/lib/python3/dist-packages/oslo_config/cfg.py:2609
2026-01-22 00:38:39.951 158531 DEBUG oslo_service.service [req-15d58d20-4918-4f63-a9e6-98adb54e24bc - - - - -] database.max_overflow = 50 log_opt_values /usr/lib/python3/dist-packages/oslo_config/cfg.py:2609
2026-01-22 00:38:39.951 158531 DEBUG oslo_service.service [req-15d58d20-4918-4f63-a9e6-98adb54e24bc - - - - -] database.max_pool_size = 4 log_opt_values /usr/lib/python3/dist-packages/oslo_config/cfg.py:2609
2026-01-22 00:38:39.951 158531 DEBUG oslo_service.service [req-15d58d20-4918-4f63-a9e6-98adb54e24bc - - - - -] database.max_retries = 10 log_opt_values /usr/lib/python3/dist-packages/oslo_config/cfg.py:2609
2026-01-22 00:38:39.952 158982 DEBUG oslo_messaging._drivers.amqpdriver [-] AMQPListener connection timeout poll /usr/lib/python3/dist-packages/oslo_messaging/_drivers/amqpdriver.py:360
2026-01-22 00:38:39.952 158531 DEBUG oslo_service.service [req-15d58d20-4918-4f63-a9e6-98adb54e24bc - - - - -] database.mysql_enable_ndb = False log_opt_values /usr/lib/python3/dist-packages/oslo_config/cfg.py:2609
2026-01-22 00:38:39.952 158982 DEBUG oslo_messaging._drivers.amqpdriver [-] Listener is running poll /usr/lib/python3/dist-packages/oslo_messaging/_drivers/amqpdriver.py:343
2026-01-22 00:38:39.952 158981 DEBUG oslo_messaging._drivers.amqpdriver [-] Listener is running poll /usr/lib/python3/dist-packages/oslo_messaging/_drivers/amqpdriver.py:343
2026-01-22 00:38:39.952 158982 DEBUG oslo_messaging._drivers.amqpdriver [-] AMQPListener connection consume poll /usr/lib/python3/dist-packages/oslo_messaging/_drivers/amqpdriver.py:357
2026-01-22 00:38:39.952 158531 DEBUG oslo_service.service [req-15d58d20-4918-4f63-a9e6-98adb54e24bc - - - - -] database.mysql_sql_mode = TRADITIONAL log_opt_values /usr/lib/python3/dist-packages/oslo_config/cfg.py:2609
2026-01-22 00:38:39.953 158981 DEBUG oslo_messaging._drivers.amqpdriver [-] AMQPListener connection consume poll /usr/lib/python3/dist-packages/oslo_messaging/_drivers/amqpdriver.py:357
2026-01-22 00:38:39.953 158531 DEBUG oslo_service.service [req-15d58d20-4918-4f63-a9e6-98adb54e24bc - - - - -] database.pool_timeout = None log_opt_values /usr/lib/python3/dist-packages/oslo_config/cfg.py:2609
2026-01-22 00:38:39.953 158531 DEBUG oslo_service.service [req-15d58d20-4918-4f63-a9e6-98adb54e24bc - - - - -] database.retry_interval = 10 log_opt_values /usr/lib/python3/dist-packages/oslo_config/cfg.py:2609
2026-01-22 00:38:39.953 158531 DEBUG oslo_service.service [req-15d58d20-4918-4f63-a9e6-98adb54e24bc - - - - -] database.slave_connection = **** log_opt_values /usr/lib/python3/dist-packages/oslo_config/cfg.py:2609
2026-01-22 00:38:39.953 158531 DEBUG oslo_service.service [req-15d58d20-4918-4f63-a9e6-98adb54e24bc - - - - -] database.sqlite_synchronous = True log_opt_values /usr/lib/python3/dist-packages/oslo_config/cfg.py:2609
2026-01-22 00:38:39.953 158531 DEBUG oslo_service.service [req-15d58d20-4918-4f63-a9e6-98adb54e24bc - - - - -] database.use_db_reconnect = False log_opt_values /usr/lib/python3/dist-packages/oslo_config/cfg.py:2609
2026-01-22 00:38:39.953 158981 DEBUG nova.service [req-d91b98ba-8fb6-41df-beea-f4e7d3374157 - - - - -] Join ServiceGroup membership for this service scheduler start /usr/lib/python3/dist-packages/nova/service.py:199
2026-01-22 00:38:39.954 158531 DEBUG oslo_service.service [req-15d58d20-4918-4f63-a9e6-98adb54e24bc - - - - -] api_database.backend = sqlalchemy log_opt_values /usr/lib/python3/dist-packages/oslo_config/cfg.py:2609
2026-01-22 00:38:39.954 158981 DEBUG nova.servicegroup.drivers.db [req-d91b98ba-8fb6-41df-beea-f4e7d3374157 - - - - -] DB_Driver: join new ServiceGroup member juju-f748f2-0-lxd-7 to the scheduler group, service = join /usr/lib/python3/dist-packages/nova/servicegroup/drivers/db.py:44
2026-01-22 00:38:39.954 158531 DEBUG oslo_service.service [req-15d58d20-4918-4f63-a9e6-98adb54e24bc - - - - -] api_database.connection = **** log_opt_values /usr/lib/python3/dist-packages/oslo_config/cfg.py:2609
2026-01-22 00:38:39.954 158531 DEBUG oslo_service.service [req-15d58d20-4918-4f63-a9e6-98adb54e24bc - - - - -] api_database.connection_debug = 0 log_opt_values /usr/lib/python3/dist-packages/oslo_config/cfg.py:2609
2026-01-22 00:38:39.954 158531 DEBUG oslo_service.service [req-15d58d20-4918-4f63-a9e6-98adb54e24bc - - - - -] api_database.connection_parameters = log_opt_values /usr/lib/python3/dist-packages/oslo_config/cfg.py:2609
2026-01-22 00:38:39.954 158531 DEBUG oslo_service.service [req-15d58d20-4918-4f63-a9e6-98adb54e24bc - - - - -] api_database.connection_recycle_time = 3600 log_opt_values /usr/lib/python3/dist-packages/oslo_config/cfg.py:2609
2026-01-22 00:38:39.954 158531 DEBUG oslo_service.service [req-15d58d20-4918-4f63-a9e6-98adb54e24bc - - - - -] api_database.connection_trace = False log_opt_values /usr/lib/python3/dist-packages/oslo_config/cfg.py:2609
2026-01-22 00:38:39.955 158531 DEBUG oslo_service.service [req-15d58d20-4918-4f63-a9e6-98adb54e24bc - - - - -] api_database.db_inc_retry_interval = True log_opt_values /usr/lib/python3/dist-packages/oslo_config/cfg.py:2609
2026-01-22 00:38:39.955 158531 DEBUG oslo_service.service [req-15d58d20-4918-4f63-a9e6-98adb54e24bc - - - - -] api_database.db_max_retries = 20 log_opt_values /usr/lib/python3/dist-packages/oslo_config/cfg.py:2609
2026-01-22 00:38:39.955 158531 DEBUG oslo_service.service [req-15d58d20-4918-4f63-a9e6-98adb54e24bc - - - - -] api_database.db_max_retry_interval = 10 log_opt_values /usr/lib/python3/dist-packages/oslo_config/cfg.py:2609
2026-01-22 00:38:39.955 158531 DEBUG oslo_service.service [req-15d58d20-4918-4f63-a9e6-98adb54e24bc - - - - -] api_database.db_retry_interval = 1 log_opt_values /usr/lib/python3/dist-packages/oslo_config/cfg.py:2609
2026-01-22 00:38:39.955 158531 DEBUG oslo_service.service [req-15d58d20-4918-4f63-a9e6-98adb54e24bc - - - - -] api_database.max_overflow = 50 log_opt_values /usr/lib/python3/dist-packages/oslo_config/cfg.py:2609
2026-01-22 00:38:39.955 158531 DEBUG oslo_service.service [req-15d58d20-4918-4f63-a9e6-98adb54e24bc - - - - -] api_database.max_pool_size = 4 log_opt_values /usr/lib/python3/dist-packages/oslo_config/cfg.py:2609
2026-01-22 00:38:39.955 158531 DEBUG oslo_service.service [req-15d58d20-4918-4f63-a9e6-98adb54e24bc - - - - -] api_database.max_retries = 10 log_opt_values /usr/lib/python3/dist-packages/oslo_config/cfg.py:2609
2026-01-22 00:38:39.956 158531 DEBUG oslo_service.service [req-15d58d20-4918-4f63-a9e6-98adb54e24bc - - - - -] api_database.mysql_enable_ndb = False log_opt_values /usr/lib/python3/dist-packages/oslo_config/cfg.py:2609
2026-01-22 00:38:39.956 158531 DEBUG oslo_service.service [req-15d58d20-4918-4f63-a9e6-98adb54e24bc - - - - -] api_database.mysql_sql_mode = TRADITIONAL log_opt_values /usr/lib/python3/dist-packages/oslo_config/cfg.py:2609
2026-01-22 00:38:39.956 158531 DEBUG oslo_service.service [req-15d58d20-4918-4f63-a9e6-98adb54e24bc - - - - -] api_database.pool_timeout = None log_opt_values /usr/lib/python3/dist-packages/oslo_config/cfg.py:2609
2026-01-22 00:38:39.956 158981 DEBUG oslo_messaging._drivers.amqpdriver [-] AMQPListener connection timeout poll /usr/lib/python3/dist-packages/oslo_messaging/_drivers/amqpdriver.py:360
2026-01-22 00:38:39.956 158531 DEBUG oslo_service.service [req-15d58d20-4918-4f63-a9e6-98adb54e24bc - - - - -] api_database.retry_interval = 10 log_opt_values /usr/lib/python3/dist-packages/oslo_config/cfg.py:2609
2026-01-22 00:38:39.956 158531 DEBUG oslo_service.service [req-15d58d20-4918-4f63-a9e6-98adb54e24bc - - - - -] api_database.slave_connection = **** log_opt_values /usr/lib/python3/dist-packages/oslo_config/cfg.py:2609
2026-01-22 00:38:39.956 158981 DEBUG oslo_messaging._drivers.amqpdriver [-] Listener is running poll /usr/lib/python3/dist-packages/oslo_messaging/_drivers/amqpdriver.py:343
2026-01-22 00:38:39.956 158531 DEBUG oslo_service.service [req-15d58d20-4918-4f63-a9e6-98adb54e24bc - - - - -] api_database.sqlite_synchronous = True log_opt_values /usr/lib/python3/dist-packages/oslo_config/cfg.py:2609
2026-01-22 00:38:39.956 158981 DEBUG oslo_messaging._drivers.amqpdriver [-] AMQPListener connection consume poll /usr/lib/python3/dist-packages/oslo_messaging/_drivers/amqpdriver.py:357
2026-01-22 00:38:39.957 158531 DEBUG oslo_service.service [req-15d58d20-4918-4f63-a9e6-98adb54e24bc - - - - -] devices.enabled_mdev_types = [] log_opt_values /usr/lib/python3/dist-packages/oslo_config/cfg.py:2609
2026-01-22 00:38:39.957 158531 DEBUG oslo_service.service [req-15d58d20-4918-4f63-a9e6-98adb54e24bc - - - - -] ephemeral_storage_encryption.cipher = aes-xts-plain64 log_opt_values /usr/lib/python3/dist-packages/oslo_config/cfg.py:2609
2026-01-22 00:38:39.957 158531 DEBUG oslo_service.service [req-15d58d20-4918-4f63-a9e6-98adb54e24bc - - - - -] ephemeral_storage_encryption.enabled = False log_opt_values /usr/lib/python3/dist-packages/oslo_config/cfg.py:2609
2026-01-22 00:38:39.957 158531 DEBUG oslo_service.service [req-15d58d20-4918-4f63-a9e6-98adb54e24bc - - - - -] ephemeral_storage_encryption.key_size = 512 log_opt_values /usr/lib/python3/dist-packages/oslo_config/cfg.py:2609
2026-01-22 00:38:39.957 158531 WARNING oslo_config.cfg [req-15d58d20-4918-4f63-a9e6-98adb54e24bc - - - - -] Deprecated: Option "api_servers" from group "glance" is deprecated for removal ( Support for image service configuration via standard keystoneauth1 Adapter options was added in the 17.0.0 Queens release. The api_servers option was retained temporarily to allow consumers time to cut over to a real load balancing solution. ). Its value may be silently ignored in the future.
2026-01-22 00:38:39.957 158531 DEBUG oslo_service.service [req-15d58d20-4918-4f63-a9e6-98adb54e24bc - - - - -] glance.api_servers = ['http://252.23.203.4:9292'] log_opt_values /usr/lib/python3/dist-packages/oslo_config/cfg.py:2609
2026-01-22 00:38:39.958 158531 DEBUG oslo_service.service [req-15d58d20-4918-4f63-a9e6-98adb54e24bc - - - - -] glance.cafile = None log_opt_values /usr/lib/python3/dist-packages/oslo_config/cfg.py:2609
2026-01-22 00:38:39.958 158531 DEBUG oslo_service.service [req-15d58d20-4918-4f63-a9e6-98adb54e24bc - - - - -] glance.certfile = None log_opt_values /usr/lib/python3/dist-packages/oslo_config/cfg.py:2609
2026-01-22 00:38:39.958 158531 DEBUG oslo_service.service [req-15d58d20-4918-4f63-a9e6-98adb54e24bc - - - - -] glance.collect_timing = False log_opt_values /usr/lib/python3/dist-packages/oslo_config/cfg.py:2609
2026-01-22 00:38:39.958 158531 DEBUG oslo_service.service [req-15d58d20-4918-4f63-a9e6-98adb54e24bc - - - - -] glance.connect_retries = None log_opt_values /usr/lib/python3/dist-packages/oslo_config/cfg.py:2609
2026-01-22 00:38:39.958 158531 DEBUG oslo_service.service [req-15d58d20-4918-4f63-a9e6-98adb54e24bc - - - - -] glance.connect_retry_delay = None log_opt_values /usr/lib/python3/dist-packages/oslo_config/cfg.py:2609
2026-01-22 00:38:39.959 158531 DEBUG oslo_service.service [req-15d58d20-4918-4f63-a9e6-98adb54e24bc - - - - -] glance.debug = False log_opt_values /usr/lib/python3/dist-packages/oslo_config/cfg.py:2609
2026-01-22 00:38:39.959 158531 DEBUG oslo_service.service [req-15d58d20-4918-4f63-a9e6-98adb54e24bc - - - - -] glance.default_trusted_certificate_ids = [] log_opt_values /usr/lib/python3/dist-packages/oslo_config/cfg.py:2609
2026-01-22 00:38:39.959 158531 DEBUG oslo_service.service [req-15d58d20-4918-4f63-a9e6-98adb54e24bc - - - - -] glance.enable_certificate_validation = False log_opt_values /usr/lib/python3/dist-packages/oslo_config/cfg.py:2609
2026-01-22 00:38:39.959 158531 DEBUG oslo_service.service [req-15d58d20-4918-4f63-a9e6-98adb54e24bc - - - - -] glance.enable_rbd_download = False log_opt_values /usr/lib/python3/dist-packages/oslo_config/cfg.py:2609
2026-01-22 00:38:39.959 158531 DEBUG oslo_service.service [req-15d58d20-4918-4f63-a9e6-98adb54e24bc - - - - -] glance.endpoint_override = None log_opt_values /usr/lib/python3/dist-packages/oslo_config/cfg.py:2609
2026-01-22 00:38:39.959 158531 DEBUG oslo_service.service [req-15d58d20-4918-4f63-a9e6-98adb54e24bc - - - - -] glance.insecure = False log_opt_values /usr/lib/python3/dist-packages/oslo_config/cfg.py:2609
2026-01-22 00:38:39.959 158531 DEBUG oslo_service.service [req-15d58d20-4918-4f63-a9e6-98adb54e24bc - - - - -] glance.keyfile = None log_opt_values /usr/lib/python3/dist-packages/oslo_config/cfg.py:2609
2026-01-22 00:38:39.960 158531 DEBUG oslo_service.service [req-15d58d20-4918-4f63-a9e6-98adb54e24bc - - - - -] glance.max_version = None log_opt_values /usr/lib/python3/dist-packages/oslo_config/cfg.py:2609
2026-01-22 00:38:39.960 158531 DEBUG oslo_service.service [req-15d58d20-4918-4f63-a9e6-98adb54e24bc - - - - -] glance.min_version = None log_opt_values /usr/lib/python3/dist-packages/oslo_config/cfg.py:2609
2026-01-22 00:38:39.960 158531 DEBUG oslo_service.service [req-15d58d20-4918-4f63-a9e6-98adb54e24bc - - - - -] glance.num_retries = 3 log_opt_values /usr/lib/python3/dist-packages/oslo_config/cfg.py:2609
2026-01-22 00:38:39.960 158531 DEBUG oslo_service.service [req-15d58d20-4918-4f63-a9e6-98adb54e24bc - - - - -] glance.rbd_ceph_conf = log_opt_values /usr/lib/python3/dist-packages/oslo_config/cfg.py:2609
2026-01-22 00:38:39.960 158531 DEBUG oslo_service.service [req-15d58d20-4918-4f63-a9e6-98adb54e24bc - - - - -] glance.rbd_connect_timeout = 5 log_opt_values /usr/lib/python3/dist-packages/oslo_config/cfg.py:2609
2026-01-22 00:38:39.961 158531 DEBUG oslo_service.service [req-15d58d20-4918-4f63-a9e6-98adb54e24bc - - - - -] glance.rbd_pool = log_opt_values /usr/lib/python3/dist-packages/oslo_config/cfg.py:2609
2026-01-22 00:38:39.961 158531 DEBUG oslo_service.service [req-15d58d20-4918-4f63-a9e6-98adb54e24bc - - - - -] glance.rbd_user = log_opt_values /usr/lib/python3/dist-packages/oslo_config/cfg.py:2609
2026-01-22 00:38:39.961 158531 DEBUG oslo_service.service [req-15d58d20-4918-4f63-a9e6-98adb54e24bc - - - - -] glance.region_name = None log_opt_values /usr/lib/python3/dist-packages/oslo_config/cfg.py:2609
2026-01-22 00:38:39.961 158531 DEBUG oslo_service.service [req-15d58d20-4918-4f63-a9e6-98adb54e24bc - - - - -] glance.service_name = None log_opt_values /usr/lib/python3/dist-packages/oslo_config/cfg.py:2609
2026-01-22 00:38:39.961 158531 DEBUG oslo_service.service [req-15d58d20-4918-4f63-a9e6-98adb54e24bc - - - - -] glance.service_type = image log_opt_values /usr/lib/python3/dist-packages/oslo_config/cfg.py:2609
2026-01-22 00:38:39.961 158531 DEBUG oslo_service.service [req-15d58d20-4918-4f63-a9e6-98adb54e24bc - - - - -] glance.split_loggers = False log_opt_values /usr/lib/python3/dist-packages/oslo_config/cfg.py:2609
2026-01-22 00:38:39.962 158531 DEBUG oslo_service.service [req-15d58d20-4918-4f63-a9e6-98adb54e24bc - - - - -] glance.status_code_retries = None log_opt_values /usr/lib/python3/dist-packages/oslo_config/cfg.py:2609
2026-01-22 00:38:39.962 158531 DEBUG oslo_service.service [req-15d58d20-4918-4f63-a9e6-98adb54e24bc - - - - -] glance.status_code_retry_delay = None log_opt_values /usr/lib/python3/dist-packages/oslo_config/cfg.py:2609
2026-01-22 00:38:39.962 158531 DEBUG oslo_service.service [req-15d58d20-4918-4f63-a9e6-98adb54e24bc - - - - -] glance.timeout = None log_opt_values /usr/lib/python3/dist-packages/oslo_config/cfg.py:2609
2026-01-22 00:38:39.962 158531 DEBUG oslo_service.service [req-15d58d20-4918-4f63-a9e6-98adb54e24bc - - - - -] glance.valid_interfaces = ['internal', 'public'] log_opt_values /usr/lib/python3/dist-packages/oslo_config/cfg.py:2609
2026-01-22 00:38:39.962 158531 DEBUG oslo_service.service [req-15d58d20-4918-4f63-a9e6-98adb54e24bc - - - - -] glance.verify_glance_signatures = False log_opt_values /usr/lib/python3/dist-packages/oslo_config/cfg.py:2609
2026-01-22 00:38:39.962 158531 DEBUG oslo_service.service [req-15d58d20-4918-4f63-a9e6-98adb54e24bc - - - - -] glance.version = None log_opt_values /usr/lib/python3/dist-packages/oslo_config/cfg.py:2609
2026-01-22 00:38:39.963 158531 DEBUG oslo_service.service [req-15d58d20-4918-4f63-a9e6-98adb54e24bc - - - - -] guestfs.debug = False log_opt_values /usr/lib/python3/dist-packages/oslo_config/cfg.py:2609
2026-01-22 00:38:39.963 158531 DEBUG oslo_service.service [req-15d58d20-4918-4f63-a9e6-98adb54e24bc - - - - -] hyperv.config_drive_cdrom = False log_opt_values /usr/lib/python3/dist-packages/oslo_config/cfg.py:2609
2026-01-22 00:38:39.963 158531 DEBUG oslo_service.service [req-15d58d20-4918-4f63-a9e6-98adb54e24bc - - - - -] hyperv.config_drive_inject_password = False log_opt_values /usr/lib/python3/dist-packages/oslo_config/cfg.py:2609
2026-01-22 00:38:39.963 158531 DEBUG oslo_service.service [req-15d58d20-4918-4f63-a9e6-98adb54e24bc - - - - -] hyperv.dynamic_memory_ratio = 1.0 log_opt_values /usr/lib/python3/dist-packages/oslo_config/cfg.py:2609
2026-01-22 00:38:39.963 158531 DEBUG oslo_service.service [req-15d58d20-4918-4f63-a9e6-98adb54e24bc - - - - -] hyperv.enable_instance_metrics_collection = False log_opt_values /usr/lib/python3/dist-packages/oslo_config/cfg.py:2609
2026-01-22 00:38:39.963 158531 DEBUG oslo_service.service [req-15d58d20-4918-4f63-a9e6-98adb54e24bc - - - - -] hyperv.enable_remotefx = False log_opt_values /usr/lib/python3/dist-packages/oslo_config/cfg.py:2609
2026-01-22 00:38:39.964 158531 DEBUG oslo_service.service [req-15d58d20-4918-4f63-a9e6-98adb54e24bc - - - - -] hyperv.instances_path_share = log_opt_values /usr/lib/python3/dist-packages/oslo_config/cfg.py:2609
2026-01-22 00:38:39.964 158531 DEBUG oslo_service.service [req-15d58d20-4918-4f63-a9e6-98adb54e24bc - - - - -] hyperv.iscsi_initiator_list = [] log_opt_values /usr/lib/python3/dist-packages/oslo_config/cfg.py:2609
2026-01-22 00:38:39.964 158531 DEBUG oslo_service.service [req-15d58d20-4918-4f63-a9e6-98adb54e24bc - - - - -] hyperv.limit_cpu_features = False log_opt_values /usr/lib/python3/dist-packages/oslo_config/cfg.py:2609
2026-01-22 00:38:39.964 158531 DEBUG oslo_service.service [req-15d58d20-4918-4f63-a9e6-98adb54e24bc - - - - -] hyperv.mounted_disk_query_retry_count = 10 log_opt_values /usr/lib/python3/dist-packages/oslo_config/cfg.py:2609
2026-01-22 00:38:39.964 158531 DEBUG oslo_service.service [req-15d58d20-4918-4f63-a9e6-98adb54e24bc - - - - -] hyperv.mounted_disk_query_retry_interval = 5 log_opt_values /usr/lib/python3/dist-packages/oslo_config/cfg.py:2609
2026-01-22 00:38:39.964 158531 DEBUG oslo_service.service [req-15d58d20-4918-4f63-a9e6-98adb54e24bc - - - - -] hyperv.power_state_check_timeframe = 60 log_opt_values /usr/lib/python3/dist-packages/oslo_config/cfg.py:2609
2026-01-22 00:38:39.965 158531 DEBUG oslo_service.service [req-15d58d20-4918-4f63-a9e6-98adb54e24bc - - - - -] hyperv.power_state_event_polling_interval = 2 log_opt_values /usr/lib/python3/dist-packages/oslo_config/cfg.py:2609
2026-01-22 00:38:39.965 158531 DEBUG oslo_service.service [req-15d58d20-4918-4f63-a9e6-98adb54e24bc - - - - -] hyperv.qemu_img_cmd = qemu-img.exe log_opt_values /usr/lib/python3/dist-packages/oslo_config/cfg.py:2609
2026-01-22 00:38:39.965 158531 DEBUG oslo_service.service [req-15d58d20-4918-4f63-a9e6-98adb54e24bc - - - - -] hyperv.use_multipath_io = False log_opt_values /usr/lib/python3/dist-packages/oslo_config/cfg.py:2609
2026-01-22 00:38:39.965 158531 DEBUG oslo_service.service [req-15d58d20-4918-4f63-a9e6-98adb54e24bc - - - - -] hyperv.volume_attach_retry_count = 10 log_opt_values /usr/lib/python3/dist-packages/oslo_config/cfg.py:2609
2026-01-22 00:38:39.965 158531 DEBUG oslo_service.service [req-15d58d20-4918-4f63-a9e6-98adb54e24bc - - - - -] hyperv.volume_attach_retry_interval = 5 log_opt_values /usr/lib/python3/dist-packages/oslo_config/cfg.py:2609
2026-01-22 00:38:39.965 158531 DEBUG oslo_service.service [req-15d58d20-4918-4f63-a9e6-98adb54e24bc - - - - -] hyperv.vswitch_name = None log_opt_values /usr/lib/python3/dist-packages/oslo_config/cfg.py:2609
2026-01-22 00:38:39.965 158531 DEBUG oslo_service.service [req-15d58d20-4918-4f63-a9e6-98adb54e24bc - - - - -] hyperv.wait_soft_reboot_seconds = 60 log_opt_values /usr/lib/python3/dist-packages/oslo_config/cfg.py:2609
2026-01-22 00:38:39.966 158531 DEBUG oslo_service.service [req-15d58d20-4918-4f63-a9e6-98adb54e24bc - - - - -] mks.enabled = False log_opt_values /usr/lib/python3/dist-packages/oslo_config/cfg.py:2609
2026-01-22 00:38:39.966 158531 DEBUG oslo_service.service [req-15d58d20-4918-4f63-a9e6-98adb54e24bc - - - - -] mks.mksproxy_base_url = http://127.0.0.1:6090/ log_opt_values /usr/lib/python3/dist-packages/oslo_config/cfg.py:2609
2026-01-22 00:38:39.966 158531 DEBUG oslo_service.service [req-15d58d20-4918-4f63-a9e6-98adb54e24bc - - - - -] image_cache.manager_interval = 2400 log_opt_values /usr/lib/python3/dist-packages/oslo_config/cfg.py:2609
2026-01-22 00:38:39.967 158531 DEBUG oslo_service.service [req-15d58d20-4918-4f63-a9e6-98adb54e24bc - - - - -] image_cache.precache_concurrency = 1 log_opt_values /usr/lib/python3/dist-packages/oslo_config/cfg.py:2609
2026-01-22 00:38:39.967 158531 DEBUG oslo_service.service [req-15d58d20-4918-4f63-a9e6-98adb54e24bc - - - - -] image_cache.remove_unused_base_images = True log_opt_values /usr/lib/python3/dist-packages/oslo_config/cfg.py:2609
2026-01-22 00:38:39.967 158531 DEBUG oslo_service.service [req-15d58d20-4918-4f63-a9e6-98adb54e24bc - - - - -] image_cache.remove_unused_original_minimum_age_seconds = 86400 log_opt_values /usr/lib/python3/dist-packages/oslo_config/cfg.py:2609
2026-01-22 00:38:39.967 158531 DEBUG oslo_service.service [req-15d58d20-4918-4f63-a9e6-98adb54e24bc - - - - -] image_cache.remove_unused_resized_minimum_age_seconds = 3600 log_opt_values /usr/lib/python3/dist-packages/oslo_config/cfg.py:2609
2026-01-22 00:38:39.967 158531 DEBUG oslo_service.service [req-15d58d20-4918-4f63-a9e6-98adb54e24bc - - - - -] image_cache.subdirectory_name = _base log_opt_values /usr/lib/python3/dist-packages/oslo_config/cfg.py:2609
2026-01-22 00:38:39.967 158531 DEBUG oslo_service.service [req-15d58d20-4918-4f63-a9e6-98adb54e24bc - - - - -] ironic.api_max_retries = 60 log_opt_values /usr/lib/python3/dist-packages/oslo_config/cfg.py:2609
2026-01-22 00:38:39.968 158531 DEBUG oslo_service.service [req-15d58d20-4918-4f63-a9e6-98adb54e24bc - - - - -] ironic.api_retry_interval = 2 log_opt_values /usr/lib/python3/dist-packages/oslo_config/cfg.py:2609
2026-01-22 00:38:39.968 158531 DEBUG oslo_service.service [req-15d58d20-4918-4f63-a9e6-98adb54e24bc - - - - -] ironic.auth_section = None log_opt_values /usr/lib/python3/dist-packages/oslo_config/cfg.py:2609
2026-01-22 00:38:39.968 158531 DEBUG oslo_service.service [req-15d58d20-4918-4f63-a9e6-98adb54e24bc - - - - -] ironic.auth_type = None log_opt_values /usr/lib/python3/dist-packages/oslo_config/cfg.py:2609
