2026-01-22 00:38:24.477 152863 DEBUG oslo_service.service [req-e8283f01-97c9-4284-866d-ffb84cfe4a6a - - - - -] database.backend = sqlalchemy log_opt_values /usr/lib/python3/dist-packages/oslo_config/cfg.py:2609
2026-01-22 00:38:24.478 152863 DEBUG oslo_service.service [req-e8283f01-97c9-4284-866d-ffb84cfe4a6a - - - - -] database.connection = **** log_opt_values /usr/lib/python3/dist-packages/oslo_config/cfg.py:2609
2026-01-22 00:38:24.478 152863 DEBUG oslo_service.service [req-e8283f01-97c9-4284-866d-ffb84cfe4a6a - - - - -] database.connection_debug = 0 log_opt_values /usr/lib/python3/dist-packages/oslo_config/cfg.py:2609
2026-01-22 00:38:24.478 152863 DEBUG oslo_service.service [req-e8283f01-97c9-4284-866d-ffb84cfe4a6a - - - - -] database.connection_parameters = log_opt_values /usr/lib/python3/dist-packages/oslo_config/cfg.py:2609
2026-01-22 00:38:24.478 152863 DEBUG oslo_service.service [req-e8283f01-97c9-4284-866d-ffb84cfe4a6a - - - - -] database.connection_recycle_time = 3600 log_opt_values /usr/lib/python3/dist-packages/oslo_config/cfg.py:2609
2026-01-22 00:38:24.478 152863 DEBUG oslo_service.service [req-e8283f01-97c9-4284-866d-ffb84cfe4a6a - - - - -] database.connection_trace = False log_opt_values /usr/lib/python3/dist-packages/oslo_config/cfg.py:2609
2026-01-22 00:38:24.478 152863 DEBUG oslo_service.service [req-e8283f01-97c9-4284-866d-ffb84cfe4a6a - - - - -] database.db_inc_retry_interval = True log_opt_values /usr/lib/python3/dist-packages/oslo_config/cfg.py:2609
2026-01-22 00:38:24.479 152863 DEBUG oslo_service.service [req-e8283f01-97c9-4284-866d-ffb84cfe4a6a - - - - -] database.db_max_retries = 20 log_opt_values /usr/lib/python3/dist-packages/oslo_config/cfg.py:2609
2026-01-22 00:38:24.479 152863 DEBUG oslo_service.service [req-e8283f01-97c9-4284-866d-ffb84cfe4a6a - - - - -] database.db_max_retry_interval = 10 log_opt_values /usr/lib/python3/dist-packages/oslo_config/cfg.py:2609
2026-01-22 00:38:24.479 152863 DEBUG oslo_service.service [req-e8283f01-97c9-4284-866d-ffb84cfe4a6a - - - - -] database.db_retry_interval = 1 log_opt_values /usr/lib/python3/dist-packages/oslo_config/cfg.py:2609
2026-01-22 00:38:24.479 152863 DEBUG oslo_service.service [req-e8283f01-97c9-4284-866d-ffb84cfe4a6a - - - - -] database.max_overflow = 50 log_opt_values /usr/lib/python3/dist-packages/oslo_config/cfg.py:2609
2026-01-22 00:38:24.479 152863 DEBUG oslo_service.service [req-e8283f01-97c9-4284-866d-ffb84cfe4a6a - - - - -] database.max_pool_size = 4 log_opt_values /usr/lib/python3/dist-packages/oslo_config/cfg.py:2609
2026-01-22 00:38:24.479 152863 DEBUG oslo_service.service [req-e8283f01-97c9-4284-866d-ffb84cfe4a6a - - - - -] database.max_retries = 10 log_opt_values /usr/lib/python3/dist-packages/oslo_config/cfg.py:2609
2026-01-22 00:38:24.479 152863 DEBUG oslo_service.service [req-e8283f01-97c9-4284-866d-ffb84cfe4a6a - - - - -] database.mysql_enable_ndb = False log_opt_values /usr/lib/python3/dist-packages/oslo_config/cfg.py:2609
2026-01-22 00:38:24.480 152863 DEBUG oslo_service.service [req-e8283f01-97c9-4284-866d-ffb84cfe4a6a - - - - -] database.mysql_sql_mode = TRADITIONAL log_opt_values /usr/lib/python3/dist-packages/oslo_config/cfg.py:2609
2026-01-22 00:38:24.480 152863 DEBUG oslo_service.service [req-e8283f01-97c9-4284-866d-ffb84cfe4a6a - - - - -] database.pool_timeout = None log_opt_values /usr/lib/python3/dist-packages/oslo_config/cfg.py:2609
2026-01-22 00:38:24.480 152863 DEBUG oslo_service.service [req-e8283f01-97c9-4284-866d-ffb84cfe4a6a - - - - -] database.retry_interval = 10 log_opt_values /usr/lib/python3/dist-packages/oslo_config/cfg.py:2609
2026-01-22 00:38:24.480 152863 DEBUG oslo_service.service [req-e8283f01-97c9-4284-866d-ffb84cfe4a6a - - - - -] database.slave_connection = **** log_opt_values /usr/lib/python3/dist-packages/oslo_config/cfg.py:2609
2026-01-22 00:38:24.480 152863 DEBUG oslo_service.service [req-e8283f01-97c9-4284-866d-ffb84cfe4a6a - - - - -] database.sqlite_synchronous = True log_opt_values /usr/lib/python3/dist-packages/oslo_config/cfg.py:2609
2026-01-22 00:38:24.480 152863 DEBUG oslo_service.service [req-e8283f01-97c9-4284-866d-ffb84cfe4a6a - - - - -] database.use_db_reconnect = False log_opt_values /usr/lib/python3/dist-packages/oslo_config/cfg.py:2609
2026-01-22 00:38:24.481 152863 DEBUG oslo_service.service [req-e8283f01-97c9-4284-866d-ffb84cfe4a6a - - - - -] api_database.backend = sqlalchemy log_opt_values /usr/lib/python3/dist-packages/oslo_config/cfg.py:2609
2026-01-22 00:38:24.481 152863 DEBUG oslo_service.service [req-e8283f01-97c9-4284-866d-ffb84cfe4a6a - - - - -] api_database.connection = **** log_opt_values /usr/lib/python3/dist-packages/oslo_config/cfg.py:2609
2026-01-22 00:38:24.481 152863 DEBUG oslo_service.service [req-e8283f01-97c9-4284-866d-ffb84cfe4a6a - - - - -] api_database.connection_debug = 0 log_opt_values /usr/lib/python3/dist-packages/oslo_config/cfg.py:2609
2026-01-22 00:38:24.481 152863 DEBUG oslo_service.service [req-e8283f01-97c9-4284-866d-ffb84cfe4a6a - - - - -] api_database.connection_parameters = log_opt_values /usr/lib/python3/dist-packages/oslo_config/cfg.py:2609
2026-01-22 00:38:24.481 152863 DEBUG oslo_service.service [req-e8283f01-97c9-4284-866d-ffb84cfe4a6a - - - - -] api_database.connection_recycle_time = 3600 log_opt_values /usr/lib/python3/dist-packages/oslo_config/cfg.py:2609
2026-01-22 00:38:24.481 152863 DEBUG oslo_service.service [req-e8283f01-97c9-4284-866d-ffb84cfe4a6a - - - - -] api_database.connection_trace = False log_opt_values /usr/lib/python3/dist-packages/oslo_config/cfg.py:2609
2026-01-22 00:38:24.482 152863 DEBUG oslo_service.service [req-e8283f01-97c9-4284-866d-ffb84cfe4a6a - - - - -] api_database.db_inc_retry_interval = True log_opt_values /usr/lib/python3/dist-packages/oslo_config/cfg.py:2609
2026-01-22 00:38:24.482 152863 DEBUG oslo_service.service [req-e8283f01-97c9-4284-866d-ffb84cfe4a6a - - - - -] api_database.db_max_retries = 20 log_opt_values /usr/lib/python3/dist-packages/oslo_config/cfg.py:2609
2026-01-22 00:38:24.482 153381 DEBUG nova.service [req-7733af19-1669-4645-a89b-132e0014355c - - - - -] Creating RPC server for service scheduler start /usr/lib/python3/dist-packages/nova/service.py:182
2026-01-22 00:38:24.482 152863 DEBUG oslo_service.service [req-e8283f01-97c9-4284-866d-ffb84cfe4a6a - - - - -] api_database.db_max_retry_interval = 10 log_opt_values /usr/lib/python3/dist-packages/oslo_config/cfg.py:2609
2026-01-22 00:38:24.481 153373 DEBUG oslo_messaging._drivers.amqpdriver [-] Listener is running poll /usr/lib/python3/dist-packages/oslo_messaging/_drivers/amqpdriver.py:343
2026-01-22 00:38:24.482 152863 DEBUG oslo_service.service [req-e8283f01-97c9-4284-866d-ffb84cfe4a6a - - - - -] api_database.db_retry_interval = 1 log_opt_values /usr/lib/python3/dist-packages/oslo_config/cfg.py:2609
2026-01-22 00:38:24.482 153375 DEBUG oslo_messaging._drivers.amqpdriver [-] Listener is running poll /usr/lib/python3/dist-packages/oslo_messaging/_drivers/amqpdriver.py:343
2026-01-22 00:38:24.482 153373 DEBUG oslo_messaging._drivers.amqpdriver [-] AMQPListener connection consume poll /usr/lib/python3/dist-packages/oslo_messaging/_drivers/amqpdriver.py:357
2026-01-22 00:38:24.482 152863 DEBUG oslo_service.service [req-e8283f01-97c9-4284-866d-ffb84cfe4a6a - - - - -] api_database.max_overflow = 50 log_opt_values /usr/lib/python3/dist-packages/oslo_config/cfg.py:2609
2026-01-22 00:38:24.482 153375 DEBUG oslo_messaging._drivers.amqpdriver [-] AMQPListener connection consume poll /usr/lib/python3/dist-packages/oslo_messaging/_drivers/amqpdriver.py:357
2026-01-22 00:38:24.482 152863 DEBUG oslo_service.service [req-e8283f01-97c9-4284-866d-ffb84cfe4a6a - - - - -] api_database.max_pool_size = 4 log_opt_values /usr/lib/python3/dist-packages/oslo_config/cfg.py:2609
2026-01-22 00:38:24.483 152863 DEBUG oslo_service.service [req-e8283f01-97c9-4284-866d-ffb84cfe4a6a - - - - -] api_database.max_retries = 10 log_opt_values /usr/lib/python3/dist-packages/oslo_config/cfg.py:2609
2026-01-22 00:38:24.483 152863 DEBUG oslo_service.service [req-e8283f01-97c9-4284-866d-ffb84cfe4a6a - - - - -] api_database.mysql_enable_ndb = False log_opt_values /usr/lib/python3/dist-packages/oslo_config/cfg.py:2609
2026-01-22 00:38:24.482 153373 DEBUG nova.service [req-2ece755c-4cd3-4822-bdc6-492b0d34361a - - - - -] Join ServiceGroup membership for this service scheduler start /usr/lib/python3/dist-packages/nova/service.py:199
2026-01-22 00:38:24.483 152863 DEBUG oslo_service.service [req-e8283f01-97c9-4284-866d-ffb84cfe4a6a - - - - -] api_database.mysql_sql_mode = TRADITIONAL log_opt_values /usr/lib/python3/dist-packages/oslo_config/cfg.py:2609
2026-01-22 00:38:24.483 152863 DEBUG oslo_service.service [req-e8283f01-97c9-4284-866d-ffb84cfe4a6a - - - - -] api_database.pool_timeout = None log_opt_values /usr/lib/python3/dist-packages/oslo_config/cfg.py:2609
2026-01-22 00:38:24.483 153373 DEBUG nova.servicegroup.drivers.db [req-2ece755c-4cd3-4822-bdc6-492b0d34361a - - - - -] DB_Driver: join new ServiceGroup member juju-f748f2-0-lxd-7 to the scheduler group, service = join /usr/lib/python3/dist-packages/nova/servicegroup/drivers/db.py:44
2026-01-22 00:38:24.483 153375 DEBUG nova.service [req-ce487622-3f62-4e5d-a1d0-60a404879322 - - - - -] Join ServiceGroup membership for this service scheduler start /usr/lib/python3/dist-packages/nova/service.py:199
2026-01-22 00:38:24.483 152863 DEBUG oslo_service.service [req-e8283f01-97c9-4284-866d-ffb84cfe4a6a - - - - -] api_database.retry_interval = 10 log_opt_values /usr/lib/python3/dist-packages/oslo_config/cfg.py:2609
2026-01-22 00:38:24.483 152863 DEBUG oslo_service.service [req-e8283f01-97c9-4284-866d-ffb84cfe4a6a - - - - -] api_database.slave_connection = **** log_opt_values /usr/lib/python3/dist-packages/oslo_config/cfg.py:2609
2026-01-22 00:38:24.483 153375 DEBUG nova.servicegroup.drivers.db [req-ce487622-3f62-4e5d-a1d0-60a404879322 - - - - -] DB_Driver: join new ServiceGroup member juju-f748f2-0-lxd-7 to the scheduler group, service = join /usr/lib/python3/dist-packages/nova/servicegroup/drivers/db.py:44
2026-01-22 00:38:24.483 152863 DEBUG oslo_service.service [req-e8283f01-97c9-4284-866d-ffb84cfe4a6a - - - - -] api_database.sqlite_synchronous = True log_opt_values /usr/lib/python3/dist-packages/oslo_config/cfg.py:2609
2026-01-22 00:38:24.483 153363 DEBUG oslo_messaging._drivers.amqpdriver [-] Listener is running poll /usr/lib/python3/dist-packages/oslo_messaging/_drivers/amqpdriver.py:343
2026-01-22 00:38:24.484 152863 DEBUG oslo_service.service [req-e8283f01-97c9-4284-866d-ffb84cfe4a6a - - - - -] devices.enabled_mdev_types = [] log_opt_values /usr/lib/python3/dist-packages/oslo_config/cfg.py:2609
2026-01-22 00:38:24.484 152863 DEBUG oslo_service.service [req-e8283f01-97c9-4284-866d-ffb84cfe4a6a - - - - -] ephemeral_storage_encryption.cipher = aes-xts-plain64 log_opt_values /usr/lib/python3/dist-packages/oslo_config/cfg.py:2609
2026-01-22 00:38:24.484 153363 DEBUG oslo_messaging._drivers.amqpdriver [-] AMQPListener connection consume poll /usr/lib/python3/dist-packages/oslo_messaging/_drivers/amqpdriver.py:357
2026-01-22 00:38:24.484 152863 DEBUG oslo_service.service [req-e8283f01-97c9-4284-866d-ffb84cfe4a6a - - - - -] ephemeral_storage_encryption.enabled = False log_opt_values /usr/lib/python3/dist-packages/oslo_config/cfg.py:2609
2026-01-22 00:38:24.484 152863 DEBUG oslo_service.service [req-e8283f01-97c9-4284-866d-ffb84cfe4a6a - - - - -] ephemeral_storage_encryption.key_size = 512 log_opt_values /usr/lib/python3/dist-packages/oslo_config/cfg.py:2609
2026-01-22 00:38:24.484 152863 WARNING oslo_config.cfg [req-e8283f01-97c9-4284-866d-ffb84cfe4a6a - - - - -] Deprecated: Option "api_servers" from group "glance" is deprecated for removal ( Support for image service configuration via standard keystoneauth1 Adapter options was added in the 17.0.0 Queens release. The api_servers option was retained temporarily to allow consumers time to cut over to a real load balancing solution. ). Its value may be silently ignored in the future.
2026-01-22 00:38:24.485 152863 DEBUG oslo_service.service [req-e8283f01-97c9-4284-866d-ffb84cfe4a6a - - - - -] glance.api_servers = ['http://252.23.203.4:9292'] log_opt_values /usr/lib/python3/dist-packages/oslo_config/cfg.py:2609
2026-01-22 00:38:24.485 152863 DEBUG oslo_service.service [req-e8283f01-97c9-4284-866d-ffb84cfe4a6a - - - - -] glance.cafile = None log_opt_values /usr/lib/python3/dist-packages/oslo_config/cfg.py:2609
2026-01-22 00:38:24.485 152863 DEBUG oslo_service.service [req-e8283f01-97c9-4284-866d-ffb84cfe4a6a - - - - -] glance.certfile = None log_opt_values /usr/lib/python3/dist-packages/oslo_config/cfg.py:2609
2026-01-22 00:38:24.485 152863 DEBUG oslo_service.service [req-e8283f01-97c9-4284-866d-ffb84cfe4a6a - - - - -] glance.collect_timing = False log_opt_values /usr/lib/python3/dist-packages/oslo_config/cfg.py:2609
2026-01-22 00:38:24.485 153373 DEBUG oslo_messaging._drivers.amqpdriver [-] AMQPListener connection timeout poll /usr/lib/python3/dist-packages/oslo_messaging/_drivers/amqpdriver.py:360
2026-01-22 00:38:24.485 152863 DEBUG oslo_service.service [req-e8283f01-97c9-4284-866d-ffb84cfe4a6a - - - - -] glance.connect_retries = None log_opt_values /usr/lib/python3/dist-packages/oslo_config/cfg.py:2609
2026-01-22 00:38:24.485 153373 DEBUG oslo_messaging._drivers.amqpdriver [-] Listener is running poll /usr/lib/python3/dist-packages/oslo_messaging/_drivers/amqpdriver.py:343
2026-01-22 00:38:24.485 152863 DEBUG oslo_service.service [req-e8283f01-97c9-4284-866d-ffb84cfe4a6a - - - - -] glance.connect_retry_delay = None log_opt_values /usr/lib/python3/dist-packages/oslo_config/cfg.py:2609
2026-01-22 00:38:24.485 153373 DEBUG oslo_messaging._drivers.amqpdriver [-] AMQPListener connection consume poll /usr/lib/python3/dist-packages/oslo_messaging/_drivers/amqpdriver.py:357
2026-01-22 00:38:24.485 153363 DEBUG nova.service [req-845c1c28-c5e5-4e70-bf3d-bb7f95674433 - - - - -] Join ServiceGroup membership for this service scheduler start /usr/lib/python3/dist-packages/nova/service.py:199
2026-01-22 00:38:24.486 152863 DEBUG oslo_service.service [req-e8283f01-97c9-4284-866d-ffb84cfe4a6a - - - - -] glance.debug = False log_opt_values /usr/lib/python3/dist-packages/oslo_config/cfg.py:2609
2026-01-22 00:38:24.486 153375 DEBUG oslo_messaging._drivers.amqpdriver [-] AMQPListener connection timeout poll /usr/lib/python3/dist-packages/oslo_messaging/_drivers/amqpdriver.py:360
2026-01-22 00:38:24.486 153375 DEBUG oslo_messaging._drivers.amqpdriver [-] Listener is running poll /usr/lib/python3/dist-packages/oslo_messaging/_drivers/amqpdriver.py:343
2026-01-22 00:38:24.486 152863 DEBUG oslo_service.service [req-e8283f01-97c9-4284-866d-ffb84cfe4a6a - - - - -] glance.default_trusted_certificate_ids = [] log_opt_values /usr/lib/python3/dist-packages/oslo_config/cfg.py:2609
2026-01-22 00:38:24.486 153375 DEBUG oslo_messaging._drivers.amqpdriver [-] AMQPListener connection consume poll /usr/lib/python3/dist-packages/oslo_messaging/_drivers/amqpdriver.py:357
2026-01-22 00:38:24.486 153363 DEBUG nova.servicegroup.drivers.db [req-845c1c28-c5e5-4e70-bf3d-bb7f95674433 - - - - -] DB_Driver: join new ServiceGroup member juju-f748f2-0-lxd-7 to the scheduler group, service = join /usr/lib/python3/dist-packages/nova/servicegroup/drivers/db.py:44
2026-01-22 00:38:24.486 152863 DEBUG oslo_service.service [req-e8283f01-97c9-4284-866d-ffb84cfe4a6a - - - - -] glance.enable_certificate_validation = False log_opt_values /usr/lib/python3/dist-packages/oslo_config/cfg.py:2609
2026-01-22 00:38:24.486 152863 DEBUG oslo_service.service [req-e8283f01-97c9-4284-866d-ffb84cfe4a6a - - - - -] glance.enable_rbd_download = False log_opt_values /usr/lib/python3/dist-packages/oslo_config/cfg.py:2609
2026-01-22 00:38:24.486 152863 DEBUG oslo_service.service [req-e8283f01-97c9-4284-866d-ffb84cfe4a6a - - - - -] glance.endpoint_override = None log_opt_values /usr/lib/python3/dist-packages/oslo_config/cfg.py:2609
2026-01-22 00:38:24.487 152863 DEBUG oslo_service.service [req-e8283f01-97c9-4284-866d-ffb84cfe4a6a - - - - -] glance.insecure = False log_opt_values /usr/lib/python3/dist-packages/oslo_config/cfg.py:2609
2026-01-22 00:38:24.487 152863 DEBUG oslo_service.service [req-e8283f01-97c9-4284-866d-ffb84cfe4a6a - - - - -] glance.keyfile = None log_opt_values /usr/lib/python3/dist-packages/oslo_config/cfg.py:2609
2026-01-22 00:38:24.487 152863 DEBUG oslo_service.service [req-e8283f01-97c9-4284-866d-ffb84cfe4a6a - - - - -] glance.max_version = None log_opt_values /usr/lib/python3/dist-packages/oslo_config/cfg.py:2609
2026-01-22 00:38:24.487 152863 DEBUG oslo_service.service [req-e8283f01-97c9-4284-866d-ffb84cfe4a6a - - - - -] glance.min_version = None log_opt_values /usr/lib/python3/dist-packages/oslo_config/cfg.py:2609
2026-01-22 00:38:24.487 152863 DEBUG oslo_service.service [req-e8283f01-97c9-4284-866d-ffb84cfe4a6a - - - - -] glance.num_retries = 3 log_opt_values /usr/lib/python3/dist-packages/oslo_config/cfg.py:2609
2026-01-22 00:38:24.487 152863 DEBUG oslo_service.service [req-e8283f01-97c9-4284-866d-ffb84cfe4a6a - - - - -] glance.rbd_ceph_conf = log_opt_values /usr/lib/python3/dist-packages/oslo_config/cfg.py:2609
2026-01-22 00:38:24.487 152863 DEBUG oslo_service.service [req-e8283f01-97c9-4284-866d-ffb84cfe4a6a - - - - -] glance.rbd_connect_timeout = 5 log_opt_values /usr/lib/python3/dist-packages/oslo_config/cfg.py:2609
2026-01-22 00:38:24.488 152863 DEBUG oslo_service.service [req-e8283f01-97c9-4284-866d-ffb84cfe4a6a - - - - -] glance.rbd_pool = log_opt_values /usr/lib/python3/dist-packages/oslo_config/cfg.py:2609
2026-01-22 00:38:24.488 153363 DEBUG oslo_messaging._drivers.amqpdriver [-] AMQPListener connection timeout poll /usr/lib/python3/dist-packages/oslo_messaging/_drivers/amqpdriver.py:360
2026-01-22 00:38:24.488 152863 DEBUG oslo_service.service [req-e8283f01-97c9-4284-866d-ffb84cfe4a6a - - - - -] glance.rbd_user = log_opt_values /usr/lib/python3/dist-packages/oslo_config/cfg.py:2609
2026-01-22 00:38:24.488 153363 DEBUG oslo_messaging._drivers.amqpdriver [-] Listener is running poll /usr/lib/python3/dist-packages/oslo_messaging/_drivers/amqpdriver.py:343
2026-01-22 00:38:24.488 152863 DEBUG oslo_service.service [req-e8283f01-97c9-4284-866d-ffb84cfe4a6a - - - - -] glance.region_name = None log_opt_values /usr/lib/python3/dist-packages/oslo_config/cfg.py:2609
2026-01-22 00:38:24.488 153363 DEBUG oslo_messaging._drivers.amqpdriver [-] AMQPListener connection consume poll /usr/lib/python3/dist-packages/oslo_messaging/_drivers/amqpdriver.py:357
2026-01-22 00:38:24.488 152863 DEBUG oslo_service.service [req-e8283f01-97c9-4284-866d-ffb84cfe4a6a - - - - -] glance.service_name = None log_opt_values /usr/lib/python3/dist-packages/oslo_config/cfg.py:2609
2026-01-22 00:38:24.488 152863 DEBUG oslo_service.service [req-e8283f01-97c9-4284-866d-ffb84cfe4a6a - - - - -] glance.service_type = image log_opt_values /usr/lib/python3/dist-packages/oslo_config/cfg.py:2609
2026-01-22 00:38:24.488 152863 DEBUG oslo_service.service [req-e8283f01-97c9-4284-866d-ffb84cfe4a6a - - - - -] glance.split_loggers = False log_opt_values /usr/lib/python3/dist-packages/oslo_config/cfg.py:2609
2026-01-22 00:38:24.489 152863 DEBUG oslo_service.service [req-e8283f01-97c9-4284-866d-ffb84cfe4a6a - - - - -] glance.status_code_retries = None log_opt_values /usr/lib/python3/dist-packages/oslo_config/cfg.py:2609
2026-01-22 00:38:24.489 152863 DEBUG oslo_service.service [req-e8283f01-97c9-4284-866d-ffb84cfe4a6a - - - - -] glance.status_code_retry_delay = None log_opt_values /usr/lib/python3/dist-packages/oslo_config/cfg.py:2609
2026-01-22 00:38:24.489 152863 DEBUG oslo_service.service [req-e8283f01-97c9-4284-866d-ffb84cfe4a6a - - - - -] glance.timeout = None log_opt_values /usr/lib/python3/dist-packages/oslo_config/cfg.py:2609
2026-01-22 00:38:24.489 152863 DEBUG oslo_service.service [req-e8283f01-97c9-4284-866d-ffb84cfe4a6a - - - - -] glance.valid_interfaces = ['internal', 'public'] log_opt_values /usr/lib/python3/dist-packages/oslo_config/cfg.py:2609
2026-01-22 00:38:24.489 152863 DEBUG oslo_service.service [req-e8283f01-97c9-4284-866d-ffb84cfe4a6a - - - - -] glance.verify_glance_signatures = False log_opt_values /usr/lib/python3/dist-packages/oslo_config/cfg.py:2609
2026-01-22 00:38:24.489 152863 DEBUG oslo_service.service [req-e8283f01-97c9-4284-866d-ffb84cfe4a6a - - - - -] glance.version = None log_opt_values /usr/lib/python3/dist-packages/oslo_config/cfg.py:2609
2026-01-22 00:38:24.489 152863 DEBUG oslo_service.service [req-e8283f01-97c9-4284-866d-ffb84cfe4a6a - - - - -] guestfs.debug = False log_opt_values /usr/lib/python3/dist-packages/oslo_config/cfg.py:2609
2026-01-22 00:38:24.490 152863 DEBUG oslo_service.service [req-e8283f01-97c9-4284-866d-ffb84cfe4a6a - - - - -] hyperv.config_drive_cdrom = False log_opt_values /usr/lib/python3/dist-packages/oslo_config/cfg.py:2609
2026-01-22 00:38:24.490 152863 DEBUG oslo_service.service [req-e8283f01-97c9-4284-866d-ffb84cfe4a6a - - - - -] hyperv.config_drive_inject_password = False log_opt_values /usr/lib/python3/dist-packages/oslo_config/cfg.py:2609
2026-01-22 00:38:24.491 152863 DEBUG oslo_service.service [req-e8283f01-97c9-4284-866d-ffb84cfe4a6a - - - - -] hyperv.dynamic_memory_ratio = 1.0 log_opt_values /usr/lib/python3/dist-packages/oslo_config/cfg.py:2609
2026-01-22 00:38:24.491 152863 DEBUG oslo_service.service [req-e8283f01-97c9-4284-866d-ffb84cfe4a6a - - - - -] hyperv.enable_instance_metrics_collection = False log_opt_values /usr/lib/python3/dist-packages/oslo_config/cfg.py:2609
2026-01-22 00:38:24.491 152863 DEBUG oslo_service.service [req-e8283f01-97c9-4284-866d-ffb84cfe4a6a - - - - -] hyperv.enable_remotefx = False log_opt_values /usr/lib/python3/dist-packages/oslo_config/cfg.py:2609
2026-01-22 00:38:24.491 152863 DEBUG oslo_service.service [req-e8283f01-97c9-4284-866d-ffb84cfe4a6a - - - - -] hyperv.instances_path_share = log_opt_values /usr/lib/python3/dist-packages/oslo_config/cfg.py:2609
2026-01-22 00:38:24.491 152863 DEBUG oslo_service.service [req-e8283f01-97c9-4284-866d-ffb84cfe4a6a - - - - -] hyperv.iscsi_initiator_list = [] log_opt_values /usr/lib/python3/dist-packages/oslo_config/cfg.py:2609
2026-01-22 00:38:24.491 152863 DEBUG oslo_service.service [req-e8283f01-97c9-4284-866d-ffb84cfe4a6a - - - - -] hyperv.limit_cpu_features = False log_opt_values /usr/lib/python3/dist-packages/oslo_config/cfg.py:2609
2026-01-22 00:38:24.491 152863 DEBUG oslo_service.service [req-e8283f01-97c9-4284-866d-ffb84cfe4a6a - - - - -] hyperv.mounted_disk_query_retry_count = 10 log_opt_values /usr/lib/python3/dist-packages/oslo_config/cfg.py:2609
2026-01-22 00:38:24.492 152863 DEBUG oslo_service.service [req-e8283f01-97c9-4284-866d-ffb84cfe4a6a - - - - -] hyperv.mounted_disk_query_retry_interval = 5 log_opt_values /usr/lib/python3/dist-packages/oslo_config/cfg.py:2609
2026-01-22 00:38:24.492 152863 DEBUG oslo_service.service [req-e8283f01-97c9-4284-866d-ffb84cfe4a6a - - - - -] hyperv.power_state_check_timeframe = 60 log_opt_values /usr/lib/python3/dist-packages/oslo_config/cfg.py:2609
2026-01-22 00:38:24.492 152863 DEBUG oslo_service.service [req-e8283f01-97c9-4284-866d-ffb84cfe4a6a - - - - -] hyperv.power_state_event_polling_interval = 2 log_opt_values /usr/lib/python3/dist-packages/oslo_config/cfg.py:2609
2026-01-22 00:38:24.492 152863 DEBUG oslo_service.service [req-e8283f01-97c9-4284-866d-ffb84cfe4a6a - - - - -] hyperv.qemu_img_cmd = qemu-img.exe log_opt_values /usr/lib/python3/dist-packages/oslo_config/cfg.py:2609
2026-01-22 00:38:24.492 152863 DEBUG oslo_service.service [req-e8283f01-97c9-4284-866d-ffb84cfe4a6a - - - - -] hyperv.use_multipath_io = False log_opt_values /usr/lib/python3/dist-packages/oslo_config/cfg.py:2609
2026-01-22 00:38:24.492 152863 DEBUG oslo_service.service [req-e8283f01-97c9-4284-866d-ffb84cfe4a6a - - - - -] hyperv.volume_attach_retry_count = 10 log_opt_values /usr/lib/python3/dist-packages/oslo_config/cfg.py:2609
2026-01-22 00:38:24.492 152863 DEBUG oslo_service.service [req-e8283f01-97c9-4284-866d-ffb84cfe4a6a - - - - -] hyperv.volume_attach_retry_interval = 5 log_opt_values /usr/lib/python3/dist-packages/oslo_config/cfg.py:2609
2026-01-22 00:38:24.493 152863 DEBUG oslo_service.service [req-e8283f01-97c9-4284-866d-ffb84cfe4a6a - - - - -] hyperv.vswitch_name = None log_opt_values /usr/lib/python3/dist-packages/oslo_config/cfg.py:2609
2026-01-22 00:38:24.493 152863 DEBUG oslo_service.service [req-e8283f01-97c9-4284-866d-ffb84cfe4a6a - - - - -] hyperv.wait_soft_reboot_seconds = 60 log_opt_values /usr/lib/python3/dist-packages/oslo_config/cfg.py:2609
2026-01-22 00:38:24.493 152863 DEBUG oslo_service.service [req-e8283f01-97c9-4284-866d-ffb84cfe4a6a - - - - -] mks.enabled = False log_opt_values /usr/lib/python3/dist-packages/oslo_config/cfg.py:2609
2026-01-22 00:38:24.493 152863 DEBUG oslo_service.service [req-e8283f01-97c9-4284-866d-ffb84cfe4a6a - - - - -] mks.mksproxy_base_url = http://127.0.0.1:6090/ log_opt_values /usr/lib/python3/dist-packages/oslo_config/cfg.py:2609
2026-01-22 00:38:24.494 152863 DEBUG oslo_service.service [req-e8283f01-97c9-4284-866d-ffb84cfe4a6a - - - - -] image_cache.manager_interval = 2400 log_opt_values /usr/lib/python3/dist-packages/oslo_config/cfg.py:2609
2026-01-22 00:38:24.494 152863 DEBUG oslo_service.service [req-e8283f01-97c9-4284-866d-ffb84cfe4a6a - - - - -] image_cache.precache_concurrency = 1 log_opt_values /usr/lib/python3/dist-packages/oslo_config/cfg.py:2609
2026-01-22 00:38:24.494 152863 DEBUG oslo_service.service [req-e8283f01-97c9-4284-866d-ffb84cfe4a6a - - - - -] image_cache.remove_unused_base_images = True log_opt_values /usr/lib/python3/dist-packages/oslo_config/cfg.py:2609
2026-01-22 00:38:24.494 152863 DEBUG oslo_service.service [req-e8283f01-97c9-4284-866d-ffb84cfe4a6a - - - - -] image_cache.remove_unused_original_minimum_age_seconds = 86400 log_opt_values /usr/lib/python3/dist-packages/oslo_config/cfg.py:2609
2026-01-22 00:38:24.494 152863 DEBUG oslo_service.service [req-e8283f01-97c9-4284-866d-ffb84cfe4a6a - - - - -] image_cache.remove_unused_resized_minimum_age_seconds = 3600 log_opt_values /usr/lib/python3/dist-packages/oslo_config/cfg.py:2609
2026-01-22 00:38:24.495 152863 DEBUG oslo_service.service [req-e8283f01-97c9-4284-866d-ffb84cfe4a6a - - - - -] image_cache.subdirectory_name = _base log_opt_values /usr/lib/python3/dist-packages/oslo_config/cfg.py:2609
2026-01-22 00:38:24.495 152863 DEBUG oslo_service.service [req-e8283f01-97c9-4284-866d-ffb84cfe4a6a - - - - -] ironic.api_max_retries = 60 log_opt_values /usr/lib/python3/dist-packages/oslo_config/cfg.py:2609
2026-01-22 00:38:24.495 152863 DEBUG oslo_service.service [req-e8283f01-97c9-4284-866d-ffb84cfe4a6a - - - - -] ironic.api_retry_interval = 2 log_opt_values /usr/lib/python3/dist-packages/oslo_config/cfg.py:2609
2026-01-22 00:38:24.495 152863 DEBUG oslo_service.service [req-e8283f01-97c9-4284-866d-ffb84cfe4a6a - - - - -] ironic.auth_section = None log_opt_values /usr/lib/python3/dist-packages/oslo_config/cfg.py:2609
2026-01-22 00:38:24.495 152863 DEBUG oslo_service.service [req-e8283f01-97c9-4284-866d-ffb84cfe4a6a - - - - -] ironic.auth_type = None log_opt_values /usr/lib/python3/dist-packages/oslo_config/cfg.py:2609
2026-01-22 00:38:24.495 152863 DEBUG oslo_service.service [req-e8283f01-97c9-4284-866d-ffb84cfe4a6a - - - - -] ironic.cafile = None log_opt_values /usr/lib/python3/dist-packages/oslo_config/cfg.py:2609
2026-01-22 00:38:24.496 152863 DEBUG oslo_service.service [req-e8283f01-97c9-4284-866d-ffb84cfe4a6a - - - - -] ironic.certfile = None log_opt_values /usr/lib/python3/dist-packages/oslo_config/cfg.py:2609
2026-01-22 00:38:24.496 152863 DEBUG oslo_service.service [req-e8283f01-97c9-4284-866d-ffb84cfe4a6a - - - - -] ironic.collect_timing = False log_opt_values /usr/lib/python3/dist-packages/oslo_config/cfg.py:2609
2026-01-22 00:38:24.496 152863 DEBUG oslo_service.service [req-e8283f01-97c9-4284-866d-ffb84cfe4a6a - - - - -] ironic.connect_retries = None log_opt_values /usr/lib/python3/dist-packages/oslo_config/cfg.py:2609
2026-01-22 00:38:24.496 152863 DEBUG oslo_service.service [req-e8283f01-97c9-4284-866d-ffb84cfe4a6a - - - - -] ironic.connect_retry_delay = None log_opt_values /usr/lib/python3/dist-packages/oslo_config/cfg.py:2609
2026-01-22 00:38:24.496 152863 DEBUG oslo_service.service [req-e8283f01-97c9-4284-866d-ffb84cfe4a6a - - - - -] ironic.endpoint_override = None log_opt_values /usr/lib/python3/dist-packages/oslo_config/cfg.py:2609
2026-01-22 00:38:24.496 152863 DEBUG oslo_service.service [req-e8283f01-97c9-4284-866d-ffb84cfe4a6a - - - - -] ironic.insecure = False log_opt_values /usr/lib/python3/dist-packages/oslo_config/cfg.py:2609
2026-01-22 00:38:24.497 152863 DEBUG oslo_service.service [req-e8283f01-97c9-4284-866d-ffb84cfe4a6a - - - - -] ironic.keyfile = None log_opt_values /usr/lib/python3/dist-packages/oslo_config/cfg.py:2609
2026-01-22 00:38:24.497 152863 DEBUG oslo_service.service [req-e8283f01-97c9-4284-866d-ffb84cfe4a6a - - - - -] ironic.max_version = None log_opt_values /usr/lib/python3/dist-packages/oslo_config/cfg.py:2609
2026-01-22 00:38:24.497 152863 DEBUG oslo_service.service [req-e8283f01-97c9-4284-866d-ffb84cfe4a6a - - - - -] ironic.min_version = None log_opt_values /usr/lib/python3/dist-packages/oslo_config/cfg.py:2609
2026-01-22 00:38:24.497 152863 DEBUG oslo_service.service [req-e8283f01-97c9-4284-866d-ffb84cfe4a6a - - - - -] ironic.partition_key = None log_opt_values /usr/lib/python3/dist-packages/oslo_config/cfg.py:2609
2026-01-22 00:38:24.497 152863 DEBUG oslo_service.service [req-e8283f01-97c9-4284-866d-ffb84cfe4a6a - - - - -] ironic.peer_list = [] log_opt_values /usr/lib/python3/dist-packages/oslo_config/cfg.py:2609
2026-01-22 00:38:24.497 152863 DEBUG oslo_service.service [req-e8283f01-97c9-4284-866d-ffb84cfe4a6a - - - - -] ironic.region_name = None log_opt_values /usr/lib/python3/dist-packages/oslo_config/cfg.py:2609
2026-01-22 00:38:24.498 152863 DEBUG oslo_service.service [req-e8283f01-97c9-4284-866d-ffb84cfe4a6a - - - - -] ironic.serial_console_state_timeout = 10 log_opt_values /usr/lib/python3/dist-packages/oslo_config/cfg.py:2609
2026-01-22 00:38:24.498 152863 DEBUG oslo_service.service [req-e8283f01-97c9-4284-866d-ffb84cfe4a6a - - - - -] ironic.service_name = None log_opt_values /usr/lib/python3/dist-packages/oslo_config/cfg.py:2609
2026-01-22 00:38:24.498 152863 DEBUG oslo_service.service [req-e8283f01-97c9-4284-866d-ffb84cfe4a6a - - - - -] ironic.service_type = baremetal log_opt_values /usr/lib/python3/dist-packages/oslo_config/cfg.py:2609
2026-01-22 00:38:24.498 152863 DEBUG oslo_service.service [req-e8283f01-97c9-4284-866d-ffb84cfe4a6a - - - - -] ironic.split_loggers = False log_opt_values /usr/lib/python3/dist-packages/oslo_config/cfg.py:2609
2026-01-22 00:38:24.498 152863 DEBUG oslo_service.service [req-e8283f01-97c9-4284-866d-ffb84cfe4a6a - - - - -] ironic.status_code_retries = None log_opt_values /usr/lib/python3/dist-packages/oslo_config/cfg.py:2609
2026-01-22 00:38:24.498 152863 DEBUG oslo_service.service [req-e8283f01-97c9-4284-866d-ffb84cfe4a6a - - - - -] ironic.status_code_retry_delay = None log_opt_values /usr/lib/python3/dist-packages/oslo_config/cfg.py:2609
2026-01-22 00:38:24.499 152863 DEBUG oslo_service.service [req-e8283f01-97c9-4284-866d-ffb84cfe4a6a - - - - -] ironic.timeout = None log_opt_values /usr/lib/python3/dist-packages/oslo_config/cfg.py:2609
2026-01-22 00:38:24.499 152863 DEBUG oslo_service.service [req-e8283f01-97c9-4284-866d-ffb84cfe4a6a - - - - -] ironic.valid_interfaces = ['internal', 'public'] log_opt_values /usr/lib/python3/dist-packages/oslo_config/cfg.py:2609
2026-01-22 00:38:24.499 152863 DEBUG oslo_service.service [req-e8283f01-97c9-4284-866d-ffb84cfe4a6a - - - - -] ironic.version = None log_opt_values /usr/lib/python3/dist-packages/oslo_config/cfg.py:2609
2026-01-22 00:38:24.499 152863 DEBUG oslo_service.service [req-e8283f01-97c9-4284-866d-ffb84cfe4a6a - - - - -] key_manager.backend = barbican log_opt_values /usr/lib/python3/dist-packages/oslo_config/cfg.py:2609
2026-01-22 00:38:24.499 152863 DEBUG oslo_service.service [req-e8283f01-97c9-4284-866d-ffb84cfe4a6a - - - - -] key_manager.fixed_key = **** log_opt_values /usr/lib/python3/dist-packages/oslo_config/cfg.py:2609
2026-01-22 00:38:24.499 152863 DEBUG oslo_service.service [req-e8283f01-97c9-4284-866d-ffb84cfe4a6a - - - - -] barbican.auth_endpoint = http://localhost/identity/v3 log_opt_values /usr/lib/python3/dist-packages/oslo_config/cfg.py:2609
2026-01-22 00:38:24.500 152863 DEBUG oslo_service.service [req-e8283f01-97c9-4284-866d-ffb84cfe4a6a - - - - -] barbican.barbican_api_version = None log_opt_values /usr/lib/python3/dist-packages/oslo_config/cfg.py:2609
2026-01-22 00:38:24.500 152863 DEBUG oslo_service.service [req-e8283f01-97c9-4284-866d-ffb84cfe4a6a - - - - -] barbican.barbican_endpoint = None log_opt_values /usr/lib/python3/dist-packages/oslo_config/cfg.py:2609
2026-01-22 00:38:24.500 152863 DEBUG oslo_service.service [req-e8283f01-97c9-4284-866d-ffb84cfe4a6a - - - - -] barbican.barbican_endpoint_type = public log_opt_values /usr/lib/python3/dist-packages/oslo_config/cfg.py:2609
2026-01-22 00:38:24.500 152863 DEBUG oslo_service.service [req-e8283f01-97c9-4284-866d-ffb84cfe4a6a - - - - -] barbican.barbican_region_name = None log_opt_values /usr/lib/python3/dist-packages/oslo_config/cfg.py:2609
2026-01-22 00:38:24.500 152863 DEBUG oslo_service.service [req-e8283f01-97c9-4284-866d-ffb84cfe4a6a - - - - -] barbican.cafile = None log_opt_values /usr/lib/python3/dist-packages/oslo_config/cfg.py:2609
2026-01-22 00:38:24.500 152863 DEBUG oslo_service.service [req-e8283f01-97c9-4284-866d-ffb84cfe4a6a - - - - -] barbican.certfile = None log_opt_values /usr/lib/python3/dist-packages/oslo_config/cfg.py:2609
2026-01-22 00:38:24.501 152863 DEBUG oslo_service.service [req-e8283f01-97c9-4284-866d-ffb84cfe4a6a - - - - -] barbican.collect_timing = False log_opt_values /usr/lib/python3/dist-packages/oslo_config/cfg.py:2609
2026-01-22 00:38:24.501 152863 DEBUG oslo_service.service [req-e8283f01-97c9-4284-866d-ffb84cfe4a6a - - - - -] barbican.insecure = False log_opt_values /usr/lib/python3/dist-packages/oslo_config/cfg.py:2609
2026-01-22 00:38:24.501 152863 DEBUG oslo_service.service [req-e8283f01-97c9-4284-866d-ffb84cfe4a6a - - - - -] barbican.keyfile = None log_opt_values /usr/lib/python3/dist-packages/oslo_config/cfg.py:2609
2026-01-22 00:38:24.501 152863 DEBUG oslo_service.service [req-e8283f01-97c9-4284-866d-ffb84cfe4a6a - - - - -] barbican.number_of_retries = 60 log_opt_values /usr/lib/python3/dist-packages/oslo_config/cfg.py:2609
2026-01-22 00:38:24.501 152863 DEBUG oslo_service.service [req-e8283f01-97c9-4284-866d-ffb84cfe4a6a - - - - -] barbican.retry_delay = 1 log_opt_values /usr/lib/python3/dist-packages/oslo_config/cfg.py:2609
2026-01-22 00:38:24.501 152863 DEBUG oslo_service.service [req-e8283f01-97c9-4284-866d-ffb84cfe4a6a - - - - -] barbican.send_service_user_token = False log_opt_values /usr/lib/python3/dist-packages/oslo_config/cfg.py:2609
2026-01-22 00:38:24.501 152863 DEBUG oslo_service.service [req-e8283f01-97c9-4284-866d-ffb84cfe4a6a - - - - -] barbican.split_loggers = False log_opt_values /usr/lib/python3/dist-packages/oslo_config/cfg.py:2609
2026-01-22 00:38:24.502 152863 DEBUG oslo_service.service [req-e8283f01-97c9-4284-866d-ffb84cfe4a6a - - - - -] barbican.timeout = None log_opt_values /usr/lib/python3/dist-packages/oslo_config/cfg.py:2609
2026-01-22 00:38:24.502 152863 DEBUG oslo_service.service [req-e8283f01-97c9-4284-866d-ffb84cfe4a6a - - - - -] barbican.verify_ssl = True log_opt_values /usr/lib/python3/dist-packages/oslo_config/cfg.py:2609
2026-01-22 00:38:24.502 152863 DEBUG oslo_service.service [req-e8283f01-97c9-4284-866d-ffb84cfe4a6a - - - - -] barbican.verify_ssl_path = None log_opt_values /usr/lib/python3/dist-packages/oslo_config/cfg.py:2609
2026-01-22 00:38:24.502 152863 DEBUG oslo_service.service [req-e8283f01-97c9-4284-866d-ffb84cfe4a6a - - - - -] barbican_service_user.auth_section = None log_opt_values /usr/lib/python3/dist-packages/oslo_config/cfg.py:2609
2026-01-22 00:38:24.502 152863 DEBUG oslo_service.service [req-e8283f01-97c9-4284-866d-ffb84cfe4a6a - - - - -] barbican_service_user.auth_type = None log_opt_values /usr/lib/python3/dist-packages/oslo_config/cfg.py:2609
2026-01-22 00:38:24.502 152863 DEBUG oslo_service.service [req-e8283f01-97c9-4284-866d-ffb84cfe4a6a - - - - -] barbican_service_user.cafile = None log_opt_values /usr/lib/python3/dist-packages/oslo_config/cfg.py:2609
2026-01-22 00:38:24.503 152863 DEBUG oslo_service.service [req-e8283f01-97c9-4284-866d-ffb84cfe4a6a - - - - -] barbican_service_user.certfile = None log_opt_values /usr/lib/python3/dist-packages/oslo_config/cfg.py:2609
2026-01-22 00:38:24.503 152863 DEBUG oslo_service.service [req-e8283f01-97c9-4284-866d-ffb84cfe4a6a - - - - -] barbican_service_user.collect_timing = False log_opt_values /usr/lib/python3/dist-packages/oslo_config/cfg.py:2609
2026-01-22 00:38:24.503 152863 DEBUG oslo_service.service [req-e8283f01-97c9-4284-866d-ffb84cfe4a6a - - - - -] barbican_service_user.insecure = False log_opt_values /usr/lib/python3/dist-packages/oslo_config/cfg.py:2609
2026-01-22 00:38:24.503 152863 DEBUG oslo_service.service [req-e8283f01-97c9-4284-866d-ffb84cfe4a6a - - - - -] barbican_service_user.keyfile = None log_opt_values /usr/lib/python3/dist-packages/oslo_config/cfg.py:2609
2026-01-22 00:38:24.503 152863 DEBUG oslo_service.service [req-e8283f01-97c9-4284-866d-ffb84cfe4a6a - - - - -] barbican_service_user.split_loggers = False log_opt_values /usr/lib/python3/dist-packages/oslo_config/cfg.py:2609
2026-01-22 00:38:24.503 152863 DEBUG oslo_service.service [req-e8283f01-97c9-4284-866d-ffb84cfe4a6a - - - - -] barbican_service_user.timeout = None log_opt_values /usr/lib/python3/dist-packages/oslo_config/cfg.py:2609
2026-01-22 00:38:24.504 152863 DEBUG oslo_service.service [req-e8283f01-97c9-4284-866d-ffb84cfe4a6a - - - - -] vault.approle_role_id = None log_opt_values /usr/lib/python3/dist-packages/oslo_config/cfg.py:2609
2026-01-22 00:38:24.504 152863 DEBUG oslo_service.service [req-e8283f01-97c9-4284-866d-ffb84cfe4a6a - - - - -] vault.approle_secret_id = None log_opt_values /usr/lib/python3/dist-packages/oslo_config/cfg.py:2609
2026-01-22 00:38:24.504 152863 DEBUG oslo_service.service [req-e8283f01-97c9-4284-866d-ffb84cfe4a6a - - - - -] vault.cafile = None log_opt_values /usr/lib/python3/dist-packages/oslo_config/cfg.py:2609
2026-01-22 00:38:24.504 152863 DEBUG oslo_service.service [req-e8283f01-97c9-4284-866d-ffb84cfe4a6a - - - - -] vault.certfile = None log_opt_values /usr/lib/python3/dist-packages/oslo_config/cfg.py:2609
2026-01-22 00:38:24.504 152863 DEBUG oslo_service.service [req-e8283f01-97c9-4284-866d-ffb84cfe4a6a - - - - -] vault.collect_timing = False log_opt_values /usr/lib/python3/dist-packages/oslo_config/cfg.py:2609
2026-01-22 00:38:24.504 152863 DEBUG oslo_service.service [req-e8283f01-97c9-4284-866d-ffb84cfe4a6a - - - - -] vault.insecure = False log_opt_values /usr/lib/python3/dist-packages/oslo_config/cfg.py:2609
2026-01-22 00:38:24.505 152863 DEBUG oslo_service.service [req-e8283f01-97c9-4284-866d-ffb84cfe4a6a - - - - -] vault.keyfile = None log_opt_values /usr/lib/python3/dist-packages/oslo_config/cfg.py:2609
2026-01-22 00:38:24.505 152863 DEBUG oslo_service.service [req-e8283f01-97c9-4284-866d-ffb84cfe4a6a - - - - -] vault.kv_mountpoint = secret log_opt_values /usr/lib/python3/dist-packages/oslo_config/cfg.py:2609
2026-01-22 00:38:24.505 152863 DEBUG oslo_service.service [req-e8283f01-97c9-4284-866d-ffb84cfe4a6a - - - - -] vault.kv_version = 2 log_opt_values /usr/lib/python3/dist-packages/oslo_config/cfg.py:2609
2026-01-22 00:38:24.505 152863 DEBUG oslo_service.service [req-e8283f01-97c9-4284-866d-ffb84cfe4a6a - - - - -] vault.namespace = None log_opt_values /usr/lib/python3/dist-packages/oslo_config/cfg.py:2609
2026-01-22 00:38:24.505 152863 DEBUG oslo_service.service [req-e8283f01-97c9-4284-866d-ffb84cfe4a6a - - - - -] vault.root_token_id = None log_opt_values /usr/lib/python3/dist-packages/oslo_config/cfg.py:2609
2026-01-22 00:38:24.505 152863 DEBUG oslo_service.service [req-e8283f01-97c9-4284-866d-ffb84cfe4a6a - - - - -] vault.split_loggers = False log_opt_values /usr/lib/python3/dist-packages/oslo_config/cfg.py:2609
2026-01-22 00:38:24.505 152863 DEBUG oslo_service.service [req-e8283f01-97c9-4284-866d-ffb84cfe4a6a - - - - -] vault.ssl_ca_crt_file = None log_opt_values /usr/lib/python3/dist-packages/oslo_config/cfg.py:2609
2026-01-22 00:38:24.506 152863 DEBUG oslo_service.service [req-e8283f01-97c9-4284-866d-ffb84cfe4a6a - - - - -] vault.timeout = None log_opt_values /usr/lib/python3/dist-packages/oslo_config/cfg.py:2609
2026-01-22 00:38:24.506 152863 DEBUG oslo_service.service [req-e8283f01-97c9-4284-866d-ffb84cfe4a6a - - - - -] vault.use_ssl = False log_opt_values /usr/lib/python3/dist-packages/oslo_config/cfg.py:2609
2026-01-22 00:38:24.506 152863 DEBUG oslo_service.service [req-e8283f01-97c9-4284-866d-ffb84cfe4a6a - - - - -] vault.vault_url = http://127.0.0.1:8200 log_opt_values /usr/lib/python3/dist-packages/oslo_config/cfg.py:2609
2026-01-22 00:38:24.506 152863 DEBUG oslo_service.service [req-e8283f01-97c9-4284-866d-ffb84cfe4a6a - - - - -] keystone.cafile = None log_opt_values /usr/lib/python3/dist-packages/oslo_config/cfg.py:2609
2026-01-22 00:38:24.506 152863 DEBUG oslo_service.service [req-e8283f01-97c9-4284-866d-ffb84cfe4a6a - - - - -] keystone.certfile = None log_opt_values /usr/lib/python3/dist-packages/oslo_config/cfg.py:2609
2026-01-22 00:38:24.507 152863 DEBUG oslo_service.service [req-e8283f01-97c9-4284-866d-ffb84cfe4a6a - - - - -] keystone.collect_timing = False log_opt_values /usr/lib/python3/dist-packages/oslo_config/cfg.py:2609
2026-01-22 00:38:24.507 152863 DEBUG oslo_service.service [req-e8283f01-97c9-4284-866d-ffb84cfe4a6a - - - - -] keystone.connect_retries = None log_opt_values /usr/lib/python3/dist-packages/oslo_config/cfg.py:2609
2026-01-22 00:38:24.507 152863 DEBUG oslo_service.service [req-e8283f01-97c9-4284-866d-ffb84cfe4a6a - - - - -] keystone.connect_retry_delay = None log_opt_values /usr/lib/python3/dist-packages/oslo_config/cfg.py:2609
2026-01-22 00:38:24.507 152863 DEBUG oslo_service.service [req-e8283f01-97c9-4284-866d-ffb84cfe4a6a - - - - -] keystone.endpoint_override = None log_opt_values /usr/lib/python3/dist-packages/oslo_config/cfg.py:2609
2026-01-22 00:38:24.507 152863 DEBUG oslo_service.service [req-e8283f01-97c9-4284-866d-ffb84cfe4a6a - - - - -] keystone.insecure = False log_opt_values /usr/lib/python3/dist-packages/oslo_config/cfg.py:2609
2026-01-22 00:38:24.507 152863 DEBUG oslo_service.service [req-e8283f01-97c9-4284-866d-ffb84cfe4a6a - - - - -] keystone.keyfile = None log_opt_values /usr/lib/python3/dist-packages/oslo_config/cfg.py:2609
2026-01-22 00:38:24.508 152863 DEBUG oslo_service.service [req-e8283f01-97c9-4284-866d-ffb84cfe4a6a - - - - -] keystone.max_version = None log_opt_values /usr/lib/python3/dist-packages/oslo_config/cfg.py:2609
2026-01-22 00:38:24.508 152863 DEBUG oslo_service.service [req-e8283f01-97c9-4284-866d-ffb84cfe4a6a - - - - -] keystone.min_version = None log_opt_values /usr/lib/python3/dist-packages/oslo_config/cfg.py:2609
2026-01-22 00:38:24.508 152863 DEBUG oslo_service.service [req-e8283f01-97c9-4284-866d-ffb84cfe4a6a - - - - -] keystone.region_name = None log_opt_values /usr/lib/python3/dist-packages/oslo_config/cfg.py:2609
2026-01-22 00:38:24.508 153381 DEBUG oslo_messaging._drivers.amqpdriver [-] Listener is running poll /usr/lib/python3/dist-packages/oslo_messaging/_drivers/amqpdriver.py:343
2026-01-22 00:38:24.508 152863 DEBUG oslo_service.service [req-e8283f01-97c9-4284-866d-ffb84cfe4a6a - - - - -] keystone.service_name = None log_opt_values /usr/lib/python3/dist-packages/oslo_config/cfg.py:2609
2026-01-22 00:38:24.508 152863 DEBUG oslo_service.service [req-e8283f01-97c9-4284-866d-ffb84cfe4a6a - - - - -] keystone.service_type = identity log_opt_values /usr/lib/python3/dist-packages/oslo_config/cfg.py:2609
2026-01-22 00:38:24.508 153381 DEBUG oslo_messaging._drivers.amqpdriver [-] AMQPListener connection consume poll /usr/lib/python3/dist-packages/oslo_messaging/_drivers/amqpdriver.py:357
2026-01-22 00:38:24.508 152863 DEBUG oslo_service.service [req-e8283f01-97c9-4284-866d-ffb84cfe4a6a - - - - -] keystone.split_loggers = False log_opt_values /usr/lib/python3/dist-packages/oslo_config/cfg.py:2609
2026-01-22 00:38:24.508 152863 DEBUG oslo_service.service [req-e8283f01-97c9-4284-866d-ffb84cfe4a6a - - - - -] keystone.status_code_retries = None log_opt_values /usr/lib/python3/dist-packages/oslo_config/cfg.py:2609
2026-01-22 00:38:24.509 152863 DEBUG oslo_service.service [req-e8283f01-97c9-4284-866d-ffb84cfe4a6a - - - - -] keystone.status_code_retry_delay = None log_opt_values /usr/lib/python3/dist-packages/oslo_config/cfg.py:2609
2026-01-22 00:38:24.509 152863 DEBUG oslo_service.service [req-e8283f01-97c9-4284-866d-ffb84cfe4a6a - - - - -] keystone.timeout = None log_opt_values /usr/lib/python3/dist-packages/oslo_config/cfg.py:2609
2026-01-22 00:38:24.509 152863 DEBUG oslo_service.service [req-e8283f01-97c9-4284-866d-ffb84cfe4a6a - - - - -] keystone.valid_interfaces = ['internal', 'public'] log_opt_values /usr/lib/python3/dist-packages/oslo_config/cfg.py:2609
2026-01-22 00:38:24.509 153381 DEBUG nova.service [req-7733af19-1669-4645-a89b-132e0014355c - - - - -] Join ServiceGroup membership for this service scheduler start /usr/lib/python3/dist-packages/nova/service.py:199
2026-01-22 00:38:24.509 152863 DEBUG oslo_service.service [req-e8283f01-97c9-4284-866d-ffb84cfe4a6a - - - - -] keystone.version = None log_opt_values /usr/lib/python3/dist-packages/oslo_config/cfg.py:2609
2026-01-22 00:38:24.509 153381 DEBUG nova.servicegroup.drivers.db [req-7733af19-1669-4645-a89b-132e0014355c - - - - -] DB_Driver: join new ServiceGroup member juju-f748f2-0-lxd-7 to the scheduler group, service = join /usr/lib/python3/dist-packages/nova/servicegroup/drivers/db.py:44
2026-01-22 00:38:24.509 152863 DEBUG oslo_service.service [req-e8283f01-97c9-4284-866d-ffb84cfe4a6a - - - - -] libvirt.connection_uri = log_opt_values /usr/lib/python3/dist-packages/oslo_config/cfg.py:2609
2026-01-22 00:38:24.509 152863 DEBUG oslo_service.service [req-e8283f01-97c9-4284-866d-ffb84cfe4a6a - - - - -] libvirt.cpu_mode = None log_opt_values /usr/lib/python3/dist-packages/oslo_config/cfg.py:2609
2026-01-22 00:38:24.510 152863 DEBUG oslo_service.service [req-e8283f01-97c9-4284-866d-ffb84cfe4a6a - - - - -] libvirt.cpu_model_extra_flags = [] log_opt_values /usr/lib/python3/dist-packages/oslo_config/cfg.py:2609
2026-01-22 00:38:24.510 152863 DEBUG oslo_service.service [req-e8283f01-97c9-4284-866d-ffb84cfe4a6a - - - - -] libvirt.cpu_models = [] log_opt_values /usr/lib/python3/dist-packages/oslo_config/cfg.py:2609
2026-01-22 00:38:24.510 152863 DEBUG oslo_service.service [req-e8283f01-97c9-4284-866d-ffb84cfe4a6a - - - - -] libvirt.device_detach_attempts = 8 log_opt_values /usr/lib/python3/dist-packages/oslo_config/cfg.py:2609
2026-01-22 00:38:24.510 152863 DEBUG oslo_service.service [req-e8283f01-97c9-4284-866d-ffb84cfe4a6a - - - - -] libvirt.device_detach_timeout = 20 log_opt_values /usr/lib/python3/dist-packages/oslo_config/cfg.py:2609
2026-01-22 00:38:24.510 152863 DEBUG oslo_service.service [req-e8283f01-97c9-4284-866d-ffb84cfe4a6a - - - - -] libvirt.disk_cachemodes = [] log_opt_values /usr/lib/python3/dist-packages/oslo_config/cfg.py:2609
2026-01-22 00:38:24.510 152863 DEBUG oslo_service.service [req-e8283f01-97c9-4284-866d-ffb84cfe4a6a - - - - -] libvirt.disk_prefix = None log_opt_values /usr/lib/python3/dist-packages/oslo_config/cfg.py:2609
2026-01-22 00:38:24.511 152863 DEBUG oslo_service.service [req-e8283f01-97c9-4284-866d-ffb84cfe4a6a - - - - -] libvirt.enabled_perf_events = [] log_opt_values /usr/lib/python3/dist-packages/oslo_config/cfg.py:2609
2026-01-22 00:38:24.511 152863 DEBUG oslo_service.service [req-e8283f01-97c9-4284-866d-ffb84cfe4a6a - - - - -] libvirt.file_backed_memory = 0 log_opt_values /usr/lib/python3/dist-packages/oslo_config/cfg.py:2609
2026-01-22 00:38:24.511 152863 DEBUG oslo_service.service [req-e8283f01-97c9-4284-866d-ffb84cfe4a6a - - - - -] libvirt.gid_maps = [] log_opt_values /usr/lib/python3/dist-packages/oslo_config/cfg.py:2609
2026-01-22 00:38:24.511 152863 DEBUG oslo_service.service [req-e8283f01-97c9-4284-866d-ffb84cfe4a6a - - - - -] libvirt.hw_disk_discard = None log_opt_values /usr/lib/python3/dist-packages/oslo_config/cfg.py:2609
2026-01-22 00:38:24.511 152863 DEBUG oslo_service.service [req-e8283f01-97c9-4284-866d-ffb84cfe4a6a - - - - -] libvirt.hw_machine_type = None log_opt_values /usr/lib/python3/dist-packages/oslo_config/cfg.py:2609
2026-01-22 00:38:24.511 152863 DEBUG oslo_service.service [req-e8283f01-97c9-4284-866d-ffb84cfe4a6a - - - - -] libvirt.images_rbd_ceph_conf = log_opt_values /usr/lib/python3/dist-packages/oslo_config/cfg.py:2609
2026-01-22 00:38:24.512 152863 DEBUG oslo_service.service [req-e8283f01-97c9-4284-866d-ffb84cfe4a6a - - - - -] libvirt.images_rbd_glance_copy_poll_interval = 15 log_opt_values /usr/lib/python3/dist-packages/oslo_config/cfg.py:2609
2026-01-22 00:38:24.512 152863 DEBUG oslo_service.service [req-e8283f01-97c9-4284-866d-ffb84cfe4a6a - - - - -] libvirt.images_rbd_glance_copy_timeout = 600 log_opt_values /usr/lib/python3/dist-packages/oslo_config/cfg.py:2609
2026-01-22 00:38:24.512 152863 DEBUG oslo_service.service [req-e8283f01-97c9-4284-866d-ffb84cfe4a6a - - - - -] libvirt.images_rbd_glance_store_name = log_opt_values /usr/lib/python3/dist-packages/oslo_config/cfg.py:2609
2026-01-22 00:38:24.512 153381 DEBUG oslo_messaging._drivers.amqpdriver [-] AMQPListener connection timeout poll /usr/lib/python3/dist-packages/oslo_messaging/_drivers/amqpdriver.py:360
