2026-01-22 00:36:37.222 132784 DEBUG oslo_service.service [req-fba02391-f4e8-44e6-a6b3-fc1551d3d242 - - - - -] oslo_messaging_rabbit.kombu_failover_strategy = round-robin log_opt_values /usr/lib/python3/dist-packages/oslo_config/cfg.py:2609
2026-01-22 00:36:37.222 132784 DEBUG oslo_service.service [req-fba02391-f4e8-44e6-a6b3-fc1551d3d242 - - - - -] oslo_messaging_rabbit.kombu_missing_consumer_retry_timeout = 60 log_opt_values /usr/lib/python3/dist-packages/oslo_config/cfg.py:2609
2026-01-22 00:36:37.222 132784 DEBUG oslo_service.service [req-fba02391-f4e8-44e6-a6b3-fc1551d3d242 - - - - -] oslo_messaging_rabbit.kombu_reconnect_delay = 1.0 log_opt_values /usr/lib/python3/dist-packages/oslo_config/cfg.py:2609
2026-01-22 00:36:37.222 132784 DEBUG oslo_service.service [req-fba02391-f4e8-44e6-a6b3-fc1551d3d242 - - - - -] oslo_messaging_rabbit.rabbit_ha_queues = False log_opt_values /usr/lib/python3/dist-packages/oslo_config/cfg.py:2609
2026-01-22 00:36:37.222 132784 DEBUG oslo_service.service [req-fba02391-f4e8-44e6-a6b3-fc1551d3d242 - - - - -] oslo_messaging_rabbit.rabbit_interval_max = 30 log_opt_values /usr/lib/python3/dist-packages/oslo_config/cfg.py:2609
2026-01-22 00:36:37.223 132784 DEBUG oslo_service.service [req-fba02391-f4e8-44e6-a6b3-fc1551d3d242 - - - - -] oslo_messaging_rabbit.rabbit_login_method = AMQPLAIN log_opt_values /usr/lib/python3/dist-packages/oslo_config/cfg.py:2609
2026-01-22 00:36:37.223 132784 DEBUG oslo_service.service [req-fba02391-f4e8-44e6-a6b3-fc1551d3d242 - - - - -] oslo_messaging_rabbit.rabbit_qos_prefetch_count = 0 log_opt_values /usr/lib/python3/dist-packages/oslo_config/cfg.py:2609
2026-01-22 00:36:37.223 132784 DEBUG oslo_service.service [req-fba02391-f4e8-44e6-a6b3-fc1551d3d242 - - - - -] oslo_messaging_rabbit.rabbit_quorum_queue = False log_opt_values /usr/lib/python3/dist-packages/oslo_config/cfg.py:2609
2026-01-22 00:36:37.223 132784 DEBUG oslo_service.service [req-fba02391-f4e8-44e6-a6b3-fc1551d3d242 - - - - -] oslo_messaging_rabbit.rabbit_retry_backoff = 2 log_opt_values /usr/lib/python3/dist-packages/oslo_config/cfg.py:2609
2026-01-22 00:36:37.223 132784 DEBUG oslo_service.service [req-fba02391-f4e8-44e6-a6b3-fc1551d3d242 - - - - -] oslo_messaging_rabbit.rabbit_retry_interval = 1 log_opt_values /usr/lib/python3/dist-packages/oslo_config/cfg.py:2609
2026-01-22 00:36:37.223 132784 DEBUG oslo_service.service [req-fba02391-f4e8-44e6-a6b3-fc1551d3d242 - - - - -] oslo_messaging_rabbit.rabbit_transient_queues_ttl = 1800 log_opt_values /usr/lib/python3/dist-packages/oslo_config/cfg.py:2609
2026-01-22 00:36:37.223 132784 DEBUG oslo_service.service [req-fba02391-f4e8-44e6-a6b3-fc1551d3d242 - - - - -] oslo_messaging_rabbit.rpc_conn_pool_size = 30 log_opt_values /usr/lib/python3/dist-packages/oslo_config/cfg.py:2609
2026-01-22 00:36:37.224 132784 DEBUG oslo_service.service [req-fba02391-f4e8-44e6-a6b3-fc1551d3d242 - - - - -] oslo_messaging_rabbit.ssl = False log_opt_values /usr/lib/python3/dist-packages/oslo_config/cfg.py:2609
2026-01-22 00:36:37.224 132784 DEBUG oslo_service.service [req-fba02391-f4e8-44e6-a6b3-fc1551d3d242 - - - - -] oslo_messaging_rabbit.ssl_ca_file = log_opt_values /usr/lib/python3/dist-packages/oslo_config/cfg.py:2609
2026-01-22 00:36:37.224 132784 DEBUG oslo_service.service [req-fba02391-f4e8-44e6-a6b3-fc1551d3d242 - - - - -] oslo_messaging_rabbit.ssl_cert_file = log_opt_values /usr/lib/python3/dist-packages/oslo_config/cfg.py:2609
2026-01-22 00:36:37.224 132784 DEBUG oslo_service.service [req-fba02391-f4e8-44e6-a6b3-fc1551d3d242 - - - - -] oslo_messaging_rabbit.ssl_key_file = log_opt_values /usr/lib/python3/dist-packages/oslo_config/cfg.py:2609
2026-01-22 00:36:37.224 132784 DEBUG oslo_service.service [req-fba02391-f4e8-44e6-a6b3-fc1551d3d242 - - - - -] oslo_messaging_rabbit.ssl_version = log_opt_values /usr/lib/python3/dist-packages/oslo_config/cfg.py:2609
2026-01-22 00:36:37.225 132784 DEBUG oslo_service.service [req-fba02391-f4e8-44e6-a6b3-fc1551d3d242 - - - - -] oslo_messaging_notifications.driver = ['messagingv2'] log_opt_values /usr/lib/python3/dist-packages/oslo_config/cfg.py:2609
2026-01-22 00:36:37.225 132784 DEBUG oslo_service.service [req-fba02391-f4e8-44e6-a6b3-fc1551d3d242 - - - - -] oslo_messaging_notifications.retry = -1 log_opt_values /usr/lib/python3/dist-packages/oslo_config/cfg.py:2609
2026-01-22 00:36:37.225 132784 DEBUG oslo_service.service [req-fba02391-f4e8-44e6-a6b3-fc1551d3d242 - - - - -] oslo_messaging_notifications.topics = ['notifications'] log_opt_values /usr/lib/python3/dist-packages/oslo_config/cfg.py:2609
2026-01-22 00:36:37.225 132784 DEBUG oslo_service.service [req-fba02391-f4e8-44e6-a6b3-fc1551d3d242 - - - - -] oslo_messaging_notifications.transport_url = **** log_opt_values /usr/lib/python3/dist-packages/oslo_config/cfg.py:2609
2026-01-22 00:36:37.225 132784 DEBUG oslo_service.service [req-fba02391-f4e8-44e6-a6b3-fc1551d3d242 - - - - -] oslo_limit.auth_section = None log_opt_values /usr/lib/python3/dist-packages/oslo_config/cfg.py:2609
2026-01-22 00:36:37.226 132784 DEBUG oslo_service.service [req-fba02391-f4e8-44e6-a6b3-fc1551d3d242 - - - - -] oslo_limit.auth_type = None log_opt_values /usr/lib/python3/dist-packages/oslo_config/cfg.py:2609
2026-01-22 00:36:37.226 132784 DEBUG oslo_service.service [req-fba02391-f4e8-44e6-a6b3-fc1551d3d242 - - - - -] oslo_limit.cafile = None log_opt_values /usr/lib/python3/dist-packages/oslo_config/cfg.py:2609
2026-01-22 00:36:37.226 132784 DEBUG oslo_service.service [req-fba02391-f4e8-44e6-a6b3-fc1551d3d242 - - - - -] oslo_limit.certfile = None log_opt_values /usr/lib/python3/dist-packages/oslo_config/cfg.py:2609
2026-01-22 00:36:37.226 132784 DEBUG oslo_service.service [req-fba02391-f4e8-44e6-a6b3-fc1551d3d242 - - - - -] oslo_limit.collect_timing = False log_opt_values /usr/lib/python3/dist-packages/oslo_config/cfg.py:2609
2026-01-22 00:36:37.226 132784 DEBUG oslo_service.service [req-fba02391-f4e8-44e6-a6b3-fc1551d3d242 - - - - -] oslo_limit.connect_retries = None log_opt_values /usr/lib/python3/dist-packages/oslo_config/cfg.py:2609
2026-01-22 00:36:37.226 132784 DEBUG oslo_service.service [req-fba02391-f4e8-44e6-a6b3-fc1551d3d242 - - - - -] oslo_limit.connect_retry_delay = None log_opt_values /usr/lib/python3/dist-packages/oslo_config/cfg.py:2609
2026-01-22 00:36:37.226 132784 DEBUG oslo_service.service [req-fba02391-f4e8-44e6-a6b3-fc1551d3d242 - - - - -] oslo_limit.endpoint_id = None log_opt_values /usr/lib/python3/dist-packages/oslo_config/cfg.py:2609
2026-01-22 00:36:37.227 132784 DEBUG oslo_service.service [req-fba02391-f4e8-44e6-a6b3-fc1551d3d242 - - - - -] oslo_limit.endpoint_override = None log_opt_values /usr/lib/python3/dist-packages/oslo_config/cfg.py:2609
2026-01-22 00:36:37.227 132784 DEBUG oslo_service.service [req-fba02391-f4e8-44e6-a6b3-fc1551d3d242 - - - - -] oslo_limit.insecure = False log_opt_values /usr/lib/python3/dist-packages/oslo_config/cfg.py:2609
2026-01-22 00:36:37.227 132784 DEBUG oslo_service.service [req-fba02391-f4e8-44e6-a6b3-fc1551d3d242 - - - - -] oslo_limit.keyfile = None log_opt_values /usr/lib/python3/dist-packages/oslo_config/cfg.py:2609
2026-01-22 00:36:37.227 132784 DEBUG oslo_service.service [req-fba02391-f4e8-44e6-a6b3-fc1551d3d242 - - - - -] oslo_limit.max_version = None log_opt_values /usr/lib/python3/dist-packages/oslo_config/cfg.py:2609
2026-01-22 00:36:37.227 132784 DEBUG oslo_service.service [req-fba02391-f4e8-44e6-a6b3-fc1551d3d242 - - - - -] oslo_limit.min_version = None log_opt_values /usr/lib/python3/dist-packages/oslo_config/cfg.py:2609
2026-01-22 00:36:37.227 132784 DEBUG oslo_service.service [req-fba02391-f4e8-44e6-a6b3-fc1551d3d242 - - - - -] oslo_limit.region_name = None log_opt_values /usr/lib/python3/dist-packages/oslo_config/cfg.py:2609
2026-01-22 00:36:37.228 132784 DEBUG oslo_service.service [req-fba02391-f4e8-44e6-a6b3-fc1551d3d242 - - - - -] oslo_limit.service_name = None log_opt_values /usr/lib/python3/dist-packages/oslo_config/cfg.py:2609
2026-01-22 00:36:37.228 132784 DEBUG oslo_service.service [req-fba02391-f4e8-44e6-a6b3-fc1551d3d242 - - - - -] oslo_limit.service_type = None log_opt_values /usr/lib/python3/dist-packages/oslo_config/cfg.py:2609
2026-01-22 00:36:37.228 132784 DEBUG oslo_service.service [req-fba02391-f4e8-44e6-a6b3-fc1551d3d242 - - - - -] oslo_limit.split_loggers = False log_opt_values /usr/lib/python3/dist-packages/oslo_config/cfg.py:2609
2026-01-22 00:36:37.228 132784 DEBUG oslo_service.service [req-fba02391-f4e8-44e6-a6b3-fc1551d3d242 - - - - -] oslo_limit.status_code_retries = None log_opt_values /usr/lib/python3/dist-packages/oslo_config/cfg.py:2609
2026-01-22 00:36:37.228 132784 DEBUG oslo_service.service [req-fba02391-f4e8-44e6-a6b3-fc1551d3d242 - - - - -] oslo_limit.status_code_retry_delay = None log_opt_values /usr/lib/python3/dist-packages/oslo_config/cfg.py:2609
2026-01-22 00:36:37.228 132784 DEBUG oslo_service.service [req-fba02391-f4e8-44e6-a6b3-fc1551d3d242 - - - - -] oslo_limit.timeout = None log_opt_values /usr/lib/python3/dist-packages/oslo_config/cfg.py:2609
2026-01-22 00:36:37.228 132784 DEBUG oslo_service.service [req-fba02391-f4e8-44e6-a6b3-fc1551d3d242 - - - - -] oslo_limit.valid_interfaces = None log_opt_values /usr/lib/python3/dist-packages/oslo_config/cfg.py:2609
2026-01-22 00:36:37.229 132784 DEBUG oslo_service.service [req-fba02391-f4e8-44e6-a6b3-fc1551d3d242 - - - - -] oslo_limit.version = None log_opt_values /usr/lib/python3/dist-packages/oslo_config/cfg.py:2609
2026-01-22 00:36:37.229 132784 DEBUG oslo_service.service [req-fba02391-f4e8-44e6-a6b3-fc1551d3d242 - - - - -] oslo_reports.file_event_handler = None log_opt_values /usr/lib/python3/dist-packages/oslo_config/cfg.py:2609
2026-01-22 00:36:37.229 132784 DEBUG oslo_service.service [req-fba02391-f4e8-44e6-a6b3-fc1551d3d242 - - - - -] oslo_reports.file_event_handler_interval = 1 log_opt_values /usr/lib/python3/dist-packages/oslo_config/cfg.py:2609
2026-01-22 00:36:37.229 132784 DEBUG oslo_service.service [req-fba02391-f4e8-44e6-a6b3-fc1551d3d242 - - - - -] oslo_reports.log_dir = None log_opt_values /usr/lib/python3/dist-packages/oslo_config/cfg.py:2609
2026-01-22 00:36:37.229 132784 DEBUG oslo_service.service [req-fba02391-f4e8-44e6-a6b3-fc1551d3d242 - - - - -] ******************************************************************************** log_opt_values /usr/lib/python3/dist-packages/oslo_config/cfg.py:2613
2026-01-22 00:36:38.116 134276 DEBUG oslo_messaging._drivers.amqpdriver [-] AMQPListener connection timeout poll /usr/lib/python3/dist-packages/oslo_messaging/_drivers/amqpdriver.py:360
2026-01-22 00:36:38.117 134276 DEBUG oslo_messaging._drivers.amqpdriver [-] Listener is running poll /usr/lib/python3/dist-packages/oslo_messaging/_drivers/amqpdriver.py:343
2026-01-22 00:36:38.117 134276 DEBUG oslo_messaging._drivers.amqpdriver [-] AMQPListener connection consume poll /usr/lib/python3/dist-packages/oslo_messaging/_drivers/amqpdriver.py:357
2026-01-22 00:36:38.125 134282 DEBUG oslo_messaging._drivers.amqpdriver [-] AMQPListener connection timeout poll /usr/lib/python3/dist-packages/oslo_messaging/_drivers/amqpdriver.py:360
2026-01-22 00:36:38.125 134282 DEBUG oslo_messaging._drivers.amqpdriver [-] Listener is running poll /usr/lib/python3/dist-packages/oslo_messaging/_drivers/amqpdriver.py:343
2026-01-22 00:36:38.126 134282 DEBUG oslo_messaging._drivers.amqpdriver [-] AMQPListener connection consume poll /usr/lib/python3/dist-packages/oslo_messaging/_drivers/amqpdriver.py:357
2026-01-22 00:36:38.131 134283 DEBUG oslo_messaging._drivers.amqpdriver [-] AMQPListener connection timeout poll /usr/lib/python3/dist-packages/oslo_messaging/_drivers/amqpdriver.py:360
2026-01-22 00:36:38.131 134283 DEBUG oslo_messaging._drivers.amqpdriver [-] Listener is running poll /usr/lib/python3/dist-packages/oslo_messaging/_drivers/amqpdriver.py:343
2026-01-22 00:36:38.132 134283 DEBUG oslo_messaging._drivers.amqpdriver [-] AMQPListener connection consume poll /usr/lib/python3/dist-packages/oslo_messaging/_drivers/amqpdriver.py:357
2026-01-22 00:36:38.131 134275 DEBUG oslo_messaging._drivers.amqpdriver [-] AMQPListener connection timeout poll /usr/lib/python3/dist-packages/oslo_messaging/_drivers/amqpdriver.py:360
2026-01-22 00:36:38.132 134275 DEBUG oslo_messaging._drivers.amqpdriver [-] Listener is running poll /usr/lib/python3/dist-packages/oslo_messaging/_drivers/amqpdriver.py:343
2026-01-22 00:36:38.132 134275 DEBUG oslo_messaging._drivers.amqpdriver [-] AMQPListener connection consume poll /usr/lib/python3/dist-packages/oslo_messaging/_drivers/amqpdriver.py:357
2026-01-22 00:36:40.118 134276 DEBUG oslo_messaging._drivers.amqpdriver [-] AMQPListener connection timeout poll /usr/lib/python3/dist-packages/oslo_messaging/_drivers/amqpdriver.py:360
2026-01-22 00:36:40.120 134276 DEBUG oslo_messaging._drivers.amqpdriver [-] Listener is running poll /usr/lib/python3/dist-packages/oslo_messaging/_drivers/amqpdriver.py:343
2026-01-22 00:36:40.120 134276 DEBUG oslo_messaging._drivers.amqpdriver [-] AMQPListener connection consume poll /usr/lib/python3/dist-packages/oslo_messaging/_drivers/amqpdriver.py:357
2026-01-22 00:36:40.127 134282 DEBUG oslo_messaging._drivers.amqpdriver [-] AMQPListener connection timeout poll /usr/lib/python3/dist-packages/oslo_messaging/_drivers/amqpdriver.py:360
2026-01-22 00:36:40.128 134282 DEBUG oslo_messaging._drivers.amqpdriver [-] Listener is running poll /usr/lib/python3/dist-packages/oslo_messaging/_drivers/amqpdriver.py:343
2026-01-22 00:36:40.128 134282 DEBUG oslo_messaging._drivers.amqpdriver [-] AMQPListener connection consume poll /usr/lib/python3/dist-packages/oslo_messaging/_drivers/amqpdriver.py:357
2026-01-22 00:36:40.135 134275 DEBUG oslo_messaging._drivers.amqpdriver [-] AMQPListener connection timeout poll /usr/lib/python3/dist-packages/oslo_messaging/_drivers/amqpdriver.py:360
2026-01-22 00:36:40.135 134275 DEBUG oslo_messaging._drivers.amqpdriver [-] Listener is running poll /usr/lib/python3/dist-packages/oslo_messaging/_drivers/amqpdriver.py:343
2026-01-22 00:36:40.136 134275 DEBUG oslo_messaging._drivers.amqpdriver [-] AMQPListener connection consume poll /usr/lib/python3/dist-packages/oslo_messaging/_drivers/amqpdriver.py:357
2026-01-22 00:36:40.136 134283 DEBUG oslo_messaging._drivers.amqpdriver [-] AMQPListener connection timeout poll /usr/lib/python3/dist-packages/oslo_messaging/_drivers/amqpdriver.py:360
2026-01-22 00:36:40.136 134283 DEBUG oslo_messaging._drivers.amqpdriver [-] Listener is running poll /usr/lib/python3/dist-packages/oslo_messaging/_drivers/amqpdriver.py:343
2026-01-22 00:36:40.136 134283 DEBUG oslo_messaging._drivers.amqpdriver [-] AMQPListener connection consume poll /usr/lib/python3/dist-packages/oslo_messaging/_drivers/amqpdriver.py:357
2026-01-22 00:36:44.122 134276 DEBUG oslo_messaging._drivers.amqpdriver [-] AMQPListener connection timeout poll /usr/lib/python3/dist-packages/oslo_messaging/_drivers/amqpdriver.py:360
2026-01-22 00:36:44.122 134276 DEBUG oslo_messaging._drivers.amqpdriver [-] Listener is running poll /usr/lib/python3/dist-packages/oslo_messaging/_drivers/amqpdriver.py:343
2026-01-22 00:36:44.122 134276 DEBUG oslo_messaging._drivers.amqpdriver [-] AMQPListener connection consume poll /usr/lib/python3/dist-packages/oslo_messaging/_drivers/amqpdriver.py:357
2026-01-22 00:36:44.131 134282 DEBUG oslo_messaging._drivers.amqpdriver [-] AMQPListener connection timeout poll /usr/lib/python3/dist-packages/oslo_messaging/_drivers/amqpdriver.py:360
2026-01-22 00:36:44.131 134282 DEBUG oslo_messaging._drivers.amqpdriver [-] Listener is running poll /usr/lib/python3/dist-packages/oslo_messaging/_drivers/amqpdriver.py:343
2026-01-22 00:36:44.131 134282 DEBUG oslo_messaging._drivers.amqpdriver [-] AMQPListener connection consume poll /usr/lib/python3/dist-packages/oslo_messaging/_drivers/amqpdriver.py:357
2026-01-22 00:36:44.139 134275 DEBUG oslo_messaging._drivers.amqpdriver [-] AMQPListener connection timeout poll /usr/lib/python3/dist-packages/oslo_messaging/_drivers/amqpdriver.py:360
2026-01-22 00:36:44.139 134275 DEBUG oslo_messaging._drivers.amqpdriver [-] Listener is running poll /usr/lib/python3/dist-packages/oslo_messaging/_drivers/amqpdriver.py:343
2026-01-22 00:36:44.139 134275 DEBUG oslo_messaging._drivers.amqpdriver [-] AMQPListener connection consume poll /usr/lib/python3/dist-packages/oslo_messaging/_drivers/amqpdriver.py:357
2026-01-22 00:36:44.139 134283 DEBUG oslo_messaging._drivers.amqpdriver [-] AMQPListener connection timeout poll /usr/lib/python3/dist-packages/oslo_messaging/_drivers/amqpdriver.py:360
2026-01-22 00:36:44.140 134283 DEBUG oslo_messaging._drivers.amqpdriver [-] Listener is running poll /usr/lib/python3/dist-packages/oslo_messaging/_drivers/amqpdriver.py:343
2026-01-22 00:36:44.140 134283 DEBUG oslo_messaging._drivers.amqpdriver [-] AMQPListener connection consume poll /usr/lib/python3/dist-packages/oslo_messaging/_drivers/amqpdriver.py:357
2026-01-22 00:36:52.123 134276 DEBUG oslo_messaging._drivers.amqpdriver [-] AMQPListener connection timeout poll /usr/lib/python3/dist-packages/oslo_messaging/_drivers/amqpdriver.py:360
2026-01-22 00:36:52.124 134276 DEBUG oslo_messaging._drivers.amqpdriver [-] Listener is running poll /usr/lib/python3/dist-packages/oslo_messaging/_drivers/amqpdriver.py:343
2026-01-22 00:36:52.124 134276 DEBUG oslo_messaging._drivers.amqpdriver [-] AMQPListener connection consume poll /usr/lib/python3/dist-packages/oslo_messaging/_drivers/amqpdriver.py:357
2026-01-22 00:36:52.134 134282 DEBUG oslo_messaging._drivers.amqpdriver [-] AMQPListener connection timeout poll /usr/lib/python3/dist-packages/oslo_messaging/_drivers/amqpdriver.py:360
2026-01-22 00:36:52.134 134282 DEBUG oslo_messaging._drivers.amqpdriver [-] Listener is running poll /usr/lib/python3/dist-packages/oslo_messaging/_drivers/amqpdriver.py:343
2026-01-22 00:36:52.134 134282 DEBUG oslo_messaging._drivers.amqpdriver [-] AMQPListener connection consume poll /usr/lib/python3/dist-packages/oslo_messaging/_drivers/amqpdriver.py:357
2026-01-22 00:36:52.140 134283 DEBUG oslo_messaging._drivers.amqpdriver [-] AMQPListener connection timeout poll /usr/lib/python3/dist-packages/oslo_messaging/_drivers/amqpdriver.py:360
2026-01-22 00:36:52.140 134283 DEBUG oslo_messaging._drivers.amqpdriver [-] Listener is running poll /usr/lib/python3/dist-packages/oslo_messaging/_drivers/amqpdriver.py:343
2026-01-22 00:36:52.140 134275 DEBUG oslo_messaging._drivers.amqpdriver [-] AMQPListener connection timeout poll /usr/lib/python3/dist-packages/oslo_messaging/_drivers/amqpdriver.py:360
2026-01-22 00:36:52.140 134283 DEBUG oslo_messaging._drivers.amqpdriver [-] AMQPListener connection consume poll /usr/lib/python3/dist-packages/oslo_messaging/_drivers/amqpdriver.py:357
2026-01-22 00:36:52.141 134275 DEBUG oslo_messaging._drivers.amqpdriver [-] Listener is running poll /usr/lib/python3/dist-packages/oslo_messaging/_drivers/amqpdriver.py:343
2026-01-22 00:36:52.141 134275 DEBUG oslo_messaging._drivers.amqpdriver [-] AMQPListener connection consume poll /usr/lib/python3/dist-packages/oslo_messaging/_drivers/amqpdriver.py:357
2026-01-22 00:36:55.126 134282 DEBUG oslo_service.periodic_task [req-d82f4136-693a-4d19-886a-f1223f369010 - - - - -] Running periodic task SchedulerManager._discover_hosts_in_cells run_periodic_tasks /usr/lib/python3/dist-packages/oslo_service/periodic_task.py:210
2026-01-22 00:36:55.127 134282 DEBUG oslo_db.sqlalchemy.engines [req-d82f4136-693a-4d19-886a-f1223f369010 - - - - -] Parent process 132784 forked (134282) with an open database connection, which is being discarded and recreated. checkout /usr/lib/python3/dist-packages/oslo_db/sqlalchemy/engines.py:413
2026-01-22 00:36:55.133 134282 DEBUG oslo_concurrency.lockutils [req-d82f4136-693a-4d19-886a-f1223f369010 - - - - -] Lock "bae977d6-e04f-4456-8746-e23c41e5f258" acquired by "nova.context.set_target_cell..get_or_set_cached_cell_and_set_connections" :: waited 0.000s inner /usr/lib/python3/dist-packages/oslo_concurrency/lockutils.py:386
2026-01-22 00:36:55.135 134282 DEBUG oslo_concurrency.lockutils [req-d82f4136-693a-4d19-886a-f1223f369010 - - - - -] Lock "bae977d6-e04f-4456-8746-e23c41e5f258" "released" by "nova.context.set_target_cell..get_or_set_cached_cell_and_set_connections" :: held 0.002s inner /usr/lib/python3/dist-packages/oslo_concurrency/lockutils.py:400
2026-01-22 00:36:55.140 134282 DEBUG oslo_db.sqlalchemy.engines [req-d82f4136-693a-4d19-886a-f1223f369010 - - - - -] MySQL server mode set to STRICT_TRANS_TABLES,STRICT_ALL_TABLES,NO_ZERO_IN_DATE,NO_ZERO_DATE,ERROR_FOR_DIVISION_BY_ZERO,TRADITIONAL,NO_ENGINE_SUBSTITUTION _check_effective_sql_mode /usr/lib/python3/dist-packages/oslo_db/sqlalchemy/engines.py:314
2026-01-22 00:36:55.196 134282 INFO nova.scheduler.manager [req-d82f4136-693a-4d19-886a-f1223f369010 - - - - -] Discovered 1 new hosts: cell1:cn-jenkins-deploy-platform-juju-os-635-1
2026-01-22 00:37:00.134 134275 DEBUG oslo_service.periodic_task [req-3192db0d-1a09-4819-894b-fe575fb38dd6 - - - - -] Running periodic task SchedulerManager._discover_hosts_in_cells run_periodic_tasks /usr/lib/python3/dist-packages/oslo_service/periodic_task.py:210
2026-01-22 00:37:00.135 134275 DEBUG oslo_db.sqlalchemy.engines [req-3192db0d-1a09-4819-894b-fe575fb38dd6 - - - - -] Parent process 132784 forked (134275) with an open database connection, which is being discarded and recreated. checkout /usr/lib/python3/dist-packages/oslo_db/sqlalchemy/engines.py:413
2026-01-22 00:37:00.142 134275 DEBUG oslo_concurrency.lockutils [req-3192db0d-1a09-4819-894b-fe575fb38dd6 - - - - -] Lock "bae977d6-e04f-4456-8746-e23c41e5f258" acquired by "nova.context.set_target_cell..get_or_set_cached_cell_and_set_connections" :: waited 0.000s inner /usr/lib/python3/dist-packages/oslo_concurrency/lockutils.py:386
2026-01-22 00:37:00.143 134275 DEBUG oslo_concurrency.lockutils [req-3192db0d-1a09-4819-894b-fe575fb38dd6 - - - - -] Lock "bae977d6-e04f-4456-8746-e23c41e5f258" "released" by "nova.context.set_target_cell..get_or_set_cached_cell_and_set_connections" :: held 0.002s inner /usr/lib/python3/dist-packages/oslo_concurrency/lockutils.py:400
2026-01-22 00:37:00.149 134275 DEBUG oslo_db.sqlalchemy.engines [req-3192db0d-1a09-4819-894b-fe575fb38dd6 - - - - -] MySQL server mode set to STRICT_TRANS_TABLES,STRICT_ALL_TABLES,NO_ZERO_IN_DATE,NO_ZERO_DATE,ERROR_FOR_DIVISION_BY_ZERO,TRADITIONAL,NO_ENGINE_SUBSTITUTION _check_effective_sql_mode /usr/lib/python3/dist-packages/oslo_db/sqlalchemy/engines.py:314
2026-01-22 00:37:22.103 134276 DEBUG oslo_messaging._drivers.amqpdriver [-] AMQPListener connection timeout poll /usr/lib/python3/dist-packages/oslo_messaging/_drivers/amqpdriver.py:360
2026-01-22 00:37:22.104 134276 DEBUG oslo_messaging._drivers.amqpdriver [-] Listener is running poll /usr/lib/python3/dist-packages/oslo_messaging/_drivers/amqpdriver.py:343
2026-01-22 00:37:22.104 134276 DEBUG oslo_messaging._drivers.amqpdriver [-] AMQPListener connection consume poll /usr/lib/python3/dist-packages/oslo_messaging/_drivers/amqpdriver.py:357
2026-01-22 00:37:22.105 134275 DEBUG oslo_messaging._drivers.amqpdriver [-] AMQPListener connection timeout poll /usr/lib/python3/dist-packages/oslo_messaging/_drivers/amqpdriver.py:360
2026-01-22 00:37:22.105 134275 DEBUG oslo_messaging._drivers.amqpdriver [-] Listener is running poll /usr/lib/python3/dist-packages/oslo_messaging/_drivers/amqpdriver.py:343
2026-01-22 00:37:22.105 134275 DEBUG oslo_messaging._drivers.amqpdriver [-] AMQPListener connection consume poll /usr/lib/python3/dist-packages/oslo_messaging/_drivers/amqpdriver.py:357
2026-01-22 00:37:22.105 134282 DEBUG oslo_messaging._drivers.amqpdriver [-] AMQPListener connection timeout poll /usr/lib/python3/dist-packages/oslo_messaging/_drivers/amqpdriver.py:360
2026-01-22 00:37:22.106 134282 DEBUG oslo_messaging._drivers.amqpdriver [-] Listener is running poll /usr/lib/python3/dist-packages/oslo_messaging/_drivers/amqpdriver.py:343
2026-01-22 00:37:22.106 134282 DEBUG oslo_messaging._drivers.amqpdriver [-] AMQPListener connection consume poll /usr/lib/python3/dist-packages/oslo_messaging/_drivers/amqpdriver.py:357
2026-01-22 00:37:22.122 134283 DEBUG oslo_messaging._drivers.amqpdriver [-] AMQPListener connection timeout poll /usr/lib/python3/dist-packages/oslo_messaging/_drivers/amqpdriver.py:360
2026-01-22 00:37:22.122 134283 DEBUG oslo_messaging._drivers.amqpdriver [-] Listener is running poll /usr/lib/python3/dist-packages/oslo_messaging/_drivers/amqpdriver.py:343
2026-01-22 00:37:22.122 134283 DEBUG oslo_messaging._drivers.amqpdriver [-] AMQPListener connection consume poll /usr/lib/python3/dist-packages/oslo_messaging/_drivers/amqpdriver.py:357
2026-01-22 00:37:25.129 134283 DEBUG oslo_service.periodic_task [req-d7fd9149-a859-4d89-a9c9-383607ab86c1 - - - - -] Running periodic task SchedulerManager._discover_hosts_in_cells run_periodic_tasks /usr/lib/python3/dist-packages/oslo_service/periodic_task.py:210
2026-01-22 00:37:25.130 134283 DEBUG oslo_db.sqlalchemy.engines [req-d7fd9149-a859-4d89-a9c9-383607ab86c1 - - - - -] Parent process 132784 forked (134283) with an open database connection, which is being discarded and recreated. checkout /usr/lib/python3/dist-packages/oslo_db/sqlalchemy/engines.py:413
2026-01-22 00:37:25.136 134283 DEBUG oslo_concurrency.lockutils [req-d7fd9149-a859-4d89-a9c9-383607ab86c1 - - - - -] Lock "bae977d6-e04f-4456-8746-e23c41e5f258" acquired by "nova.context.set_target_cell..get_or_set_cached_cell_and_set_connections" :: waited 0.000s inner /usr/lib/python3/dist-packages/oslo_concurrency/lockutils.py:386
2026-01-22 00:37:25.138 134283 DEBUG oslo_concurrency.lockutils [req-d7fd9149-a859-4d89-a9c9-383607ab86c1 - - - - -] Lock "bae977d6-e04f-4456-8746-e23c41e5f258" "released" by "nova.context.set_target_cell..get_or_set_cached_cell_and_set_connections" :: held 0.002s inner /usr/lib/python3/dist-packages/oslo_concurrency/lockutils.py:400
2026-01-22 00:37:25.143 134283 DEBUG oslo_db.sqlalchemy.engines [req-d7fd9149-a859-4d89-a9c9-383607ab86c1 - - - - -] MySQL server mode set to STRICT_TRANS_TABLES,STRICT_ALL_TABLES,NO_ZERO_IN_DATE,NO_ZERO_DATE,ERROR_FOR_DIVISION_BY_ZERO,TRADITIONAL,NO_ENGINE_SUBSTITUTION _check_effective_sql_mode /usr/lib/python3/dist-packages/oslo_db/sqlalchemy/engines.py:314
2026-01-22 00:37:25.201 134282 DEBUG oslo_service.periodic_task [req-d82f4136-693a-4d19-886a-f1223f369010 - - - - -] Running periodic task SchedulerManager._discover_hosts_in_cells run_periodic_tasks /usr/lib/python3/dist-packages/oslo_service/periodic_task.py:210
2026-01-22 00:37:25.205 134282 DEBUG oslo_concurrency.lockutils [req-d684c902-13f8-4fb1-821b-d2a3d59dd710 - - - - -] Lock "bae977d6-e04f-4456-8746-e23c41e5f258" acquired by "nova.context.set_target_cell..get_or_set_cached_cell_and_set_connections" :: waited 0.000s inner /usr/lib/python3/dist-packages/oslo_concurrency/lockutils.py:386
2026-01-22 00:37:25.205 134282 DEBUG oslo_concurrency.lockutils [req-d684c902-13f8-4fb1-821b-d2a3d59dd710 - - - - -] Lock "bae977d6-e04f-4456-8746-e23c41e5f258" "released" by "nova.context.set_target_cell..get_or_set_cached_cell_and_set_connections" :: held 0.000s inner /usr/lib/python3/dist-packages/oslo_concurrency/lockutils.py:400
2026-01-22 00:37:29.120 134276 DEBUG oslo_service.periodic_task [req-5e1d1e15-3b3b-4e15-8be3-dd3f2a3025a9 - - - - -] Running periodic task SchedulerManager._discover_hosts_in_cells run_periodic_tasks /usr/lib/python3/dist-packages/oslo_service/periodic_task.py:210
2026-01-22 00:37:29.122 134276 DEBUG oslo_db.sqlalchemy.engines [req-5e1d1e15-3b3b-4e15-8be3-dd3f2a3025a9 - - - - -] Parent process 132784 forked (134276) with an open database connection, which is being discarded and recreated. checkout /usr/lib/python3/dist-packages/oslo_db/sqlalchemy/engines.py:413
2026-01-22 00:37:29.128 134276 DEBUG oslo_concurrency.lockutils [req-5e1d1e15-3b3b-4e15-8be3-dd3f2a3025a9 - - - - -] Lock "bae977d6-e04f-4456-8746-e23c41e5f258" acquired by "nova.context.set_target_cell..get_or_set_cached_cell_and_set_connections" :: waited 0.000s inner /usr/lib/python3/dist-packages/oslo_concurrency/lockutils.py:386
2026-01-22 00:37:29.129 134276 DEBUG oslo_concurrency.lockutils [req-5e1d1e15-3b3b-4e15-8be3-dd3f2a3025a9 - - - - -] Lock "bae977d6-e04f-4456-8746-e23c41e5f258" "released" by "nova.context.set_target_cell..get_or_set_cached_cell_and_set_connections" :: held 0.002s inner /usr/lib/python3/dist-packages/oslo_concurrency/lockutils.py:400
2026-01-22 00:37:29.135 134276 DEBUG oslo_db.sqlalchemy.engines [req-5e1d1e15-3b3b-4e15-8be3-dd3f2a3025a9 - - - - -] MySQL server mode set to STRICT_TRANS_TABLES,STRICT_ALL_TABLES,NO_ZERO_IN_DATE,NO_ZERO_DATE,ERROR_FOR_DIVISION_BY_ZERO,TRADITIONAL,NO_ENGINE_SUBSTITUTION _check_effective_sql_mode /usr/lib/python3/dist-packages/oslo_db/sqlalchemy/engines.py:314
2026-01-22 00:37:30.167 134275 DEBUG oslo_service.periodic_task [req-3192db0d-1a09-4819-894b-fe575fb38dd6 - - - - -] Running periodic task SchedulerManager._discover_hosts_in_cells run_periodic_tasks /usr/lib/python3/dist-packages/oslo_service/periodic_task.py:210
2026-01-22 00:37:30.171 134275 DEBUG oslo_concurrency.lockutils [req-98520d66-7804-4f05-b031-206776e8481f - - - - -] Lock "bae977d6-e04f-4456-8746-e23c41e5f258" acquired by "nova.context.set_target_cell..get_or_set_cached_cell_and_set_connections" :: waited 0.000s inner /usr/lib/python3/dist-packages/oslo_concurrency/lockutils.py:386
2026-01-22 00:37:30.172 134275 DEBUG oslo_concurrency.lockutils [req-98520d66-7804-4f05-b031-206776e8481f - - - - -] Lock "bae977d6-e04f-4456-8746-e23c41e5f258" "released" by "nova.context.set_target_cell..get_or_set_cached_cell_and_set_connections" :: held 0.000s inner /usr/lib/python3/dist-packages/oslo_concurrency/lockutils.py:400
2026-01-22 00:37:54.106 134276 DEBUG oslo_messaging._drivers.amqpdriver [-] AMQPListener connection timeout poll /usr/lib/python3/dist-packages/oslo_messaging/_drivers/amqpdriver.py:360
2026-01-22 00:37:54.107 134276 DEBUG oslo_messaging._drivers.amqpdriver [-] Listener is running poll /usr/lib/python3/dist-packages/oslo_messaging/_drivers/amqpdriver.py:343
2026-01-22 00:37:54.107 134276 DEBUG oslo_messaging._drivers.amqpdriver [-] AMQPListener connection consume poll /usr/lib/python3/dist-packages/oslo_messaging/_drivers/amqpdriver.py:357
2026-01-22 00:37:54.108 134275 DEBUG oslo_messaging._drivers.amqpdriver [-] AMQPListener connection timeout poll /usr/lib/python3/dist-packages/oslo_messaging/_drivers/amqpdriver.py:360
2026-01-22 00:37:54.108 134275 DEBUG oslo_messaging._drivers.amqpdriver [-] Listener is running poll /usr/lib/python3/dist-packages/oslo_messaging/_drivers/amqpdriver.py:343
2026-01-22 00:37:54.108 134275 DEBUG oslo_messaging._drivers.amqpdriver [-] AMQPListener connection consume poll /usr/lib/python3/dist-packages/oslo_messaging/_drivers/amqpdriver.py:357
2026-01-22 00:37:54.108 134282 DEBUG oslo_messaging._drivers.amqpdriver [-] AMQPListener connection timeout poll /usr/lib/python3/dist-packages/oslo_messaging/_drivers/amqpdriver.py:360
2026-01-22 00:37:54.109 134282 DEBUG oslo_messaging._drivers.amqpdriver [-] Listener is running poll /usr/lib/python3/dist-packages/oslo_messaging/_drivers/amqpdriver.py:343
2026-01-22 00:37:54.109 134282 DEBUG oslo_messaging._drivers.amqpdriver [-] AMQPListener connection consume poll /usr/lib/python3/dist-packages/oslo_messaging/_drivers/amqpdriver.py:357
2026-01-22 00:37:54.125 134283 DEBUG oslo_messaging._drivers.amqpdriver [-] AMQPListener connection timeout poll /usr/lib/python3/dist-packages/oslo_messaging/_drivers/amqpdriver.py:360
2026-01-22 00:37:54.126 134283 DEBUG oslo_messaging._drivers.amqpdriver [-] Listener is running poll /usr/lib/python3/dist-packages/oslo_messaging/_drivers/amqpdriver.py:343
2026-01-22 00:37:54.126 134283 DEBUG oslo_messaging._drivers.amqpdriver [-] AMQPListener connection consume poll /usr/lib/python3/dist-packages/oslo_messaging/_drivers/amqpdriver.py:357
2026-01-22 00:37:55.155 134283 DEBUG oslo_service.periodic_task [req-d7fd9149-a859-4d89-a9c9-383607ab86c1 - - - - -] Running periodic task SchedulerManager._discover_hosts_in_cells run_periodic_tasks /usr/lib/python3/dist-packages/oslo_service/periodic_task.py:210
2026-01-22 00:37:55.160 134283 DEBUG oslo_concurrency.lockutils [req-34c1c043-4c66-49d6-a6ff-54da04c10c1b - - - - -] Lock "bae977d6-e04f-4456-8746-e23c41e5f258" acquired by "nova.context.set_target_cell..get_or_set_cached_cell_and_set_connections" :: waited 0.000s inner /usr/lib/python3/dist-packages/oslo_concurrency/lockutils.py:386
2026-01-22 00:37:55.160 134283 DEBUG oslo_concurrency.lockutils [req-34c1c043-4c66-49d6-a6ff-54da04c10c1b - - - - -] Lock "bae977d6-e04f-4456-8746-e23c41e5f258" "released" by "nova.context.set_target_cell..get_or_set_cached_cell_and_set_connections" :: held 0.000s inner /usr/lib/python3/dist-packages/oslo_concurrency/lockutils.py:400
2026-01-22 00:37:55.210 134282 DEBUG oslo_service.periodic_task [req-d684c902-13f8-4fb1-821b-d2a3d59dd710 - - - - -] Running periodic task SchedulerManager._discover_hosts_in_cells run_periodic_tasks /usr/lib/python3/dist-packages/oslo_service/periodic_task.py:210
2026-01-22 00:37:55.214 134282 DEBUG oslo_concurrency.lockutils [req-31818dc4-ae3e-4e54-9977-b257b1c1e593 - - - - -] Lock "bae977d6-e04f-4456-8746-e23c41e5f258" acquired by "nova.context.set_target_cell..get_or_set_cached_cell_and_set_connections" :: waited 0.000s inner /usr/lib/python3/dist-packages/oslo_concurrency/lockutils.py:386
2026-01-22 00:37:55.214 134282 DEBUG oslo_concurrency.lockutils [req-31818dc4-ae3e-4e54-9977-b257b1c1e593 - - - - -] Lock "bae977d6-e04f-4456-8746-e23c41e5f258" "released" by "nova.context.set_target_cell..get_or_set_cached_cell_and_set_connections" :: held 0.000s inner /usr/lib/python3/dist-packages/oslo_concurrency/lockutils.py:400
2026-01-22 00:37:59.151 134276 DEBUG oslo_service.periodic_task [req-5e1d1e15-3b3b-4e15-8be3-dd3f2a3025a9 - - - - -] Running periodic task SchedulerManager._discover_hosts_in_cells run_periodic_tasks /usr/lib/python3/dist-packages/oslo_service/periodic_task.py:210
2026-01-22 00:37:59.155 134276 DEBUG oslo_concurrency.lockutils [req-2c59d7f1-5236-4774-8803-0bc09342c8df - - - - -] Lock "bae977d6-e04f-4456-8746-e23c41e5f258" acquired by "nova.context.set_target_cell..get_or_set_cached_cell_and_set_connections" :: waited 0.000s inner /usr/lib/python3/dist-packages/oslo_concurrency/lockutils.py:386
2026-01-22 00:37:59.155 134276 DEBUG oslo_concurrency.lockutils [req-2c59d7f1-5236-4774-8803-0bc09342c8df - - - - -] Lock "bae977d6-e04f-4456-8746-e23c41e5f258" "released" by "nova.context.set_target_cell..get_or_set_cached_cell_and_set_connections" :: held 0.000s inner /usr/lib/python3/dist-packages/oslo_concurrency/lockutils.py:400
2026-01-22 00:38:00.181 134275 DEBUG oslo_service.periodic_task [req-98520d66-7804-4f05-b031-206776e8481f - - - - -] Running periodic task SchedulerManager._discover_hosts_in_cells run_periodic_tasks /usr/lib/python3/dist-packages/oslo_service/periodic_task.py:210
2026-01-22 00:38:00.186 134275 DEBUG oslo_concurrency.lockutils [req-7448eab8-7a31-46ce-9b86-ff7aad3e1232 - - - - -] Lock "bae977d6-e04f-4456-8746-e23c41e5f258" acquired by "nova.context.set_target_cell..get_or_set_cached_cell_and_set_connections" :: waited 0.000s inner /usr/lib/python3/dist-packages/oslo_concurrency/lockutils.py:386
2026-01-22 00:38:00.186 134275 DEBUG oslo_concurrency.lockutils [req-7448eab8-7a31-46ce-9b86-ff7aad3e1232 - - - - -] Lock "bae977d6-e04f-4456-8746-e23c41e5f258" "released" by "nova.context.set_target_cell..get_or_set_cached_cell_and_set_connections" :: held 0.000s inner /usr/lib/python3/dist-packages/oslo_concurrency/lockutils.py:400
2026-01-22 00:38:22.089 132784 INFO oslo_service.service [req-fba02391-f4e8-44e6-a6b3-fc1551d3d242 - - - - -] Caught SIGTERM, stopping children
2026-01-22 00:38:22.090 132784 DEBUG oslo_concurrency.lockutils [req-fba02391-f4e8-44e6-a6b3-fc1551d3d242 - - - - -] Acquired lock "singleton_lock" lock /usr/lib/python3/dist-packages/oslo_concurrency/lockutils.py:294
2026-01-22 00:38:22.090 132784 DEBUG oslo_concurrency.lockutils [req-fba02391-f4e8-44e6-a6b3-fc1551d3d242 - - - - -] Releasing lock "singleton_lock" lock /usr/lib/python3/dist-packages/oslo_concurrency/lockutils.py:312
2026-01-22 00:38:22.090 132784 DEBUG oslo_service.service [req-fba02391-f4e8-44e6-a6b3-fc1551d3d242 - - - - -] Stop services. stop /usr/lib/python3/dist-packages/oslo_service/service.py:695
2026-01-22 00:38:22.090 132784 DEBUG oslo_service.service [req-fba02391-f4e8-44e6-a6b3-fc1551d3d242 - - - - -] Killing children. stop /usr/lib/python3/dist-packages/oslo_service/service.py:700
2026-01-22 00:38:22.091 132784 INFO oslo_service.service [req-fba02391-f4e8-44e6-a6b3-fc1551d3d242 - - - - -] Waiting on 4 children to exit
2026-01-22 00:38:22.098 132784 INFO oslo_service.service [req-fba02391-f4e8-44e6-a6b3-fc1551d3d242 - - - - -] Child 134283 killed by signal 15
2026-01-22 00:38:22.098 132784 INFO oslo_service.service [req-fba02391-f4e8-44e6-a6b3-fc1551d3d242 - - - - -] Child 134276 killed by signal 15
2026-01-22 00:38:22.098 132784 INFO oslo_service.service [req-fba02391-f4e8-44e6-a6b3-fc1551d3d242 - - - - -] Child 134282 killed by signal 15
2026-01-22 00:38:22.099 132784 INFO oslo_service.service [req-fba02391-f4e8-44e6-a6b3-fc1551d3d242 - - - - -] Child 134275 killed by signal 15
2026-01-22 00:38:23.780 152863 DEBUG oslo_db.sqlalchemy.engines [req-c8ffc2a0-fdaa-4756-8018-150b4adcaf05 - - - - -] MySQL server mode set to STRICT_TRANS_TABLES,STRICT_ALL_TABLES,NO_ZERO_IN_DATE,NO_ZERO_DATE,ERROR_FOR_DIVISION_BY_ZERO,TRADITIONAL,NO_ENGINE_SUBSTITUTION _check_effective_sql_mode /usr/lib/python3/dist-packages/oslo_db/sqlalchemy/engines.py:314
2026-01-22 00:38:23.810 152863 DEBUG nova.scheduler.host_manager [req-c8ffc2a0-fdaa-4756-8018-150b4adcaf05 - - - - -] Found 1 cells: bae977d6-e04f-4456-8746-e23c41e5f258 refresh_cells_caches /usr/lib/python3/dist-packages/nova/scheduler/host_manager.py:730
2026-01-22 00:38:23.811 152863 DEBUG nova.scheduler.host_manager [req-c8ffc2a0-fdaa-4756-8018-150b4adcaf05 - - - - -] Found 0 disabled cells: refresh_cells_caches /usr/lib/python3/dist-packages/nova/scheduler/host_manager.py:742
2026-01-22 00:38:23.816 152863 WARNING nova.scheduler.filters.availability_zone_filter [req-c8ffc2a0-fdaa-4756-8018-150b4adcaf05 - - - - -] The 'AvailabilityZoneFilter' is deprecated since the 24.0.0 (Xena) release. Since the 18.0.0 (Rocky) release, nova has supported mapping AZs to placement aggregates. The feature is enabled by the 'query_placement_for_availability_zone' config option and is now enabled by default. As such, the 'AvailabilityZoneFilter' is no longer required. Nova is currently configured to use both placement and the AvailabilityZoneFilter for AZ enforcement.
2026-01-22 00:38:23.904 152863 DEBUG nova.scheduler.host_manager [req-c8ffc2a0-fdaa-4756-8018-150b4adcaf05 - - - - -] START:_async_init_instance_info _async_init_instance_info /usr/lib/python3/dist-packages/nova/scheduler/host_manager.py:411
2026-01-22 00:38:23.907 152863 DEBUG oslo_concurrency.lockutils [req-9cb6684d-d87a-4023-bfaf-dfe2fd8a3d74 - - - - -] Lock "bae977d6-e04f-4456-8746-e23c41e5f258" acquired by "nova.context.set_target_cell..get_or_set_cached_cell_and_set_connections" :: waited 0.000s inner /usr/lib/python3/dist-packages/oslo_concurrency/lockutils.py:386
2026-01-22 00:38:23.908 152863 DEBUG oslo_concurrency.lockutils [req-9cb6684d-d87a-4023-bfaf-dfe2fd8a3d74 - - - - -] Lock "bae977d6-e04f-4456-8746-e23c41e5f258" "released" by "nova.context.set_target_cell..get_or_set_cached_cell_and_set_connections" :: held 0.002s inner /usr/lib/python3/dist-packages/oslo_concurrency/lockutils.py:400
2026-01-22 00:38:23.915 152863 DEBUG oslo_db.sqlalchemy.engines [req-9cb6684d-d87a-4023-bfaf-dfe2fd8a3d74 - - - - -] MySQL server mode set to STRICT_TRANS_TABLES,STRICT_ALL_TABLES,NO_ZERO_IN_DATE,NO_ZERO_DATE,ERROR_FOR_DIVISION_BY_ZERO,TRADITIONAL,NO_ENGINE_SUBSTITUTION _check_effective_sql_mode /usr/lib/python3/dist-packages/oslo_db/sqlalchemy/engines.py:314
2026-01-22 00:38:23.926 152863 DEBUG nova.scheduler.host_manager [req-9cb6684d-d87a-4023-bfaf-dfe2fd8a3d74 - - - - -] Total number of compute nodes: 1 _async_init_instance_info /usr/lib/python3/dist-packages/nova/scheduler/host_manager.py:424
2026-01-22 00:38:23.927 152863 DEBUG oslo_concurrency.lockutils [req-9cb6684d-d87a-4023-bfaf-dfe2fd8a3d74 - - - - -] Lock "bae977d6-e04f-4456-8746-e23c41e5f258" acquired by "nova.context.set_target_cell..get_or_set_cached_cell_and_set_connections" :: waited 0.000s inner /usr/lib/python3/dist-packages/oslo_concurrency/lockutils.py:386
2026-01-22 00:38:23.927 152863 DEBUG oslo_concurrency.lockutils [req-9cb6684d-d87a-4023-bfaf-dfe2fd8a3d74 - - - - -] Lock "bae977d6-e04f-4456-8746-e23c41e5f258" "released" by "nova.context.set_target_cell..get_or_set_cached_cell_and_set_connections" :: held 0.000s inner /usr/lib/python3/dist-packages/oslo_concurrency/lockutils.py:400
2026-01-22 00:38:24.007 152863 DEBUG nova.scheduler.host_manager [req-9cb6684d-d87a-4023-bfaf-dfe2fd8a3d74 - - - - -] Adding 0 instances for hosts 10-20 _async_init_instance_info /usr/lib/python3/dist-packages/nova/scheduler/host_manager.py:443
2026-01-22 00:38:24.007 152863 DEBUG nova.scheduler.host_manager [req-9cb6684d-d87a-4023-bfaf-dfe2fd8a3d74 - - - - -] END:_async_init_instance_info _async_init_instance_info /usr/lib/python3/dist-packages/nova/scheduler/host_manager.py:454
2026-01-22 00:38:24.389 152863 DEBUG nova.context [req-c8ffc2a0-fdaa-4756-8018-150b4adcaf05 - - - - -] Found 2 cells: 00000000-0000-0000-0000-000000000000(cell0),bae977d6-e04f-4456-8746-e23c41e5f258(cell1) load_cells /usr/lib/python3/dist-packages/nova/context.py:464
2026-01-22 00:38:24.390 152863 DEBUG oslo_concurrency.lockutils [req-e8283f01-97c9-4284-866d-ffb84cfe4a6a - - - - -] Lock "00000000-0000-0000-0000-000000000000" acquired by "nova.context.set_target_cell..get_or_set_cached_cell_and_set_connections" :: waited 0.000s inner /usr/lib/python3/dist-packages/oslo_concurrency/lockutils.py:386
2026-01-22 00:38:24.391 152863 DEBUG oslo_concurrency.lockutils [req-e8283f01-97c9-4284-866d-ffb84cfe4a6a - - - - -] Lock "00000000-0000-0000-0000-000000000000" "released" by "nova.context.set_target_cell..get_or_set_cached_cell_and_set_connections" :: held 0.001s inner /usr/lib/python3/dist-packages/oslo_concurrency/lockutils.py:400
2026-01-22 00:38:24.391 152863 DEBUG oslo_concurrency.lockutils [req-e8283f01-97c9-4284-866d-ffb84cfe4a6a - - - - -] Lock "bae977d6-e04f-4456-8746-e23c41e5f258" acquired by "nova.context.set_target_cell..get_or_set_cached_cell_and_set_connections" :: waited 0.000s inner /usr/lib/python3/dist-packages/oslo_concurrency/lockutils.py:386
2026-01-22 00:38:24.392 152863 DEBUG oslo_concurrency.lockutils [req-e8283f01-97c9-4284-866d-ffb84cfe4a6a - - - - -] Lock "bae977d6-e04f-4456-8746-e23c41e5f258" "released" by "nova.context.set_target_cell..get_or_set_cached_cell_and_set_connections" :: held 0.000s inner /usr/lib/python3/dist-packages/oslo_concurrency/lockutils.py:400
2026-01-22 00:38:24.401 152863 DEBUG oslo_db.sqlalchemy.engines [req-e8283f01-97c9-4284-866d-ffb84cfe4a6a - - - - -] MySQL server mode set to STRICT_TRANS_TABLES,STRICT_ALL_TABLES,NO_ZERO_IN_DATE,NO_ZERO_DATE,ERROR_FOR_DIVISION_BY_ZERO,TRADITIONAL,NO_ENGINE_SUBSTITUTION _check_effective_sql_mode /usr/lib/python3/dist-packages/oslo_db/sqlalchemy/engines.py:314
2026-01-22 00:38:24.411 152863 DEBUG oslo_concurrency.lockutils [req-e8283f01-97c9-4284-866d-ffb84cfe4a6a - - - - -] Acquired lock "singleton_lock" lock /usr/lib/python3/dist-packages/oslo_concurrency/lockutils.py:294
2026-01-22 00:38:24.412 152863 DEBUG oslo_concurrency.lockutils [req-e8283f01-97c9-4284-866d-ffb84cfe4a6a - - - - -] Releasing lock "singleton_lock" lock /usr/lib/python3/dist-packages/oslo_concurrency/lockutils.py:312
2026-01-22 00:38:24.412 152863 INFO oslo_service.service [req-e8283f01-97c9-4284-866d-ffb84cfe4a6a - - - - -] Starting 4 workers
2026-01-22 00:38:24.417 152863 DEBUG oslo_service.service [req-e8283f01-97c9-4284-866d-ffb84cfe4a6a - - - - -] Started child 153363 _start_child /usr/lib/python3/dist-packages/oslo_service/service.py:575
2026-01-22 00:38:24.421 153363 INFO nova.service [-] Starting scheduler node (version 25.2.1)
2026-01-22 00:38:24.422 152863 DEBUG oslo_service.service [req-e8283f01-97c9-4284-866d-ffb84cfe4a6a - - - - -] Started child 153373 _start_child /usr/lib/python3/dist-packages/oslo_service/service.py:575
2026-01-22 00:38:24.427 153373 INFO nova.service [-] Starting scheduler node (version 25.2.1)
2026-01-22 00:38:24.427 152863 DEBUG oslo_service.service [req-e8283f01-97c9-4284-866d-ffb84cfe4a6a - - - - -] Started child 153375 _start_child /usr/lib/python3/dist-packages/oslo_service/service.py:575
2026-01-22 00:38:24.432 153375 INFO nova.service [-] Starting scheduler node (version 25.2.1)
2026-01-22 00:38:24.433 153363 DEBUG oslo_db.sqlalchemy.engines [req-845c1c28-c5e5-4e70-bf3d-bb7f95674433 - - - - -] MySQL server mode set to STRICT_TRANS_TABLES,STRICT_ALL_TABLES,NO_ZERO_IN_DATE,NO_ZERO_DATE,ERROR_FOR_DIVISION_BY_ZERO,TRADITIONAL,NO_ENGINE_SUBSTITUTION _check_effective_sql_mode /usr/lib/python3/dist-packages/oslo_db/sqlalchemy/engines.py:314
2026-01-22 00:38:24.432 152863 DEBUG oslo_service.service [req-e8283f01-97c9-4284-866d-ffb84cfe4a6a - - - - -] Started child 153381 _start_child /usr/lib/python3/dist-packages/oslo_service/service.py:575
2026-01-22 00:38:24.435 152863 DEBUG oslo_service.service [req-e8283f01-97c9-4284-866d-ffb84cfe4a6a - - - - -] Full set of CONF: wait /usr/lib/python3/dist-packages/oslo_service/service.py:649
2026-01-22 00:38:24.435 152863 DEBUG oslo_service.service [req-e8283f01-97c9-4284-866d-ffb84cfe4a6a - - - - -] ******************************************************************************** log_opt_values /usr/lib/python3/dist-packages/oslo_config/cfg.py:2589
2026-01-22 00:38:24.435 152863 DEBUG oslo_service.service [req-e8283f01-97c9-4284-866d-ffb84cfe4a6a - - - - -] Configuration options gathered from: log_opt_values /usr/lib/python3/dist-packages/oslo_config/cfg.py:2590
2026-01-22 00:38:24.435 152863 DEBUG oslo_service.service [req-e8283f01-97c9-4284-866d-ffb84cfe4a6a - - - - -] command line args: ['--config-file=/etc/nova/nova.conf', '--log-file=/var/log/nova/nova-scheduler.log'] log_opt_values /usr/lib/python3/dist-packages/oslo_config/cfg.py:2591
2026-01-22 00:38:24.436 152863 DEBUG oslo_service.service [req-e8283f01-97c9-4284-866d-ffb84cfe4a6a - - - - -] config files: ['/etc/nova/nova.conf'] log_opt_values /usr/lib/python3/dist-packages/oslo_config/cfg.py:2592
2026-01-22 00:38:24.436 152863 DEBUG oslo_service.service [req-e8283f01-97c9-4284-866d-ffb84cfe4a6a - - - - -] ================================================================================ log_opt_values /usr/lib/python3/dist-packages/oslo_config/cfg.py:2594
2026-01-22 00:38:24.436 152863 DEBUG oslo_service.service [req-e8283f01-97c9-4284-866d-ffb84cfe4a6a - - - - -] allow_resize_to_same_host = False log_opt_values /usr/lib/python3/dist-packages/oslo_config/cfg.py:2602
2026-01-22 00:38:24.436 152863 DEBUG oslo_service.service [req-e8283f01-97c9-4284-866d-ffb84cfe4a6a - - - - -] arq_binding_timeout = 300 log_opt_values /usr/lib/python3/dist-packages/oslo_config/cfg.py:2602
2026-01-22 00:38:24.436 152863 DEBUG oslo_service.service [req-e8283f01-97c9-4284-866d-ffb84cfe4a6a - - - - -] block_device_allocate_retries = 60 log_opt_values /usr/lib/python3/dist-packages/oslo_config/cfg.py:2602
2026-01-22 00:38:24.437 152863 DEBUG oslo_service.service [req-e8283f01-97c9-4284-866d-ffb84cfe4a6a - - - - -] block_device_allocate_retries_interval = 3 log_opt_values /usr/lib/python3/dist-packages/oslo_config/cfg.py:2602
2026-01-22 00:38:24.437 152863 DEBUG oslo_service.service [req-e8283f01-97c9-4284-866d-ffb84cfe4a6a - - - - -] cert = self.pem log_opt_values /usr/lib/python3/dist-packages/oslo_config/cfg.py:2602
2026-01-22 00:38:24.437 152863 DEBUG oslo_service.service [req-e8283f01-97c9-4284-866d-ffb84cfe4a6a - - - - -] compute_driver = libvirt.LibvirtDriver log_opt_values /usr/lib/python3/dist-packages/oslo_config/cfg.py:2602
2026-01-22 00:38:24.437 152863 DEBUG oslo_service.service [req-e8283f01-97c9-4284-866d-ffb84cfe4a6a - - - - -] compute_monitors = [] log_opt_values /usr/lib/python3/dist-packages/oslo_config/cfg.py:2602
2026-01-22 00:38:24.437 152863 DEBUG oslo_service.service [req-e8283f01-97c9-4284-866d-ffb84cfe4a6a - - - - -] config_dir = [] log_opt_values /usr/lib/python3/dist-packages/oslo_config/cfg.py:2602
2026-01-22 00:38:24.438 152863 DEBUG oslo_service.service [req-e8283f01-97c9-4284-866d-ffb84cfe4a6a - - - - -] config_drive_format = iso9660 log_opt_values /usr/lib/python3/dist-packages/oslo_config/cfg.py:2602
2026-01-22 00:38:24.438 152863 DEBUG oslo_service.service [req-e8283f01-97c9-4284-866d-ffb84cfe4a6a - - - - -] config_file = ['/etc/nova/nova.conf'] log_opt_values /usr/lib/python3/dist-packages/oslo_config/cfg.py:2602
2026-01-22 00:38:24.438 152863 DEBUG oslo_service.service [req-e8283f01-97c9-4284-866d-ffb84cfe4a6a - - - - -] config_source = [] log_opt_values /usr/lib/python3/dist-packages/oslo_config/cfg.py:2602
2026-01-22 00:38:24.438 152863 DEBUG oslo_service.service [req-e8283f01-97c9-4284-866d-ffb84cfe4a6a - - - - -] console_host = juju-f748f2-0-lxd-7 log_opt_values /usr/lib/python3/dist-packages/oslo_config/cfg.py:2602
2026-01-22 00:38:24.438 152863 DEBUG oslo_service.service [req-e8283f01-97c9-4284-866d-ffb84cfe4a6a - - - - -] control_exchange = nova log_opt_values /usr/lib/python3/dist-packages/oslo_config/cfg.py:2602
2026-01-22 00:38:24.438 152863 DEBUG oslo_service.service [req-e8283f01-97c9-4284-866d-ffb84cfe4a6a - - - - -] cpu_allocation_ratio = 2.0 log_opt_values /usr/lib/python3/dist-packages/oslo_config/cfg.py:2602
