2026-01-22 00:36:10.706 38178 DEBUG oslo_service.service [-] database.db_max_retries = 20 log_opt_values /usr/lib/python3/dist-packages/oslo_config/cfg.py:2609
2026-01-22 00:36:10.706 38178 DEBUG oslo_service.service [-] database.db_max_retry_interval = 10 log_opt_values /usr/lib/python3/dist-packages/oslo_config/cfg.py:2609
2026-01-22 00:36:10.706 38178 DEBUG oslo_service.service [-] database.db_retry_interval = 1 log_opt_values /usr/lib/python3/dist-packages/oslo_config/cfg.py:2609
2026-01-22 00:36:10.706 38178 DEBUG oslo_service.service [-] database.max_overflow = 50 log_opt_values /usr/lib/python3/dist-packages/oslo_config/cfg.py:2609
2026-01-22 00:36:10.706 38178 DEBUG oslo_service.service [-] database.max_pool_size = 5 log_opt_values /usr/lib/python3/dist-packages/oslo_config/cfg.py:2609
2026-01-22 00:36:10.706 38178 DEBUG oslo_service.service [-] database.max_retries = 10 log_opt_values /usr/lib/python3/dist-packages/oslo_config/cfg.py:2609
2026-01-22 00:36:10.706 38178 DEBUG oslo_service.service [-] database.mysql_enable_ndb = False log_opt_values /usr/lib/python3/dist-packages/oslo_config/cfg.py:2609
2026-01-22 00:36:10.707 38178 DEBUG oslo_service.service [-] database.mysql_sql_mode = TRADITIONAL log_opt_values /usr/lib/python3/dist-packages/oslo_config/cfg.py:2609
2026-01-22 00:36:10.707 38178 DEBUG oslo_service.service [-] database.pool_timeout = None log_opt_values /usr/lib/python3/dist-packages/oslo_config/cfg.py:2609
2026-01-22 00:36:10.707 38178 DEBUG oslo_service.service [-] database.retry_interval = 10 log_opt_values /usr/lib/python3/dist-packages/oslo_config/cfg.py:2609
2026-01-22 00:36:10.707 38178 DEBUG oslo_service.service [-] database.slave_connection = **** log_opt_values /usr/lib/python3/dist-packages/oslo_config/cfg.py:2609
2026-01-22 00:36:10.707 38178 DEBUG oslo_service.service [-] database.sqlite_synchronous = True log_opt_values /usr/lib/python3/dist-packages/oslo_config/cfg.py:2609
2026-01-22 00:36:10.707 38178 DEBUG oslo_service.service [-] database.use_db_reconnect = False log_opt_values /usr/lib/python3/dist-packages/oslo_config/cfg.py:2609
2026-01-22 00:36:10.707 38178 DEBUG oslo_service.service [-] oslo_messaging_metrics.metrics_buffer_size = 1000 log_opt_values /usr/lib/python3/dist-packages/oslo_config/cfg.py:2609
2026-01-22 00:36:10.707 38178 DEBUG oslo_service.service [-] oslo_messaging_metrics.metrics_enabled = False log_opt_values /usr/lib/python3/dist-packages/oslo_config/cfg.py:2609
2026-01-22 00:36:10.708 38178 DEBUG oslo_service.service [-] oslo_messaging_metrics.metrics_process_name = log_opt_values /usr/lib/python3/dist-packages/oslo_config/cfg.py:2609
2026-01-22 00:36:10.708 38178 DEBUG oslo_service.service [-] oslo_messaging_metrics.metrics_socket_file = /var/tmp/metrics_collector.sock log_opt_values /usr/lib/python3/dist-packages/oslo_config/cfg.py:2609
2026-01-22 00:36:10.708 38178 DEBUG oslo_service.service [-] oslo_messaging_metrics.metrics_thread_stop_timeout = 10 log_opt_values /usr/lib/python3/dist-packages/oslo_config/cfg.py:2609
2026-01-22 00:36:10.708 38178 DEBUG oslo_service.service [-] oslo_policy.enforce_new_defaults = False log_opt_values /usr/lib/python3/dist-packages/oslo_config/cfg.py:2609
2026-01-22 00:36:10.708 38178 DEBUG oslo_service.service [-] oslo_policy.enforce_scope = False log_opt_values /usr/lib/python3/dist-packages/oslo_config/cfg.py:2609
2026-01-22 00:36:10.708 38178 DEBUG oslo_service.service [-] oslo_policy.policy_default_rule = default log_opt_values /usr/lib/python3/dist-packages/oslo_config/cfg.py:2609
2026-01-22 00:36:10.708 38178 DEBUG oslo_service.service [-] oslo_policy.policy_dirs = ['policy.d'] log_opt_values /usr/lib/python3/dist-packages/oslo_config/cfg.py:2609
2026-01-22 00:36:10.708 38178 DEBUG oslo_service.service [-] oslo_policy.policy_file = policy.yaml log_opt_values /usr/lib/python3/dist-packages/oslo_config/cfg.py:2609
2026-01-22 00:36:10.709 38178 DEBUG oslo_service.service [-] oslo_policy.remote_content_type = application/x-www-form-urlencoded log_opt_values /usr/lib/python3/dist-packages/oslo_config/cfg.py:2609
2026-01-22 00:36:10.709 38178 DEBUG oslo_service.service [-] oslo_policy.remote_ssl_ca_crt_file = None log_opt_values /usr/lib/python3/dist-packages/oslo_config/cfg.py:2609
2026-01-22 00:36:10.709 38178 DEBUG oslo_service.service [-] oslo_policy.remote_ssl_client_crt_file = None log_opt_values /usr/lib/python3/dist-packages/oslo_config/cfg.py:2609
2026-01-22 00:36:10.709 38178 DEBUG oslo_service.service [-] oslo_policy.remote_ssl_client_key_file = None log_opt_values /usr/lib/python3/dist-packages/oslo_config/cfg.py:2609
2026-01-22 00:36:10.709 38178 DEBUG oslo_service.service [-] oslo_policy.remote_ssl_verify_server_crt = False log_opt_values /usr/lib/python3/dist-packages/oslo_config/cfg.py:2609
2026-01-22 00:36:10.709 38178 DEBUG oslo_service.service [-] trustee.auth_section = None log_opt_values /usr/lib/python3/dist-packages/oslo_config/cfg.py:2609
2026-01-22 00:36:10.709 38393 INFO heat.engine.worker [-] Starting engine_worker (1.4) in engine ff45181f-7fde-4a92-869f-62157530b14e.
2026-01-22 00:36:10.710 38178 WARNING oslo_config.cfg [-] Deprecated: Option "auth_plugin" from group "trustee" is deprecated. Use option "auth_type" from group "trustee".
2026-01-22 00:36:10.710 38178 DEBUG oslo_service.service [-] trustee.auth_type = password log_opt_values /usr/lib/python3/dist-packages/oslo_config/cfg.py:2609
2026-01-22 00:36:10.710 38178 DEBUG oslo_service.service [-] oslo_versionedobjects.fatal_exception_format_errors = False log_opt_values /usr/lib/python3/dist-packages/oslo_config/cfg.py:2609
2026-01-22 00:36:10.710 38178 DEBUG oslo_service.service [-] oslo_messaging_rabbit.amqp_auto_delete = False log_opt_values /usr/lib/python3/dist-packages/oslo_config/cfg.py:2609
2026-01-22 00:36:10.711 38178 DEBUG oslo_service.service [-] oslo_messaging_rabbit.amqp_durable_queues = False log_opt_values /usr/lib/python3/dist-packages/oslo_config/cfg.py:2609
2026-01-22 00:36:10.711 38178 DEBUG oslo_service.service [-] oslo_messaging_rabbit.conn_pool_min_size = 2 log_opt_values /usr/lib/python3/dist-packages/oslo_config/cfg.py:2609
2026-01-22 00:36:10.711 38178 DEBUG oslo_service.service [-] oslo_messaging_rabbit.conn_pool_ttl = 1200 log_opt_values /usr/lib/python3/dist-packages/oslo_config/cfg.py:2609
2026-01-22 00:36:10.711 38178 DEBUG oslo_service.service [-] oslo_messaging_rabbit.direct_mandatory_flag = True log_opt_values /usr/lib/python3/dist-packages/oslo_config/cfg.py:2609
2026-01-22 00:36:10.711 38178 DEBUG oslo_service.service [-] oslo_messaging_rabbit.enable_cancel_on_failover = False log_opt_values /usr/lib/python3/dist-packages/oslo_config/cfg.py:2609
2026-01-22 00:36:10.711 38178 DEBUG oslo_service.service [-] oslo_messaging_rabbit.heartbeat_in_pthread = False log_opt_values /usr/lib/python3/dist-packages/oslo_config/cfg.py:2609
2026-01-22 00:36:10.711 38178 DEBUG oslo_service.service [-] oslo_messaging_rabbit.heartbeat_rate = 2 log_opt_values /usr/lib/python3/dist-packages/oslo_config/cfg.py:2609
2026-01-22 00:36:10.711 38178 DEBUG oslo_service.service [-] oslo_messaging_rabbit.heartbeat_timeout_threshold = 60 log_opt_values /usr/lib/python3/dist-packages/oslo_config/cfg.py:2609
2026-01-22 00:36:10.711 38178 DEBUG oslo_service.service [-] oslo_messaging_rabbit.kombu_compression = None log_opt_values /usr/lib/python3/dist-packages/oslo_config/cfg.py:2609
2026-01-22 00:36:10.712 38178 DEBUG oslo_service.service [-] oslo_messaging_rabbit.kombu_failover_strategy = round-robin log_opt_values /usr/lib/python3/dist-packages/oslo_config/cfg.py:2609
2026-01-22 00:36:10.712 38178 DEBUG oslo_service.service [-] oslo_messaging_rabbit.kombu_missing_consumer_retry_timeout = 60 log_opt_values /usr/lib/python3/dist-packages/oslo_config/cfg.py:2609
2026-01-22 00:36:10.712 38178 DEBUG oslo_service.service [-] oslo_messaging_rabbit.kombu_reconnect_delay = 1.0 log_opt_values /usr/lib/python3/dist-packages/oslo_config/cfg.py:2609
2026-01-22 00:36:10.712 38178 DEBUG oslo_service.service [-] oslo_messaging_rabbit.rabbit_ha_queues = False log_opt_values /usr/lib/python3/dist-packages/oslo_config/cfg.py:2609
2026-01-22 00:36:10.712 38178 DEBUG oslo_service.service [-] oslo_messaging_rabbit.rabbit_interval_max = 30 log_opt_values /usr/lib/python3/dist-packages/oslo_config/cfg.py:2609
2026-01-22 00:36:10.712 38178 DEBUG oslo_service.service [-] oslo_messaging_rabbit.rabbit_login_method = AMQPLAIN log_opt_values /usr/lib/python3/dist-packages/oslo_config/cfg.py:2609
2026-01-22 00:36:10.712 38178 DEBUG oslo_service.service [-] oslo_messaging_rabbit.rabbit_qos_prefetch_count = 0 log_opt_values /usr/lib/python3/dist-packages/oslo_config/cfg.py:2609
2026-01-22 00:36:10.712 38178 DEBUG oslo_service.service [-] oslo_messaging_rabbit.rabbit_quorum_queue = False log_opt_values /usr/lib/python3/dist-packages/oslo_config/cfg.py:2609
2026-01-22 00:36:10.712 38178 DEBUG oslo_service.service [-] oslo_messaging_rabbit.rabbit_retry_backoff = 2 log_opt_values /usr/lib/python3/dist-packages/oslo_config/cfg.py:2609
2026-01-22 00:36:10.713 38178 DEBUG oslo_service.service [-] oslo_messaging_rabbit.rabbit_retry_interval = 1 log_opt_values /usr/lib/python3/dist-packages/oslo_config/cfg.py:2609
2026-01-22 00:36:10.713 38178 DEBUG oslo_service.service [-] oslo_messaging_rabbit.rabbit_transient_queues_ttl = 1800 log_opt_values /usr/lib/python3/dist-packages/oslo_config/cfg.py:2609
2026-01-22 00:36:10.713 38178 DEBUG oslo_service.service [-] oslo_messaging_rabbit.rpc_conn_pool_size = 30 log_opt_values /usr/lib/python3/dist-packages/oslo_config/cfg.py:2609
2026-01-22 00:36:10.713 38178 DEBUG oslo_service.service [-] oslo_messaging_rabbit.ssl = False log_opt_values /usr/lib/python3/dist-packages/oslo_config/cfg.py:2609
2026-01-22 00:36:10.713 38178 DEBUG oslo_service.service [-] oslo_messaging_rabbit.ssl_ca_file = log_opt_values /usr/lib/python3/dist-packages/oslo_config/cfg.py:2609
2026-01-22 00:36:10.713 38178 DEBUG oslo_service.service [-] oslo_messaging_rabbit.ssl_cert_file = log_opt_values /usr/lib/python3/dist-packages/oslo_config/cfg.py:2609
2026-01-22 00:36:10.713 38178 DEBUG oslo_service.service [-] oslo_messaging_rabbit.ssl_key_file = log_opt_values /usr/lib/python3/dist-packages/oslo_config/cfg.py:2609
2026-01-22 00:36:10.713 38178 DEBUG oslo_service.service [-] oslo_messaging_rabbit.ssl_version = log_opt_values /usr/lib/python3/dist-packages/oslo_config/cfg.py:2609
2026-01-22 00:36:10.714 38178 DEBUG oslo_service.service [-] oslo_messaging_notifications.driver = [] log_opt_values /usr/lib/python3/dist-packages/oslo_config/cfg.py:2609
2026-01-22 00:36:10.714 38178 DEBUG oslo_service.service [-] oslo_messaging_notifications.retry = -1 log_opt_values /usr/lib/python3/dist-packages/oslo_config/cfg.py:2609
2026-01-22 00:36:10.714 38178 DEBUG oslo_service.service [-] oslo_messaging_notifications.topics = ['notifications'] log_opt_values /usr/lib/python3/dist-packages/oslo_config/cfg.py:2609
2026-01-22 00:36:10.714 38178 DEBUG oslo_service.service [-] oslo_messaging_notifications.transport_url = **** log_opt_values /usr/lib/python3/dist-packages/oslo_config/cfg.py:2609
2026-01-22 00:36:10.714 38178 DEBUG oslo_service.service [-] cache.backend = dogpile.cache.null log_opt_values /usr/lib/python3/dist-packages/oslo_config/cfg.py:2609
2026-01-22 00:36:10.714 38178 DEBUG oslo_service.service [-] cache.backend_argument = **** log_opt_values /usr/lib/python3/dist-packages/oslo_config/cfg.py:2609
2026-01-22 00:36:10.714 38178 DEBUG oslo_service.service [-] cache.config_prefix = cache.oslo log_opt_values /usr/lib/python3/dist-packages/oslo_config/cfg.py:2609
2026-01-22 00:36:10.715 38178 DEBUG oslo_service.service [-] cache.debug_cache_backend = False log_opt_values /usr/lib/python3/dist-packages/oslo_config/cfg.py:2609
2026-01-22 00:36:10.715 38178 DEBUG oslo_service.service [-] cache.enabled = False log_opt_values /usr/lib/python3/dist-packages/oslo_config/cfg.py:2609
2026-01-22 00:36:10.715 38178 DEBUG oslo_service.service [-] cache.expiration_time = 600 log_opt_values /usr/lib/python3/dist-packages/oslo_config/cfg.py:2609
2026-01-22 00:36:10.715 38178 DEBUG oslo_service.service [-] cache.memcache_dead_retry = 300 log_opt_values /usr/lib/python3/dist-packages/oslo_config/cfg.py:2609
2026-01-22 00:36:10.715 38178 DEBUG oslo_service.service [-] cache.memcache_pool_connection_get_timeout = 10 log_opt_values /usr/lib/python3/dist-packages/oslo_config/cfg.py:2609
2026-01-22 00:36:10.715 38178 DEBUG oslo_service.service [-] cache.memcache_pool_flush_on_reconnect = False log_opt_values /usr/lib/python3/dist-packages/oslo_config/cfg.py:2609
2026-01-22 00:36:10.716 38178 DEBUG oslo_service.service [-] cache.memcache_pool_maxsize = 10 log_opt_values /usr/lib/python3/dist-packages/oslo_config/cfg.py:2609
2026-01-22 00:36:10.716 38178 DEBUG oslo_service.service [-] cache.memcache_pool_unused_timeout = 60 log_opt_values /usr/lib/python3/dist-packages/oslo_config/cfg.py:2609
2026-01-22 00:36:10.716 38178 DEBUG oslo_service.service [-] cache.memcache_servers = ['localhost:11211'] log_opt_values /usr/lib/python3/dist-packages/oslo_config/cfg.py:2609
2026-01-22 00:36:10.716 38178 DEBUG oslo_service.service [-] cache.memcache_socket_timeout = 1.0 log_opt_values /usr/lib/python3/dist-packages/oslo_config/cfg.py:2609
2026-01-22 00:36:10.716 38178 DEBUG oslo_service.service [-] cache.proxies = [] log_opt_values /usr/lib/python3/dist-packages/oslo_config/cfg.py:2609
2026-01-22 00:36:10.717 38178 DEBUG oslo_service.service [-] cache.tls_allowed_ciphers = None log_opt_values /usr/lib/python3/dist-packages/oslo_config/cfg.py:2609
2026-01-22 00:36:10.717 38178 DEBUG oslo_service.service [-] cache.tls_cafile = None log_opt_values /usr/lib/python3/dist-packages/oslo_config/cfg.py:2609
2026-01-22 00:36:10.717 38178 DEBUG oslo_service.service [-] cache.tls_certfile = None log_opt_values /usr/lib/python3/dist-packages/oslo_config/cfg.py:2609
2026-01-22 00:36:10.717 38178 DEBUG oslo_service.service [-] cache.tls_enabled = False log_opt_values /usr/lib/python3/dist-packages/oslo_config/cfg.py:2609
2026-01-22 00:36:10.717 38178 DEBUG oslo_service.service [-] cache.tls_keyfile = None log_opt_values /usr/lib/python3/dist-packages/oslo_config/cfg.py:2609
2026-01-22 00:36:10.717 38178 DEBUG oslo_service.service [-] constraint_validation_cache.caching = True log_opt_values /usr/lib/python3/dist-packages/oslo_config/cfg.py:2609
2026-01-22 00:36:10.717 38178 DEBUG oslo_service.service [-] constraint_validation_cache.expiration_time = 60 log_opt_values /usr/lib/python3/dist-packages/oslo_config/cfg.py:2609
2026-01-22 00:36:10.717 38178 DEBUG oslo_service.service [-] service_extension_cache.caching = True log_opt_values /usr/lib/python3/dist-packages/oslo_config/cfg.py:2609
2026-01-22 00:36:10.717 38178 DEBUG oslo_service.service [-] service_extension_cache.expiration_time = 3600 log_opt_values /usr/lib/python3/dist-packages/oslo_config/cfg.py:2609
2026-01-22 00:36:10.717 38178 DEBUG oslo_service.service [-] resource_finder_cache.caching = True log_opt_values /usr/lib/python3/dist-packages/oslo_config/cfg.py:2609
2026-01-22 00:36:10.718 38178 DEBUG oslo_service.service [-] resource_finder_cache.expiration_time = 3600 log_opt_values /usr/lib/python3/dist-packages/oslo_config/cfg.py:2609
2026-01-22 00:36:10.718 38178 DEBUG oslo_service.service [-] yaql.limit_iterators = 200 log_opt_values /usr/lib/python3/dist-packages/oslo_config/cfg.py:2609
2026-01-22 00:36:10.718 38178 DEBUG oslo_service.service [-] yaql.memory_quota = 10000 log_opt_values /usr/lib/python3/dist-packages/oslo_config/cfg.py:2609
2026-01-22 00:36:10.718 38178 DEBUG oslo_service.service [-] ******************************************************************************** log_opt_values /usr/lib/python3/dist-packages/oslo_config/cfg.py:2613
2026-01-22 00:36:10.781 38391 DEBUG oslo_db.sqlalchemy.engines [req-e6e5527a-304e-49f0-bcbe-e6e7b570eb3c - - - - -] MySQL server mode set to STRICT_TRANS_TABLES,STRICT_ALL_TABLES,NO_ZERO_IN_DATE,NO_ZERO_DATE,ERROR_FOR_DIVISION_BY_ZERO,TRADITIONAL,NO_ENGINE_SUBSTITUTION _check_effective_sql_mode /usr/lib/python3/dist-packages/oslo_db/sqlalchemy/engines.py:314
2026-01-22 00:36:10.782 38390 DEBUG oslo_db.sqlalchemy.engines [req-da7bea78-8fca-474e-8647-c0a235a772da - - - - -] MySQL server mode set to STRICT_TRANS_TABLES,STRICT_ALL_TABLES,NO_ZERO_IN_DATE,NO_ZERO_DATE,ERROR_FOR_DIVISION_BY_ZERO,TRADITIONAL,NO_ENGINE_SUBSTITUTION _check_effective_sql_mode /usr/lib/python3/dist-packages/oslo_db/sqlalchemy/engines.py:314
2026-01-22 00:36:10.800 38392 DEBUG oslo_db.sqlalchemy.engines [req-5d0aacca-163f-4ada-961e-0e8935ec3a67 - - - - -] MySQL server mode set to STRICT_TRANS_TABLES,STRICT_ALL_TABLES,NO_ZERO_IN_DATE,NO_ZERO_DATE,ERROR_FOR_DIVISION_BY_ZERO,TRADITIONAL,NO_ENGINE_SUBSTITUTION _check_effective_sql_mode /usr/lib/python3/dist-packages/oslo_db/sqlalchemy/engines.py:314
2026-01-22 00:36:10.808 38393 DEBUG oslo_db.sqlalchemy.engines [req-0db85cea-c504-4259-81f5-bcaf36aad2a6 - - - - -] MySQL server mode set to STRICT_TRANS_TABLES,STRICT_ALL_TABLES,NO_ZERO_IN_DATE,NO_ZERO_DATE,ERROR_FOR_DIVISION_BY_ZERO,TRADITIONAL,NO_ENGINE_SUBSTITUTION _check_effective_sql_mode /usr/lib/python3/dist-packages/oslo_db/sqlalchemy/engines.py:314
2026-01-22 00:36:10.847 38390 DEBUG heat.engine.service [req-1848c0bc-0c99-423b-88dd-2740bc651f9b - - - - -] Service 1d4c735f-9a6d-45f3-9a2d-78de7ff7bb07 is started service_manage_report /usr/lib/python3/dist-packages/heat/engine/service.py:2363
2026-01-22 00:36:10.862 38391 DEBUG heat.engine.service [req-53348d02-aec6-48ff-b5f0-49f6b5d236f1 - - - - -] Service 884466ab-b6eb-4e56-85f2-15c5124c01b1 is started service_manage_report /usr/lib/python3/dist-packages/heat/engine/service.py:2363
2026-01-22 00:36:10.863 38390 DEBUG heat.engine.service [req-1848c0bc-0c99-423b-88dd-2740bc651f9b - - - - -] Service 1d4c735f-9a6d-45f3-9a2d-78de7ff7bb07 is updated service_manage_report /usr/lib/python3/dist-packages/heat/engine/service.py:2370
2026-01-22 00:36:10.874 38393 DEBUG heat.engine.service [req-b78270d8-7286-4f35-9abd-02ceaadf62e9 - - - - -] Service 083072fc-d0c8-4988-91f5-a381ec2c7a39 is started service_manage_report /usr/lib/python3/dist-packages/heat/engine/service.py:2363
2026-01-22 00:36:10.885 38391 DEBUG heat.engine.service [req-53348d02-aec6-48ff-b5f0-49f6b5d236f1 - - - - -] Service 884466ab-b6eb-4e56-85f2-15c5124c01b1 is updated service_manage_report /usr/lib/python3/dist-packages/heat/engine/service.py:2370
2026-01-22 00:36:10.884 38392 DEBUG heat.engine.service [req-1f765035-b384-41c0-ae37-a4cb69668efb - - - - -] Service c379311b-bf56-4503-8176-773235620ed4 is started service_manage_report /usr/lib/python3/dist-packages/heat/engine/service.py:2363
2026-01-22 00:36:10.896 38393 DEBUG heat.engine.service [req-b78270d8-7286-4f35-9abd-02ceaadf62e9 - - - - -] Service 083072fc-d0c8-4988-91f5-a381ec2c7a39 is updated service_manage_report /usr/lib/python3/dist-packages/heat/engine/service.py:2370
2026-01-22 00:36:10.908 38392 DEBUG heat.engine.service [req-1f765035-b384-41c0-ae37-a4cb69668efb - - - - -] Service c379311b-bf56-4503-8176-773235620ed4 is updated service_manage_report /usr/lib/python3/dist-packages/heat/engine/service.py:2370
2026-01-22 00:37:10.838 38390 DEBUG heat.engine.service [req-428b4b9b-207b-4783-859b-6166b1b23073 - - - - -] Service 1d4c735f-9a6d-45f3-9a2d-78de7ff7bb07 is updated service_manage_report /usr/lib/python3/dist-packages/heat/engine/service.py:2370
2026-01-22 00:37:10.848 38391 DEBUG heat.engine.service [req-d0c6988c-f4b7-4b2e-9282-6e3263bfae09 - - - - -] Service 884466ab-b6eb-4e56-85f2-15c5124c01b1 is updated service_manage_report /usr/lib/python3/dist-packages/heat/engine/service.py:2370
2026-01-22 00:37:10.872 38392 DEBUG heat.engine.service [req-30c98f8b-5e65-4898-bce1-3b5a42a0da23 - - - - -] Service c379311b-bf56-4503-8176-773235620ed4 is updated service_manage_report /usr/lib/python3/dist-packages/heat/engine/service.py:2370
2026-01-22 00:37:10.880 38393 DEBUG heat.engine.service [req-a01ed650-dec2-48ef-9b64-99b92ee82517 - - - - -] Service 083072fc-d0c8-4988-91f5-a381ec2c7a39 is updated service_manage_report /usr/lib/python3/dist-packages/heat/engine/service.py:2370
2026-01-22 00:38:10.845 38390 DEBUG heat.engine.service [req-22f9637b-6858-4ac4-9c16-5d86b4111348 - - - - -] Service 1d4c735f-9a6d-45f3-9a2d-78de7ff7bb07 is updated service_manage_report /usr/lib/python3/dist-packages/heat/engine/service.py:2370
2026-01-22 00:38:10.851 38391 DEBUG heat.engine.service [req-77283358-ba3b-4e2e-b20a-c4bfcd0d556e - - - - -] Service 884466ab-b6eb-4e56-85f2-15c5124c01b1 is updated service_manage_report /usr/lib/python3/dist-packages/heat/engine/service.py:2370
2026-01-22 00:38:10.878 38392 DEBUG heat.engine.service [req-cc33a645-15da-4a79-b093-ddee9142215e - - - - -] Service c379311b-bf56-4503-8176-773235620ed4 is updated service_manage_report /usr/lib/python3/dist-packages/heat/engine/service.py:2370
2026-01-22 00:38:10.887 38393 DEBUG heat.engine.service [req-00415e83-d8eb-416b-92f0-9a600dd51bd0 - - - - -] Service 083072fc-d0c8-4988-91f5-a381ec2c7a39 is updated service_manage_report /usr/lib/python3/dist-packages/heat/engine/service.py:2370
2026-01-22 00:39:10.838 38390 DEBUG heat.engine.service [req-b5389635-5694-4131-97ff-5b0707657d6e - - - - -] Service 1d4c735f-9a6d-45f3-9a2d-78de7ff7bb07 is updated service_manage_report /usr/lib/python3/dist-packages/heat/engine/service.py:2370
2026-01-22 00:39:10.853 38391 DEBUG heat.engine.service [req-8a7aef3f-7766-4fd8-96f3-2120759f066e - - - - -] Service 884466ab-b6eb-4e56-85f2-15c5124c01b1 is updated service_manage_report /usr/lib/python3/dist-packages/heat/engine/service.py:2370
2026-01-22 00:39:10.882 38393 DEBUG heat.engine.service [req-b1400a83-d5c9-4856-92c5-a3a72a705e40 - - - - -] Service 083072fc-d0c8-4988-91f5-a381ec2c7a39 is updated service_manage_report /usr/lib/python3/dist-packages/heat/engine/service.py:2370
2026-01-22 00:39:10.882 38392 DEBUG heat.engine.service [req-dabd4b16-a087-4919-83b5-3b4db15bd012 - - - - -] Service c379311b-bf56-4503-8176-773235620ed4 is updated service_manage_report /usr/lib/python3/dist-packages/heat/engine/service.py:2370
2026-01-22 00:40:10.845 38390 DEBUG heat.engine.service [req-e6ad333f-ffa2-4b6c-a4a3-dd227a99810e - - - - -] Service 1d4c735f-9a6d-45f3-9a2d-78de7ff7bb07 is updated service_manage_report /usr/lib/python3/dist-packages/heat/engine/service.py:2370
2026-01-22 00:40:10.857 38391 DEBUG heat.engine.service [req-080e34ed-2247-4900-b1f0-7e91f1f02daa - - - - -] Service 884466ab-b6eb-4e56-85f2-15c5124c01b1 is updated service_manage_report /usr/lib/python3/dist-packages/heat/engine/service.py:2370
2026-01-22 00:40:10.887 38393 DEBUG heat.engine.service [req-7368b7ee-3777-45d9-b703-89b2d7bfb055 - - - - -] Service 083072fc-d0c8-4988-91f5-a381ec2c7a39 is updated service_manage_report /usr/lib/python3/dist-packages/heat/engine/service.py:2370
2026-01-22 00:40:10.889 38392 DEBUG heat.engine.service [req-9f2439d3-0afd-452f-84b9-e31c0449b891 - - - - -] Service c379311b-bf56-4503-8176-773235620ed4 is updated service_manage_report /usr/lib/python3/dist-packages/heat/engine/service.py:2370
2026-01-22 00:41:10.838 38390 DEBUG heat.engine.service [req-960dc330-92a9-491b-8167-7cf6671914fc - - - - -] Service 1d4c735f-9a6d-45f3-9a2d-78de7ff7bb07 is updated service_manage_report /usr/lib/python3/dist-packages/heat/engine/service.py:2370
2026-01-22 00:41:10.861 38391 DEBUG heat.engine.service [req-3232d566-cdee-4544-bde2-61186a25559a - - - - -] Service 884466ab-b6eb-4e56-85f2-15c5124c01b1 is updated service_manage_report /usr/lib/python3/dist-packages/heat/engine/service.py:2370
2026-01-22 00:41:10.882 38392 DEBUG heat.engine.service [req-75c8fdd9-66de-4e63-93c5-754c152f7be2 - - - - -] Service c379311b-bf56-4503-8176-773235620ed4 is updated service_manage_report /usr/lib/python3/dist-packages/heat/engine/service.py:2370
2026-01-22 00:41:10.890 38393 DEBUG heat.engine.service [req-2bd129af-7543-4ec3-b81e-a9bd3cb75e70 - - - - -] Service 083072fc-d0c8-4988-91f5-a381ec2c7a39 is updated service_manage_report /usr/lib/python3/dist-packages/heat/engine/service.py:2370
2026-01-22 00:42:10.844 38390 DEBUG heat.engine.service [req-ffb6bd2e-ce37-46ed-8923-71c8a6787f07 - - - - -] Service 1d4c735f-9a6d-45f3-9a2d-78de7ff7bb07 is updated service_manage_report /usr/lib/python3/dist-packages/heat/engine/service.py:2370
2026-01-22 00:42:10.866 38391 DEBUG heat.engine.service [req-c55f8348-a052-4328-9be0-22ee8fbcac61 - - - - -] Service 884466ab-b6eb-4e56-85f2-15c5124c01b1 is updated service_manage_report /usr/lib/python3/dist-packages/heat/engine/service.py:2370
2026-01-22 00:42:10.889 38392 DEBUG heat.engine.service [req-ca06ac9e-6731-4561-9f6c-78249c33bcb9 - - - - -] Service c379311b-bf56-4503-8176-773235620ed4 is updated service_manage_report /usr/lib/python3/dist-packages/heat/engine/service.py:2370
2026-01-22 00:42:10.900 38393 DEBUG heat.engine.service [req-7d618edd-2593-47ac-9b8d-9badd8596cff - - - - -] Service 083072fc-d0c8-4988-91f5-a381ec2c7a39 is updated service_manage_report /usr/lib/python3/dist-packages/heat/engine/service.py:2370
2026-01-22 00:43:10.836 38390 DEBUG heat.engine.service [req-33e62fe7-d0e6-4e5c-81fb-e28752e792b4 - - - - -] Service 1d4c735f-9a6d-45f3-9a2d-78de7ff7bb07 is updated service_manage_report /usr/lib/python3/dist-packages/heat/engine/service.py:2370
2026-01-22 00:43:10.871 38391 DEBUG heat.engine.service [req-086c1723-e1af-4ba9-b980-6b6303e6389d - - - - -] Service 884466ab-b6eb-4e56-85f2-15c5124c01b1 is updated service_manage_report /usr/lib/python3/dist-packages/heat/engine/service.py:2370
2026-01-22 00:43:10.883 38392 DEBUG heat.engine.service [req-ca56215e-8f43-458f-be9c-89a7911c4e44 - - - - -] Service c379311b-bf56-4503-8176-773235620ed4 is updated service_manage_report /usr/lib/python3/dist-packages/heat/engine/service.py:2370
2026-01-22 00:43:10.893 38393 DEBUG heat.engine.service [req-ac2e4899-2e46-4882-a9de-893f99a0f87b - - - - -] Service 083072fc-d0c8-4988-91f5-a381ec2c7a39 is updated service_manage_report /usr/lib/python3/dist-packages/heat/engine/service.py:2370
2026-01-22 00:44:10.840 38390 DEBUG heat.engine.service [req-38ff93f1-9372-4a13-ae10-528aeabfdbc6 - - - - -] Service 1d4c735f-9a6d-45f3-9a2d-78de7ff7bb07 is updated service_manage_report /usr/lib/python3/dist-packages/heat/engine/service.py:2370
2026-01-22 00:44:10.874 38391 DEBUG heat.engine.service [req-9adeec1b-fbea-42a3-a530-050ed652d180 - - - - -] Service 884466ab-b6eb-4e56-85f2-15c5124c01b1 is updated service_manage_report /usr/lib/python3/dist-packages/heat/engine/service.py:2370
2026-01-22 00:44:10.887 38392 DEBUG heat.engine.service [req-19ec5f3d-a394-4da1-83a6-29b19d22ff76 - - - - -] Service c379311b-bf56-4503-8176-773235620ed4 is updated service_manage_report /usr/lib/python3/dist-packages/heat/engine/service.py:2370
2026-01-22 00:44:10.896 38393 DEBUG heat.engine.service [req-cdd3b588-13bb-470c-9f84-2783dd2ce402 - - - - -] Service 083072fc-d0c8-4988-91f5-a381ec2c7a39 is updated service_manage_report /usr/lib/python3/dist-packages/heat/engine/service.py:2370
2026-01-22 00:45:10.843 38390 DEBUG heat.engine.service [req-aa4cae28-276b-4c50-98f8-8158c1cb1682 - - - - -] Service 1d4c735f-9a6d-45f3-9a2d-78de7ff7bb07 is updated service_manage_report /usr/lib/python3/dist-packages/heat/engine/service.py:2370
2026-01-22 00:45:10.880 38391 DEBUG heat.engine.service [req-f4ec5ae8-e71c-408d-a8bc-577dec79cdf6 - - - - -] Service 884466ab-b6eb-4e56-85f2-15c5124c01b1 is updated service_manage_report /usr/lib/python3/dist-packages/heat/engine/service.py:2370
2026-01-22 00:45:10.892 38392 DEBUG heat.engine.service [req-598e31c7-7d6a-4d95-a4f2-d6848044d9d3 - - - - -] Service c379311b-bf56-4503-8176-773235620ed4 is updated service_manage_report /usr/lib/python3/dist-packages/heat/engine/service.py:2370
2026-01-22 00:45:10.903 38393 DEBUG heat.engine.service [req-3d097993-d39a-4682-8709-e3572cd8df3d - - - - -] Service 083072fc-d0c8-4988-91f5-a381ec2c7a39 is updated service_manage_report /usr/lib/python3/dist-packages/heat/engine/service.py:2370
2026-01-22 00:46:10.846 38390 DEBUG heat.engine.service [req-3eba3d84-dd5f-4b4d-b016-6c1de04db367 - - - - -] Service 1d4c735f-9a6d-45f3-9a2d-78de7ff7bb07 is updated service_manage_report /usr/lib/python3/dist-packages/heat/engine/service.py:2370
2026-01-22 00:46:10.881 38391 DEBUG heat.engine.service [req-8d965371-b2d3-410d-86b0-f238c03d56ba - - - - -] Service 884466ab-b6eb-4e56-85f2-15c5124c01b1 is updated service_manage_report /usr/lib/python3/dist-packages/heat/engine/service.py:2370
2026-01-22 00:46:10.901 38392 DEBUG heat.engine.service [req-1d178d06-ad0c-42fb-b352-79209a86283d - - - - -] Service c379311b-bf56-4503-8176-773235620ed4 is updated service_manage_report /usr/lib/python3/dist-packages/heat/engine/service.py:2370
2026-01-22 00:46:10.903 38393 DEBUG heat.engine.service [req-589923ab-a4f4-4d6b-b303-0a7fae8ec29a - - - - -] Service 083072fc-d0c8-4988-91f5-a381ec2c7a39 is updated service_manage_report /usr/lib/python3/dist-packages/heat/engine/service.py:2370
2026-01-22 00:47:10.853 38390 DEBUG heat.engine.service [req-39405f4d-51fb-43b6-a1f9-0a8c70b736fd - - - - -] Service 1d4c735f-9a6d-45f3-9a2d-78de7ff7bb07 is updated service_manage_report /usr/lib/python3/dist-packages/heat/engine/service.py:2370
2026-01-22 00:47:10.891 38391 DEBUG heat.engine.service [req-142c78bf-40d3-4460-98cb-729e287a29e9 - - - - -] Service 884466ab-b6eb-4e56-85f2-15c5124c01b1 is updated service_manage_report /usr/lib/python3/dist-packages/heat/engine/service.py:2370
2026-01-22 00:47:10.895 38392 DEBUG heat.engine.service [req-8c2167e2-f269-4f81-b196-285998d1d832 - - - - -] Service c379311b-bf56-4503-8176-773235620ed4 is updated service_manage_report /usr/lib/python3/dist-packages/heat/engine/service.py:2370
2026-01-22 00:47:10.896 38393 DEBUG heat.engine.service [req-1afc0778-b09c-4e6e-a631-8f3e763734b1 - - - - -] Service 083072fc-d0c8-4988-91f5-a381ec2c7a39 is updated service_manage_report /usr/lib/python3/dist-packages/heat/engine/service.py:2370
2026-01-22 00:48:10.846 38390 DEBUG heat.engine.service [req-ed301f59-6d22-4cc2-ab24-687b3e2f6c17 - - - - -] Service 1d4c735f-9a6d-45f3-9a2d-78de7ff7bb07 is updated service_manage_report /usr/lib/python3/dist-packages/heat/engine/service.py:2370
2026-01-22 00:48:10.884 38391 DEBUG heat.engine.service [req-6ee458ff-a373-4af5-b1c7-82386e1b8cf0 - - - - -] Service 884466ab-b6eb-4e56-85f2-15c5124c01b1 is updated service_manage_report /usr/lib/python3/dist-packages/heat/engine/service.py:2370
2026-01-22 00:48:10.898 38392 DEBUG heat.engine.service [req-6024b519-af91-4e81-a210-68f2aa5ed761 - - - - -] Service c379311b-bf56-4503-8176-773235620ed4 is updated service_manage_report /usr/lib/python3/dist-packages/heat/engine/service.py:2370
2026-01-22 00:48:10.900 38393 DEBUG heat.engine.service [req-f5245d1b-2db5-4ef7-a596-af834093cc79 - - - - -] Service 083072fc-d0c8-4988-91f5-a381ec2c7a39 is updated service_manage_report /usr/lib/python3/dist-packages/heat/engine/service.py:2370
2026-01-22 00:49:10.850 38390 DEBUG heat.engine.service [req-e9502787-d619-4c37-95b5-e6d39770078f - - - - -] Service 1d4c735f-9a6d-45f3-9a2d-78de7ff7bb07 is updated service_manage_report /usr/lib/python3/dist-packages/heat/engine/service.py:2370
2026-01-22 00:49:10.887 38391 DEBUG heat.engine.service [req-b620ed26-e264-4d54-95c9-90fa52a4c98f - - - - -] Service 884466ab-b6eb-4e56-85f2-15c5124c01b1 is updated service_manage_report /usr/lib/python3/dist-packages/heat/engine/service.py:2370
2026-01-22 00:49:10.903 38392 DEBUG heat.engine.service [req-c8687742-a3dd-4a29-85cc-20191ace1c99 - - - - -] Service c379311b-bf56-4503-8176-773235620ed4 is updated service_manage_report /usr/lib/python3/dist-packages/heat/engine/service.py:2370
2026-01-22 00:49:10.905 38393 DEBUG heat.engine.service [req-b49affcc-dd7a-4fdf-bb04-e7960095d381 - - - - -] Service 083072fc-d0c8-4988-91f5-a381ec2c7a39 is updated service_manage_report /usr/lib/python3/dist-packages/heat/engine/service.py:2370
2026-01-22 00:50:10.853 38390 DEBUG heat.engine.service [req-d6ae12b0-6eb9-49a5-8157-de73c39f7c30 - - - - -] Service 1d4c735f-9a6d-45f3-9a2d-78de7ff7bb07 is updated service_manage_report /usr/lib/python3/dist-packages/heat/engine/service.py:2370
2026-01-22 00:50:10.890 38391 DEBUG heat.engine.service [req-59fb03c4-4ba7-4892-801b-146ec22c1cc3 - - - - -] Service 884466ab-b6eb-4e56-85f2-15c5124c01b1 is updated service_manage_report /usr/lib/python3/dist-packages/heat/engine/service.py:2370
2026-01-22 00:50:10.896 38392 DEBUG heat.engine.service [req-5c90e00c-41fb-471e-915c-74b11ae5e0ce - - - - -] Service c379311b-bf56-4503-8176-773235620ed4 is updated service_manage_report /usr/lib/python3/dist-packages/heat/engine/service.py:2370
2026-01-22 00:50:10.911 38393 DEBUG heat.engine.service [req-432c99e5-cb6c-49b4-babc-6b98ec2d584a - - - - -] Service 083072fc-d0c8-4988-91f5-a381ec2c7a39 is updated service_manage_report /usr/lib/python3/dist-packages/heat/engine/service.py:2370
2026-01-22 00:51:10.857 38390 DEBUG heat.engine.service [req-82451f9b-7f8f-479d-bced-b05520135488 - - - - -] Service 1d4c735f-9a6d-45f3-9a2d-78de7ff7bb07 is updated service_manage_report /usr/lib/python3/dist-packages/heat/engine/service.py:2370
2026-01-22 00:51:10.893 38391 DEBUG heat.engine.service [req-3d349e8f-cb82-4ea8-bf3d-0e3931c8039a - - - - -] Service 884466ab-b6eb-4e56-85f2-15c5124c01b1 is updated service_manage_report /usr/lib/python3/dist-packages/heat/engine/service.py:2370
2026-01-22 00:51:10.900 38392 DEBUG heat.engine.service [req-5c650eed-1e53-43da-9704-8145b711a736 - - - - -] Service c379311b-bf56-4503-8176-773235620ed4 is updated service_manage_report /usr/lib/python3/dist-packages/heat/engine/service.py:2370
2026-01-22 00:51:10.904 38393 DEBUG heat.engine.service [req-beb66fda-7aba-4c25-97b0-9fb1023df683 - - - - -] Service 083072fc-d0c8-4988-91f5-a381ec2c7a39 is updated service_manage_report /usr/lib/python3/dist-packages/heat/engine/service.py:2370
2026-01-22 00:52:10.862 38390 DEBUG heat.engine.service [req-65147a9f-ebcf-4726-aa36-56380eebd3e3 - - - - -] Service 1d4c735f-9a6d-45f3-9a2d-78de7ff7bb07 is updated service_manage_report /usr/lib/python3/dist-packages/heat/engine/service.py:2370
2026-01-22 00:52:10.895 38391 DEBUG heat.engine.service [req-a93e5dbc-fc21-48dc-a715-22ea79995d98 - - - - -] Service 884466ab-b6eb-4e56-85f2-15c5124c01b1 is updated service_manage_report /usr/lib/python3/dist-packages/heat/engine/service.py:2370
2026-01-22 00:52:10.904 38392 DEBUG heat.engine.service [req-a0c9d1b3-9b99-4b0d-9a84-afb10c14d0b5 - - - - -] Service c379311b-bf56-4503-8176-773235620ed4 is updated service_manage_report /usr/lib/python3/dist-packages/heat/engine/service.py:2370
2026-01-22 00:52:10.911 38393 DEBUG heat.engine.service [req-7f641a60-92c9-435b-8f61-02732f87ff1e - - - - -] Service 083072fc-d0c8-4988-91f5-a381ec2c7a39 is updated service_manage_report /usr/lib/python3/dist-packages/heat/engine/service.py:2370
2026-01-22 00:53:10.866 38390 DEBUG heat.engine.service [req-022c131c-df6d-4942-b5a7-cda110585b3d - - - - -] Service 1d4c735f-9a6d-45f3-9a2d-78de7ff7bb07 is updated service_manage_report /usr/lib/python3/dist-packages/heat/engine/service.py:2370
2026-01-22 00:53:10.899 38391 DEBUG heat.engine.service [req-f63d856a-b6f7-4e53-838e-2d375e96c08b - - - - -] Service 884466ab-b6eb-4e56-85f2-15c5124c01b1 is updated service_manage_report /usr/lib/python3/dist-packages/heat/engine/service.py:2370
2026-01-22 00:53:10.904 38393 DEBUG heat.engine.service [req-f6d1ee51-c11e-49b3-95c3-cf53fe30f025 - - - - -] Service 083072fc-d0c8-4988-91f5-a381ec2c7a39 is updated service_manage_report /usr/lib/python3/dist-packages/heat/engine/service.py:2370
2026-01-22 00:53:10.908 38392 DEBUG heat.engine.service [req-7df3738f-6025-41e8-a164-061890d802ee - - - - -] Service c379311b-bf56-4503-8176-773235620ed4 is updated service_manage_report /usr/lib/python3/dist-packages/heat/engine/service.py:2370
2026-01-22 00:54:10.869 38390 DEBUG heat.engine.service [req-b214f901-a94d-4947-bc72-9107791e4b32 - - - - -] Service 1d4c735f-9a6d-45f3-9a2d-78de7ff7bb07 is updated service_manage_report /usr/lib/python3/dist-packages/heat/engine/service.py:2370
2026-01-22 00:54:10.901 38391 DEBUG heat.engine.service [req-fde7ee63-d9f9-4ee0-b992-eb85b4d694c6 - - - - -] Service 884466ab-b6eb-4e56-85f2-15c5124c01b1 is updated service_manage_report /usr/lib/python3/dist-packages/heat/engine/service.py:2370
2026-01-22 00:54:10.906 38393 DEBUG heat.engine.service [req-e08aa079-cc77-407d-9ac6-6dbd20c367cf - - - - -] Service 083072fc-d0c8-4988-91f5-a381ec2c7a39 is updated service_manage_report /usr/lib/python3/dist-packages/heat/engine/service.py:2370
2026-01-22 00:54:10.913 38392 DEBUG heat.engine.service [req-24a3d654-b0fd-478f-b859-aa44b3e5680c - - - - -] Service c379311b-bf56-4503-8176-773235620ed4 is updated service_manage_report /usr/lib/python3/dist-packages/heat/engine/service.py:2370
2026-01-22 00:55:10.872 38390 DEBUG heat.engine.service [req-995dc11b-52c0-4533-819f-45611a522528 - - - - -] Service 1d4c735f-9a6d-45f3-9a2d-78de7ff7bb07 is updated service_manage_report /usr/lib/python3/dist-packages/heat/engine/service.py:2370
2026-01-22 00:55:10.906 38391 DEBUG heat.engine.service [req-3faddebf-6930-4f29-b24f-f92f5d1dcbd0 - - - - -] Service 884466ab-b6eb-4e56-85f2-15c5124c01b1 is updated service_manage_report /usr/lib/python3/dist-packages/heat/engine/service.py:2370
2026-01-22 00:55:10.910 38393 DEBUG heat.engine.service [req-78ea2d83-c91e-4b7a-9f61-49c4b9fdc277 - - - - -] Service 083072fc-d0c8-4988-91f5-a381ec2c7a39 is updated service_manage_report /usr/lib/python3/dist-packages/heat/engine/service.py:2370
2026-01-22 00:55:10.915 38392 DEBUG heat.engine.service [req-f77260cc-7ebc-46a7-8fb9-9937325d5d26 - - - - -] Service c379311b-bf56-4503-8176-773235620ed4 is updated service_manage_report /usr/lib/python3/dist-packages/heat/engine/service.py:2370
2026-01-22 00:56:10.874 38390 DEBUG heat.engine.service [req-789f496c-5355-41e6-b62f-fe65a7307eab - - - - -] Service 1d4c735f-9a6d-45f3-9a2d-78de7ff7bb07 is updated service_manage_report /usr/lib/python3/dist-packages/heat/engine/service.py:2370
2026-01-22 00:56:10.909 38391 DEBUG heat.engine.service [req-7b4ac94c-9646-4e3c-838a-980712a2aee1 - - - - -] Service 884466ab-b6eb-4e56-85f2-15c5124c01b1 is updated service_manage_report /usr/lib/python3/dist-packages/heat/engine/service.py:2370
2026-01-22 00:56:10.916 38393 DEBUG heat.engine.service [req-ea8800e6-a5df-4bfa-b8d2-e44ff881a1a6 - - - - -] Service 083072fc-d0c8-4988-91f5-a381ec2c7a39 is updated service_manage_report /usr/lib/python3/dist-packages/heat/engine/service.py:2370
2026-01-22 00:56:10.920 38392 DEBUG heat.engine.service [req-4f66e5ba-2807-42a6-b48d-49c572b9e40e - - - - -] Service c379311b-bf56-4503-8176-773235620ed4 is updated service_manage_report /usr/lib/python3/dist-packages/heat/engine/service.py:2370
2026-01-22 00:57:10.876 38390 DEBUG heat.engine.service [req-bfa52ec8-8ea9-438a-9a5f-389b97ef998d - - - - -] Service 1d4c735f-9a6d-45f3-9a2d-78de7ff7bb07 is updated service_manage_report /usr/lib/python3/dist-packages/heat/engine/service.py:2370
2026-01-22 00:57:10.916 38391 DEBUG heat.engine.service [req-a18b5401-32a1-4591-bddb-ced0c237ab3e - - - - -] Service 884466ab-b6eb-4e56-85f2-15c5124c01b1 is updated service_manage_report /usr/lib/python3/dist-packages/heat/engine/service.py:2370
2026-01-22 00:57:10.923 38393 DEBUG heat.engine.service [req-d8b6aa28-dd20-4a5e-b8c8-0b4cc258c9bc - - - - -] Service 083072fc-d0c8-4988-91f5-a381ec2c7a39 is updated service_manage_report /usr/lib/python3/dist-packages/heat/engine/service.py:2370
2026-01-22 00:57:10.925 38392 DEBUG heat.engine.service [req-d09a9a46-5b26-443e-8923-d88f3ad45394 - - - - -] Service c379311b-bf56-4503-8176-773235620ed4 is updated service_manage_report /usr/lib/python3/dist-packages/heat/engine/service.py:2370
2026-01-22 00:58:10.881 38390 DEBUG heat.engine.service [req-95522577-8993-4c5f-a7f9-cf0ca0f1b090 - - - - -] Service 1d4c735f-9a6d-45f3-9a2d-78de7ff7bb07 is updated service_manage_report /usr/lib/python3/dist-packages/heat/engine/service.py:2370
2026-01-22 00:58:10.908 38391 DEBUG heat.engine.service [req-f2147a05-81d1-4da9-afda-b695f425d8bc - - - - -] Service 884466ab-b6eb-4e56-85f2-15c5124c01b1 is updated service_manage_report /usr/lib/python3/dist-packages/heat/engine/service.py:2370
2026-01-22 00:58:10.915 38393 DEBUG heat.engine.service [req-7b0a1fa0-f462-4d71-b923-6fe1c276418a - - - - -] Service 083072fc-d0c8-4988-91f5-a381ec2c7a39 is updated service_manage_report /usr/lib/python3/dist-packages/heat/engine/service.py:2370
2026-01-22 00:58:10.929 38392 DEBUG heat.engine.service [req-7b901140-d164-41bc-9be7-595376d27ddb - - - - -] Service c379311b-bf56-4503-8176-773235620ed4 is updated service_manage_report /usr/lib/python3/dist-packages/heat/engine/service.py:2370
2026-01-22 00:59:10.885 38390 DEBUG heat.engine.service [req-978b1be6-8c7b-4bca-a4b5-36e7b9e5cde7 - - - - -] Service 1d4c735f-9a6d-45f3-9a2d-78de7ff7bb07 is updated service_manage_report /usr/lib/python3/dist-packages/heat/engine/service.py:2370
2026-01-22 00:59:10.912 38391 DEBUG heat.engine.service [req-52fc29de-4faa-48cc-a13f-5d85b6853640 - - - - -] Service 884466ab-b6eb-4e56-85f2-15c5124c01b1 is updated service_manage_report /usr/lib/python3/dist-packages/heat/engine/service.py:2370
2026-01-22 00:59:10.917 38393 DEBUG heat.engine.service [req-80f3b15f-f3b9-4eba-8ad7-1b18398d03e8 - - - - -] Service 083072fc-d0c8-4988-91f5-a381ec2c7a39 is updated service_manage_report /usr/lib/python3/dist-packages/heat/engine/service.py:2370
2026-01-22 00:59:10.933 38392 DEBUG heat.engine.service [req-227030bb-b697-475a-865b-961131b3eaac - - - - -] Service c379311b-bf56-4503-8176-773235620ed4 is updated service_manage_report /usr/lib/python3/dist-packages/heat/engine/service.py:2370
2026-01-22 01:00:10.889 38390 DEBUG heat.engine.service [req-951b5867-0054-449f-a7fb-72bf3d8418a9 - - - - -] Service 1d4c735f-9a6d-45f3-9a2d-78de7ff7bb07 is updated service_manage_report /usr/lib/python3/dist-packages/heat/engine/service.py:2370
2026-01-22 01:00:10.917 38391 DEBUG heat.engine.service [req-21895ad0-da48-4310-ad38-78c130ab3a87 - - - - -] Service 884466ab-b6eb-4e56-85f2-15c5124c01b1 is updated service_manage_report /usr/lib/python3/dist-packages/heat/engine/service.py:2370
2026-01-22 01:00:10.922 38393 DEBUG heat.engine.service [req-6f0a0476-d44f-4245-ba6a-d13ab9b6ee1f - - - - -] Service 083072fc-d0c8-4988-91f5-a381ec2c7a39 is updated service_manage_report /usr/lib/python3/dist-packages/heat/engine/service.py:2370
2026-01-22 01:00:10.935 38392 DEBUG heat.engine.service [req-6c72800e-273a-400f-97ee-183bd735e730 - - - - -] Service c379311b-bf56-4503-8176-773235620ed4 is updated service_manage_report /usr/lib/python3/dist-packages/heat/engine/service.py:2370
2026-01-22 01:01:10.891 38390 DEBUG heat.engine.service [req-faa217e2-fc7c-4b26-bd76-beae4e201c41 - - - - -] Service 1d4c735f-9a6d-45f3-9a2d-78de7ff7bb07 is updated service_manage_report /usr/lib/python3/dist-packages/heat/engine/service.py:2370
2026-01-22 01:01:10.923 38391 DEBUG heat.engine.service [req-4e5a047a-fd77-4ed1-9a24-ca2d2c6447f9 - - - - -] Service 884466ab-b6eb-4e56-85f2-15c5124c01b1 is updated service_manage_report /usr/lib/python3/dist-packages/heat/engine/service.py:2370
2026-01-22 01:01:10.926 38393 DEBUG heat.engine.service [req-b2518329-18d5-42cb-b8f2-c94862e1f74b - - - - -] Service 083072fc-d0c8-4988-91f5-a381ec2c7a39 is updated service_manage_report /usr/lib/python3/dist-packages/heat/engine/service.py:2370
2026-01-22 01:01:10.937 38392 DEBUG heat.engine.service [req-1ba35b19-9396-4726-b842-d387bc1cdeea - - - - -] Service c379311b-bf56-4503-8176-773235620ed4 is updated service_manage_report /usr/lib/python3/dist-packages/heat/engine/service.py:2370
2026-01-22 01:02:10.896 38390 DEBUG heat.engine.service [req-24800112-89bb-4506-8d5e-1b87de9c0002 - - - - -] Service 1d4c735f-9a6d-45f3-9a2d-78de7ff7bb07 is updated service_manage_report /usr/lib/python3/dist-packages/heat/engine/service.py:2370
2026-01-22 01:02:10.916 38391 DEBUG heat.engine.service [req-cd097860-48ae-4ea9-8944-d1efb7e25707 - - - - -] Service 884466ab-b6eb-4e56-85f2-15c5124c01b1 is updated service_manage_report /usr/lib/python3/dist-packages/heat/engine/service.py:2370
2026-01-22 01:02:10.932 38393 DEBUG heat.engine.service [req-a062434f-e13b-4666-b108-9f2cc9708512 - - - - -] Service 083072fc-d0c8-4988-91f5-a381ec2c7a39 is updated service_manage_report /usr/lib/python3/dist-packages/heat/engine/service.py:2370
2026-01-22 01:02:10.940 38392 DEBUG heat.engine.service [req-d8ef7743-d195-4b0c-bb91-f97b6732301a - - - - -] Service c379311b-bf56-4503-8176-773235620ed4 is updated service_manage_report /usr/lib/python3/dist-packages/heat/engine/service.py:2370
2026-01-22 01:03:10.902 38390 DEBUG heat.engine.service [req-66ad74e8-a97d-4f27-b031-717271353f51 - - - - -] Service 1d4c735f-9a6d-45f3-9a2d-78de7ff7bb07 is updated service_manage_report /usr/lib/python3/dist-packages/heat/engine/service.py:2370
2026-01-22 01:03:10.921 38391 DEBUG heat.engine.service [req-ef592000-fc60-42ea-95cc-311e0be1f4bc - - - - -] Service 884466ab-b6eb-4e56-85f2-15c5124c01b1 is updated service_manage_report /usr/lib/python3/dist-packages/heat/engine/service.py:2370
2026-01-22 01:03:10.927 38393 DEBUG heat.engine.service [req-a2d67516-fb29-48e2-af3d-1b266e0b9a95 - - - - -] Service 083072fc-d0c8-4988-91f5-a381ec2c7a39 is updated service_manage_report /usr/lib/python3/dist-packages/heat/engine/service.py:2370
2026-01-22 01:03:10.945 38392 DEBUG heat.engine.service [req-48827609-7329-4239-a6d0-f0dc49bb9545 - - - - -] Service c379311b-bf56-4503-8176-773235620ed4 is updated service_manage_report /usr/lib/python3/dist-packages/heat/engine/service.py:2370
2026-01-22 01:04:10.910 38390 DEBUG heat.engine.service [req-6f28a38e-adf8-4a91-90f2-e6944d932562 - - - - -] Service 1d4c735f-9a6d-45f3-9a2d-78de7ff7bb07 is updated service_manage_report /usr/lib/python3/dist-packages/heat/engine/service.py:2370
2026-01-22 01:04:10.928 38391 DEBUG heat.engine.service [req-e15198e2-8970-4cea-bebb-4fbba3d7d1fd - - - - -] Service 884466ab-b6eb-4e56-85f2-15c5124c01b1 is updated service_manage_report /usr/lib/python3/dist-packages/heat/engine/service.py:2370
2026-01-22 01:04:10.936 38393 DEBUG heat.engine.service [req-ae65076f-d8e9-4929-a3b9-6e90f842e9c5 - - - - -] Service 083072fc-d0c8-4988-91f5-a381ec2c7a39 is updated service_manage_report /usr/lib/python3/dist-packages/heat/engine/service.py:2370
2026-01-22 01:04:10.949 38392 DEBUG heat.engine.service [req-f1558305-3c5c-4813-9af4-60822dfa3ad2 - - - - -] Service c379311b-bf56-4503-8176-773235620ed4 is updated service_manage_report /usr/lib/python3/dist-packages/heat/engine/service.py:2370
2026-01-22 01:05:10.903 38390 DEBUG heat.engine.service [req-f5a0274f-4a45-4f56-9672-7a3600c7e6ac - - - - -] Service 1d4c735f-9a6d-45f3-9a2d-78de7ff7bb07 is updated service_manage_report /usr/lib/python3/dist-packages/heat/engine/service.py:2370
2026-01-22 01:05:10.922 38391 DEBUG heat.engine.service [req-9998d89a-57af-4655-933d-3923b643b3e5 - - - - -] Service 884466ab-b6eb-4e56-85f2-15c5124c01b1 is updated service_manage_report /usr/lib/python3/dist-packages/heat/engine/service.py:2370
2026-01-22 01:05:10.930 38393 DEBUG heat.engine.service [req-bb2611d0-b6e6-496e-b324-891ed8749ee9 - - - - -] Service 083072fc-d0c8-4988-91f5-a381ec2c7a39 is updated service_manage_report /usr/lib/python3/dist-packages/heat/engine/service.py:2370
2026-01-22 01:05:10.952 38392 DEBUG heat.engine.service [req-004e9968-9389-4e8c-85a3-7e89b2b2475c - - - - -] Service c379311b-bf56-4503-8176-773235620ed4 is updated service_manage_report /usr/lib/python3/dist-packages/heat/engine/service.py:2370
2026-01-22 01:06:10.908 38390 DEBUG heat.engine.service [req-19e02ee8-6450-421f-8c65-49242106574e - - - - -] Service 1d4c735f-9a6d-45f3-9a2d-78de7ff7bb07 is updated service_manage_report /usr/lib/python3/dist-packages/heat/engine/service.py:2370
2026-01-22 01:06:10.926 38391 DEBUG heat.engine.service [req-12bb4f6e-242c-4e07-a7d9-3ad5537e8141 - - - - -] Service 884466ab-b6eb-4e56-85f2-15c5124c01b1 is updated service_manage_report /usr/lib/python3/dist-packages/heat/engine/service.py:2370
2026-01-22 01:06:10.932 38393 DEBUG heat.engine.service [req-a0ff648c-69a1-42ba-9173-03f8639671b7 - - - - -] Service 083072fc-d0c8-4988-91f5-a381ec2c7a39 is updated service_manage_report /usr/lib/python3/dist-packages/heat/engine/service.py:2370
2026-01-22 01:06:10.960 38392 DEBUG heat.engine.service [req-a6b05a9b-642f-4626-83ee-4ad5e0eba342 - - - - -] Service c379311b-bf56-4503-8176-773235620ed4 is updated service_manage_report /usr/lib/python3/dist-packages/heat/engine/service.py:2370
2026-01-22 01:07:10.914 38390 DEBUG heat.engine.service [req-b67b4906-c4ef-4abc-a3af-40df534e205b - - - - -] Service 1d4c735f-9a6d-45f3-9a2d-78de7ff7bb07 is updated service_manage_report /usr/lib/python3/dist-packages/heat/engine/service.py:2370
2026-01-22 01:07:10.929 38391 DEBUG heat.engine.service [req-aa253d19-578f-4d49-adcd-749d021aba8c - - - - -] Service 884466ab-b6eb-4e56-85f2-15c5124c01b1 is updated service_manage_report /usr/lib/python3/dist-packages/heat/engine/service.py:2370
2026-01-22 01:07:10.934 38393 DEBUG heat.engine.service [req-39c2a026-52c4-4f8a-a4eb-995ccd7deacf - - - - -] Service 083072fc-d0c8-4988-91f5-a381ec2c7a39 is updated service_manage_report /usr/lib/python3/dist-packages/heat/engine/service.py:2370
2026-01-22 01:07:10.952 38392 DEBUG heat.engine.service [req-02a6b383-3da9-4127-b80f-ea128a682110 - - - - -] Service c379311b-bf56-4503-8176-773235620ed4 is updated service_manage_report /usr/lib/python3/dist-packages/heat/engine/service.py:2370
2026-01-22 01:08:10.907 38390 DEBUG heat.engine.service [req-e0abd5fb-9349-47aa-b2fe-d983b41f4f87 - - - - -] Service 1d4c735f-9a6d-45f3-9a2d-78de7ff7bb07 is updated service_manage_report /usr/lib/python3/dist-packages/heat/engine/service.py:2370
