2026-01-22 01:47:26.874 7 DEBUG oslo_service.service [-] ml2_type_geneve.vni_ranges = [] log_opt_values /var/lib/kolla/venv/lib/python3.6/site-packages/oslo_config/cfg.py:2611
2026-01-22 01:47:26.874 7 DEBUG oslo_service.service [-] ml2_type_gre.tunnel_id_ranges = [] log_opt_values /var/lib/kolla/venv/lib/python3.6/site-packages/oslo_config/cfg.py:2611
2026-01-22 01:47:26.874 7 DEBUG oslo_service.service [-] ml2_type_vlan.network_vlan_ranges = [] log_opt_values /var/lib/kolla/venv/lib/python3.6/site-packages/oslo_config/cfg.py:2611
2026-01-22 01:47:26.874 7 DEBUG oslo_service.service [-] ml2_type_vxlan.vni_ranges = [] log_opt_values /var/lib/kolla/venv/lib/python3.6/site-packages/oslo_config/cfg.py:2611
2026-01-22 01:47:26.874 7 DEBUG oslo_service.service [-] ml2_type_vxlan.vxlan_group = None log_opt_values /var/lib/kolla/venv/lib/python3.6/site-packages/oslo_config/cfg.py:2611
2026-01-22 01:47:26.874 7 DEBUG oslo_service.service [-] database.backend = sqlalchemy log_opt_values /var/lib/kolla/venv/lib/python3.6/site-packages/oslo_config/cfg.py:2611
2026-01-22 01:47:26.874 7 DEBUG oslo_service.service [-] database.connection = **** log_opt_values /var/lib/kolla/venv/lib/python3.6/site-packages/oslo_config/cfg.py:2611
2026-01-22 01:47:26.874 7 DEBUG oslo_service.service [-] database.connection_debug = 0 log_opt_values /var/lib/kolla/venv/lib/python3.6/site-packages/oslo_config/cfg.py:2611
2026-01-22 01:47:26.874 7 DEBUG oslo_service.service [-] database.connection_parameters = log_opt_values /var/lib/kolla/venv/lib/python3.6/site-packages/oslo_config/cfg.py:2611
2026-01-22 01:47:26.875 7 DEBUG oslo_service.service [-] database.connection_recycle_time = 10 log_opt_values /var/lib/kolla/venv/lib/python3.6/site-packages/oslo_config/cfg.py:2611
2026-01-22 01:47:26.875 7 DEBUG oslo_service.service [-] database.connection_trace = False log_opt_values /var/lib/kolla/venv/lib/python3.6/site-packages/oslo_config/cfg.py:2611
2026-01-22 01:47:26.875 7 DEBUG oslo_service.service [-] database.db_inc_retry_interval = True log_opt_values /var/lib/kolla/venv/lib/python3.6/site-packages/oslo_config/cfg.py:2611
2026-01-22 01:47:26.875 7 DEBUG oslo_service.service [-] database.db_max_retries = 20 log_opt_values /var/lib/kolla/venv/lib/python3.6/site-packages/oslo_config/cfg.py:2611
2026-01-22 01:47:26.875 7 DEBUG oslo_service.service [-] database.db_max_retry_interval = 10 log_opt_values /var/lib/kolla/venv/lib/python3.6/site-packages/oslo_config/cfg.py:2611
2026-01-22 01:47:26.875 7 DEBUG oslo_service.service [-] database.db_retry_interval = 1 log_opt_values /var/lib/kolla/venv/lib/python3.6/site-packages/oslo_config/cfg.py:2611
2026-01-22 01:47:26.875 7 DEBUG oslo_service.service [-] database.max_overflow = 50 log_opt_values /var/lib/kolla/venv/lib/python3.6/site-packages/oslo_config/cfg.py:2611
2026-01-22 01:47:26.875 7 DEBUG oslo_service.service [-] database.max_pool_size = 1 log_opt_values /var/lib/kolla/venv/lib/python3.6/site-packages/oslo_config/cfg.py:2611
2026-01-22 01:47:26.875 7 DEBUG oslo_service.service [-] database.max_retries = -1 log_opt_values /var/lib/kolla/venv/lib/python3.6/site-packages/oslo_config/cfg.py:2611
2026-01-22 01:47:26.875 7 DEBUG oslo_service.service [-] database.mysql_enable_ndb = False log_opt_values /var/lib/kolla/venv/lib/python3.6/site-packages/oslo_config/cfg.py:2611
2026-01-22 01:47:26.875 7 DEBUG oslo_service.service [-] database.mysql_sql_mode = TRADITIONAL log_opt_values /var/lib/kolla/venv/lib/python3.6/site-packages/oslo_config/cfg.py:2611
2026-01-22 01:47:26.875 7 DEBUG oslo_service.service [-] database.pool_timeout = None log_opt_values /var/lib/kolla/venv/lib/python3.6/site-packages/oslo_config/cfg.py:2611
2026-01-22 01:47:26.875 7 DEBUG oslo_service.service [-] database.retry_interval = 10 log_opt_values /var/lib/kolla/venv/lib/python3.6/site-packages/oslo_config/cfg.py:2611
2026-01-22 01:47:26.875 7 DEBUG oslo_service.service [-] database.slave_connection = **** log_opt_values /var/lib/kolla/venv/lib/python3.6/site-packages/oslo_config/cfg.py:2611
2026-01-22 01:47:26.875 7 DEBUG oslo_service.service [-] database.sqlite_synchronous = True log_opt_values /var/lib/kolla/venv/lib/python3.6/site-packages/oslo_config/cfg.py:2611
2026-01-22 01:47:26.875 7 DEBUG oslo_service.service [-] database.use_db_reconnect = False log_opt_values /var/lib/kolla/venv/lib/python3.6/site-packages/oslo_config/cfg.py:2611
2026-01-22 01:47:26.876 7 DEBUG oslo_service.service [-] ******************************************************************************** log_opt_values /var/lib/kolla/venv/lib/python3.6/site-packages/oslo_config/cfg.py:2613
2026-01-22 01:47:28.305 22 DEBUG neutron.wsgi [-] (22) accepted ('10.0.0.65', 43020) server /var/lib/kolla/venv/lib/python3.6/site-packages/eventlet/wsgi.py:1004
2026-01-22 01:47:28.311 22 INFO neutron.wsgi [-] 10.0.0.65 "GET / HTTP/1.1" status: 200 len: 227 time: 0.0046496
2026-01-22 01:47:30.851 24 DEBUG neutron.api.rpc.handlers.dhcp_rpc [req-6863c542-25d6-4cef-8e51-5c25dee01a95 - - - - -] get_active_networks_info from cn-jenkins-deploy-platform-ansible-os-5058-1 get_active_networks_info /var/lib/kolla/venv/lib/python3.6/site-packages/neutron/api/rpc/handlers/dhcp_rpc.py:159
2026-01-22 01:47:30.881 26 DEBUG neutron_lib.callbacks.manager [req-f2bdd6ad-3146-4b51-b7aa-724f731fd0b3 - - - - -] Publish callbacks ['neutron.services.segments.db._update_segment_host_mapping_for_agent-8762695627379', 'neutron.services.l3_router.l3_router_plugin.DVRResourceOperationHandler.create_fip_agent_gw_ports--9223372036853749756'] for agent (e020e77f-32e9-480d-ba23-cf726f6623ae), after_create _notify_loop /var/lib/kolla/venv/lib/python3.6/site-packages/neutron_lib/callbacks/manager.py:177
2026-01-22 01:47:30.897 24 DEBUG neutron.scheduler.dhcp_agent_scheduler [req-6863c542-25d6-4cef-8e51-5c25dee01a95 - - - - -] No non-hosted networks auto_schedule_networks /var/lib/kolla/venv/lib/python3.6/site-packages/neutron/scheduler/dhcp_agent_scheduler.py:60
2026-01-22 01:47:45.219 28 DEBUG neutron_lib.callbacks.manager [req-a16cc2a7-c8cc-48ac-b670-474d02cbddd6 - - - - -] Publish callbacks ['neutron.services.segments.db._update_segment_host_mapping_for_agent-8762695627379', 'neutron.services.l3_router.l3_router_plugin.DVRResourceOperationHandler.create_fip_agent_gw_ports--9223372036853749756'] for agent (13d4cdd4-7fd2-42ef-8cf1-462d64887c40), after_create _notify_loop /var/lib/kolla/venv/lib/python3.6/site-packages/neutron_lib/callbacks/manager.py:177
2026-01-22 01:47:58.354 22 DEBUG neutron.wsgi [-] (22) accepted ('10.0.0.65', 46148) server /var/lib/kolla/venv/lib/python3.6/site-packages/eventlet/wsgi.py:1004
2026-01-22 01:47:58.358 22 INFO neutron.wsgi [-] 10.0.0.65 "GET / HTTP/1.1" status: 200 len: 227 time: 0.0032649
2026-01-22 01:48:00.866 25 DEBUG neutron_lib.callbacks.manager [req-b309a2aa-2833-414e-bfd3-608abd6b4f87 - - - - -] Publish callbacks ['neutron.services.segments.db._update_segment_host_mapping_for_agent-8762695627379', 'neutron.plugins.ml2.plugin.Ml2Plugin._retry_binding_revived_agents--9223372036850834800'] for agent (e020e77f-32e9-480d-ba23-cf726f6623ae), after_update _notify_loop /var/lib/kolla/venv/lib/python3.6/site-packages/neutron_lib/callbacks/manager.py:177
2026-01-22 01:48:03.857 29 DEBUG neutron.db.agents_db [req-b474ed27-5082-4256-a19e-c3bcd00f9ac1 - - - - -] Agent healthcheck: found 2 active agents agent_health_check /var/lib/kolla/venv/lib/python3.6/site-packages/neutron/db/agents_db.py:318
2026-01-22 01:48:15.192 24 DEBUG neutron_lib.callbacks.manager [req-a16cc2a7-c8cc-48ac-b670-474d02cbddd6 - - - - -] Publish callbacks ['neutron.services.segments.db._update_segment_host_mapping_for_agent-8762695627379', 'neutron.plugins.ml2.plugin.Ml2Plugin._retry_binding_revived_agents--9223372036850834800'] for agent (13d4cdd4-7fd2-42ef-8cf1-462d64887c40), after_update _notify_loop /var/lib/kolla/venv/lib/python3.6/site-packages/neutron_lib/callbacks/manager.py:177
2026-01-22 01:48:28.413 22 DEBUG neutron.wsgi [-] (22) accepted ('10.0.0.65', 47400) server /var/lib/kolla/venv/lib/python3.6/site-packages/eventlet/wsgi.py:1004
2026-01-22 01:48:28.418 22 INFO neutron.wsgi [-] 10.0.0.65 "GET / HTTP/1.1" status: 200 len: 227 time: 0.0042868
2026-01-22 01:48:30.865 27 DEBUG neutron_lib.callbacks.manager [req-de236931-7108-4573-965c-70c6b535b37c - - - - -] Publish callbacks ['neutron.services.segments.db._update_segment_host_mapping_for_agent-8762695627379', 'neutron.plugins.ml2.plugin.Ml2Plugin._retry_binding_revived_agents--9223372036850834800'] for agent (e020e77f-32e9-480d-ba23-cf726f6623ae), after_update _notify_loop /var/lib/kolla/venv/lib/python3.6/site-packages/neutron_lib/callbacks/manager.py:177
2026-01-22 01:48:40.844 29 DEBUG neutron.db.agents_db [req-b474ed27-5082-4256-a19e-c3bcd00f9ac1 - - - - -] Agent healthcheck: found 2 active agents agent_health_check /var/lib/kolla/venv/lib/python3.6/site-packages/neutron/db/agents_db.py:318
2026-01-22 01:48:45.202 23 DEBUG neutron_lib.callbacks.manager [req-a16cc2a7-c8cc-48ac-b670-474d02cbddd6 - - - - -] Publish callbacks ['neutron.services.segments.db._update_segment_host_mapping_for_agent-8762695627379', 'neutron.plugins.ml2.plugin.Ml2Plugin._retry_binding_revived_agents--9223372036850834800'] for agent (13d4cdd4-7fd2-42ef-8cf1-462d64887c40), after_update _notify_loop /var/lib/kolla/venv/lib/python3.6/site-packages/neutron_lib/callbacks/manager.py:177
2026-01-22 01:48:58.467 22 DEBUG neutron.wsgi [-] (22) accepted ('10.0.0.65', 44728) server /var/lib/kolla/venv/lib/python3.6/site-packages/eventlet/wsgi.py:1004
2026-01-22 01:48:58.471 22 INFO neutron.wsgi [-] 10.0.0.65 "GET / HTTP/1.1" status: 200 len: 227 time: 0.0032558
2026-01-22 01:49:00.844 26 DEBUG neutron_lib.callbacks.manager [req-53dc8d41-bb62-4fc4-b965-2f709cf36fcd - - - - -] Publish callbacks ['neutron.services.segments.db._update_segment_host_mapping_for_agent-8762695627379', 'neutron.plugins.ml2.plugin.Ml2Plugin._retry_binding_revived_agents--9223372036850834800'] for agent (e020e77f-32e9-480d-ba23-cf726f6623ae), after_update _notify_loop /var/lib/kolla/venv/lib/python3.6/site-packages/neutron_lib/callbacks/manager.py:177
2026-01-22 01:49:15.196 28 DEBUG neutron_lib.callbacks.manager [req-a16cc2a7-c8cc-48ac-b670-474d02cbddd6 - - - - -] Publish callbacks ['neutron.services.segments.db._update_segment_host_mapping_for_agent-8762695627379', 'neutron.plugins.ml2.plugin.Ml2Plugin._retry_binding_revived_agents--9223372036850834800'] for agent (13d4cdd4-7fd2-42ef-8cf1-462d64887c40), after_update _notify_loop /var/lib/kolla/venv/lib/python3.6/site-packages/neutron_lib/callbacks/manager.py:177
2026-01-22 01:49:17.851 29 DEBUG neutron.db.agents_db [req-b474ed27-5082-4256-a19e-c3bcd00f9ac1 - - - - -] Agent healthcheck: found 2 active agents agent_health_check /var/lib/kolla/venv/lib/python3.6/site-packages/neutron/db/agents_db.py:318
2026-01-22 01:49:28.520 22 DEBUG neutron.wsgi [-] (22) accepted ('10.0.0.65', 35922) server /var/lib/kolla/venv/lib/python3.6/site-packages/eventlet/wsgi.py:1004
2026-01-22 01:49:28.525 22 INFO neutron.wsgi [-] 10.0.0.65 "GET / HTTP/1.1" status: 200 len: 227 time: 0.0038347
2026-01-22 01:49:30.847 25 DEBUG neutron_lib.callbacks.manager [req-63ae3e82-b5fa-4ab1-b849-352a80df457a - - - - -] Publish callbacks ['neutron.services.segments.db._update_segment_host_mapping_for_agent-8762695627379', 'neutron.plugins.ml2.plugin.Ml2Plugin._retry_binding_revived_agents--9223372036850834800'] for agent (e020e77f-32e9-480d-ba23-cf726f6623ae), after_update _notify_loop /var/lib/kolla/venv/lib/python3.6/site-packages/neutron_lib/callbacks/manager.py:177
2026-01-22 01:49:45.195 24 DEBUG neutron_lib.callbacks.manager [req-a16cc2a7-c8cc-48ac-b670-474d02cbddd6 - - - - -] Publish callbacks ['neutron.services.segments.db._update_segment_host_mapping_for_agent-8762695627379', 'neutron.plugins.ml2.plugin.Ml2Plugin._retry_binding_revived_agents--9223372036850834800'] for agent (13d4cdd4-7fd2-42ef-8cf1-462d64887c40), after_update _notify_loop /var/lib/kolla/venv/lib/python3.6/site-packages/neutron_lib/callbacks/manager.py:177
2026-01-22 01:49:54.850 29 DEBUG neutron.db.agents_db [req-b474ed27-5082-4256-a19e-c3bcd00f9ac1 - - - - -] Agent healthcheck: found 2 active agents agent_health_check /var/lib/kolla/venv/lib/python3.6/site-packages/neutron/db/agents_db.py:318
2026-01-22 01:49:58.572 22 DEBUG neutron.wsgi [-] (22) accepted ('10.0.0.65', 56324) server /var/lib/kolla/venv/lib/python3.6/site-packages/eventlet/wsgi.py:1004
2026-01-22 01:49:58.577 22 INFO neutron.wsgi [-] 10.0.0.65 "GET / HTTP/1.1" status: 200 len: 227 time: 0.0040603
2026-01-22 01:50:00.847 27 DEBUG neutron_lib.callbacks.manager [req-81c5cda6-6d0e-48c0-bf97-a9e2cbf6a2ea - - - - -] Publish callbacks ['neutron.services.segments.db._update_segment_host_mapping_for_agent-8762695627379', 'neutron.plugins.ml2.plugin.Ml2Plugin._retry_binding_revived_agents--9223372036850834800'] for agent (e020e77f-32e9-480d-ba23-cf726f6623ae), after_update _notify_loop /var/lib/kolla/venv/lib/python3.6/site-packages/neutron_lib/callbacks/manager.py:177
2026-01-22 01:50:15.202 23 DEBUG neutron_lib.callbacks.manager [req-a16cc2a7-c8cc-48ac-b670-474d02cbddd6 - - - - -] Publish callbacks ['neutron.services.segments.db._update_segment_host_mapping_for_agent-8762695627379', 'neutron.plugins.ml2.plugin.Ml2Plugin._retry_binding_revived_agents--9223372036850834800'] for agent (13d4cdd4-7fd2-42ef-8cf1-462d64887c40), after_update _notify_loop /var/lib/kolla/venv/lib/python3.6/site-packages/neutron_lib/callbacks/manager.py:177
2026-01-22 01:50:28.625 22 DEBUG neutron.wsgi [-] (22) accepted ('10.0.0.65', 32858) server /var/lib/kolla/venv/lib/python3.6/site-packages/eventlet/wsgi.py:1004
2026-01-22 01:50:28.632 22 INFO neutron.wsgi [-] 10.0.0.65 "GET / HTTP/1.1" status: 200 len: 227 time: 0.0046566
2026-01-22 01:50:30.851 26 DEBUG neutron_lib.callbacks.manager [req-b27af66b-3127-491b-95e8-d9729f951227 - - - - -] Publish callbacks ['neutron.services.segments.db._update_segment_host_mapping_for_agent-8762695627379', 'neutron.plugins.ml2.plugin.Ml2Plugin._retry_binding_revived_agents--9223372036850834800'] for agent (e020e77f-32e9-480d-ba23-cf726f6623ae), after_update _notify_loop /var/lib/kolla/venv/lib/python3.6/site-packages/neutron_lib/callbacks/manager.py:177
2026-01-22 01:50:31.853 29 DEBUG neutron.db.agents_db [req-b474ed27-5082-4256-a19e-c3bcd00f9ac1 - - - - -] Agent healthcheck: found 2 active agents agent_health_check /var/lib/kolla/venv/lib/python3.6/site-packages/neutron/db/agents_db.py:318
2026-01-22 01:50:45.203 28 DEBUG neutron_lib.callbacks.manager [req-a16cc2a7-c8cc-48ac-b670-474d02cbddd6 - - - - -] Publish callbacks ['neutron.services.segments.db._update_segment_host_mapping_for_agent-8762695627379', 'neutron.plugins.ml2.plugin.Ml2Plugin._retry_binding_revived_agents--9223372036850834800'] for agent (13d4cdd4-7fd2-42ef-8cf1-462d64887c40), after_update _notify_loop /var/lib/kolla/venv/lib/python3.6/site-packages/neutron_lib/callbacks/manager.py:177
2026-01-22 01:50:58.683 22 DEBUG neutron.wsgi [-] (22) accepted ('10.0.0.65', 47668) server /var/lib/kolla/venv/lib/python3.6/site-packages/eventlet/wsgi.py:1004
2026-01-22 01:50:58.688 22 INFO neutron.wsgi [-] 10.0.0.65 "GET / HTTP/1.1" status: 200 len: 227 time: 0.0038052
2026-01-22 01:51:00.851 25 DEBUG neutron_lib.callbacks.manager [req-14bc0220-7e9f-47c9-a7a1-fe2b6484ebb4 - - - - -] Publish callbacks ['neutron.services.segments.db._update_segment_host_mapping_for_agent-8762695627379', 'neutron.plugins.ml2.plugin.Ml2Plugin._retry_binding_revived_agents--9223372036850834800'] for agent (e020e77f-32e9-480d-ba23-cf726f6623ae), after_update _notify_loop /var/lib/kolla/venv/lib/python3.6/site-packages/neutron_lib/callbacks/manager.py:177
2026-01-22 01:51:08.850 29 DEBUG neutron.db.agents_db [req-b474ed27-5082-4256-a19e-c3bcd00f9ac1 - - - - -] Agent healthcheck: found 2 active agents agent_health_check /var/lib/kolla/venv/lib/python3.6/site-packages/neutron/db/agents_db.py:318
2026-01-22 01:51:15.206 24 DEBUG neutron_lib.callbacks.manager [req-a16cc2a7-c8cc-48ac-b670-474d02cbddd6 - - - - -] Publish callbacks ['neutron.services.segments.db._update_segment_host_mapping_for_agent-8762695627379', 'neutron.plugins.ml2.plugin.Ml2Plugin._retry_binding_revived_agents--9223372036850834800'] for agent (13d4cdd4-7fd2-42ef-8cf1-462d64887c40), after_update _notify_loop /var/lib/kolla/venv/lib/python3.6/site-packages/neutron_lib/callbacks/manager.py:177
2026-01-22 01:51:28.736 22 DEBUG neutron.wsgi [-] (22) accepted ('10.0.0.65', 47156) server /var/lib/kolla/venv/lib/python3.6/site-packages/eventlet/wsgi.py:1004
2026-01-22 01:51:28.740 22 INFO neutron.wsgi [-] 10.0.0.65 "GET / HTTP/1.1" status: 200 len: 227 time: 0.0029964
2026-01-22 01:51:30.983 27 DEBUG neutron_lib.callbacks.manager [req-a36bcfdd-b75d-4796-a45d-06c5fa58475b - - - - -] Publish callbacks ['neutron.services.segments.db._update_segment_host_mapping_for_agent-8762695627379', 'neutron.plugins.ml2.plugin.Ml2Plugin._retry_binding_revived_agents--9223372036850834800'] for agent (e020e77f-32e9-480d-ba23-cf726f6623ae), after_update _notify_loop /var/lib/kolla/venv/lib/python3.6/site-packages/neutron_lib/callbacks/manager.py:177
2026-01-22 01:51:45.209 23 DEBUG neutron_lib.callbacks.manager [req-a16cc2a7-c8cc-48ac-b670-474d02cbddd6 - - - - -] Publish callbacks ['neutron.services.segments.db._update_segment_host_mapping_for_agent-8762695627379', 'neutron.plugins.ml2.plugin.Ml2Plugin._retry_binding_revived_agents--9223372036850834800'] for agent (13d4cdd4-7fd2-42ef-8cf1-462d64887c40), after_update _notify_loop /var/lib/kolla/venv/lib/python3.6/site-packages/neutron_lib/callbacks/manager.py:177
2026-01-22 01:51:45.849 29 DEBUG neutron.db.agents_db [req-b474ed27-5082-4256-a19e-c3bcd00f9ac1 - - - - -] Agent healthcheck: found 2 active agents agent_health_check /var/lib/kolla/venv/lib/python3.6/site-packages/neutron/db/agents_db.py:318
2026-01-22 01:51:58.789 22 DEBUG neutron.wsgi [-] (22) accepted ('10.0.0.65', 59658) server /var/lib/kolla/venv/lib/python3.6/site-packages/eventlet/wsgi.py:1004
2026-01-22 01:51:58.797 22 INFO neutron.wsgi [-] 10.0.0.65 "GET / HTTP/1.1" status: 200 len: 227 time: 0.0065145
2026-01-22 01:52:00.856 26 DEBUG neutron_lib.callbacks.manager [req-d28c1142-4831-4543-904f-ce6eec8952b1 - - - - -] Publish callbacks ['neutron.services.segments.db._update_segment_host_mapping_for_agent-8762695627379', 'neutron.plugins.ml2.plugin.Ml2Plugin._retry_binding_revived_agents--9223372036850834800'] for agent (e020e77f-32e9-480d-ba23-cf726f6623ae), after_update _notify_loop /var/lib/kolla/venv/lib/python3.6/site-packages/neutron_lib/callbacks/manager.py:177
2026-01-22 01:52:15.220 28 DEBUG neutron_lib.callbacks.manager [req-a16cc2a7-c8cc-48ac-b670-474d02cbddd6 - - - - -] Publish callbacks ['neutron.services.segments.db._update_segment_host_mapping_for_agent-8762695627379', 'neutron.plugins.ml2.plugin.Ml2Plugin._retry_binding_revived_agents--9223372036850834800'] for agent (13d4cdd4-7fd2-42ef-8cf1-462d64887c40), after_update _notify_loop /var/lib/kolla/venv/lib/python3.6/site-packages/neutron_lib/callbacks/manager.py:177
2026-01-22 01:52:22.850 29 DEBUG neutron.db.agents_db [req-b474ed27-5082-4256-a19e-c3bcd00f9ac1 - - - - -] Agent healthcheck: found 2 active agents agent_health_check /var/lib/kolla/venv/lib/python3.6/site-packages/neutron/db/agents_db.py:318
2026-01-22 01:52:28.843 22 DEBUG neutron.wsgi [-] (22) accepted ('10.0.0.65', 46992) server /var/lib/kolla/venv/lib/python3.6/site-packages/eventlet/wsgi.py:1004
2026-01-22 01:52:28.847 22 INFO neutron.wsgi [-] 10.0.0.65 "GET / HTTP/1.1" status: 200 len: 227 time: 0.0031073
2026-01-22 01:52:30.861 25 DEBUG neutron_lib.callbacks.manager [req-6fe0bca5-04b7-4db5-ae42-d787c7719a1b - - - - -] Publish callbacks ['neutron.services.segments.db._update_segment_host_mapping_for_agent-8762695627379', 'neutron.plugins.ml2.plugin.Ml2Plugin._retry_binding_revived_agents--9223372036850834800'] for agent (e020e77f-32e9-480d-ba23-cf726f6623ae), after_update _notify_loop /var/lib/kolla/venv/lib/python3.6/site-packages/neutron_lib/callbacks/manager.py:177
2026-01-22 01:52:45.214 24 DEBUG neutron_lib.callbacks.manager [req-a16cc2a7-c8cc-48ac-b670-474d02cbddd6 - - - - -] Publish callbacks ['neutron.services.segments.db._update_segment_host_mapping_for_agent-8762695627379', 'neutron.plugins.ml2.plugin.Ml2Plugin._retry_binding_revived_agents--9223372036850834800'] for agent (13d4cdd4-7fd2-42ef-8cf1-462d64887c40), after_update _notify_loop /var/lib/kolla/venv/lib/python3.6/site-packages/neutron_lib/callbacks/manager.py:177
2026-01-22 01:52:58.900 22 DEBUG neutron.wsgi [-] (22) accepted ('10.0.0.65', 45838) server /var/lib/kolla/venv/lib/python3.6/site-packages/eventlet/wsgi.py:1004
2026-01-22 01:52:58.904 22 INFO neutron.wsgi [-] 10.0.0.65 "GET / HTTP/1.1" status: 200 len: 227 time: 0.0025790
2026-01-22 01:52:59.850 29 DEBUG neutron.db.agents_db [req-b474ed27-5082-4256-a19e-c3bcd00f9ac1 - - - - -] Agent healthcheck: found 2 active agents agent_health_check /var/lib/kolla/venv/lib/python3.6/site-packages/neutron/db/agents_db.py:318
2026-01-22 01:53:00.860 27 DEBUG neutron_lib.callbacks.manager [req-0bf954cb-6ad7-4efe-8161-69bed888f9d6 - - - - -] Publish callbacks ['neutron.services.segments.db._update_segment_host_mapping_for_agent-8762695627379', 'neutron.plugins.ml2.plugin.Ml2Plugin._retry_binding_revived_agents--9223372036850834800'] for agent (e020e77f-32e9-480d-ba23-cf726f6623ae), after_update _notify_loop /var/lib/kolla/venv/lib/python3.6/site-packages/neutron_lib/callbacks/manager.py:177
2026-01-22 01:53:15.214 23 DEBUG neutron_lib.callbacks.manager [req-a16cc2a7-c8cc-48ac-b670-474d02cbddd6 - - - - -] Publish callbacks ['neutron.services.segments.db._update_segment_host_mapping_for_agent-8762695627379', 'neutron.plugins.ml2.plugin.Ml2Plugin._retry_binding_revived_agents--9223372036850834800'] for agent (13d4cdd4-7fd2-42ef-8cf1-462d64887c40), after_update _notify_loop /var/lib/kolla/venv/lib/python3.6/site-packages/neutron_lib/callbacks/manager.py:177
2026-01-22 01:53:28.953 22 DEBUG neutron.wsgi [-] (22) accepted ('10.0.0.65', 43078) server /var/lib/kolla/venv/lib/python3.6/site-packages/eventlet/wsgi.py:1004
2026-01-22 01:53:28.959 22 INFO neutron.wsgi [-] 10.0.0.65 "GET / HTTP/1.1" status: 200 len: 227 time: 0.0026655
2026-01-22 01:53:30.864 26 DEBUG neutron_lib.callbacks.manager [req-7c22729b-0860-4eb6-ae5b-b1e79b6f27bb - - - - -] Publish callbacks ['neutron.services.segments.db._update_segment_host_mapping_for_agent-8762695627379', 'neutron.plugins.ml2.plugin.Ml2Plugin._retry_binding_revived_agents--9223372036850834800'] for agent (e020e77f-32e9-480d-ba23-cf726f6623ae), after_update _notify_loop /var/lib/kolla/venv/lib/python3.6/site-packages/neutron_lib/callbacks/manager.py:177
2026-01-22 01:53:36.862 29 DEBUG neutron.db.agents_db [req-b474ed27-5082-4256-a19e-c3bcd00f9ac1 - - - - -] Agent healthcheck: found 2 active agents agent_health_check /var/lib/kolla/venv/lib/python3.6/site-packages/neutron/db/agents_db.py:318
2026-01-22 01:53:45.214 28 DEBUG neutron_lib.callbacks.manager [req-a16cc2a7-c8cc-48ac-b670-474d02cbddd6 - - - - -] Publish callbacks ['neutron.services.segments.db._update_segment_host_mapping_for_agent-8762695627379', 'neutron.plugins.ml2.plugin.Ml2Plugin._retry_binding_revived_agents--9223372036850834800'] for agent (13d4cdd4-7fd2-42ef-8cf1-462d64887c40), after_update _notify_loop /var/lib/kolla/venv/lib/python3.6/site-packages/neutron_lib/callbacks/manager.py:177
2026-01-22 01:53:59.005 22 DEBUG neutron.wsgi [-] (22) accepted ('10.0.0.65', 44876) server /var/lib/kolla/venv/lib/python3.6/site-packages/eventlet/wsgi.py:1004
2026-01-22 01:53:59.011 22 INFO neutron.wsgi [-] 10.0.0.65 "GET / HTTP/1.1" status: 200 len: 227 time: 0.0043530
2026-01-22 01:54:00.865 25 DEBUG neutron_lib.callbacks.manager [req-95f06216-7dd2-48dd-893d-445a234edaa7 - - - - -] Publish callbacks ['neutron.services.segments.db._update_segment_host_mapping_for_agent-8762695627379', 'neutron.plugins.ml2.plugin.Ml2Plugin._retry_binding_revived_agents--9223372036850834800'] for agent (e020e77f-32e9-480d-ba23-cf726f6623ae), after_update _notify_loop /var/lib/kolla/venv/lib/python3.6/site-packages/neutron_lib/callbacks/manager.py:177
2026-01-22 01:54:13.854 29 DEBUG neutron.db.agents_db [req-b474ed27-5082-4256-a19e-c3bcd00f9ac1 - - - - -] Agent healthcheck: found 2 active agents agent_health_check /var/lib/kolla/venv/lib/python3.6/site-packages/neutron/db/agents_db.py:318
2026-01-22 01:54:15.220 24 DEBUG neutron_lib.callbacks.manager [req-a16cc2a7-c8cc-48ac-b670-474d02cbddd6 - - - - -] Publish callbacks ['neutron.services.segments.db._update_segment_host_mapping_for_agent-8762695627379', 'neutron.plugins.ml2.plugin.Ml2Plugin._retry_binding_revived_agents--9223372036850834800'] for agent (13d4cdd4-7fd2-42ef-8cf1-462d64887c40), after_update _notify_loop /var/lib/kolla/venv/lib/python3.6/site-packages/neutron_lib/callbacks/manager.py:177
2026-01-22 01:54:29.059 22 DEBUG neutron.wsgi [-] (22) accepted ('10.0.0.65', 50904) server /var/lib/kolla/venv/lib/python3.6/site-packages/eventlet/wsgi.py:1004
2026-01-22 01:54:29.064 22 INFO neutron.wsgi [-] 10.0.0.65 "GET / HTTP/1.1" status: 200 len: 227 time: 0.0029767
2026-01-22 01:54:30.865 27 DEBUG neutron_lib.callbacks.manager [req-0fd8b540-95fa-48f2-b037-a514a6e84eae - - - - -] Publish callbacks ['neutron.services.segments.db._update_segment_host_mapping_for_agent-8762695627379', 'neutron.plugins.ml2.plugin.Ml2Plugin._retry_binding_revived_agents--9223372036850834800'] for agent (e020e77f-32e9-480d-ba23-cf726f6623ae), after_update _notify_loop /var/lib/kolla/venv/lib/python3.6/site-packages/neutron_lib/callbacks/manager.py:177
2026-01-22 01:54:45.225 23 DEBUG neutron_lib.callbacks.manager [req-a16cc2a7-c8cc-48ac-b670-474d02cbddd6 - - - - -] Publish callbacks ['neutron.services.segments.db._update_segment_host_mapping_for_agent-8762695627379', 'neutron.plugins.ml2.plugin.Ml2Plugin._retry_binding_revived_agents--9223372036850834800'] for agent (13d4cdd4-7fd2-42ef-8cf1-462d64887c40), after_update _notify_loop /var/lib/kolla/venv/lib/python3.6/site-packages/neutron_lib/callbacks/manager.py:177
2026-01-22 01:54:50.854 29 DEBUG neutron.db.agents_db [req-b474ed27-5082-4256-a19e-c3bcd00f9ac1 - - - - -] Agent healthcheck: found 2 active agents agent_health_check /var/lib/kolla/venv/lib/python3.6/site-packages/neutron/db/agents_db.py:318
2026-01-22 01:54:59.123 22 DEBUG neutron.wsgi [-] (22) accepted ('10.0.0.65', 34574) server /var/lib/kolla/venv/lib/python3.6/site-packages/eventlet/wsgi.py:1004
2026-01-22 01:54:59.127 22 INFO neutron.wsgi [-] 10.0.0.65 "GET / HTTP/1.1" status: 200 len: 227 time: 0.0033350
2026-01-22 01:55:00.864 26 DEBUG neutron_lib.callbacks.manager [req-ec5af8f1-59b0-459b-a2f7-560d667f2480 - - - - -] Publish callbacks ['neutron.services.segments.db._update_segment_host_mapping_for_agent-8762695627379', 'neutron.plugins.ml2.plugin.Ml2Plugin._retry_binding_revived_agents--9223372036850834800'] for agent (e020e77f-32e9-480d-ba23-cf726f6623ae), after_update _notify_loop /var/lib/kolla/venv/lib/python3.6/site-packages/neutron_lib/callbacks/manager.py:177
2026-01-22 01:55:15.225 28 DEBUG neutron_lib.callbacks.manager [req-a16cc2a7-c8cc-48ac-b670-474d02cbddd6 - - - - -] Publish callbacks ['neutron.services.segments.db._update_segment_host_mapping_for_agent-8762695627379', 'neutron.plugins.ml2.plugin.Ml2Plugin._retry_binding_revived_agents--9223372036850834800'] for agent (13d4cdd4-7fd2-42ef-8cf1-462d64887c40), after_update _notify_loop /var/lib/kolla/venv/lib/python3.6/site-packages/neutron_lib/callbacks/manager.py:177
2026-01-22 01:55:27.851 29 DEBUG neutron.db.agents_db [req-b474ed27-5082-4256-a19e-c3bcd00f9ac1 - - - - -] Agent healthcheck: found 2 active agents agent_health_check /var/lib/kolla/venv/lib/python3.6/site-packages/neutron/db/agents_db.py:318
2026-01-22 01:55:29.184 22 DEBUG neutron.wsgi [-] (22) accepted ('10.0.0.65', 57488) server /var/lib/kolla/venv/lib/python3.6/site-packages/eventlet/wsgi.py:1004
2026-01-22 01:55:29.189 22 INFO neutron.wsgi [-] 10.0.0.65 "GET / HTTP/1.1" status: 200 len: 227 time: 0.0038464
2026-01-22 01:55:30.867 25 DEBUG neutron_lib.callbacks.manager [req-8f341994-e493-4d8f-aeb9-e0199401bfcf - - - - -] Publish callbacks ['neutron.services.segments.db._update_segment_host_mapping_for_agent-8762695627379', 'neutron.plugins.ml2.plugin.Ml2Plugin._retry_binding_revived_agents--9223372036850834800'] for agent (e020e77f-32e9-480d-ba23-cf726f6623ae), after_update _notify_loop /var/lib/kolla/venv/lib/python3.6/site-packages/neutron_lib/callbacks/manager.py:177
2026-01-22 01:55:45.231 24 DEBUG neutron_lib.callbacks.manager [req-a16cc2a7-c8cc-48ac-b670-474d02cbddd6 - - - - -] Publish callbacks ['neutron.services.segments.db._update_segment_host_mapping_for_agent-8762695627379', 'neutron.plugins.ml2.plugin.Ml2Plugin._retry_binding_revived_agents--9223372036850834800'] for agent (13d4cdd4-7fd2-42ef-8cf1-462d64887c40), after_update _notify_loop /var/lib/kolla/venv/lib/python3.6/site-packages/neutron_lib/callbacks/manager.py:177
2026-01-22 01:55:59.249 22 DEBUG neutron.wsgi [-] (22) accepted ('10.0.0.65', 48488) server /var/lib/kolla/venv/lib/python3.6/site-packages/eventlet/wsgi.py:1004
2026-01-22 01:55:59.253 22 INFO neutron.wsgi [-] 10.0.0.65 "GET / HTTP/1.1" status: 200 len: 227 time: 0.0031576
2026-01-22 01:56:00.870 27 DEBUG neutron_lib.callbacks.manager [req-8bd0e547-449a-42e1-a3e5-90f57521bb1d - - - - -] Publish callbacks ['neutron.services.segments.db._update_segment_host_mapping_for_agent-8762695627379', 'neutron.plugins.ml2.plugin.Ml2Plugin._retry_binding_revived_agents--9223372036850834800'] for agent (e020e77f-32e9-480d-ba23-cf726f6623ae), after_update _notify_loop /var/lib/kolla/venv/lib/python3.6/site-packages/neutron_lib/callbacks/manager.py:177
2026-01-22 01:56:04.852 29 DEBUG neutron.db.agents_db [req-b474ed27-5082-4256-a19e-c3bcd00f9ac1 - - - - -] Agent healthcheck: found 2 active agents agent_health_check /var/lib/kolla/venv/lib/python3.6/site-packages/neutron/db/agents_db.py:318
2026-01-22 01:56:15.231 23 DEBUG neutron_lib.callbacks.manager [req-a16cc2a7-c8cc-48ac-b670-474d02cbddd6 - - - - -] Publish callbacks ['neutron.services.segments.db._update_segment_host_mapping_for_agent-8762695627379', 'neutron.plugins.ml2.plugin.Ml2Plugin._retry_binding_revived_agents--9223372036850834800'] for agent (13d4cdd4-7fd2-42ef-8cf1-462d64887c40), after_update _notify_loop /var/lib/kolla/venv/lib/python3.6/site-packages/neutron_lib/callbacks/manager.py:177
2026-01-22 01:56:29.303 22 DEBUG neutron.wsgi [-] (22) accepted ('10.0.0.65', 42240) server /var/lib/kolla/venv/lib/python3.6/site-packages/eventlet/wsgi.py:1004
2026-01-22 01:56:29.307 22 INFO neutron.wsgi [-] 10.0.0.65 "GET / HTTP/1.1" status: 200 len: 227 time: 0.0029027
2026-01-22 01:56:30.869 26 DEBUG neutron_lib.callbacks.manager [req-ca68f79f-ebe9-408e-ae3b-9eaeaddb1bce - - - - -] Publish callbacks ['neutron.services.segments.db._update_segment_host_mapping_for_agent-8762695627379', 'neutron.plugins.ml2.plugin.Ml2Plugin._retry_binding_revived_agents--9223372036850834800'] for agent (e020e77f-32e9-480d-ba23-cf726f6623ae), after_update _notify_loop /var/lib/kolla/venv/lib/python3.6/site-packages/neutron_lib/callbacks/manager.py:177
2026-01-22 01:56:41.855 29 DEBUG neutron.db.agents_db [req-b474ed27-5082-4256-a19e-c3bcd00f9ac1 - - - - -] Agent healthcheck: found 2 active agents agent_health_check /var/lib/kolla/venv/lib/python3.6/site-packages/neutron/db/agents_db.py:318
2026-01-22 01:56:45.231 28 DEBUG neutron_lib.callbacks.manager [req-a16cc2a7-c8cc-48ac-b670-474d02cbddd6 - - - - -] Publish callbacks ['neutron.services.segments.db._update_segment_host_mapping_for_agent-8762695627379', 'neutron.plugins.ml2.plugin.Ml2Plugin._retry_binding_revived_agents--9223372036850834800'] for agent (13d4cdd4-7fd2-42ef-8cf1-462d64887c40), after_update _notify_loop /var/lib/kolla/venv/lib/python3.6/site-packages/neutron_lib/callbacks/manager.py:177
2026-01-22 01:56:59.359 22 DEBUG neutron.wsgi [-] (22) accepted ('10.0.0.65', 56604) server /var/lib/kolla/venv/lib/python3.6/site-packages/eventlet/wsgi.py:1004
2026-01-22 01:56:59.364 22 INFO neutron.wsgi [-] 10.0.0.65 "GET / HTTP/1.1" status: 200 len: 227 time: 0.0045264
2026-01-22 01:57:00.867 25 DEBUG neutron_lib.callbacks.manager [req-b1729c39-89a4-44b4-a8f3-2f763efc2d05 - - - - -] Publish callbacks ['neutron.services.segments.db._update_segment_host_mapping_for_agent-8762695627379', 'neutron.plugins.ml2.plugin.Ml2Plugin._retry_binding_revived_agents--9223372036850834800'] for agent (e020e77f-32e9-480d-ba23-cf726f6623ae), after_update _notify_loop /var/lib/kolla/venv/lib/python3.6/site-packages/neutron_lib/callbacks/manager.py:177
2026-01-22 01:57:08.082 7 INFO oslo_service.service [-] Caught SIGTERM, stopping children
2026-01-22 01:57:08.083 7 DEBUG oslo_concurrency.lockutils [-] Acquired lock "singleton_lock" lock /var/lib/kolla/venv/lib/python3.6/site-packages/oslo_concurrency/lockutils.py:294
2026-01-22 01:57:08.083 7 DEBUG oslo_concurrency.lockutils [-] Releasing lock "singleton_lock" lock /var/lib/kolla/venv/lib/python3.6/site-packages/oslo_concurrency/lockutils.py:312
2026-01-22 01:57:08.083 7 DEBUG oslo_service.service [-] Stop services. stop /var/lib/kolla/venv/lib/python3.6/site-packages/oslo_service/service.py:695
2026-01-22 01:57:08.083 7 DEBUG neutron.service [-] calling RpcWorker stop() stop /var/lib/kolla/venv/lib/python3.6/site-packages/neutron/service.py:138
2026-01-22 01:57:08.084 7 DEBUG neutron.service [-] calling RpcWorker stop() stop /var/lib/kolla/venv/lib/python3.6/site-packages/neutron/service.py:138
2026-01-22 01:57:08.084 7 DEBUG oslo_service.service [-] Killing children. stop /var/lib/kolla/venv/lib/python3.6/site-packages/oslo_service/service.py:700
2026-01-22 01:57:08.084 7 INFO oslo_service.service [-] Waiting on 8 children to exit
2026-01-22 01:57:08.085 22 INFO neutron.wsgi [-] (22) wsgi exited, is_accepting=True
2026-01-22 01:57:08.085 26 DEBUG neutron.service [-] calling RpcWorker stop() stop /var/lib/kolla/venv/lib/python3.6/site-packages/neutron/service.py:138
2026-01-22 01:57:08.085 23 DEBUG neutron.service [-] calling RpcWorker stop() stop /var/lib/kolla/venv/lib/python3.6/site-packages/neutron/service.py:138
2026-01-22 01:57:08.085 27 DEBUG neutron.service [-] calling RpcWorker stop() stop /var/lib/kolla/venv/lib/python3.6/site-packages/neutron/service.py:138
2026-01-22 01:57:08.085 22 DEBUG oslo_concurrency.lockutils [req-6ea1a4d1-aadc-484a-a23d-72e90a64f3a5 - - - - -] Acquired lock "singleton_lock" lock /var/lib/kolla/venv/lib/python3.6/site-packages/oslo_concurrency/lockutils.py:294
2026-01-22 01:57:08.086 22 DEBUG oslo_concurrency.lockutils [req-6ea1a4d1-aadc-484a-a23d-72e90a64f3a5 - - - - -] Releasing lock "singleton_lock" lock /var/lib/kolla/venv/lib/python3.6/site-packages/oslo_concurrency/lockutils.py:312
2026-01-22 01:57:08.085 26 DEBUG neutron.service [-] calling stop on stop /var/lib/kolla/venv/lib/python3.6/site-packages/neutron/service.py:141
2026-01-22 01:57:08.085 23 DEBUG neutron.service [-] calling stop on stop /var/lib/kolla/venv/lib/python3.6/site-packages/neutron/service.py:141
2026-01-22 01:57:08.086 27 DEBUG neutron.service [-] calling stop on stop /var/lib/kolla/venv/lib/python3.6/site-packages/neutron/service.py:141
2026-01-22 01:57:08.089 29 DEBUG neutron.service [-] calling RpcWorker stop() stop /var/lib/kolla/venv/lib/python3.6/site-packages/neutron/service.py:138
2026-01-22 01:57:08.089 25 DEBUG neutron.service [-] calling RpcWorker stop() stop /var/lib/kolla/venv/lib/python3.6/site-packages/neutron/service.py:138
2026-01-22 01:57:08.089 29 DEBUG neutron.service [-] calling stop on stop /var/lib/kolla/venv/lib/python3.6/site-packages/neutron/service.py:141
2026-01-22 01:57:08.091 7 INFO oslo_service.service [-] Child 22 exited with status 0
2026-01-22 01:57:08.091 28 DEBUG neutron.service [-] calling RpcWorker stop() stop /var/lib/kolla/venv/lib/python3.6/site-packages/neutron/service.py:138
2026-01-22 01:57:08.090 25 DEBUG neutron.service [-] calling stop on stop /var/lib/kolla/venv/lib/python3.6/site-packages/neutron/service.py:141
2026-01-22 01:57:08.092 28 DEBUG neutron.service [-] calling stop on stop /var/lib/kolla/venv/lib/python3.6/site-packages/neutron/service.py:141
2026-01-22 01:57:08.095 24 DEBUG neutron.service [-] calling RpcWorker stop() stop /var/lib/kolla/venv/lib/python3.6/site-packages/neutron/service.py:138
2026-01-22 01:57:08.096 24 DEBUG neutron.service [-] calling stop on stop /var/lib/kolla/venv/lib/python3.6/site-packages/neutron/service.py:141
2026-01-22 01:57:08.429 28 DEBUG oslo_concurrency.lockutils [req-6ea1a4d1-aadc-484a-a23d-72e90a64f3a5 - - - - -] Acquired lock "singleton_lock" lock /var/lib/kolla/venv/lib/python3.6/site-packages/oslo_concurrency/lockutils.py:294
2026-01-22 01:57:08.431 28 DEBUG oslo_concurrency.lockutils [req-6ea1a4d1-aadc-484a-a23d-72e90a64f3a5 - - - - -] Releasing lock "singleton_lock" lock /var/lib/kolla/venv/lib/python3.6/site-packages/oslo_concurrency/lockutils.py:312
2026-01-22 01:57:08.432 28 DEBUG neutron.service [req-6ea1a4d1-aadc-484a-a23d-72e90a64f3a5 - - - - -] calling RpcWorker wait() _wait /var/lib/kolla/venv/lib/python3.6/site-packages/neutron/service.py:128
2026-01-22 01:57:08.432 28 DEBUG neutron.service [req-6ea1a4d1-aadc-484a-a23d-72e90a64f3a5 - - - - -] calling wait on _wait /var/lib/kolla/venv/lib/python3.6/site-packages/neutron/service.py:131
2026-01-22 01:57:08.445 28 WARNING amqp [req-6ea1a4d1-aadc-484a-a23d-72e90a64f3a5 - - - - -] Received method (60, 30) during closing channel 1. This method will be ignored
2026-01-22 01:57:08.447 28 DEBUG neutron.service [req-6ea1a4d1-aadc-484a-a23d-72e90a64f3a5 - - - - -] returning from RpcWorker wait() _wait /var/lib/kolla/venv/lib/python3.6/site-packages/neutron/service.py:135
2026-01-22 01:57:08.453 7 INFO oslo_service.service [-] Child 28 exited with status 0
2026-01-22 01:57:09.066 26 DEBUG oslo_concurrency.lockutils [req-6ea1a4d1-aadc-484a-a23d-72e90a64f3a5 - - - - -] Acquired lock "singleton_lock" lock /var/lib/kolla/venv/lib/python3.6/site-packages/oslo_concurrency/lockutils.py:294
2026-01-22 01:57:09.068 26 DEBUG oslo_concurrency.lockutils [req-6ea1a4d1-aadc-484a-a23d-72e90a64f3a5 - - - - -] Releasing lock "singleton_lock" lock /var/lib/kolla/venv/lib/python3.6/site-packages/oslo_concurrency/lockutils.py:312
2026-01-22 01:57:09.068 26 DEBUG neutron.service [req-6ea1a4d1-aadc-484a-a23d-72e90a64f3a5 - - - - -] calling RpcWorker wait() _wait /var/lib/kolla/venv/lib/python3.6/site-packages/neutron/service.py:128
2026-01-22 01:57:09.068 26 DEBUG neutron.service [req-6ea1a4d1-aadc-484a-a23d-72e90a64f3a5 - - - - -] calling wait on _wait /var/lib/kolla/venv/lib/python3.6/site-packages/neutron/service.py:131
2026-01-22 01:57:09.081 26 WARNING amqp [req-6ea1a4d1-aadc-484a-a23d-72e90a64f3a5 - - - - -] Received method (60, 30) during closing channel 1. This method will be ignored
2026-01-22 01:57:09.092 26 DEBUG neutron.service [req-6ea1a4d1-aadc-484a-a23d-72e90a64f3a5 - - - - -] returning from RpcWorker wait() _wait /var/lib/kolla/venv/lib/python3.6/site-packages/neutron/service.py:135
2026-01-22 01:57:09.109 7 INFO oslo_service.service [-] Child 26 exited with status 0
2026-01-22 01:57:11.833 25 DEBUG neutron.service [-] calling stop on stop /var/lib/kolla/venv/lib/python3.6/site-packages/neutron/service.py:141
2026-01-22 01:57:11.835 24 DEBUG neutron.service [-] calling stop on stop /var/lib/kolla/venv/lib/python3.6/site-packages/neutron/service.py:141
2026-01-22 01:57:11.838 23 DEBUG neutron.service [-] calling stop on stop /var/lib/kolla/venv/lib/python3.6/site-packages/neutron/service.py:141
2026-01-22 01:57:11.848 24 DEBUG neutron.service [-] calling stop on stop /var/lib/kolla/venv/lib/python3.6/site-packages/neutron/service.py:141
2026-01-22 01:57:11.849 25 DEBUG neutron.service [-] calling stop on stop /var/lib/kolla/venv/lib/python3.6/site-packages/neutron/service.py:141
2026-01-22 01:57:11.857 23 DEBUG neutron.service [-] calling stop on stop /var/lib/kolla/venv/lib/python3.6/site-packages/neutron/service.py:141
2026-01-22 01:57:11.873 29 DEBUG oslo_concurrency.lockutils [req-6ea1a4d1-aadc-484a-a23d-72e90a64f3a5 - - - - -] Acquired lock "singleton_lock" lock /var/lib/kolla/venv/lib/python3.6/site-packages/oslo_concurrency/lockutils.py:294
2026-01-22 01:57:11.874 29 DEBUG oslo_concurrency.lockutils [req-6ea1a4d1-aadc-484a-a23d-72e90a64f3a5 - - - - -] Releasing lock "singleton_lock" lock /var/lib/kolla/venv/lib/python3.6/site-packages/oslo_concurrency/lockutils.py:312
2026-01-22 01:57:11.876 29 DEBUG neutron.service [req-6ea1a4d1-aadc-484a-a23d-72e90a64f3a5 - - - - -] calling RpcWorker wait() _wait /var/lib/kolla/venv/lib/python3.6/site-packages/neutron/service.py:128
2026-01-22 01:57:11.877 29 DEBUG neutron.service [req-6ea1a4d1-aadc-484a-a23d-72e90a64f3a5 - - - - -] calling wait on _wait /var/lib/kolla/venv/lib/python3.6/site-packages/neutron/service.py:131
2026-01-22 01:57:11.880 23 DEBUG neutron.service [-] calling stop on stop /var/lib/kolla/venv/lib/python3.6/site-packages/neutron/service.py:141
2026-01-22 01:57:11.880 24 DEBUG neutron.service [-] calling stop on stop /var/lib/kolla/venv/lib/python3.6/site-packages/neutron/service.py:141
2026-01-22 01:57:11.882 27 DEBUG oslo_concurrency.lockutils [req-6ea1a4d1-aadc-484a-a23d-72e90a64f3a5 - - - - -] Acquired lock "singleton_lock" lock /var/lib/kolla/venv/lib/python3.6/site-packages/oslo_concurrency/lockutils.py:294
2026-01-22 01:57:11.883 27 DEBUG oslo_concurrency.lockutils [req-6ea1a4d1-aadc-484a-a23d-72e90a64f3a5 - - - - -] Releasing lock "singleton_lock" lock /var/lib/kolla/venv/lib/python3.6/site-packages/oslo_concurrency/lockutils.py:312
2026-01-22 01:57:11.885 27 DEBUG neutron.service [req-6ea1a4d1-aadc-484a-a23d-72e90a64f3a5 - - - - -] calling RpcWorker wait() _wait /var/lib/kolla/venv/lib/python3.6/site-packages/neutron/service.py:128
2026-01-22 01:57:11.885 27 DEBUG neutron.service [req-6ea1a4d1-aadc-484a-a23d-72e90a64f3a5 - - - - -] calling wait on _wait /var/lib/kolla/venv/lib/python3.6/site-packages/neutron/service.py:131
2026-01-22 01:57:11.886 24 DEBUG oslo_concurrency.lockutils [req-6ea1a4d1-aadc-484a-a23d-72e90a64f3a5 - - - - -] Acquired lock "singleton_lock" lock /var/lib/kolla/venv/lib/python3.6/site-packages/oslo_concurrency/lockutils.py:294
2026-01-22 01:57:11.886 24 DEBUG oslo_concurrency.lockutils [req-6ea1a4d1-aadc-484a-a23d-72e90a64f3a5 - - - - -] Releasing lock "singleton_lock" lock /var/lib/kolla/venv/lib/python3.6/site-packages/oslo_concurrency/lockutils.py:312
2026-01-22 01:57:11.887 24 DEBUG neutron.service [req-6ea1a4d1-aadc-484a-a23d-72e90a64f3a5 - - - - -] calling RpcWorker wait() _wait /var/lib/kolla/venv/lib/python3.6/site-packages/neutron/service.py:128
2026-01-22 01:57:11.887 24 DEBUG neutron.service [req-6ea1a4d1-aadc-484a-a23d-72e90a64f3a5 - - - - -] calling wait on _wait /var/lib/kolla/venv/lib/python3.6/site-packages/neutron/service.py:131
2026-01-22 01:57:11.888 29 WARNING amqp [req-6ea1a4d1-aadc-484a-a23d-72e90a64f3a5 - - - - -] Received method (60, 30) during closing channel 1. This method will be ignored
2026-01-22 01:57:11.890 29 DEBUG neutron.service [req-6ea1a4d1-aadc-484a-a23d-72e90a64f3a5 - - - - -] returning from RpcWorker wait() _wait /var/lib/kolla/venv/lib/python3.6/site-packages/neutron/service.py:135
2026-01-22 01:57:11.893 23 DEBUG oslo_concurrency.lockutils [req-6ea1a4d1-aadc-484a-a23d-72e90a64f3a5 - - - - -] Acquired lock "singleton_lock" lock /var/lib/kolla/venv/lib/python3.6/site-packages/oslo_concurrency/lockutils.py:294
2026-01-22 01:57:11.893 23 DEBUG oslo_concurrency.lockutils [req-6ea1a4d1-aadc-484a-a23d-72e90a64f3a5 - - - - -] Releasing lock "singleton_lock" lock /var/lib/kolla/venv/lib/python3.6/site-packages/oslo_concurrency/lockutils.py:312
2026-01-22 01:57:11.893 23 DEBUG neutron.service [req-6ea1a4d1-aadc-484a-a23d-72e90a64f3a5 - - - - -] calling RpcWorker wait() _wait /var/lib/kolla/venv/lib/python3.6/site-packages/neutron/service.py:128
2026-01-22 01:57:11.895 23 DEBUG neutron.service [req-6ea1a4d1-aadc-484a-a23d-72e90a64f3a5 - - - - -] calling wait on _wait /var/lib/kolla/venv/lib/python3.6/site-packages/neutron/service.py:131
2026-01-22 01:57:11.900 7 INFO oslo_service.service [-] Child 29 exited with status 0
2026-01-22 01:57:11.900 27 WARNING amqp [req-6ea1a4d1-aadc-484a-a23d-72e90a64f3a5 - - - - -] Received method (60, 30) during closing channel 1. This method will be ignored
2026-01-22 01:57:11.922 24 WARNING amqp [req-6ea1a4d1-aadc-484a-a23d-72e90a64f3a5 - - - - -] Received method (60, 30) during closing channel 1. This method will be ignored
2026-01-22 01:57:11.925 27 DEBUG neutron.service [req-6ea1a4d1-aadc-484a-a23d-72e90a64f3a5 - - - - -] returning from RpcWorker wait() _wait /var/lib/kolla/venv/lib/python3.6/site-packages/neutron/service.py:135
2026-01-22 01:57:11.929 23 WARNING amqp [req-6ea1a4d1-aadc-484a-a23d-72e90a64f3a5 - - - - -] Received method (60, 30) during closing channel 1. This method will be ignored
2026-01-22 01:57:11.932 23 DEBUG neutron.service [req-6ea1a4d1-aadc-484a-a23d-72e90a64f3a5 - - - - -] calling wait on _wait /var/lib/kolla/venv/lib/python3.6/site-packages/neutron/service.py:131
2026-01-22 01:57:11.940 24 DEBUG neutron.service [req-6ea1a4d1-aadc-484a-a23d-72e90a64f3a5 - - - - -] calling wait on _wait /var/lib/kolla/venv/lib/python3.6/site-packages/neutron/service.py:131
2026-01-22 01:57:11.941 7 INFO oslo_service.service [-] Child 27 exited with status 0
2026-01-22 01:57:11.946 23 WARNING amqp [req-6ea1a4d1-aadc-484a-a23d-72e90a64f3a5 - - - - -] Received method (60, 30) during closing channel 1. This method will be ignored
2026-01-22 01:57:11.953 23 DEBUG neutron.service [req-6ea1a4d1-aadc-484a-a23d-72e90a64f3a5 - - - - -] calling wait on _wait /var/lib/kolla/venv/lib/python3.6/site-packages/neutron/service.py:131
2026-01-22 01:57:11.958 24 WARNING amqp [req-6ea1a4d1-aadc-484a-a23d-72e90a64f3a5 - - - - -] Received method (60, 30) during closing channel 1. This method will be ignored
2026-01-22 01:57:11.961 24 DEBUG neutron.service [req-6ea1a4d1-aadc-484a-a23d-72e90a64f3a5 - - - - -] calling wait on _wait /var/lib/kolla/venv/lib/python3.6/site-packages/neutron/service.py:131
2026-01-22 01:57:11.966 23 WARNING amqp [req-6ea1a4d1-aadc-484a-a23d-72e90a64f3a5 - - - - -] Received method (60, 30) during closing channel 1. This method will be ignored
2026-01-22 01:57:11.973 23 DEBUG neutron.service [req-6ea1a4d1-aadc-484a-a23d-72e90a64f3a5 - - - - -] calling wait on _wait /var/lib/kolla/venv/lib/python3.6/site-packages/neutron/service.py:131
2026-01-22 01:57:11.981 24 WARNING amqp [req-6ea1a4d1-aadc-484a-a23d-72e90a64f3a5 - - - - -] Received method (60, 30) during closing channel 1. This method will be ignored
2026-01-22 01:57:11.984 24 DEBUG neutron.service [req-6ea1a4d1-aadc-484a-a23d-72e90a64f3a5 - - - - -] calling wait on _wait /var/lib/kolla/venv/lib/python3.6/site-packages/neutron/service.py:131
2026-01-22 01:57:11.986 23 WARNING amqp [req-6ea1a4d1-aadc-484a-a23d-72e90a64f3a5 - - - - -] Received method (60, 30) during closing channel 1. This method will be ignored
2026-01-22 01:57:11.988 23 DEBUG neutron.service [req-6ea1a4d1-aadc-484a-a23d-72e90a64f3a5 - - - - -] returning from RpcWorker wait() _wait /var/lib/kolla/venv/lib/python3.6/site-packages/neutron/service.py:135
2026-01-22 01:57:12.001 7 INFO oslo_service.service [-] Child 23 exited with status 0
2026-01-22 01:57:12.004 24 WARNING amqp [req-6ea1a4d1-aadc-484a-a23d-72e90a64f3a5 - - - - -] Received method (60, 30) during closing channel 1. This method will be ignored
2026-01-22 01:57:12.006 24 DEBUG neutron.service [req-6ea1a4d1-aadc-484a-a23d-72e90a64f3a5 - - - - -] returning from RpcWorker wait() _wait /var/lib/kolla/venv/lib/python3.6/site-packages/neutron/service.py:135
2026-01-22 01:57:12.012 7 INFO oslo_service.service [-] Child 24 exited with status 0
2026-01-22 01:57:14.061 25 DEBUG neutron.service [-] calling stop on stop /var/lib/kolla/venv/lib/python3.6/site-packages/neutron/service.py:141
2026-01-22 01:57:16.885 25 DEBUG oslo_concurrency.lockutils [req-6ea1a4d1-aadc-484a-a23d-72e90a64f3a5 - - - - -] Acquired lock "singleton_lock" lock /var/lib/kolla/venv/lib/python3.6/site-packages/oslo_concurrency/lockutils.py:294
2026-01-22 01:57:16.885 25 DEBUG oslo_concurrency.lockutils [req-6ea1a4d1-aadc-484a-a23d-72e90a64f3a5 - - - - -] Releasing lock "singleton_lock" lock /var/lib/kolla/venv/lib/python3.6/site-packages/oslo_concurrency/lockutils.py:312
2026-01-22 01:57:16.886 25 DEBUG neutron.service [req-6ea1a4d1-aadc-484a-a23d-72e90a64f3a5 - - - - -] calling RpcWorker wait() _wait /var/lib/kolla/venv/lib/python3.6/site-packages/neutron/service.py:128
2026-01-22 01:57:16.886 25 DEBUG neutron.service [req-6ea1a4d1-aadc-484a-a23d-72e90a64f3a5 - - - - -] calling wait on _wait /var/lib/kolla/venv/lib/python3.6/site-packages/neutron/service.py:131
2026-01-22 01:57:16.894 25 WARNING amqp [req-6ea1a4d1-aadc-484a-a23d-72e90a64f3a5 - - - - -] Received method (60, 30) during closing channel 1. This method will be ignored
2026-01-22 01:57:16.895 25 DEBUG neutron.service [req-6ea1a4d1-aadc-484a-a23d-72e90a64f3a5 - - - - -] calling wait on _wait /var/lib/kolla/venv/lib/python3.6/site-packages/neutron/service.py:131
2026-01-22 01:57:16.903 25 WARNING amqp [req-6ea1a4d1-aadc-484a-a23d-72e90a64f3a5 - - - - -] Received method (60, 30) during closing channel 1. This method will be ignored
2026-01-22 01:57:16.904 25 DEBUG neutron.service [req-6ea1a4d1-aadc-484a-a23d-72e90a64f3a5 - - - - -] calling wait on _wait /var/lib/kolla/venv/lib/python3.6/site-packages/neutron/service.py:131
2026-01-22 01:57:16.911 25 WARNING amqp [req-6ea1a4d1-aadc-484a-a23d-72e90a64f3a5 - - - - -] Received method (60, 30) during closing channel 1. This method will be ignored
