2026-01-08 00:40:05.998 162937 DEBUG oslo_service.service [req-7db59250-eb3e-4dc5-868f-b4c829ba08fa - - - - -] cache.enabled = False log_opt_values /usr/lib/python3/dist-packages/oslo_config/cfg.py:2609
2026-01-08 00:40:05.998 162937 DEBUG oslo_service.service [req-7db59250-eb3e-4dc5-868f-b4c829ba08fa - - - - -] cache.expiration_time = 600 log_opt_values /usr/lib/python3/dist-packages/oslo_config/cfg.py:2609
2026-01-08 00:40:05.999 162937 DEBUG oslo_service.service [req-7db59250-eb3e-4dc5-868f-b4c829ba08fa - - - - -] cache.memcache_dead_retry = 300 log_opt_values /usr/lib/python3/dist-packages/oslo_config/cfg.py:2609
2026-01-08 00:40:05.999 162937 DEBUG oslo_service.service [req-7db59250-eb3e-4dc5-868f-b4c829ba08fa - - - - -] cache.memcache_pool_connection_get_timeout = 10 log_opt_values /usr/lib/python3/dist-packages/oslo_config/cfg.py:2609
2026-01-08 00:40:05.999 162937 DEBUG oslo_service.service [req-7db59250-eb3e-4dc5-868f-b4c829ba08fa - - - - -] cache.memcache_pool_flush_on_reconnect = False log_opt_values /usr/lib/python3/dist-packages/oslo_config/cfg.py:2609
2026-01-08 00:40:06.000 162937 DEBUG oslo_service.service [req-7db59250-eb3e-4dc5-868f-b4c829ba08fa - - - - -] cache.memcache_pool_maxsize = 10 log_opt_values /usr/lib/python3/dist-packages/oslo_config/cfg.py:2609
2026-01-08 00:40:06.000 162937 DEBUG oslo_service.service [req-7db59250-eb3e-4dc5-868f-b4c829ba08fa - - - - -] cache.memcache_pool_unused_timeout = 60 log_opt_values /usr/lib/python3/dist-packages/oslo_config/cfg.py:2609
2026-01-08 00:40:06.001 162937 DEBUG oslo_service.service [req-7db59250-eb3e-4dc5-868f-b4c829ba08fa - - - - -] cache.memcache_servers = ['localhost:11211'] log_opt_values /usr/lib/python3/dist-packages/oslo_config/cfg.py:2609
2026-01-08 00:40:06.001 162937 DEBUG oslo_service.service [req-7db59250-eb3e-4dc5-868f-b4c829ba08fa - - - - -] cache.memcache_socket_timeout = 1.0 log_opt_values /usr/lib/python3/dist-packages/oslo_config/cfg.py:2609
2026-01-08 00:40:06.001 162937 DEBUG oslo_service.service [req-7db59250-eb3e-4dc5-868f-b4c829ba08fa - - - - -] cache.proxies = [] log_opt_values /usr/lib/python3/dist-packages/oslo_config/cfg.py:2609
2026-01-08 00:40:06.001 162937 DEBUG oslo_service.service [req-7db59250-eb3e-4dc5-868f-b4c829ba08fa - - - - -] cache.tls_allowed_ciphers = None log_opt_values /usr/lib/python3/dist-packages/oslo_config/cfg.py:2609
2026-01-08 00:40:06.002 162937 DEBUG oslo_service.service [req-7db59250-eb3e-4dc5-868f-b4c829ba08fa - - - - -] cache.tls_cafile = None log_opt_values /usr/lib/python3/dist-packages/oslo_config/cfg.py:2609
2026-01-08 00:40:06.002 162937 DEBUG oslo_service.service [req-7db59250-eb3e-4dc5-868f-b4c829ba08fa - - - - -] cache.tls_certfile = None log_opt_values /usr/lib/python3/dist-packages/oslo_config/cfg.py:2609
2026-01-08 00:40:06.002 162937 DEBUG oslo_service.service [req-7db59250-eb3e-4dc5-868f-b4c829ba08fa - - - - -] cache.tls_enabled = False log_opt_values /usr/lib/python3/dist-packages/oslo_config/cfg.py:2609
2026-01-08 00:40:06.002 162937 DEBUG oslo_service.service [req-7db59250-eb3e-4dc5-868f-b4c829ba08fa - - - - -] cache.tls_keyfile = None log_opt_values /usr/lib/python3/dist-packages/oslo_config/cfg.py:2609
2026-01-08 00:40:06.003 162937 DEBUG oslo_service.service [req-7db59250-eb3e-4dc5-868f-b4c829ba08fa - - - - -] cinder.auth_section = None log_opt_values /usr/lib/python3/dist-packages/oslo_config/cfg.py:2609
2026-01-08 00:40:06.003 162937 DEBUG oslo_service.service [req-7db59250-eb3e-4dc5-868f-b4c829ba08fa - - - - -] cinder.auth_type = None log_opt_values /usr/lib/python3/dist-packages/oslo_config/cfg.py:2609
2026-01-08 00:40:06.003 162937 DEBUG oslo_service.service [req-7db59250-eb3e-4dc5-868f-b4c829ba08fa - - - - -] cinder.cafile = None log_opt_values /usr/lib/python3/dist-packages/oslo_config/cfg.py:2609
2026-01-08 00:40:06.003 163523 DEBUG oslo_messaging._drivers.amqpdriver [-] Listener is running poll /usr/lib/python3/dist-packages/oslo_messaging/_drivers/amqpdriver.py:343
2026-01-08 00:40:06.003 162937 DEBUG oslo_service.service [req-7db59250-eb3e-4dc5-868f-b4c829ba08fa - - - - -] cinder.catalog_info = volumev3::publicURL log_opt_values /usr/lib/python3/dist-packages/oslo_config/cfg.py:2609
2026-01-08 00:40:06.004 163523 DEBUG oslo_messaging._drivers.amqpdriver [-] AMQPListener connection consume poll /usr/lib/python3/dist-packages/oslo_messaging/_drivers/amqpdriver.py:357
2026-01-08 00:40:06.004 162937 DEBUG oslo_service.service [req-7db59250-eb3e-4dc5-868f-b4c829ba08fa - - - - -] cinder.certfile = None log_opt_values /usr/lib/python3/dist-packages/oslo_config/cfg.py:2609
2026-01-08 00:40:06.004 162937 DEBUG oslo_service.service [req-7db59250-eb3e-4dc5-868f-b4c829ba08fa - - - - -] cinder.collect_timing = False log_opt_values /usr/lib/python3/dist-packages/oslo_config/cfg.py:2609
2026-01-08 00:40:06.004 162937 DEBUG oslo_service.service [req-7db59250-eb3e-4dc5-868f-b4c829ba08fa - - - - -] cinder.cross_az_attach = True log_opt_values /usr/lib/python3/dist-packages/oslo_config/cfg.py:2609
2026-01-08 00:40:06.004 162937 DEBUG oslo_service.service [req-7db59250-eb3e-4dc5-868f-b4c829ba08fa - - - - -] cinder.debug = False log_opt_values /usr/lib/python3/dist-packages/oslo_config/cfg.py:2609
2026-01-08 00:40:06.004 163523 DEBUG nova.service [req-7a731182-411a-4fdf-9354-717524345553 - - - - -] Join ServiceGroup membership for this service scheduler start /usr/lib/python3/dist-packages/nova/service.py:199
2026-01-08 00:40:06.005 162937 DEBUG oslo_service.service [req-7db59250-eb3e-4dc5-868f-b4c829ba08fa - - - - -] cinder.endpoint_template = None log_opt_values /usr/lib/python3/dist-packages/oslo_config/cfg.py:2609
2026-01-08 00:40:06.005 162937 DEBUG oslo_service.service [req-7db59250-eb3e-4dc5-868f-b4c829ba08fa - - - - -] cinder.http_retries = 3 log_opt_values /usr/lib/python3/dist-packages/oslo_config/cfg.py:2609
2026-01-08 00:40:06.005 163523 DEBUG nova.servicegroup.drivers.db [req-7a731182-411a-4fdf-9354-717524345553 - - - - -] DB_Driver: join new ServiceGroup member juju-5b0e15-0-lxd-7 to the scheduler group, service = join /usr/lib/python3/dist-packages/nova/servicegroup/drivers/db.py:44
2026-01-08 00:40:06.005 162937 DEBUG oslo_service.service [req-7db59250-eb3e-4dc5-868f-b4c829ba08fa - - - - -] cinder.insecure = False log_opt_values /usr/lib/python3/dist-packages/oslo_config/cfg.py:2609
2026-01-08 00:40:06.007 162937 DEBUG oslo_service.service [req-7db59250-eb3e-4dc5-868f-b4c829ba08fa - - - - -] cinder.keyfile = None log_opt_values /usr/lib/python3/dist-packages/oslo_config/cfg.py:2609
2026-01-08 00:40:06.007 163523 DEBUG oslo_messaging._drivers.amqpdriver [-] AMQPListener connection timeout poll /usr/lib/python3/dist-packages/oslo_messaging/_drivers/amqpdriver.py:360
2026-01-08 00:40:06.008 162937 DEBUG oslo_service.service [req-7db59250-eb3e-4dc5-868f-b4c829ba08fa - - - - -] cinder.os_region_name = None log_opt_values /usr/lib/python3/dist-packages/oslo_config/cfg.py:2609
2026-01-08 00:40:06.008 163523 DEBUG oslo_messaging._drivers.amqpdriver [-] Listener is running poll /usr/lib/python3/dist-packages/oslo_messaging/_drivers/amqpdriver.py:343
2026-01-08 00:40:06.008 162937 DEBUG oslo_service.service [req-7db59250-eb3e-4dc5-868f-b4c829ba08fa - - - - -] cinder.split_loggers = False log_opt_values /usr/lib/python3/dist-packages/oslo_config/cfg.py:2609
2026-01-08 00:40:06.008 163523 DEBUG oslo_messaging._drivers.amqpdriver [-] AMQPListener connection consume poll /usr/lib/python3/dist-packages/oslo_messaging/_drivers/amqpdriver.py:357
2026-01-08 00:40:06.008 162937 DEBUG oslo_service.service [req-7db59250-eb3e-4dc5-868f-b4c829ba08fa - - - - -] cinder.timeout = None log_opt_values /usr/lib/python3/dist-packages/oslo_config/cfg.py:2609
2026-01-08 00:40:06.008 162937 DEBUG oslo_service.service [req-7db59250-eb3e-4dc5-868f-b4c829ba08fa - - - - -] compute.consecutive_build_service_disable_threshold = 10 log_opt_values /usr/lib/python3/dist-packages/oslo_config/cfg.py:2609
2026-01-08 00:40:06.009 162937 DEBUG oslo_service.service [req-7db59250-eb3e-4dc5-868f-b4c829ba08fa - - - - -] compute.cpu_dedicated_set = None log_opt_values /usr/lib/python3/dist-packages/oslo_config/cfg.py:2609
2026-01-08 00:40:06.009 162937 DEBUG oslo_service.service [req-7db59250-eb3e-4dc5-868f-b4c829ba08fa - - - - -] compute.cpu_shared_set = None log_opt_values /usr/lib/python3/dist-packages/oslo_config/cfg.py:2609
2026-01-08 00:40:06.009 162937 DEBUG oslo_service.service [req-7db59250-eb3e-4dc5-868f-b4c829ba08fa - - - - -] compute.image_type_exclude_list = [] log_opt_values /usr/lib/python3/dist-packages/oslo_config/cfg.py:2609
2026-01-08 00:40:06.010 162937 DEBUG oslo_service.service [req-7db59250-eb3e-4dc5-868f-b4c829ba08fa - - - - -] compute.live_migration_wait_for_vif_plug = True log_opt_values /usr/lib/python3/dist-packages/oslo_config/cfg.py:2609
2026-01-08 00:40:06.010 163525 DEBUG oslo_messaging._drivers.amqpdriver [-] Listener is running poll /usr/lib/python3/dist-packages/oslo_messaging/_drivers/amqpdriver.py:343
2026-01-08 00:40:06.010 162937 DEBUG oslo_service.service [req-7db59250-eb3e-4dc5-868f-b4c829ba08fa - - - - -] compute.max_concurrent_disk_ops = 0 log_opt_values /usr/lib/python3/dist-packages/oslo_config/cfg.py:2609
2026-01-08 00:40:06.010 163525 DEBUG oslo_messaging._drivers.amqpdriver [-] AMQPListener connection consume poll /usr/lib/python3/dist-packages/oslo_messaging/_drivers/amqpdriver.py:357
2026-01-08 00:40:06.010 162937 DEBUG oslo_service.service [req-7db59250-eb3e-4dc5-868f-b4c829ba08fa - - - - -] compute.max_disk_devices_to_attach = -1 log_opt_values /usr/lib/python3/dist-packages/oslo_config/cfg.py:2609
2026-01-08 00:40:06.011 162937 DEBUG oslo_service.service [req-7db59250-eb3e-4dc5-868f-b4c829ba08fa - - - - -] compute.packing_host_numa_cells_allocation_strategy = True log_opt_values /usr/lib/python3/dist-packages/oslo_config/cfg.py:2609
2026-01-08 00:40:06.011 162937 DEBUG oslo_service.service [req-7db59250-eb3e-4dc5-868f-b4c829ba08fa - - - - -] compute.provider_config_location = /etc/nova/provider_config/ log_opt_values /usr/lib/python3/dist-packages/oslo_config/cfg.py:2609
2026-01-08 00:40:06.011 162937 DEBUG oslo_service.service [req-7db59250-eb3e-4dc5-868f-b4c829ba08fa - - - - -] compute.resource_provider_association_refresh = 300 log_opt_values /usr/lib/python3/dist-packages/oslo_config/cfg.py:2609
2026-01-08 00:40:06.011 162937 DEBUG oslo_service.service [req-7db59250-eb3e-4dc5-868f-b4c829ba08fa - - - - -] compute.shutdown_retry_interval = 10 log_opt_values /usr/lib/python3/dist-packages/oslo_config/cfg.py:2609
2026-01-08 00:40:06.011 162937 DEBUG oslo_service.service [req-7db59250-eb3e-4dc5-868f-b4c829ba08fa - - - - -] compute.vmdk_allowed_types = ['streamOptimized', 'monolithicSparse'] log_opt_values /usr/lib/python3/dist-packages/oslo_config/cfg.py:2609
2026-01-08 00:40:06.011 163525 DEBUG nova.service [req-4d01b43d-5980-4b3f-9293-a0a21a8cf7e7 - - - - -] Join ServiceGroup membership for this service scheduler start /usr/lib/python3/dist-packages/nova/service.py:199
2026-01-08 00:40:06.012 162937 DEBUG oslo_service.service [req-7db59250-eb3e-4dc5-868f-b4c829ba08fa - - - - -] conductor.workers = 4 log_opt_values /usr/lib/python3/dist-packages/oslo_config/cfg.py:2609
2026-01-08 00:40:06.012 163525 DEBUG nova.servicegroup.drivers.db [req-4d01b43d-5980-4b3f-9293-a0a21a8cf7e7 - - - - -] DB_Driver: join new ServiceGroup member juju-5b0e15-0-lxd-7 to the scheduler group, service = join /usr/lib/python3/dist-packages/nova/servicegroup/drivers/db.py:44
2026-01-08 00:40:06.013 162937 DEBUG oslo_service.service [req-7db59250-eb3e-4dc5-868f-b4c829ba08fa - - - - -] console.allowed_origins = [] log_opt_values /usr/lib/python3/dist-packages/oslo_config/cfg.py:2609
2026-01-08 00:40:06.013 162937 DEBUG oslo_service.service [req-7db59250-eb3e-4dc5-868f-b4c829ba08fa - - - - -] console.ssl_ciphers = None log_opt_values /usr/lib/python3/dist-packages/oslo_config/cfg.py:2609
2026-01-08 00:40:06.013 162937 DEBUG oslo_service.service [req-7db59250-eb3e-4dc5-868f-b4c829ba08fa - - - - -] console.ssl_minimum_version = default log_opt_values /usr/lib/python3/dist-packages/oslo_config/cfg.py:2609
2026-01-08 00:40:06.013 162937 DEBUG oslo_service.service [req-7db59250-eb3e-4dc5-868f-b4c829ba08fa - - - - -] consoleauth.token_ttl = 600 log_opt_values /usr/lib/python3/dist-packages/oslo_config/cfg.py:2609
2026-01-08 00:40:06.014 162937 DEBUG oslo_service.service [req-7db59250-eb3e-4dc5-868f-b4c829ba08fa - - - - -] cyborg.cafile = None log_opt_values /usr/lib/python3/dist-packages/oslo_config/cfg.py:2609
2026-01-08 00:40:06.014 162937 DEBUG oslo_service.service [req-7db59250-eb3e-4dc5-868f-b4c829ba08fa - - - - -] cyborg.certfile = None log_opt_values /usr/lib/python3/dist-packages/oslo_config/cfg.py:2609
2026-01-08 00:40:06.014 162937 DEBUG oslo_service.service [req-7db59250-eb3e-4dc5-868f-b4c829ba08fa - - - - -] cyborg.collect_timing = False log_opt_values /usr/lib/python3/dist-packages/oslo_config/cfg.py:2609
2026-01-08 00:40:06.014 163530 DEBUG nova.service [req-08a4363b-81d6-43c3-97fc-65887f25243d - - - - -] Creating RPC server for service scheduler start /usr/lib/python3/dist-packages/nova/service.py:182
2026-01-08 00:40:06.014 162937 DEBUG oslo_service.service [req-7db59250-eb3e-4dc5-868f-b4c829ba08fa - - - - -] cyborg.connect_retries = None log_opt_values /usr/lib/python3/dist-packages/oslo_config/cfg.py:2609
2026-01-08 00:40:06.015 162937 DEBUG oslo_service.service [req-7db59250-eb3e-4dc5-868f-b4c829ba08fa - - - - -] cyborg.connect_retry_delay = None log_opt_values /usr/lib/python3/dist-packages/oslo_config/cfg.py:2609
2026-01-08 00:40:06.015 162937 DEBUG oslo_service.service [req-7db59250-eb3e-4dc5-868f-b4c829ba08fa - - - - -] cyborg.endpoint_override = None log_opt_values /usr/lib/python3/dist-packages/oslo_config/cfg.py:2609
2026-01-08 00:40:06.015 163525 DEBUG oslo_messaging._drivers.amqpdriver [-] AMQPListener connection timeout poll /usr/lib/python3/dist-packages/oslo_messaging/_drivers/amqpdriver.py:360
2026-01-08 00:40:06.015 163525 DEBUG oslo_messaging._drivers.amqpdriver [-] Listener is running poll /usr/lib/python3/dist-packages/oslo_messaging/_drivers/amqpdriver.py:343
2026-01-08 00:40:06.015 162937 DEBUG oslo_service.service [req-7db59250-eb3e-4dc5-868f-b4c829ba08fa - - - - -] cyborg.insecure = False log_opt_values /usr/lib/python3/dist-packages/oslo_config/cfg.py:2609
2026-01-08 00:40:06.015 163525 DEBUG oslo_messaging._drivers.amqpdriver [-] AMQPListener connection consume poll /usr/lib/python3/dist-packages/oslo_messaging/_drivers/amqpdriver.py:357
2026-01-08 00:40:06.015 162937 DEBUG oslo_service.service [req-7db59250-eb3e-4dc5-868f-b4c829ba08fa - - - - -] cyborg.keyfile = None log_opt_values /usr/lib/python3/dist-packages/oslo_config/cfg.py:2609
2026-01-08 00:40:06.015 162937 DEBUG oslo_service.service [req-7db59250-eb3e-4dc5-868f-b4c829ba08fa - - - - -] cyborg.max_version = None log_opt_values /usr/lib/python3/dist-packages/oslo_config/cfg.py:2609
2026-01-08 00:40:06.016 162937 DEBUG oslo_service.service [req-7db59250-eb3e-4dc5-868f-b4c829ba08fa - - - - -] cyborg.min_version = None log_opt_values /usr/lib/python3/dist-packages/oslo_config/cfg.py:2609
2026-01-08 00:40:06.016 162937 DEBUG oslo_service.service [req-7db59250-eb3e-4dc5-868f-b4c829ba08fa - - - - -] cyborg.region_name = None log_opt_values /usr/lib/python3/dist-packages/oslo_config/cfg.py:2609
2026-01-08 00:40:06.017 162937 DEBUG oslo_service.service [req-7db59250-eb3e-4dc5-868f-b4c829ba08fa - - - - -] cyborg.service_name = None log_opt_values /usr/lib/python3/dist-packages/oslo_config/cfg.py:2609
2026-01-08 00:40:06.018 162937 DEBUG oslo_service.service [req-7db59250-eb3e-4dc5-868f-b4c829ba08fa - - - - -] cyborg.service_type = accelerator log_opt_values /usr/lib/python3/dist-packages/oslo_config/cfg.py:2609
2026-01-08 00:40:06.018 162937 DEBUG oslo_service.service [req-7db59250-eb3e-4dc5-868f-b4c829ba08fa - - - - -] cyborg.split_loggers = False log_opt_values /usr/lib/python3/dist-packages/oslo_config/cfg.py:2609
2026-01-08 00:40:06.018 162937 DEBUG oslo_service.service [req-7db59250-eb3e-4dc5-868f-b4c829ba08fa - - - - -] cyborg.status_code_retries = None log_opt_values /usr/lib/python3/dist-packages/oslo_config/cfg.py:2609
2026-01-08 00:40:06.019 162937 DEBUG oslo_service.service [req-7db59250-eb3e-4dc5-868f-b4c829ba08fa - - - - -] cyborg.status_code_retry_delay = None log_opt_values /usr/lib/python3/dist-packages/oslo_config/cfg.py:2609
2026-01-08 00:40:06.019 162937 DEBUG oslo_service.service [req-7db59250-eb3e-4dc5-868f-b4c829ba08fa - - - - -] cyborg.timeout = None log_opt_values /usr/lib/python3/dist-packages/oslo_config/cfg.py:2609
2026-01-08 00:40:06.019 162937 DEBUG oslo_service.service [req-7db59250-eb3e-4dc5-868f-b4c829ba08fa - - - - -] cyborg.valid_interfaces = ['internal', 'public'] log_opt_values /usr/lib/python3/dist-packages/oslo_config/cfg.py:2609
2026-01-08 00:40:06.019 162937 DEBUG oslo_service.service [req-7db59250-eb3e-4dc5-868f-b4c829ba08fa - - - - -] cyborg.version = None log_opt_values /usr/lib/python3/dist-packages/oslo_config/cfg.py:2609
2026-01-08 00:40:06.020 162937 DEBUG oslo_service.service [req-7db59250-eb3e-4dc5-868f-b4c829ba08fa - - - - -] database.backend = sqlalchemy log_opt_values /usr/lib/python3/dist-packages/oslo_config/cfg.py:2609
2026-01-08 00:40:06.021 162937 DEBUG oslo_service.service [req-7db59250-eb3e-4dc5-868f-b4c829ba08fa - - - - -] database.connection = **** log_opt_values /usr/lib/python3/dist-packages/oslo_config/cfg.py:2609
2026-01-08 00:40:06.021 162937 DEBUG oslo_service.service [req-7db59250-eb3e-4dc5-868f-b4c829ba08fa - - - - -] database.connection_debug = 0 log_opt_values /usr/lib/python3/dist-packages/oslo_config/cfg.py:2609
2026-01-08 00:40:06.021 162937 DEBUG oslo_service.service [req-7db59250-eb3e-4dc5-868f-b4c829ba08fa - - - - -] database.connection_parameters = log_opt_values /usr/lib/python3/dist-packages/oslo_config/cfg.py:2609
2026-01-08 00:40:06.021 162937 DEBUG oslo_service.service [req-7db59250-eb3e-4dc5-868f-b4c829ba08fa - - - - -] database.connection_recycle_time = 3600 log_opt_values /usr/lib/python3/dist-packages/oslo_config/cfg.py:2609
2026-01-08 00:40:06.022 162937 DEBUG oslo_service.service [req-7db59250-eb3e-4dc5-868f-b4c829ba08fa - - - - -] database.connection_trace = False log_opt_values /usr/lib/python3/dist-packages/oslo_config/cfg.py:2609
2026-01-08 00:40:06.022 162937 DEBUG oslo_service.service [req-7db59250-eb3e-4dc5-868f-b4c829ba08fa - - - - -] database.db_inc_retry_interval = True log_opt_values /usr/lib/python3/dist-packages/oslo_config/cfg.py:2609
2026-01-08 00:40:06.022 162937 DEBUG oslo_service.service [req-7db59250-eb3e-4dc5-868f-b4c829ba08fa - - - - -] database.db_max_retries = 20 log_opt_values /usr/lib/python3/dist-packages/oslo_config/cfg.py:2609
2026-01-08 00:40:06.022 162937 DEBUG oslo_service.service [req-7db59250-eb3e-4dc5-868f-b4c829ba08fa - - - - -] database.db_max_retry_interval = 10 log_opt_values /usr/lib/python3/dist-packages/oslo_config/cfg.py:2609
2026-01-08 00:40:06.022 162937 DEBUG oslo_service.service [req-7db59250-eb3e-4dc5-868f-b4c829ba08fa - - - - -] database.db_retry_interval = 1 log_opt_values /usr/lib/python3/dist-packages/oslo_config/cfg.py:2609
2026-01-08 00:40:06.023 162937 DEBUG oslo_service.service [req-7db59250-eb3e-4dc5-868f-b4c829ba08fa - - - - -] database.max_overflow = 50 log_opt_values /usr/lib/python3/dist-packages/oslo_config/cfg.py:2609
2026-01-08 00:40:06.023 162937 DEBUG oslo_service.service [req-7db59250-eb3e-4dc5-868f-b4c829ba08fa - - - - -] database.max_pool_size = 4 log_opt_values /usr/lib/python3/dist-packages/oslo_config/cfg.py:2609
2026-01-08 00:40:06.023 162937 DEBUG oslo_service.service [req-7db59250-eb3e-4dc5-868f-b4c829ba08fa - - - - -] database.max_retries = 10 log_opt_values /usr/lib/python3/dist-packages/oslo_config/cfg.py:2609
2026-01-08 00:40:06.023 162937 DEBUG oslo_service.service [req-7db59250-eb3e-4dc5-868f-b4c829ba08fa - - - - -] database.mysql_enable_ndb = False log_opt_values /usr/lib/python3/dist-packages/oslo_config/cfg.py:2609
2026-01-08 00:40:06.023 162937 DEBUG oslo_service.service [req-7db59250-eb3e-4dc5-868f-b4c829ba08fa - - - - -] database.mysql_sql_mode = TRADITIONAL log_opt_values /usr/lib/python3/dist-packages/oslo_config/cfg.py:2609
2026-01-08 00:40:06.024 162937 DEBUG oslo_service.service [req-7db59250-eb3e-4dc5-868f-b4c829ba08fa - - - - -] database.pool_timeout = None log_opt_values /usr/lib/python3/dist-packages/oslo_config/cfg.py:2609
2026-01-08 00:40:06.024 162937 DEBUG oslo_service.service [req-7db59250-eb3e-4dc5-868f-b4c829ba08fa - - - - -] database.retry_interval = 10 log_opt_values /usr/lib/python3/dist-packages/oslo_config/cfg.py:2609
2026-01-08 00:40:06.025 162937 DEBUG oslo_service.service [req-7db59250-eb3e-4dc5-868f-b4c829ba08fa - - - - -] database.slave_connection = **** log_opt_values /usr/lib/python3/dist-packages/oslo_config/cfg.py:2609
2026-01-08 00:40:06.025 162937 DEBUG oslo_service.service [req-7db59250-eb3e-4dc5-868f-b4c829ba08fa - - - - -] database.sqlite_synchronous = True log_opt_values /usr/lib/python3/dist-packages/oslo_config/cfg.py:2609
2026-01-08 00:40:06.025 162937 DEBUG oslo_service.service [req-7db59250-eb3e-4dc5-868f-b4c829ba08fa - - - - -] database.use_db_reconnect = False log_opt_values /usr/lib/python3/dist-packages/oslo_config/cfg.py:2609
2026-01-08 00:40:06.025 162937 DEBUG oslo_service.service [req-7db59250-eb3e-4dc5-868f-b4c829ba08fa - - - - -] api_database.backend = sqlalchemy log_opt_values /usr/lib/python3/dist-packages/oslo_config/cfg.py:2609
2026-01-08 00:40:06.026 162937 DEBUG oslo_service.service [req-7db59250-eb3e-4dc5-868f-b4c829ba08fa - - - - -] api_database.connection = **** log_opt_values /usr/lib/python3/dist-packages/oslo_config/cfg.py:2609
2026-01-08 00:40:06.026 162937 DEBUG oslo_service.service [req-7db59250-eb3e-4dc5-868f-b4c829ba08fa - - - - -] api_database.connection_debug = 0 log_opt_values /usr/lib/python3/dist-packages/oslo_config/cfg.py:2609
2026-01-08 00:40:06.026 162937 DEBUG oslo_service.service [req-7db59250-eb3e-4dc5-868f-b4c829ba08fa - - - - -] api_database.connection_parameters = log_opt_values /usr/lib/python3/dist-packages/oslo_config/cfg.py:2609
2026-01-08 00:40:06.026 162937 DEBUG oslo_service.service [req-7db59250-eb3e-4dc5-868f-b4c829ba08fa - - - - -] api_database.connection_recycle_time = 3600 log_opt_values /usr/lib/python3/dist-packages/oslo_config/cfg.py:2609
2026-01-08 00:40:06.027 162937 DEBUG oslo_service.service [req-7db59250-eb3e-4dc5-868f-b4c829ba08fa - - - - -] api_database.connection_trace = False log_opt_values /usr/lib/python3/dist-packages/oslo_config/cfg.py:2609
2026-01-08 00:40:06.027 162937 DEBUG oslo_service.service [req-7db59250-eb3e-4dc5-868f-b4c829ba08fa - - - - -] api_database.db_inc_retry_interval = True log_opt_values /usr/lib/python3/dist-packages/oslo_config/cfg.py:2609
2026-01-08 00:40:06.027 162937 DEBUG oslo_service.service [req-7db59250-eb3e-4dc5-868f-b4c829ba08fa - - - - -] api_database.db_max_retries = 20 log_opt_values /usr/lib/python3/dist-packages/oslo_config/cfg.py:2609
2026-01-08 00:40:06.027 162937 DEBUG oslo_service.service [req-7db59250-eb3e-4dc5-868f-b4c829ba08fa - - - - -] api_database.db_max_retry_interval = 10 log_opt_values /usr/lib/python3/dist-packages/oslo_config/cfg.py:2609
2026-01-08 00:40:06.028 162937 DEBUG oslo_service.service [req-7db59250-eb3e-4dc5-868f-b4c829ba08fa - - - - -] api_database.db_retry_interval = 1 log_opt_values /usr/lib/python3/dist-packages/oslo_config/cfg.py:2609
2026-01-08 00:40:06.029 162937 DEBUG oslo_service.service [req-7db59250-eb3e-4dc5-868f-b4c829ba08fa - - - - -] api_database.max_overflow = 50 log_opt_values /usr/lib/python3/dist-packages/oslo_config/cfg.py:2609
2026-01-08 00:40:06.029 162937 DEBUG oslo_service.service [req-7db59250-eb3e-4dc5-868f-b4c829ba08fa - - - - -] api_database.max_pool_size = 4 log_opt_values /usr/lib/python3/dist-packages/oslo_config/cfg.py:2609
2026-01-08 00:40:06.029 162937 DEBUG oslo_service.service [req-7db59250-eb3e-4dc5-868f-b4c829ba08fa - - - - -] api_database.max_retries = 10 log_opt_values /usr/lib/python3/dist-packages/oslo_config/cfg.py:2609
2026-01-08 00:40:06.029 162937 DEBUG oslo_service.service [req-7db59250-eb3e-4dc5-868f-b4c829ba08fa - - - - -] api_database.mysql_enable_ndb = False log_opt_values /usr/lib/python3/dist-packages/oslo_config/cfg.py:2609
2026-01-08 00:40:06.030 162937 DEBUG oslo_service.service [req-7db59250-eb3e-4dc5-868f-b4c829ba08fa - - - - -] api_database.mysql_sql_mode = TRADITIONAL log_opt_values /usr/lib/python3/dist-packages/oslo_config/cfg.py:2609
2026-01-08 00:40:06.030 162937 DEBUG oslo_service.service [req-7db59250-eb3e-4dc5-868f-b4c829ba08fa - - - - -] api_database.pool_timeout = None log_opt_values /usr/lib/python3/dist-packages/oslo_config/cfg.py:2609
2026-01-08 00:40:06.030 162937 DEBUG oslo_service.service [req-7db59250-eb3e-4dc5-868f-b4c829ba08fa - - - - -] api_database.retry_interval = 10 log_opt_values /usr/lib/python3/dist-packages/oslo_config/cfg.py:2609
2026-01-08 00:40:06.030 162937 DEBUG oslo_service.service [req-7db59250-eb3e-4dc5-868f-b4c829ba08fa - - - - -] api_database.slave_connection = **** log_opt_values /usr/lib/python3/dist-packages/oslo_config/cfg.py:2609
2026-01-08 00:40:06.031 162937 DEBUG oslo_service.service [req-7db59250-eb3e-4dc5-868f-b4c829ba08fa - - - - -] api_database.sqlite_synchronous = True log_opt_values /usr/lib/python3/dist-packages/oslo_config/cfg.py:2609
2026-01-08 00:40:06.031 162937 DEBUG oslo_service.service [req-7db59250-eb3e-4dc5-868f-b4c829ba08fa - - - - -] devices.enabled_mdev_types = [] log_opt_values /usr/lib/python3/dist-packages/oslo_config/cfg.py:2609
2026-01-08 00:40:06.031 162937 DEBUG oslo_service.service [req-7db59250-eb3e-4dc5-868f-b4c829ba08fa - - - - -] ephemeral_storage_encryption.cipher = aes-xts-plain64 log_opt_values /usr/lib/python3/dist-packages/oslo_config/cfg.py:2609
2026-01-08 00:40:06.032 162937 DEBUG oslo_service.service [req-7db59250-eb3e-4dc5-868f-b4c829ba08fa - - - - -] ephemeral_storage_encryption.enabled = False log_opt_values /usr/lib/python3/dist-packages/oslo_config/cfg.py:2609
2026-01-08 00:40:06.032 162937 DEBUG oslo_service.service [req-7db59250-eb3e-4dc5-868f-b4c829ba08fa - - - - -] ephemeral_storage_encryption.key_size = 512 log_opt_values /usr/lib/python3/dist-packages/oslo_config/cfg.py:2609
2026-01-08 00:40:06.033 162937 WARNING oslo_config.cfg [req-7db59250-eb3e-4dc5-868f-b4c829ba08fa - - - - -] Deprecated: Option "api_servers" from group "glance" is deprecated for removal ( Support for image service configuration via standard keystoneauth1 Adapter options was added in the 17.0.0 Queens release. The api_servers option was retained temporarily to allow consumers time to cut over to a real load balancing solution. ). Its value may be silently ignored in the future.
2026-01-08 00:40:06.033 162937 DEBUG oslo_service.service [req-7db59250-eb3e-4dc5-868f-b4c829ba08fa - - - - -] glance.api_servers = ['http://252.129.170.34:9292'] log_opt_values /usr/lib/python3/dist-packages/oslo_config/cfg.py:2609
2026-01-08 00:40:06.033 162937 DEBUG oslo_service.service [req-7db59250-eb3e-4dc5-868f-b4c829ba08fa - - - - -] glance.cafile = None log_opt_values /usr/lib/python3/dist-packages/oslo_config/cfg.py:2609
2026-01-08 00:40:06.033 162937 DEBUG oslo_service.service [req-7db59250-eb3e-4dc5-868f-b4c829ba08fa - - - - -] glance.certfile = None log_opt_values /usr/lib/python3/dist-packages/oslo_config/cfg.py:2609
2026-01-08 00:40:06.034 162937 DEBUG oslo_service.service [req-7db59250-eb3e-4dc5-868f-b4c829ba08fa - - - - -] glance.collect_timing = False log_opt_values /usr/lib/python3/dist-packages/oslo_config/cfg.py:2609
2026-01-08 00:40:06.034 162937 DEBUG oslo_service.service [req-7db59250-eb3e-4dc5-868f-b4c829ba08fa - - - - -] glance.connect_retries = None log_opt_values /usr/lib/python3/dist-packages/oslo_config/cfg.py:2609
2026-01-08 00:40:06.034 162937 DEBUG oslo_service.service [req-7db59250-eb3e-4dc5-868f-b4c829ba08fa - - - - -] glance.connect_retry_delay = None log_opt_values /usr/lib/python3/dist-packages/oslo_config/cfg.py:2609
2026-01-08 00:40:06.034 162937 DEBUG oslo_service.service [req-7db59250-eb3e-4dc5-868f-b4c829ba08fa - - - - -] glance.debug = False log_opt_values /usr/lib/python3/dist-packages/oslo_config/cfg.py:2609
2026-01-08 00:40:06.034 162937 DEBUG oslo_service.service [req-7db59250-eb3e-4dc5-868f-b4c829ba08fa - - - - -] glance.default_trusted_certificate_ids = [] log_opt_values /usr/lib/python3/dist-packages/oslo_config/cfg.py:2609
2026-01-08 00:40:06.035 162937 DEBUG oslo_service.service [req-7db59250-eb3e-4dc5-868f-b4c829ba08fa - - - - -] glance.enable_certificate_validation = False log_opt_values /usr/lib/python3/dist-packages/oslo_config/cfg.py:2609
2026-01-08 00:40:06.035 162937 DEBUG oslo_service.service [req-7db59250-eb3e-4dc5-868f-b4c829ba08fa - - - - -] glance.enable_rbd_download = False log_opt_values /usr/lib/python3/dist-packages/oslo_config/cfg.py:2609
2026-01-08 00:40:06.035 162937 DEBUG oslo_service.service [req-7db59250-eb3e-4dc5-868f-b4c829ba08fa - - - - -] glance.endpoint_override = None log_opt_values /usr/lib/python3/dist-packages/oslo_config/cfg.py:2609
2026-01-08 00:40:06.035 162937 DEBUG oslo_service.service [req-7db59250-eb3e-4dc5-868f-b4c829ba08fa - - - - -] glance.insecure = False log_opt_values /usr/lib/python3/dist-packages/oslo_config/cfg.py:2609
2026-01-08 00:40:06.035 162937 DEBUG oslo_service.service [req-7db59250-eb3e-4dc5-868f-b4c829ba08fa - - - - -] glance.keyfile = None log_opt_values /usr/lib/python3/dist-packages/oslo_config/cfg.py:2609
2026-01-08 00:40:06.036 162937 DEBUG oslo_service.service [req-7db59250-eb3e-4dc5-868f-b4c829ba08fa - - - - -] glance.max_version = None log_opt_values /usr/lib/python3/dist-packages/oslo_config/cfg.py:2609
2026-01-08 00:40:06.036 162937 DEBUG oslo_service.service [req-7db59250-eb3e-4dc5-868f-b4c829ba08fa - - - - -] glance.min_version = None log_opt_values /usr/lib/python3/dist-packages/oslo_config/cfg.py:2609
2026-01-08 00:40:06.036 162937 DEBUG oslo_service.service [req-7db59250-eb3e-4dc5-868f-b4c829ba08fa - - - - -] glance.num_retries = 3 log_opt_values /usr/lib/python3/dist-packages/oslo_config/cfg.py:2609
2026-01-08 00:40:06.036 162937 DEBUG oslo_service.service [req-7db59250-eb3e-4dc5-868f-b4c829ba08fa - - - - -] glance.rbd_ceph_conf = log_opt_values /usr/lib/python3/dist-packages/oslo_config/cfg.py:2609
2026-01-08 00:40:06.036 162937 DEBUG oslo_service.service [req-7db59250-eb3e-4dc5-868f-b4c829ba08fa - - - - -] glance.rbd_connect_timeout = 5 log_opt_values /usr/lib/python3/dist-packages/oslo_config/cfg.py:2609
2026-01-08 00:40:06.037 162937 DEBUG oslo_service.service [req-7db59250-eb3e-4dc5-868f-b4c829ba08fa - - - - -] glance.rbd_pool = log_opt_values /usr/lib/python3/dist-packages/oslo_config/cfg.py:2609
2026-01-08 00:40:06.037 162937 DEBUG oslo_service.service [req-7db59250-eb3e-4dc5-868f-b4c829ba08fa - - - - -] glance.rbd_user = log_opt_values /usr/lib/python3/dist-packages/oslo_config/cfg.py:2609
2026-01-08 00:40:06.037 162937 DEBUG oslo_service.service [req-7db59250-eb3e-4dc5-868f-b4c829ba08fa - - - - -] glance.region_name = None log_opt_values /usr/lib/python3/dist-packages/oslo_config/cfg.py:2609
2026-01-08 00:40:06.037 162937 DEBUG oslo_service.service [req-7db59250-eb3e-4dc5-868f-b4c829ba08fa - - - - -] glance.service_name = None log_opt_values /usr/lib/python3/dist-packages/oslo_config/cfg.py:2609
2026-01-08 00:40:06.037 162937 DEBUG oslo_service.service [req-7db59250-eb3e-4dc5-868f-b4c829ba08fa - - - - -] glance.service_type = image log_opt_values /usr/lib/python3/dist-packages/oslo_config/cfg.py:2609
2026-01-08 00:40:06.038 162937 DEBUG oslo_service.service [req-7db59250-eb3e-4dc5-868f-b4c829ba08fa - - - - -] glance.split_loggers = False log_opt_values /usr/lib/python3/dist-packages/oslo_config/cfg.py:2609
2026-01-08 00:40:06.039 162937 DEBUG oslo_service.service [req-7db59250-eb3e-4dc5-868f-b4c829ba08fa - - - - -] glance.status_code_retries = None log_opt_values /usr/lib/python3/dist-packages/oslo_config/cfg.py:2609
2026-01-08 00:40:06.039 162937 DEBUG oslo_service.service [req-7db59250-eb3e-4dc5-868f-b4c829ba08fa - - - - -] glance.status_code_retry_delay = None log_opt_values /usr/lib/python3/dist-packages/oslo_config/cfg.py:2609
2026-01-08 00:40:06.039 162937 DEBUG oslo_service.service [req-7db59250-eb3e-4dc5-868f-b4c829ba08fa - - - - -] glance.timeout = None log_opt_values /usr/lib/python3/dist-packages/oslo_config/cfg.py:2609
2026-01-08 00:40:06.040 162937 DEBUG oslo_service.service [req-7db59250-eb3e-4dc5-868f-b4c829ba08fa - - - - -] glance.valid_interfaces = ['internal', 'public'] log_opt_values /usr/lib/python3/dist-packages/oslo_config/cfg.py:2609
2026-01-08 00:40:06.040 162937 DEBUG oslo_service.service [req-7db59250-eb3e-4dc5-868f-b4c829ba08fa - - - - -] glance.verify_glance_signatures = False log_opt_values /usr/lib/python3/dist-packages/oslo_config/cfg.py:2609
2026-01-08 00:40:06.040 162937 DEBUG oslo_service.service [req-7db59250-eb3e-4dc5-868f-b4c829ba08fa - - - - -] glance.version = None log_opt_values /usr/lib/python3/dist-packages/oslo_config/cfg.py:2609
2026-01-08 00:40:06.040 162937 DEBUG oslo_service.service [req-7db59250-eb3e-4dc5-868f-b4c829ba08fa - - - - -] guestfs.debug = False log_opt_values /usr/lib/python3/dist-packages/oslo_config/cfg.py:2609
2026-01-08 00:40:06.041 162937 DEBUG oslo_service.service [req-7db59250-eb3e-4dc5-868f-b4c829ba08fa - - - - -] hyperv.config_drive_cdrom = False log_opt_values /usr/lib/python3/dist-packages/oslo_config/cfg.py:2609
2026-01-08 00:40:06.041 162937 DEBUG oslo_service.service [req-7db59250-eb3e-4dc5-868f-b4c829ba08fa - - - - -] hyperv.config_drive_inject_password = False log_opt_values /usr/lib/python3/dist-packages/oslo_config/cfg.py:2609
2026-01-08 00:40:06.041 162937 DEBUG oslo_service.service [req-7db59250-eb3e-4dc5-868f-b4c829ba08fa - - - - -] hyperv.dynamic_memory_ratio = 1.0 log_opt_values /usr/lib/python3/dist-packages/oslo_config/cfg.py:2609
2026-01-08 00:40:06.041 162937 DEBUG oslo_service.service [req-7db59250-eb3e-4dc5-868f-b4c829ba08fa - - - - -] hyperv.enable_instance_metrics_collection = False log_opt_values /usr/lib/python3/dist-packages/oslo_config/cfg.py:2609
2026-01-08 00:40:06.042 162937 DEBUG oslo_service.service [req-7db59250-eb3e-4dc5-868f-b4c829ba08fa - - - - -] hyperv.enable_remotefx = False log_opt_values /usr/lib/python3/dist-packages/oslo_config/cfg.py:2609
2026-01-08 00:40:06.042 162937 DEBUG oslo_service.service [req-7db59250-eb3e-4dc5-868f-b4c829ba08fa - - - - -] hyperv.instances_path_share = log_opt_values /usr/lib/python3/dist-packages/oslo_config/cfg.py:2609
2026-01-08 00:40:06.043 162937 DEBUG oslo_service.service [req-7db59250-eb3e-4dc5-868f-b4c829ba08fa - - - - -] hyperv.iscsi_initiator_list = [] log_opt_values /usr/lib/python3/dist-packages/oslo_config/cfg.py:2609
2026-01-08 00:40:06.043 162937 DEBUG oslo_service.service [req-7db59250-eb3e-4dc5-868f-b4c829ba08fa - - - - -] hyperv.limit_cpu_features = False log_opt_values /usr/lib/python3/dist-packages/oslo_config/cfg.py:2609
2026-01-08 00:40:06.043 162937 DEBUG oslo_service.service [req-7db59250-eb3e-4dc5-868f-b4c829ba08fa - - - - -] hyperv.mounted_disk_query_retry_count = 10 log_opt_values /usr/lib/python3/dist-packages/oslo_config/cfg.py:2609
2026-01-08 00:40:06.043 162937 DEBUG oslo_service.service [req-7db59250-eb3e-4dc5-868f-b4c829ba08fa - - - - -] hyperv.mounted_disk_query_retry_interval = 5 log_opt_values /usr/lib/python3/dist-packages/oslo_config/cfg.py:2609
2026-01-08 00:40:06.043 163530 DEBUG oslo_messaging._drivers.amqpdriver [-] Listener is running poll /usr/lib/python3/dist-packages/oslo_messaging/_drivers/amqpdriver.py:343
2026-01-08 00:40:06.043 162937 DEBUG oslo_service.service [req-7db59250-eb3e-4dc5-868f-b4c829ba08fa - - - - -] hyperv.power_state_check_timeframe = 60 log_opt_values /usr/lib/python3/dist-packages/oslo_config/cfg.py:2609
2026-01-08 00:40:06.043 163530 DEBUG oslo_messaging._drivers.amqpdriver [-] AMQPListener connection consume poll /usr/lib/python3/dist-packages/oslo_messaging/_drivers/amqpdriver.py:357
2026-01-08 00:40:06.044 162937 DEBUG oslo_service.service [req-7db59250-eb3e-4dc5-868f-b4c829ba08fa - - - - -] hyperv.power_state_event_polling_interval = 2 log_opt_values /usr/lib/python3/dist-packages/oslo_config/cfg.py:2609
2026-01-08 00:40:06.044 162937 DEBUG oslo_service.service [req-7db59250-eb3e-4dc5-868f-b4c829ba08fa - - - - -] hyperv.qemu_img_cmd = qemu-img.exe log_opt_values /usr/lib/python3/dist-packages/oslo_config/cfg.py:2609
2026-01-08 00:40:06.044 162937 DEBUG oslo_service.service [req-7db59250-eb3e-4dc5-868f-b4c829ba08fa - - - - -] hyperv.use_multipath_io = False log_opt_values /usr/lib/python3/dist-packages/oslo_config/cfg.py:2609
2026-01-08 00:40:06.045 162937 DEBUG oslo_service.service [req-7db59250-eb3e-4dc5-868f-b4c829ba08fa - - - - -] hyperv.volume_attach_retry_count = 10 log_opt_values /usr/lib/python3/dist-packages/oslo_config/cfg.py:2609
2026-01-08 00:40:06.045 163530 DEBUG nova.service [req-08a4363b-81d6-43c3-97fc-65887f25243d - - - - -] Join ServiceGroup membership for this service scheduler start /usr/lib/python3/dist-packages/nova/service.py:199
2026-01-08 00:40:06.045 162937 DEBUG oslo_service.service [req-7db59250-eb3e-4dc5-868f-b4c829ba08fa - - - - -] hyperv.volume_attach_retry_interval = 5 log_opt_values /usr/lib/python3/dist-packages/oslo_config/cfg.py:2609
2026-01-08 00:40:06.045 163530 DEBUG nova.servicegroup.drivers.db [req-08a4363b-81d6-43c3-97fc-65887f25243d - - - - -] DB_Driver: join new ServiceGroup member juju-5b0e15-0-lxd-7 to the scheduler group, service = join /usr/lib/python3/dist-packages/nova/servicegroup/drivers/db.py:44
2026-01-08 00:40:06.046 162937 DEBUG oslo_service.service [req-7db59250-eb3e-4dc5-868f-b4c829ba08fa - - - - -] hyperv.vswitch_name = None log_opt_values /usr/lib/python3/dist-packages/oslo_config/cfg.py:2609
2026-01-08 00:40:06.046 162937 DEBUG oslo_service.service [req-7db59250-eb3e-4dc5-868f-b4c829ba08fa - - - - -] hyperv.wait_soft_reboot_seconds = 60 log_opt_values /usr/lib/python3/dist-packages/oslo_config/cfg.py:2609
2026-01-08 00:40:06.046 162937 DEBUG oslo_service.service [req-7db59250-eb3e-4dc5-868f-b4c829ba08fa - - - - -] mks.enabled = False log_opt_values /usr/lib/python3/dist-packages/oslo_config/cfg.py:2609
2026-01-08 00:40:06.046 163530 DEBUG oslo_messaging._drivers.amqpdriver [-] AMQPListener connection timeout poll /usr/lib/python3/dist-packages/oslo_messaging/_drivers/amqpdriver.py:360
2026-01-08 00:40:06.046 163530 DEBUG oslo_messaging._drivers.amqpdriver [-] Listener is running poll /usr/lib/python3/dist-packages/oslo_messaging/_drivers/amqpdriver.py:343
2026-01-08 00:40:06.046 163530 DEBUG oslo_messaging._drivers.amqpdriver [-] AMQPListener connection consume poll /usr/lib/python3/dist-packages/oslo_messaging/_drivers/amqpdriver.py:357
2026-01-08 00:40:06.047 162937 DEBUG oslo_service.service [req-7db59250-eb3e-4dc5-868f-b4c829ba08fa - - - - -] mks.mksproxy_base_url = http://127.0.0.1:6090/ log_opt_values /usr/lib/python3/dist-packages/oslo_config/cfg.py:2609
2026-01-08 00:40:06.047 162937 DEBUG oslo_service.service [req-7db59250-eb3e-4dc5-868f-b4c829ba08fa - - - - -] image_cache.manager_interval = 2400 log_opt_values /usr/lib/python3/dist-packages/oslo_config/cfg.py:2609
2026-01-08 00:40:06.047 162937 DEBUG oslo_service.service [req-7db59250-eb3e-4dc5-868f-b4c829ba08fa - - - - -] image_cache.precache_concurrency = 1 log_opt_values /usr/lib/python3/dist-packages/oslo_config/cfg.py:2609
2026-01-08 00:40:06.047 162937 DEBUG oslo_service.service [req-7db59250-eb3e-4dc5-868f-b4c829ba08fa - - - - -] image_cache.remove_unused_base_images = True log_opt_values /usr/lib/python3/dist-packages/oslo_config/cfg.py:2609
2026-01-08 00:40:06.048 162937 DEBUG oslo_service.service [req-7db59250-eb3e-4dc5-868f-b4c829ba08fa - - - - -] image_cache.remove_unused_original_minimum_age_seconds = 86400 log_opt_values /usr/lib/python3/dist-packages/oslo_config/cfg.py:2609
2026-01-08 00:40:06.048 162937 DEBUG oslo_service.service [req-7db59250-eb3e-4dc5-868f-b4c829ba08fa - - - - -] image_cache.remove_unused_resized_minimum_age_seconds = 3600 log_opt_values /usr/lib/python3/dist-packages/oslo_config/cfg.py:2609
2026-01-08 00:40:06.048 162937 DEBUG oslo_service.service [req-7db59250-eb3e-4dc5-868f-b4c829ba08fa - - - - -] image_cache.subdirectory_name = _base log_opt_values /usr/lib/python3/dist-packages/oslo_config/cfg.py:2609
2026-01-08 00:40:06.048 162937 DEBUG oslo_service.service [req-7db59250-eb3e-4dc5-868f-b4c829ba08fa - - - - -] ironic.api_max_retries = 60 log_opt_values /usr/lib/python3/dist-packages/oslo_config/cfg.py:2609
2026-01-08 00:40:06.048 162937 DEBUG oslo_service.service [req-7db59250-eb3e-4dc5-868f-b4c829ba08fa - - - - -] ironic.api_retry_interval = 2 log_opt_values /usr/lib/python3/dist-packages/oslo_config/cfg.py:2609
2026-01-08 00:40:06.049 162937 DEBUG oslo_service.service [req-7db59250-eb3e-4dc5-868f-b4c829ba08fa - - - - -] ironic.auth_section = None log_opt_values /usr/lib/python3/dist-packages/oslo_config/cfg.py:2609
2026-01-08 00:40:06.049 162937 DEBUG oslo_service.service [req-7db59250-eb3e-4dc5-868f-b4c829ba08fa - - - - -] ironic.auth_type = None log_opt_values /usr/lib/python3/dist-packages/oslo_config/cfg.py:2609
2026-01-08 00:40:06.049 162937 DEBUG oslo_service.service [req-7db59250-eb3e-4dc5-868f-b4c829ba08fa - - - - -] ironic.cafile = None log_opt_values /usr/lib/python3/dist-packages/oslo_config/cfg.py:2609
2026-01-08 00:40:06.049 162937 DEBUG oslo_service.service [req-7db59250-eb3e-4dc5-868f-b4c829ba08fa - - - - -] ironic.certfile = None log_opt_values /usr/lib/python3/dist-packages/oslo_config/cfg.py:2609
2026-01-08 00:40:06.050 162937 DEBUG oslo_service.service [req-7db59250-eb3e-4dc5-868f-b4c829ba08fa - - - - -] ironic.collect_timing = False log_opt_values /usr/lib/python3/dist-packages/oslo_config/cfg.py:2609
2026-01-08 00:40:06.051 162937 DEBUG oslo_service.service [req-7db59250-eb3e-4dc5-868f-b4c829ba08fa - - - - -] ironic.connect_retries = None log_opt_values /usr/lib/python3/dist-packages/oslo_config/cfg.py:2609
2026-01-08 00:40:06.051 162937 DEBUG oslo_service.service [req-7db59250-eb3e-4dc5-868f-b4c829ba08fa - - - - -] ironic.connect_retry_delay = None log_opt_values /usr/lib/python3/dist-packages/oslo_config/cfg.py:2609
2026-01-08 00:40:06.051 162937 DEBUG oslo_service.service [req-7db59250-eb3e-4dc5-868f-b4c829ba08fa - - - - -] ironic.endpoint_override = None log_opt_values /usr/lib/python3/dist-packages/oslo_config/cfg.py:2609
2026-01-08 00:40:06.051 162937 DEBUG oslo_service.service [req-7db59250-eb3e-4dc5-868f-b4c829ba08fa - - - - -] ironic.insecure = False log_opt_values /usr/lib/python3/dist-packages/oslo_config/cfg.py:2609
2026-01-08 00:40:06.052 162937 DEBUG oslo_service.service [req-7db59250-eb3e-4dc5-868f-b4c829ba08fa - - - - -] ironic.keyfile = None log_opt_values /usr/lib/python3/dist-packages/oslo_config/cfg.py:2609
2026-01-08 00:40:06.052 162937 DEBUG oslo_service.service [req-7db59250-eb3e-4dc5-868f-b4c829ba08fa - - - - -] ironic.max_version = None log_opt_values /usr/lib/python3/dist-packages/oslo_config/cfg.py:2609
2026-01-08 00:40:06.052 162937 DEBUG oslo_service.service [req-7db59250-eb3e-4dc5-868f-b4c829ba08fa - - - - -] ironic.min_version = None log_opt_values /usr/lib/python3/dist-packages/oslo_config/cfg.py:2609
2026-01-08 00:40:06.052 162937 DEBUG oslo_service.service [req-7db59250-eb3e-4dc5-868f-b4c829ba08fa - - - - -] ironic.partition_key = None log_opt_values /usr/lib/python3/dist-packages/oslo_config/cfg.py:2609
2026-01-08 00:40:06.052 162937 DEBUG oslo_service.service [req-7db59250-eb3e-4dc5-868f-b4c829ba08fa - - - - -] ironic.peer_list = [] log_opt_values /usr/lib/python3/dist-packages/oslo_config/cfg.py:2609
2026-01-08 00:40:06.053 162937 DEBUG oslo_service.service [req-7db59250-eb3e-4dc5-868f-b4c829ba08fa - - - - -] ironic.region_name = None log_opt_values /usr/lib/python3/dist-packages/oslo_config/cfg.py:2609
2026-01-08 00:40:06.053 162937 DEBUG oslo_service.service [req-7db59250-eb3e-4dc5-868f-b4c829ba08fa - - - - -] ironic.serial_console_state_timeout = 10 log_opt_values /usr/lib/python3/dist-packages/oslo_config/cfg.py:2609
2026-01-08 00:40:06.054 162937 DEBUG oslo_service.service [req-7db59250-eb3e-4dc5-868f-b4c829ba08fa - - - - -] ironic.service_name = None log_opt_values /usr/lib/python3/dist-packages/oslo_config/cfg.py:2609
2026-01-08 00:40:06.054 162937 DEBUG oslo_service.service [req-7db59250-eb3e-4dc5-868f-b4c829ba08fa - - - - -] ironic.service_type = baremetal log_opt_values /usr/lib/python3/dist-packages/oslo_config/cfg.py:2609
2026-01-08 00:40:06.054 162937 DEBUG oslo_service.service [req-7db59250-eb3e-4dc5-868f-b4c829ba08fa - - - - -] ironic.split_loggers = False log_opt_values /usr/lib/python3/dist-packages/oslo_config/cfg.py:2609
2026-01-08 00:40:06.055 162937 DEBUG oslo_service.service [req-7db59250-eb3e-4dc5-868f-b4c829ba08fa - - - - -] ironic.status_code_retries = None log_opt_values /usr/lib/python3/dist-packages/oslo_config/cfg.py:2609
2026-01-08 00:40:06.055 162937 DEBUG oslo_service.service [req-7db59250-eb3e-4dc5-868f-b4c829ba08fa - - - - -] ironic.status_code_retry_delay = None log_opt_values /usr/lib/python3/dist-packages/oslo_config/cfg.py:2609
2026-01-08 00:40:06.055 162937 DEBUG oslo_service.service [req-7db59250-eb3e-4dc5-868f-b4c829ba08fa - - - - -] ironic.timeout = None log_opt_values /usr/lib/python3/dist-packages/oslo_config/cfg.py:2609
2026-01-08 00:40:06.055 162937 DEBUG oslo_service.service [req-7db59250-eb3e-4dc5-868f-b4c829ba08fa - - - - -] ironic.valid_interfaces = ['internal', 'public'] log_opt_values /usr/lib/python3/dist-packages/oslo_config/cfg.py:2609
2026-01-08 00:40:06.055 162937 DEBUG oslo_service.service [req-7db59250-eb3e-4dc5-868f-b4c829ba08fa - - - - -] ironic.version = None log_opt_values /usr/lib/python3/dist-packages/oslo_config/cfg.py:2609
2026-01-08 00:40:06.056 162937 DEBUG oslo_service.service [req-7db59250-eb3e-4dc5-868f-b4c829ba08fa - - - - -] key_manager.backend = barbican log_opt_values /usr/lib/python3/dist-packages/oslo_config/cfg.py:2609
2026-01-08 00:40:06.057 162937 DEBUG oslo_service.service [req-7db59250-eb3e-4dc5-868f-b4c829ba08fa - - - - -] key_manager.fixed_key = **** log_opt_values /usr/lib/python3/dist-packages/oslo_config/cfg.py:2609
2026-01-08 00:40:06.057 162937 DEBUG oslo_service.service [req-7db59250-eb3e-4dc5-868f-b4c829ba08fa - - - - -] barbican.auth_endpoint = http://localhost/identity/v3 log_opt_values /usr/lib/python3/dist-packages/oslo_config/cfg.py:2609
2026-01-08 00:40:06.057 162937 DEBUG oslo_service.service [req-7db59250-eb3e-4dc5-868f-b4c829ba08fa - - - - -] barbican.barbican_api_version = None log_opt_values /usr/lib/python3/dist-packages/oslo_config/cfg.py:2609
2026-01-08 00:40:06.057 162937 DEBUG oslo_service.service [req-7db59250-eb3e-4dc5-868f-b4c829ba08fa - - - - -] barbican.barbican_endpoint = None log_opt_values /usr/lib/python3/dist-packages/oslo_config/cfg.py:2609
2026-01-08 00:40:06.058 162937 DEBUG oslo_service.service [req-7db59250-eb3e-4dc5-868f-b4c829ba08fa - - - - -] barbican.barbican_endpoint_type = public log_opt_values /usr/lib/python3/dist-packages/oslo_config/cfg.py:2609
2026-01-08 00:40:06.058 162937 DEBUG oslo_service.service [req-7db59250-eb3e-4dc5-868f-b4c829ba08fa - - - - -] barbican.barbican_region_name = None log_opt_values /usr/lib/python3/dist-packages/oslo_config/cfg.py:2609
2026-01-08 00:40:06.058 162937 DEBUG oslo_service.service [req-7db59250-eb3e-4dc5-868f-b4c829ba08fa - - - - -] barbican.cafile = None log_opt_values /usr/lib/python3/dist-packages/oslo_config/cfg.py:2609
2026-01-08 00:40:06.058 162937 DEBUG oslo_service.service [req-7db59250-eb3e-4dc5-868f-b4c829ba08fa - - - - -] barbican.certfile = None log_opt_values /usr/lib/python3/dist-packages/oslo_config/cfg.py:2609
2026-01-08 00:40:06.058 162937 DEBUG oslo_service.service [req-7db59250-eb3e-4dc5-868f-b4c829ba08fa - - - - -] barbican.collect_timing = False log_opt_values /usr/lib/python3/dist-packages/oslo_config/cfg.py:2609
2026-01-08 00:40:06.059 162937 DEBUG oslo_service.service [req-7db59250-eb3e-4dc5-868f-b4c829ba08fa - - - - -] barbican.insecure = False log_opt_values /usr/lib/python3/dist-packages/oslo_config/cfg.py:2609
2026-01-08 00:40:06.059 162937 DEBUG oslo_service.service [req-7db59250-eb3e-4dc5-868f-b4c829ba08fa - - - - -] barbican.keyfile = None log_opt_values /usr/lib/python3/dist-packages/oslo_config/cfg.py:2609
2026-01-08 00:40:06.059 162937 DEBUG oslo_service.service [req-7db59250-eb3e-4dc5-868f-b4c829ba08fa - - - - -] barbican.number_of_retries = 60 log_opt_values /usr/lib/python3/dist-packages/oslo_config/cfg.py:2609
2026-01-08 00:40:06.059 162937 DEBUG oslo_service.service [req-7db59250-eb3e-4dc5-868f-b4c829ba08fa - - - - -] barbican.retry_delay = 1 log_opt_values /usr/lib/python3/dist-packages/oslo_config/cfg.py:2609
2026-01-08 00:40:06.059 162937 DEBUG oslo_service.service [req-7db59250-eb3e-4dc5-868f-b4c829ba08fa - - - - -] barbican.send_service_user_token = False log_opt_values /usr/lib/python3/dist-packages/oslo_config/cfg.py:2609
2026-01-08 00:40:06.060 162937 DEBUG oslo_service.service [req-7db59250-eb3e-4dc5-868f-b4c829ba08fa - - - - -] barbican.split_loggers = False log_opt_values /usr/lib/python3/dist-packages/oslo_config/cfg.py:2609
2026-01-08 00:40:06.060 162937 DEBUG oslo_service.service [req-7db59250-eb3e-4dc5-868f-b4c829ba08fa - - - - -] barbican.timeout = None log_opt_values /usr/lib/python3/dist-packages/oslo_config/cfg.py:2609
2026-01-08 00:40:06.060 162937 DEBUG oslo_service.service [req-7db59250-eb3e-4dc5-868f-b4c829ba08fa - - - - -] barbican.verify_ssl = True log_opt_values /usr/lib/python3/dist-packages/oslo_config/cfg.py:2609
