2026-01-08 00:38:05.699 140655 DEBUG oslo_service.service [req-c935e73a-1de0-4a97-af99-3db7fcf1f0ed - - - - -] osapi_compute_listen_port = 8764 log_opt_values /usr/lib/python3/dist-packages/oslo_config/cfg.py:2602
2026-01-08 00:38:05.700 140655 DEBUG oslo_service.service [req-c935e73a-1de0-4a97-af99-3db7fcf1f0ed - - - - -] osapi_compute_unique_server_name_scope = log_opt_values /usr/lib/python3/dist-packages/oslo_config/cfg.py:2602
2026-01-08 00:38:05.701 140655 DEBUG oslo_service.service [req-c935e73a-1de0-4a97-af99-3db7fcf1f0ed - - - - -] osapi_compute_workers = 4 log_opt_values /usr/lib/python3/dist-packages/oslo_config/cfg.py:2602
2026-01-08 00:38:05.702 140655 DEBUG oslo_service.service [req-c935e73a-1de0-4a97-af99-3db7fcf1f0ed - - - - -] password_length = 12 log_opt_values /usr/lib/python3/dist-packages/oslo_config/cfg.py:2602
2026-01-08 00:38:05.701 141389 DEBUG nova.service [req-22857717-c007-4e36-9abc-7c0f47dde707 - - - - -] Creating RPC server for service scheduler start /usr/lib/python3/dist-packages/nova/service.py:182
2026-01-08 00:38:05.702 140655 DEBUG oslo_service.service [req-c935e73a-1de0-4a97-af99-3db7fcf1f0ed - - - - -] periodic_enable = True log_opt_values /usr/lib/python3/dist-packages/oslo_config/cfg.py:2602
2026-01-08 00:38:05.703 140655 DEBUG oslo_service.service [req-c935e73a-1de0-4a97-af99-3db7fcf1f0ed - - - - -] periodic_fuzzy_delay = 60 log_opt_values /usr/lib/python3/dist-packages/oslo_config/cfg.py:2602
2026-01-08 00:38:05.703 140655 DEBUG oslo_service.service [req-c935e73a-1de0-4a97-af99-3db7fcf1f0ed - - - - -] pointer_model = usbtablet log_opt_values /usr/lib/python3/dist-packages/oslo_config/cfg.py:2602
2026-01-08 00:38:05.703 140655 DEBUG oslo_service.service [req-c935e73a-1de0-4a97-af99-3db7fcf1f0ed - - - - -] preallocate_images = none log_opt_values /usr/lib/python3/dist-packages/oslo_config/cfg.py:2602
2026-01-08 00:38:05.703 140655 DEBUG oslo_service.service [req-c935e73a-1de0-4a97-af99-3db7fcf1f0ed - - - - -] publish_errors = False log_opt_values /usr/lib/python3/dist-packages/oslo_config/cfg.py:2602
2026-01-08 00:38:05.704 140655 DEBUG oslo_service.service [req-c935e73a-1de0-4a97-af99-3db7fcf1f0ed - - - - -] pybasedir = /usr/lib/python3/dist-packages log_opt_values /usr/lib/python3/dist-packages/oslo_config/cfg.py:2602
2026-01-08 00:38:05.704 140655 DEBUG oslo_service.service [req-c935e73a-1de0-4a97-af99-3db7fcf1f0ed - - - - -] ram_allocation_ratio = 0.98 log_opt_values /usr/lib/python3/dist-packages/oslo_config/cfg.py:2602
2026-01-08 00:38:05.704 140655 DEBUG oslo_service.service [req-c935e73a-1de0-4a97-af99-3db7fcf1f0ed - - - - -] rate_limit_burst = 0 log_opt_values /usr/lib/python3/dist-packages/oslo_config/cfg.py:2602
2026-01-08 00:38:05.704 140655 DEBUG oslo_service.service [req-c935e73a-1de0-4a97-af99-3db7fcf1f0ed - - - - -] rate_limit_except_level = CRITICAL log_opt_values /usr/lib/python3/dist-packages/oslo_config/cfg.py:2602
2026-01-08 00:38:05.706 140655 DEBUG oslo_service.service [req-c935e73a-1de0-4a97-af99-3db7fcf1f0ed - - - - -] rate_limit_interval = 0 log_opt_values /usr/lib/python3/dist-packages/oslo_config/cfg.py:2602
2026-01-08 00:38:05.706 140655 DEBUG oslo_service.service [req-c935e73a-1de0-4a97-af99-3db7fcf1f0ed - - - - -] reboot_timeout = 0 log_opt_values /usr/lib/python3/dist-packages/oslo_config/cfg.py:2602
2026-01-08 00:38:05.706 140655 DEBUG oslo_service.service [req-c935e73a-1de0-4a97-af99-3db7fcf1f0ed - - - - -] reclaim_instance_interval = 0 log_opt_values /usr/lib/python3/dist-packages/oslo_config/cfg.py:2602
2026-01-08 00:38:05.707 140655 DEBUG oslo_service.service [req-c935e73a-1de0-4a97-af99-3db7fcf1f0ed - - - - -] record = None log_opt_values /usr/lib/python3/dist-packages/oslo_config/cfg.py:2602
2026-01-08 00:38:05.707 140655 DEBUG oslo_service.service [req-c935e73a-1de0-4a97-af99-3db7fcf1f0ed - - - - -] report_interval = 10 log_opt_values /usr/lib/python3/dist-packages/oslo_config/cfg.py:2602
2026-01-08 00:38:05.707 140655 DEBUG oslo_service.service [req-c935e73a-1de0-4a97-af99-3db7fcf1f0ed - - - - -] rescue_timeout = 0 log_opt_values /usr/lib/python3/dist-packages/oslo_config/cfg.py:2602
2026-01-08 00:38:05.707 140655 DEBUG oslo_service.service [req-c935e73a-1de0-4a97-af99-3db7fcf1f0ed - - - - -] reserved_host_cpus = 0 log_opt_values /usr/lib/python3/dist-packages/oslo_config/cfg.py:2602
2026-01-08 00:38:05.707 140655 DEBUG oslo_service.service [req-c935e73a-1de0-4a97-af99-3db7fcf1f0ed - - - - -] reserved_host_disk_mb = 0 log_opt_values /usr/lib/python3/dist-packages/oslo_config/cfg.py:2602
2026-01-08 00:38:05.708 140655 DEBUG oslo_service.service [req-c935e73a-1de0-4a97-af99-3db7fcf1f0ed - - - - -] reserved_host_memory_mb = 512 log_opt_values /usr/lib/python3/dist-packages/oslo_config/cfg.py:2602
2026-01-08 00:38:05.708 140655 DEBUG oslo_service.service [req-c935e73a-1de0-4a97-af99-3db7fcf1f0ed - - - - -] reserved_huge_pages = None log_opt_values /usr/lib/python3/dist-packages/oslo_config/cfg.py:2602
2026-01-08 00:38:05.708 140655 DEBUG oslo_service.service [req-c935e73a-1de0-4a97-af99-3db7fcf1f0ed - - - - -] resize_confirm_window = 0 log_opt_values /usr/lib/python3/dist-packages/oslo_config/cfg.py:2602
2026-01-08 00:38:05.708 140655 DEBUG oslo_service.service [req-c935e73a-1de0-4a97-af99-3db7fcf1f0ed - - - - -] resize_fs_using_block_device = False log_opt_values /usr/lib/python3/dist-packages/oslo_config/cfg.py:2602
2026-01-08 00:38:05.708 140655 DEBUG oslo_service.service [req-c935e73a-1de0-4a97-af99-3db7fcf1f0ed - - - - -] resume_guests_state_on_host_boot = False log_opt_values /usr/lib/python3/dist-packages/oslo_config/cfg.py:2602
2026-01-08 00:38:05.709 140655 DEBUG oslo_service.service [req-c935e73a-1de0-4a97-af99-3db7fcf1f0ed - - - - -] rootwrap_config = /etc/nova/rootwrap.conf log_opt_values /usr/lib/python3/dist-packages/oslo_config/cfg.py:2602
2026-01-08 00:38:05.709 140655 DEBUG oslo_service.service [req-c935e73a-1de0-4a97-af99-3db7fcf1f0ed - - - - -] run_external_periodic_tasks = True log_opt_values /usr/lib/python3/dist-packages/oslo_config/cfg.py:2602
2026-01-08 00:38:05.709 140655 DEBUG oslo_service.service [req-c935e73a-1de0-4a97-af99-3db7fcf1f0ed - - - - -] running_deleted_instance_action = reap log_opt_values /usr/lib/python3/dist-packages/oslo_config/cfg.py:2602
2026-01-08 00:38:05.709 140655 DEBUG oslo_service.service [req-c935e73a-1de0-4a97-af99-3db7fcf1f0ed - - - - -] running_deleted_instance_poll_interval = 1800 log_opt_values /usr/lib/python3/dist-packages/oslo_config/cfg.py:2602
2026-01-08 00:38:05.710 140655 DEBUG oslo_service.service [req-c935e73a-1de0-4a97-af99-3db7fcf1f0ed - - - - -] running_deleted_instance_timeout = 0 log_opt_values /usr/lib/python3/dist-packages/oslo_config/cfg.py:2602
2026-01-08 00:38:05.710 140655 DEBUG oslo_service.service [req-c935e73a-1de0-4a97-af99-3db7fcf1f0ed - - - - -] scheduler_instance_sync_interval = 120 log_opt_values /usr/lib/python3/dist-packages/oslo_config/cfg.py:2602
2026-01-08 00:38:05.710 140655 DEBUG oslo_service.service [req-c935e73a-1de0-4a97-af99-3db7fcf1f0ed - - - - -] service_down_time = 60 log_opt_values /usr/lib/python3/dist-packages/oslo_config/cfg.py:2602
2026-01-08 00:38:05.710 140655 DEBUG oslo_service.service [req-c935e73a-1de0-4a97-af99-3db7fcf1f0ed - - - - -] servicegroup_driver = db log_opt_values /usr/lib/python3/dist-packages/oslo_config/cfg.py:2602
2026-01-08 00:38:05.710 140655 DEBUG oslo_service.service [req-c935e73a-1de0-4a97-af99-3db7fcf1f0ed - - - - -] shelved_offload_time = 0 log_opt_values /usr/lib/python3/dist-packages/oslo_config/cfg.py:2602
2026-01-08 00:38:05.711 140655 DEBUG oslo_service.service [req-c935e73a-1de0-4a97-af99-3db7fcf1f0ed - - - - -] shelved_poll_interval = 3600 log_opt_values /usr/lib/python3/dist-packages/oslo_config/cfg.py:2602
2026-01-08 00:38:05.712 140655 DEBUG oslo_service.service [req-c935e73a-1de0-4a97-af99-3db7fcf1f0ed - - - - -] shutdown_timeout = 60 log_opt_values /usr/lib/python3/dist-packages/oslo_config/cfg.py:2602
2026-01-08 00:38:05.712 140655 DEBUG oslo_service.service [req-c935e73a-1de0-4a97-af99-3db7fcf1f0ed - - - - -] source_is_ipv6 = False log_opt_values /usr/lib/python3/dist-packages/oslo_config/cfg.py:2602
2026-01-08 00:38:05.717 140655 DEBUG oslo_service.service [req-c935e73a-1de0-4a97-af99-3db7fcf1f0ed - - - - -] ssl_only = False log_opt_values /usr/lib/python3/dist-packages/oslo_config/cfg.py:2602
2026-01-08 00:38:05.717 141387 DEBUG nova.service [req-86393f6c-601f-4d60-9c89-1b9122e13da3 - - - - -] Creating RPC server for service scheduler start /usr/lib/python3/dist-packages/nova/service.py:182
2026-01-08 00:38:05.717 140655 DEBUG oslo_service.service [req-c935e73a-1de0-4a97-af99-3db7fcf1f0ed - - - - -] state_path = /var/lib/nova log_opt_values /usr/lib/python3/dist-packages/oslo_config/cfg.py:2602
2026-01-08 00:38:05.718 140655 DEBUG oslo_service.service [req-c935e73a-1de0-4a97-af99-3db7fcf1f0ed - - - - -] sync_power_state_interval = 600 log_opt_values /usr/lib/python3/dist-packages/oslo_config/cfg.py:2602
2026-01-08 00:38:05.718 140655 DEBUG oslo_service.service [req-c935e73a-1de0-4a97-af99-3db7fcf1f0ed - - - - -] sync_power_state_pool_size = 1000 log_opt_values /usr/lib/python3/dist-packages/oslo_config/cfg.py:2602
2026-01-08 00:38:05.718 140655 DEBUG oslo_service.service [req-c935e73a-1de0-4a97-af99-3db7fcf1f0ed - - - - -] syslog_log_facility = LOG_USER log_opt_values /usr/lib/python3/dist-packages/oslo_config/cfg.py:2602
2026-01-08 00:38:05.718 140655 DEBUG oslo_service.service [req-c935e73a-1de0-4a97-af99-3db7fcf1f0ed - - - - -] tempdir = None log_opt_values /usr/lib/python3/dist-packages/oslo_config/cfg.py:2602
2026-01-08 00:38:05.718 140655 DEBUG oslo_service.service [req-c935e73a-1de0-4a97-af99-3db7fcf1f0ed - - - - -] timeout_nbd = 10 log_opt_values /usr/lib/python3/dist-packages/oslo_config/cfg.py:2602
2026-01-08 00:38:05.719 140655 DEBUG oslo_service.service [req-c935e73a-1de0-4a97-af99-3db7fcf1f0ed - - - - -] transport_url = **** log_opt_values /usr/lib/python3/dist-packages/oslo_config/cfg.py:2602
2026-01-08 00:38:05.719 140655 DEBUG oslo_service.service [req-c935e73a-1de0-4a97-af99-3db7fcf1f0ed - - - - -] update_resources_interval = 0 log_opt_values /usr/lib/python3/dist-packages/oslo_config/cfg.py:2602
2026-01-08 00:38:05.719 140655 DEBUG oslo_service.service [req-c935e73a-1de0-4a97-af99-3db7fcf1f0ed - - - - -] use_cow_images = True log_opt_values /usr/lib/python3/dist-packages/oslo_config/cfg.py:2602
2026-01-08 00:38:05.719 140655 DEBUG oslo_service.service [req-c935e73a-1de0-4a97-af99-3db7fcf1f0ed - - - - -] use_eventlog = False log_opt_values /usr/lib/python3/dist-packages/oslo_config/cfg.py:2602
2026-01-08 00:38:05.719 140655 DEBUG oslo_service.service [req-c935e73a-1de0-4a97-af99-3db7fcf1f0ed - - - - -] use_journal = False log_opt_values /usr/lib/python3/dist-packages/oslo_config/cfg.py:2602
2026-01-08 00:38:05.723 141381 DEBUG nova.service [req-15bfadd2-8fae-4a42-87d5-1001456202cc - - - - -] Creating RPC server for service scheduler start /usr/lib/python3/dist-packages/nova/service.py:182
2026-01-08 00:38:05.720 140655 DEBUG oslo_service.service [req-c935e73a-1de0-4a97-af99-3db7fcf1f0ed - - - - -] use_json = False log_opt_values /usr/lib/python3/dist-packages/oslo_config/cfg.py:2602
2026-01-08 00:38:05.726 140655 DEBUG oslo_service.service [req-c935e73a-1de0-4a97-af99-3db7fcf1f0ed - - - - -] use_rootwrap_daemon = False log_opt_values /usr/lib/python3/dist-packages/oslo_config/cfg.py:2602
2026-01-08 00:38:05.726 140655 DEBUG oslo_service.service [req-c935e73a-1de0-4a97-af99-3db7fcf1f0ed - - - - -] use_stderr = False log_opt_values /usr/lib/python3/dist-packages/oslo_config/cfg.py:2602
2026-01-08 00:38:05.727 140655 DEBUG oslo_service.service [req-c935e73a-1de0-4a97-af99-3db7fcf1f0ed - - - - -] use_syslog = False log_opt_values /usr/lib/python3/dist-packages/oslo_config/cfg.py:2602
2026-01-08 00:38:05.727 140655 DEBUG oslo_service.service [req-c935e73a-1de0-4a97-af99-3db7fcf1f0ed - - - - -] vcpu_pin_set = None log_opt_values /usr/lib/python3/dist-packages/oslo_config/cfg.py:2602
2026-01-08 00:38:05.727 140655 DEBUG oslo_service.service [req-c935e73a-1de0-4a97-af99-3db7fcf1f0ed - - - - -] vif_plugging_is_fatal = True log_opt_values /usr/lib/python3/dist-packages/oslo_config/cfg.py:2602
2026-01-08 00:38:05.727 140655 DEBUG oslo_service.service [req-c935e73a-1de0-4a97-af99-3db7fcf1f0ed - - - - -] vif_plugging_timeout = 300 log_opt_values /usr/lib/python3/dist-packages/oslo_config/cfg.py:2602
2026-01-08 00:38:05.728 140655 DEBUG oslo_service.service [req-c935e73a-1de0-4a97-af99-3db7fcf1f0ed - - - - -] virt_mkfs = [] log_opt_values /usr/lib/python3/dist-packages/oslo_config/cfg.py:2602
2026-01-08 00:38:05.728 140655 DEBUG oslo_service.service [req-c935e73a-1de0-4a97-af99-3db7fcf1f0ed - - - - -] volume_usage_poll_interval = 0 log_opt_values /usr/lib/python3/dist-packages/oslo_config/cfg.py:2602
2026-01-08 00:38:05.728 140655 DEBUG oslo_service.service [req-c935e73a-1de0-4a97-af99-3db7fcf1f0ed - - - - -] watch_log_file = False log_opt_values /usr/lib/python3/dist-packages/oslo_config/cfg.py:2602
2026-01-08 00:38:05.728 140655 DEBUG oslo_service.service [req-c935e73a-1de0-4a97-af99-3db7fcf1f0ed - - - - -] web = /usr/share/spice-html5 log_opt_values /usr/lib/python3/dist-packages/oslo_config/cfg.py:2602
2026-01-08 00:38:05.728 140655 DEBUG oslo_service.service [req-c935e73a-1de0-4a97-af99-3db7fcf1f0ed - - - - -] oslo_concurrency.disable_process_locking = False log_opt_values /usr/lib/python3/dist-packages/oslo_config/cfg.py:2609
2026-01-08 00:38:05.729 140655 DEBUG oslo_service.service [req-c935e73a-1de0-4a97-af99-3db7fcf1f0ed - - - - -] oslo_concurrency.lock_path = /var/lock/nova log_opt_values /usr/lib/python3/dist-packages/oslo_config/cfg.py:2609
2026-01-08 00:38:05.729 140655 WARNING oslo_config.cfg [req-c935e73a-1de0-4a97-af99-3db7fcf1f0ed - - - - -] Deprecated: Option "auth_strategy" from group "api" is deprecated for removal ( The only non-default choice, ``noauth2``, is for internal development and testing purposes only and should not be used in deployments. This option and its middleware, NoAuthMiddleware[V2_18], will be removed in a future release. ). Its value may be silently ignored in the future.
2026-01-08 00:38:05.729 140655 DEBUG oslo_service.service [req-c935e73a-1de0-4a97-af99-3db7fcf1f0ed - - - - -] api.auth_strategy = keystone log_opt_values /usr/lib/python3/dist-packages/oslo_config/cfg.py:2609
2026-01-08 00:38:05.730 140655 DEBUG oslo_service.service [req-c935e73a-1de0-4a97-af99-3db7fcf1f0ed - - - - -] api.compute_link_prefix = None log_opt_values /usr/lib/python3/dist-packages/oslo_config/cfg.py:2609
2026-01-08 00:38:05.730 140655 DEBUG oslo_service.service [req-c935e73a-1de0-4a97-af99-3db7fcf1f0ed - - - - -] api.config_drive_skip_versions = 1.0 2007-01-19 2007-03-01 2007-08-29 2007-10-10 2007-12-15 2008-02-01 2008-09-01 log_opt_values /usr/lib/python3/dist-packages/oslo_config/cfg.py:2609
2026-01-08 00:38:05.730 140655 DEBUG oslo_service.service [req-c935e73a-1de0-4a97-af99-3db7fcf1f0ed - - - - -] api.dhcp_domain = novalocal log_opt_values /usr/lib/python3/dist-packages/oslo_config/cfg.py:2609
2026-01-08 00:38:05.730 140655 DEBUG oslo_service.service [req-c935e73a-1de0-4a97-af99-3db7fcf1f0ed - - - - -] api.enable_instance_password = True log_opt_values /usr/lib/python3/dist-packages/oslo_config/cfg.py:2609
2026-01-08 00:38:05.731 140655 DEBUG oslo_service.service [req-c935e73a-1de0-4a97-af99-3db7fcf1f0ed - - - - -] api.glance_link_prefix = None log_opt_values /usr/lib/python3/dist-packages/oslo_config/cfg.py:2609
2026-01-08 00:38:05.731 140655 DEBUG oslo_service.service [req-c935e73a-1de0-4a97-af99-3db7fcf1f0ed - - - - -] api.instance_list_cells_batch_fixed_size = 100 log_opt_values /usr/lib/python3/dist-packages/oslo_config/cfg.py:2609
2026-01-08 00:38:05.731 140655 DEBUG oslo_service.service [req-c935e73a-1de0-4a97-af99-3db7fcf1f0ed - - - - -] api.instance_list_cells_batch_strategy = distributed log_opt_values /usr/lib/python3/dist-packages/oslo_config/cfg.py:2609
2026-01-08 00:38:05.731 140655 DEBUG oslo_service.service [req-c935e73a-1de0-4a97-af99-3db7fcf1f0ed - - - - -] api.instance_list_per_project_cells = False log_opt_values /usr/lib/python3/dist-packages/oslo_config/cfg.py:2609
2026-01-08 00:38:05.732 140655 DEBUG oslo_service.service [req-c935e73a-1de0-4a97-af99-3db7fcf1f0ed - - - - -] api.list_records_by_skipping_down_cells = True log_opt_values /usr/lib/python3/dist-packages/oslo_config/cfg.py:2609
2026-01-08 00:38:05.732 140655 DEBUG oslo_service.service [req-c935e73a-1de0-4a97-af99-3db7fcf1f0ed - - - - -] api.local_metadata_per_cell = False log_opt_values /usr/lib/python3/dist-packages/oslo_config/cfg.py:2609
2026-01-08 00:38:05.734 140655 DEBUG oslo_service.service [req-c935e73a-1de0-4a97-af99-3db7fcf1f0ed - - - - -] api.max_limit = 1000 log_opt_values /usr/lib/python3/dist-packages/oslo_config/cfg.py:2609
2026-01-08 00:38:05.735 140655 DEBUG oslo_service.service [req-c935e73a-1de0-4a97-af99-3db7fcf1f0ed - - - - -] api.metadata_cache_expiration = 15 log_opt_values /usr/lib/python3/dist-packages/oslo_config/cfg.py:2609
2026-01-08 00:38:05.736 140655 DEBUG oslo_service.service [req-c935e73a-1de0-4a97-af99-3db7fcf1f0ed - - - - -] api.neutron_default_tenant_id = default log_opt_values /usr/lib/python3/dist-packages/oslo_config/cfg.py:2609
2026-01-08 00:38:05.736 140655 DEBUG oslo_service.service [req-c935e73a-1de0-4a97-af99-3db7fcf1f0ed - - - - -] api.use_forwarded_for = False log_opt_values /usr/lib/python3/dist-packages/oslo_config/cfg.py:2609
2026-01-08 00:38:05.737 140655 DEBUG oslo_service.service [req-c935e73a-1de0-4a97-af99-3db7fcf1f0ed - - - - -] api.use_neutron_default_nets = False log_opt_values /usr/lib/python3/dist-packages/oslo_config/cfg.py:2609
2026-01-08 00:38:05.738 140655 DEBUG oslo_service.service [req-c935e73a-1de0-4a97-af99-3db7fcf1f0ed - - - - -] api.vendordata_dynamic_connect_timeout = 5 log_opt_values /usr/lib/python3/dist-packages/oslo_config/cfg.py:2609
2026-01-08 00:38:05.738 140655 DEBUG oslo_service.service [req-c935e73a-1de0-4a97-af99-3db7fcf1f0ed - - - - -] api.vendordata_dynamic_failure_fatal = False log_opt_values /usr/lib/python3/dist-packages/oslo_config/cfg.py:2609
2026-01-08 00:38:05.739 140655 DEBUG oslo_service.service [req-c935e73a-1de0-4a97-af99-3db7fcf1f0ed - - - - -] api.vendordata_dynamic_read_timeout = 5 log_opt_values /usr/lib/python3/dist-packages/oslo_config/cfg.py:2609
2026-01-08 00:38:05.739 140655 DEBUG oslo_service.service [req-c935e73a-1de0-4a97-af99-3db7fcf1f0ed - - - - -] api.vendordata_dynamic_ssl_certfile = log_opt_values /usr/lib/python3/dist-packages/oslo_config/cfg.py:2609
2026-01-08 00:38:05.740 140655 DEBUG oslo_service.service [req-c935e73a-1de0-4a97-af99-3db7fcf1f0ed - - - - -] api.vendordata_dynamic_targets = [] log_opt_values /usr/lib/python3/dist-packages/oslo_config/cfg.py:2609
2026-01-08 00:38:05.740 140655 DEBUG oslo_service.service [req-c935e73a-1de0-4a97-af99-3db7fcf1f0ed - - - - -] api.vendordata_jsonfile_path = None log_opt_values /usr/lib/python3/dist-packages/oslo_config/cfg.py:2609
2026-01-08 00:38:05.744 140655 DEBUG oslo_service.service [req-c935e73a-1de0-4a97-af99-3db7fcf1f0ed - - - - -] api.vendordata_providers = ['StaticJSON'] log_opt_values /usr/lib/python3/dist-packages/oslo_config/cfg.py:2609
2026-01-08 00:38:05.746 140655 DEBUG oslo_service.service [req-c935e73a-1de0-4a97-af99-3db7fcf1f0ed - - - - -] cache.backend = dogpile.cache.null log_opt_values /usr/lib/python3/dist-packages/oslo_config/cfg.py:2609
2026-01-08 00:38:05.748 140655 DEBUG oslo_service.service [req-c935e73a-1de0-4a97-af99-3db7fcf1f0ed - - - - -] cache.backend_argument = **** log_opt_values /usr/lib/python3/dist-packages/oslo_config/cfg.py:2609
2026-01-08 00:38:05.748 140655 DEBUG oslo_service.service [req-c935e73a-1de0-4a97-af99-3db7fcf1f0ed - - - - -] cache.config_prefix = cache.oslo log_opt_values /usr/lib/python3/dist-packages/oslo_config/cfg.py:2609
2026-01-08 00:38:05.748 141389 DEBUG oslo_messaging._drivers.amqpdriver [-] Listener is running poll /usr/lib/python3/dist-packages/oslo_messaging/_drivers/amqpdriver.py:343
2026-01-08 00:38:05.748 140655 DEBUG oslo_service.service [req-c935e73a-1de0-4a97-af99-3db7fcf1f0ed - - - - -] cache.debug_cache_backend = False log_opt_values /usr/lib/python3/dist-packages/oslo_config/cfg.py:2609
2026-01-08 00:38:05.748 141389 DEBUG oslo_messaging._drivers.amqpdriver [-] AMQPListener connection consume poll /usr/lib/python3/dist-packages/oslo_messaging/_drivers/amqpdriver.py:357
2026-01-08 00:38:05.748 140655 DEBUG oslo_service.service [req-c935e73a-1de0-4a97-af99-3db7fcf1f0ed - - - - -] cache.enabled = False log_opt_values /usr/lib/python3/dist-packages/oslo_config/cfg.py:2609
2026-01-08 00:38:05.749 141381 DEBUG oslo_messaging._drivers.amqpdriver [-] Listener is running poll /usr/lib/python3/dist-packages/oslo_messaging/_drivers/amqpdriver.py:343
2026-01-08 00:38:05.749 140655 DEBUG oslo_service.service [req-c935e73a-1de0-4a97-af99-3db7fcf1f0ed - - - - -] cache.expiration_time = 600 log_opt_values /usr/lib/python3/dist-packages/oslo_config/cfg.py:2609
2026-01-08 00:38:05.749 141381 DEBUG oslo_messaging._drivers.amqpdriver [-] AMQPListener connection consume poll /usr/lib/python3/dist-packages/oslo_messaging/_drivers/amqpdriver.py:357
2026-01-08 00:38:05.749 140655 DEBUG oslo_service.service [req-c935e73a-1de0-4a97-af99-3db7fcf1f0ed - - - - -] cache.memcache_dead_retry = 300 log_opt_values /usr/lib/python3/dist-packages/oslo_config/cfg.py:2609
2026-01-08 00:38:05.749 140655 DEBUG oslo_service.service [req-c935e73a-1de0-4a97-af99-3db7fcf1f0ed - - - - -] cache.memcache_pool_connection_get_timeout = 10 log_opt_values /usr/lib/python3/dist-packages/oslo_config/cfg.py:2609
2026-01-08 00:38:05.749 140655 DEBUG oslo_service.service [req-c935e73a-1de0-4a97-af99-3db7fcf1f0ed - - - - -] cache.memcache_pool_flush_on_reconnect = False log_opt_values /usr/lib/python3/dist-packages/oslo_config/cfg.py:2609
2026-01-08 00:38:05.749 141381 DEBUG nova.service [req-15bfadd2-8fae-4a42-87d5-1001456202cc - - - - -] Join ServiceGroup membership for this service scheduler start /usr/lib/python3/dist-packages/nova/service.py:199
2026-01-08 00:38:05.750 140655 DEBUG oslo_service.service [req-c935e73a-1de0-4a97-af99-3db7fcf1f0ed - - - - -] cache.memcache_pool_maxsize = 10 log_opt_values /usr/lib/python3/dist-packages/oslo_config/cfg.py:2609
2026-01-08 00:38:05.749 141388 DEBUG oslo_messaging._drivers.amqpdriver [-] Listener is running poll /usr/lib/python3/dist-packages/oslo_messaging/_drivers/amqpdriver.py:343
2026-01-08 00:38:05.750 141381 DEBUG nova.servicegroup.drivers.db [req-15bfadd2-8fae-4a42-87d5-1001456202cc - - - - -] DB_Driver: join new ServiceGroup member juju-5b0e15-0-lxd-7 to the scheduler group, service = join /usr/lib/python3/dist-packages/nova/servicegroup/drivers/db.py:44
2026-01-08 00:38:05.750 140655 DEBUG oslo_service.service [req-c935e73a-1de0-4a97-af99-3db7fcf1f0ed - - - - -] cache.memcache_pool_unused_timeout = 60 log_opt_values /usr/lib/python3/dist-packages/oslo_config/cfg.py:2609
2026-01-08 00:38:05.750 141388 DEBUG oslo_messaging._drivers.amqpdriver [-] AMQPListener connection consume poll /usr/lib/python3/dist-packages/oslo_messaging/_drivers/amqpdriver.py:357
2026-01-08 00:38:05.750 140655 DEBUG oslo_service.service [req-c935e73a-1de0-4a97-af99-3db7fcf1f0ed - - - - -] cache.memcache_servers = ['localhost:11211'] log_opt_values /usr/lib/python3/dist-packages/oslo_config/cfg.py:2609
2026-01-08 00:38:05.750 140655 DEBUG oslo_service.service [req-c935e73a-1de0-4a97-af99-3db7fcf1f0ed - - - - -] cache.memcache_socket_timeout = 1.0 log_opt_values /usr/lib/python3/dist-packages/oslo_config/cfg.py:2609
2026-01-08 00:38:05.750 141389 DEBUG nova.service [req-22857717-c007-4e36-9abc-7c0f47dde707 - - - - -] Join ServiceGroup membership for this service scheduler start /usr/lib/python3/dist-packages/nova/service.py:199
2026-01-08 00:38:05.751 140655 DEBUG oslo_service.service [req-c935e73a-1de0-4a97-af99-3db7fcf1f0ed - - - - -] cache.proxies = [] log_opt_values /usr/lib/python3/dist-packages/oslo_config/cfg.py:2609
2026-01-08 00:38:05.750 141388 DEBUG nova.service [req-59497924-f28d-4790-9620-c8d6f977488e - - - - -] Join ServiceGroup membership for this service scheduler start /usr/lib/python3/dist-packages/nova/service.py:199
2026-01-08 00:38:05.751 140655 DEBUG oslo_service.service [req-c935e73a-1de0-4a97-af99-3db7fcf1f0ed - - - - -] cache.tls_allowed_ciphers = None log_opt_values /usr/lib/python3/dist-packages/oslo_config/cfg.py:2609
2026-01-08 00:38:05.751 141389 DEBUG nova.servicegroup.drivers.db [req-22857717-c007-4e36-9abc-7c0f47dde707 - - - - -] DB_Driver: join new ServiceGroup member juju-5b0e15-0-lxd-7 to the scheduler group, service = join /usr/lib/python3/dist-packages/nova/servicegroup/drivers/db.py:44
2026-01-08 00:38:05.751 141388 DEBUG nova.servicegroup.drivers.db [req-59497924-f28d-4790-9620-c8d6f977488e - - - - -] DB_Driver: join new ServiceGroup member juju-5b0e15-0-lxd-7 to the scheduler group, service = join /usr/lib/python3/dist-packages/nova/servicegroup/drivers/db.py:44
2026-01-08 00:38:05.751 140655 DEBUG oslo_service.service [req-c935e73a-1de0-4a97-af99-3db7fcf1f0ed - - - - -] cache.tls_cafile = None log_opt_values /usr/lib/python3/dist-packages/oslo_config/cfg.py:2609
2026-01-08 00:38:05.751 140655 DEBUG oslo_service.service [req-c935e73a-1de0-4a97-af99-3db7fcf1f0ed - - - - -] cache.tls_certfile = None log_opt_values /usr/lib/python3/dist-packages/oslo_config/cfg.py:2609
2026-01-08 00:38:05.752 140655 DEBUG oslo_service.service [req-c935e73a-1de0-4a97-af99-3db7fcf1f0ed - - - - -] cache.tls_enabled = False log_opt_values /usr/lib/python3/dist-packages/oslo_config/cfg.py:2609
2026-01-08 00:38:05.752 140655 DEBUG oslo_service.service [req-c935e73a-1de0-4a97-af99-3db7fcf1f0ed - - - - -] cache.tls_keyfile = None log_opt_values /usr/lib/python3/dist-packages/oslo_config/cfg.py:2609
2026-01-08 00:38:05.752 140655 DEBUG oslo_service.service [req-c935e73a-1de0-4a97-af99-3db7fcf1f0ed - - - - -] cinder.auth_section = None log_opt_values /usr/lib/python3/dist-packages/oslo_config/cfg.py:2609
2026-01-08 00:38:05.752 141381 DEBUG oslo_messaging._drivers.amqpdriver [-] AMQPListener connection timeout poll /usr/lib/python3/dist-packages/oslo_messaging/_drivers/amqpdriver.py:360
2026-01-08 00:38:05.752 141381 DEBUG oslo_messaging._drivers.amqpdriver [-] Listener is running poll /usr/lib/python3/dist-packages/oslo_messaging/_drivers/amqpdriver.py:343
2026-01-08 00:38:05.752 140655 DEBUG oslo_service.service [req-c935e73a-1de0-4a97-af99-3db7fcf1f0ed - - - - -] cinder.auth_type = None log_opt_values /usr/lib/python3/dist-packages/oslo_config/cfg.py:2609
2026-01-08 00:38:05.753 141381 DEBUG oslo_messaging._drivers.amqpdriver [-] AMQPListener connection consume poll /usr/lib/python3/dist-packages/oslo_messaging/_drivers/amqpdriver.py:357
2026-01-08 00:38:05.753 140655 DEBUG oslo_service.service [req-c935e73a-1de0-4a97-af99-3db7fcf1f0ed - - - - -] cinder.cafile = None log_opt_values /usr/lib/python3/dist-packages/oslo_config/cfg.py:2609
2026-01-08 00:38:05.753 140655 DEBUG oslo_service.service [req-c935e73a-1de0-4a97-af99-3db7fcf1f0ed - - - - -] cinder.catalog_info = volumev3::publicURL log_opt_values /usr/lib/python3/dist-packages/oslo_config/cfg.py:2609
2026-01-08 00:38:05.753 140655 DEBUG oslo_service.service [req-c935e73a-1de0-4a97-af99-3db7fcf1f0ed - - - - -] cinder.certfile = None log_opt_values /usr/lib/python3/dist-packages/oslo_config/cfg.py:2609
2026-01-08 00:38:05.753 141389 DEBUG oslo_messaging._drivers.amqpdriver [-] AMQPListener connection timeout poll /usr/lib/python3/dist-packages/oslo_messaging/_drivers/amqpdriver.py:360
2026-01-08 00:38:05.754 140655 DEBUG oslo_service.service [req-c935e73a-1de0-4a97-af99-3db7fcf1f0ed - - - - -] cinder.collect_timing = False log_opt_values /usr/lib/python3/dist-packages/oslo_config/cfg.py:2609
2026-01-08 00:38:05.754 140655 DEBUG oslo_service.service [req-c935e73a-1de0-4a97-af99-3db7fcf1f0ed - - - - -] cinder.cross_az_attach = True log_opt_values /usr/lib/python3/dist-packages/oslo_config/cfg.py:2609
2026-01-08 00:38:05.754 141389 DEBUG oslo_messaging._drivers.amqpdriver [-] Listener is running poll /usr/lib/python3/dist-packages/oslo_messaging/_drivers/amqpdriver.py:343
2026-01-08 00:38:05.754 141388 DEBUG oslo_messaging._drivers.amqpdriver [-] AMQPListener connection timeout poll /usr/lib/python3/dist-packages/oslo_messaging/_drivers/amqpdriver.py:360
2026-01-08 00:38:05.754 141388 DEBUG oslo_messaging._drivers.amqpdriver [-] Listener is running poll /usr/lib/python3/dist-packages/oslo_messaging/_drivers/amqpdriver.py:343
2026-01-08 00:38:05.754 140655 DEBUG oslo_service.service [req-c935e73a-1de0-4a97-af99-3db7fcf1f0ed - - - - -] cinder.debug = False log_opt_values /usr/lib/python3/dist-packages/oslo_config/cfg.py:2609
2026-01-08 00:38:05.754 141388 DEBUG oslo_messaging._drivers.amqpdriver [-] AMQPListener connection consume poll /usr/lib/python3/dist-packages/oslo_messaging/_drivers/amqpdriver.py:357
2026-01-08 00:38:05.754 141389 DEBUG oslo_messaging._drivers.amqpdriver [-] AMQPListener connection consume poll /usr/lib/python3/dist-packages/oslo_messaging/_drivers/amqpdriver.py:357
2026-01-08 00:38:05.754 140655 DEBUG oslo_service.service [req-c935e73a-1de0-4a97-af99-3db7fcf1f0ed - - - - -] cinder.endpoint_template = None log_opt_values /usr/lib/python3/dist-packages/oslo_config/cfg.py:2609
2026-01-08 00:38:05.755 140655 DEBUG oslo_service.service [req-c935e73a-1de0-4a97-af99-3db7fcf1f0ed - - - - -] cinder.http_retries = 3 log_opt_values /usr/lib/python3/dist-packages/oslo_config/cfg.py:2609
2026-01-08 00:38:05.755 140655 DEBUG oslo_service.service [req-c935e73a-1de0-4a97-af99-3db7fcf1f0ed - - - - -] cinder.insecure = False log_opt_values /usr/lib/python3/dist-packages/oslo_config/cfg.py:2609
2026-01-08 00:38:05.755 140655 DEBUG oslo_service.service [req-c935e73a-1de0-4a97-af99-3db7fcf1f0ed - - - - -] cinder.keyfile = None log_opt_values /usr/lib/python3/dist-packages/oslo_config/cfg.py:2609
2026-01-08 00:38:05.755 140655 DEBUG oslo_service.service [req-c935e73a-1de0-4a97-af99-3db7fcf1f0ed - - - - -] cinder.os_region_name = None log_opt_values /usr/lib/python3/dist-packages/oslo_config/cfg.py:2609
2026-01-08 00:38:05.755 140655 DEBUG oslo_service.service [req-c935e73a-1de0-4a97-af99-3db7fcf1f0ed - - - - -] cinder.split_loggers = False log_opt_values /usr/lib/python3/dist-packages/oslo_config/cfg.py:2609
2026-01-08 00:38:05.755 140655 DEBUG oslo_service.service [req-c935e73a-1de0-4a97-af99-3db7fcf1f0ed - - - - -] cinder.timeout = None log_opt_values /usr/lib/python3/dist-packages/oslo_config/cfg.py:2609
2026-01-08 00:38:05.756 140655 DEBUG oslo_service.service [req-c935e73a-1de0-4a97-af99-3db7fcf1f0ed - - - - -] compute.consecutive_build_service_disable_threshold = 10 log_opt_values /usr/lib/python3/dist-packages/oslo_config/cfg.py:2609
2026-01-08 00:38:05.756 140655 DEBUG oslo_service.service [req-c935e73a-1de0-4a97-af99-3db7fcf1f0ed - - - - -] compute.cpu_dedicated_set = None log_opt_values /usr/lib/python3/dist-packages/oslo_config/cfg.py:2609
2026-01-08 00:38:05.756 140655 DEBUG oslo_service.service [req-c935e73a-1de0-4a97-af99-3db7fcf1f0ed - - - - -] compute.cpu_shared_set = None log_opt_values /usr/lib/python3/dist-packages/oslo_config/cfg.py:2609
2026-01-08 00:38:05.756 140655 DEBUG oslo_service.service [req-c935e73a-1de0-4a97-af99-3db7fcf1f0ed - - - - -] compute.image_type_exclude_list = [] log_opt_values /usr/lib/python3/dist-packages/oslo_config/cfg.py:2609
2026-01-08 00:38:05.756 140655 DEBUG oslo_service.service [req-c935e73a-1de0-4a97-af99-3db7fcf1f0ed - - - - -] compute.live_migration_wait_for_vif_plug = True log_opt_values /usr/lib/python3/dist-packages/oslo_config/cfg.py:2609
2026-01-08 00:38:05.757 140655 DEBUG oslo_service.service [req-c935e73a-1de0-4a97-af99-3db7fcf1f0ed - - - - -] compute.max_concurrent_disk_ops = 0 log_opt_values /usr/lib/python3/dist-packages/oslo_config/cfg.py:2609
2026-01-08 00:38:05.757 140655 DEBUG oslo_service.service [req-c935e73a-1de0-4a97-af99-3db7fcf1f0ed - - - - -] compute.max_disk_devices_to_attach = -1 log_opt_values /usr/lib/python3/dist-packages/oslo_config/cfg.py:2609
2026-01-08 00:38:05.757 140655 DEBUG oslo_service.service [req-c935e73a-1de0-4a97-af99-3db7fcf1f0ed - - - - -] compute.packing_host_numa_cells_allocation_strategy = True log_opt_values /usr/lib/python3/dist-packages/oslo_config/cfg.py:2609
2026-01-08 00:38:05.757 140655 DEBUG oslo_service.service [req-c935e73a-1de0-4a97-af99-3db7fcf1f0ed - - - - -] compute.provider_config_location = /etc/nova/provider_config/ log_opt_values /usr/lib/python3/dist-packages/oslo_config/cfg.py:2609
2026-01-08 00:38:05.757 140655 DEBUG oslo_service.service [req-c935e73a-1de0-4a97-af99-3db7fcf1f0ed - - - - -] compute.resource_provider_association_refresh = 300 log_opt_values /usr/lib/python3/dist-packages/oslo_config/cfg.py:2609
2026-01-08 00:38:05.758 140655 DEBUG oslo_service.service [req-c935e73a-1de0-4a97-af99-3db7fcf1f0ed - - - - -] compute.shutdown_retry_interval = 10 log_opt_values /usr/lib/python3/dist-packages/oslo_config/cfg.py:2609
2026-01-08 00:38:05.758 140655 DEBUG oslo_service.service [req-c935e73a-1de0-4a97-af99-3db7fcf1f0ed - - - - -] compute.vmdk_allowed_types = ['streamOptimized', 'monolithicSparse'] log_opt_values /usr/lib/python3/dist-packages/oslo_config/cfg.py:2609
2026-01-08 00:38:05.758 140655 DEBUG oslo_service.service [req-c935e73a-1de0-4a97-af99-3db7fcf1f0ed - - - - -] conductor.workers = 4 log_opt_values /usr/lib/python3/dist-packages/oslo_config/cfg.py:2609
2026-01-08 00:38:05.758 140655 DEBUG oslo_service.service [req-c935e73a-1de0-4a97-af99-3db7fcf1f0ed - - - - -] console.allowed_origins = [] log_opt_values /usr/lib/python3/dist-packages/oslo_config/cfg.py:2609
2026-01-08 00:38:05.759 140655 DEBUG oslo_service.service [req-c935e73a-1de0-4a97-af99-3db7fcf1f0ed - - - - -] console.ssl_ciphers = None log_opt_values /usr/lib/python3/dist-packages/oslo_config/cfg.py:2609
2026-01-08 00:38:05.759 140655 DEBUG oslo_service.service [req-c935e73a-1de0-4a97-af99-3db7fcf1f0ed - - - - -] console.ssl_minimum_version = default log_opt_values /usr/lib/python3/dist-packages/oslo_config/cfg.py:2609
2026-01-08 00:38:05.759 140655 DEBUG oslo_service.service [req-c935e73a-1de0-4a97-af99-3db7fcf1f0ed - - - - -] consoleauth.token_ttl = 600 log_opt_values /usr/lib/python3/dist-packages/oslo_config/cfg.py:2609
2026-01-08 00:38:05.759 140655 DEBUG oslo_service.service [req-c935e73a-1de0-4a97-af99-3db7fcf1f0ed - - - - -] cyborg.cafile = None log_opt_values /usr/lib/python3/dist-packages/oslo_config/cfg.py:2609
2026-01-08 00:38:05.759 140655 DEBUG oslo_service.service [req-c935e73a-1de0-4a97-af99-3db7fcf1f0ed - - - - -] cyborg.certfile = None log_opt_values /usr/lib/python3/dist-packages/oslo_config/cfg.py:2609
2026-01-08 00:38:05.760 140655 DEBUG oslo_service.service [req-c935e73a-1de0-4a97-af99-3db7fcf1f0ed - - - - -] cyborg.collect_timing = False log_opt_values /usr/lib/python3/dist-packages/oslo_config/cfg.py:2609
2026-01-08 00:38:05.760 140655 DEBUG oslo_service.service [req-c935e73a-1de0-4a97-af99-3db7fcf1f0ed - - - - -] cyborg.connect_retries = None log_opt_values /usr/lib/python3/dist-packages/oslo_config/cfg.py:2609
2026-01-08 00:38:05.760 140655 DEBUG oslo_service.service [req-c935e73a-1de0-4a97-af99-3db7fcf1f0ed - - - - -] cyborg.connect_retry_delay = None log_opt_values /usr/lib/python3/dist-packages/oslo_config/cfg.py:2609
2026-01-08 00:38:05.760 140655 DEBUG oslo_service.service [req-c935e73a-1de0-4a97-af99-3db7fcf1f0ed - - - - -] cyborg.endpoint_override = None log_opt_values /usr/lib/python3/dist-packages/oslo_config/cfg.py:2609
2026-01-08 00:38:05.760 140655 DEBUG oslo_service.service [req-c935e73a-1de0-4a97-af99-3db7fcf1f0ed - - - - -] cyborg.insecure = False log_opt_values /usr/lib/python3/dist-packages/oslo_config/cfg.py:2609
2026-01-08 00:38:05.760 140655 DEBUG oslo_service.service [req-c935e73a-1de0-4a97-af99-3db7fcf1f0ed - - - - -] cyborg.keyfile = None log_opt_values /usr/lib/python3/dist-packages/oslo_config/cfg.py:2609
2026-01-08 00:38:05.761 140655 DEBUG oslo_service.service [req-c935e73a-1de0-4a97-af99-3db7fcf1f0ed - - - - -] cyborg.max_version = None log_opt_values /usr/lib/python3/dist-packages/oslo_config/cfg.py:2609
2026-01-08 00:38:05.761 140655 DEBUG oslo_service.service [req-c935e73a-1de0-4a97-af99-3db7fcf1f0ed - - - - -] cyborg.min_version = None log_opt_values /usr/lib/python3/dist-packages/oslo_config/cfg.py:2609
2026-01-08 00:38:05.761 140655 DEBUG oslo_service.service [req-c935e73a-1de0-4a97-af99-3db7fcf1f0ed - - - - -] cyborg.region_name = None log_opt_values /usr/lib/python3/dist-packages/oslo_config/cfg.py:2609
2026-01-08 00:38:05.761 140655 DEBUG oslo_service.service [req-c935e73a-1de0-4a97-af99-3db7fcf1f0ed - - - - -] cyborg.service_name = None log_opt_values /usr/lib/python3/dist-packages/oslo_config/cfg.py:2609
2026-01-08 00:38:05.761 140655 DEBUG oslo_service.service [req-c935e73a-1de0-4a97-af99-3db7fcf1f0ed - - - - -] cyborg.service_type = accelerator log_opt_values /usr/lib/python3/dist-packages/oslo_config/cfg.py:2609
2026-01-08 00:38:05.762 140655 DEBUG oslo_service.service [req-c935e73a-1de0-4a97-af99-3db7fcf1f0ed - - - - -] cyborg.split_loggers = False log_opt_values /usr/lib/python3/dist-packages/oslo_config/cfg.py:2609
2026-01-08 00:38:05.762 140655 DEBUG oslo_service.service [req-c935e73a-1de0-4a97-af99-3db7fcf1f0ed - - - - -] cyborg.status_code_retries = None log_opt_values /usr/lib/python3/dist-packages/oslo_config/cfg.py:2609
2026-01-08 00:38:05.762 140655 DEBUG oslo_service.service [req-c935e73a-1de0-4a97-af99-3db7fcf1f0ed - - - - -] cyborg.status_code_retry_delay = None log_opt_values /usr/lib/python3/dist-packages/oslo_config/cfg.py:2609
2026-01-08 00:38:05.762 140655 DEBUG oslo_service.service [req-c935e73a-1de0-4a97-af99-3db7fcf1f0ed - - - - -] cyborg.timeout = None log_opt_values /usr/lib/python3/dist-packages/oslo_config/cfg.py:2609
2026-01-08 00:38:05.762 140655 DEBUG oslo_service.service [req-c935e73a-1de0-4a97-af99-3db7fcf1f0ed - - - - -] cyborg.valid_interfaces = ['internal', 'public'] log_opt_values /usr/lib/python3/dist-packages/oslo_config/cfg.py:2609
2026-01-08 00:38:05.763 140655 DEBUG oslo_service.service [req-c935e73a-1de0-4a97-af99-3db7fcf1f0ed - - - - -] cyborg.version = None log_opt_values /usr/lib/python3/dist-packages/oslo_config/cfg.py:2609
2026-01-08 00:38:05.763 140655 DEBUG oslo_service.service [req-c935e73a-1de0-4a97-af99-3db7fcf1f0ed - - - - -] database.backend = sqlalchemy log_opt_values /usr/lib/python3/dist-packages/oslo_config/cfg.py:2609
2026-01-08 00:38:05.763 140655 DEBUG oslo_service.service [req-c935e73a-1de0-4a97-af99-3db7fcf1f0ed - - - - -] database.connection = **** log_opt_values /usr/lib/python3/dist-packages/oslo_config/cfg.py:2609
2026-01-08 00:38:05.763 140655 DEBUG oslo_service.service [req-c935e73a-1de0-4a97-af99-3db7fcf1f0ed - - - - -] database.connection_debug = 0 log_opt_values /usr/lib/python3/dist-packages/oslo_config/cfg.py:2609
2026-01-08 00:38:05.764 140655 DEBUG oslo_service.service [req-c935e73a-1de0-4a97-af99-3db7fcf1f0ed - - - - -] database.connection_parameters = log_opt_values /usr/lib/python3/dist-packages/oslo_config/cfg.py:2609
2026-01-08 00:38:05.765 140655 DEBUG oslo_service.service [req-c935e73a-1de0-4a97-af99-3db7fcf1f0ed - - - - -] database.connection_recycle_time = 3600 log_opt_values /usr/lib/python3/dist-packages/oslo_config/cfg.py:2609
2026-01-08 00:38:05.765 140655 DEBUG oslo_service.service [req-c935e73a-1de0-4a97-af99-3db7fcf1f0ed - - - - -] database.connection_trace = False log_opt_values /usr/lib/python3/dist-packages/oslo_config/cfg.py:2609
2026-01-08 00:38:05.766 140655 DEBUG oslo_service.service [req-c935e73a-1de0-4a97-af99-3db7fcf1f0ed - - - - -] database.db_inc_retry_interval = True log_opt_values /usr/lib/python3/dist-packages/oslo_config/cfg.py:2609
2026-01-08 00:38:05.766 140655 DEBUG oslo_service.service [req-c935e73a-1de0-4a97-af99-3db7fcf1f0ed - - - - -] database.db_max_retries = 20 log_opt_values /usr/lib/python3/dist-packages/oslo_config/cfg.py:2609
2026-01-08 00:38:05.766 140655 DEBUG oslo_service.service [req-c935e73a-1de0-4a97-af99-3db7fcf1f0ed - - - - -] database.db_max_retry_interval = 10 log_opt_values /usr/lib/python3/dist-packages/oslo_config/cfg.py:2609
2026-01-08 00:38:05.766 140655 DEBUG oslo_service.service [req-c935e73a-1de0-4a97-af99-3db7fcf1f0ed - - - - -] database.db_retry_interval = 1 log_opt_values /usr/lib/python3/dist-packages/oslo_config/cfg.py:2609
2026-01-08 00:38:05.768 140655 DEBUG oslo_service.service [req-c935e73a-1de0-4a97-af99-3db7fcf1f0ed - - - - -] database.max_overflow = 50 log_opt_values /usr/lib/python3/dist-packages/oslo_config/cfg.py:2609
2026-01-08 00:38:05.768 140655 DEBUG oslo_service.service [req-c935e73a-1de0-4a97-af99-3db7fcf1f0ed - - - - -] database.max_pool_size = 4 log_opt_values /usr/lib/python3/dist-packages/oslo_config/cfg.py:2609
2026-01-08 00:38:05.768 140655 DEBUG oslo_service.service [req-c935e73a-1de0-4a97-af99-3db7fcf1f0ed - - - - -] database.max_retries = 10 log_opt_values /usr/lib/python3/dist-packages/oslo_config/cfg.py:2609
2026-01-08 00:38:05.769 140655 DEBUG oslo_service.service [req-c935e73a-1de0-4a97-af99-3db7fcf1f0ed - - - - -] database.mysql_enable_ndb = False log_opt_values /usr/lib/python3/dist-packages/oslo_config/cfg.py:2609
2026-01-08 00:38:05.769 140655 DEBUG oslo_service.service [req-c935e73a-1de0-4a97-af99-3db7fcf1f0ed - - - - -] database.mysql_sql_mode = TRADITIONAL log_opt_values /usr/lib/python3/dist-packages/oslo_config/cfg.py:2609
2026-01-08 00:38:05.770 140655 DEBUG oslo_service.service [req-c935e73a-1de0-4a97-af99-3db7fcf1f0ed - - - - -] database.pool_timeout = None log_opt_values /usr/lib/python3/dist-packages/oslo_config/cfg.py:2609
2026-01-08 00:38:05.770 140655 DEBUG oslo_service.service [req-c935e73a-1de0-4a97-af99-3db7fcf1f0ed - - - - -] database.retry_interval = 10 log_opt_values /usr/lib/python3/dist-packages/oslo_config/cfg.py:2609
2026-01-08 00:38:05.771 140655 DEBUG oslo_service.service [req-c935e73a-1de0-4a97-af99-3db7fcf1f0ed - - - - -] database.slave_connection = **** log_opt_values /usr/lib/python3/dist-packages/oslo_config/cfg.py:2609
2026-01-08 00:38:05.771 140655 DEBUG oslo_service.service [req-c935e73a-1de0-4a97-af99-3db7fcf1f0ed - - - - -] database.sqlite_synchronous = True log_opt_values /usr/lib/python3/dist-packages/oslo_config/cfg.py:2609
2026-01-08 00:38:05.771 140655 DEBUG oslo_service.service [req-c935e73a-1de0-4a97-af99-3db7fcf1f0ed - - - - -] database.use_db_reconnect = False log_opt_values /usr/lib/python3/dist-packages/oslo_config/cfg.py:2609
2026-01-08 00:38:05.771 140655 DEBUG oslo_service.service [req-c935e73a-1de0-4a97-af99-3db7fcf1f0ed - - - - -] api_database.backend = sqlalchemy log_opt_values /usr/lib/python3/dist-packages/oslo_config/cfg.py:2609
2026-01-08 00:38:05.771 140655 DEBUG oslo_service.service [req-c935e73a-1de0-4a97-af99-3db7fcf1f0ed - - - - -] api_database.connection = **** log_opt_values /usr/lib/python3/dist-packages/oslo_config/cfg.py:2609
2026-01-08 00:38:05.772 140655 DEBUG oslo_service.service [req-c935e73a-1de0-4a97-af99-3db7fcf1f0ed - - - - -] api_database.connection_debug = 0 log_opt_values /usr/lib/python3/dist-packages/oslo_config/cfg.py:2609
2026-01-08 00:38:05.772 140655 DEBUG oslo_service.service [req-c935e73a-1de0-4a97-af99-3db7fcf1f0ed - - - - -] api_database.connection_parameters = log_opt_values /usr/lib/python3/dist-packages/oslo_config/cfg.py:2609
2026-01-08 00:38:05.773 140655 DEBUG oslo_service.service [req-c935e73a-1de0-4a97-af99-3db7fcf1f0ed - - - - -] api_database.connection_recycle_time = 3600 log_opt_values /usr/lib/python3/dist-packages/oslo_config/cfg.py:2609
2026-01-08 00:38:05.773 140655 DEBUG oslo_service.service [req-c935e73a-1de0-4a97-af99-3db7fcf1f0ed - - - - -] api_database.connection_trace = False log_opt_values /usr/lib/python3/dist-packages/oslo_config/cfg.py:2609
2026-01-08 00:38:05.773 140655 DEBUG oslo_service.service [req-c935e73a-1de0-4a97-af99-3db7fcf1f0ed - - - - -] api_database.db_inc_retry_interval = True log_opt_values /usr/lib/python3/dist-packages/oslo_config/cfg.py:2609
2026-01-08 00:38:05.773 140655 DEBUG oslo_service.service [req-c935e73a-1de0-4a97-af99-3db7fcf1f0ed - - - - -] api_database.db_max_retries = 20 log_opt_values /usr/lib/python3/dist-packages/oslo_config/cfg.py:2609
2026-01-08 00:38:05.774 140655 DEBUG oslo_service.service [req-c935e73a-1de0-4a97-af99-3db7fcf1f0ed - - - - -] api_database.db_max_retry_interval = 10 log_opt_values /usr/lib/python3/dist-packages/oslo_config/cfg.py:2609
2026-01-08 00:38:05.776 140655 DEBUG oslo_service.service [req-c935e73a-1de0-4a97-af99-3db7fcf1f0ed - - - - -] api_database.db_retry_interval = 1 log_opt_values /usr/lib/python3/dist-packages/oslo_config/cfg.py:2609
2026-01-08 00:38:05.778 141387 DEBUG oslo_messaging._drivers.amqpdriver [-] Listener is running poll /usr/lib/python3/dist-packages/oslo_messaging/_drivers/amqpdriver.py:343
2026-01-08 00:38:05.778 141387 DEBUG oslo_messaging._drivers.amqpdriver [-] AMQPListener connection consume poll /usr/lib/python3/dist-packages/oslo_messaging/_drivers/amqpdriver.py:357
2026-01-08 00:38:05.779 140655 DEBUG oslo_service.service [req-c935e73a-1de0-4a97-af99-3db7fcf1f0ed - - - - -] api_database.max_overflow = 50 log_opt_values /usr/lib/python3/dist-packages/oslo_config/cfg.py:2609
2026-01-08 00:38:05.779 141387 DEBUG nova.service [req-86393f6c-601f-4d60-9c89-1b9122e13da3 - - - - -] Join ServiceGroup membership for this service scheduler start /usr/lib/python3/dist-packages/nova/service.py:199
2026-01-08 00:38:05.780 141387 DEBUG nova.servicegroup.drivers.db [req-86393f6c-601f-4d60-9c89-1b9122e13da3 - - - - -] DB_Driver: join new ServiceGroup member juju-5b0e15-0-lxd-7 to the scheduler group, service = join /usr/lib/python3/dist-packages/nova/servicegroup/drivers/db.py:44
2026-01-08 00:38:05.779 140655 DEBUG oslo_service.service [req-c935e73a-1de0-4a97-af99-3db7fcf1f0ed - - - - -] api_database.max_pool_size = 4 log_opt_values /usr/lib/python3/dist-packages/oslo_config/cfg.py:2609
2026-01-08 00:38:05.782 140655 DEBUG oslo_service.service [req-c935e73a-1de0-4a97-af99-3db7fcf1f0ed - - - - -] api_database.max_retries = 10 log_opt_values /usr/lib/python3/dist-packages/oslo_config/cfg.py:2609
2026-01-08 00:38:05.782 140655 DEBUG oslo_service.service [req-c935e73a-1de0-4a97-af99-3db7fcf1f0ed - - - - -] api_database.mysql_enable_ndb = False log_opt_values /usr/lib/python3/dist-packages/oslo_config/cfg.py:2609
2026-01-08 00:38:05.783 141387 DEBUG oslo_messaging._drivers.amqpdriver [-] AMQPListener connection timeout poll /usr/lib/python3/dist-packages/oslo_messaging/_drivers/amqpdriver.py:360
2026-01-08 00:38:05.783 141387 DEBUG oslo_messaging._drivers.amqpdriver [-] Listener is running poll /usr/lib/python3/dist-packages/oslo_messaging/_drivers/amqpdriver.py:343
2026-01-08 00:38:05.783 141387 DEBUG oslo_messaging._drivers.amqpdriver [-] AMQPListener connection consume poll /usr/lib/python3/dist-packages/oslo_messaging/_drivers/amqpdriver.py:357
2026-01-08 00:38:05.784 140655 DEBUG oslo_service.service [req-c935e73a-1de0-4a97-af99-3db7fcf1f0ed - - - - -] api_database.mysql_sql_mode = TRADITIONAL log_opt_values /usr/lib/python3/dist-packages/oslo_config/cfg.py:2609
2026-01-08 00:38:05.784 140655 DEBUG oslo_service.service [req-c935e73a-1de0-4a97-af99-3db7fcf1f0ed - - - - -] api_database.pool_timeout = None log_opt_values /usr/lib/python3/dist-packages/oslo_config/cfg.py:2609
2026-01-08 00:38:05.784 140655 DEBUG oslo_service.service [req-c935e73a-1de0-4a97-af99-3db7fcf1f0ed - - - - -] api_database.retry_interval = 10 log_opt_values /usr/lib/python3/dist-packages/oslo_config/cfg.py:2609
2026-01-08 00:38:05.784 140655 DEBUG oslo_service.service [req-c935e73a-1de0-4a97-af99-3db7fcf1f0ed - - - - -] api_database.slave_connection = **** log_opt_values /usr/lib/python3/dist-packages/oslo_config/cfg.py:2609
2026-01-08 00:38:05.784 140655 DEBUG oslo_service.service [req-c935e73a-1de0-4a97-af99-3db7fcf1f0ed - - - - -] api_database.sqlite_synchronous = True log_opt_values /usr/lib/python3/dist-packages/oslo_config/cfg.py:2609
2026-01-08 00:38:05.785 140655 DEBUG oslo_service.service [req-c935e73a-1de0-4a97-af99-3db7fcf1f0ed - - - - -] devices.enabled_mdev_types = [] log_opt_values /usr/lib/python3/dist-packages/oslo_config/cfg.py:2609
2026-01-08 00:38:05.785 140655 DEBUG oslo_service.service [req-c935e73a-1de0-4a97-af99-3db7fcf1f0ed - - - - -] ephemeral_storage_encryption.cipher = aes-xts-plain64 log_opt_values /usr/lib/python3/dist-packages/oslo_config/cfg.py:2609
2026-01-08 00:38:05.785 140655 DEBUG oslo_service.service [req-c935e73a-1de0-4a97-af99-3db7fcf1f0ed - - - - -] ephemeral_storage_encryption.enabled = False log_opt_values /usr/lib/python3/dist-packages/oslo_config/cfg.py:2609
2026-01-08 00:38:05.786 140655 DEBUG oslo_service.service [req-c935e73a-1de0-4a97-af99-3db7fcf1f0ed - - - - -] ephemeral_storage_encryption.key_size = 512 log_opt_values /usr/lib/python3/dist-packages/oslo_config/cfg.py:2609
2026-01-08 00:38:05.786 140655 WARNING oslo_config.cfg [req-c935e73a-1de0-4a97-af99-3db7fcf1f0ed - - - - -] Deprecated: Option "api_servers" from group "glance" is deprecated for removal ( Support for image service configuration via standard keystoneauth1 Adapter options was added in the 17.0.0 Queens release. The api_servers option was retained temporarily to allow consumers time to cut over to a real load balancing solution. ). Its value may be silently ignored in the future.
2026-01-08 00:38:05.786 140655 DEBUG oslo_service.service [req-c935e73a-1de0-4a97-af99-3db7fcf1f0ed - - - - -] glance.api_servers = ['http://252.129.170.34:9292'] log_opt_values /usr/lib/python3/dist-packages/oslo_config/cfg.py:2609
