2026-01-08 00:37:53.421 140106 DEBUG oslo_service.service [req-b2b2bb16-f357-4065-9feb-9798eeb03c3f - - - - -] shelved_offload_time = 0 log_opt_values /usr/lib/python3/dist-packages/oslo_config/cfg.py:2602
2026-01-08 00:37:53.421 140619 DEBUG oslo_db.sqlalchemy.engines [req-b128a6e2-02f0-46da-9950-05e40452a5dd - - - - -] MySQL server mode set to STRICT_TRANS_TABLES,STRICT_ALL_TABLES,NO_ZERO_IN_DATE,NO_ZERO_DATE,ERROR_FOR_DIVISION_BY_ZERO,TRADITIONAL,NO_ENGINE_SUBSTITUTION _check_effective_sql_mode /usr/lib/python3/dist-packages/oslo_db/sqlalchemy/engines.py:314
2026-01-08 00:37:53.421 140106 DEBUG oslo_service.service [req-b2b2bb16-f357-4065-9feb-9798eeb03c3f - - - - -] shelved_poll_interval = 3600 log_opt_values /usr/lib/python3/dist-packages/oslo_config/cfg.py:2602
2026-01-08 00:37:53.422 140106 DEBUG oslo_service.service [req-b2b2bb16-f357-4065-9feb-9798eeb03c3f - - - - -] shutdown_timeout = 60 log_opt_values /usr/lib/python3/dist-packages/oslo_config/cfg.py:2602
2026-01-08 00:37:53.422 140106 DEBUG oslo_service.service [req-b2b2bb16-f357-4065-9feb-9798eeb03c3f - - - - -] source_is_ipv6 = False log_opt_values /usr/lib/python3/dist-packages/oslo_config/cfg.py:2602
2026-01-08 00:37:53.422 140106 DEBUG oslo_service.service [req-b2b2bb16-f357-4065-9feb-9798eeb03c3f - - - - -] ssl_only = False log_opt_values /usr/lib/python3/dist-packages/oslo_config/cfg.py:2602
2026-01-08 00:37:53.422 140106 DEBUG oslo_service.service [req-b2b2bb16-f357-4065-9feb-9798eeb03c3f - - - - -] state_path = /var/lib/nova log_opt_values /usr/lib/python3/dist-packages/oslo_config/cfg.py:2602
2026-01-08 00:37:53.422 140106 DEBUG oslo_service.service [req-b2b2bb16-f357-4065-9feb-9798eeb03c3f - - - - -] sync_power_state_interval = 600 log_opt_values /usr/lib/python3/dist-packages/oslo_config/cfg.py:2602
2026-01-08 00:37:53.426 140106 DEBUG oslo_service.service [req-b2b2bb16-f357-4065-9feb-9798eeb03c3f - - - - -] sync_power_state_pool_size = 1000 log_opt_values /usr/lib/python3/dist-packages/oslo_config/cfg.py:2602
2026-01-08 00:37:53.427 140106 DEBUG oslo_service.service [req-b2b2bb16-f357-4065-9feb-9798eeb03c3f - - - - -] syslog_log_facility = LOG_USER log_opt_values /usr/lib/python3/dist-packages/oslo_config/cfg.py:2602
2026-01-08 00:37:53.427 140106 DEBUG oslo_service.service [req-b2b2bb16-f357-4065-9feb-9798eeb03c3f - - - - -] tempdir = None log_opt_values /usr/lib/python3/dist-packages/oslo_config/cfg.py:2602
2026-01-08 00:37:53.427 140106 DEBUG oslo_service.service [req-b2b2bb16-f357-4065-9feb-9798eeb03c3f - - - - -] timeout_nbd = 10 log_opt_values /usr/lib/python3/dist-packages/oslo_config/cfg.py:2602
2026-01-08 00:37:53.427 140106 DEBUG oslo_service.service [req-b2b2bb16-f357-4065-9feb-9798eeb03c3f - - - - -] transport_url = **** log_opt_values /usr/lib/python3/dist-packages/oslo_config/cfg.py:2602
2026-01-08 00:37:53.427 140106 DEBUG oslo_service.service [req-b2b2bb16-f357-4065-9feb-9798eeb03c3f - - - - -] update_resources_interval = 0 log_opt_values /usr/lib/python3/dist-packages/oslo_config/cfg.py:2602
2026-01-08 00:37:53.428 140106 DEBUG oslo_service.service [req-b2b2bb16-f357-4065-9feb-9798eeb03c3f - - - - -] use_cow_images = True log_opt_values /usr/lib/python3/dist-packages/oslo_config/cfg.py:2602
2026-01-08 00:37:53.428 140106 DEBUG oslo_service.service [req-b2b2bb16-f357-4065-9feb-9798eeb03c3f - - - - -] use_eventlog = False log_opt_values /usr/lib/python3/dist-packages/oslo_config/cfg.py:2602
2026-01-08 00:37:53.429 140106 DEBUG oslo_service.service [req-b2b2bb16-f357-4065-9feb-9798eeb03c3f - - - - -] use_journal = False log_opt_values /usr/lib/python3/dist-packages/oslo_config/cfg.py:2602
2026-01-08 00:37:53.429 140106 DEBUG oslo_service.service [req-b2b2bb16-f357-4065-9feb-9798eeb03c3f - - - - -] use_json = False log_opt_values /usr/lib/python3/dist-packages/oslo_config/cfg.py:2602
2026-01-08 00:37:53.430 140106 DEBUG oslo_service.service [req-b2b2bb16-f357-4065-9feb-9798eeb03c3f - - - - -] use_rootwrap_daemon = False log_opt_values /usr/lib/python3/dist-packages/oslo_config/cfg.py:2602
2026-01-08 00:37:53.430 140106 DEBUG oslo_service.service [req-b2b2bb16-f357-4065-9feb-9798eeb03c3f - - - - -] use_stderr = False log_opt_values /usr/lib/python3/dist-packages/oslo_config/cfg.py:2602
2026-01-08 00:37:53.430 140106 DEBUG oslo_service.service [req-b2b2bb16-f357-4065-9feb-9798eeb03c3f - - - - -] use_syslog = False log_opt_values /usr/lib/python3/dist-packages/oslo_config/cfg.py:2602
2026-01-08 00:37:53.430 140106 DEBUG oslo_service.service [req-b2b2bb16-f357-4065-9feb-9798eeb03c3f - - - - -] vcpu_pin_set = None log_opt_values /usr/lib/python3/dist-packages/oslo_config/cfg.py:2602
2026-01-08 00:37:53.430 140106 DEBUG oslo_service.service [req-b2b2bb16-f357-4065-9feb-9798eeb03c3f - - - - -] vif_plugging_is_fatal = True log_opt_values /usr/lib/python3/dist-packages/oslo_config/cfg.py:2602
2026-01-08 00:37:53.431 140106 DEBUG oslo_service.service [req-b2b2bb16-f357-4065-9feb-9798eeb03c3f - - - - -] vif_plugging_timeout = 300 log_opt_values /usr/lib/python3/dist-packages/oslo_config/cfg.py:2602
2026-01-08 00:37:53.431 140106 DEBUG oslo_service.service [req-b2b2bb16-f357-4065-9feb-9798eeb03c3f - - - - -] virt_mkfs = [] log_opt_values /usr/lib/python3/dist-packages/oslo_config/cfg.py:2602
2026-01-08 00:37:53.431 140106 DEBUG oslo_service.service [req-b2b2bb16-f357-4065-9feb-9798eeb03c3f - - - - -] volume_usage_poll_interval = 0 log_opt_values /usr/lib/python3/dist-packages/oslo_config/cfg.py:2602
2026-01-08 00:37:53.431 140106 DEBUG oslo_service.service [req-b2b2bb16-f357-4065-9feb-9798eeb03c3f - - - - -] watch_log_file = False log_opt_values /usr/lib/python3/dist-packages/oslo_config/cfg.py:2602
2026-01-08 00:37:53.431 140106 DEBUG oslo_service.service [req-b2b2bb16-f357-4065-9feb-9798eeb03c3f - - - - -] web = /usr/share/spice-html5 log_opt_values /usr/lib/python3/dist-packages/oslo_config/cfg.py:2602
2026-01-08 00:37:53.432 140106 DEBUG oslo_service.service [req-b2b2bb16-f357-4065-9feb-9798eeb03c3f - - - - -] oslo_concurrency.disable_process_locking = False log_opt_values /usr/lib/python3/dist-packages/oslo_config/cfg.py:2609
2026-01-08 00:37:53.432 140106 DEBUG oslo_service.service [req-b2b2bb16-f357-4065-9feb-9798eeb03c3f - - - - -] oslo_concurrency.lock_path = /var/lock/nova log_opt_values /usr/lib/python3/dist-packages/oslo_config/cfg.py:2609
2026-01-08 00:37:53.432 140106 WARNING oslo_config.cfg [req-b2b2bb16-f357-4065-9feb-9798eeb03c3f - - - - -] Deprecated: Option "auth_strategy" from group "api" is deprecated for removal ( The only non-default choice, ``noauth2``, is for internal development and testing purposes only and should not be used in deployments. This option and its middleware, NoAuthMiddleware[V2_18], will be removed in a future release. ). Its value may be silently ignored in the future.
2026-01-08 00:37:53.433 140106 DEBUG oslo_service.service [req-b2b2bb16-f357-4065-9feb-9798eeb03c3f - - - - -] api.auth_strategy = keystone log_opt_values /usr/lib/python3/dist-packages/oslo_config/cfg.py:2609
2026-01-08 00:37:53.433 140106 DEBUG oslo_service.service [req-b2b2bb16-f357-4065-9feb-9798eeb03c3f - - - - -] api.compute_link_prefix = None log_opt_values /usr/lib/python3/dist-packages/oslo_config/cfg.py:2609
2026-01-08 00:37:53.433 140106 DEBUG oslo_service.service [req-b2b2bb16-f357-4065-9feb-9798eeb03c3f - - - - -] api.config_drive_skip_versions = 1.0 2007-01-19 2007-03-01 2007-08-29 2007-10-10 2007-12-15 2008-02-01 2008-09-01 log_opt_values /usr/lib/python3/dist-packages/oslo_config/cfg.py:2609
2026-01-08 00:37:53.434 140106 DEBUG oslo_service.service [req-b2b2bb16-f357-4065-9feb-9798eeb03c3f - - - - -] api.dhcp_domain = novalocal log_opt_values /usr/lib/python3/dist-packages/oslo_config/cfg.py:2609
2026-01-08 00:37:53.434 140106 DEBUG oslo_service.service [req-b2b2bb16-f357-4065-9feb-9798eeb03c3f - - - - -] api.enable_instance_password = True log_opt_values /usr/lib/python3/dist-packages/oslo_config/cfg.py:2609
2026-01-08 00:37:53.434 140106 DEBUG oslo_service.service [req-b2b2bb16-f357-4065-9feb-9798eeb03c3f - - - - -] api.glance_link_prefix = None log_opt_values /usr/lib/python3/dist-packages/oslo_config/cfg.py:2609
2026-01-08 00:37:53.434 140106 DEBUG oslo_service.service [req-b2b2bb16-f357-4065-9feb-9798eeb03c3f - - - - -] api.instance_list_cells_batch_fixed_size = 100 log_opt_values /usr/lib/python3/dist-packages/oslo_config/cfg.py:2609
2026-01-08 00:37:53.434 140106 DEBUG oslo_service.service [req-b2b2bb16-f357-4065-9feb-9798eeb03c3f - - - - -] api.instance_list_cells_batch_strategy = distributed log_opt_values /usr/lib/python3/dist-packages/oslo_config/cfg.py:2609
2026-01-08 00:37:53.435 140106 DEBUG oslo_service.service [req-b2b2bb16-f357-4065-9feb-9798eeb03c3f - - - - -] api.instance_list_per_project_cells = False log_opt_values /usr/lib/python3/dist-packages/oslo_config/cfg.py:2609
2026-01-08 00:37:53.435 140106 DEBUG oslo_service.service [req-b2b2bb16-f357-4065-9feb-9798eeb03c3f - - - - -] api.list_records_by_skipping_down_cells = True log_opt_values /usr/lib/python3/dist-packages/oslo_config/cfg.py:2609
2026-01-08 00:37:53.435 140106 DEBUG oslo_service.service [req-b2b2bb16-f357-4065-9feb-9798eeb03c3f - - - - -] api.local_metadata_per_cell = False log_opt_values /usr/lib/python3/dist-packages/oslo_config/cfg.py:2609
2026-01-08 00:37:53.435 140106 DEBUG oslo_service.service [req-b2b2bb16-f357-4065-9feb-9798eeb03c3f - - - - -] api.max_limit = 1000 log_opt_values /usr/lib/python3/dist-packages/oslo_config/cfg.py:2609
2026-01-08 00:37:53.435 140106 DEBUG oslo_service.service [req-b2b2bb16-f357-4065-9feb-9798eeb03c3f - - - - -] api.metadata_cache_expiration = 15 log_opt_values /usr/lib/python3/dist-packages/oslo_config/cfg.py:2609
2026-01-08 00:37:53.436 140106 DEBUG oslo_service.service [req-b2b2bb16-f357-4065-9feb-9798eeb03c3f - - - - -] api.neutron_default_tenant_id = default log_opt_values /usr/lib/python3/dist-packages/oslo_config/cfg.py:2609
2026-01-08 00:37:53.436 140106 DEBUG oslo_service.service [req-b2b2bb16-f357-4065-9feb-9798eeb03c3f - - - - -] api.use_forwarded_for = False log_opt_values /usr/lib/python3/dist-packages/oslo_config/cfg.py:2609
2026-01-08 00:37:53.436 140106 DEBUG oslo_service.service [req-b2b2bb16-f357-4065-9feb-9798eeb03c3f - - - - -] api.use_neutron_default_nets = False log_opt_values /usr/lib/python3/dist-packages/oslo_config/cfg.py:2609
2026-01-08 00:37:53.436 140106 DEBUG oslo_service.service [req-b2b2bb16-f357-4065-9feb-9798eeb03c3f - - - - -] api.vendordata_dynamic_connect_timeout = 5 log_opt_values /usr/lib/python3/dist-packages/oslo_config/cfg.py:2609
2026-01-08 00:37:53.437 140106 DEBUG oslo_service.service [req-b2b2bb16-f357-4065-9feb-9798eeb03c3f - - - - -] api.vendordata_dynamic_failure_fatal = False log_opt_values /usr/lib/python3/dist-packages/oslo_config/cfg.py:2609
2026-01-08 00:37:53.437 140106 DEBUG oslo_service.service [req-b2b2bb16-f357-4065-9feb-9798eeb03c3f - - - - -] api.vendordata_dynamic_read_timeout = 5 log_opt_values /usr/lib/python3/dist-packages/oslo_config/cfg.py:2609
2026-01-08 00:37:53.437 140106 DEBUG oslo_service.service [req-b2b2bb16-f357-4065-9feb-9798eeb03c3f - - - - -] api.vendordata_dynamic_ssl_certfile = log_opt_values /usr/lib/python3/dist-packages/oslo_config/cfg.py:2609
2026-01-08 00:37:53.437 140106 DEBUG oslo_service.service [req-b2b2bb16-f357-4065-9feb-9798eeb03c3f - - - - -] api.vendordata_dynamic_targets = [] log_opt_values /usr/lib/python3/dist-packages/oslo_config/cfg.py:2609
2026-01-08 00:37:53.437 140106 DEBUG oslo_service.service [req-b2b2bb16-f357-4065-9feb-9798eeb03c3f - - - - -] api.vendordata_jsonfile_path = None log_opt_values /usr/lib/python3/dist-packages/oslo_config/cfg.py:2609
2026-01-08 00:37:53.438 140106 DEBUG oslo_service.service [req-b2b2bb16-f357-4065-9feb-9798eeb03c3f - - - - -] api.vendordata_providers = ['StaticJSON'] log_opt_values /usr/lib/python3/dist-packages/oslo_config/cfg.py:2609
2026-01-08 00:37:53.438 140106 DEBUG oslo_service.service [req-b2b2bb16-f357-4065-9feb-9798eeb03c3f - - - - -] cache.backend = dogpile.cache.null log_opt_values /usr/lib/python3/dist-packages/oslo_config/cfg.py:2609
2026-01-08 00:37:53.438 140106 DEBUG oslo_service.service [req-b2b2bb16-f357-4065-9feb-9798eeb03c3f - - - - -] cache.backend_argument = **** log_opt_values /usr/lib/python3/dist-packages/oslo_config/cfg.py:2609
2026-01-08 00:37:53.438 140106 DEBUG oslo_service.service [req-b2b2bb16-f357-4065-9feb-9798eeb03c3f - - - - -] cache.config_prefix = cache.oslo log_opt_values /usr/lib/python3/dist-packages/oslo_config/cfg.py:2609
2026-01-08 00:37:53.439 140106 DEBUG oslo_service.service [req-b2b2bb16-f357-4065-9feb-9798eeb03c3f - - - - -] cache.debug_cache_backend = False log_opt_values /usr/lib/python3/dist-packages/oslo_config/cfg.py:2609
2026-01-08 00:37:53.439 140106 DEBUG oslo_service.service [req-b2b2bb16-f357-4065-9feb-9798eeb03c3f - - - - -] cache.enabled = False log_opt_values /usr/lib/python3/dist-packages/oslo_config/cfg.py:2609
2026-01-08 00:37:53.439 140106 DEBUG oslo_service.service [req-b2b2bb16-f357-4065-9feb-9798eeb03c3f - - - - -] cache.expiration_time = 600 log_opt_values /usr/lib/python3/dist-packages/oslo_config/cfg.py:2609
2026-01-08 00:37:53.439 140106 DEBUG oslo_service.service [req-b2b2bb16-f357-4065-9feb-9798eeb03c3f - - - - -] cache.memcache_dead_retry = 300 log_opt_values /usr/lib/python3/dist-packages/oslo_config/cfg.py:2609
2026-01-08 00:37:53.440 140106 DEBUG oslo_service.service [req-b2b2bb16-f357-4065-9feb-9798eeb03c3f - - - - -] cache.memcache_pool_connection_get_timeout = 10 log_opt_values /usr/lib/python3/dist-packages/oslo_config/cfg.py:2609
2026-01-08 00:37:53.440 140106 DEBUG oslo_service.service [req-b2b2bb16-f357-4065-9feb-9798eeb03c3f - - - - -] cache.memcache_pool_flush_on_reconnect = False log_opt_values /usr/lib/python3/dist-packages/oslo_config/cfg.py:2609
2026-01-08 00:37:53.440 140106 DEBUG oslo_service.service [req-b2b2bb16-f357-4065-9feb-9798eeb03c3f - - - - -] cache.memcache_pool_maxsize = 10 log_opt_values /usr/lib/python3/dist-packages/oslo_config/cfg.py:2609
2026-01-08 00:37:53.440 140106 DEBUG oslo_service.service [req-b2b2bb16-f357-4065-9feb-9798eeb03c3f - - - - -] cache.memcache_pool_unused_timeout = 60 log_opt_values /usr/lib/python3/dist-packages/oslo_config/cfg.py:2609
2026-01-08 00:37:53.440 140106 DEBUG oslo_service.service [req-b2b2bb16-f357-4065-9feb-9798eeb03c3f - - - - -] cache.memcache_servers = ['localhost:11211'] log_opt_values /usr/lib/python3/dist-packages/oslo_config/cfg.py:2609
2026-01-08 00:37:53.441 140106 DEBUG oslo_service.service [req-b2b2bb16-f357-4065-9feb-9798eeb03c3f - - - - -] cache.memcache_socket_timeout = 1.0 log_opt_values /usr/lib/python3/dist-packages/oslo_config/cfg.py:2609
2026-01-08 00:37:53.441 140106 DEBUG oslo_service.service [req-b2b2bb16-f357-4065-9feb-9798eeb03c3f - - - - -] cache.proxies = [] log_opt_values /usr/lib/python3/dist-packages/oslo_config/cfg.py:2609
2026-01-08 00:37:53.441 140106 DEBUG oslo_service.service [req-b2b2bb16-f357-4065-9feb-9798eeb03c3f - - - - -] cache.tls_allowed_ciphers = None log_opt_values /usr/lib/python3/dist-packages/oslo_config/cfg.py:2609
2026-01-08 00:37:53.441 140106 DEBUG oslo_service.service [req-b2b2bb16-f357-4065-9feb-9798eeb03c3f - - - - -] cache.tls_cafile = None log_opt_values /usr/lib/python3/dist-packages/oslo_config/cfg.py:2609
2026-01-08 00:37:53.441 140106 DEBUG oslo_service.service [req-b2b2bb16-f357-4065-9feb-9798eeb03c3f - - - - -] cache.tls_certfile = None log_opt_values /usr/lib/python3/dist-packages/oslo_config/cfg.py:2609
2026-01-08 00:37:53.442 140106 DEBUG oslo_service.service [req-b2b2bb16-f357-4065-9feb-9798eeb03c3f - - - - -] cache.tls_enabled = False log_opt_values /usr/lib/python3/dist-packages/oslo_config/cfg.py:2609
2026-01-08 00:37:53.442 140106 DEBUG oslo_service.service [req-b2b2bb16-f357-4065-9feb-9798eeb03c3f - - - - -] cache.tls_keyfile = None log_opt_values /usr/lib/python3/dist-packages/oslo_config/cfg.py:2609
2026-01-08 00:37:53.442 140106 DEBUG oslo_service.service [req-b2b2bb16-f357-4065-9feb-9798eeb03c3f - - - - -] cinder.auth_section = None log_opt_values /usr/lib/python3/dist-packages/oslo_config/cfg.py:2609
2026-01-08 00:37:53.442 140106 DEBUG oslo_service.service [req-b2b2bb16-f357-4065-9feb-9798eeb03c3f - - - - -] cinder.auth_type = None log_opt_values /usr/lib/python3/dist-packages/oslo_config/cfg.py:2609
2026-01-08 00:37:53.442 140106 DEBUG oslo_service.service [req-b2b2bb16-f357-4065-9feb-9798eeb03c3f - - - - -] cinder.cafile = None log_opt_values /usr/lib/python3/dist-packages/oslo_config/cfg.py:2609
2026-01-08 00:37:53.443 140106 DEBUG oslo_service.service [req-b2b2bb16-f357-4065-9feb-9798eeb03c3f - - - - -] cinder.catalog_info = volumev3::publicURL log_opt_values /usr/lib/python3/dist-packages/oslo_config/cfg.py:2609
2026-01-08 00:37:53.443 140106 DEBUG oslo_service.service [req-b2b2bb16-f357-4065-9feb-9798eeb03c3f - - - - -] cinder.certfile = None log_opt_values /usr/lib/python3/dist-packages/oslo_config/cfg.py:2609
2026-01-08 00:37:53.443 140106 DEBUG oslo_service.service [req-b2b2bb16-f357-4065-9feb-9798eeb03c3f - - - - -] cinder.collect_timing = False log_opt_values /usr/lib/python3/dist-packages/oslo_config/cfg.py:2609
2026-01-08 00:37:53.443 140106 DEBUG oslo_service.service [req-b2b2bb16-f357-4065-9feb-9798eeb03c3f - - - - -] cinder.cross_az_attach = True log_opt_values /usr/lib/python3/dist-packages/oslo_config/cfg.py:2609
2026-01-08 00:37:53.443 140619 DEBUG nova.service [req-b128a6e2-02f0-46da-9950-05e40452a5dd - - - - -] Creating RPC server for service scheduler start /usr/lib/python3/dist-packages/nova/service.py:182
2026-01-08 00:37:53.443 140106 DEBUG oslo_service.service [req-b2b2bb16-f357-4065-9feb-9798eeb03c3f - - - - -] cinder.debug = False log_opt_values /usr/lib/python3/dist-packages/oslo_config/cfg.py:2609
2026-01-08 00:37:53.444 140106 DEBUG oslo_service.service [req-b2b2bb16-f357-4065-9feb-9798eeb03c3f - - - - -] cinder.endpoint_template = None log_opt_values /usr/lib/python3/dist-packages/oslo_config/cfg.py:2609
2026-01-08 00:37:53.444 140106 DEBUG oslo_service.service [req-b2b2bb16-f357-4065-9feb-9798eeb03c3f - - - - -] cinder.http_retries = 3 log_opt_values /usr/lib/python3/dist-packages/oslo_config/cfg.py:2609
2026-01-08 00:37:53.444 140106 DEBUG oslo_service.service [req-b2b2bb16-f357-4065-9feb-9798eeb03c3f - - - - -] cinder.insecure = False log_opt_values /usr/lib/python3/dist-packages/oslo_config/cfg.py:2609
2026-01-08 00:37:53.444 140106 DEBUG oslo_service.service [req-b2b2bb16-f357-4065-9feb-9798eeb03c3f - - - - -] cinder.keyfile = None log_opt_values /usr/lib/python3/dist-packages/oslo_config/cfg.py:2609
2026-01-08 00:37:53.445 140106 DEBUG oslo_service.service [req-b2b2bb16-f357-4065-9feb-9798eeb03c3f - - - - -] cinder.os_region_name = None log_opt_values /usr/lib/python3/dist-packages/oslo_config/cfg.py:2609
2026-01-08 00:37:53.445 140106 DEBUG oslo_service.service [req-b2b2bb16-f357-4065-9feb-9798eeb03c3f - - - - -] cinder.split_loggers = False log_opt_values /usr/lib/python3/dist-packages/oslo_config/cfg.py:2609
2026-01-08 00:37:53.445 140106 DEBUG oslo_service.service [req-b2b2bb16-f357-4065-9feb-9798eeb03c3f - - - - -] cinder.timeout = None log_opt_values /usr/lib/python3/dist-packages/oslo_config/cfg.py:2609
2026-01-08 00:37:53.445 140106 DEBUG oslo_service.service [req-b2b2bb16-f357-4065-9feb-9798eeb03c3f - - - - -] compute.consecutive_build_service_disable_threshold = 10 log_opt_values /usr/lib/python3/dist-packages/oslo_config/cfg.py:2609
2026-01-08 00:37:53.445 140106 DEBUG oslo_service.service [req-b2b2bb16-f357-4065-9feb-9798eeb03c3f - - - - -] compute.cpu_dedicated_set = None log_opt_values /usr/lib/python3/dist-packages/oslo_config/cfg.py:2609
2026-01-08 00:37:53.445 140106 DEBUG oslo_service.service [req-b2b2bb16-f357-4065-9feb-9798eeb03c3f - - - - -] compute.cpu_shared_set = None log_opt_values /usr/lib/python3/dist-packages/oslo_config/cfg.py:2609
2026-01-08 00:37:53.446 140106 DEBUG oslo_service.service [req-b2b2bb16-f357-4065-9feb-9798eeb03c3f - - - - -] compute.image_type_exclude_list = [] log_opt_values /usr/lib/python3/dist-packages/oslo_config/cfg.py:2609
2026-01-08 00:37:53.446 140106 DEBUG oslo_service.service [req-b2b2bb16-f357-4065-9feb-9798eeb03c3f - - - - -] compute.live_migration_wait_for_vif_plug = True log_opt_values /usr/lib/python3/dist-packages/oslo_config/cfg.py:2609
2026-01-08 00:37:53.446 140106 DEBUG oslo_service.service [req-b2b2bb16-f357-4065-9feb-9798eeb03c3f - - - - -] compute.max_concurrent_disk_ops = 0 log_opt_values /usr/lib/python3/dist-packages/oslo_config/cfg.py:2609
2026-01-08 00:37:53.446 140106 DEBUG oslo_service.service [req-b2b2bb16-f357-4065-9feb-9798eeb03c3f - - - - -] compute.max_disk_devices_to_attach = -1 log_opt_values /usr/lib/python3/dist-packages/oslo_config/cfg.py:2609
2026-01-08 00:37:53.446 140106 DEBUG oslo_service.service [req-b2b2bb16-f357-4065-9feb-9798eeb03c3f - - - - -] compute.packing_host_numa_cells_allocation_strategy = True log_opt_values /usr/lib/python3/dist-packages/oslo_config/cfg.py:2609
2026-01-08 00:37:53.447 140106 DEBUG oslo_service.service [req-b2b2bb16-f357-4065-9feb-9798eeb03c3f - - - - -] compute.provider_config_location = /etc/nova/provider_config/ log_opt_values /usr/lib/python3/dist-packages/oslo_config/cfg.py:2609
2026-01-08 00:37:53.447 140106 DEBUG oslo_service.service [req-b2b2bb16-f357-4065-9feb-9798eeb03c3f - - - - -] compute.resource_provider_association_refresh = 300 log_opt_values /usr/lib/python3/dist-packages/oslo_config/cfg.py:2609
2026-01-08 00:37:53.447 140106 DEBUG oslo_service.service [req-b2b2bb16-f357-4065-9feb-9798eeb03c3f - - - - -] compute.shutdown_retry_interval = 10 log_opt_values /usr/lib/python3/dist-packages/oslo_config/cfg.py:2609
2026-01-08 00:37:53.447 140106 DEBUG oslo_service.service [req-b2b2bb16-f357-4065-9feb-9798eeb03c3f - - - - -] compute.vmdk_allowed_types = ['streamOptimized', 'monolithicSparse'] log_opt_values /usr/lib/python3/dist-packages/oslo_config/cfg.py:2609
2026-01-08 00:37:53.447 140106 DEBUG oslo_service.service [req-b2b2bb16-f357-4065-9feb-9798eeb03c3f - - - - -] conductor.workers = 4 log_opt_values /usr/lib/python3/dist-packages/oslo_config/cfg.py:2609
2026-01-08 00:37:53.448 140106 DEBUG oslo_service.service [req-b2b2bb16-f357-4065-9feb-9798eeb03c3f - - - - -] console.allowed_origins = [] log_opt_values /usr/lib/python3/dist-packages/oslo_config/cfg.py:2609
2026-01-08 00:37:53.448 140106 DEBUG oslo_service.service [req-b2b2bb16-f357-4065-9feb-9798eeb03c3f - - - - -] console.ssl_ciphers = None log_opt_values /usr/lib/python3/dist-packages/oslo_config/cfg.py:2609
2026-01-08 00:37:53.448 140106 DEBUG oslo_service.service [req-b2b2bb16-f357-4065-9feb-9798eeb03c3f - - - - -] console.ssl_minimum_version = default log_opt_values /usr/lib/python3/dist-packages/oslo_config/cfg.py:2609
2026-01-08 00:37:53.448 140106 DEBUG oslo_service.service [req-b2b2bb16-f357-4065-9feb-9798eeb03c3f - - - - -] consoleauth.token_ttl = 600 log_opt_values /usr/lib/python3/dist-packages/oslo_config/cfg.py:2609
2026-01-08 00:37:53.448 140106 DEBUG oslo_service.service [req-b2b2bb16-f357-4065-9feb-9798eeb03c3f - - - - -] cyborg.cafile = None log_opt_values /usr/lib/python3/dist-packages/oslo_config/cfg.py:2609
2026-01-08 00:37:53.449 140106 DEBUG oslo_service.service [req-b2b2bb16-f357-4065-9feb-9798eeb03c3f - - - - -] cyborg.certfile = None log_opt_values /usr/lib/python3/dist-packages/oslo_config/cfg.py:2609
2026-01-08 00:37:53.449 140106 DEBUG oslo_service.service [req-b2b2bb16-f357-4065-9feb-9798eeb03c3f - - - - -] cyborg.collect_timing = False log_opt_values /usr/lib/python3/dist-packages/oslo_config/cfg.py:2609
2026-01-08 00:37:53.449 140106 DEBUG oslo_service.service [req-b2b2bb16-f357-4065-9feb-9798eeb03c3f - - - - -] cyborg.connect_retries = None log_opt_values /usr/lib/python3/dist-packages/oslo_config/cfg.py:2609
2026-01-08 00:37:53.449 140106 DEBUG oslo_service.service [req-b2b2bb16-f357-4065-9feb-9798eeb03c3f - - - - -] cyborg.connect_retry_delay = None log_opt_values /usr/lib/python3/dist-packages/oslo_config/cfg.py:2609
2026-01-08 00:37:53.449 140106 DEBUG oslo_service.service [req-b2b2bb16-f357-4065-9feb-9798eeb03c3f - - - - -] cyborg.endpoint_override = None log_opt_values /usr/lib/python3/dist-packages/oslo_config/cfg.py:2609
2026-01-08 00:37:53.450 140106 DEBUG oslo_service.service [req-b2b2bb16-f357-4065-9feb-9798eeb03c3f - - - - -] cyborg.insecure = False log_opt_values /usr/lib/python3/dist-packages/oslo_config/cfg.py:2609
2026-01-08 00:37:53.450 140106 DEBUG oslo_service.service [req-b2b2bb16-f357-4065-9feb-9798eeb03c3f - - - - -] cyborg.keyfile = None log_opt_values /usr/lib/python3/dist-packages/oslo_config/cfg.py:2609
2026-01-08 00:37:53.450 140106 DEBUG oslo_service.service [req-b2b2bb16-f357-4065-9feb-9798eeb03c3f - - - - -] cyborg.max_version = None log_opt_values /usr/lib/python3/dist-packages/oslo_config/cfg.py:2609
2026-01-08 00:37:53.450 140106 DEBUG oslo_service.service [req-b2b2bb16-f357-4065-9feb-9798eeb03c3f - - - - -] cyborg.min_version = None log_opt_values /usr/lib/python3/dist-packages/oslo_config/cfg.py:2609
2026-01-08 00:37:53.450 140106 DEBUG oslo_service.service [req-b2b2bb16-f357-4065-9feb-9798eeb03c3f - - - - -] cyborg.region_name = None log_opt_values /usr/lib/python3/dist-packages/oslo_config/cfg.py:2609
2026-01-08 00:37:53.451 140106 DEBUG oslo_service.service [req-b2b2bb16-f357-4065-9feb-9798eeb03c3f - - - - -] cyborg.service_name = None log_opt_values /usr/lib/python3/dist-packages/oslo_config/cfg.py:2609
2026-01-08 00:37:53.451 140106 DEBUG oslo_service.service [req-b2b2bb16-f357-4065-9feb-9798eeb03c3f - - - - -] cyborg.service_type = accelerator log_opt_values /usr/lib/python3/dist-packages/oslo_config/cfg.py:2609
2026-01-08 00:37:53.451 140106 DEBUG oslo_service.service [req-b2b2bb16-f357-4065-9feb-9798eeb03c3f - - - - -] cyborg.split_loggers = False log_opt_values /usr/lib/python3/dist-packages/oslo_config/cfg.py:2609
2026-01-08 00:37:53.451 140106 DEBUG oslo_service.service [req-b2b2bb16-f357-4065-9feb-9798eeb03c3f - - - - -] cyborg.status_code_retries = None log_opt_values /usr/lib/python3/dist-packages/oslo_config/cfg.py:2609
2026-01-08 00:37:53.451 140106 DEBUG oslo_service.service [req-b2b2bb16-f357-4065-9feb-9798eeb03c3f - - - - -] cyborg.status_code_retry_delay = None log_opt_values /usr/lib/python3/dist-packages/oslo_config/cfg.py:2609
2026-01-08 00:37:53.452 140106 DEBUG oslo_service.service [req-b2b2bb16-f357-4065-9feb-9798eeb03c3f - - - - -] cyborg.timeout = None log_opt_values /usr/lib/python3/dist-packages/oslo_config/cfg.py:2609
2026-01-08 00:37:53.452 140106 DEBUG oslo_service.service [req-b2b2bb16-f357-4065-9feb-9798eeb03c3f - - - - -] cyborg.valid_interfaces = ['internal', 'public'] log_opt_values /usr/lib/python3/dist-packages/oslo_config/cfg.py:2609
2026-01-08 00:37:53.452 140106 DEBUG oslo_service.service [req-b2b2bb16-f357-4065-9feb-9798eeb03c3f - - - - -] cyborg.version = None log_opt_values /usr/lib/python3/dist-packages/oslo_config/cfg.py:2609
2026-01-08 00:37:53.452 140617 DEBUG oslo_messaging._drivers.amqpdriver [-] Listener is running poll /usr/lib/python3/dist-packages/oslo_messaging/_drivers/amqpdriver.py:343
2026-01-08 00:37:53.452 140106 DEBUG oslo_service.service [req-b2b2bb16-f357-4065-9feb-9798eeb03c3f - - - - -] database.backend = sqlalchemy log_opt_values /usr/lib/python3/dist-packages/oslo_config/cfg.py:2609
2026-01-08 00:37:53.452 140617 DEBUG oslo_messaging._drivers.amqpdriver [-] AMQPListener connection consume poll /usr/lib/python3/dist-packages/oslo_messaging/_drivers/amqpdriver.py:357
2026-01-08 00:37:53.452 140106 DEBUG oslo_service.service [req-b2b2bb16-f357-4065-9feb-9798eeb03c3f - - - - -] database.connection = **** log_opt_values /usr/lib/python3/dist-packages/oslo_config/cfg.py:2609
2026-01-08 00:37:53.453 140106 DEBUG oslo_service.service [req-b2b2bb16-f357-4065-9feb-9798eeb03c3f - - - - -] database.connection_debug = 0 log_opt_values /usr/lib/python3/dist-packages/oslo_config/cfg.py:2609
2026-01-08 00:37:53.453 140106 DEBUG oslo_service.service [req-b2b2bb16-f357-4065-9feb-9798eeb03c3f - - - - -] database.connection_parameters = log_opt_values /usr/lib/python3/dist-packages/oslo_config/cfg.py:2609
2026-01-08 00:37:53.453 140106 DEBUG oslo_service.service [req-b2b2bb16-f357-4065-9feb-9798eeb03c3f - - - - -] database.connection_recycle_time = 3600 log_opt_values /usr/lib/python3/dist-packages/oslo_config/cfg.py:2609
2026-01-08 00:37:53.453 140617 DEBUG nova.service [req-c62ea3a7-4ce3-44cf-8fc3-ce2fb82132cd - - - - -] Join ServiceGroup membership for this service scheduler start /usr/lib/python3/dist-packages/nova/service.py:199
2026-01-08 00:37:53.453 140106 DEBUG oslo_service.service [req-b2b2bb16-f357-4065-9feb-9798eeb03c3f - - - - -] database.connection_trace = False log_opt_values /usr/lib/python3/dist-packages/oslo_config/cfg.py:2609
2026-01-08 00:37:53.453 140106 DEBUG oslo_service.service [req-b2b2bb16-f357-4065-9feb-9798eeb03c3f - - - - -] database.db_inc_retry_interval = True log_opt_values /usr/lib/python3/dist-packages/oslo_config/cfg.py:2609
2026-01-08 00:37:53.453 140617 DEBUG nova.servicegroup.drivers.db [req-c62ea3a7-4ce3-44cf-8fc3-ce2fb82132cd - - - - -] DB_Driver: join new ServiceGroup member juju-5b0e15-0-lxd-7 to the scheduler group, service = join /usr/lib/python3/dist-packages/nova/servicegroup/drivers/db.py:44
2026-01-08 00:37:53.453 140620 DEBUG oslo_messaging._drivers.amqpdriver [-] Listener is running poll /usr/lib/python3/dist-packages/oslo_messaging/_drivers/amqpdriver.py:343
2026-01-08 00:37:53.453 140106 DEBUG oslo_service.service [req-b2b2bb16-f357-4065-9feb-9798eeb03c3f - - - - -] database.db_max_retries = 20 log_opt_values /usr/lib/python3/dist-packages/oslo_config/cfg.py:2609
2026-01-08 00:37:53.454 140620 DEBUG oslo_messaging._drivers.amqpdriver [-] AMQPListener connection consume poll /usr/lib/python3/dist-packages/oslo_messaging/_drivers/amqpdriver.py:357
2026-01-08 00:37:53.454 140106 DEBUG oslo_service.service [req-b2b2bb16-f357-4065-9feb-9798eeb03c3f - - - - -] database.db_max_retry_interval = 10 log_opt_values /usr/lib/python3/dist-packages/oslo_config/cfg.py:2609
2026-01-08 00:37:53.454 140106 DEBUG oslo_service.service [req-b2b2bb16-f357-4065-9feb-9798eeb03c3f - - - - -] database.db_retry_interval = 1 log_opt_values /usr/lib/python3/dist-packages/oslo_config/cfg.py:2609
2026-01-08 00:37:53.454 140106 DEBUG oslo_service.service [req-b2b2bb16-f357-4065-9feb-9798eeb03c3f - - - - -] database.max_overflow = 50 log_opt_values /usr/lib/python3/dist-packages/oslo_config/cfg.py:2609
2026-01-08 00:37:53.454 140106 DEBUG oslo_service.service [req-b2b2bb16-f357-4065-9feb-9798eeb03c3f - - - - -] database.max_pool_size = 4 log_opt_values /usr/lib/python3/dist-packages/oslo_config/cfg.py:2609
2026-01-08 00:37:53.455 140106 DEBUG oslo_service.service [req-b2b2bb16-f357-4065-9feb-9798eeb03c3f - - - - -] database.max_retries = 10 log_opt_values /usr/lib/python3/dist-packages/oslo_config/cfg.py:2609
2026-01-08 00:37:53.455 140106 DEBUG oslo_service.service [req-b2b2bb16-f357-4065-9feb-9798eeb03c3f - - - - -] database.mysql_enable_ndb = False log_opt_values /usr/lib/python3/dist-packages/oslo_config/cfg.py:2609
2026-01-08 00:37:53.455 140106 DEBUG oslo_service.service [req-b2b2bb16-f357-4065-9feb-9798eeb03c3f - - - - -] database.mysql_sql_mode = TRADITIONAL log_opt_values /usr/lib/python3/dist-packages/oslo_config/cfg.py:2609
2026-01-08 00:37:53.455 140106 DEBUG oslo_service.service [req-b2b2bb16-f357-4065-9feb-9798eeb03c3f - - - - -] database.pool_timeout = None log_opt_values /usr/lib/python3/dist-packages/oslo_config/cfg.py:2609
2026-01-08 00:37:53.455 140106 DEBUG oslo_service.service [req-b2b2bb16-f357-4065-9feb-9798eeb03c3f - - - - -] database.retry_interval = 10 log_opt_values /usr/lib/python3/dist-packages/oslo_config/cfg.py:2609
2026-01-08 00:37:53.456 140106 DEBUG oslo_service.service [req-b2b2bb16-f357-4065-9feb-9798eeb03c3f - - - - -] database.slave_connection = **** log_opt_values /usr/lib/python3/dist-packages/oslo_config/cfg.py:2609
2026-01-08 00:37:53.455 140620 DEBUG nova.service [req-b65a5260-783e-4598-b36a-2a11e30d860f - - - - -] Join ServiceGroup membership for this service scheduler start /usr/lib/python3/dist-packages/nova/service.py:199
2026-01-08 00:37:53.456 140106 DEBUG oslo_service.service [req-b2b2bb16-f357-4065-9feb-9798eeb03c3f - - - - -] database.sqlite_synchronous = True log_opt_values /usr/lib/python3/dist-packages/oslo_config/cfg.py:2609
2026-01-08 00:37:53.456 140620 DEBUG nova.servicegroup.drivers.db [req-b65a5260-783e-4598-b36a-2a11e30d860f - - - - -] DB_Driver: join new ServiceGroup member juju-5b0e15-0-lxd-7 to the scheduler group, service = join /usr/lib/python3/dist-packages/nova/servicegroup/drivers/db.py:44
2026-01-08 00:37:53.456 140618 DEBUG oslo_messaging._drivers.amqpdriver [-] Listener is running poll /usr/lib/python3/dist-packages/oslo_messaging/_drivers/amqpdriver.py:343
2026-01-08 00:37:53.456 140106 DEBUG oslo_service.service [req-b2b2bb16-f357-4065-9feb-9798eeb03c3f - - - - -] database.use_db_reconnect = False log_opt_values /usr/lib/python3/dist-packages/oslo_config/cfg.py:2609
2026-01-08 00:37:53.456 140618 DEBUG oslo_messaging._drivers.amqpdriver [-] AMQPListener connection consume poll /usr/lib/python3/dist-packages/oslo_messaging/_drivers/amqpdriver.py:357
2026-01-08 00:37:53.456 140617 DEBUG oslo_messaging._drivers.amqpdriver [-] AMQPListener connection timeout poll /usr/lib/python3/dist-packages/oslo_messaging/_drivers/amqpdriver.py:360
2026-01-08 00:37:53.456 140106 DEBUG oslo_service.service [req-b2b2bb16-f357-4065-9feb-9798eeb03c3f - - - - -] api_database.backend = sqlalchemy log_opt_values /usr/lib/python3/dist-packages/oslo_config/cfg.py:2609
2026-01-08 00:37:53.456 140617 DEBUG oslo_messaging._drivers.amqpdriver [-] Listener is running poll /usr/lib/python3/dist-packages/oslo_messaging/_drivers/amqpdriver.py:343
2026-01-08 00:37:53.456 140106 DEBUG oslo_service.service [req-b2b2bb16-f357-4065-9feb-9798eeb03c3f - - - - -] api_database.connection = **** log_opt_values /usr/lib/python3/dist-packages/oslo_config/cfg.py:2609
2026-01-08 00:37:53.457 140617 DEBUG oslo_messaging._drivers.amqpdriver [-] AMQPListener connection consume poll /usr/lib/python3/dist-packages/oslo_messaging/_drivers/amqpdriver.py:357
2026-01-08 00:37:53.457 140106 DEBUG oslo_service.service [req-b2b2bb16-f357-4065-9feb-9798eeb03c3f - - - - -] api_database.connection_debug = 0 log_opt_values /usr/lib/python3/dist-packages/oslo_config/cfg.py:2609
2026-01-08 00:37:53.457 140106 DEBUG oslo_service.service [req-b2b2bb16-f357-4065-9feb-9798eeb03c3f - - - - -] api_database.connection_parameters = log_opt_values /usr/lib/python3/dist-packages/oslo_config/cfg.py:2609
2026-01-08 00:37:53.457 140106 DEBUG oslo_service.service [req-b2b2bb16-f357-4065-9feb-9798eeb03c3f - - - - -] api_database.connection_recycle_time = 3600 log_opt_values /usr/lib/python3/dist-packages/oslo_config/cfg.py:2609
2026-01-08 00:37:53.457 140618 DEBUG nova.service [req-a16baec4-6144-45f3-ae46-59ca72b3aa88 - - - - -] Join ServiceGroup membership for this service scheduler start /usr/lib/python3/dist-packages/nova/service.py:199
2026-01-08 00:37:53.457 140106 DEBUG oslo_service.service [req-b2b2bb16-f357-4065-9feb-9798eeb03c3f - - - - -] api_database.connection_trace = False log_opt_values /usr/lib/python3/dist-packages/oslo_config/cfg.py:2609
2026-01-08 00:37:53.457 140106 DEBUG oslo_service.service [req-b2b2bb16-f357-4065-9feb-9798eeb03c3f - - - - -] api_database.db_inc_retry_interval = True log_opt_values /usr/lib/python3/dist-packages/oslo_config/cfg.py:2609
2026-01-08 00:37:53.458 140106 DEBUG oslo_service.service [req-b2b2bb16-f357-4065-9feb-9798eeb03c3f - - - - -] api_database.db_max_retries = 20 log_opt_values /usr/lib/python3/dist-packages/oslo_config/cfg.py:2609
2026-01-08 00:37:53.458 140106 DEBUG oslo_service.service [req-b2b2bb16-f357-4065-9feb-9798eeb03c3f - - - - -] api_database.db_max_retry_interval = 10 log_opt_values /usr/lib/python3/dist-packages/oslo_config/cfg.py:2609
2026-01-08 00:37:53.458 140106 DEBUG oslo_service.service [req-b2b2bb16-f357-4065-9feb-9798eeb03c3f - - - - -] api_database.db_retry_interval = 1 log_opt_values /usr/lib/python3/dist-packages/oslo_config/cfg.py:2609
2026-01-08 00:37:53.457 140618 DEBUG nova.servicegroup.drivers.db [req-a16baec4-6144-45f3-ae46-59ca72b3aa88 - - - - -] DB_Driver: join new ServiceGroup member juju-5b0e15-0-lxd-7 to the scheduler group, service = join /usr/lib/python3/dist-packages/nova/servicegroup/drivers/db.py:44
2026-01-08 00:37:53.458 140106 DEBUG oslo_service.service [req-b2b2bb16-f357-4065-9feb-9798eeb03c3f - - - - -] api_database.max_overflow = 50 log_opt_values /usr/lib/python3/dist-packages/oslo_config/cfg.py:2609
2026-01-08 00:37:53.458 140106 DEBUG oslo_service.service [req-b2b2bb16-f357-4065-9feb-9798eeb03c3f - - - - -] api_database.max_pool_size = 4 log_opt_values /usr/lib/python3/dist-packages/oslo_config/cfg.py:2609
2026-01-08 00:37:53.458 140620 DEBUG oslo_messaging._drivers.amqpdriver [-] AMQPListener connection timeout poll /usr/lib/python3/dist-packages/oslo_messaging/_drivers/amqpdriver.py:360
2026-01-08 00:37:53.459 140106 DEBUG oslo_service.service [req-b2b2bb16-f357-4065-9feb-9798eeb03c3f - - - - -] api_database.max_retries = 10 log_opt_values /usr/lib/python3/dist-packages/oslo_config/cfg.py:2609
2026-01-08 00:37:53.459 140620 DEBUG oslo_messaging._drivers.amqpdriver [-] Listener is running poll /usr/lib/python3/dist-packages/oslo_messaging/_drivers/amqpdriver.py:343
2026-01-08 00:37:53.459 140620 DEBUG oslo_messaging._drivers.amqpdriver [-] AMQPListener connection consume poll /usr/lib/python3/dist-packages/oslo_messaging/_drivers/amqpdriver.py:357
2026-01-08 00:37:53.459 140106 DEBUG oslo_service.service [req-b2b2bb16-f357-4065-9feb-9798eeb03c3f - - - - -] api_database.mysql_enable_ndb = False log_opt_values /usr/lib/python3/dist-packages/oslo_config/cfg.py:2609
2026-01-08 00:37:53.459 140106 DEBUG oslo_service.service [req-b2b2bb16-f357-4065-9feb-9798eeb03c3f - - - - -] api_database.mysql_sql_mode = TRADITIONAL log_opt_values /usr/lib/python3/dist-packages/oslo_config/cfg.py:2609
2026-01-08 00:37:53.459 140106 DEBUG oslo_service.service [req-b2b2bb16-f357-4065-9feb-9798eeb03c3f - - - - -] api_database.pool_timeout = None log_opt_values /usr/lib/python3/dist-packages/oslo_config/cfg.py:2609
2026-01-08 00:37:53.459 140106 DEBUG oslo_service.service [req-b2b2bb16-f357-4065-9feb-9798eeb03c3f - - - - -] api_database.retry_interval = 10 log_opt_values /usr/lib/python3/dist-packages/oslo_config/cfg.py:2609
2026-01-08 00:37:53.459 140106 DEBUG oslo_service.service [req-b2b2bb16-f357-4065-9feb-9798eeb03c3f - - - - -] api_database.slave_connection = **** log_opt_values /usr/lib/python3/dist-packages/oslo_config/cfg.py:2609
2026-01-08 00:37:53.460 140106 DEBUG oslo_service.service [req-b2b2bb16-f357-4065-9feb-9798eeb03c3f - - - - -] api_database.sqlite_synchronous = True log_opt_values /usr/lib/python3/dist-packages/oslo_config/cfg.py:2609
2026-01-08 00:37:53.460 140106 DEBUG oslo_service.service [req-b2b2bb16-f357-4065-9feb-9798eeb03c3f - - - - -] devices.enabled_mdev_types = [] log_opt_values /usr/lib/python3/dist-packages/oslo_config/cfg.py:2609
2026-01-08 00:37:53.460 140106 DEBUG oslo_service.service [req-b2b2bb16-f357-4065-9feb-9798eeb03c3f - - - - -] ephemeral_storage_encryption.cipher = aes-xts-plain64 log_opt_values /usr/lib/python3/dist-packages/oslo_config/cfg.py:2609
2026-01-08 00:37:53.460 140106 DEBUG oslo_service.service [req-b2b2bb16-f357-4065-9feb-9798eeb03c3f - - - - -] ephemeral_storage_encryption.enabled = False log_opt_values /usr/lib/python3/dist-packages/oslo_config/cfg.py:2609
2026-01-08 00:37:53.461 140106 DEBUG oslo_service.service [req-b2b2bb16-f357-4065-9feb-9798eeb03c3f - - - - -] ephemeral_storage_encryption.key_size = 512 log_opt_values /usr/lib/python3/dist-packages/oslo_config/cfg.py:2609
2026-01-08 00:37:53.461 140106 WARNING oslo_config.cfg [req-b2b2bb16-f357-4065-9feb-9798eeb03c3f - - - - -] Deprecated: Option "api_servers" from group "glance" is deprecated for removal ( Support for image service configuration via standard keystoneauth1 Adapter options was added in the 17.0.0 Queens release. The api_servers option was retained temporarily to allow consumers time to cut over to a real load balancing solution. ). Its value may be silently ignored in the future.
2026-01-08 00:37:53.461 140106 DEBUG oslo_service.service [req-b2b2bb16-f357-4065-9feb-9798eeb03c3f - - - - -] glance.api_servers = ['http://252.129.170.34:9292'] log_opt_values /usr/lib/python3/dist-packages/oslo_config/cfg.py:2609
2026-01-08 00:37:53.462 140106 DEBUG oslo_service.service [req-b2b2bb16-f357-4065-9feb-9798eeb03c3f - - - - -] glance.cafile = None log_opt_values /usr/lib/python3/dist-packages/oslo_config/cfg.py:2609
2026-01-08 00:37:53.462 140106 DEBUG oslo_service.service [req-b2b2bb16-f357-4065-9feb-9798eeb03c3f - - - - -] glance.certfile = None log_opt_values /usr/lib/python3/dist-packages/oslo_config/cfg.py:2609
2026-01-08 00:37:53.462 140618 DEBUG oslo_messaging._drivers.amqpdriver [-] AMQPListener connection timeout poll /usr/lib/python3/dist-packages/oslo_messaging/_drivers/amqpdriver.py:360
2026-01-08 00:37:53.462 140106 DEBUG oslo_service.service [req-b2b2bb16-f357-4065-9feb-9798eeb03c3f - - - - -] glance.collect_timing = False log_opt_values /usr/lib/python3/dist-packages/oslo_config/cfg.py:2609
2026-01-08 00:37:53.462 140106 DEBUG oslo_service.service [req-b2b2bb16-f357-4065-9feb-9798eeb03c3f - - - - -] glance.connect_retries = None log_opt_values /usr/lib/python3/dist-packages/oslo_config/cfg.py:2609
2026-01-08 00:37:53.462 140618 DEBUG oslo_messaging._drivers.amqpdriver [-] Listener is running poll /usr/lib/python3/dist-packages/oslo_messaging/_drivers/amqpdriver.py:343
2026-01-08 00:37:53.462 140618 DEBUG oslo_messaging._drivers.amqpdriver [-] AMQPListener connection consume poll /usr/lib/python3/dist-packages/oslo_messaging/_drivers/amqpdriver.py:357
2026-01-08 00:37:53.462 140106 DEBUG oslo_service.service [req-b2b2bb16-f357-4065-9feb-9798eeb03c3f - - - - -] glance.connect_retry_delay = None log_opt_values /usr/lib/python3/dist-packages/oslo_config/cfg.py:2609
2026-01-08 00:37:53.463 140106 DEBUG oslo_service.service [req-b2b2bb16-f357-4065-9feb-9798eeb03c3f - - - - -] glance.debug = False log_opt_values /usr/lib/python3/dist-packages/oslo_config/cfg.py:2609
2026-01-08 00:37:53.463 140106 DEBUG oslo_service.service [req-b2b2bb16-f357-4065-9feb-9798eeb03c3f - - - - -] glance.default_trusted_certificate_ids = [] log_opt_values /usr/lib/python3/dist-packages/oslo_config/cfg.py:2609
2026-01-08 00:37:53.463 140106 DEBUG oslo_service.service [req-b2b2bb16-f357-4065-9feb-9798eeb03c3f - - - - -] glance.enable_certificate_validation = False log_opt_values /usr/lib/python3/dist-packages/oslo_config/cfg.py:2609
2026-01-08 00:37:53.463 140106 DEBUG oslo_service.service [req-b2b2bb16-f357-4065-9feb-9798eeb03c3f - - - - -] glance.enable_rbd_download = False log_opt_values /usr/lib/python3/dist-packages/oslo_config/cfg.py:2609
2026-01-08 00:37:53.463 140106 DEBUG oslo_service.service [req-b2b2bb16-f357-4065-9feb-9798eeb03c3f - - - - -] glance.endpoint_override = None log_opt_values /usr/lib/python3/dist-packages/oslo_config/cfg.py:2609
2026-01-08 00:37:53.464 140106 DEBUG oslo_service.service [req-b2b2bb16-f357-4065-9feb-9798eeb03c3f - - - - -] glance.insecure = False log_opt_values /usr/lib/python3/dist-packages/oslo_config/cfg.py:2609
2026-01-08 00:37:53.464 140106 DEBUG oslo_service.service [req-b2b2bb16-f357-4065-9feb-9798eeb03c3f - - - - -] glance.keyfile = None log_opt_values /usr/lib/python3/dist-packages/oslo_config/cfg.py:2609
2026-01-08 00:37:53.464 140106 DEBUG oslo_service.service [req-b2b2bb16-f357-4065-9feb-9798eeb03c3f - - - - -] glance.max_version = None log_opt_values /usr/lib/python3/dist-packages/oslo_config/cfg.py:2609
2026-01-08 00:37:53.464 140106 DEBUG oslo_service.service [req-b2b2bb16-f357-4065-9feb-9798eeb03c3f - - - - -] glance.min_version = None log_opt_values /usr/lib/python3/dist-packages/oslo_config/cfg.py:2609
2026-01-08 00:37:53.464 140106 DEBUG oslo_service.service [req-b2b2bb16-f357-4065-9feb-9798eeb03c3f - - - - -] glance.num_retries = 3 log_opt_values /usr/lib/python3/dist-packages/oslo_config/cfg.py:2609
2026-01-08 00:37:53.465 140106 DEBUG oslo_service.service [req-b2b2bb16-f357-4065-9feb-9798eeb03c3f - - - - -] glance.rbd_ceph_conf = log_opt_values /usr/lib/python3/dist-packages/oslo_config/cfg.py:2609
2026-01-08 00:37:53.465 140106 DEBUG oslo_service.service [req-b2b2bb16-f357-4065-9feb-9798eeb03c3f - - - - -] glance.rbd_connect_timeout = 5 log_opt_values /usr/lib/python3/dist-packages/oslo_config/cfg.py:2609
2026-01-08 00:37:53.465 140106 DEBUG oslo_service.service [req-b2b2bb16-f357-4065-9feb-9798eeb03c3f - - - - -] glance.rbd_pool = log_opt_values /usr/lib/python3/dist-packages/oslo_config/cfg.py:2609
2026-01-08 00:37:53.466 140106 DEBUG oslo_service.service [req-b2b2bb16-f357-4065-9feb-9798eeb03c3f - - - - -] glance.rbd_user = log_opt_values /usr/lib/python3/dist-packages/oslo_config/cfg.py:2609
2026-01-08 00:37:53.466 140106 DEBUG oslo_service.service [req-b2b2bb16-f357-4065-9feb-9798eeb03c3f - - - - -] glance.region_name = None log_opt_values /usr/lib/python3/dist-packages/oslo_config/cfg.py:2609
2026-01-08 00:37:53.467 140106 DEBUG oslo_service.service [req-b2b2bb16-f357-4065-9feb-9798eeb03c3f - - - - -] glance.service_name = None log_opt_values /usr/lib/python3/dist-packages/oslo_config/cfg.py:2609
2026-01-08 00:37:53.467 140106 DEBUG oslo_service.service [req-b2b2bb16-f357-4065-9feb-9798eeb03c3f - - - - -] glance.service_type = image log_opt_values /usr/lib/python3/dist-packages/oslo_config/cfg.py:2609
2026-01-08 00:37:53.467 140106 DEBUG oslo_service.service [req-b2b2bb16-f357-4065-9feb-9798eeb03c3f - - - - -] glance.split_loggers = False log_opt_values /usr/lib/python3/dist-packages/oslo_config/cfg.py:2609
2026-01-08 00:37:53.467 140106 DEBUG oslo_service.service [req-b2b2bb16-f357-4065-9feb-9798eeb03c3f - - - - -] glance.status_code_retries = None log_opt_values /usr/lib/python3/dist-packages/oslo_config/cfg.py:2609
2026-01-08 00:37:53.468 140106 DEBUG oslo_service.service [req-b2b2bb16-f357-4065-9feb-9798eeb03c3f - - - - -] glance.status_code_retry_delay = None log_opt_values /usr/lib/python3/dist-packages/oslo_config/cfg.py:2609
2026-01-08 00:37:53.468 140106 DEBUG oslo_service.service [req-b2b2bb16-f357-4065-9feb-9798eeb03c3f - - - - -] glance.timeout = None log_opt_values /usr/lib/python3/dist-packages/oslo_config/cfg.py:2609
2026-01-08 00:37:53.468 140106 DEBUG oslo_service.service [req-b2b2bb16-f357-4065-9feb-9798eeb03c3f - - - - -] glance.valid_interfaces = ['internal', 'public'] log_opt_values /usr/lib/python3/dist-packages/oslo_config/cfg.py:2609
2026-01-08 00:37:53.469 140106 DEBUG oslo_service.service [req-b2b2bb16-f357-4065-9feb-9798eeb03c3f - - - - -] glance.verify_glance_signatures = False log_opt_values /usr/lib/python3/dist-packages/oslo_config/cfg.py:2609
2026-01-08 00:37:53.469 140106 DEBUG oslo_service.service [req-b2b2bb16-f357-4065-9feb-9798eeb03c3f - - - - -] glance.version = None log_opt_values /usr/lib/python3/dist-packages/oslo_config/cfg.py:2609
2026-01-08 00:37:53.469 140106 DEBUG oslo_service.service [req-b2b2bb16-f357-4065-9feb-9798eeb03c3f - - - - -] guestfs.debug = False log_opt_values /usr/lib/python3/dist-packages/oslo_config/cfg.py:2609
2026-01-08 00:37:53.469 140106 DEBUG oslo_service.service [req-b2b2bb16-f357-4065-9feb-9798eeb03c3f - - - - -] hyperv.config_drive_cdrom = False log_opt_values /usr/lib/python3/dist-packages/oslo_config/cfg.py:2609
2026-01-08 00:37:53.469 140106 DEBUG oslo_service.service [req-b2b2bb16-f357-4065-9feb-9798eeb03c3f - - - - -] hyperv.config_drive_inject_password = False log_opt_values /usr/lib/python3/dist-packages/oslo_config/cfg.py:2609
2026-01-08 00:37:53.470 140106 DEBUG oslo_service.service [req-b2b2bb16-f357-4065-9feb-9798eeb03c3f - - - - -] hyperv.dynamic_memory_ratio = 1.0 log_opt_values /usr/lib/python3/dist-packages/oslo_config/cfg.py:2609
2026-01-08 00:37:53.470 140619 DEBUG oslo_messaging._drivers.amqpdriver [-] Listener is running poll /usr/lib/python3/dist-packages/oslo_messaging/_drivers/amqpdriver.py:343
2026-01-08 00:37:53.470 140106 DEBUG oslo_service.service [req-b2b2bb16-f357-4065-9feb-9798eeb03c3f - - - - -] hyperv.enable_instance_metrics_collection = False log_opt_values /usr/lib/python3/dist-packages/oslo_config/cfg.py:2609
2026-01-08 00:37:53.472 140106 DEBUG oslo_service.service [req-b2b2bb16-f357-4065-9feb-9798eeb03c3f - - - - -] hyperv.enable_remotefx = False log_opt_values /usr/lib/python3/dist-packages/oslo_config/cfg.py:2609
2026-01-08 00:37:53.472 140106 DEBUG oslo_service.service [req-b2b2bb16-f357-4065-9feb-9798eeb03c3f - - - - -] hyperv.instances_path_share = log_opt_values /usr/lib/python3/dist-packages/oslo_config/cfg.py:2609
2026-01-08 00:37:53.473 140619 DEBUG oslo_messaging._drivers.amqpdriver [-] AMQPListener connection consume poll /usr/lib/python3/dist-packages/oslo_messaging/_drivers/amqpdriver.py:357
2026-01-08 00:37:53.473 140619 DEBUG nova.service [req-b128a6e2-02f0-46da-9950-05e40452a5dd - - - - -] Join ServiceGroup membership for this service scheduler start /usr/lib/python3/dist-packages/nova/service.py:199
2026-01-08 00:37:53.472 140106 DEBUG oslo_service.service [req-b2b2bb16-f357-4065-9feb-9798eeb03c3f - - - - -] hyperv.iscsi_initiator_list = [] log_opt_values /usr/lib/python3/dist-packages/oslo_config/cfg.py:2609
2026-01-08 00:37:53.474 140106 DEBUG oslo_service.service [req-b2b2bb16-f357-4065-9feb-9798eeb03c3f - - - - -] hyperv.limit_cpu_features = False log_opt_values /usr/lib/python3/dist-packages/oslo_config/cfg.py:2609
