2026-01-08 00:38:04.738 140661 DEBUG oslo_service.service [req-ff789075-34a9-448c-a935-88ec65920d94 - - - - -] glance.min_version = None log_opt_values /usr/lib/python3/dist-packages/oslo_config/cfg.py:2609
2026-01-08 00:38:04.739 140980 DEBUG oslo_messaging._drivers.amqpdriver [-] Listener is running poll /usr/lib/python3/dist-packages/oslo_messaging/_drivers/amqpdriver.py:343
2026-01-08 00:38:04.738 140978 DEBUG oslo_messaging._drivers.amqpdriver [-] Listener is running poll /usr/lib/python3/dist-packages/oslo_messaging/_drivers/amqpdriver.py:343
2026-01-08 00:38:04.739 140980 DEBUG oslo_messaging._drivers.amqpdriver [-] AMQPListener connection consume poll /usr/lib/python3/dist-packages/oslo_messaging/_drivers/amqpdriver.py:357
2026-01-08 00:38:04.739 140661 DEBUG oslo_service.service [req-ff789075-34a9-448c-a935-88ec65920d94 - - - - -] glance.num_retries = 3 log_opt_values /usr/lib/python3/dist-packages/oslo_config/cfg.py:2609
2026-01-08 00:38:04.739 140978 DEBUG oslo_messaging._drivers.amqpdriver [-] AMQPListener connection consume poll /usr/lib/python3/dist-packages/oslo_messaging/_drivers/amqpdriver.py:357
2026-01-08 00:38:04.739 140661 DEBUG oslo_service.service [req-ff789075-34a9-448c-a935-88ec65920d94 - - - - -] glance.rbd_ceph_conf = log_opt_values /usr/lib/python3/dist-packages/oslo_config/cfg.py:2609
2026-01-08 00:38:04.739 140661 DEBUG oslo_service.service [req-ff789075-34a9-448c-a935-88ec65920d94 - - - - -] glance.rbd_connect_timeout = 5 log_opt_values /usr/lib/python3/dist-packages/oslo_config/cfg.py:2609
2026-01-08 00:38:04.739 140661 DEBUG oslo_service.service [req-ff789075-34a9-448c-a935-88ec65920d94 - - - - -] glance.rbd_pool = log_opt_values /usr/lib/python3/dist-packages/oslo_config/cfg.py:2609
2026-01-08 00:38:04.739 140661 DEBUG oslo_service.service [req-ff789075-34a9-448c-a935-88ec65920d94 - - - - -] glance.rbd_user = log_opt_values /usr/lib/python3/dist-packages/oslo_config/cfg.py:2609
2026-01-08 00:38:04.740 140661 DEBUG oslo_service.service [req-ff789075-34a9-448c-a935-88ec65920d94 - - - - -] glance.region_name = None log_opt_values /usr/lib/python3/dist-packages/oslo_config/cfg.py:2609
2026-01-08 00:38:04.740 140661 DEBUG oslo_service.service [req-ff789075-34a9-448c-a935-88ec65920d94 - - - - -] glance.service_name = None log_opt_values /usr/lib/python3/dist-packages/oslo_config/cfg.py:2609
2026-01-08 00:38:04.740 140661 DEBUG oslo_service.service [req-ff789075-34a9-448c-a935-88ec65920d94 - - - - -] glance.service_type = image log_opt_values /usr/lib/python3/dist-packages/oslo_config/cfg.py:2609
2026-01-08 00:38:04.740 140979 DEBUG nova.service [req-fcf70bb5-2053-4802-be40-ca61625a0be9 - - - - -] Join ServiceGroup membership for this service conductor start /usr/lib/python3/dist-packages/nova/service.py:199
2026-01-08 00:38:04.740 140661 DEBUG oslo_service.service [req-ff789075-34a9-448c-a935-88ec65920d94 - - - - -] glance.split_loggers = False log_opt_values /usr/lib/python3/dist-packages/oslo_config/cfg.py:2609
2026-01-08 00:38:04.740 140661 DEBUG oslo_service.service [req-ff789075-34a9-448c-a935-88ec65920d94 - - - - -] glance.status_code_retries = None log_opt_values /usr/lib/python3/dist-packages/oslo_config/cfg.py:2609
2026-01-08 00:38:04.741 140661 DEBUG oslo_service.service [req-ff789075-34a9-448c-a935-88ec65920d94 - - - - -] glance.status_code_retry_delay = None log_opt_values /usr/lib/python3/dist-packages/oslo_config/cfg.py:2609
2026-01-08 00:38:04.741 140661 DEBUG oslo_service.service [req-ff789075-34a9-448c-a935-88ec65920d94 - - - - -] glance.timeout = None log_opt_values /usr/lib/python3/dist-packages/oslo_config/cfg.py:2609
2026-01-08 00:38:04.741 140979 DEBUG nova.servicegroup.drivers.db [req-fcf70bb5-2053-4802-be40-ca61625a0be9 - - - - -] DB_Driver: join new ServiceGroup member juju-5b0e15-0-lxd-7 to the conductor group, service = join /usr/lib/python3/dist-packages/nova/servicegroup/drivers/db.py:44
2026-01-08 00:38:04.742 140661 DEBUG oslo_service.service [req-ff789075-34a9-448c-a935-88ec65920d94 - - - - -] glance.valid_interfaces = ['internal', 'public'] log_opt_values /usr/lib/python3/dist-packages/oslo_config/cfg.py:2609
2026-01-08 00:38:04.743 140661 DEBUG oslo_service.service [req-ff789075-34a9-448c-a935-88ec65920d94 - - - - -] glance.verify_glance_signatures = False log_opt_values /usr/lib/python3/dist-packages/oslo_config/cfg.py:2609
2026-01-08 00:38:04.743 140661 DEBUG oslo_service.service [req-ff789075-34a9-448c-a935-88ec65920d94 - - - - -] glance.version = None log_opt_values /usr/lib/python3/dist-packages/oslo_config/cfg.py:2609
2026-01-08 00:38:04.744 140661 DEBUG oslo_service.service [req-ff789075-34a9-448c-a935-88ec65920d94 - - - - -] guestfs.debug = False log_opt_values /usr/lib/python3/dist-packages/oslo_config/cfg.py:2609
2026-01-08 00:38:04.745 140661 DEBUG oslo_service.service [req-ff789075-34a9-448c-a935-88ec65920d94 - - - - -] hyperv.config_drive_cdrom = False log_opt_values /usr/lib/python3/dist-packages/oslo_config/cfg.py:2609
2026-01-08 00:38:04.744 140979 DEBUG oslo_messaging._drivers.amqpdriver [-] AMQPListener connection timeout poll /usr/lib/python3/dist-packages/oslo_messaging/_drivers/amqpdriver.py:360
2026-01-08 00:38:04.745 140981 DEBUG nova.service [req-2e39dcf8-424a-49dd-b1ec-ad21750669e0 - - - - -] Creating RPC server for service conductor start /usr/lib/python3/dist-packages/nova/service.py:182
2026-01-08 00:38:04.745 140979 DEBUG oslo_messaging._drivers.amqpdriver [-] Listener is running poll /usr/lib/python3/dist-packages/oslo_messaging/_drivers/amqpdriver.py:343
2026-01-08 00:38:04.745 140979 DEBUG oslo_messaging._drivers.amqpdriver [-] AMQPListener connection consume poll /usr/lib/python3/dist-packages/oslo_messaging/_drivers/amqpdriver.py:357
2026-01-08 00:38:04.746 140661 DEBUG oslo_service.service [req-ff789075-34a9-448c-a935-88ec65920d94 - - - - -] hyperv.config_drive_inject_password = False log_opt_values /usr/lib/python3/dist-packages/oslo_config/cfg.py:2609
2026-01-08 00:38:04.746 140661 DEBUG oslo_service.service [req-ff789075-34a9-448c-a935-88ec65920d94 - - - - -] hyperv.dynamic_memory_ratio = 1.0 log_opt_values /usr/lib/python3/dist-packages/oslo_config/cfg.py:2609
2026-01-08 00:38:04.746 140661 DEBUG oslo_service.service [req-ff789075-34a9-448c-a935-88ec65920d94 - - - - -] hyperv.enable_instance_metrics_collection = False log_opt_values /usr/lib/python3/dist-packages/oslo_config/cfg.py:2609
2026-01-08 00:38:04.746 140661 DEBUG oslo_service.service [req-ff789075-34a9-448c-a935-88ec65920d94 - - - - -] hyperv.enable_remotefx = False log_opt_values /usr/lib/python3/dist-packages/oslo_config/cfg.py:2609
2026-01-08 00:38:04.747 140661 DEBUG oslo_service.service [req-ff789075-34a9-448c-a935-88ec65920d94 - - - - -] hyperv.instances_path_share = log_opt_values /usr/lib/python3/dist-packages/oslo_config/cfg.py:2609
2026-01-08 00:38:04.747 140661 DEBUG oslo_service.service [req-ff789075-34a9-448c-a935-88ec65920d94 - - - - -] hyperv.iscsi_initiator_list = [] log_opt_values /usr/lib/python3/dist-packages/oslo_config/cfg.py:2609
2026-01-08 00:38:04.747 140661 DEBUG oslo_service.service [req-ff789075-34a9-448c-a935-88ec65920d94 - - - - -] hyperv.limit_cpu_features = False log_opt_values /usr/lib/python3/dist-packages/oslo_config/cfg.py:2609
2026-01-08 00:38:04.747 140661 DEBUG oslo_service.service [req-ff789075-34a9-448c-a935-88ec65920d94 - - - - -] hyperv.mounted_disk_query_retry_count = 10 log_opt_values /usr/lib/python3/dist-packages/oslo_config/cfg.py:2609
2026-01-08 00:38:04.748 140661 DEBUG oslo_service.service [req-ff789075-34a9-448c-a935-88ec65920d94 - - - - -] hyperv.mounted_disk_query_retry_interval = 5 log_opt_values /usr/lib/python3/dist-packages/oslo_config/cfg.py:2609
2026-01-08 00:38:04.748 140661 DEBUG oslo_service.service [req-ff789075-34a9-448c-a935-88ec65920d94 - - - - -] hyperv.power_state_check_timeframe = 60 log_opt_values /usr/lib/python3/dist-packages/oslo_config/cfg.py:2609
2026-01-08 00:38:04.748 140661 DEBUG oslo_service.service [req-ff789075-34a9-448c-a935-88ec65920d94 - - - - -] hyperv.power_state_event_polling_interval = 2 log_opt_values /usr/lib/python3/dist-packages/oslo_config/cfg.py:2609
2026-01-08 00:38:04.748 140661 DEBUG oslo_service.service [req-ff789075-34a9-448c-a935-88ec65920d94 - - - - -] hyperv.qemu_img_cmd = qemu-img.exe log_opt_values /usr/lib/python3/dist-packages/oslo_config/cfg.py:2609
2026-01-08 00:38:04.748 140661 DEBUG oslo_service.service [req-ff789075-34a9-448c-a935-88ec65920d94 - - - - -] hyperv.use_multipath_io = False log_opt_values /usr/lib/python3/dist-packages/oslo_config/cfg.py:2609
2026-01-08 00:38:04.749 140661 DEBUG oslo_service.service [req-ff789075-34a9-448c-a935-88ec65920d94 - - - - -] hyperv.volume_attach_retry_count = 10 log_opt_values /usr/lib/python3/dist-packages/oslo_config/cfg.py:2609
2026-01-08 00:38:04.749 140661 DEBUG oslo_service.service [req-ff789075-34a9-448c-a935-88ec65920d94 - - - - -] hyperv.volume_attach_retry_interval = 5 log_opt_values /usr/lib/python3/dist-packages/oslo_config/cfg.py:2609
2026-01-08 00:38:04.749 140661 DEBUG oslo_service.service [req-ff789075-34a9-448c-a935-88ec65920d94 - - - - -] hyperv.vswitch_name = None log_opt_values /usr/lib/python3/dist-packages/oslo_config/cfg.py:2609
2026-01-08 00:38:04.749 140661 DEBUG oslo_service.service [req-ff789075-34a9-448c-a935-88ec65920d94 - - - - -] hyperv.wait_soft_reboot_seconds = 60 log_opt_values /usr/lib/python3/dist-packages/oslo_config/cfg.py:2609
2026-01-08 00:38:04.749 140661 DEBUG oslo_service.service [req-ff789075-34a9-448c-a935-88ec65920d94 - - - - -] mks.enabled = False log_opt_values /usr/lib/python3/dist-packages/oslo_config/cfg.py:2609
2026-01-08 00:38:04.750 140661 DEBUG oslo_service.service [req-ff789075-34a9-448c-a935-88ec65920d94 - - - - -] mks.mksproxy_base_url = http://127.0.0.1:6090/ log_opt_values /usr/lib/python3/dist-packages/oslo_config/cfg.py:2609
2026-01-08 00:38:04.750 140661 DEBUG oslo_service.service [req-ff789075-34a9-448c-a935-88ec65920d94 - - - - -] image_cache.manager_interval = 2400 log_opt_values /usr/lib/python3/dist-packages/oslo_config/cfg.py:2609
2026-01-08 00:38:04.751 140661 DEBUG oslo_service.service [req-ff789075-34a9-448c-a935-88ec65920d94 - - - - -] image_cache.precache_concurrency = 1 log_opt_values /usr/lib/python3/dist-packages/oslo_config/cfg.py:2609
2026-01-08 00:38:04.751 140661 DEBUG oslo_service.service [req-ff789075-34a9-448c-a935-88ec65920d94 - - - - -] image_cache.remove_unused_base_images = True log_opt_values /usr/lib/python3/dist-packages/oslo_config/cfg.py:2609
2026-01-08 00:38:04.751 140661 DEBUG oslo_service.service [req-ff789075-34a9-448c-a935-88ec65920d94 - - - - -] image_cache.remove_unused_original_minimum_age_seconds = 86400 log_opt_values /usr/lib/python3/dist-packages/oslo_config/cfg.py:2609
2026-01-08 00:38:04.751 140661 DEBUG oslo_service.service [req-ff789075-34a9-448c-a935-88ec65920d94 - - - - -] image_cache.remove_unused_resized_minimum_age_seconds = 3600 log_opt_values /usr/lib/python3/dist-packages/oslo_config/cfg.py:2609
2026-01-08 00:38:04.751 140661 DEBUG oslo_service.service [req-ff789075-34a9-448c-a935-88ec65920d94 - - - - -] image_cache.subdirectory_name = _base log_opt_values /usr/lib/python3/dist-packages/oslo_config/cfg.py:2609
2026-01-08 00:38:04.752 140661 DEBUG oslo_service.service [req-ff789075-34a9-448c-a935-88ec65920d94 - - - - -] ironic.api_max_retries = 60 log_opt_values /usr/lib/python3/dist-packages/oslo_config/cfg.py:2609
2026-01-08 00:38:04.752 140661 DEBUG oslo_service.service [req-ff789075-34a9-448c-a935-88ec65920d94 - - - - -] ironic.api_retry_interval = 2 log_opt_values /usr/lib/python3/dist-packages/oslo_config/cfg.py:2609
2026-01-08 00:38:04.752 140661 DEBUG oslo_service.service [req-ff789075-34a9-448c-a935-88ec65920d94 - - - - -] ironic.auth_section = None log_opt_values /usr/lib/python3/dist-packages/oslo_config/cfg.py:2609
2026-01-08 00:38:04.752 140661 DEBUG oslo_service.service [req-ff789075-34a9-448c-a935-88ec65920d94 - - - - -] ironic.auth_type = None log_opt_values /usr/lib/python3/dist-packages/oslo_config/cfg.py:2609
2026-01-08 00:38:04.753 140661 DEBUG oslo_service.service [req-ff789075-34a9-448c-a935-88ec65920d94 - - - - -] ironic.cafile = None log_opt_values /usr/lib/python3/dist-packages/oslo_config/cfg.py:2609
2026-01-08 00:38:04.753 140661 DEBUG oslo_service.service [req-ff789075-34a9-448c-a935-88ec65920d94 - - - - -] ironic.certfile = None log_opt_values /usr/lib/python3/dist-packages/oslo_config/cfg.py:2609
2026-01-08 00:38:04.753 140661 DEBUG oslo_service.service [req-ff789075-34a9-448c-a935-88ec65920d94 - - - - -] ironic.collect_timing = False log_opt_values /usr/lib/python3/dist-packages/oslo_config/cfg.py:2609
2026-01-08 00:38:04.753 140661 DEBUG oslo_service.service [req-ff789075-34a9-448c-a935-88ec65920d94 - - - - -] ironic.connect_retries = None log_opt_values /usr/lib/python3/dist-packages/oslo_config/cfg.py:2609
2026-01-08 00:38:04.754 140661 DEBUG oslo_service.service [req-ff789075-34a9-448c-a935-88ec65920d94 - - - - -] ironic.connect_retry_delay = None log_opt_values /usr/lib/python3/dist-packages/oslo_config/cfg.py:2609
2026-01-08 00:38:04.754 140661 DEBUG oslo_service.service [req-ff789075-34a9-448c-a935-88ec65920d94 - - - - -] ironic.endpoint_override = None log_opt_values /usr/lib/python3/dist-packages/oslo_config/cfg.py:2609
2026-01-08 00:38:04.754 140661 DEBUG oslo_service.service [req-ff789075-34a9-448c-a935-88ec65920d94 - - - - -] ironic.insecure = False log_opt_values /usr/lib/python3/dist-packages/oslo_config/cfg.py:2609
2026-01-08 00:38:04.754 140661 DEBUG oslo_service.service [req-ff789075-34a9-448c-a935-88ec65920d94 - - - - -] ironic.keyfile = None log_opt_values /usr/lib/python3/dist-packages/oslo_config/cfg.py:2609
2026-01-08 00:38:04.754 140661 DEBUG oslo_service.service [req-ff789075-34a9-448c-a935-88ec65920d94 - - - - -] ironic.max_version = None log_opt_values /usr/lib/python3/dist-packages/oslo_config/cfg.py:2609
2026-01-08 00:38:04.755 140661 DEBUG oslo_service.service [req-ff789075-34a9-448c-a935-88ec65920d94 - - - - -] ironic.min_version = None log_opt_values /usr/lib/python3/dist-packages/oslo_config/cfg.py:2609
2026-01-08 00:38:04.755 140661 DEBUG oslo_service.service [req-ff789075-34a9-448c-a935-88ec65920d94 - - - - -] ironic.partition_key = None log_opt_values /usr/lib/python3/dist-packages/oslo_config/cfg.py:2609
2026-01-08 00:38:04.755 140661 DEBUG oslo_service.service [req-ff789075-34a9-448c-a935-88ec65920d94 - - - - -] ironic.peer_list = [] log_opt_values /usr/lib/python3/dist-packages/oslo_config/cfg.py:2609
2026-01-08 00:38:04.755 140661 DEBUG oslo_service.service [req-ff789075-34a9-448c-a935-88ec65920d94 - - - - -] ironic.region_name = None log_opt_values /usr/lib/python3/dist-packages/oslo_config/cfg.py:2609
2026-01-08 00:38:04.755 140661 DEBUG oslo_service.service [req-ff789075-34a9-448c-a935-88ec65920d94 - - - - -] ironic.serial_console_state_timeout = 10 log_opt_values /usr/lib/python3/dist-packages/oslo_config/cfg.py:2609
2026-01-08 00:38:04.755 140661 DEBUG oslo_service.service [req-ff789075-34a9-448c-a935-88ec65920d94 - - - - -] ironic.service_name = None log_opt_values /usr/lib/python3/dist-packages/oslo_config/cfg.py:2609
2026-01-08 00:38:04.756 140661 DEBUG oslo_service.service [req-ff789075-34a9-448c-a935-88ec65920d94 - - - - -] ironic.service_type = baremetal log_opt_values /usr/lib/python3/dist-packages/oslo_config/cfg.py:2609
2026-01-08 00:38:04.756 140661 DEBUG oslo_service.service [req-ff789075-34a9-448c-a935-88ec65920d94 - - - - -] ironic.split_loggers = False log_opt_values /usr/lib/python3/dist-packages/oslo_config/cfg.py:2609
2026-01-08 00:38:04.756 140661 DEBUG oslo_service.service [req-ff789075-34a9-448c-a935-88ec65920d94 - - - - -] ironic.status_code_retries = None log_opt_values /usr/lib/python3/dist-packages/oslo_config/cfg.py:2609
2026-01-08 00:38:04.756 140661 DEBUG oslo_service.service [req-ff789075-34a9-448c-a935-88ec65920d94 - - - - -] ironic.status_code_retry_delay = None log_opt_values /usr/lib/python3/dist-packages/oslo_config/cfg.py:2609
2026-01-08 00:38:04.756 140661 DEBUG oslo_service.service [req-ff789075-34a9-448c-a935-88ec65920d94 - - - - -] ironic.timeout = None log_opt_values /usr/lib/python3/dist-packages/oslo_config/cfg.py:2609
2026-01-08 00:38:04.757 140661 DEBUG oslo_service.service [req-ff789075-34a9-448c-a935-88ec65920d94 - - - - -] ironic.valid_interfaces = ['internal', 'public'] log_opt_values /usr/lib/python3/dist-packages/oslo_config/cfg.py:2609
2026-01-08 00:38:04.757 140661 DEBUG oslo_service.service [req-ff789075-34a9-448c-a935-88ec65920d94 - - - - -] ironic.version = None log_opt_values /usr/lib/python3/dist-packages/oslo_config/cfg.py:2609
2026-01-08 00:38:04.757 140661 DEBUG oslo_service.service [req-ff789075-34a9-448c-a935-88ec65920d94 - - - - -] key_manager.backend = barbican log_opt_values /usr/lib/python3/dist-packages/oslo_config/cfg.py:2609
2026-01-08 00:38:04.757 140661 DEBUG oslo_service.service [req-ff789075-34a9-448c-a935-88ec65920d94 - - - - -] key_manager.fixed_key = **** log_opt_values /usr/lib/python3/dist-packages/oslo_config/cfg.py:2609
2026-01-08 00:38:04.758 140661 DEBUG oslo_service.service [req-ff789075-34a9-448c-a935-88ec65920d94 - - - - -] barbican.auth_endpoint = http://localhost/identity/v3 log_opt_values /usr/lib/python3/dist-packages/oslo_config/cfg.py:2609
2026-01-08 00:38:04.758 140661 DEBUG oslo_service.service [req-ff789075-34a9-448c-a935-88ec65920d94 - - - - -] barbican.barbican_api_version = None log_opt_values /usr/lib/python3/dist-packages/oslo_config/cfg.py:2609
2026-01-08 00:38:04.758 140661 DEBUG oslo_service.service [req-ff789075-34a9-448c-a935-88ec65920d94 - - - - -] barbican.barbican_endpoint = None log_opt_values /usr/lib/python3/dist-packages/oslo_config/cfg.py:2609
2026-01-08 00:38:04.758 140661 DEBUG oslo_service.service [req-ff789075-34a9-448c-a935-88ec65920d94 - - - - -] barbican.barbican_endpoint_type = public log_opt_values /usr/lib/python3/dist-packages/oslo_config/cfg.py:2609
2026-01-08 00:38:04.758 140661 DEBUG oslo_service.service [req-ff789075-34a9-448c-a935-88ec65920d94 - - - - -] barbican.barbican_region_name = None log_opt_values /usr/lib/python3/dist-packages/oslo_config/cfg.py:2609
2026-01-08 00:38:04.759 140661 DEBUG oslo_service.service [req-ff789075-34a9-448c-a935-88ec65920d94 - - - - -] barbican.cafile = None log_opt_values /usr/lib/python3/dist-packages/oslo_config/cfg.py:2609
2026-01-08 00:38:04.759 140661 DEBUG oslo_service.service [req-ff789075-34a9-448c-a935-88ec65920d94 - - - - -] barbican.certfile = None log_opt_values /usr/lib/python3/dist-packages/oslo_config/cfg.py:2609
2026-01-08 00:38:04.759 140661 DEBUG oslo_service.service [req-ff789075-34a9-448c-a935-88ec65920d94 - - - - -] barbican.collect_timing = False log_opt_values /usr/lib/python3/dist-packages/oslo_config/cfg.py:2609
2026-01-08 00:38:04.759 140661 DEBUG oslo_service.service [req-ff789075-34a9-448c-a935-88ec65920d94 - - - - -] barbican.insecure = False log_opt_values /usr/lib/python3/dist-packages/oslo_config/cfg.py:2609
2026-01-08 00:38:04.759 140661 DEBUG oslo_service.service [req-ff789075-34a9-448c-a935-88ec65920d94 - - - - -] barbican.keyfile = None log_opt_values /usr/lib/python3/dist-packages/oslo_config/cfg.py:2609
2026-01-08 00:38:04.760 140661 DEBUG oslo_service.service [req-ff789075-34a9-448c-a935-88ec65920d94 - - - - -] barbican.number_of_retries = 60 log_opt_values /usr/lib/python3/dist-packages/oslo_config/cfg.py:2609
2026-01-08 00:38:04.760 140661 DEBUG oslo_service.service [req-ff789075-34a9-448c-a935-88ec65920d94 - - - - -] barbican.retry_delay = 1 log_opt_values /usr/lib/python3/dist-packages/oslo_config/cfg.py:2609
2026-01-08 00:38:04.760 140661 DEBUG oslo_service.service [req-ff789075-34a9-448c-a935-88ec65920d94 - - - - -] barbican.send_service_user_token = False log_opt_values /usr/lib/python3/dist-packages/oslo_config/cfg.py:2609
2026-01-08 00:38:04.760 140661 DEBUG oslo_service.service [req-ff789075-34a9-448c-a935-88ec65920d94 - - - - -] barbican.split_loggers = False log_opt_values /usr/lib/python3/dist-packages/oslo_config/cfg.py:2609
2026-01-08 00:38:04.760 140661 DEBUG oslo_service.service [req-ff789075-34a9-448c-a935-88ec65920d94 - - - - -] barbican.timeout = None log_opt_values /usr/lib/python3/dist-packages/oslo_config/cfg.py:2609
2026-01-08 00:38:04.761 140661 DEBUG oslo_service.service [req-ff789075-34a9-448c-a935-88ec65920d94 - - - - -] barbican.verify_ssl = True log_opt_values /usr/lib/python3/dist-packages/oslo_config/cfg.py:2609
2026-01-08 00:38:04.761 140661 DEBUG oslo_service.service [req-ff789075-34a9-448c-a935-88ec65920d94 - - - - -] barbican.verify_ssl_path = None log_opt_values /usr/lib/python3/dist-packages/oslo_config/cfg.py:2609
2026-01-08 00:38:04.761 140661 DEBUG oslo_service.service [req-ff789075-34a9-448c-a935-88ec65920d94 - - - - -] barbican_service_user.auth_section = None log_opt_values /usr/lib/python3/dist-packages/oslo_config/cfg.py:2609
2026-01-08 00:38:04.761 140661 DEBUG oslo_service.service [req-ff789075-34a9-448c-a935-88ec65920d94 - - - - -] barbican_service_user.auth_type = None log_opt_values /usr/lib/python3/dist-packages/oslo_config/cfg.py:2609
2026-01-08 00:38:04.761 140661 DEBUG oslo_service.service [req-ff789075-34a9-448c-a935-88ec65920d94 - - - - -] barbican_service_user.cafile = None log_opt_values /usr/lib/python3/dist-packages/oslo_config/cfg.py:2609
2026-01-08 00:38:04.762 140661 DEBUG oslo_service.service [req-ff789075-34a9-448c-a935-88ec65920d94 - - - - -] barbican_service_user.certfile = None log_opt_values /usr/lib/python3/dist-packages/oslo_config/cfg.py:2609
2026-01-08 00:38:04.762 140661 DEBUG oslo_service.service [req-ff789075-34a9-448c-a935-88ec65920d94 - - - - -] barbican_service_user.collect_timing = False log_opt_values /usr/lib/python3/dist-packages/oslo_config/cfg.py:2609
2026-01-08 00:38:04.762 140661 DEBUG oslo_service.service [req-ff789075-34a9-448c-a935-88ec65920d94 - - - - -] barbican_service_user.insecure = False log_opt_values /usr/lib/python3/dist-packages/oslo_config/cfg.py:2609
2026-01-08 00:38:04.762 140661 DEBUG oslo_service.service [req-ff789075-34a9-448c-a935-88ec65920d94 - - - - -] barbican_service_user.keyfile = None log_opt_values /usr/lib/python3/dist-packages/oslo_config/cfg.py:2609
2026-01-08 00:38:04.762 140661 DEBUG oslo_service.service [req-ff789075-34a9-448c-a935-88ec65920d94 - - - - -] barbican_service_user.split_loggers = False log_opt_values /usr/lib/python3/dist-packages/oslo_config/cfg.py:2609
2026-01-08 00:38:04.763 140661 DEBUG oslo_service.service [req-ff789075-34a9-448c-a935-88ec65920d94 - - - - -] barbican_service_user.timeout = None log_opt_values /usr/lib/python3/dist-packages/oslo_config/cfg.py:2609
2026-01-08 00:38:04.763 140661 DEBUG oslo_service.service [req-ff789075-34a9-448c-a935-88ec65920d94 - - - - -] vault.approle_role_id = None log_opt_values /usr/lib/python3/dist-packages/oslo_config/cfg.py:2609
2026-01-08 00:38:04.763 140661 DEBUG oslo_service.service [req-ff789075-34a9-448c-a935-88ec65920d94 - - - - -] vault.approle_secret_id = None log_opt_values /usr/lib/python3/dist-packages/oslo_config/cfg.py:2609
2026-01-08 00:38:04.763 140661 DEBUG oslo_service.service [req-ff789075-34a9-448c-a935-88ec65920d94 - - - - -] vault.cafile = None log_opt_values /usr/lib/python3/dist-packages/oslo_config/cfg.py:2609
2026-01-08 00:38:04.763 140661 DEBUG oslo_service.service [req-ff789075-34a9-448c-a935-88ec65920d94 - - - - -] vault.certfile = None log_opt_values /usr/lib/python3/dist-packages/oslo_config/cfg.py:2609
2026-01-08 00:38:04.764 140661 DEBUG oslo_service.service [req-ff789075-34a9-448c-a935-88ec65920d94 - - - - -] vault.collect_timing = False log_opt_values /usr/lib/python3/dist-packages/oslo_config/cfg.py:2609
2026-01-08 00:38:04.764 140661 DEBUG oslo_service.service [req-ff789075-34a9-448c-a935-88ec65920d94 - - - - -] vault.insecure = False log_opt_values /usr/lib/python3/dist-packages/oslo_config/cfg.py:2609
2026-01-08 00:38:04.764 140661 DEBUG oslo_service.service [req-ff789075-34a9-448c-a935-88ec65920d94 - - - - -] vault.keyfile = None log_opt_values /usr/lib/python3/dist-packages/oslo_config/cfg.py:2609
2026-01-08 00:38:04.764 140661 DEBUG oslo_service.service [req-ff789075-34a9-448c-a935-88ec65920d94 - - - - -] vault.kv_mountpoint = secret log_opt_values /usr/lib/python3/dist-packages/oslo_config/cfg.py:2609
2026-01-08 00:38:04.764 140661 DEBUG oslo_service.service [req-ff789075-34a9-448c-a935-88ec65920d94 - - - - -] vault.kv_version = 2 log_opt_values /usr/lib/python3/dist-packages/oslo_config/cfg.py:2609
2026-01-08 00:38:04.764 140661 DEBUG oslo_service.service [req-ff789075-34a9-448c-a935-88ec65920d94 - - - - -] vault.namespace = None log_opt_values /usr/lib/python3/dist-packages/oslo_config/cfg.py:2609
2026-01-08 00:38:04.765 140661 DEBUG oslo_service.service [req-ff789075-34a9-448c-a935-88ec65920d94 - - - - -] vault.root_token_id = None log_opt_values /usr/lib/python3/dist-packages/oslo_config/cfg.py:2609
2026-01-08 00:38:04.765 140661 DEBUG oslo_service.service [req-ff789075-34a9-448c-a935-88ec65920d94 - - - - -] vault.split_loggers = False log_opt_values /usr/lib/python3/dist-packages/oslo_config/cfg.py:2609
2026-01-08 00:38:04.765 140661 DEBUG oslo_service.service [req-ff789075-34a9-448c-a935-88ec65920d94 - - - - -] vault.ssl_ca_crt_file = None log_opt_values /usr/lib/python3/dist-packages/oslo_config/cfg.py:2609
2026-01-08 00:38:04.765 140661 DEBUG oslo_service.service [req-ff789075-34a9-448c-a935-88ec65920d94 - - - - -] vault.timeout = None log_opt_values /usr/lib/python3/dist-packages/oslo_config/cfg.py:2609
2026-01-08 00:38:04.765 140661 DEBUG oslo_service.service [req-ff789075-34a9-448c-a935-88ec65920d94 - - - - -] vault.use_ssl = False log_opt_values /usr/lib/python3/dist-packages/oslo_config/cfg.py:2609
2026-01-08 00:38:04.766 140661 DEBUG oslo_service.service [req-ff789075-34a9-448c-a935-88ec65920d94 - - - - -] vault.vault_url = http://127.0.0.1:8200 log_opt_values /usr/lib/python3/dist-packages/oslo_config/cfg.py:2609
2026-01-08 00:38:04.766 140661 DEBUG oslo_service.service [req-ff789075-34a9-448c-a935-88ec65920d94 - - - - -] keystone.cafile = None log_opt_values /usr/lib/python3/dist-packages/oslo_config/cfg.py:2609
2026-01-08 00:38:04.766 140661 DEBUG oslo_service.service [req-ff789075-34a9-448c-a935-88ec65920d94 - - - - -] keystone.certfile = None log_opt_values /usr/lib/python3/dist-packages/oslo_config/cfg.py:2609
2026-01-08 00:38:04.766 140980 DEBUG oslo_messaging._drivers.amqpdriver [req-418adec1-cdd9-4235-9225-ed046b6e79d5 - - - - -] sending reply msg_id: e066297fb0d14b8986093b412a538451 reply queue: reply_319fd55c3c2545908130caa62f49ef58 time elapsed: 0.03505800399989312s _send_reply /usr/lib/python3/dist-packages/oslo_messaging/_drivers/amqpdriver.py:118
2026-01-08 00:38:04.766 140661 DEBUG oslo_service.service [req-ff789075-34a9-448c-a935-88ec65920d94 - - - - -] keystone.collect_timing = False log_opt_values /usr/lib/python3/dist-packages/oslo_config/cfg.py:2609
2026-01-08 00:38:04.766 140661 DEBUG oslo_service.service [req-ff789075-34a9-448c-a935-88ec65920d94 - - - - -] keystone.connect_retries = None log_opt_values /usr/lib/python3/dist-packages/oslo_config/cfg.py:2609
2026-01-08 00:38:04.767 140661 DEBUG oslo_service.service [req-ff789075-34a9-448c-a935-88ec65920d94 - - - - -] keystone.connect_retry_delay = None log_opt_values /usr/lib/python3/dist-packages/oslo_config/cfg.py:2609
2026-01-08 00:38:04.767 140661 DEBUG oslo_service.service [req-ff789075-34a9-448c-a935-88ec65920d94 - - - - -] keystone.endpoint_override = None log_opt_values /usr/lib/python3/dist-packages/oslo_config/cfg.py:2609
2026-01-08 00:38:04.767 140661 DEBUG oslo_service.service [req-ff789075-34a9-448c-a935-88ec65920d94 - - - - -] keystone.insecure = False log_opt_values /usr/lib/python3/dist-packages/oslo_config/cfg.py:2609
2026-01-08 00:38:04.767 140661 DEBUG oslo_service.service [req-ff789075-34a9-448c-a935-88ec65920d94 - - - - -] keystone.keyfile = None log_opt_values /usr/lib/python3/dist-packages/oslo_config/cfg.py:2609
2026-01-08 00:38:04.767 140661 DEBUG oslo_service.service [req-ff789075-34a9-448c-a935-88ec65920d94 - - - - -] keystone.max_version = None log_opt_values /usr/lib/python3/dist-packages/oslo_config/cfg.py:2609
2026-01-08 00:38:04.768 140661 DEBUG oslo_service.service [req-ff789075-34a9-448c-a935-88ec65920d94 - - - - -] keystone.min_version = None log_opt_values /usr/lib/python3/dist-packages/oslo_config/cfg.py:2609
2026-01-08 00:38:04.768 140661 DEBUG oslo_service.service [req-ff789075-34a9-448c-a935-88ec65920d94 - - - - -] keystone.region_name = None log_opt_values /usr/lib/python3/dist-packages/oslo_config/cfg.py:2609
2026-01-08 00:38:04.768 140661 DEBUG oslo_service.service [req-ff789075-34a9-448c-a935-88ec65920d94 - - - - -] keystone.service_name = None log_opt_values /usr/lib/python3/dist-packages/oslo_config/cfg.py:2609
2026-01-08 00:38:04.768 140661 DEBUG oslo_service.service [req-ff789075-34a9-448c-a935-88ec65920d94 - - - - -] keystone.service_type = identity log_opt_values /usr/lib/python3/dist-packages/oslo_config/cfg.py:2609
2026-01-08 00:38:04.768 140661 DEBUG oslo_service.service [req-ff789075-34a9-448c-a935-88ec65920d94 - - - - -] keystone.split_loggers = False log_opt_values /usr/lib/python3/dist-packages/oslo_config/cfg.py:2609
2026-01-08 00:38:04.769 140661 DEBUG oslo_service.service [req-ff789075-34a9-448c-a935-88ec65920d94 - - - - -] keystone.status_code_retries = None log_opt_values /usr/lib/python3/dist-packages/oslo_config/cfg.py:2609
2026-01-08 00:38:04.769 140661 DEBUG oslo_service.service [req-ff789075-34a9-448c-a935-88ec65920d94 - - - - -] keystone.status_code_retry_delay = None log_opt_values /usr/lib/python3/dist-packages/oslo_config/cfg.py:2609
2026-01-08 00:38:04.769 140661 DEBUG oslo_service.service [req-ff789075-34a9-448c-a935-88ec65920d94 - - - - -] keystone.timeout = None log_opt_values /usr/lib/python3/dist-packages/oslo_config/cfg.py:2609
2026-01-08 00:38:04.769 140661 DEBUG oslo_service.service [req-ff789075-34a9-448c-a935-88ec65920d94 - - - - -] keystone.valid_interfaces = ['internal', 'public'] log_opt_values /usr/lib/python3/dist-packages/oslo_config/cfg.py:2609
2026-01-08 00:38:04.769 140661 DEBUG oslo_service.service [req-ff789075-34a9-448c-a935-88ec65920d94 - - - - -] keystone.version = None log_opt_values /usr/lib/python3/dist-packages/oslo_config/cfg.py:2609
2026-01-08 00:38:04.770 140661 DEBUG oslo_service.service [req-ff789075-34a9-448c-a935-88ec65920d94 - - - - -] libvirt.connection_uri = log_opt_values /usr/lib/python3/dist-packages/oslo_config/cfg.py:2609
2026-01-08 00:38:04.770 140661 DEBUG oslo_service.service [req-ff789075-34a9-448c-a935-88ec65920d94 - - - - -] libvirt.cpu_mode = None log_opt_values /usr/lib/python3/dist-packages/oslo_config/cfg.py:2609
2026-01-08 00:38:04.770 140661 DEBUG oslo_service.service [req-ff789075-34a9-448c-a935-88ec65920d94 - - - - -] libvirt.cpu_model_extra_flags = [] log_opt_values /usr/lib/python3/dist-packages/oslo_config/cfg.py:2609
2026-01-08 00:38:04.770 140661 DEBUG oslo_service.service [req-ff789075-34a9-448c-a935-88ec65920d94 - - - - -] libvirt.cpu_models = [] log_opt_values /usr/lib/python3/dist-packages/oslo_config/cfg.py:2609
2026-01-08 00:38:04.770 140661 DEBUG oslo_service.service [req-ff789075-34a9-448c-a935-88ec65920d94 - - - - -] libvirt.device_detach_attempts = 8 log_opt_values /usr/lib/python3/dist-packages/oslo_config/cfg.py:2609
2026-01-08 00:38:04.771 140661 DEBUG oslo_service.service [req-ff789075-34a9-448c-a935-88ec65920d94 - - - - -] libvirt.device_detach_timeout = 20 log_opt_values /usr/lib/python3/dist-packages/oslo_config/cfg.py:2609
2026-01-08 00:38:04.771 140661 DEBUG oslo_service.service [req-ff789075-34a9-448c-a935-88ec65920d94 - - - - -] libvirt.disk_cachemodes = [] log_opt_values /usr/lib/python3/dist-packages/oslo_config/cfg.py:2609
2026-01-08 00:38:04.771 140661 DEBUG oslo_service.service [req-ff789075-34a9-448c-a935-88ec65920d94 - - - - -] libvirt.disk_prefix = None log_opt_values /usr/lib/python3/dist-packages/oslo_config/cfg.py:2609
2026-01-08 00:38:04.771 140661 DEBUG oslo_service.service [req-ff789075-34a9-448c-a935-88ec65920d94 - - - - -] libvirt.enabled_perf_events = [] log_opt_values /usr/lib/python3/dist-packages/oslo_config/cfg.py:2609
2026-01-08 00:38:04.771 140661 DEBUG oslo_service.service [req-ff789075-34a9-448c-a935-88ec65920d94 - - - - -] libvirt.file_backed_memory = 0 log_opt_values /usr/lib/python3/dist-packages/oslo_config/cfg.py:2609
2026-01-08 00:38:04.772 140661 DEBUG oslo_service.service [req-ff789075-34a9-448c-a935-88ec65920d94 - - - - -] libvirt.gid_maps = [] log_opt_values /usr/lib/python3/dist-packages/oslo_config/cfg.py:2609
2026-01-08 00:38:04.772 140981 DEBUG oslo_messaging._drivers.amqpdriver [-] Listener is running poll /usr/lib/python3/dist-packages/oslo_messaging/_drivers/amqpdriver.py:343
2026-01-08 00:38:04.772 140661 DEBUG oslo_service.service [req-ff789075-34a9-448c-a935-88ec65920d94 - - - - -] libvirt.hw_disk_discard = None log_opt_values /usr/lib/python3/dist-packages/oslo_config/cfg.py:2609
2026-01-08 00:38:04.772 140661 DEBUG oslo_service.service [req-ff789075-34a9-448c-a935-88ec65920d94 - - - - -] libvirt.hw_machine_type = None log_opt_values /usr/lib/python3/dist-packages/oslo_config/cfg.py:2609
2026-01-08 00:38:04.772 140980 DEBUG oslo_messaging._drivers.amqpdriver [-] received message msg_id: d5bc9d04552b4750a64594549cde64c2 reply to reply_319fd55c3c2545908130caa62f49ef58 __call__ /usr/lib/python3/dist-packages/oslo_messaging/_drivers/amqpdriver.py:320
2026-01-08 00:38:04.772 140981 DEBUG oslo_messaging._drivers.amqpdriver [-] AMQPListener connection consume poll /usr/lib/python3/dist-packages/oslo_messaging/_drivers/amqpdriver.py:357
2026-01-08 00:38:04.772 140661 DEBUG oslo_service.service [req-ff789075-34a9-448c-a935-88ec65920d94 - - - - -] libvirt.images_rbd_ceph_conf = log_opt_values /usr/lib/python3/dist-packages/oslo_config/cfg.py:2609
2026-01-08 00:38:04.772 140980 DEBUG oslo_messaging._drivers.amqpdriver [-] Listener is running poll /usr/lib/python3/dist-packages/oslo_messaging/_drivers/amqpdriver.py:343
2026-01-08 00:38:04.772 140980 DEBUG oslo_messaging._drivers.amqpdriver [-] Poll the incoming message with unique_id: b967403e3b3245ccbd03862163a24e71 poll /usr/lib/python3/dist-packages/oslo_messaging/_drivers/amqpdriver.py:346
2026-01-08 00:38:04.772 140661 DEBUG oslo_service.service [req-ff789075-34a9-448c-a935-88ec65920d94 - - - - -] libvirt.images_rbd_glance_copy_poll_interval = 15 log_opt_values /usr/lib/python3/dist-packages/oslo_config/cfg.py:2609
2026-01-08 00:38:04.773 140980 DEBUG oslo_messaging._drivers.amqpdriver [-] Listener is running poll /usr/lib/python3/dist-packages/oslo_messaging/_drivers/amqpdriver.py:343
2026-01-08 00:38:04.773 140661 DEBUG oslo_service.service [req-ff789075-34a9-448c-a935-88ec65920d94 - - - - -] libvirt.images_rbd_glance_copy_timeout = 600 log_opt_values /usr/lib/python3/dist-packages/oslo_config/cfg.py:2609
2026-01-08 00:38:04.773 140980 DEBUG oslo_messaging._drivers.amqpdriver [-] AMQPListener connection consume poll /usr/lib/python3/dist-packages/oslo_messaging/_drivers/amqpdriver.py:357
2026-01-08 00:38:04.773 140981 DEBUG nova.service [req-2e39dcf8-424a-49dd-b1ec-ad21750669e0 - - - - -] Join ServiceGroup membership for this service conductor start /usr/lib/python3/dist-packages/nova/service.py:199
2026-01-08 00:38:04.773 140661 DEBUG oslo_service.service [req-ff789075-34a9-448c-a935-88ec65920d94 - - - - -] libvirt.images_rbd_glance_store_name = log_opt_values /usr/lib/python3/dist-packages/oslo_config/cfg.py:2609
2026-01-08 00:38:04.773 140981 DEBUG nova.servicegroup.drivers.db [req-2e39dcf8-424a-49dd-b1ec-ad21750669e0 - - - - -] DB_Driver: join new ServiceGroup member juju-5b0e15-0-lxd-7 to the conductor group, service = join /usr/lib/python3/dist-packages/nova/servicegroup/drivers/db.py:44
2026-01-08 00:38:04.773 140661 DEBUG oslo_service.service [req-ff789075-34a9-448c-a935-88ec65920d94 - - - - -] libvirt.images_rbd_pool = rbd log_opt_values /usr/lib/python3/dist-packages/oslo_config/cfg.py:2609
2026-01-08 00:38:04.773 140661 DEBUG oslo_service.service [req-ff789075-34a9-448c-a935-88ec65920d94 - - - - -] libvirt.images_type = default log_opt_values /usr/lib/python3/dist-packages/oslo_config/cfg.py:2609
2026-01-08 00:38:04.774 140661 DEBUG oslo_service.service [req-ff789075-34a9-448c-a935-88ec65920d94 - - - - -] libvirt.images_volume_group = None log_opt_values /usr/lib/python3/dist-packages/oslo_config/cfg.py:2609
2026-01-08 00:38:04.774 140661 DEBUG oslo_service.service [req-ff789075-34a9-448c-a935-88ec65920d94 - - - - -] libvirt.inject_key = False log_opt_values /usr/lib/python3/dist-packages/oslo_config/cfg.py:2609
2026-01-08 00:38:04.774 140661 DEBUG oslo_service.service [req-ff789075-34a9-448c-a935-88ec65920d94 - - - - -] libvirt.inject_partition = -2 log_opt_values /usr/lib/python3/dist-packages/oslo_config/cfg.py:2609
2026-01-08 00:38:04.774 140661 DEBUG oslo_service.service [req-ff789075-34a9-448c-a935-88ec65920d94 - - - - -] libvirt.inject_password = False log_opt_values /usr/lib/python3/dist-packages/oslo_config/cfg.py:2609
2026-01-08 00:38:04.774 140661 DEBUG oslo_service.service [req-ff789075-34a9-448c-a935-88ec65920d94 - - - - -] libvirt.iscsi_iface = None log_opt_values /usr/lib/python3/dist-packages/oslo_config/cfg.py:2609
2026-01-08 00:38:04.774 140661 DEBUG oslo_service.service [req-ff789075-34a9-448c-a935-88ec65920d94 - - - - -] libvirt.iser_use_multipath = False log_opt_values /usr/lib/python3/dist-packages/oslo_config/cfg.py:2609
2026-01-08 00:38:04.775 140661 DEBUG oslo_service.service [req-ff789075-34a9-448c-a935-88ec65920d94 - - - - -] libvirt.live_migration_bandwidth = 0 log_opt_values /usr/lib/python3/dist-packages/oslo_config/cfg.py:2609
2026-01-08 00:38:04.775 140661 DEBUG oslo_service.service [req-ff789075-34a9-448c-a935-88ec65920d94 - - - - -] libvirt.live_migration_completion_timeout = 800 log_opt_values /usr/lib/python3/dist-packages/oslo_config/cfg.py:2609
2026-01-08 00:38:04.775 140661 DEBUG oslo_service.service [req-ff789075-34a9-448c-a935-88ec65920d94 - - - - -] libvirt.live_migration_downtime = 500 log_opt_values /usr/lib/python3/dist-packages/oslo_config/cfg.py:2609
2026-01-08 00:38:04.775 140661 DEBUG oslo_service.service [req-ff789075-34a9-448c-a935-88ec65920d94 - - - - -] libvirt.live_migration_downtime_delay = 75 log_opt_values /usr/lib/python3/dist-packages/oslo_config/cfg.py:2609
2026-01-08 00:38:04.775 140661 DEBUG oslo_service.service [req-ff789075-34a9-448c-a935-88ec65920d94 - - - - -] libvirt.live_migration_downtime_steps = 10 log_opt_values /usr/lib/python3/dist-packages/oslo_config/cfg.py:2609
2026-01-08 00:38:04.776 140661 DEBUG oslo_service.service [req-ff789075-34a9-448c-a935-88ec65920d94 - - - - -] libvirt.live_migration_inbound_addr = None log_opt_values /usr/lib/python3/dist-packages/oslo_config/cfg.py:2609
2026-01-08 00:38:04.776 140981 DEBUG oslo_messaging._drivers.amqpdriver [-] AMQPListener connection timeout poll /usr/lib/python3/dist-packages/oslo_messaging/_drivers/amqpdriver.py:360
2026-01-08 00:38:04.776 140661 DEBUG oslo_service.service [req-ff789075-34a9-448c-a935-88ec65920d94 - - - - -] libvirt.live_migration_permit_auto_converge = False log_opt_values /usr/lib/python3/dist-packages/oslo_config/cfg.py:2609
2026-01-08 00:38:04.776 140981 DEBUG oslo_messaging._drivers.amqpdriver [-] Listener is running poll /usr/lib/python3/dist-packages/oslo_messaging/_drivers/amqpdriver.py:343
2026-01-08 00:38:04.776 140981 DEBUG oslo_messaging._drivers.amqpdriver [-] AMQPListener connection consume poll /usr/lib/python3/dist-packages/oslo_messaging/_drivers/amqpdriver.py:357
2026-01-08 00:38:04.776 140661 DEBUG oslo_service.service [req-ff789075-34a9-448c-a935-88ec65920d94 - - - - -] libvirt.live_migration_permit_post_copy = False log_opt_values /usr/lib/python3/dist-packages/oslo_config/cfg.py:2609
2026-01-08 00:38:04.776 140661 DEBUG oslo_service.service [req-ff789075-34a9-448c-a935-88ec65920d94 - - - - -] libvirt.live_migration_scheme = None log_opt_values /usr/lib/python3/dist-packages/oslo_config/cfg.py:2609
2026-01-08 00:38:04.776 140661 DEBUG oslo_service.service [req-ff789075-34a9-448c-a935-88ec65920d94 - - - - -] libvirt.live_migration_timeout_action = abort log_opt_values /usr/lib/python3/dist-packages/oslo_config/cfg.py:2609
2026-01-08 00:38:04.776 140661 DEBUG oslo_service.service [req-ff789075-34a9-448c-a935-88ec65920d94 - - - - -] libvirt.live_migration_tunnelled = False log_opt_values /usr/lib/python3/dist-packages/oslo_config/cfg.py:2609
2026-01-08 00:38:04.777 140661 DEBUG oslo_service.service [req-ff789075-34a9-448c-a935-88ec65920d94 - - - - -] libvirt.live_migration_uri = None log_opt_values /usr/lib/python3/dist-packages/oslo_config/cfg.py:2609
2026-01-08 00:38:04.777 140661 DEBUG oslo_service.service [req-ff789075-34a9-448c-a935-88ec65920d94 - - - - -] libvirt.live_migration_with_native_tls = False log_opt_values /usr/lib/python3/dist-packages/oslo_config/cfg.py:2609
2026-01-08 00:38:04.777 140661 DEBUG oslo_service.service [req-ff789075-34a9-448c-a935-88ec65920d94 - - - - -] libvirt.max_queues = None log_opt_values /usr/lib/python3/dist-packages/oslo_config/cfg.py:2609
2026-01-08 00:38:04.777 140661 DEBUG oslo_service.service [req-ff789075-34a9-448c-a935-88ec65920d94 - - - - -] libvirt.mem_stats_period_seconds = 10 log_opt_values /usr/lib/python3/dist-packages/oslo_config/cfg.py:2609
2026-01-08 00:38:04.777 140661 DEBUG oslo_service.service [req-ff789075-34a9-448c-a935-88ec65920d94 - - - - -] libvirt.nfs_mount_options = None log_opt_values /usr/lib/python3/dist-packages/oslo_config/cfg.py:2609
2026-01-08 00:38:04.778 140661 DEBUG oslo_service.service [req-ff789075-34a9-448c-a935-88ec65920d94 - - - - -] libvirt.nfs_mount_point_base = /var/lib/nova/mnt log_opt_values /usr/lib/python3/dist-packages/oslo_config/cfg.py:2609
2026-01-08 00:38:04.778 140661 DEBUG oslo_service.service [req-ff789075-34a9-448c-a935-88ec65920d94 - - - - -] libvirt.num_aoe_discover_tries = 3 log_opt_values /usr/lib/python3/dist-packages/oslo_config/cfg.py:2609
2026-01-08 00:38:04.778 140661 DEBUG oslo_service.service [req-ff789075-34a9-448c-a935-88ec65920d94 - - - - -] libvirt.num_iser_scan_tries = 5 log_opt_values /usr/lib/python3/dist-packages/oslo_config/cfg.py:2609
2026-01-08 00:38:04.778 140661 DEBUG oslo_service.service [req-ff789075-34a9-448c-a935-88ec65920d94 - - - - -] libvirt.num_memory_encrypted_guests = None log_opt_values /usr/lib/python3/dist-packages/oslo_config/cfg.py:2609
2026-01-08 00:38:04.779 140661 DEBUG oslo_service.service [req-ff789075-34a9-448c-a935-88ec65920d94 - - - - -] libvirt.num_nvme_discover_tries = 5 log_opt_values /usr/lib/python3/dist-packages/oslo_config/cfg.py:2609
2026-01-08 00:38:04.779 140661 DEBUG oslo_service.service [req-ff789075-34a9-448c-a935-88ec65920d94 - - - - -] libvirt.num_pcie_ports = 0 log_opt_values /usr/lib/python3/dist-packages/oslo_config/cfg.py:2609
2026-01-08 00:38:04.779 140661 DEBUG oslo_service.service [req-ff789075-34a9-448c-a935-88ec65920d94 - - - - -] libvirt.num_volume_scan_tries = 5 log_opt_values /usr/lib/python3/dist-packages/oslo_config/cfg.py:2609
2026-01-08 00:38:04.779 140661 DEBUG oslo_service.service [req-ff789075-34a9-448c-a935-88ec65920d94 - - - - -] libvirt.pmem_namespaces = [] log_opt_values /usr/lib/python3/dist-packages/oslo_config/cfg.py:2609
2026-01-08 00:38:04.779 140661 DEBUG oslo_service.service [req-ff789075-34a9-448c-a935-88ec65920d94 - - - - -] libvirt.quobyte_client_cfg = None log_opt_values /usr/lib/python3/dist-packages/oslo_config/cfg.py:2609
2026-01-08 00:38:04.780 140661 DEBUG oslo_service.service [req-ff789075-34a9-448c-a935-88ec65920d94 - - - - -] libvirt.quobyte_mount_point_base = /var/lib/nova/mnt log_opt_values /usr/lib/python3/dist-packages/oslo_config/cfg.py:2609
2026-01-08 00:38:04.780 140661 DEBUG oslo_service.service [req-ff789075-34a9-448c-a935-88ec65920d94 - - - - -] libvirt.rbd_connect_timeout = 5 log_opt_values /usr/lib/python3/dist-packages/oslo_config/cfg.py:2609
2026-01-08 00:38:04.780 140661 DEBUG oslo_service.service [req-ff789075-34a9-448c-a935-88ec65920d94 - - - - -] libvirt.rbd_destroy_volume_retries = 12 log_opt_values /usr/lib/python3/dist-packages/oslo_config/cfg.py:2609
2026-01-08 00:38:04.780 140661 DEBUG oslo_service.service [req-ff789075-34a9-448c-a935-88ec65920d94 - - - - -] libvirt.rbd_destroy_volume_retry_interval = 5 log_opt_values /usr/lib/python3/dist-packages/oslo_config/cfg.py:2609
2026-01-08 00:38:04.780 140661 DEBUG oslo_service.service [req-ff789075-34a9-448c-a935-88ec65920d94 - - - - -] libvirt.rbd_secret_uuid = None log_opt_values /usr/lib/python3/dist-packages/oslo_config/cfg.py:2609
2026-01-08 00:38:04.780 140661 DEBUG oslo_service.service [req-ff789075-34a9-448c-a935-88ec65920d94 - - - - -] libvirt.rbd_user = None log_opt_values /usr/lib/python3/dist-packages/oslo_config/cfg.py:2609
2026-01-08 00:38:04.781 140661 DEBUG oslo_service.service [req-ff789075-34a9-448c-a935-88ec65920d94 - - - - -] libvirt.realtime_scheduler_priority = 1 log_opt_values /usr/lib/python3/dist-packages/oslo_config/cfg.py:2609
2026-01-08 00:38:04.781 140661 DEBUG oslo_service.service [req-ff789075-34a9-448c-a935-88ec65920d94 - - - - -] libvirt.remote_filesystem_transport = ssh log_opt_values /usr/lib/python3/dist-packages/oslo_config/cfg.py:2609
2026-01-08 00:38:04.781 140661 DEBUG oslo_service.service [req-ff789075-34a9-448c-a935-88ec65920d94 - - - - -] libvirt.rescue_image_id = None log_opt_values /usr/lib/python3/dist-packages/oslo_config/cfg.py:2609
2026-01-08 00:38:04.781 140661 DEBUG oslo_service.service [req-ff789075-34a9-448c-a935-88ec65920d94 - - - - -] libvirt.rescue_kernel_id = None log_opt_values /usr/lib/python3/dist-packages/oslo_config/cfg.py:2609
2026-01-08 00:38:04.781 140661 DEBUG oslo_service.service [req-ff789075-34a9-448c-a935-88ec65920d94 - - - - -] libvirt.rescue_ramdisk_id = None log_opt_values /usr/lib/python3/dist-packages/oslo_config/cfg.py:2609
2026-01-08 00:38:04.782 140980 DEBUG oslo_messaging._drivers.amqpdriver [-] AMQPListener connection timeout poll /usr/lib/python3/dist-packages/oslo_messaging/_drivers/amqpdriver.py:360
2026-01-08 00:38:04.782 140661 DEBUG oslo_service.service [req-ff789075-34a9-448c-a935-88ec65920d94 - - - - -] libvirt.rng_dev_path = /dev/urandom log_opt_values /usr/lib/python3/dist-packages/oslo_config/cfg.py:2609
2026-01-08 00:38:04.782 140980 DEBUG oslo_messaging._drivers.amqpdriver [-] Listener is running poll /usr/lib/python3/dist-packages/oslo_messaging/_drivers/amqpdriver.py:343
2026-01-08 00:38:04.782 140661 DEBUG oslo_service.service [req-ff789075-34a9-448c-a935-88ec65920d94 - - - - -] libvirt.rx_queue_size = None log_opt_values /usr/lib/python3/dist-packages/oslo_config/cfg.py:2609
2026-01-08 00:38:04.782 140980 DEBUG oslo_messaging._drivers.amqpdriver [-] AMQPListener connection consume poll /usr/lib/python3/dist-packages/oslo_messaging/_drivers/amqpdriver.py:357
2026-01-08 00:38:04.782 140661 DEBUG oslo_service.service [req-ff789075-34a9-448c-a935-88ec65920d94 - - - - -] libvirt.smbfs_mount_options = log_opt_values /usr/lib/python3/dist-packages/oslo_config/cfg.py:2609
2026-01-08 00:38:04.782 140661 DEBUG oslo_service.service [req-ff789075-34a9-448c-a935-88ec65920d94 - - - - -] libvirt.smbfs_mount_point_base = /var/lib/nova/mnt log_opt_values /usr/lib/python3/dist-packages/oslo_config/cfg.py:2609
2026-01-08 00:38:04.782 140661 DEBUG oslo_service.service [req-ff789075-34a9-448c-a935-88ec65920d94 - - - - -] libvirt.snapshot_compression = False log_opt_values /usr/lib/python3/dist-packages/oslo_config/cfg.py:2609
2026-01-08 00:38:04.783 140661 DEBUG oslo_service.service [req-ff789075-34a9-448c-a935-88ec65920d94 - - - - -] libvirt.snapshot_image_format = None log_opt_values /usr/lib/python3/dist-packages/oslo_config/cfg.py:2609
2026-01-08 00:38:04.783 140661 DEBUG oslo_service.service [req-ff789075-34a9-448c-a935-88ec65920d94 - - - - -] libvirt.snapshots_directory = /var/lib/nova/instances/snapshots log_opt_values /usr/lib/python3/dist-packages/oslo_config/cfg.py:2609
2026-01-08 00:38:04.783 140661 DEBUG oslo_service.service [req-ff789075-34a9-448c-a935-88ec65920d94 - - - - -] libvirt.sparse_logical_volumes = False log_opt_values /usr/lib/python3/dist-packages/oslo_config/cfg.py:2609
2026-01-08 00:38:04.783 140661 DEBUG oslo_service.service [req-ff789075-34a9-448c-a935-88ec65920d94 - - - - -] libvirt.swtpm_enabled = False log_opt_values /usr/lib/python3/dist-packages/oslo_config/cfg.py:2609
2026-01-08 00:38:04.784 140661 DEBUG oslo_service.service [req-ff789075-34a9-448c-a935-88ec65920d94 - - - - -] libvirt.swtpm_group = tss log_opt_values /usr/lib/python3/dist-packages/oslo_config/cfg.py:2609
2026-01-08 00:38:04.784 140661 DEBUG oslo_service.service [req-ff789075-34a9-448c-a935-88ec65920d94 - - - - -] libvirt.swtpm_user = tss log_opt_values /usr/lib/python3/dist-packages/oslo_config/cfg.py:2609
2026-01-08 00:38:04.784 140661 DEBUG oslo_service.service [req-ff789075-34a9-448c-a935-88ec65920d94 - - - - -] libvirt.sysinfo_serial = unique log_opt_values /usr/lib/python3/dist-packages/oslo_config/cfg.py:2609
2026-01-08 00:38:04.784 140661 DEBUG oslo_service.service [req-ff789075-34a9-448c-a935-88ec65920d94 - - - - -] libvirt.tx_queue_size = None log_opt_values /usr/lib/python3/dist-packages/oslo_config/cfg.py:2609
2026-01-08 00:38:04.784 140661 DEBUG oslo_service.service [req-ff789075-34a9-448c-a935-88ec65920d94 - - - - -] libvirt.uid_maps = [] log_opt_values /usr/lib/python3/dist-packages/oslo_config/cfg.py:2609
2026-01-08 00:38:04.784 140661 DEBUG oslo_service.service [req-ff789075-34a9-448c-a935-88ec65920d94 - - - - -] libvirt.use_virtio_for_bridges = True log_opt_values /usr/lib/python3/dist-packages/oslo_config/cfg.py:2609
