2026-01-08 00:40:05.783 162943 DEBUG oslo_service.service [req-29b64590-fc46-4ceb-995b-fe02f328c992 - - - - -] api.vendordata_dynamic_read_timeout = 5 log_opt_values /usr/lib/python3/dist-packages/oslo_config/cfg.py:2609
2026-01-08 00:40:05.783 162943 DEBUG oslo_service.service [req-29b64590-fc46-4ceb-995b-fe02f328c992 - - - - -] api.vendordata_dynamic_ssl_certfile = log_opt_values /usr/lib/python3/dist-packages/oslo_config/cfg.py:2609
2026-01-08 00:40:05.784 162943 DEBUG oslo_service.service [req-29b64590-fc46-4ceb-995b-fe02f328c992 - - - - -] api.vendordata_dynamic_targets = [] log_opt_values /usr/lib/python3/dist-packages/oslo_config/cfg.py:2609
2026-01-08 00:40:05.784 162943 DEBUG oslo_service.service [req-29b64590-fc46-4ceb-995b-fe02f328c992 - - - - -] api.vendordata_jsonfile_path = None log_opt_values /usr/lib/python3/dist-packages/oslo_config/cfg.py:2609
2026-01-08 00:40:05.784 162943 DEBUG oslo_service.service [req-29b64590-fc46-4ceb-995b-fe02f328c992 - - - - -] api.vendordata_providers = ['StaticJSON'] log_opt_values /usr/lib/python3/dist-packages/oslo_config/cfg.py:2609
2026-01-08 00:40:05.784 162943 DEBUG oslo_service.service [req-29b64590-fc46-4ceb-995b-fe02f328c992 - - - - -] cache.backend = dogpile.cache.null log_opt_values /usr/lib/python3/dist-packages/oslo_config/cfg.py:2609
2026-01-08 00:40:05.784 162943 DEBUG oslo_service.service [req-29b64590-fc46-4ceb-995b-fe02f328c992 - - - - -] cache.backend_argument = **** log_opt_values /usr/lib/python3/dist-packages/oslo_config/cfg.py:2609
2026-01-08 00:40:05.785 162943 DEBUG oslo_service.service [req-29b64590-fc46-4ceb-995b-fe02f328c992 - - - - -] cache.config_prefix = cache.oslo log_opt_values /usr/lib/python3/dist-packages/oslo_config/cfg.py:2609
2026-01-08 00:40:05.785 162943 DEBUG oslo_service.service [req-29b64590-fc46-4ceb-995b-fe02f328c992 - - - - -] cache.debug_cache_backend = False log_opt_values /usr/lib/python3/dist-packages/oslo_config/cfg.py:2609
2026-01-08 00:40:05.785 162943 DEBUG oslo_service.service [req-29b64590-fc46-4ceb-995b-fe02f328c992 - - - - -] cache.enabled = False log_opt_values /usr/lib/python3/dist-packages/oslo_config/cfg.py:2609
2026-01-08 00:40:05.785 162943 DEBUG oslo_service.service [req-29b64590-fc46-4ceb-995b-fe02f328c992 - - - - -] cache.expiration_time = 600 log_opt_values /usr/lib/python3/dist-packages/oslo_config/cfg.py:2609
2026-01-08 00:40:05.785 162943 DEBUG oslo_service.service [req-29b64590-fc46-4ceb-995b-fe02f328c992 - - - - -] cache.memcache_dead_retry = 300 log_opt_values /usr/lib/python3/dist-packages/oslo_config/cfg.py:2609
2026-01-08 00:40:05.783 163401 DEBUG nova.service [req-745f43e9-3076-4a4d-8c44-6b14fc8c8f60 - - - - -] Creating RPC server for service conductor start /usr/lib/python3/dist-packages/nova/service.py:182
2026-01-08 00:40:05.785 162943 DEBUG oslo_service.service [req-29b64590-fc46-4ceb-995b-fe02f328c992 - - - - -] cache.memcache_pool_connection_get_timeout = 10 log_opt_values /usr/lib/python3/dist-packages/oslo_config/cfg.py:2609
2026-01-08 00:40:05.786 162943 DEBUG oslo_service.service [req-29b64590-fc46-4ceb-995b-fe02f328c992 - - - - -] cache.memcache_pool_flush_on_reconnect = False log_opt_values /usr/lib/python3/dist-packages/oslo_config/cfg.py:2609
2026-01-08 00:40:05.786 162943 DEBUG oslo_service.service [req-29b64590-fc46-4ceb-995b-fe02f328c992 - - - - -] cache.memcache_pool_maxsize = 10 log_opt_values /usr/lib/python3/dist-packages/oslo_config/cfg.py:2609
2026-01-08 00:40:05.786 162943 DEBUG oslo_service.service [req-29b64590-fc46-4ceb-995b-fe02f328c992 - - - - -] cache.memcache_pool_unused_timeout = 60 log_opt_values /usr/lib/python3/dist-packages/oslo_config/cfg.py:2609
2026-01-08 00:40:05.786 162943 DEBUG oslo_service.service [req-29b64590-fc46-4ceb-995b-fe02f328c992 - - - - -] cache.memcache_servers = ['localhost:11211'] log_opt_values /usr/lib/python3/dist-packages/oslo_config/cfg.py:2609
2026-01-08 00:40:05.786 162943 DEBUG oslo_service.service [req-29b64590-fc46-4ceb-995b-fe02f328c992 - - - - -] cache.memcache_socket_timeout = 1.0 log_opt_values /usr/lib/python3/dist-packages/oslo_config/cfg.py:2609
2026-01-08 00:40:05.787 162943 DEBUG oslo_service.service [req-29b64590-fc46-4ceb-995b-fe02f328c992 - - - - -] cache.proxies = [] log_opt_values /usr/lib/python3/dist-packages/oslo_config/cfg.py:2609
2026-01-08 00:40:05.787 162943 DEBUG oslo_service.service [req-29b64590-fc46-4ceb-995b-fe02f328c992 - - - - -] cache.tls_allowed_ciphers = None log_opt_values /usr/lib/python3/dist-packages/oslo_config/cfg.py:2609
2026-01-08 00:40:05.787 162943 DEBUG oslo_service.service [req-29b64590-fc46-4ceb-995b-fe02f328c992 - - - - -] cache.tls_cafile = None log_opt_values /usr/lib/python3/dist-packages/oslo_config/cfg.py:2609
2026-01-08 00:40:05.787 162943 DEBUG oslo_service.service [req-29b64590-fc46-4ceb-995b-fe02f328c992 - - - - -] cache.tls_certfile = None log_opt_values /usr/lib/python3/dist-packages/oslo_config/cfg.py:2609
2026-01-08 00:40:05.788 162943 DEBUG oslo_service.service [req-29b64590-fc46-4ceb-995b-fe02f328c992 - - - - -] cache.tls_enabled = False log_opt_values /usr/lib/python3/dist-packages/oslo_config/cfg.py:2609
2026-01-08 00:40:05.788 162943 DEBUG oslo_service.service [req-29b64590-fc46-4ceb-995b-fe02f328c992 - - - - -] cache.tls_keyfile = None log_opt_values /usr/lib/python3/dist-packages/oslo_config/cfg.py:2609
2026-01-08 00:40:05.788 162943 DEBUG oslo_service.service [req-29b64590-fc46-4ceb-995b-fe02f328c992 - - - - -] cinder.auth_section = None log_opt_values /usr/lib/python3/dist-packages/oslo_config/cfg.py:2609
2026-01-08 00:40:05.788 162943 DEBUG oslo_service.service [req-29b64590-fc46-4ceb-995b-fe02f328c992 - - - - -] cinder.auth_type = None log_opt_values /usr/lib/python3/dist-packages/oslo_config/cfg.py:2609
2026-01-08 00:40:05.789 162943 DEBUG oslo_service.service [req-29b64590-fc46-4ceb-995b-fe02f328c992 - - - - -] cinder.cafile = None log_opt_values /usr/lib/python3/dist-packages/oslo_config/cfg.py:2609
2026-01-08 00:40:05.789 162943 DEBUG oslo_service.service [req-29b64590-fc46-4ceb-995b-fe02f328c992 - - - - -] cinder.catalog_info = volumev3::publicURL log_opt_values /usr/lib/python3/dist-packages/oslo_config/cfg.py:2609
2026-01-08 00:40:05.789 162943 DEBUG oslo_service.service [req-29b64590-fc46-4ceb-995b-fe02f328c992 - - - - -] cinder.certfile = None log_opt_values /usr/lib/python3/dist-packages/oslo_config/cfg.py:2609
2026-01-08 00:40:05.789 162943 DEBUG oslo_service.service [req-29b64590-fc46-4ceb-995b-fe02f328c992 - - - - -] cinder.collect_timing = False log_opt_values /usr/lib/python3/dist-packages/oslo_config/cfg.py:2609
2026-01-08 00:40:05.789 162943 DEBUG oslo_service.service [req-29b64590-fc46-4ceb-995b-fe02f328c992 - - - - -] cinder.cross_az_attach = True log_opt_values /usr/lib/python3/dist-packages/oslo_config/cfg.py:2609
2026-01-08 00:40:05.789 162943 DEBUG oslo_service.service [req-29b64590-fc46-4ceb-995b-fe02f328c992 - - - - -] cinder.debug = False log_opt_values /usr/lib/python3/dist-packages/oslo_config/cfg.py:2609
2026-01-08 00:40:05.790 162943 DEBUG oslo_service.service [req-29b64590-fc46-4ceb-995b-fe02f328c992 - - - - -] cinder.endpoint_template = None log_opt_values /usr/lib/python3/dist-packages/oslo_config/cfg.py:2609
2026-01-08 00:40:05.790 162943 DEBUG oslo_service.service [req-29b64590-fc46-4ceb-995b-fe02f328c992 - - - - -] cinder.http_retries = 3 log_opt_values /usr/lib/python3/dist-packages/oslo_config/cfg.py:2609
2026-01-08 00:40:05.790 162943 DEBUG oslo_service.service [req-29b64590-fc46-4ceb-995b-fe02f328c992 - - - - -] cinder.insecure = False log_opt_values /usr/lib/python3/dist-packages/oslo_config/cfg.py:2609
2026-01-08 00:40:05.790 162943 DEBUG oslo_service.service [req-29b64590-fc46-4ceb-995b-fe02f328c992 - - - - -] cinder.keyfile = None log_opt_values /usr/lib/python3/dist-packages/oslo_config/cfg.py:2609
2026-01-08 00:40:05.791 162943 DEBUG oslo_service.service [req-29b64590-fc46-4ceb-995b-fe02f328c992 - - - - -] cinder.os_region_name = None log_opt_values /usr/lib/python3/dist-packages/oslo_config/cfg.py:2609
2026-01-08 00:40:05.791 162943 DEBUG oslo_service.service [req-29b64590-fc46-4ceb-995b-fe02f328c992 - - - - -] cinder.split_loggers = False log_opt_values /usr/lib/python3/dist-packages/oslo_config/cfg.py:2609
2026-01-08 00:40:05.791 162943 DEBUG oslo_service.service [req-29b64590-fc46-4ceb-995b-fe02f328c992 - - - - -] cinder.timeout = None log_opt_values /usr/lib/python3/dist-packages/oslo_config/cfg.py:2609
2026-01-08 00:40:05.791 162943 DEBUG oslo_service.service [req-29b64590-fc46-4ceb-995b-fe02f328c992 - - - - -] compute.consecutive_build_service_disable_threshold = 10 log_opt_values /usr/lib/python3/dist-packages/oslo_config/cfg.py:2609
2026-01-08 00:40:05.792 162943 DEBUG oslo_service.service [req-29b64590-fc46-4ceb-995b-fe02f328c992 - - - - -] compute.cpu_dedicated_set = None log_opt_values /usr/lib/python3/dist-packages/oslo_config/cfg.py:2609
2026-01-08 00:40:05.792 162943 DEBUG oslo_service.service [req-29b64590-fc46-4ceb-995b-fe02f328c992 - - - - -] compute.cpu_shared_set = None log_opt_values /usr/lib/python3/dist-packages/oslo_config/cfg.py:2609
2026-01-08 00:40:05.792 162943 DEBUG oslo_service.service [req-29b64590-fc46-4ceb-995b-fe02f328c992 - - - - -] compute.image_type_exclude_list = [] log_opt_values /usr/lib/python3/dist-packages/oslo_config/cfg.py:2609
2026-01-08 00:40:05.792 162943 DEBUG oslo_service.service [req-29b64590-fc46-4ceb-995b-fe02f328c992 - - - - -] compute.live_migration_wait_for_vif_plug = True log_opt_values /usr/lib/python3/dist-packages/oslo_config/cfg.py:2609
2026-01-08 00:40:05.792 162943 DEBUG oslo_service.service [req-29b64590-fc46-4ceb-995b-fe02f328c992 - - - - -] compute.max_concurrent_disk_ops = 0 log_opt_values /usr/lib/python3/dist-packages/oslo_config/cfg.py:2609
2026-01-08 00:40:05.793 162943 DEBUG oslo_service.service [req-29b64590-fc46-4ceb-995b-fe02f328c992 - - - - -] compute.max_disk_devices_to_attach = -1 log_opt_values /usr/lib/python3/dist-packages/oslo_config/cfg.py:2609
2026-01-08 00:40:05.794 162943 DEBUG oslo_service.service [req-29b64590-fc46-4ceb-995b-fe02f328c992 - - - - -] compute.packing_host_numa_cells_allocation_strategy = True log_opt_values /usr/lib/python3/dist-packages/oslo_config/cfg.py:2609
2026-01-08 00:40:05.794 162943 DEBUG oslo_service.service [req-29b64590-fc46-4ceb-995b-fe02f328c992 - - - - -] compute.provider_config_location = /etc/nova/provider_config/ log_opt_values /usr/lib/python3/dist-packages/oslo_config/cfg.py:2609
2026-01-08 00:40:05.794 162943 DEBUG oslo_service.service [req-29b64590-fc46-4ceb-995b-fe02f328c992 - - - - -] compute.resource_provider_association_refresh = 300 log_opt_values /usr/lib/python3/dist-packages/oslo_config/cfg.py:2609
2026-01-08 00:40:05.794 162943 DEBUG oslo_service.service [req-29b64590-fc46-4ceb-995b-fe02f328c992 - - - - -] compute.shutdown_retry_interval = 10 log_opt_values /usr/lib/python3/dist-packages/oslo_config/cfg.py:2609
2026-01-08 00:40:05.795 162943 DEBUG oslo_service.service [req-29b64590-fc46-4ceb-995b-fe02f328c992 - - - - -] compute.vmdk_allowed_types = ['streamOptimized', 'monolithicSparse'] log_opt_values /usr/lib/python3/dist-packages/oslo_config/cfg.py:2609
2026-01-08 00:40:05.795 162943 DEBUG oslo_service.service [req-29b64590-fc46-4ceb-995b-fe02f328c992 - - - - -] conductor.workers = 4 log_opt_values /usr/lib/python3/dist-packages/oslo_config/cfg.py:2609
2026-01-08 00:40:05.795 162943 DEBUG oslo_service.service [req-29b64590-fc46-4ceb-995b-fe02f328c992 - - - - -] console.allowed_origins = [] log_opt_values /usr/lib/python3/dist-packages/oslo_config/cfg.py:2609
2026-01-08 00:40:05.795 162943 DEBUG oslo_service.service [req-29b64590-fc46-4ceb-995b-fe02f328c992 - - - - -] console.ssl_ciphers = None log_opt_values /usr/lib/python3/dist-packages/oslo_config/cfg.py:2609
2026-01-08 00:40:05.796 162943 DEBUG oslo_service.service [req-29b64590-fc46-4ceb-995b-fe02f328c992 - - - - -] console.ssl_minimum_version = default log_opt_values /usr/lib/python3/dist-packages/oslo_config/cfg.py:2609
2026-01-08 00:40:05.796 162943 DEBUG oslo_service.service [req-29b64590-fc46-4ceb-995b-fe02f328c992 - - - - -] consoleauth.token_ttl = 600 log_opt_values /usr/lib/python3/dist-packages/oslo_config/cfg.py:2609
2026-01-08 00:40:05.796 162943 DEBUG oslo_service.service [req-29b64590-fc46-4ceb-995b-fe02f328c992 - - - - -] cyborg.cafile = None log_opt_values /usr/lib/python3/dist-packages/oslo_config/cfg.py:2609
2026-01-08 00:40:05.796 162943 DEBUG oslo_service.service [req-29b64590-fc46-4ceb-995b-fe02f328c992 - - - - -] cyborg.certfile = None log_opt_values /usr/lib/python3/dist-packages/oslo_config/cfg.py:2609
2026-01-08 00:40:05.797 162943 DEBUG oslo_service.service [req-29b64590-fc46-4ceb-995b-fe02f328c992 - - - - -] cyborg.collect_timing = False log_opt_values /usr/lib/python3/dist-packages/oslo_config/cfg.py:2609
2026-01-08 00:40:05.797 162943 DEBUG oslo_service.service [req-29b64590-fc46-4ceb-995b-fe02f328c992 - - - - -] cyborg.connect_retries = None log_opt_values /usr/lib/python3/dist-packages/oslo_config/cfg.py:2609
2026-01-08 00:40:05.797 162943 DEBUG oslo_service.service [req-29b64590-fc46-4ceb-995b-fe02f328c992 - - - - -] cyborg.connect_retry_delay = None log_opt_values /usr/lib/python3/dist-packages/oslo_config/cfg.py:2609
2026-01-08 00:40:05.798 162943 DEBUG oslo_service.service [req-29b64590-fc46-4ceb-995b-fe02f328c992 - - - - -] cyborg.endpoint_override = None log_opt_values /usr/lib/python3/dist-packages/oslo_config/cfg.py:2609
2026-01-08 00:40:05.799 162943 DEBUG oslo_service.service [req-29b64590-fc46-4ceb-995b-fe02f328c992 - - - - -] cyborg.insecure = False log_opt_values /usr/lib/python3/dist-packages/oslo_config/cfg.py:2609
2026-01-08 00:40:05.799 162943 DEBUG oslo_service.service [req-29b64590-fc46-4ceb-995b-fe02f328c992 - - - - -] cyborg.keyfile = None log_opt_values /usr/lib/python3/dist-packages/oslo_config/cfg.py:2609
2026-01-08 00:40:05.799 163387 DEBUG oslo_messaging._drivers.amqpdriver [-] Listener is running poll /usr/lib/python3/dist-packages/oslo_messaging/_drivers/amqpdriver.py:343
2026-01-08 00:40:05.799 162943 DEBUG oslo_service.service [req-29b64590-fc46-4ceb-995b-fe02f328c992 - - - - -] cyborg.max_version = None log_opt_values /usr/lib/python3/dist-packages/oslo_config/cfg.py:2609
2026-01-08 00:40:05.799 163387 DEBUG oslo_messaging._drivers.amqpdriver [-] AMQPListener connection consume poll /usr/lib/python3/dist-packages/oslo_messaging/_drivers/amqpdriver.py:357
2026-01-08 00:40:05.799 162943 DEBUG oslo_service.service [req-29b64590-fc46-4ceb-995b-fe02f328c992 - - - - -] cyborg.min_version = None log_opt_values /usr/lib/python3/dist-packages/oslo_config/cfg.py:2609
2026-01-08 00:40:05.800 162943 DEBUG oslo_service.service [req-29b64590-fc46-4ceb-995b-fe02f328c992 - - - - -] cyborg.region_name = None log_opt_values /usr/lib/python3/dist-packages/oslo_config/cfg.py:2609
2026-01-08 00:40:05.800 162943 DEBUG oslo_service.service [req-29b64590-fc46-4ceb-995b-fe02f328c992 - - - - -] cyborg.service_name = None log_opt_values /usr/lib/python3/dist-packages/oslo_config/cfg.py:2609
2026-01-08 00:40:05.800 162943 DEBUG oslo_service.service [req-29b64590-fc46-4ceb-995b-fe02f328c992 - - - - -] cyborg.service_type = accelerator log_opt_values /usr/lib/python3/dist-packages/oslo_config/cfg.py:2609
2026-01-08 00:40:05.800 162943 DEBUG oslo_service.service [req-29b64590-fc46-4ceb-995b-fe02f328c992 - - - - -] cyborg.split_loggers = False log_opt_values /usr/lib/python3/dist-packages/oslo_config/cfg.py:2609
2026-01-08 00:40:05.801 162943 DEBUG oslo_service.service [req-29b64590-fc46-4ceb-995b-fe02f328c992 - - - - -] cyborg.status_code_retries = None log_opt_values /usr/lib/python3/dist-packages/oslo_config/cfg.py:2609
2026-01-08 00:40:05.801 162943 DEBUG oslo_service.service [req-29b64590-fc46-4ceb-995b-fe02f328c992 - - - - -] cyborg.status_code_retry_delay = None log_opt_values /usr/lib/python3/dist-packages/oslo_config/cfg.py:2609
2026-01-08 00:40:05.801 163394 DEBUG oslo_db.sqlalchemy.engines [req-c8942054-8877-4174-865a-ab1553774ad5 - - - - -] MySQL server mode set to STRICT_TRANS_TABLES,STRICT_ALL_TABLES,NO_ZERO_IN_DATE,NO_ZERO_DATE,ERROR_FOR_DIVISION_BY_ZERO,TRADITIONAL,NO_ENGINE_SUBSTITUTION _check_effective_sql_mode /usr/lib/python3/dist-packages/oslo_db/sqlalchemy/engines.py:314
2026-01-08 00:40:05.801 162943 DEBUG oslo_service.service [req-29b64590-fc46-4ceb-995b-fe02f328c992 - - - - -] cyborg.timeout = None log_opt_values /usr/lib/python3/dist-packages/oslo_config/cfg.py:2609
2026-01-08 00:40:05.801 163387 DEBUG oslo_messaging._drivers.amqpdriver [-] received message msg_id: 176b32a57c0c4f19983fe37b4e1702df reply to reply_7d503f401a9e415ab16c76b6d9ab0421 __call__ /usr/lib/python3/dist-packages/oslo_messaging/_drivers/amqpdriver.py:320
2026-01-08 00:40:05.801 162943 DEBUG oslo_service.service [req-29b64590-fc46-4ceb-995b-fe02f328c992 - - - - -] cyborg.valid_interfaces = ['internal', 'public'] log_opt_values /usr/lib/python3/dist-packages/oslo_config/cfg.py:2609
2026-01-08 00:40:05.801 162943 DEBUG oslo_service.service [req-29b64590-fc46-4ceb-995b-fe02f328c992 - - - - -] cyborg.version = None log_opt_values /usr/lib/python3/dist-packages/oslo_config/cfg.py:2609
2026-01-08 00:40:05.802 163386 DEBUG nova.service [req-6f0f9fff-d4f9-4168-a033-ead39076cb77 - - - - -] Creating RPC server for service conductor start /usr/lib/python3/dist-packages/nova/service.py:182
2026-01-08 00:40:05.802 162943 DEBUG oslo_service.service [req-29b64590-fc46-4ceb-995b-fe02f328c992 - - - - -] database.backend = sqlalchemy log_opt_values /usr/lib/python3/dist-packages/oslo_config/cfg.py:2609
2026-01-08 00:40:05.802 162943 DEBUG oslo_service.service [req-29b64590-fc46-4ceb-995b-fe02f328c992 - - - - -] database.connection = **** log_opt_values /usr/lib/python3/dist-packages/oslo_config/cfg.py:2609
2026-01-08 00:40:05.802 163387 DEBUG nova.service [req-86a856b3-68da-43c6-b73c-b691529435ce - - - - -] Join ServiceGroup membership for this service conductor start /usr/lib/python3/dist-packages/nova/service.py:199
2026-01-08 00:40:05.802 162943 DEBUG oslo_service.service [req-29b64590-fc46-4ceb-995b-fe02f328c992 - - - - -] database.connection_debug = 0 log_opt_values /usr/lib/python3/dist-packages/oslo_config/cfg.py:2609
2026-01-08 00:40:05.802 163387 DEBUG nova.servicegroup.drivers.db [req-86a856b3-68da-43c6-b73c-b691529435ce - - - - -] DB_Driver: join new ServiceGroup member juju-5b0e15-0-lxd-7 to the conductor group, service = join /usr/lib/python3/dist-packages/nova/servicegroup/drivers/db.py:44
2026-01-08 00:40:05.802 162943 DEBUG oslo_service.service [req-29b64590-fc46-4ceb-995b-fe02f328c992 - - - - -] database.connection_parameters = log_opt_values /usr/lib/python3/dist-packages/oslo_config/cfg.py:2609
2026-01-08 00:40:05.803 162943 DEBUG oslo_service.service [req-29b64590-fc46-4ceb-995b-fe02f328c992 - - - - -] database.connection_recycle_time = 3600 log_opt_values /usr/lib/python3/dist-packages/oslo_config/cfg.py:2609
2026-01-08 00:40:05.803 162943 DEBUG oslo_service.service [req-29b64590-fc46-4ceb-995b-fe02f328c992 - - - - -] database.connection_trace = False log_opt_values /usr/lib/python3/dist-packages/oslo_config/cfg.py:2609
2026-01-08 00:40:05.803 162943 DEBUG oslo_service.service [req-29b64590-fc46-4ceb-995b-fe02f328c992 - - - - -] database.db_inc_retry_interval = True log_opt_values /usr/lib/python3/dist-packages/oslo_config/cfg.py:2609
2026-01-08 00:40:05.803 162943 DEBUG oslo_service.service [req-29b64590-fc46-4ceb-995b-fe02f328c992 - - - - -] database.db_max_retries = 20 log_opt_values /usr/lib/python3/dist-packages/oslo_config/cfg.py:2609
2026-01-08 00:40:05.803 162943 DEBUG oslo_service.service [req-29b64590-fc46-4ceb-995b-fe02f328c992 - - - - -] database.db_max_retry_interval = 10 log_opt_values /usr/lib/python3/dist-packages/oslo_config/cfg.py:2609
2026-01-08 00:40:05.804 162943 DEBUG oslo_service.service [req-29b64590-fc46-4ceb-995b-fe02f328c992 - - - - -] database.db_retry_interval = 1 log_opt_values /usr/lib/python3/dist-packages/oslo_config/cfg.py:2609
2026-01-08 00:40:05.804 162943 DEBUG oslo_service.service [req-29b64590-fc46-4ceb-995b-fe02f328c992 - - - - -] database.max_overflow = 50 log_opt_values /usr/lib/python3/dist-packages/oslo_config/cfg.py:2609
2026-01-08 00:40:05.804 162943 DEBUG oslo_service.service [req-29b64590-fc46-4ceb-995b-fe02f328c992 - - - - -] database.max_pool_size = 4 log_opt_values /usr/lib/python3/dist-packages/oslo_config/cfg.py:2609
2026-01-08 00:40:05.804 162943 DEBUG oslo_service.service [req-29b64590-fc46-4ceb-995b-fe02f328c992 - - - - -] database.max_retries = 10 log_opt_values /usr/lib/python3/dist-packages/oslo_config/cfg.py:2609
2026-01-08 00:40:05.804 163387 DEBUG oslo_messaging._drivers.amqpdriver [-] AMQPListener connection timeout poll /usr/lib/python3/dist-packages/oslo_messaging/_drivers/amqpdriver.py:360
2026-01-08 00:40:05.804 162943 DEBUG oslo_service.service [req-29b64590-fc46-4ceb-995b-fe02f328c992 - - - - -] database.mysql_enable_ndb = False log_opt_values /usr/lib/python3/dist-packages/oslo_config/cfg.py:2609
2026-01-08 00:40:05.804 163387 DEBUG oslo_messaging._drivers.amqpdriver [-] Listener is running poll /usr/lib/python3/dist-packages/oslo_messaging/_drivers/amqpdriver.py:343
2026-01-08 00:40:05.804 162943 DEBUG oslo_service.service [req-29b64590-fc46-4ceb-995b-fe02f328c992 - - - - -] database.mysql_sql_mode = TRADITIONAL log_opt_values /usr/lib/python3/dist-packages/oslo_config/cfg.py:2609
2026-01-08 00:40:05.804 163387 DEBUG oslo_messaging._drivers.amqpdriver [-] Poll the incoming message with unique_id: e036b463a28b487da629bec3bb8c4649 poll /usr/lib/python3/dist-packages/oslo_messaging/_drivers/amqpdriver.py:346
2026-01-08 00:40:05.805 162943 DEBUG oslo_service.service [req-29b64590-fc46-4ceb-995b-fe02f328c992 - - - - -] database.pool_timeout = None log_opt_values /usr/lib/python3/dist-packages/oslo_config/cfg.py:2609
2026-01-08 00:40:05.805 163387 DEBUG oslo_messaging._drivers.amqpdriver [-] Listener is running poll /usr/lib/python3/dist-packages/oslo_messaging/_drivers/amqpdriver.py:343
2026-01-08 00:40:05.805 162943 DEBUG oslo_service.service [req-29b64590-fc46-4ceb-995b-fe02f328c992 - - - - -] database.retry_interval = 10 log_opt_values /usr/lib/python3/dist-packages/oslo_config/cfg.py:2609
2026-01-08 00:40:05.805 163387 DEBUG oslo_messaging._drivers.amqpdriver [-] AMQPListener connection consume poll /usr/lib/python3/dist-packages/oslo_messaging/_drivers/amqpdriver.py:357
2026-01-08 00:40:05.805 162943 DEBUG oslo_service.service [req-29b64590-fc46-4ceb-995b-fe02f328c992 - - - - -] database.slave_connection = **** log_opt_values /usr/lib/python3/dist-packages/oslo_config/cfg.py:2609
2026-01-08 00:40:05.805 162943 DEBUG oslo_service.service [req-29b64590-fc46-4ceb-995b-fe02f328c992 - - - - -] database.sqlite_synchronous = True log_opt_values /usr/lib/python3/dist-packages/oslo_config/cfg.py:2609
2026-01-08 00:40:05.805 162943 DEBUG oslo_service.service [req-29b64590-fc46-4ceb-995b-fe02f328c992 - - - - -] database.use_db_reconnect = False log_opt_values /usr/lib/python3/dist-packages/oslo_config/cfg.py:2609
2026-01-08 00:40:05.806 162943 DEBUG oslo_service.service [req-29b64590-fc46-4ceb-995b-fe02f328c992 - - - - -] api_database.backend = sqlalchemy log_opt_values /usr/lib/python3/dist-packages/oslo_config/cfg.py:2609
2026-01-08 00:40:05.806 162943 DEBUG oslo_service.service [req-29b64590-fc46-4ceb-995b-fe02f328c992 - - - - -] api_database.connection = **** log_opt_values /usr/lib/python3/dist-packages/oslo_config/cfg.py:2609
2026-01-08 00:40:05.806 162943 DEBUG oslo_service.service [req-29b64590-fc46-4ceb-995b-fe02f328c992 - - - - -] api_database.connection_debug = 0 log_opt_values /usr/lib/python3/dist-packages/oslo_config/cfg.py:2609
2026-01-08 00:40:05.806 162943 DEBUG oslo_service.service [req-29b64590-fc46-4ceb-995b-fe02f328c992 - - - - -] api_database.connection_parameters = log_opt_values /usr/lib/python3/dist-packages/oslo_config/cfg.py:2609
2026-01-08 00:40:05.806 162943 DEBUG oslo_service.service [req-29b64590-fc46-4ceb-995b-fe02f328c992 - - - - -] api_database.connection_recycle_time = 3600 log_opt_values /usr/lib/python3/dist-packages/oslo_config/cfg.py:2609
2026-01-08 00:40:05.806 162943 DEBUG oslo_service.service [req-29b64590-fc46-4ceb-995b-fe02f328c992 - - - - -] api_database.connection_trace = False log_opt_values /usr/lib/python3/dist-packages/oslo_config/cfg.py:2609
2026-01-08 00:40:05.807 162943 DEBUG oslo_service.service [req-29b64590-fc46-4ceb-995b-fe02f328c992 - - - - -] api_database.db_inc_retry_interval = True log_opt_values /usr/lib/python3/dist-packages/oslo_config/cfg.py:2609
2026-01-08 00:40:05.807 162943 DEBUG oslo_service.service [req-29b64590-fc46-4ceb-995b-fe02f328c992 - - - - -] api_database.db_max_retries = 20 log_opt_values /usr/lib/python3/dist-packages/oslo_config/cfg.py:2609
2026-01-08 00:40:05.807 162943 DEBUG oslo_service.service [req-29b64590-fc46-4ceb-995b-fe02f328c992 - - - - -] api_database.db_max_retry_interval = 10 log_opt_values /usr/lib/python3/dist-packages/oslo_config/cfg.py:2609
2026-01-08 00:40:05.807 162943 DEBUG oslo_service.service [req-29b64590-fc46-4ceb-995b-fe02f328c992 - - - - -] api_database.db_retry_interval = 1 log_opt_values /usr/lib/python3/dist-packages/oslo_config/cfg.py:2609
2026-01-08 00:40:05.807 162943 DEBUG oslo_service.service [req-29b64590-fc46-4ceb-995b-fe02f328c992 - - - - -] api_database.max_overflow = 50 log_opt_values /usr/lib/python3/dist-packages/oslo_config/cfg.py:2609
2026-01-08 00:40:05.809 162943 DEBUG oslo_service.service [req-29b64590-fc46-4ceb-995b-fe02f328c992 - - - - -] api_database.max_pool_size = 4 log_opt_values /usr/lib/python3/dist-packages/oslo_config/cfg.py:2609
2026-01-08 00:40:05.810 162943 DEBUG oslo_service.service [req-29b64590-fc46-4ceb-995b-fe02f328c992 - - - - -] api_database.max_retries = 10 log_opt_values /usr/lib/python3/dist-packages/oslo_config/cfg.py:2609
2026-01-08 00:40:05.810 162943 DEBUG oslo_service.service [req-29b64590-fc46-4ceb-995b-fe02f328c992 - - - - -] api_database.mysql_enable_ndb = False log_opt_values /usr/lib/python3/dist-packages/oslo_config/cfg.py:2609
2026-01-08 00:40:05.810 162943 DEBUG oslo_service.service [req-29b64590-fc46-4ceb-995b-fe02f328c992 - - - - -] api_database.mysql_sql_mode = TRADITIONAL log_opt_values /usr/lib/python3/dist-packages/oslo_config/cfg.py:2609
2026-01-08 00:40:05.810 162943 DEBUG oslo_service.service [req-29b64590-fc46-4ceb-995b-fe02f328c992 - - - - -] api_database.pool_timeout = None log_opt_values /usr/lib/python3/dist-packages/oslo_config/cfg.py:2609
2026-01-08 00:40:05.811 162943 DEBUG oslo_service.service [req-29b64590-fc46-4ceb-995b-fe02f328c992 - - - - -] api_database.retry_interval = 10 log_opt_values /usr/lib/python3/dist-packages/oslo_config/cfg.py:2609
2026-01-08 00:40:05.811 162943 DEBUG oslo_service.service [req-29b64590-fc46-4ceb-995b-fe02f328c992 - - - - -] api_database.slave_connection = **** log_opt_values /usr/lib/python3/dist-packages/oslo_config/cfg.py:2609
2026-01-08 00:40:05.811 162943 DEBUG oslo_service.service [req-29b64590-fc46-4ceb-995b-fe02f328c992 - - - - -] api_database.sqlite_synchronous = True log_opt_values /usr/lib/python3/dist-packages/oslo_config/cfg.py:2609
2026-01-08 00:40:05.811 162943 DEBUG oslo_service.service [req-29b64590-fc46-4ceb-995b-fe02f328c992 - - - - -] devices.enabled_mdev_types = [] log_opt_values /usr/lib/python3/dist-packages/oslo_config/cfg.py:2609
2026-01-08 00:40:05.811 162943 DEBUG oslo_service.service [req-29b64590-fc46-4ceb-995b-fe02f328c992 - - - - -] ephemeral_storage_encryption.cipher = aes-xts-plain64 log_opt_values /usr/lib/python3/dist-packages/oslo_config/cfg.py:2609
2026-01-08 00:40:05.812 162943 DEBUG oslo_service.service [req-29b64590-fc46-4ceb-995b-fe02f328c992 - - - - -] ephemeral_storage_encryption.enabled = False log_opt_values /usr/lib/python3/dist-packages/oslo_config/cfg.py:2609
2026-01-08 00:40:05.812 162943 DEBUG oslo_service.service [req-29b64590-fc46-4ceb-995b-fe02f328c992 - - - - -] ephemeral_storage_encryption.key_size = 512 log_opt_values /usr/lib/python3/dist-packages/oslo_config/cfg.py:2609
2026-01-08 00:40:05.812 162943 WARNING oslo_config.cfg [req-29b64590-fc46-4ceb-995b-fe02f328c992 - - - - -] Deprecated: Option "api_servers" from group "glance" is deprecated for removal ( Support for image service configuration via standard keystoneauth1 Adapter options was added in the 17.0.0 Queens release. The api_servers option was retained temporarily to allow consumers time to cut over to a real load balancing solution. ). Its value may be silently ignored in the future.
2026-01-08 00:40:05.812 162943 DEBUG oslo_service.service [req-29b64590-fc46-4ceb-995b-fe02f328c992 - - - - -] glance.api_servers = ['http://252.129.170.34:9292'] log_opt_values /usr/lib/python3/dist-packages/oslo_config/cfg.py:2609
2026-01-08 00:40:05.813 162943 DEBUG oslo_service.service [req-29b64590-fc46-4ceb-995b-fe02f328c992 - - - - -] glance.cafile = None log_opt_values /usr/lib/python3/dist-packages/oslo_config/cfg.py:2609
2026-01-08 00:40:05.813 162943 DEBUG oslo_service.service [req-29b64590-fc46-4ceb-995b-fe02f328c992 - - - - -] glance.certfile = None log_opt_values /usr/lib/python3/dist-packages/oslo_config/cfg.py:2609
2026-01-08 00:40:05.813 162943 DEBUG oslo_service.service [req-29b64590-fc46-4ceb-995b-fe02f328c992 - - - - -] glance.collect_timing = False log_opt_values /usr/lib/python3/dist-packages/oslo_config/cfg.py:2609
2026-01-08 00:40:05.814 162943 DEBUG oslo_service.service [req-29b64590-fc46-4ceb-995b-fe02f328c992 - - - - -] glance.connect_retries = None log_opt_values /usr/lib/python3/dist-packages/oslo_config/cfg.py:2609
2026-01-08 00:40:05.814 162943 DEBUG oslo_service.service [req-29b64590-fc46-4ceb-995b-fe02f328c992 - - - - -] glance.connect_retry_delay = None log_opt_values /usr/lib/python3/dist-packages/oslo_config/cfg.py:2609
2026-01-08 00:40:05.814 162943 DEBUG oslo_service.service [req-29b64590-fc46-4ceb-995b-fe02f328c992 - - - - -] glance.debug = False log_opt_values /usr/lib/python3/dist-packages/oslo_config/cfg.py:2609
2026-01-08 00:40:05.814 162943 DEBUG oslo_service.service [req-29b64590-fc46-4ceb-995b-fe02f328c992 - - - - -] glance.default_trusted_certificate_ids = [] log_opt_values /usr/lib/python3/dist-packages/oslo_config/cfg.py:2609
2026-01-08 00:40:05.814 162943 DEBUG oslo_service.service [req-29b64590-fc46-4ceb-995b-fe02f328c992 - - - - -] glance.enable_certificate_validation = False log_opt_values /usr/lib/python3/dist-packages/oslo_config/cfg.py:2609
2026-01-08 00:40:05.814 162943 DEBUG oslo_service.service [req-29b64590-fc46-4ceb-995b-fe02f328c992 - - - - -] glance.enable_rbd_download = False log_opt_values /usr/lib/python3/dist-packages/oslo_config/cfg.py:2609
2026-01-08 00:40:05.815 162943 DEBUG oslo_service.service [req-29b64590-fc46-4ceb-995b-fe02f328c992 - - - - -] glance.endpoint_override = None log_opt_values /usr/lib/python3/dist-packages/oslo_config/cfg.py:2609
2026-01-08 00:40:05.815 162943 DEBUG oslo_service.service [req-29b64590-fc46-4ceb-995b-fe02f328c992 - - - - -] glance.insecure = False log_opt_values /usr/lib/python3/dist-packages/oslo_config/cfg.py:2609
2026-01-08 00:40:05.815 162943 DEBUG oslo_service.service [req-29b64590-fc46-4ceb-995b-fe02f328c992 - - - - -] glance.keyfile = None log_opt_values /usr/lib/python3/dist-packages/oslo_config/cfg.py:2609
2026-01-08 00:40:05.815 162943 DEBUG oslo_service.service [req-29b64590-fc46-4ceb-995b-fe02f328c992 - - - - -] glance.max_version = None log_opt_values /usr/lib/python3/dist-packages/oslo_config/cfg.py:2609
2026-01-08 00:40:05.815 162943 DEBUG oslo_service.service [req-29b64590-fc46-4ceb-995b-fe02f328c992 - - - - -] glance.min_version = None log_opt_values /usr/lib/python3/dist-packages/oslo_config/cfg.py:2609
2026-01-08 00:40:05.816 162943 DEBUG oslo_service.service [req-29b64590-fc46-4ceb-995b-fe02f328c992 - - - - -] glance.num_retries = 3 log_opt_values /usr/lib/python3/dist-packages/oslo_config/cfg.py:2609
2026-01-08 00:40:05.816 162943 DEBUG oslo_service.service [req-29b64590-fc46-4ceb-995b-fe02f328c992 - - - - -] glance.rbd_ceph_conf = log_opt_values /usr/lib/python3/dist-packages/oslo_config/cfg.py:2609
2026-01-08 00:40:05.816 162943 DEBUG oslo_service.service [req-29b64590-fc46-4ceb-995b-fe02f328c992 - - - - -] glance.rbd_connect_timeout = 5 log_opt_values /usr/lib/python3/dist-packages/oslo_config/cfg.py:2609
2026-01-08 00:40:05.816 162943 DEBUG oslo_service.service [req-29b64590-fc46-4ceb-995b-fe02f328c992 - - - - -] glance.rbd_pool = log_opt_values /usr/lib/python3/dist-packages/oslo_config/cfg.py:2609
2026-01-08 00:40:05.817 162943 DEBUG oslo_service.service [req-29b64590-fc46-4ceb-995b-fe02f328c992 - - - - -] glance.rbd_user = log_opt_values /usr/lib/python3/dist-packages/oslo_config/cfg.py:2609
2026-01-08 00:40:05.817 162943 DEBUG oslo_service.service [req-29b64590-fc46-4ceb-995b-fe02f328c992 - - - - -] glance.region_name = None log_opt_values /usr/lib/python3/dist-packages/oslo_config/cfg.py:2609
2026-01-08 00:40:05.817 162943 DEBUG oslo_service.service [req-29b64590-fc46-4ceb-995b-fe02f328c992 - - - - -] glance.service_name = None log_opt_values /usr/lib/python3/dist-packages/oslo_config/cfg.py:2609
2026-01-08 00:40:05.817 162943 DEBUG oslo_service.service [req-29b64590-fc46-4ceb-995b-fe02f328c992 - - - - -] glance.service_type = image log_opt_values /usr/lib/python3/dist-packages/oslo_config/cfg.py:2609
2026-01-08 00:40:05.817 162943 DEBUG oslo_service.service [req-29b64590-fc46-4ceb-995b-fe02f328c992 - - - - -] glance.split_loggers = False log_opt_values /usr/lib/python3/dist-packages/oslo_config/cfg.py:2609
2026-01-08 00:40:05.818 162943 DEBUG oslo_service.service [req-29b64590-fc46-4ceb-995b-fe02f328c992 - - - - -] glance.status_code_retries = None log_opt_values /usr/lib/python3/dist-packages/oslo_config/cfg.py:2609
2026-01-08 00:40:05.818 162943 DEBUG oslo_service.service [req-29b64590-fc46-4ceb-995b-fe02f328c992 - - - - -] glance.status_code_retry_delay = None log_opt_values /usr/lib/python3/dist-packages/oslo_config/cfg.py:2609
2026-01-08 00:40:05.818 162943 DEBUG oslo_service.service [req-29b64590-fc46-4ceb-995b-fe02f328c992 - - - - -] glance.timeout = None log_opt_values /usr/lib/python3/dist-packages/oslo_config/cfg.py:2609
2026-01-08 00:40:05.818 163394 DEBUG nova.service [req-c8942054-8877-4174-865a-ab1553774ad5 - - - - -] Creating RPC server for service conductor start /usr/lib/python3/dist-packages/nova/service.py:182
2026-01-08 00:40:05.819 162943 DEBUG oslo_service.service [req-29b64590-fc46-4ceb-995b-fe02f328c992 - - - - -] glance.valid_interfaces = ['internal', 'public'] log_opt_values /usr/lib/python3/dist-packages/oslo_config/cfg.py:2609
2026-01-08 00:40:05.819 162943 DEBUG oslo_service.service [req-29b64590-fc46-4ceb-995b-fe02f328c992 - - - - -] glance.verify_glance_signatures = False log_opt_values /usr/lib/python3/dist-packages/oslo_config/cfg.py:2609
2026-01-08 00:40:05.820 162943 DEBUG oslo_service.service [req-29b64590-fc46-4ceb-995b-fe02f328c992 - - - - -] glance.version = None log_opt_values /usr/lib/python3/dist-packages/oslo_config/cfg.py:2609
2026-01-08 00:40:05.820 162943 DEBUG oslo_service.service [req-29b64590-fc46-4ceb-995b-fe02f328c992 - - - - -] guestfs.debug = False log_opt_values /usr/lib/python3/dist-packages/oslo_config/cfg.py:2609
2026-01-08 00:40:05.820 162943 DEBUG oslo_service.service [req-29b64590-fc46-4ceb-995b-fe02f328c992 - - - - -] hyperv.config_drive_cdrom = False log_opt_values /usr/lib/python3/dist-packages/oslo_config/cfg.py:2609
2026-01-08 00:40:05.820 162943 DEBUG oslo_service.service [req-29b64590-fc46-4ceb-995b-fe02f328c992 - - - - -] hyperv.config_drive_inject_password = False log_opt_values /usr/lib/python3/dist-packages/oslo_config/cfg.py:2609
2026-01-08 00:40:05.821 162943 DEBUG oslo_service.service [req-29b64590-fc46-4ceb-995b-fe02f328c992 - - - - -] hyperv.dynamic_memory_ratio = 1.0 log_opt_values /usr/lib/python3/dist-packages/oslo_config/cfg.py:2609
2026-01-08 00:40:05.821 162943 DEBUG oslo_service.service [req-29b64590-fc46-4ceb-995b-fe02f328c992 - - - - -] hyperv.enable_instance_metrics_collection = False log_opt_values /usr/lib/python3/dist-packages/oslo_config/cfg.py:2609
2026-01-08 00:40:05.821 162943 DEBUG oslo_service.service [req-29b64590-fc46-4ceb-995b-fe02f328c992 - - - - -] hyperv.enable_remotefx = False log_opt_values /usr/lib/python3/dist-packages/oslo_config/cfg.py:2609
2026-01-08 00:40:05.821 162943 DEBUG oslo_service.service [req-29b64590-fc46-4ceb-995b-fe02f328c992 - - - - -] hyperv.instances_path_share = log_opt_values /usr/lib/python3/dist-packages/oslo_config/cfg.py:2609
2026-01-08 00:40:05.822 162943 DEBUG oslo_service.service [req-29b64590-fc46-4ceb-995b-fe02f328c992 - - - - -] hyperv.iscsi_initiator_list = [] log_opt_values /usr/lib/python3/dist-packages/oslo_config/cfg.py:2609
2026-01-08 00:40:05.822 162943 DEBUG oslo_service.service [req-29b64590-fc46-4ceb-995b-fe02f328c992 - - - - -] hyperv.limit_cpu_features = False log_opt_values /usr/lib/python3/dist-packages/oslo_config/cfg.py:2609
2026-01-08 00:40:05.822 162943 DEBUG oslo_service.service [req-29b64590-fc46-4ceb-995b-fe02f328c992 - - - - -] hyperv.mounted_disk_query_retry_count = 10 log_opt_values /usr/lib/python3/dist-packages/oslo_config/cfg.py:2609
2026-01-08 00:40:05.823 162943 DEBUG oslo_service.service [req-29b64590-fc46-4ceb-995b-fe02f328c992 - - - - -] hyperv.mounted_disk_query_retry_interval = 5 log_opt_values /usr/lib/python3/dist-packages/oslo_config/cfg.py:2609
2026-01-08 00:40:05.823 162943 DEBUG oslo_service.service [req-29b64590-fc46-4ceb-995b-fe02f328c992 - - - - -] hyperv.power_state_check_timeframe = 60 log_opt_values /usr/lib/python3/dist-packages/oslo_config/cfg.py:2609
2026-01-08 00:40:05.823 162943 DEBUG oslo_service.service [req-29b64590-fc46-4ceb-995b-fe02f328c992 - - - - -] hyperv.power_state_event_polling_interval = 2 log_opt_values /usr/lib/python3/dist-packages/oslo_config/cfg.py:2609
2026-01-08 00:40:05.823 162943 DEBUG oslo_service.service [req-29b64590-fc46-4ceb-995b-fe02f328c992 - - - - -] hyperv.qemu_img_cmd = qemu-img.exe log_opt_values /usr/lib/python3/dist-packages/oslo_config/cfg.py:2609
2026-01-08 00:40:05.824 162943 DEBUG oslo_service.service [req-29b64590-fc46-4ceb-995b-fe02f328c992 - - - - -] hyperv.use_multipath_io = False log_opt_values /usr/lib/python3/dist-packages/oslo_config/cfg.py:2609
2026-01-08 00:40:05.824 162943 DEBUG oslo_service.service [req-29b64590-fc46-4ceb-995b-fe02f328c992 - - - - -] hyperv.volume_attach_retry_count = 10 log_opt_values /usr/lib/python3/dist-packages/oslo_config/cfg.py:2609
2026-01-08 00:40:05.824 162943 DEBUG oslo_service.service [req-29b64590-fc46-4ceb-995b-fe02f328c992 - - - - -] hyperv.volume_attach_retry_interval = 5 log_opt_values /usr/lib/python3/dist-packages/oslo_config/cfg.py:2609
2026-01-08 00:40:05.825 162943 DEBUG oslo_service.service [req-29b64590-fc46-4ceb-995b-fe02f328c992 - - - - -] hyperv.vswitch_name = None log_opt_values /usr/lib/python3/dist-packages/oslo_config/cfg.py:2609
2026-01-08 00:40:05.825 162943 DEBUG oslo_service.service [req-29b64590-fc46-4ceb-995b-fe02f328c992 - - - - -] hyperv.wait_soft_reboot_seconds = 60 log_opt_values /usr/lib/python3/dist-packages/oslo_config/cfg.py:2609
2026-01-08 00:40:05.825 162943 DEBUG oslo_service.service [req-29b64590-fc46-4ceb-995b-fe02f328c992 - - - - -] mks.enabled = False log_opt_values /usr/lib/python3/dist-packages/oslo_config/cfg.py:2609
2026-01-08 00:40:05.829 162943 DEBUG oslo_service.service [req-29b64590-fc46-4ceb-995b-fe02f328c992 - - - - -] mks.mksproxy_base_url = http://127.0.0.1:6090/ log_opt_values /usr/lib/python3/dist-packages/oslo_config/cfg.py:2609
2026-01-08 00:40:05.829 162943 DEBUG oslo_service.service [req-29b64590-fc46-4ceb-995b-fe02f328c992 - - - - -] image_cache.manager_interval = 2400 log_opt_values /usr/lib/python3/dist-packages/oslo_config/cfg.py:2609
2026-01-08 00:40:05.829 162943 DEBUG oslo_service.service [req-29b64590-fc46-4ceb-995b-fe02f328c992 - - - - -] image_cache.precache_concurrency = 1 log_opt_values /usr/lib/python3/dist-packages/oslo_config/cfg.py:2609
2026-01-08 00:40:05.830 162943 DEBUG oslo_service.service [req-29b64590-fc46-4ceb-995b-fe02f328c992 - - - - -] image_cache.remove_unused_base_images = True log_opt_values /usr/lib/python3/dist-packages/oslo_config/cfg.py:2609
2026-01-08 00:40:05.829 163386 DEBUG oslo_messaging._drivers.amqpdriver [-] Listener is running poll /usr/lib/python3/dist-packages/oslo_messaging/_drivers/amqpdriver.py:343
2026-01-08 00:40:05.830 162943 DEBUG oslo_service.service [req-29b64590-fc46-4ceb-995b-fe02f328c992 - - - - -] image_cache.remove_unused_original_minimum_age_seconds = 86400 log_opt_values /usr/lib/python3/dist-packages/oslo_config/cfg.py:2609
2026-01-08 00:40:05.830 163386 DEBUG oslo_messaging._drivers.amqpdriver [-] AMQPListener connection consume poll /usr/lib/python3/dist-packages/oslo_messaging/_drivers/amqpdriver.py:357
2026-01-08 00:40:05.830 162943 DEBUG oslo_service.service [req-29b64590-fc46-4ceb-995b-fe02f328c992 - - - - -] image_cache.remove_unused_resized_minimum_age_seconds = 3600 log_opt_values /usr/lib/python3/dist-packages/oslo_config/cfg.py:2609
2026-01-08 00:40:05.830 162943 DEBUG oslo_service.service [req-29b64590-fc46-4ceb-995b-fe02f328c992 - - - - -] image_cache.subdirectory_name = _base log_opt_values /usr/lib/python3/dist-packages/oslo_config/cfg.py:2609
2026-01-08 00:40:05.830 163386 DEBUG nova.service [req-6f0f9fff-d4f9-4168-a033-ead39076cb77 - - - - -] Join ServiceGroup membership for this service conductor start /usr/lib/python3/dist-packages/nova/service.py:199
2026-01-08 00:40:05.831 163386 DEBUG nova.servicegroup.drivers.db [req-6f0f9fff-d4f9-4168-a033-ead39076cb77 - - - - -] DB_Driver: join new ServiceGroup member juju-5b0e15-0-lxd-7 to the conductor group, service = join /usr/lib/python3/dist-packages/nova/servicegroup/drivers/db.py:44
2026-01-08 00:40:05.831 162943 DEBUG oslo_service.service [req-29b64590-fc46-4ceb-995b-fe02f328c992 - - - - -] ironic.api_max_retries = 60 log_opt_values /usr/lib/python3/dist-packages/oslo_config/cfg.py:2609
2026-01-08 00:40:05.831 162943 DEBUG oslo_service.service [req-29b64590-fc46-4ceb-995b-fe02f328c992 - - - - -] ironic.api_retry_interval = 2 log_opt_values /usr/lib/python3/dist-packages/oslo_config/cfg.py:2609
2026-01-08 00:40:05.831 162943 DEBUG oslo_service.service [req-29b64590-fc46-4ceb-995b-fe02f328c992 - - - - -] ironic.auth_section = None log_opt_values /usr/lib/python3/dist-packages/oslo_config/cfg.py:2609
2026-01-08 00:40:05.832 162943 DEBUG oslo_service.service [req-29b64590-fc46-4ceb-995b-fe02f328c992 - - - - -] ironic.auth_type = None log_opt_values /usr/lib/python3/dist-packages/oslo_config/cfg.py:2609
2026-01-08 00:40:05.832 162943 DEBUG oslo_service.service [req-29b64590-fc46-4ceb-995b-fe02f328c992 - - - - -] ironic.cafile = None log_opt_values /usr/lib/python3/dist-packages/oslo_config/cfg.py:2609
2026-01-08 00:40:05.832 162943 DEBUG oslo_service.service [req-29b64590-fc46-4ceb-995b-fe02f328c992 - - - - -] ironic.certfile = None log_opt_values /usr/lib/python3/dist-packages/oslo_config/cfg.py:2609
2026-01-08 00:40:05.833 162943 DEBUG oslo_service.service [req-29b64590-fc46-4ceb-995b-fe02f328c992 - - - - -] ironic.collect_timing = False log_opt_values /usr/lib/python3/dist-packages/oslo_config/cfg.py:2609
2026-01-08 00:40:05.834 162943 DEBUG oslo_service.service [req-29b64590-fc46-4ceb-995b-fe02f328c992 - - - - -] ironic.connect_retries = None log_opt_values /usr/lib/python3/dist-packages/oslo_config/cfg.py:2609
2026-01-08 00:40:05.834 162943 DEBUG oslo_service.service [req-29b64590-fc46-4ceb-995b-fe02f328c992 - - - - -] ironic.connect_retry_delay = None log_opt_values /usr/lib/python3/dist-packages/oslo_config/cfg.py:2609
2026-01-08 00:40:05.834 162943 DEBUG oslo_service.service [req-29b64590-fc46-4ceb-995b-fe02f328c992 - - - - -] ironic.endpoint_override = None log_opt_values /usr/lib/python3/dist-packages/oslo_config/cfg.py:2609
2026-01-08 00:40:05.835 162943 DEBUG oslo_service.service [req-29b64590-fc46-4ceb-995b-fe02f328c992 - - - - -] ironic.insecure = False log_opt_values /usr/lib/python3/dist-packages/oslo_config/cfg.py:2609
2026-01-08 00:40:05.835 162943 DEBUG oslo_service.service [req-29b64590-fc46-4ceb-995b-fe02f328c992 - - - - -] ironic.keyfile = None log_opt_values /usr/lib/python3/dist-packages/oslo_config/cfg.py:2609
2026-01-08 00:40:05.835 162943 DEBUG oslo_service.service [req-29b64590-fc46-4ceb-995b-fe02f328c992 - - - - -] ironic.max_version = None log_opt_values /usr/lib/python3/dist-packages/oslo_config/cfg.py:2609
2026-01-08 00:40:05.835 162943 DEBUG oslo_service.service [req-29b64590-fc46-4ceb-995b-fe02f328c992 - - - - -] ironic.min_version = None log_opt_values /usr/lib/python3/dist-packages/oslo_config/cfg.py:2609
2026-01-08 00:40:05.835 162943 DEBUG oslo_service.service [req-29b64590-fc46-4ceb-995b-fe02f328c992 - - - - -] ironic.partition_key = None log_opt_values /usr/lib/python3/dist-packages/oslo_config/cfg.py:2609
2026-01-08 00:40:05.836 162943 DEBUG oslo_service.service [req-29b64590-fc46-4ceb-995b-fe02f328c992 - - - - -] ironic.peer_list = [] log_opt_values /usr/lib/python3/dist-packages/oslo_config/cfg.py:2609
2026-01-08 00:40:05.836 162943 DEBUG oslo_service.service [req-29b64590-fc46-4ceb-995b-fe02f328c992 - - - - -] ironic.region_name = None log_opt_values /usr/lib/python3/dist-packages/oslo_config/cfg.py:2609
2026-01-08 00:40:05.836 162943 DEBUG oslo_service.service [req-29b64590-fc46-4ceb-995b-fe02f328c992 - - - - -] ironic.serial_console_state_timeout = 10 log_opt_values /usr/lib/python3/dist-packages/oslo_config/cfg.py:2609
2026-01-08 00:40:05.836 162943 DEBUG oslo_service.service [req-29b64590-fc46-4ceb-995b-fe02f328c992 - - - - -] ironic.service_name = None log_opt_values /usr/lib/python3/dist-packages/oslo_config/cfg.py:2609
2026-01-08 00:40:05.837 162943 DEBUG oslo_service.service [req-29b64590-fc46-4ceb-995b-fe02f328c992 - - - - -] ironic.service_type = baremetal log_opt_values /usr/lib/python3/dist-packages/oslo_config/cfg.py:2609
2026-01-08 00:40:05.833 163386 DEBUG oslo_messaging._drivers.amqpdriver [-] AMQPListener connection timeout poll /usr/lib/python3/dist-packages/oslo_messaging/_drivers/amqpdriver.py:360
2026-01-08 00:40:05.838 162943 DEBUG oslo_service.service [req-29b64590-fc46-4ceb-995b-fe02f328c992 - - - - -] ironic.split_loggers = False log_opt_values /usr/lib/python3/dist-packages/oslo_config/cfg.py:2609
2026-01-08 00:40:05.839 163386 DEBUG oslo_messaging._drivers.amqpdriver [-] Listener is running poll /usr/lib/python3/dist-packages/oslo_messaging/_drivers/amqpdriver.py:343
2026-01-08 00:40:05.839 162943 DEBUG oslo_service.service [req-29b64590-fc46-4ceb-995b-fe02f328c992 - - - - -] ironic.status_code_retries = None log_opt_values /usr/lib/python3/dist-packages/oslo_config/cfg.py:2609
2026-01-08 00:40:05.839 163386 DEBUG oslo_messaging._drivers.amqpdriver [-] AMQPListener connection consume poll /usr/lib/python3/dist-packages/oslo_messaging/_drivers/amqpdriver.py:357
2026-01-08 00:40:05.839 162943 DEBUG oslo_service.service [req-29b64590-fc46-4ceb-995b-fe02f328c992 - - - - -] ironic.status_code_retry_delay = None log_opt_values /usr/lib/python3/dist-packages/oslo_config/cfg.py:2609
2026-01-08 00:40:05.839 162943 DEBUG oslo_service.service [req-29b64590-fc46-4ceb-995b-fe02f328c992 - - - - -] ironic.timeout = None log_opt_values /usr/lib/python3/dist-packages/oslo_config/cfg.py:2609
2026-01-08 00:40:05.840 162943 DEBUG oslo_service.service [req-29b64590-fc46-4ceb-995b-fe02f328c992 - - - - -] ironic.valid_interfaces = ['internal', 'public'] log_opt_values /usr/lib/python3/dist-packages/oslo_config/cfg.py:2609
2026-01-08 00:40:05.840 162943 DEBUG oslo_service.service [req-29b64590-fc46-4ceb-995b-fe02f328c992 - - - - -] ironic.version = None log_opt_values /usr/lib/python3/dist-packages/oslo_config/cfg.py:2609
2026-01-08 00:40:05.840 162943 DEBUG oslo_service.service [req-29b64590-fc46-4ceb-995b-fe02f328c992 - - - - -] key_manager.backend = barbican log_opt_values /usr/lib/python3/dist-packages/oslo_config/cfg.py:2609
2026-01-08 00:40:05.840 162943 DEBUG oslo_service.service [req-29b64590-fc46-4ceb-995b-fe02f328c992 - - - - -] key_manager.fixed_key = **** log_opt_values /usr/lib/python3/dist-packages/oslo_config/cfg.py:2609
2026-01-08 00:40:05.841 162943 DEBUG oslo_service.service [req-29b64590-fc46-4ceb-995b-fe02f328c992 - - - - -] barbican.auth_endpoint = http://localhost/identity/v3 log_opt_values /usr/lib/python3/dist-packages/oslo_config/cfg.py:2609
2026-01-08 00:40:05.838 163401 DEBUG oslo_messaging._drivers.amqpdriver [-] Listener is running poll /usr/lib/python3/dist-packages/oslo_messaging/_drivers/amqpdriver.py:343
2026-01-08 00:40:05.841 162943 DEBUG oslo_service.service [req-29b64590-fc46-4ceb-995b-fe02f328c992 - - - - -] barbican.barbican_api_version = None log_opt_values /usr/lib/python3/dist-packages/oslo_config/cfg.py:2609
2026-01-08 00:40:05.841 163401 DEBUG oslo_messaging._drivers.amqpdriver [-] AMQPListener connection consume poll /usr/lib/python3/dist-packages/oslo_messaging/_drivers/amqpdriver.py:357
2026-01-08 00:40:05.842 162943 DEBUG oslo_service.service [req-29b64590-fc46-4ceb-995b-fe02f328c992 - - - - -] barbican.barbican_endpoint = None log_opt_values /usr/lib/python3/dist-packages/oslo_config/cfg.py:2609
2026-01-08 00:40:05.842 162943 DEBUG oslo_service.service [req-29b64590-fc46-4ceb-995b-fe02f328c992 - - - - -] barbican.barbican_endpoint_type = public log_opt_values /usr/lib/python3/dist-packages/oslo_config/cfg.py:2609
2026-01-08 00:40:05.843 162943 DEBUG oslo_service.service [req-29b64590-fc46-4ceb-995b-fe02f328c992 - - - - -] barbican.barbican_region_name = None log_opt_values /usr/lib/python3/dist-packages/oslo_config/cfg.py:2609
