2026-01-05 00:39:45.384 139410 DEBUG oslo_concurrency.lockutils [req-858e86ba-c5b3-4808-b4ac-11755f2684a9 - - - - -] Releasing lock "singleton_lock" lock /usr/lib/python3/dist-packages/oslo_concurrency/lockutils.py:312
2026-01-05 00:39:45.385 139410 INFO oslo_service.service [req-858e86ba-c5b3-4808-b4ac-11755f2684a9 - - - - -] Starting 4 workers
2026-01-05 00:39:45.389 139410 DEBUG oslo_service.service [req-858e86ba-c5b3-4808-b4ac-11755f2684a9 - - - - -] Started child 139716 _start_child /usr/lib/python3/dist-packages/oslo_service/service.py:575
2026-01-05 00:39:45.394 139716 INFO nova.service [-] Starting scheduler node (version 25.2.1)
2026-01-05 00:39:45.396 139410 DEBUG oslo_service.service [req-858e86ba-c5b3-4808-b4ac-11755f2684a9 - - - - -] Started child 139717 _start_child /usr/lib/python3/dist-packages/oslo_service/service.py:575
2026-01-05 00:39:45.401 139717 INFO nova.service [-] Starting scheduler node (version 25.2.1)
2026-01-05 00:39:45.402 139410 DEBUG oslo_service.service [req-858e86ba-c5b3-4808-b4ac-11755f2684a9 - - - - -] Started child 139718 _start_child /usr/lib/python3/dist-packages/oslo_service/service.py:575
2026-01-05 00:39:45.407 139716 DEBUG oslo_db.sqlalchemy.engines [req-1adf066c-9c57-463c-a85d-67b3b03cafc0 - - - - -] MySQL server mode set to STRICT_TRANS_TABLES,STRICT_ALL_TABLES,NO_ZERO_IN_DATE,NO_ZERO_DATE,ERROR_FOR_DIVISION_BY_ZERO,TRADITIONAL,NO_ENGINE_SUBSTITUTION _check_effective_sql_mode /usr/lib/python3/dist-packages/oslo_db/sqlalchemy/engines.py:314
2026-01-05 00:39:45.407 139718 INFO nova.service [-] Starting scheduler node (version 25.2.1)
2026-01-05 00:39:45.408 139410 DEBUG oslo_service.service [req-858e86ba-c5b3-4808-b4ac-11755f2684a9 - - - - -] Started child 139719 _start_child /usr/lib/python3/dist-packages/oslo_service/service.py:575
2026-01-05 00:39:45.411 139410 DEBUG oslo_service.service [req-858e86ba-c5b3-4808-b4ac-11755f2684a9 - - - - -] Full set of CONF: wait /usr/lib/python3/dist-packages/oslo_service/service.py:649
2026-01-05 00:39:45.412 139410 DEBUG oslo_service.service [req-858e86ba-c5b3-4808-b4ac-11755f2684a9 - - - - -] ******************************************************************************** log_opt_values /usr/lib/python3/dist-packages/oslo_config/cfg.py:2589
2026-01-05 00:39:45.412 139410 DEBUG oslo_service.service [req-858e86ba-c5b3-4808-b4ac-11755f2684a9 - - - - -] Configuration options gathered from: log_opt_values /usr/lib/python3/dist-packages/oslo_config/cfg.py:2590
2026-01-05 00:39:45.412 139410 DEBUG oslo_service.service [req-858e86ba-c5b3-4808-b4ac-11755f2684a9 - - - - -] command line args: ['--config-file=/etc/nova/nova.conf', '--log-file=/var/log/nova/nova-scheduler.log'] log_opt_values /usr/lib/python3/dist-packages/oslo_config/cfg.py:2591
2026-01-05 00:39:45.412 139410 DEBUG oslo_service.service [req-858e86ba-c5b3-4808-b4ac-11755f2684a9 - - - - -] config files: ['/etc/nova/nova.conf'] log_opt_values /usr/lib/python3/dist-packages/oslo_config/cfg.py:2592
2026-01-05 00:39:45.413 139410 DEBUG oslo_service.service [req-858e86ba-c5b3-4808-b4ac-11755f2684a9 - - - - -] ================================================================================ log_opt_values /usr/lib/python3/dist-packages/oslo_config/cfg.py:2594
2026-01-05 00:39:45.413 139410 DEBUG oslo_service.service [req-858e86ba-c5b3-4808-b4ac-11755f2684a9 - - - - -] allow_resize_to_same_host = False log_opt_values /usr/lib/python3/dist-packages/oslo_config/cfg.py:2602
2026-01-05 00:39:45.414 139410 DEBUG oslo_service.service [req-858e86ba-c5b3-4808-b4ac-11755f2684a9 - - - - -] arq_binding_timeout = 300 log_opt_values /usr/lib/python3/dist-packages/oslo_config/cfg.py:2602
2026-01-05 00:39:45.414 139410 DEBUG oslo_service.service [req-858e86ba-c5b3-4808-b4ac-11755f2684a9 - - - - -] block_device_allocate_retries = 60 log_opt_values /usr/lib/python3/dist-packages/oslo_config/cfg.py:2602
2026-01-05 00:39:45.414 139410 DEBUG oslo_service.service [req-858e86ba-c5b3-4808-b4ac-11755f2684a9 - - - - -] block_device_allocate_retries_interval = 3 log_opt_values /usr/lib/python3/dist-packages/oslo_config/cfg.py:2602
2026-01-05 00:39:45.414 139410 DEBUG oslo_service.service [req-858e86ba-c5b3-4808-b4ac-11755f2684a9 - - - - -] cert = self.pem log_opt_values /usr/lib/python3/dist-packages/oslo_config/cfg.py:2602
2026-01-05 00:39:45.415 139410 DEBUG oslo_service.service [req-858e86ba-c5b3-4808-b4ac-11755f2684a9 - - - - -] compute_driver = libvirt.LibvirtDriver log_opt_values /usr/lib/python3/dist-packages/oslo_config/cfg.py:2602
2026-01-05 00:39:45.415 139410 DEBUG oslo_service.service [req-858e86ba-c5b3-4808-b4ac-11755f2684a9 - - - - -] compute_monitors = [] log_opt_values /usr/lib/python3/dist-packages/oslo_config/cfg.py:2602
2026-01-05 00:39:45.415 139410 DEBUG oslo_service.service [req-858e86ba-c5b3-4808-b4ac-11755f2684a9 - - - - -] config_dir = [] log_opt_values /usr/lib/python3/dist-packages/oslo_config/cfg.py:2602
2026-01-05 00:39:45.416 139410 DEBUG oslo_service.service [req-858e86ba-c5b3-4808-b4ac-11755f2684a9 - - - - -] config_drive_format = iso9660 log_opt_values /usr/lib/python3/dist-packages/oslo_config/cfg.py:2602
2026-01-05 00:39:45.416 139410 DEBUG oslo_service.service [req-858e86ba-c5b3-4808-b4ac-11755f2684a9 - - - - -] config_file = ['/etc/nova/nova.conf'] log_opt_values /usr/lib/python3/dist-packages/oslo_config/cfg.py:2602
2026-01-05 00:39:45.416 139410 DEBUG oslo_service.service [req-858e86ba-c5b3-4808-b4ac-11755f2684a9 - - - - -] config_source = [] log_opt_values /usr/lib/python3/dist-packages/oslo_config/cfg.py:2602
2026-01-05 00:39:45.416 139410 DEBUG oslo_service.service [req-858e86ba-c5b3-4808-b4ac-11755f2684a9 - - - - -] console_host = juju-c7d490-0-lxd-7 log_opt_values /usr/lib/python3/dist-packages/oslo_config/cfg.py:2602
2026-01-05 00:39:45.416 139717 DEBUG oslo_db.sqlalchemy.engines [req-e9a31ef5-6c57-4875-9d79-bbbfb799d40e - - - - -] MySQL server mode set to STRICT_TRANS_TABLES,STRICT_ALL_TABLES,NO_ZERO_IN_DATE,NO_ZERO_DATE,ERROR_FOR_DIVISION_BY_ZERO,TRADITIONAL,NO_ENGINE_SUBSTITUTION _check_effective_sql_mode /usr/lib/python3/dist-packages/oslo_db/sqlalchemy/engines.py:314
2026-01-05 00:39:45.417 139410 DEBUG oslo_service.service [req-858e86ba-c5b3-4808-b4ac-11755f2684a9 - - - - -] control_exchange = nova log_opt_values /usr/lib/python3/dist-packages/oslo_config/cfg.py:2602
2026-01-05 00:39:45.417 139410 DEBUG oslo_service.service [req-858e86ba-c5b3-4808-b4ac-11755f2684a9 - - - - -] cpu_allocation_ratio = 2.0 log_opt_values /usr/lib/python3/dist-packages/oslo_config/cfg.py:2602
2026-01-05 00:39:45.417 139410 DEBUG oslo_service.service [req-858e86ba-c5b3-4808-b4ac-11755f2684a9 - - - - -] daemon = False log_opt_values /usr/lib/python3/dist-packages/oslo_config/cfg.py:2602
2026-01-05 00:39:45.418 139410 DEBUG oslo_service.service [req-858e86ba-c5b3-4808-b4ac-11755f2684a9 - - - - -] debug = True log_opt_values /usr/lib/python3/dist-packages/oslo_config/cfg.py:2602
2026-01-05 00:39:45.418 139410 DEBUG oslo_service.service [req-858e86ba-c5b3-4808-b4ac-11755f2684a9 - - - - -] default_access_ip_network_name = None log_opt_values /usr/lib/python3/dist-packages/oslo_config/cfg.py:2602
2026-01-05 00:39:45.418 139410 DEBUG oslo_service.service [req-858e86ba-c5b3-4808-b4ac-11755f2684a9 - - - - -] default_availability_zone = nova log_opt_values /usr/lib/python3/dist-packages/oslo_config/cfg.py:2602
2026-01-05 00:39:45.419 139410 DEBUG oslo_service.service [req-858e86ba-c5b3-4808-b4ac-11755f2684a9 - - - - -] default_ephemeral_format = None log_opt_values /usr/lib/python3/dist-packages/oslo_config/cfg.py:2602
2026-01-05 00:39:45.419 139410 DEBUG oslo_service.service [req-858e86ba-c5b3-4808-b4ac-11755f2684a9 - - - - -] default_log_levels = ['amqp=WARN', 'amqplib=WARN', 'boto=WARN', 'qpid=WARN', 'sqlalchemy=WARN', 'suds=INFO', 'oslo.messaging=INFO', 'oslo_messaging=DEBUG', 'iso8601=WARN', 'requests.packages.urllib3.connectionpool=WARN', 'urllib3.connectionpool=WARN', 'websocket=WARN', 'requests.packages.urllib3.util.retry=WARN', 'urllib3.util.retry=WARN', 'keystonemiddleware=WARN', 'routes.middleware=WARN', 'stevedore=WARN', 'taskflow=WARN', 'keystoneauth=WARN', 'oslo.cache=INFO', 'dogpile.core.dogpile=INFO', 'glanceclient=WARN', 'oslo.privsep.daemon=INFO'] log_opt_values /usr/lib/python3/dist-packages/oslo_config/cfg.py:2602
2026-01-05 00:39:45.419 139410 DEBUG oslo_service.service [req-858e86ba-c5b3-4808-b4ac-11755f2684a9 - - - - -] default_schedule_zone = None log_opt_values /usr/lib/python3/dist-packages/oslo_config/cfg.py:2602
2026-01-05 00:39:45.422 139410 DEBUG oslo_service.service [req-858e86ba-c5b3-4808-b4ac-11755f2684a9 - - - - -] disk_allocation_ratio = 1.0 log_opt_values /usr/lib/python3/dist-packages/oslo_config/cfg.py:2602
2026-01-05 00:39:45.422 139718 DEBUG oslo_db.sqlalchemy.engines [req-09b1218c-e6a6-4081-8dae-fb1618290f87 - - - - -] MySQL server mode set to STRICT_TRANS_TABLES,STRICT_ALL_TABLES,NO_ZERO_IN_DATE,NO_ZERO_DATE,ERROR_FOR_DIVISION_BY_ZERO,TRADITIONAL,NO_ENGINE_SUBSTITUTION _check_effective_sql_mode /usr/lib/python3/dist-packages/oslo_db/sqlalchemy/engines.py:314
2026-01-05 00:39:45.422 139410 DEBUG oslo_service.service [req-858e86ba-c5b3-4808-b4ac-11755f2684a9 - - - - -] enable_new_services = True log_opt_values /usr/lib/python3/dist-packages/oslo_config/cfg.py:2602
2026-01-05 00:39:45.423 139410 DEBUG oslo_service.service [req-858e86ba-c5b3-4808-b4ac-11755f2684a9 - - - - -] enabled_apis = ['osapi_compute', 'metadata'] log_opt_values /usr/lib/python3/dist-packages/oslo_config/cfg.py:2602
2026-01-05 00:39:45.423 139410 DEBUG oslo_service.service [req-858e86ba-c5b3-4808-b4ac-11755f2684a9 - - - - -] enabled_ssl_apis = [] log_opt_values /usr/lib/python3/dist-packages/oslo_config/cfg.py:2602
2026-01-05 00:39:45.422 139719 INFO nova.service [-] Starting scheduler node (version 25.2.1)
2026-01-05 00:39:45.423 139410 DEBUG oslo_service.service [req-858e86ba-c5b3-4808-b4ac-11755f2684a9 - - - - -] fatal_deprecations = False log_opt_values /usr/lib/python3/dist-packages/oslo_config/cfg.py:2602
2026-01-05 00:39:45.424 139410 DEBUG oslo_service.service [req-858e86ba-c5b3-4808-b4ac-11755f2684a9 - - - - -] flat_injected = False log_opt_values /usr/lib/python3/dist-packages/oslo_config/cfg.py:2602
2026-01-05 00:39:45.424 139410 DEBUG oslo_service.service [req-858e86ba-c5b3-4808-b4ac-11755f2684a9 - - - - -] force_config_drive = False log_opt_values /usr/lib/python3/dist-packages/oslo_config/cfg.py:2602
2026-01-05 00:39:45.424 139716 DEBUG nova.service [req-1adf066c-9c57-463c-a85d-67b3b03cafc0 - - - - -] Creating RPC server for service scheduler start /usr/lib/python3/dist-packages/nova/service.py:182
2026-01-05 00:39:45.424 139410 DEBUG oslo_service.service [req-858e86ba-c5b3-4808-b4ac-11755f2684a9 - - - - -] force_raw_images = True log_opt_values /usr/lib/python3/dist-packages/oslo_config/cfg.py:2602
2026-01-05 00:39:45.424 139410 DEBUG oslo_service.service [req-858e86ba-c5b3-4808-b4ac-11755f2684a9 - - - - -] graceful_shutdown_timeout = 60 log_opt_values /usr/lib/python3/dist-packages/oslo_config/cfg.py:2602
2026-01-05 00:39:45.425 139410 DEBUG oslo_service.service [req-858e86ba-c5b3-4808-b4ac-11755f2684a9 - - - - -] heal_instance_info_cache_interval = 60 log_opt_values /usr/lib/python3/dist-packages/oslo_config/cfg.py:2602
2026-01-05 00:39:45.426 139410 DEBUG oslo_service.service [req-858e86ba-c5b3-4808-b4ac-11755f2684a9 - - - - -] host = juju-c7d490-0-lxd-7 log_opt_values /usr/lib/python3/dist-packages/oslo_config/cfg.py:2602
2026-01-05 00:39:45.426 139410 DEBUG oslo_service.service [req-858e86ba-c5b3-4808-b4ac-11755f2684a9 - - - - -] initial_cpu_allocation_ratio = 16.0 log_opt_values /usr/lib/python3/dist-packages/oslo_config/cfg.py:2602
2026-01-05 00:39:45.427 139410 DEBUG oslo_service.service [req-858e86ba-c5b3-4808-b4ac-11755f2684a9 - - - - -] initial_disk_allocation_ratio = 1.0 log_opt_values /usr/lib/python3/dist-packages/oslo_config/cfg.py:2602
2026-01-05 00:39:45.427 139410 DEBUG oslo_service.service [req-858e86ba-c5b3-4808-b4ac-11755f2684a9 - - - - -] initial_ram_allocation_ratio = 1.5 log_opt_values /usr/lib/python3/dist-packages/oslo_config/cfg.py:2602
2026-01-05 00:39:45.427 139410 DEBUG oslo_service.service [req-858e86ba-c5b3-4808-b4ac-11755f2684a9 - - - - -] injected_network_template = /usr/lib/python3/dist-packages/nova/virt/interfaces.template log_opt_values /usr/lib/python3/dist-packages/oslo_config/cfg.py:2602
2026-01-05 00:39:45.427 139410 DEBUG oslo_service.service [req-858e86ba-c5b3-4808-b4ac-11755f2684a9 - - - - -] instance_build_timeout = 0 log_opt_values /usr/lib/python3/dist-packages/oslo_config/cfg.py:2602
2026-01-05 00:39:45.428 139410 DEBUG oslo_service.service [req-858e86ba-c5b3-4808-b4ac-11755f2684a9 - - - - -] instance_delete_interval = 300 log_opt_values /usr/lib/python3/dist-packages/oslo_config/cfg.py:2602
2026-01-05 00:39:45.428 139410 DEBUG oslo_service.service [req-858e86ba-c5b3-4808-b4ac-11755f2684a9 - - - - -] instance_format = [instance: %(uuid)s] log_opt_values /usr/lib/python3/dist-packages/oslo_config/cfg.py:2602
2026-01-05 00:39:45.428 139410 DEBUG oslo_service.service [req-858e86ba-c5b3-4808-b4ac-11755f2684a9 - - - - -] instance_name_template = instance-%08x log_opt_values /usr/lib/python3/dist-packages/oslo_config/cfg.py:2602
2026-01-05 00:39:45.428 139410 DEBUG oslo_service.service [req-858e86ba-c5b3-4808-b4ac-11755f2684a9 - - - - -] instance_usage_audit = False log_opt_values /usr/lib/python3/dist-packages/oslo_config/cfg.py:2602
2026-01-05 00:39:45.429 139410 DEBUG oslo_service.service [req-858e86ba-c5b3-4808-b4ac-11755f2684a9 - - - - -] instance_usage_audit_period = month log_opt_values /usr/lib/python3/dist-packages/oslo_config/cfg.py:2602
2026-01-05 00:39:45.429 139410 DEBUG oslo_service.service [req-858e86ba-c5b3-4808-b4ac-11755f2684a9 - - - - -] instance_uuid_format = [instance: %(uuid)s] log_opt_values /usr/lib/python3/dist-packages/oslo_config/cfg.py:2602
2026-01-05 00:39:45.429 139410 DEBUG oslo_service.service [req-858e86ba-c5b3-4808-b4ac-11755f2684a9 - - - - -] instances_path = /var/lib/nova/instances log_opt_values /usr/lib/python3/dist-packages/oslo_config/cfg.py:2602
2026-01-05 00:39:45.429 139410 DEBUG oslo_service.service [req-858e86ba-c5b3-4808-b4ac-11755f2684a9 - - - - -] internal_service_availability_zone = internal log_opt_values /usr/lib/python3/dist-packages/oslo_config/cfg.py:2602
2026-01-05 00:39:45.430 139410 DEBUG oslo_service.service [req-858e86ba-c5b3-4808-b4ac-11755f2684a9 - - - - -] key = None log_opt_values /usr/lib/python3/dist-packages/oslo_config/cfg.py:2602
2026-01-05 00:39:45.430 139410 DEBUG oslo_service.service [req-858e86ba-c5b3-4808-b4ac-11755f2684a9 - - - - -] live_migration_retry_count = 30 log_opt_values /usr/lib/python3/dist-packages/oslo_config/cfg.py:2602
2026-01-05 00:39:45.430 139410 DEBUG oslo_service.service [req-858e86ba-c5b3-4808-b4ac-11755f2684a9 - - - - -] log_config_append = None log_opt_values /usr/lib/python3/dist-packages/oslo_config/cfg.py:2602
2026-01-05 00:39:45.430 139410 DEBUG oslo_service.service [req-858e86ba-c5b3-4808-b4ac-11755f2684a9 - - - - -] log_date_format = %Y-%m-%d %H:%M:%S log_opt_values /usr/lib/python3/dist-packages/oslo_config/cfg.py:2602
2026-01-05 00:39:45.431 139410 DEBUG oslo_service.service [req-858e86ba-c5b3-4808-b4ac-11755f2684a9 - - - - -] log_dir = /var/log/nova log_opt_values /usr/lib/python3/dist-packages/oslo_config/cfg.py:2602
2026-01-05 00:39:45.431 139410 DEBUG oslo_service.service [req-858e86ba-c5b3-4808-b4ac-11755f2684a9 - - - - -] log_file = /var/log/nova/nova-scheduler.log log_opt_values /usr/lib/python3/dist-packages/oslo_config/cfg.py:2602
2026-01-05 00:39:45.431 139410 DEBUG oslo_service.service [req-858e86ba-c5b3-4808-b4ac-11755f2684a9 - - - - -] log_options = True log_opt_values /usr/lib/python3/dist-packages/oslo_config/cfg.py:2602
2026-01-05 00:39:45.431 139410 DEBUG oslo_service.service [req-858e86ba-c5b3-4808-b4ac-11755f2684a9 - - - - -] log_rotate_interval = 1 log_opt_values /usr/lib/python3/dist-packages/oslo_config/cfg.py:2602
2026-01-05 00:39:45.432 139410 DEBUG oslo_service.service [req-858e86ba-c5b3-4808-b4ac-11755f2684a9 - - - - -] log_rotate_interval_type = days log_opt_values /usr/lib/python3/dist-packages/oslo_config/cfg.py:2602
2026-01-05 00:39:45.432 139410 DEBUG oslo_service.service [req-858e86ba-c5b3-4808-b4ac-11755f2684a9 - - - - -] log_rotation_type = none log_opt_values /usr/lib/python3/dist-packages/oslo_config/cfg.py:2602
2026-01-05 00:39:45.432 139410 DEBUG oslo_service.service [req-858e86ba-c5b3-4808-b4ac-11755f2684a9 - - - - -] logging_context_format_string = %(asctime)s.%(msecs)03d %(process)d %(levelname)s %(name)s [%(request_id)s %(user_identity)s] %(instance)s%(message)s log_opt_values /usr/lib/python3/dist-packages/oslo_config/cfg.py:2602
2026-01-05 00:39:45.432 139410 DEBUG oslo_service.service [req-858e86ba-c5b3-4808-b4ac-11755f2684a9 - - - - -] logging_debug_format_suffix = %(funcName)s %(pathname)s:%(lineno)d log_opt_values /usr/lib/python3/dist-packages/oslo_config/cfg.py:2602
2026-01-05 00:39:45.432 139410 DEBUG oslo_service.service [req-858e86ba-c5b3-4808-b4ac-11755f2684a9 - - - - -] logging_default_format_string = %(asctime)s.%(msecs)03d %(process)d %(levelname)s %(name)s [-] %(instance)s%(message)s log_opt_values /usr/lib/python3/dist-packages/oslo_config/cfg.py:2602
2026-01-05 00:39:45.433 139410 DEBUG oslo_service.service [req-858e86ba-c5b3-4808-b4ac-11755f2684a9 - - - - -] logging_exception_prefix = %(asctime)s.%(msecs)03d %(process)d ERROR %(name)s %(instance)s log_opt_values /usr/lib/python3/dist-packages/oslo_config/cfg.py:2602
2026-01-05 00:39:45.433 139410 DEBUG oslo_service.service [req-858e86ba-c5b3-4808-b4ac-11755f2684a9 - - - - -] logging_user_identity_format = %(user)s %(project)s %(domain)s %(user_domain)s %(project_domain)s log_opt_values /usr/lib/python3/dist-packages/oslo_config/cfg.py:2602
2026-01-05 00:39:45.433 139410 DEBUG oslo_service.service [req-858e86ba-c5b3-4808-b4ac-11755f2684a9 - - - - -] long_rpc_timeout = 1800 log_opt_values /usr/lib/python3/dist-packages/oslo_config/cfg.py:2602
2026-01-05 00:39:45.433 139410 DEBUG oslo_service.service [req-858e86ba-c5b3-4808-b4ac-11755f2684a9 - - - - -] max_concurrent_builds = 10 log_opt_values /usr/lib/python3/dist-packages/oslo_config/cfg.py:2602
2026-01-05 00:39:45.433 139410 DEBUG oslo_service.service [req-858e86ba-c5b3-4808-b4ac-11755f2684a9 - - - - -] max_concurrent_live_migrations = 1 log_opt_values /usr/lib/python3/dist-packages/oslo_config/cfg.py:2602
2026-01-05 00:39:45.434 139410 DEBUG oslo_service.service [req-858e86ba-c5b3-4808-b4ac-11755f2684a9 - - - - -] max_concurrent_snapshots = 5 log_opt_values /usr/lib/python3/dist-packages/oslo_config/cfg.py:2602
2026-01-05 00:39:45.434 139410 DEBUG oslo_service.service [req-858e86ba-c5b3-4808-b4ac-11755f2684a9 - - - - -] max_local_block_devices = 3 log_opt_values /usr/lib/python3/dist-packages/oslo_config/cfg.py:2602
2026-01-05 00:39:45.434 139410 DEBUG oslo_service.service [req-858e86ba-c5b3-4808-b4ac-11755f2684a9 - - - - -] max_logfile_count = 30 log_opt_values /usr/lib/python3/dist-packages/oslo_config/cfg.py:2602
2026-01-05 00:39:45.434 139410 DEBUG oslo_service.service [req-858e86ba-c5b3-4808-b4ac-11755f2684a9 - - - - -] max_logfile_size_mb = 200 log_opt_values /usr/lib/python3/dist-packages/oslo_config/cfg.py:2602
2026-01-05 00:39:45.434 139410 DEBUG oslo_service.service [req-858e86ba-c5b3-4808-b4ac-11755f2684a9 - - - - -] maximum_instance_delete_attempts = 5 log_opt_values /usr/lib/python3/dist-packages/oslo_config/cfg.py:2602
2026-01-05 00:39:45.435 139410 DEBUG oslo_service.service [req-858e86ba-c5b3-4808-b4ac-11755f2684a9 - - - - -] metadata_listen = 0.0.0.0 log_opt_values /usr/lib/python3/dist-packages/oslo_config/cfg.py:2602
2026-01-05 00:39:45.435 139410 DEBUG oslo_service.service [req-858e86ba-c5b3-4808-b4ac-11755f2684a9 - - - - -] metadata_listen_port = 8765 log_opt_values /usr/lib/python3/dist-packages/oslo_config/cfg.py:2602
2026-01-05 00:39:45.435 139410 DEBUG oslo_service.service [req-858e86ba-c5b3-4808-b4ac-11755f2684a9 - - - - -] metadata_workers = None log_opt_values /usr/lib/python3/dist-packages/oslo_config/cfg.py:2602
2026-01-05 00:39:45.435 139410 DEBUG oslo_service.service [req-858e86ba-c5b3-4808-b4ac-11755f2684a9 - - - - -] migrate_max_retries = -1 log_opt_values /usr/lib/python3/dist-packages/oslo_config/cfg.py:2602
2026-01-05 00:39:45.436 139410 DEBUG oslo_service.service [req-858e86ba-c5b3-4808-b4ac-11755f2684a9 - - - - -] mkisofs_cmd = genisoimage log_opt_values /usr/lib/python3/dist-packages/oslo_config/cfg.py:2602
2026-01-05 00:39:45.436 139410 DEBUG oslo_service.service [req-858e86ba-c5b3-4808-b4ac-11755f2684a9 - - - - -] my_block_storage_ip = 252.129.54.241 log_opt_values /usr/lib/python3/dist-packages/oslo_config/cfg.py:2602
2026-01-05 00:39:45.436 139719 DEBUG oslo_db.sqlalchemy.engines [req-dba0e24c-3ae5-4e6b-ac8d-ad71a08e8cd0 - - - - -] MySQL server mode set to STRICT_TRANS_TABLES,STRICT_ALL_TABLES,NO_ZERO_IN_DATE,NO_ZERO_DATE,ERROR_FOR_DIVISION_BY_ZERO,TRADITIONAL,NO_ENGINE_SUBSTITUTION _check_effective_sql_mode /usr/lib/python3/dist-packages/oslo_db/sqlalchemy/engines.py:314
2026-01-05 00:39:45.436 139410 DEBUG oslo_service.service [req-858e86ba-c5b3-4808-b4ac-11755f2684a9 - - - - -] my_ip = 252.129.54.241 log_opt_values /usr/lib/python3/dist-packages/oslo_config/cfg.py:2602
2026-01-05 00:39:45.437 139410 DEBUG oslo_service.service [req-858e86ba-c5b3-4808-b4ac-11755f2684a9 - - - - -] network_allocate_retries = 0 log_opt_values /usr/lib/python3/dist-packages/oslo_config/cfg.py:2602
2026-01-05 00:39:45.437 139410 DEBUG oslo_service.service [req-858e86ba-c5b3-4808-b4ac-11755f2684a9 - - - - -] non_inheritable_image_properties = ['cache_in_nova', 'bittorrent'] log_opt_values /usr/lib/python3/dist-packages/oslo_config/cfg.py:2602
2026-01-05 00:39:45.437 139717 DEBUG nova.service [req-e9a31ef5-6c57-4875-9d79-bbbfb799d40e - - - - -] Creating RPC server for service scheduler start /usr/lib/python3/dist-packages/nova/service.py:182
2026-01-05 00:39:45.437 139410 DEBUG oslo_service.service [req-858e86ba-c5b3-4808-b4ac-11755f2684a9 - - - - -] osapi_compute_listen = 0.0.0.0 log_opt_values /usr/lib/python3/dist-packages/oslo_config/cfg.py:2602
2026-01-05 00:39:45.437 139410 DEBUG oslo_service.service [req-858e86ba-c5b3-4808-b4ac-11755f2684a9 - - - - -] osapi_compute_listen_port = 8764 log_opt_values /usr/lib/python3/dist-packages/oslo_config/cfg.py:2602
2026-01-05 00:39:45.438 139410 DEBUG oslo_service.service [req-858e86ba-c5b3-4808-b4ac-11755f2684a9 - - - - -] osapi_compute_unique_server_name_scope = log_opt_values /usr/lib/python3/dist-packages/oslo_config/cfg.py:2602
2026-01-05 00:39:45.438 139410 DEBUG oslo_service.service [req-858e86ba-c5b3-4808-b4ac-11755f2684a9 - - - - -] osapi_compute_workers = 4 log_opt_values /usr/lib/python3/dist-packages/oslo_config/cfg.py:2602
2026-01-05 00:39:45.438 139410 DEBUG oslo_service.service [req-858e86ba-c5b3-4808-b4ac-11755f2684a9 - - - - -] password_length = 12 log_opt_values /usr/lib/python3/dist-packages/oslo_config/cfg.py:2602
2026-01-05 00:39:45.439 139718 DEBUG nova.service [req-09b1218c-e6a6-4081-8dae-fb1618290f87 - - - - -] Creating RPC server for service scheduler start /usr/lib/python3/dist-packages/nova/service.py:182
2026-01-05 00:39:45.439 139410 DEBUG oslo_service.service [req-858e86ba-c5b3-4808-b4ac-11755f2684a9 - - - - -] periodic_enable = True log_opt_values /usr/lib/python3/dist-packages/oslo_config/cfg.py:2602
2026-01-05 00:39:45.440 139410 DEBUG oslo_service.service [req-858e86ba-c5b3-4808-b4ac-11755f2684a9 - - - - -] periodic_fuzzy_delay = 60 log_opt_values /usr/lib/python3/dist-packages/oslo_config/cfg.py:2602
2026-01-05 00:39:45.440 139410 DEBUG oslo_service.service [req-858e86ba-c5b3-4808-b4ac-11755f2684a9 - - - - -] pointer_model = usbtablet log_opt_values /usr/lib/python3/dist-packages/oslo_config/cfg.py:2602
2026-01-05 00:39:45.440 139410 DEBUG oslo_service.service [req-858e86ba-c5b3-4808-b4ac-11755f2684a9 - - - - -] preallocate_images = none log_opt_values /usr/lib/python3/dist-packages/oslo_config/cfg.py:2602
2026-01-05 00:39:45.441 139410 DEBUG oslo_service.service [req-858e86ba-c5b3-4808-b4ac-11755f2684a9 - - - - -] publish_errors = False log_opt_values /usr/lib/python3/dist-packages/oslo_config/cfg.py:2602
2026-01-05 00:39:45.441 139410 DEBUG oslo_service.service [req-858e86ba-c5b3-4808-b4ac-11755f2684a9 - - - - -] pybasedir = /usr/lib/python3/dist-packages log_opt_values /usr/lib/python3/dist-packages/oslo_config/cfg.py:2602
2026-01-05 00:39:45.441 139410 DEBUG oslo_service.service [req-858e86ba-c5b3-4808-b4ac-11755f2684a9 - - - - -] ram_allocation_ratio = 0.98 log_opt_values /usr/lib/python3/dist-packages/oslo_config/cfg.py:2602
2026-01-05 00:39:45.441 139410 DEBUG oslo_service.service [req-858e86ba-c5b3-4808-b4ac-11755f2684a9 - - - - -] rate_limit_burst = 0 log_opt_values /usr/lib/python3/dist-packages/oslo_config/cfg.py:2602
2026-01-05 00:39:45.442 139410 DEBUG oslo_service.service [req-858e86ba-c5b3-4808-b4ac-11755f2684a9 - - - - -] rate_limit_except_level = CRITICAL log_opt_values /usr/lib/python3/dist-packages/oslo_config/cfg.py:2602
2026-01-05 00:39:45.442 139410 DEBUG oslo_service.service [req-858e86ba-c5b3-4808-b4ac-11755f2684a9 - - - - -] rate_limit_interval = 0 log_opt_values /usr/lib/python3/dist-packages/oslo_config/cfg.py:2602
2026-01-05 00:39:45.442 139410 DEBUG oslo_service.service [req-858e86ba-c5b3-4808-b4ac-11755f2684a9 - - - - -] reboot_timeout = 0 log_opt_values /usr/lib/python3/dist-packages/oslo_config/cfg.py:2602
2026-01-05 00:39:45.442 139410 DEBUG oslo_service.service [req-858e86ba-c5b3-4808-b4ac-11755f2684a9 - - - - -] reclaim_instance_interval = 0 log_opt_values /usr/lib/python3/dist-packages/oslo_config/cfg.py:2602
2026-01-05 00:39:45.443 139410 DEBUG oslo_service.service [req-858e86ba-c5b3-4808-b4ac-11755f2684a9 - - - - -] record = None log_opt_values /usr/lib/python3/dist-packages/oslo_config/cfg.py:2602
2026-01-05 00:39:45.443 139410 DEBUG oslo_service.service [req-858e86ba-c5b3-4808-b4ac-11755f2684a9 - - - - -] report_interval = 10 log_opt_values /usr/lib/python3/dist-packages/oslo_config/cfg.py:2602
2026-01-05 00:39:45.443 139410 DEBUG oslo_service.service [req-858e86ba-c5b3-4808-b4ac-11755f2684a9 - - - - -] rescue_timeout = 0 log_opt_values /usr/lib/python3/dist-packages/oslo_config/cfg.py:2602
2026-01-05 00:39:45.443 139410 DEBUG oslo_service.service [req-858e86ba-c5b3-4808-b4ac-11755f2684a9 - - - - -] reserved_host_cpus = 0 log_opt_values /usr/lib/python3/dist-packages/oslo_config/cfg.py:2602
2026-01-05 00:39:45.443 139410 DEBUG oslo_service.service [req-858e86ba-c5b3-4808-b4ac-11755f2684a9 - - - - -] reserved_host_disk_mb = 0 log_opt_values /usr/lib/python3/dist-packages/oslo_config/cfg.py:2602
2026-01-05 00:39:45.444 139410 DEBUG oslo_service.service [req-858e86ba-c5b3-4808-b4ac-11755f2684a9 - - - - -] reserved_host_memory_mb = 512 log_opt_values /usr/lib/python3/dist-packages/oslo_config/cfg.py:2602
2026-01-05 00:39:45.444 139410 DEBUG oslo_service.service [req-858e86ba-c5b3-4808-b4ac-11755f2684a9 - - - - -] reserved_huge_pages = None log_opt_values /usr/lib/python3/dist-packages/oslo_config/cfg.py:2602
2026-01-05 00:39:45.444 139410 DEBUG oslo_service.service [req-858e86ba-c5b3-4808-b4ac-11755f2684a9 - - - - -] resize_confirm_window = 0 log_opt_values /usr/lib/python3/dist-packages/oslo_config/cfg.py:2602
2026-01-05 00:39:45.444 139410 DEBUG oslo_service.service [req-858e86ba-c5b3-4808-b4ac-11755f2684a9 - - - - -] resize_fs_using_block_device = False log_opt_values /usr/lib/python3/dist-packages/oslo_config/cfg.py:2602
2026-01-05 00:39:45.445 139410 DEBUG oslo_service.service [req-858e86ba-c5b3-4808-b4ac-11755f2684a9 - - - - -] resume_guests_state_on_host_boot = False log_opt_values /usr/lib/python3/dist-packages/oslo_config/cfg.py:2602
2026-01-05 00:39:45.445 139410 DEBUG oslo_service.service [req-858e86ba-c5b3-4808-b4ac-11755f2684a9 - - - - -] rootwrap_config = /etc/nova/rootwrap.conf log_opt_values /usr/lib/python3/dist-packages/oslo_config/cfg.py:2602
2026-01-05 00:39:45.445 139410 DEBUG oslo_service.service [req-858e86ba-c5b3-4808-b4ac-11755f2684a9 - - - - -] run_external_periodic_tasks = True log_opt_values /usr/lib/python3/dist-packages/oslo_config/cfg.py:2602
2026-01-05 00:39:45.446 139410 DEBUG oslo_service.service [req-858e86ba-c5b3-4808-b4ac-11755f2684a9 - - - - -] running_deleted_instance_action = reap log_opt_values /usr/lib/python3/dist-packages/oslo_config/cfg.py:2602
2026-01-05 00:39:45.446 139410 DEBUG oslo_service.service [req-858e86ba-c5b3-4808-b4ac-11755f2684a9 - - - - -] running_deleted_instance_poll_interval = 1800 log_opt_values /usr/lib/python3/dist-packages/oslo_config/cfg.py:2602
2026-01-05 00:39:45.446 139410 DEBUG oslo_service.service [req-858e86ba-c5b3-4808-b4ac-11755f2684a9 - - - - -] running_deleted_instance_timeout = 0 log_opt_values /usr/lib/python3/dist-packages/oslo_config/cfg.py:2602
2026-01-05 00:39:45.446 139410 DEBUG oslo_service.service [req-858e86ba-c5b3-4808-b4ac-11755f2684a9 - - - - -] scheduler_instance_sync_interval = 120 log_opt_values /usr/lib/python3/dist-packages/oslo_config/cfg.py:2602
2026-01-05 00:39:45.447 139410 DEBUG oslo_service.service [req-858e86ba-c5b3-4808-b4ac-11755f2684a9 - - - - -] service_down_time = 60 log_opt_values /usr/lib/python3/dist-packages/oslo_config/cfg.py:2602
2026-01-05 00:39:45.448 139410 DEBUG oslo_service.service [req-858e86ba-c5b3-4808-b4ac-11755f2684a9 - - - - -] servicegroup_driver = db log_opt_values /usr/lib/python3/dist-packages/oslo_config/cfg.py:2602
2026-01-05 00:39:45.448 139410 DEBUG oslo_service.service [req-858e86ba-c5b3-4808-b4ac-11755f2684a9 - - - - -] shelved_offload_time = 0 log_opt_values /usr/lib/python3/dist-packages/oslo_config/cfg.py:2602
2026-01-05 00:39:45.449 139410 DEBUG oslo_service.service [req-858e86ba-c5b3-4808-b4ac-11755f2684a9 - - - - -] shelved_poll_interval = 3600 log_opt_values /usr/lib/python3/dist-packages/oslo_config/cfg.py:2602
2026-01-05 00:39:45.449 139410 DEBUG oslo_service.service [req-858e86ba-c5b3-4808-b4ac-11755f2684a9 - - - - -] shutdown_timeout = 60 log_opt_values /usr/lib/python3/dist-packages/oslo_config/cfg.py:2602
2026-01-05 00:39:45.449 139410 DEBUG oslo_service.service [req-858e86ba-c5b3-4808-b4ac-11755f2684a9 - - - - -] source_is_ipv6 = False log_opt_values /usr/lib/python3/dist-packages/oslo_config/cfg.py:2602
2026-01-05 00:39:45.449 139410 DEBUG oslo_service.service [req-858e86ba-c5b3-4808-b4ac-11755f2684a9 - - - - -] ssl_only = False log_opt_values /usr/lib/python3/dist-packages/oslo_config/cfg.py:2602
2026-01-05 00:39:45.449 139410 DEBUG oslo_service.service [req-858e86ba-c5b3-4808-b4ac-11755f2684a9 - - - - -] state_path = /var/lib/nova log_opt_values /usr/lib/python3/dist-packages/oslo_config/cfg.py:2602
2026-01-05 00:39:45.450 139410 DEBUG oslo_service.service [req-858e86ba-c5b3-4808-b4ac-11755f2684a9 - - - - -] sync_power_state_interval = 600 log_opt_values /usr/lib/python3/dist-packages/oslo_config/cfg.py:2602
2026-01-05 00:39:45.449 139716 DEBUG oslo_messaging._drivers.amqpdriver [-] Listener is running poll /usr/lib/python3/dist-packages/oslo_messaging/_drivers/amqpdriver.py:343
2026-01-05 00:39:45.450 139410 DEBUG oslo_service.service [req-858e86ba-c5b3-4808-b4ac-11755f2684a9 - - - - -] sync_power_state_pool_size = 1000 log_opt_values /usr/lib/python3/dist-packages/oslo_config/cfg.py:2602
2026-01-05 00:39:45.450 139716 DEBUG oslo_messaging._drivers.amqpdriver [-] AMQPListener connection consume poll /usr/lib/python3/dist-packages/oslo_messaging/_drivers/amqpdriver.py:357
2026-01-05 00:39:45.450 139410 DEBUG oslo_service.service [req-858e86ba-c5b3-4808-b4ac-11755f2684a9 - - - - -] syslog_log_facility = LOG_USER log_opt_values /usr/lib/python3/dist-packages/oslo_config/cfg.py:2602
2026-01-05 00:39:45.450 139410 DEBUG oslo_service.service [req-858e86ba-c5b3-4808-b4ac-11755f2684a9 - - - - -] tempdir = None log_opt_values /usr/lib/python3/dist-packages/oslo_config/cfg.py:2602
2026-01-05 00:39:45.450 139410 DEBUG oslo_service.service [req-858e86ba-c5b3-4808-b4ac-11755f2684a9 - - - - -] timeout_nbd = 10 log_opt_values /usr/lib/python3/dist-packages/oslo_config/cfg.py:2602
2026-01-05 00:39:45.450 139410 DEBUG oslo_service.service [req-858e86ba-c5b3-4808-b4ac-11755f2684a9 - - - - -] transport_url = **** log_opt_values /usr/lib/python3/dist-packages/oslo_config/cfg.py:2602
2026-01-05 00:39:45.451 139410 DEBUG oslo_service.service [req-858e86ba-c5b3-4808-b4ac-11755f2684a9 - - - - -] update_resources_interval = 0 log_opt_values /usr/lib/python3/dist-packages/oslo_config/cfg.py:2602
2026-01-05 00:39:45.451 139410 DEBUG oslo_service.service [req-858e86ba-c5b3-4808-b4ac-11755f2684a9 - - - - -] use_cow_images = True log_opt_values /usr/lib/python3/dist-packages/oslo_config/cfg.py:2602
2026-01-05 00:39:45.450 139716 DEBUG nova.service [req-1adf066c-9c57-463c-a85d-67b3b03cafc0 - - - - -] Join ServiceGroup membership for this service scheduler start /usr/lib/python3/dist-packages/nova/service.py:199
2026-01-05 00:39:45.451 139410 DEBUG oslo_service.service [req-858e86ba-c5b3-4808-b4ac-11755f2684a9 - - - - -] use_eventlog = False log_opt_values /usr/lib/python3/dist-packages/oslo_config/cfg.py:2602
2026-01-05 00:39:45.451 139716 DEBUG nova.servicegroup.drivers.db [req-1adf066c-9c57-463c-a85d-67b3b03cafc0 - - - - -] DB_Driver: join new ServiceGroup member juju-c7d490-0-lxd-7 to the scheduler group, service = join /usr/lib/python3/dist-packages/nova/servicegroup/drivers/db.py:44
2026-01-05 00:39:45.451 139410 DEBUG oslo_service.service [req-858e86ba-c5b3-4808-b4ac-11755f2684a9 - - - - -] use_journal = False log_opt_values /usr/lib/python3/dist-packages/oslo_config/cfg.py:2602
2026-01-05 00:39:45.452 139410 DEBUG oslo_service.service [req-858e86ba-c5b3-4808-b4ac-11755f2684a9 - - - - -] use_json = False log_opt_values /usr/lib/python3/dist-packages/oslo_config/cfg.py:2602
2026-01-05 00:39:45.453 139716 DEBUG oslo_messaging._drivers.amqpdriver [-] AMQPListener connection timeout poll /usr/lib/python3/dist-packages/oslo_messaging/_drivers/amqpdriver.py:360
2026-01-05 00:39:45.454 139716 DEBUG oslo_messaging._drivers.amqpdriver [-] Listener is running poll /usr/lib/python3/dist-packages/oslo_messaging/_drivers/amqpdriver.py:343
2026-01-05 00:39:45.454 139716 DEBUG oslo_messaging._drivers.amqpdriver [-] AMQPListener connection consume poll /usr/lib/python3/dist-packages/oslo_messaging/_drivers/amqpdriver.py:357
2026-01-05 00:39:45.454 139719 DEBUG nova.service [req-dba0e24c-3ae5-4e6b-ac8d-ad71a08e8cd0 - - - - -] Creating RPC server for service scheduler start /usr/lib/python3/dist-packages/nova/service.py:182
2026-01-05 00:39:45.454 139410 DEBUG oslo_service.service [req-858e86ba-c5b3-4808-b4ac-11755f2684a9 - - - - -] use_rootwrap_daemon = False log_opt_values /usr/lib/python3/dist-packages/oslo_config/cfg.py:2602
2026-01-05 00:39:45.455 139410 DEBUG oslo_service.service [req-858e86ba-c5b3-4808-b4ac-11755f2684a9 - - - - -] use_stderr = False log_opt_values /usr/lib/python3/dist-packages/oslo_config/cfg.py:2602
2026-01-05 00:39:45.455 139410 DEBUG oslo_service.service [req-858e86ba-c5b3-4808-b4ac-11755f2684a9 - - - - -] use_syslog = False log_opt_values /usr/lib/python3/dist-packages/oslo_config/cfg.py:2602
2026-01-05 00:39:45.456 139410 DEBUG oslo_service.service [req-858e86ba-c5b3-4808-b4ac-11755f2684a9 - - - - -] vcpu_pin_set = None log_opt_values /usr/lib/python3/dist-packages/oslo_config/cfg.py:2602
2026-01-05 00:39:45.456 139410 DEBUG oslo_service.service [req-858e86ba-c5b3-4808-b4ac-11755f2684a9 - - - - -] vif_plugging_is_fatal = True log_opt_values /usr/lib/python3/dist-packages/oslo_config/cfg.py:2602
2026-01-05 00:39:45.457 139410 DEBUG oslo_service.service [req-858e86ba-c5b3-4808-b4ac-11755f2684a9 - - - - -] vif_plugging_timeout = 300 log_opt_values /usr/lib/python3/dist-packages/oslo_config/cfg.py:2602
2026-01-05 00:39:45.457 139410 DEBUG oslo_service.service [req-858e86ba-c5b3-4808-b4ac-11755f2684a9 - - - - -] virt_mkfs = [] log_opt_values /usr/lib/python3/dist-packages/oslo_config/cfg.py:2602
2026-01-05 00:39:45.459 139410 DEBUG oslo_service.service [req-858e86ba-c5b3-4808-b4ac-11755f2684a9 - - - - -] volume_usage_poll_interval = 0 log_opt_values /usr/lib/python3/dist-packages/oslo_config/cfg.py:2602
2026-01-05 00:39:45.461 139717 DEBUG oslo_messaging._drivers.amqpdriver [-] Listener is running poll /usr/lib/python3/dist-packages/oslo_messaging/_drivers/amqpdriver.py:343
2026-01-05 00:39:45.461 139410 DEBUG oslo_service.service [req-858e86ba-c5b3-4808-b4ac-11755f2684a9 - - - - -] watch_log_file = False log_opt_values /usr/lib/python3/dist-packages/oslo_config/cfg.py:2602
2026-01-05 00:39:45.462 139717 DEBUG oslo_messaging._drivers.amqpdriver [-] AMQPListener connection consume poll /usr/lib/python3/dist-packages/oslo_messaging/_drivers/amqpdriver.py:357
2026-01-05 00:39:45.462 139717 DEBUG nova.service [req-e9a31ef5-6c57-4875-9d79-bbbfb799d40e - - - - -] Join ServiceGroup membership for this service scheduler start /usr/lib/python3/dist-packages/nova/service.py:199
2026-01-05 00:39:45.462 139410 DEBUG oslo_service.service [req-858e86ba-c5b3-4808-b4ac-11755f2684a9 - - - - -] web = /usr/share/spice-html5 log_opt_values /usr/lib/python3/dist-packages/oslo_config/cfg.py:2602
2026-01-05 00:39:45.462 139717 DEBUG nova.servicegroup.drivers.db [req-e9a31ef5-6c57-4875-9d79-bbbfb799d40e - - - - -] DB_Driver: join new ServiceGroup member juju-c7d490-0-lxd-7 to the scheduler group, service = join /usr/lib/python3/dist-packages/nova/servicegroup/drivers/db.py:44
2026-01-05 00:39:45.463 139410 DEBUG oslo_service.service [req-858e86ba-c5b3-4808-b4ac-11755f2684a9 - - - - -] oslo_concurrency.disable_process_locking = False log_opt_values /usr/lib/python3/dist-packages/oslo_config/cfg.py:2609
2026-01-05 00:39:45.463 139410 DEBUG oslo_service.service [req-858e86ba-c5b3-4808-b4ac-11755f2684a9 - - - - -] oslo_concurrency.lock_path = /var/lock/nova log_opt_values /usr/lib/python3/dist-packages/oslo_config/cfg.py:2609
2026-01-05 00:39:45.464 139410 WARNING oslo_config.cfg [req-858e86ba-c5b3-4808-b4ac-11755f2684a9 - - - - -] Deprecated: Option "auth_strategy" from group "api" is deprecated for removal ( The only non-default choice, ``noauth2``, is for internal development and testing purposes only and should not be used in deployments. This option and its middleware, NoAuthMiddleware[V2_18], will be removed in a future release. ). Its value may be silently ignored in the future.
2026-01-05 00:39:45.464 139410 DEBUG oslo_service.service [req-858e86ba-c5b3-4808-b4ac-11755f2684a9 - - - - -] api.auth_strategy = keystone log_opt_values /usr/lib/python3/dist-packages/oslo_config/cfg.py:2609
2026-01-05 00:39:45.464 139410 DEBUG oslo_service.service [req-858e86ba-c5b3-4808-b4ac-11755f2684a9 - - - - -] api.compute_link_prefix = None log_opt_values /usr/lib/python3/dist-packages/oslo_config/cfg.py:2609
2026-01-05 00:39:45.465 139410 DEBUG oslo_service.service [req-858e86ba-c5b3-4808-b4ac-11755f2684a9 - - - - -] api.config_drive_skip_versions = 1.0 2007-01-19 2007-03-01 2007-08-29 2007-10-10 2007-12-15 2008-02-01 2008-09-01 log_opt_values /usr/lib/python3/dist-packages/oslo_config/cfg.py:2609
2026-01-05 00:39:45.465 139717 DEBUG oslo_messaging._drivers.amqpdriver [-] AMQPListener connection timeout poll /usr/lib/python3/dist-packages/oslo_messaging/_drivers/amqpdriver.py:360
2026-01-05 00:39:45.465 139410 DEBUG oslo_service.service [req-858e86ba-c5b3-4808-b4ac-11755f2684a9 - - - - -] api.dhcp_domain = novalocal log_opt_values /usr/lib/python3/dist-packages/oslo_config/cfg.py:2609
2026-01-05 00:39:45.465 139717 DEBUG oslo_messaging._drivers.amqpdriver [-] Listener is running poll /usr/lib/python3/dist-packages/oslo_messaging/_drivers/amqpdriver.py:343
2026-01-05 00:39:45.465 139717 DEBUG oslo_messaging._drivers.amqpdriver [-] AMQPListener connection consume poll /usr/lib/python3/dist-packages/oslo_messaging/_drivers/amqpdriver.py:357
2026-01-05 00:39:45.465 139410 DEBUG oslo_service.service [req-858e86ba-c5b3-4808-b4ac-11755f2684a9 - - - - -] api.enable_instance_password = True log_opt_values /usr/lib/python3/dist-packages/oslo_config/cfg.py:2609
2026-01-05 00:39:45.465 139410 DEBUG oslo_service.service [req-858e86ba-c5b3-4808-b4ac-11755f2684a9 - - - - -] api.glance_link_prefix = None log_opt_values /usr/lib/python3/dist-packages/oslo_config/cfg.py:2609
2026-01-05 00:39:45.466 139410 DEBUG oslo_service.service [req-858e86ba-c5b3-4808-b4ac-11755f2684a9 - - - - -] api.instance_list_cells_batch_fixed_size = 100 log_opt_values /usr/lib/python3/dist-packages/oslo_config/cfg.py:2609
2026-01-05 00:39:45.466 139410 DEBUG oslo_service.service [req-858e86ba-c5b3-4808-b4ac-11755f2684a9 - - - - -] api.instance_list_cells_batch_strategy = distributed log_opt_values /usr/lib/python3/dist-packages/oslo_config/cfg.py:2609
2026-01-05 00:39:45.466 139410 DEBUG oslo_service.service [req-858e86ba-c5b3-4808-b4ac-11755f2684a9 - - - - -] api.instance_list_per_project_cells = False log_opt_values /usr/lib/python3/dist-packages/oslo_config/cfg.py:2609
2026-01-05 00:39:45.466 139410 DEBUG oslo_service.service [req-858e86ba-c5b3-4808-b4ac-11755f2684a9 - - - - -] api.list_records_by_skipping_down_cells = True log_opt_values /usr/lib/python3/dist-packages/oslo_config/cfg.py:2609
2026-01-05 00:39:45.466 139718 DEBUG oslo_messaging._drivers.amqpdriver [-] Listener is running poll /usr/lib/python3/dist-packages/oslo_messaging/_drivers/amqpdriver.py:343
2026-01-05 00:39:45.466 139410 DEBUG oslo_service.service [req-858e86ba-c5b3-4808-b4ac-11755f2684a9 - - - - -] api.local_metadata_per_cell = False log_opt_values /usr/lib/python3/dist-packages/oslo_config/cfg.py:2609
2026-01-05 00:39:45.467 139410 DEBUG oslo_service.service [req-858e86ba-c5b3-4808-b4ac-11755f2684a9 - - - - -] api.max_limit = 1000 log_opt_values /usr/lib/python3/dist-packages/oslo_config/cfg.py:2609
2026-01-05 00:39:45.467 139718 DEBUG oslo_messaging._drivers.amqpdriver [-] AMQPListener connection consume poll /usr/lib/python3/dist-packages/oslo_messaging/_drivers/amqpdriver.py:357
2026-01-05 00:39:45.467 139410 DEBUG oslo_service.service [req-858e86ba-c5b3-4808-b4ac-11755f2684a9 - - - - -] api.metadata_cache_expiration = 15 log_opt_values /usr/lib/python3/dist-packages/oslo_config/cfg.py:2609
2026-01-05 00:39:45.467 139410 DEBUG oslo_service.service [req-858e86ba-c5b3-4808-b4ac-11755f2684a9 - - - - -] api.neutron_default_tenant_id = default log_opt_values /usr/lib/python3/dist-packages/oslo_config/cfg.py:2609
2026-01-05 00:39:45.467 139410 DEBUG oslo_service.service [req-858e86ba-c5b3-4808-b4ac-11755f2684a9 - - - - -] api.use_forwarded_for = False log_opt_values /usr/lib/python3/dist-packages/oslo_config/cfg.py:2609
2026-01-05 00:39:45.467 139410 DEBUG oslo_service.service [req-858e86ba-c5b3-4808-b4ac-11755f2684a9 - - - - -] api.use_neutron_default_nets = False log_opt_values /usr/lib/python3/dist-packages/oslo_config/cfg.py:2609
2026-01-05 00:39:45.467 139410 DEBUG oslo_service.service [req-858e86ba-c5b3-4808-b4ac-11755f2684a9 - - - - -] api.vendordata_dynamic_connect_timeout = 5 log_opt_values /usr/lib/python3/dist-packages/oslo_config/cfg.py:2609
2026-01-05 00:39:45.468 139410 DEBUG oslo_service.service [req-858e86ba-c5b3-4808-b4ac-11755f2684a9 - - - - -] api.vendordata_dynamic_failure_fatal = False log_opt_values /usr/lib/python3/dist-packages/oslo_config/cfg.py:2609
2026-01-05 00:39:45.468 139410 DEBUG oslo_service.service [req-858e86ba-c5b3-4808-b4ac-11755f2684a9 - - - - -] api.vendordata_dynamic_read_timeout = 5 log_opt_values /usr/lib/python3/dist-packages/oslo_config/cfg.py:2609
2026-01-05 00:39:45.468 139410 DEBUG oslo_service.service [req-858e86ba-c5b3-4808-b4ac-11755f2684a9 - - - - -] api.vendordata_dynamic_ssl_certfile = log_opt_values /usr/lib/python3/dist-packages/oslo_config/cfg.py:2609
2026-01-05 00:39:45.468 139410 DEBUG oslo_service.service [req-858e86ba-c5b3-4808-b4ac-11755f2684a9 - - - - -] api.vendordata_dynamic_targets = [] log_opt_values /usr/lib/python3/dist-packages/oslo_config/cfg.py:2609
2026-01-05 00:39:45.469 139410 DEBUG oslo_service.service [req-858e86ba-c5b3-4808-b4ac-11755f2684a9 - - - - -] api.vendordata_jsonfile_path = None log_opt_values /usr/lib/python3/dist-packages/oslo_config/cfg.py:2609
2026-01-05 00:39:45.469 139410 DEBUG oslo_service.service [req-858e86ba-c5b3-4808-b4ac-11755f2684a9 - - - - -] api.vendordata_providers = ['StaticJSON'] log_opt_values /usr/lib/python3/dist-packages/oslo_config/cfg.py:2609
2026-01-05 00:39:45.469 139410 DEBUG oslo_service.service [req-858e86ba-c5b3-4808-b4ac-11755f2684a9 - - - - -] cache.backend = dogpile.cache.null log_opt_values /usr/lib/python3/dist-packages/oslo_config/cfg.py:2609
2026-01-05 00:39:45.469 139410 DEBUG oslo_service.service [req-858e86ba-c5b3-4808-b4ac-11755f2684a9 - - - - -] cache.backend_argument = **** log_opt_values /usr/lib/python3/dist-packages/oslo_config/cfg.py:2609
2026-01-05 00:39:45.470 139410 DEBUG oslo_service.service [req-858e86ba-c5b3-4808-b4ac-11755f2684a9 - - - - -] cache.config_prefix = cache.oslo log_opt_values /usr/lib/python3/dist-packages/oslo_config/cfg.py:2609
2026-01-05 00:39:45.470 139410 DEBUG oslo_service.service [req-858e86ba-c5b3-4808-b4ac-11755f2684a9 - - - - -] cache.debug_cache_backend = False log_opt_values /usr/lib/python3/dist-packages/oslo_config/cfg.py:2609
2026-01-05 00:39:45.470 139410 DEBUG oslo_service.service [req-858e86ba-c5b3-4808-b4ac-11755f2684a9 - - - - -] cache.enabled = False log_opt_values /usr/lib/python3/dist-packages/oslo_config/cfg.py:2609
2026-01-05 00:39:45.469 139718 DEBUG nova.service [req-09b1218c-e6a6-4081-8dae-fb1618290f87 - - - - -] Join ServiceGroup membership for this service scheduler start /usr/lib/python3/dist-packages/nova/service.py:199
2026-01-05 00:39:45.470 139410 DEBUG oslo_service.service [req-858e86ba-c5b3-4808-b4ac-11755f2684a9 - - - - -] cache.expiration_time = 600 log_opt_values /usr/lib/python3/dist-packages/oslo_config/cfg.py:2609
2026-01-05 00:39:45.470 139410 DEBUG oslo_service.service [req-858e86ba-c5b3-4808-b4ac-11755f2684a9 - - - - -] cache.memcache_dead_retry = 300 log_opt_values /usr/lib/python3/dist-packages/oslo_config/cfg.py:2609
2026-01-05 00:39:45.470 139718 DEBUG nova.servicegroup.drivers.db [req-09b1218c-e6a6-4081-8dae-fb1618290f87 - - - - -] DB_Driver: join new ServiceGroup member juju-c7d490-0-lxd-7 to the scheduler group, service = join /usr/lib/python3/dist-packages/nova/servicegroup/drivers/db.py:44
2026-01-05 00:39:45.470 139410 DEBUG oslo_service.service [req-858e86ba-c5b3-4808-b4ac-11755f2684a9 - - - - -] cache.memcache_pool_connection_get_timeout = 10 log_opt_values /usr/lib/python3/dist-packages/oslo_config/cfg.py:2609
2026-01-05 00:39:45.471 139410 DEBUG oslo_service.service [req-858e86ba-c5b3-4808-b4ac-11755f2684a9 - - - - -] cache.memcache_pool_flush_on_reconnect = False log_opt_values /usr/lib/python3/dist-packages/oslo_config/cfg.py:2609
2026-01-05 00:39:45.471 139718 DEBUG oslo_messaging._drivers.amqpdriver [-] AMQPListener connection timeout poll /usr/lib/python3/dist-packages/oslo_messaging/_drivers/amqpdriver.py:360
2026-01-05 00:39:45.471 139410 DEBUG oslo_service.service [req-858e86ba-c5b3-4808-b4ac-11755f2684a9 - - - - -] cache.memcache_pool_maxsize = 10 log_opt_values /usr/lib/python3/dist-packages/oslo_config/cfg.py:2609
2026-01-05 00:39:45.471 139718 DEBUG oslo_messaging._drivers.amqpdriver [-] Listener is running poll /usr/lib/python3/dist-packages/oslo_messaging/_drivers/amqpdriver.py:343
2026-01-05 00:39:45.471 139718 DEBUG oslo_messaging._drivers.amqpdriver [-] AMQPListener connection consume poll /usr/lib/python3/dist-packages/oslo_messaging/_drivers/amqpdriver.py:357
2026-01-05 00:39:45.471 139410 DEBUG oslo_service.service [req-858e86ba-c5b3-4808-b4ac-11755f2684a9 - - - - -] cache.memcache_pool_unused_timeout = 60 log_opt_values /usr/lib/python3/dist-packages/oslo_config/cfg.py:2609
2026-01-05 00:39:45.471 139410 DEBUG oslo_service.service [req-858e86ba-c5b3-4808-b4ac-11755f2684a9 - - - - -] cache.memcache_servers = ['localhost:11211'] log_opt_values /usr/lib/python3/dist-packages/oslo_config/cfg.py:2609
2026-01-05 00:39:45.471 139410 DEBUG oslo_service.service [req-858e86ba-c5b3-4808-b4ac-11755f2684a9 - - - - -] cache.memcache_socket_timeout = 1.0 log_opt_values /usr/lib/python3/dist-packages/oslo_config/cfg.py:2609
2026-01-05 00:39:45.472 139410 DEBUG oslo_service.service [req-858e86ba-c5b3-4808-b4ac-11755f2684a9 - - - - -] cache.proxies = [] log_opt_values /usr/lib/python3/dist-packages/oslo_config/cfg.py:2609
2026-01-05 00:39:45.472 139410 DEBUG oslo_service.service [req-858e86ba-c5b3-4808-b4ac-11755f2684a9 - - - - -] cache.tls_allowed_ciphers = None log_opt_values /usr/lib/python3/dist-packages/oslo_config/cfg.py:2609
2026-01-05 00:39:45.472 139410 DEBUG oslo_service.service [req-858e86ba-c5b3-4808-b4ac-11755f2684a9 - - - - -] cache.tls_cafile = None log_opt_values /usr/lib/python3/dist-packages/oslo_config/cfg.py:2609
2026-01-05 00:39:45.472 139410 DEBUG oslo_service.service [req-858e86ba-c5b3-4808-b4ac-11755f2684a9 - - - - -] cache.tls_certfile = None log_opt_values /usr/lib/python3/dist-packages/oslo_config/cfg.py:2609
2026-01-05 00:39:45.472 139410 DEBUG oslo_service.service [req-858e86ba-c5b3-4808-b4ac-11755f2684a9 - - - - -] cache.tls_enabled = False log_opt_values /usr/lib/python3/dist-packages/oslo_config/cfg.py:2609
2026-01-05 00:39:45.473 139410 DEBUG oslo_service.service [req-858e86ba-c5b3-4808-b4ac-11755f2684a9 - - - - -] cache.tls_keyfile = None log_opt_values /usr/lib/python3/dist-packages/oslo_config/cfg.py:2609
2026-01-05 00:39:45.473 139410 DEBUG oslo_service.service [req-858e86ba-c5b3-4808-b4ac-11755f2684a9 - - - - -] cinder.auth_section = None log_opt_values /usr/lib/python3/dist-packages/oslo_config/cfg.py:2609
