2026-01-05 00:38:27.164 133205 DEBUG oslo_service.service [req-30341b1f-4fc4-4397-b9aa-ddc10d03e96c - - - - -] migrate_max_retries = -1 log_opt_values /usr/lib/python3/dist-packages/oslo_config/cfg.py:2602
2026-01-05 00:38:27.165 133205 DEBUG oslo_service.service [req-30341b1f-4fc4-4397-b9aa-ddc10d03e96c - - - - -] mkisofs_cmd = genisoimage log_opt_values /usr/lib/python3/dist-packages/oslo_config/cfg.py:2602
2026-01-05 00:38:27.166 133205 DEBUG oslo_service.service [req-30341b1f-4fc4-4397-b9aa-ddc10d03e96c - - - - -] my_block_storage_ip = 252.129.54.241 log_opt_values /usr/lib/python3/dist-packages/oslo_config/cfg.py:2602
2026-01-05 00:38:27.166 133205 DEBUG oslo_service.service [req-30341b1f-4fc4-4397-b9aa-ddc10d03e96c - - - - -] my_ip = 252.129.54.241 log_opt_values /usr/lib/python3/dist-packages/oslo_config/cfg.py:2602
2026-01-05 00:38:27.167 133205 DEBUG oslo_service.service [req-30341b1f-4fc4-4397-b9aa-ddc10d03e96c - - - - -] network_allocate_retries = 0 log_opt_values /usr/lib/python3/dist-packages/oslo_config/cfg.py:2602
2026-01-05 00:38:27.168 133205 DEBUG oslo_service.service [req-30341b1f-4fc4-4397-b9aa-ddc10d03e96c - - - - -] non_inheritable_image_properties = ['cache_in_nova', 'bittorrent'] log_opt_values /usr/lib/python3/dist-packages/oslo_config/cfg.py:2602
2026-01-05 00:38:27.168 133205 DEBUG oslo_service.service [req-30341b1f-4fc4-4397-b9aa-ddc10d03e96c - - - - -] osapi_compute_listen = 0.0.0.0 log_opt_values /usr/lib/python3/dist-packages/oslo_config/cfg.py:2602
2026-01-05 00:38:27.169 133205 DEBUG oslo_service.service [req-30341b1f-4fc4-4397-b9aa-ddc10d03e96c - - - - -] osapi_compute_listen_port = 8764 log_opt_values /usr/lib/python3/dist-packages/oslo_config/cfg.py:2602
2026-01-05 00:38:27.169 133205 DEBUG oslo_service.service [req-30341b1f-4fc4-4397-b9aa-ddc10d03e96c - - - - -] osapi_compute_unique_server_name_scope = log_opt_values /usr/lib/python3/dist-packages/oslo_config/cfg.py:2602
2026-01-05 00:38:27.170 133205 DEBUG oslo_service.service [req-30341b1f-4fc4-4397-b9aa-ddc10d03e96c - - - - -] osapi_compute_workers = 4 log_opt_values /usr/lib/python3/dist-packages/oslo_config/cfg.py:2602
2026-01-05 00:38:27.170 133205 DEBUG oslo_service.service [req-30341b1f-4fc4-4397-b9aa-ddc10d03e96c - - - - -] password_length = 12 log_opt_values /usr/lib/python3/dist-packages/oslo_config/cfg.py:2602
2026-01-05 00:38:27.171 133205 DEBUG oslo_service.service [req-30341b1f-4fc4-4397-b9aa-ddc10d03e96c - - - - -] periodic_enable = True log_opt_values /usr/lib/python3/dist-packages/oslo_config/cfg.py:2602
2026-01-05 00:38:27.171 134754 DEBUG nova.service [req-6cd30561-732c-452a-9ce4-e7cc9a0c58c7 - - - - -] Creating RPC server for service scheduler start /usr/lib/python3/dist-packages/nova/service.py:182
2026-01-05 00:38:27.171 133205 DEBUG oslo_service.service [req-30341b1f-4fc4-4397-b9aa-ddc10d03e96c - - - - -] periodic_fuzzy_delay = 60 log_opt_values /usr/lib/python3/dist-packages/oslo_config/cfg.py:2602
2026-01-05 00:38:27.172 133205 DEBUG oslo_service.service [req-30341b1f-4fc4-4397-b9aa-ddc10d03e96c - - - - -] pointer_model = usbtablet log_opt_values /usr/lib/python3/dist-packages/oslo_config/cfg.py:2602
2026-01-05 00:38:27.172 133205 DEBUG oslo_service.service [req-30341b1f-4fc4-4397-b9aa-ddc10d03e96c - - - - -] preallocate_images = none log_opt_values /usr/lib/python3/dist-packages/oslo_config/cfg.py:2602
2026-01-05 00:38:27.172 133205 DEBUG oslo_service.service [req-30341b1f-4fc4-4397-b9aa-ddc10d03e96c - - - - -] publish_errors = False log_opt_values /usr/lib/python3/dist-packages/oslo_config/cfg.py:2602
2026-01-05 00:38:27.172 134760 DEBUG nova.service [req-13f5c645-0a85-4c32-a422-c90537d20ea1 - - - - -] Creating RPC server for service scheduler start /usr/lib/python3/dist-packages/nova/service.py:182
2026-01-05 00:38:27.172 134761 DEBUG nova.service [req-e75ba13f-234a-4773-8b41-799909d58800 - - - - -] Creating RPC server for service scheduler start /usr/lib/python3/dist-packages/nova/service.py:182
2026-01-05 00:38:27.173 133205 DEBUG oslo_service.service [req-30341b1f-4fc4-4397-b9aa-ddc10d03e96c - - - - -] pybasedir = /usr/lib/python3/dist-packages log_opt_values /usr/lib/python3/dist-packages/oslo_config/cfg.py:2602
2026-01-05 00:38:27.173 133205 DEBUG oslo_service.service [req-30341b1f-4fc4-4397-b9aa-ddc10d03e96c - - - - -] ram_allocation_ratio = 0.98 log_opt_values /usr/lib/python3/dist-packages/oslo_config/cfg.py:2602
2026-01-05 00:38:27.174 133205 DEBUG oslo_service.service [req-30341b1f-4fc4-4397-b9aa-ddc10d03e96c - - - - -] rate_limit_burst = 0 log_opt_values /usr/lib/python3/dist-packages/oslo_config/cfg.py:2602
2026-01-05 00:38:27.174 133205 DEBUG oslo_service.service [req-30341b1f-4fc4-4397-b9aa-ddc10d03e96c - - - - -] rate_limit_except_level = CRITICAL log_opt_values /usr/lib/python3/dist-packages/oslo_config/cfg.py:2602
2026-01-05 00:38:27.175 133205 DEBUG oslo_service.service [req-30341b1f-4fc4-4397-b9aa-ddc10d03e96c - - - - -] rate_limit_interval = 0 log_opt_values /usr/lib/python3/dist-packages/oslo_config/cfg.py:2602
2026-01-05 00:38:27.176 133205 DEBUG oslo_service.service [req-30341b1f-4fc4-4397-b9aa-ddc10d03e96c - - - - -] reboot_timeout = 0 log_opt_values /usr/lib/python3/dist-packages/oslo_config/cfg.py:2602
2026-01-05 00:38:27.177 133205 DEBUG oslo_service.service [req-30341b1f-4fc4-4397-b9aa-ddc10d03e96c - - - - -] reclaim_instance_interval = 0 log_opt_values /usr/lib/python3/dist-packages/oslo_config/cfg.py:2602
2026-01-05 00:38:27.177 133205 DEBUG oslo_service.service [req-30341b1f-4fc4-4397-b9aa-ddc10d03e96c - - - - -] record = None log_opt_values /usr/lib/python3/dist-packages/oslo_config/cfg.py:2602
2026-01-05 00:38:27.177 133205 DEBUG oslo_service.service [req-30341b1f-4fc4-4397-b9aa-ddc10d03e96c - - - - -] report_interval = 10 log_opt_values /usr/lib/python3/dist-packages/oslo_config/cfg.py:2602
2026-01-05 00:38:27.177 133205 DEBUG oslo_service.service [req-30341b1f-4fc4-4397-b9aa-ddc10d03e96c - - - - -] rescue_timeout = 0 log_opt_values /usr/lib/python3/dist-packages/oslo_config/cfg.py:2602
2026-01-05 00:38:27.178 133205 DEBUG oslo_service.service [req-30341b1f-4fc4-4397-b9aa-ddc10d03e96c - - - - -] reserved_host_cpus = 0 log_opt_values /usr/lib/python3/dist-packages/oslo_config/cfg.py:2602
2026-01-05 00:38:27.178 133205 DEBUG oslo_service.service [req-30341b1f-4fc4-4397-b9aa-ddc10d03e96c - - - - -] reserved_host_disk_mb = 0 log_opt_values /usr/lib/python3/dist-packages/oslo_config/cfg.py:2602
2026-01-05 00:38:27.178 134753 DEBUG nova.service [req-bdd3ce42-fe49-42a9-887d-077d2db4e4e2 - - - - -] Creating RPC server for service scheduler start /usr/lib/python3/dist-packages/nova/service.py:182
2026-01-05 00:38:27.178 133205 DEBUG oslo_service.service [req-30341b1f-4fc4-4397-b9aa-ddc10d03e96c - - - - -] reserved_host_memory_mb = 512 log_opt_values /usr/lib/python3/dist-packages/oslo_config/cfg.py:2602
2026-01-05 00:38:27.179 133205 DEBUG oslo_service.service [req-30341b1f-4fc4-4397-b9aa-ddc10d03e96c - - - - -] reserved_huge_pages = None log_opt_values /usr/lib/python3/dist-packages/oslo_config/cfg.py:2602
2026-01-05 00:38:27.179 133205 DEBUG oslo_service.service [req-30341b1f-4fc4-4397-b9aa-ddc10d03e96c - - - - -] resize_confirm_window = 0 log_opt_values /usr/lib/python3/dist-packages/oslo_config/cfg.py:2602
2026-01-05 00:38:27.179 133205 DEBUG oslo_service.service [req-30341b1f-4fc4-4397-b9aa-ddc10d03e96c - - - - -] resize_fs_using_block_device = False log_opt_values /usr/lib/python3/dist-packages/oslo_config/cfg.py:2602
2026-01-05 00:38:27.180 133205 DEBUG oslo_service.service [req-30341b1f-4fc4-4397-b9aa-ddc10d03e96c - - - - -] resume_guests_state_on_host_boot = False log_opt_values /usr/lib/python3/dist-packages/oslo_config/cfg.py:2602
2026-01-05 00:38:27.180 133205 DEBUG oslo_service.service [req-30341b1f-4fc4-4397-b9aa-ddc10d03e96c - - - - -] rootwrap_config = /etc/nova/rootwrap.conf log_opt_values /usr/lib/python3/dist-packages/oslo_config/cfg.py:2602
2026-01-05 00:38:27.180 133205 DEBUG oslo_service.service [req-30341b1f-4fc4-4397-b9aa-ddc10d03e96c - - - - -] run_external_periodic_tasks = True log_opt_values /usr/lib/python3/dist-packages/oslo_config/cfg.py:2602
2026-01-05 00:38:27.180 133205 DEBUG oslo_service.service [req-30341b1f-4fc4-4397-b9aa-ddc10d03e96c - - - - -] running_deleted_instance_action = reap log_opt_values /usr/lib/python3/dist-packages/oslo_config/cfg.py:2602
2026-01-05 00:38:27.181 133205 DEBUG oslo_service.service [req-30341b1f-4fc4-4397-b9aa-ddc10d03e96c - - - - -] running_deleted_instance_poll_interval = 1800 log_opt_values /usr/lib/python3/dist-packages/oslo_config/cfg.py:2602
2026-01-05 00:38:27.181 133205 DEBUG oslo_service.service [req-30341b1f-4fc4-4397-b9aa-ddc10d03e96c - - - - -] running_deleted_instance_timeout = 0 log_opt_values /usr/lib/python3/dist-packages/oslo_config/cfg.py:2602
2026-01-05 00:38:27.181 133205 DEBUG oslo_service.service [req-30341b1f-4fc4-4397-b9aa-ddc10d03e96c - - - - -] scheduler_instance_sync_interval = 120 log_opt_values /usr/lib/python3/dist-packages/oslo_config/cfg.py:2602
2026-01-05 00:38:27.183 133205 DEBUG oslo_service.service [req-30341b1f-4fc4-4397-b9aa-ddc10d03e96c - - - - -] service_down_time = 60 log_opt_values /usr/lib/python3/dist-packages/oslo_config/cfg.py:2602
2026-01-05 00:38:27.183 133205 DEBUG oslo_service.service [req-30341b1f-4fc4-4397-b9aa-ddc10d03e96c - - - - -] servicegroup_driver = db log_opt_values /usr/lib/python3/dist-packages/oslo_config/cfg.py:2602
2026-01-05 00:38:27.183 133205 DEBUG oslo_service.service [req-30341b1f-4fc4-4397-b9aa-ddc10d03e96c - - - - -] shelved_offload_time = 0 log_opt_values /usr/lib/python3/dist-packages/oslo_config/cfg.py:2602
2026-01-05 00:38:27.185 133205 DEBUG oslo_service.service [req-30341b1f-4fc4-4397-b9aa-ddc10d03e96c - - - - -] shelved_poll_interval = 3600 log_opt_values /usr/lib/python3/dist-packages/oslo_config/cfg.py:2602
2026-01-05 00:38:27.188 133205 DEBUG oslo_service.service [req-30341b1f-4fc4-4397-b9aa-ddc10d03e96c - - - - -] shutdown_timeout = 60 log_opt_values /usr/lib/python3/dist-packages/oslo_config/cfg.py:2602
2026-01-05 00:38:27.189 133205 DEBUG oslo_service.service [req-30341b1f-4fc4-4397-b9aa-ddc10d03e96c - - - - -] source_is_ipv6 = False log_opt_values /usr/lib/python3/dist-packages/oslo_config/cfg.py:2602
2026-01-05 00:38:27.190 133205 DEBUG oslo_service.service [req-30341b1f-4fc4-4397-b9aa-ddc10d03e96c - - - - -] ssl_only = False log_opt_values /usr/lib/python3/dist-packages/oslo_config/cfg.py:2602
2026-01-05 00:38:27.191 133205 DEBUG oslo_service.service [req-30341b1f-4fc4-4397-b9aa-ddc10d03e96c - - - - -] state_path = /var/lib/nova log_opt_values /usr/lib/python3/dist-packages/oslo_config/cfg.py:2602
2026-01-05 00:38:27.192 133205 DEBUG oslo_service.service [req-30341b1f-4fc4-4397-b9aa-ddc10d03e96c - - - - -] sync_power_state_interval = 600 log_opt_values /usr/lib/python3/dist-packages/oslo_config/cfg.py:2602
2026-01-05 00:38:27.193 133205 DEBUG oslo_service.service [req-30341b1f-4fc4-4397-b9aa-ddc10d03e96c - - - - -] sync_power_state_pool_size = 1000 log_opt_values /usr/lib/python3/dist-packages/oslo_config/cfg.py:2602
2026-01-05 00:38:27.193 133205 DEBUG oslo_service.service [req-30341b1f-4fc4-4397-b9aa-ddc10d03e96c - - - - -] syslog_log_facility = LOG_USER log_opt_values /usr/lib/python3/dist-packages/oslo_config/cfg.py:2602
2026-01-05 00:38:27.193 133205 DEBUG oslo_service.service [req-30341b1f-4fc4-4397-b9aa-ddc10d03e96c - - - - -] tempdir = None log_opt_values /usr/lib/python3/dist-packages/oslo_config/cfg.py:2602
2026-01-05 00:38:27.194 133205 DEBUG oslo_service.service [req-30341b1f-4fc4-4397-b9aa-ddc10d03e96c - - - - -] timeout_nbd = 10 log_opt_values /usr/lib/python3/dist-packages/oslo_config/cfg.py:2602
2026-01-05 00:38:27.195 133205 DEBUG oslo_service.service [req-30341b1f-4fc4-4397-b9aa-ddc10d03e96c - - - - -] transport_url = **** log_opt_values /usr/lib/python3/dist-packages/oslo_config/cfg.py:2602
2026-01-05 00:38:27.196 133205 DEBUG oslo_service.service [req-30341b1f-4fc4-4397-b9aa-ddc10d03e96c - - - - -] update_resources_interval = 0 log_opt_values /usr/lib/python3/dist-packages/oslo_config/cfg.py:2602
2026-01-05 00:38:27.197 133205 DEBUG oslo_service.service [req-30341b1f-4fc4-4397-b9aa-ddc10d03e96c - - - - -] use_cow_images = True log_opt_values /usr/lib/python3/dist-packages/oslo_config/cfg.py:2602
2026-01-05 00:38:27.200 133205 DEBUG oslo_service.service [req-30341b1f-4fc4-4397-b9aa-ddc10d03e96c - - - - -] use_eventlog = False log_opt_values /usr/lib/python3/dist-packages/oslo_config/cfg.py:2602
2026-01-05 00:38:27.201 133205 DEBUG oslo_service.service [req-30341b1f-4fc4-4397-b9aa-ddc10d03e96c - - - - -] use_journal = False log_opt_values /usr/lib/python3/dist-packages/oslo_config/cfg.py:2602
2026-01-05 00:38:27.201 133205 DEBUG oslo_service.service [req-30341b1f-4fc4-4397-b9aa-ddc10d03e96c - - - - -] use_json = False log_opt_values /usr/lib/python3/dist-packages/oslo_config/cfg.py:2602
2026-01-05 00:38:27.202 133205 DEBUG oslo_service.service [req-30341b1f-4fc4-4397-b9aa-ddc10d03e96c - - - - -] use_rootwrap_daemon = False log_opt_values /usr/lib/python3/dist-packages/oslo_config/cfg.py:2602
2026-01-05 00:38:27.203 133205 DEBUG oslo_service.service [req-30341b1f-4fc4-4397-b9aa-ddc10d03e96c - - - - -] use_stderr = False log_opt_values /usr/lib/python3/dist-packages/oslo_config/cfg.py:2602
2026-01-05 00:38:27.203 133205 DEBUG oslo_service.service [req-30341b1f-4fc4-4397-b9aa-ddc10d03e96c - - - - -] use_syslog = False log_opt_values /usr/lib/python3/dist-packages/oslo_config/cfg.py:2602
2026-01-05 00:38:27.203 133205 DEBUG oslo_service.service [req-30341b1f-4fc4-4397-b9aa-ddc10d03e96c - - - - -] vcpu_pin_set = None log_opt_values /usr/lib/python3/dist-packages/oslo_config/cfg.py:2602
2026-01-05 00:38:27.204 133205 DEBUG oslo_service.service [req-30341b1f-4fc4-4397-b9aa-ddc10d03e96c - - - - -] vif_plugging_is_fatal = True log_opt_values /usr/lib/python3/dist-packages/oslo_config/cfg.py:2602
2026-01-05 00:38:27.204 133205 DEBUG oslo_service.service [req-30341b1f-4fc4-4397-b9aa-ddc10d03e96c - - - - -] vif_plugging_timeout = 300 log_opt_values /usr/lib/python3/dist-packages/oslo_config/cfg.py:2602
2026-01-05 00:38:27.204 133205 DEBUG oslo_service.service [req-30341b1f-4fc4-4397-b9aa-ddc10d03e96c - - - - -] virt_mkfs = [] log_opt_values /usr/lib/python3/dist-packages/oslo_config/cfg.py:2602
2026-01-05 00:38:27.204 133205 DEBUG oslo_service.service [req-30341b1f-4fc4-4397-b9aa-ddc10d03e96c - - - - -] volume_usage_poll_interval = 0 log_opt_values /usr/lib/python3/dist-packages/oslo_config/cfg.py:2602
2026-01-05 00:38:27.204 133205 DEBUG oslo_service.service [req-30341b1f-4fc4-4397-b9aa-ddc10d03e96c - - - - -] watch_log_file = False log_opt_values /usr/lib/python3/dist-packages/oslo_config/cfg.py:2602
2026-01-05 00:38:27.204 133205 DEBUG oslo_service.service [req-30341b1f-4fc4-4397-b9aa-ddc10d03e96c - - - - -] web = /usr/share/spice-html5 log_opt_values /usr/lib/python3/dist-packages/oslo_config/cfg.py:2602
2026-01-05 00:38:27.205 133205 DEBUG oslo_service.service [req-30341b1f-4fc4-4397-b9aa-ddc10d03e96c - - - - -] oslo_concurrency.disable_process_locking = False log_opt_values /usr/lib/python3/dist-packages/oslo_config/cfg.py:2609
2026-01-05 00:38:27.205 133205 DEBUG oslo_service.service [req-30341b1f-4fc4-4397-b9aa-ddc10d03e96c - - - - -] oslo_concurrency.lock_path = /var/lock/nova log_opt_values /usr/lib/python3/dist-packages/oslo_config/cfg.py:2609
2026-01-05 00:38:27.206 133205 WARNING oslo_config.cfg [req-30341b1f-4fc4-4397-b9aa-ddc10d03e96c - - - - -] Deprecated: Option "auth_strategy" from group "api" is deprecated for removal ( The only non-default choice, ``noauth2``, is for internal development and testing purposes only and should not be used in deployments. This option and its middleware, NoAuthMiddleware[V2_18], will be removed in a future release. ). Its value may be silently ignored in the future.
2026-01-05 00:38:27.206 133205 DEBUG oslo_service.service [req-30341b1f-4fc4-4397-b9aa-ddc10d03e96c - - - - -] api.auth_strategy = keystone log_opt_values /usr/lib/python3/dist-packages/oslo_config/cfg.py:2609
2026-01-05 00:38:27.206 133205 DEBUG oslo_service.service [req-30341b1f-4fc4-4397-b9aa-ddc10d03e96c - - - - -] api.compute_link_prefix = None log_opt_values /usr/lib/python3/dist-packages/oslo_config/cfg.py:2609
2026-01-05 00:38:27.206 133205 DEBUG oslo_service.service [req-30341b1f-4fc4-4397-b9aa-ddc10d03e96c - - - - -] api.config_drive_skip_versions = 1.0 2007-01-19 2007-03-01 2007-08-29 2007-10-10 2007-12-15 2008-02-01 2008-09-01 log_opt_values /usr/lib/python3/dist-packages/oslo_config/cfg.py:2609
2026-01-05 00:38:27.207 133205 DEBUG oslo_service.service [req-30341b1f-4fc4-4397-b9aa-ddc10d03e96c - - - - -] api.dhcp_domain = novalocal log_opt_values /usr/lib/python3/dist-packages/oslo_config/cfg.py:2609
2026-01-05 00:38:27.207 133205 DEBUG oslo_service.service [req-30341b1f-4fc4-4397-b9aa-ddc10d03e96c - - - - -] api.enable_instance_password = True log_opt_values /usr/lib/python3/dist-packages/oslo_config/cfg.py:2609
2026-01-05 00:38:27.207 133205 DEBUG oslo_service.service [req-30341b1f-4fc4-4397-b9aa-ddc10d03e96c - - - - -] api.glance_link_prefix = None log_opt_values /usr/lib/python3/dist-packages/oslo_config/cfg.py:2609
2026-01-05 00:38:27.207 133205 DEBUG oslo_service.service [req-30341b1f-4fc4-4397-b9aa-ddc10d03e96c - - - - -] api.instance_list_cells_batch_fixed_size = 100 log_opt_values /usr/lib/python3/dist-packages/oslo_config/cfg.py:2609
2026-01-05 00:38:27.208 133205 DEBUG oslo_service.service [req-30341b1f-4fc4-4397-b9aa-ddc10d03e96c - - - - -] api.instance_list_cells_batch_strategy = distributed log_opt_values /usr/lib/python3/dist-packages/oslo_config/cfg.py:2609
2026-01-05 00:38:27.208 133205 DEBUG oslo_service.service [req-30341b1f-4fc4-4397-b9aa-ddc10d03e96c - - - - -] api.instance_list_per_project_cells = False log_opt_values /usr/lib/python3/dist-packages/oslo_config/cfg.py:2609
2026-01-05 00:38:27.209 133205 DEBUG oslo_service.service [req-30341b1f-4fc4-4397-b9aa-ddc10d03e96c - - - - -] api.list_records_by_skipping_down_cells = True log_opt_values /usr/lib/python3/dist-packages/oslo_config/cfg.py:2609
2026-01-05 00:38:27.209 133205 DEBUG oslo_service.service [req-30341b1f-4fc4-4397-b9aa-ddc10d03e96c - - - - -] api.local_metadata_per_cell = False log_opt_values /usr/lib/python3/dist-packages/oslo_config/cfg.py:2609
2026-01-05 00:38:27.209 133205 DEBUG oslo_service.service [req-30341b1f-4fc4-4397-b9aa-ddc10d03e96c - - - - -] api.max_limit = 1000 log_opt_values /usr/lib/python3/dist-packages/oslo_config/cfg.py:2609
2026-01-05 00:38:27.210 133205 DEBUG oslo_service.service [req-30341b1f-4fc4-4397-b9aa-ddc10d03e96c - - - - -] api.metadata_cache_expiration = 15 log_opt_values /usr/lib/python3/dist-packages/oslo_config/cfg.py:2609
2026-01-05 00:38:27.210 133205 DEBUG oslo_service.service [req-30341b1f-4fc4-4397-b9aa-ddc10d03e96c - - - - -] api.neutron_default_tenant_id = default log_opt_values /usr/lib/python3/dist-packages/oslo_config/cfg.py:2609
2026-01-05 00:38:27.210 133205 DEBUG oslo_service.service [req-30341b1f-4fc4-4397-b9aa-ddc10d03e96c - - - - -] api.use_forwarded_for = False log_opt_values /usr/lib/python3/dist-packages/oslo_config/cfg.py:2609
2026-01-05 00:38:27.210 133205 DEBUG oslo_service.service [req-30341b1f-4fc4-4397-b9aa-ddc10d03e96c - - - - -] api.use_neutron_default_nets = False log_opt_values /usr/lib/python3/dist-packages/oslo_config/cfg.py:2609
2026-01-05 00:38:27.210 133205 DEBUG oslo_service.service [req-30341b1f-4fc4-4397-b9aa-ddc10d03e96c - - - - -] api.vendordata_dynamic_connect_timeout = 5 log_opt_values /usr/lib/python3/dist-packages/oslo_config/cfg.py:2609
2026-01-05 00:38:27.211 133205 DEBUG oslo_service.service [req-30341b1f-4fc4-4397-b9aa-ddc10d03e96c - - - - -] api.vendordata_dynamic_failure_fatal = False log_opt_values /usr/lib/python3/dist-packages/oslo_config/cfg.py:2609
2026-01-05 00:38:27.211 133205 DEBUG oslo_service.service [req-30341b1f-4fc4-4397-b9aa-ddc10d03e96c - - - - -] api.vendordata_dynamic_read_timeout = 5 log_opt_values /usr/lib/python3/dist-packages/oslo_config/cfg.py:2609
2026-01-05 00:38:27.211 133205 DEBUG oslo_service.service [req-30341b1f-4fc4-4397-b9aa-ddc10d03e96c - - - - -] api.vendordata_dynamic_ssl_certfile = log_opt_values /usr/lib/python3/dist-packages/oslo_config/cfg.py:2609
2026-01-05 00:38:27.212 133205 DEBUG oslo_service.service [req-30341b1f-4fc4-4397-b9aa-ddc10d03e96c - - - - -] api.vendordata_dynamic_targets = [] log_opt_values /usr/lib/python3/dist-packages/oslo_config/cfg.py:2609
2026-01-05 00:38:27.212 133205 DEBUG oslo_service.service [req-30341b1f-4fc4-4397-b9aa-ddc10d03e96c - - - - -] api.vendordata_jsonfile_path = None log_opt_values /usr/lib/python3/dist-packages/oslo_config/cfg.py:2609
2026-01-05 00:38:27.212 133205 DEBUG oslo_service.service [req-30341b1f-4fc4-4397-b9aa-ddc10d03e96c - - - - -] api.vendordata_providers = ['StaticJSON'] log_opt_values /usr/lib/python3/dist-packages/oslo_config/cfg.py:2609
2026-01-05 00:38:27.212 133205 DEBUG oslo_service.service [req-30341b1f-4fc4-4397-b9aa-ddc10d03e96c - - - - -] cache.backend = dogpile.cache.null log_opt_values /usr/lib/python3/dist-packages/oslo_config/cfg.py:2609
2026-01-05 00:38:27.213 133205 DEBUG oslo_service.service [req-30341b1f-4fc4-4397-b9aa-ddc10d03e96c - - - - -] cache.backend_argument = **** log_opt_values /usr/lib/python3/dist-packages/oslo_config/cfg.py:2609
2026-01-05 00:38:27.213 133205 DEBUG oslo_service.service [req-30341b1f-4fc4-4397-b9aa-ddc10d03e96c - - - - -] cache.config_prefix = cache.oslo log_opt_values /usr/lib/python3/dist-packages/oslo_config/cfg.py:2609
2026-01-05 00:38:27.213 133205 DEBUG oslo_service.service [req-30341b1f-4fc4-4397-b9aa-ddc10d03e96c - - - - -] cache.debug_cache_backend = False log_opt_values /usr/lib/python3/dist-packages/oslo_config/cfg.py:2609
2026-01-05 00:38:27.213 133205 DEBUG oslo_service.service [req-30341b1f-4fc4-4397-b9aa-ddc10d03e96c - - - - -] cache.enabled = False log_opt_values /usr/lib/python3/dist-packages/oslo_config/cfg.py:2609
2026-01-05 00:38:27.213 133205 DEBUG oslo_service.service [req-30341b1f-4fc4-4397-b9aa-ddc10d03e96c - - - - -] cache.expiration_time = 600 log_opt_values /usr/lib/python3/dist-packages/oslo_config/cfg.py:2609
2026-01-05 00:38:27.213 133205 DEBUG oslo_service.service [req-30341b1f-4fc4-4397-b9aa-ddc10d03e96c - - - - -] cache.memcache_dead_retry = 300 log_opt_values /usr/lib/python3/dist-packages/oslo_config/cfg.py:2609
2026-01-05 00:38:27.214 133205 DEBUG oslo_service.service [req-30341b1f-4fc4-4397-b9aa-ddc10d03e96c - - - - -] cache.memcache_pool_connection_get_timeout = 10 log_opt_values /usr/lib/python3/dist-packages/oslo_config/cfg.py:2609
2026-01-05 00:38:27.214 133205 DEBUG oslo_service.service [req-30341b1f-4fc4-4397-b9aa-ddc10d03e96c - - - - -] cache.memcache_pool_flush_on_reconnect = False log_opt_values /usr/lib/python3/dist-packages/oslo_config/cfg.py:2609
2026-01-05 00:38:27.214 133205 DEBUG oslo_service.service [req-30341b1f-4fc4-4397-b9aa-ddc10d03e96c - - - - -] cache.memcache_pool_maxsize = 10 log_opt_values /usr/lib/python3/dist-packages/oslo_config/cfg.py:2609
2026-01-05 00:38:27.214 133205 DEBUG oslo_service.service [req-30341b1f-4fc4-4397-b9aa-ddc10d03e96c - - - - -] cache.memcache_pool_unused_timeout = 60 log_opt_values /usr/lib/python3/dist-packages/oslo_config/cfg.py:2609
2026-01-05 00:38:27.214 133205 DEBUG oslo_service.service [req-30341b1f-4fc4-4397-b9aa-ddc10d03e96c - - - - -] cache.memcache_servers = ['localhost:11211'] log_opt_values /usr/lib/python3/dist-packages/oslo_config/cfg.py:2609
2026-01-05 00:38:27.214 134754 DEBUG oslo_messaging._drivers.amqpdriver [-] Listener is running poll /usr/lib/python3/dist-packages/oslo_messaging/_drivers/amqpdriver.py:343
2026-01-05 00:38:27.214 134753 DEBUG oslo_messaging._drivers.amqpdriver [-] Listener is running poll /usr/lib/python3/dist-packages/oslo_messaging/_drivers/amqpdriver.py:343
2026-01-05 00:38:27.214 133205 DEBUG oslo_service.service [req-30341b1f-4fc4-4397-b9aa-ddc10d03e96c - - - - -] cache.memcache_socket_timeout = 1.0 log_opt_values /usr/lib/python3/dist-packages/oslo_config/cfg.py:2609
2026-01-05 00:38:27.215 133205 DEBUG oslo_service.service [req-30341b1f-4fc4-4397-b9aa-ddc10d03e96c - - - - -] cache.proxies = [] log_opt_values /usr/lib/python3/dist-packages/oslo_config/cfg.py:2609
2026-01-05 00:38:27.215 134753 DEBUG oslo_messaging._drivers.amqpdriver [-] AMQPListener connection consume poll /usr/lib/python3/dist-packages/oslo_messaging/_drivers/amqpdriver.py:357
2026-01-05 00:38:27.215 133205 DEBUG oslo_service.service [req-30341b1f-4fc4-4397-b9aa-ddc10d03e96c - - - - -] cache.tls_allowed_ciphers = None log_opt_values /usr/lib/python3/dist-packages/oslo_config/cfg.py:2609
2026-01-05 00:38:27.215 133205 DEBUG oslo_service.service [req-30341b1f-4fc4-4397-b9aa-ddc10d03e96c - - - - -] cache.tls_cafile = None log_opt_values /usr/lib/python3/dist-packages/oslo_config/cfg.py:2609
2026-01-05 00:38:27.214 134754 DEBUG oslo_messaging._drivers.amqpdriver [-] AMQPListener connection consume poll /usr/lib/python3/dist-packages/oslo_messaging/_drivers/amqpdriver.py:357
2026-01-05 00:38:27.215 133205 DEBUG oslo_service.service [req-30341b1f-4fc4-4397-b9aa-ddc10d03e96c - - - - -] cache.tls_certfile = None log_opt_values /usr/lib/python3/dist-packages/oslo_config/cfg.py:2609
2026-01-05 00:38:27.216 133205 DEBUG oslo_service.service [req-30341b1f-4fc4-4397-b9aa-ddc10d03e96c - - - - -] cache.tls_enabled = False log_opt_values /usr/lib/python3/dist-packages/oslo_config/cfg.py:2609
2026-01-05 00:38:27.216 133205 DEBUG oslo_service.service [req-30341b1f-4fc4-4397-b9aa-ddc10d03e96c - - - - -] cache.tls_keyfile = None log_opt_values /usr/lib/python3/dist-packages/oslo_config/cfg.py:2609
2026-01-05 00:38:27.216 133205 DEBUG oslo_service.service [req-30341b1f-4fc4-4397-b9aa-ddc10d03e96c - - - - -] cinder.auth_section = None log_opt_values /usr/lib/python3/dist-packages/oslo_config/cfg.py:2609
2026-01-05 00:38:27.216 133205 DEBUG oslo_service.service [req-30341b1f-4fc4-4397-b9aa-ddc10d03e96c - - - - -] cinder.auth_type = None log_opt_values /usr/lib/python3/dist-packages/oslo_config/cfg.py:2609
2026-01-05 00:38:27.216 133205 DEBUG oslo_service.service [req-30341b1f-4fc4-4397-b9aa-ddc10d03e96c - - - - -] cinder.cafile = None log_opt_values /usr/lib/python3/dist-packages/oslo_config/cfg.py:2609
2026-01-05 00:38:27.216 133205 DEBUG oslo_service.service [req-30341b1f-4fc4-4397-b9aa-ddc10d03e96c - - - - -] cinder.catalog_info = volumev3::publicURL log_opt_values /usr/lib/python3/dist-packages/oslo_config/cfg.py:2609
2026-01-05 00:38:27.217 133205 DEBUG oslo_service.service [req-30341b1f-4fc4-4397-b9aa-ddc10d03e96c - - - - -] cinder.certfile = None log_opt_values /usr/lib/python3/dist-packages/oslo_config/cfg.py:2609
2026-01-05 00:38:27.217 133205 DEBUG oslo_service.service [req-30341b1f-4fc4-4397-b9aa-ddc10d03e96c - - - - -] cinder.collect_timing = False log_opt_values /usr/lib/python3/dist-packages/oslo_config/cfg.py:2609
2026-01-05 00:38:27.217 133205 DEBUG oslo_service.service [req-30341b1f-4fc4-4397-b9aa-ddc10d03e96c - - - - -] cinder.cross_az_attach = True log_opt_values /usr/lib/python3/dist-packages/oslo_config/cfg.py:2609
2026-01-05 00:38:27.217 133205 DEBUG oslo_service.service [req-30341b1f-4fc4-4397-b9aa-ddc10d03e96c - - - - -] cinder.debug = False log_opt_values /usr/lib/python3/dist-packages/oslo_config/cfg.py:2609
2026-01-05 00:38:27.217 133205 DEBUG oslo_service.service [req-30341b1f-4fc4-4397-b9aa-ddc10d03e96c - - - - -] cinder.endpoint_template = None log_opt_values /usr/lib/python3/dist-packages/oslo_config/cfg.py:2609
2026-01-05 00:38:27.218 133205 DEBUG oslo_service.service [req-30341b1f-4fc4-4397-b9aa-ddc10d03e96c - - - - -] cinder.http_retries = 3 log_opt_values /usr/lib/python3/dist-packages/oslo_config/cfg.py:2609
2026-01-05 00:38:27.218 133205 DEBUG oslo_service.service [req-30341b1f-4fc4-4397-b9aa-ddc10d03e96c - - - - -] cinder.insecure = False log_opt_values /usr/lib/python3/dist-packages/oslo_config/cfg.py:2609
2026-01-05 00:38:27.217 134753 DEBUG nova.service [req-bdd3ce42-fe49-42a9-887d-077d2db4e4e2 - - - - -] Join ServiceGroup membership for this service scheduler start /usr/lib/python3/dist-packages/nova/service.py:199
2026-01-05 00:38:27.218 133205 DEBUG oslo_service.service [req-30341b1f-4fc4-4397-b9aa-ddc10d03e96c - - - - -] cinder.keyfile = None log_opt_values /usr/lib/python3/dist-packages/oslo_config/cfg.py:2609
2026-01-05 00:38:27.218 133205 DEBUG oslo_service.service [req-30341b1f-4fc4-4397-b9aa-ddc10d03e96c - - - - -] cinder.os_region_name = None log_opt_values /usr/lib/python3/dist-packages/oslo_config/cfg.py:2609
2026-01-05 00:38:27.218 133205 DEBUG oslo_service.service [req-30341b1f-4fc4-4397-b9aa-ddc10d03e96c - - - - -] cinder.split_loggers = False log_opt_values /usr/lib/python3/dist-packages/oslo_config/cfg.py:2609
2026-01-05 00:38:27.218 134754 DEBUG nova.service [req-6cd30561-732c-452a-9ce4-e7cc9a0c58c7 - - - - -] Join ServiceGroup membership for this service scheduler start /usr/lib/python3/dist-packages/nova/service.py:199
2026-01-05 00:38:27.218 134761 DEBUG oslo_messaging._drivers.amqpdriver [-] Listener is running poll /usr/lib/python3/dist-packages/oslo_messaging/_drivers/amqpdriver.py:343
2026-01-05 00:38:27.218 133205 DEBUG oslo_service.service [req-30341b1f-4fc4-4397-b9aa-ddc10d03e96c - - - - -] cinder.timeout = None log_opt_values /usr/lib/python3/dist-packages/oslo_config/cfg.py:2609
2026-01-05 00:38:27.219 134761 DEBUG oslo_messaging._drivers.amqpdriver [-] AMQPListener connection consume poll /usr/lib/python3/dist-packages/oslo_messaging/_drivers/amqpdriver.py:357
2026-01-05 00:38:27.219 134754 DEBUG nova.servicegroup.drivers.db [req-6cd30561-732c-452a-9ce4-e7cc9a0c58c7 - - - - -] DB_Driver: join new ServiceGroup member juju-c7d490-0-lxd-7 to the scheduler group, service = join /usr/lib/python3/dist-packages/nova/servicegroup/drivers/db.py:44
2026-01-05 00:38:27.219 134753 DEBUG nova.servicegroup.drivers.db [req-bdd3ce42-fe49-42a9-887d-077d2db4e4e2 - - - - -] DB_Driver: join new ServiceGroup member juju-c7d490-0-lxd-7 to the scheduler group, service = join /usr/lib/python3/dist-packages/nova/servicegroup/drivers/db.py:44
2026-01-05 00:38:27.219 133205 DEBUG oslo_service.service [req-30341b1f-4fc4-4397-b9aa-ddc10d03e96c - - - - -] compute.consecutive_build_service_disable_threshold = 10 log_opt_values /usr/lib/python3/dist-packages/oslo_config/cfg.py:2609
2026-01-05 00:38:27.219 133205 DEBUG oslo_service.service [req-30341b1f-4fc4-4397-b9aa-ddc10d03e96c - - - - -] compute.cpu_dedicated_set = None log_opt_values /usr/lib/python3/dist-packages/oslo_config/cfg.py:2609
2026-01-05 00:38:27.219 133205 DEBUG oslo_service.service [req-30341b1f-4fc4-4397-b9aa-ddc10d03e96c - - - - -] compute.cpu_shared_set = None log_opt_values /usr/lib/python3/dist-packages/oslo_config/cfg.py:2609
2026-01-05 00:38:27.219 133205 DEBUG oslo_service.service [req-30341b1f-4fc4-4397-b9aa-ddc10d03e96c - - - - -] compute.image_type_exclude_list = [] log_opt_values /usr/lib/python3/dist-packages/oslo_config/cfg.py:2609
2026-01-05 00:38:27.220 133205 DEBUG oslo_service.service [req-30341b1f-4fc4-4397-b9aa-ddc10d03e96c - - - - -] compute.live_migration_wait_for_vif_plug = True log_opt_values /usr/lib/python3/dist-packages/oslo_config/cfg.py:2609
2026-01-05 00:38:27.220 133205 DEBUG oslo_service.service [req-30341b1f-4fc4-4397-b9aa-ddc10d03e96c - - - - -] compute.max_concurrent_disk_ops = 0 log_opt_values /usr/lib/python3/dist-packages/oslo_config/cfg.py:2609
2026-01-05 00:38:27.220 133205 DEBUG oslo_service.service [req-30341b1f-4fc4-4397-b9aa-ddc10d03e96c - - - - -] compute.max_disk_devices_to_attach = -1 log_opt_values /usr/lib/python3/dist-packages/oslo_config/cfg.py:2609
2026-01-05 00:38:27.220 133205 DEBUG oslo_service.service [req-30341b1f-4fc4-4397-b9aa-ddc10d03e96c - - - - -] compute.packing_host_numa_cells_allocation_strategy = True log_opt_values /usr/lib/python3/dist-packages/oslo_config/cfg.py:2609
2026-01-05 00:38:27.220 133205 DEBUG oslo_service.service [req-30341b1f-4fc4-4397-b9aa-ddc10d03e96c - - - - -] compute.provider_config_location = /etc/nova/provider_config/ log_opt_values /usr/lib/python3/dist-packages/oslo_config/cfg.py:2609
2026-01-05 00:38:27.220 133205 DEBUG oslo_service.service [req-30341b1f-4fc4-4397-b9aa-ddc10d03e96c - - - - -] compute.resource_provider_association_refresh = 300 log_opt_values /usr/lib/python3/dist-packages/oslo_config/cfg.py:2609
2026-01-05 00:38:27.220 134761 DEBUG nova.service [req-e75ba13f-234a-4773-8b41-799909d58800 - - - - -] Join ServiceGroup membership for this service scheduler start /usr/lib/python3/dist-packages/nova/service.py:199
2026-01-05 00:38:27.221 133205 DEBUG oslo_service.service [req-30341b1f-4fc4-4397-b9aa-ddc10d03e96c - - - - -] compute.shutdown_retry_interval = 10 log_opt_values /usr/lib/python3/dist-packages/oslo_config/cfg.py:2609
2026-01-05 00:38:27.221 134761 DEBUG nova.servicegroup.drivers.db [req-e75ba13f-234a-4773-8b41-799909d58800 - - - - -] DB_Driver: join new ServiceGroup member juju-c7d490-0-lxd-7 to the scheduler group, service = join /usr/lib/python3/dist-packages/nova/servicegroup/drivers/db.py:44
2026-01-05 00:38:27.221 133205 DEBUG oslo_service.service [req-30341b1f-4fc4-4397-b9aa-ddc10d03e96c - - - - -] compute.vmdk_allowed_types = ['streamOptimized', 'monolithicSparse'] log_opt_values /usr/lib/python3/dist-packages/oslo_config/cfg.py:2609
2026-01-05 00:38:27.221 134754 DEBUG oslo_messaging._drivers.amqpdriver [-] AMQPListener connection timeout poll /usr/lib/python3/dist-packages/oslo_messaging/_drivers/amqpdriver.py:360
2026-01-05 00:38:27.221 134753 DEBUG oslo_messaging._drivers.amqpdriver [-] AMQPListener connection timeout poll /usr/lib/python3/dist-packages/oslo_messaging/_drivers/amqpdriver.py:360
2026-01-05 00:38:27.221 133205 DEBUG oslo_service.service [req-30341b1f-4fc4-4397-b9aa-ddc10d03e96c - - - - -] conductor.workers = 4 log_opt_values /usr/lib/python3/dist-packages/oslo_config/cfg.py:2609
2026-01-05 00:38:27.221 134754 DEBUG oslo_messaging._drivers.amqpdriver [-] Listener is running poll /usr/lib/python3/dist-packages/oslo_messaging/_drivers/amqpdriver.py:343
2026-01-05 00:38:27.221 134753 DEBUG oslo_messaging._drivers.amqpdriver [-] Listener is running poll /usr/lib/python3/dist-packages/oslo_messaging/_drivers/amqpdriver.py:343
2026-01-05 00:38:27.221 133205 DEBUG oslo_service.service [req-30341b1f-4fc4-4397-b9aa-ddc10d03e96c - - - - -] console.allowed_origins = [] log_opt_values /usr/lib/python3/dist-packages/oslo_config/cfg.py:2609
2026-01-05 00:38:27.221 134754 DEBUG oslo_messaging._drivers.amqpdriver [-] AMQPListener connection consume poll /usr/lib/python3/dist-packages/oslo_messaging/_drivers/amqpdriver.py:357
2026-01-05 00:38:27.221 134753 DEBUG oslo_messaging._drivers.amqpdriver [-] AMQPListener connection consume poll /usr/lib/python3/dist-packages/oslo_messaging/_drivers/amqpdriver.py:357
2026-01-05 00:38:27.221 134761 DEBUG oslo_messaging._drivers.amqpdriver [-] AMQPListener connection timeout poll /usr/lib/python3/dist-packages/oslo_messaging/_drivers/amqpdriver.py:360
2026-01-05 00:38:27.221 133205 DEBUG oslo_service.service [req-30341b1f-4fc4-4397-b9aa-ddc10d03e96c - - - - -] console.ssl_ciphers = None log_opt_values /usr/lib/python3/dist-packages/oslo_config/cfg.py:2609
2026-01-05 00:38:27.222 134761 DEBUG oslo_messaging._drivers.amqpdriver [-] Listener is running poll /usr/lib/python3/dist-packages/oslo_messaging/_drivers/amqpdriver.py:343
2026-01-05 00:38:27.222 133205 DEBUG oslo_service.service [req-30341b1f-4fc4-4397-b9aa-ddc10d03e96c - - - - -] console.ssl_minimum_version = default log_opt_values /usr/lib/python3/dist-packages/oslo_config/cfg.py:2609
2026-01-05 00:38:27.222 134761 DEBUG oslo_messaging._drivers.amqpdriver [-] AMQPListener connection consume poll /usr/lib/python3/dist-packages/oslo_messaging/_drivers/amqpdriver.py:357
2026-01-05 00:38:27.222 133205 DEBUG oslo_service.service [req-30341b1f-4fc4-4397-b9aa-ddc10d03e96c - - - - -] consoleauth.token_ttl = 600 log_opt_values /usr/lib/python3/dist-packages/oslo_config/cfg.py:2609
2026-01-05 00:38:27.222 133205 DEBUG oslo_service.service [req-30341b1f-4fc4-4397-b9aa-ddc10d03e96c - - - - -] cyborg.cafile = None log_opt_values /usr/lib/python3/dist-packages/oslo_config/cfg.py:2609
2026-01-05 00:38:27.222 133205 DEBUG oslo_service.service [req-30341b1f-4fc4-4397-b9aa-ddc10d03e96c - - - - -] cyborg.certfile = None log_opt_values /usr/lib/python3/dist-packages/oslo_config/cfg.py:2609
2026-01-05 00:38:27.222 133205 DEBUG oslo_service.service [req-30341b1f-4fc4-4397-b9aa-ddc10d03e96c - - - - -] cyborg.collect_timing = False log_opt_values /usr/lib/python3/dist-packages/oslo_config/cfg.py:2609
2026-01-05 00:38:27.223 133205 DEBUG oslo_service.service [req-30341b1f-4fc4-4397-b9aa-ddc10d03e96c - - - - -] cyborg.connect_retries = None log_opt_values /usr/lib/python3/dist-packages/oslo_config/cfg.py:2609
2026-01-05 00:38:27.223 133205 DEBUG oslo_service.service [req-30341b1f-4fc4-4397-b9aa-ddc10d03e96c - - - - -] cyborg.connect_retry_delay = None log_opt_values /usr/lib/python3/dist-packages/oslo_config/cfg.py:2609
2026-01-05 00:38:27.223 133205 DEBUG oslo_service.service [req-30341b1f-4fc4-4397-b9aa-ddc10d03e96c - - - - -] cyborg.endpoint_override = None log_opt_values /usr/lib/python3/dist-packages/oslo_config/cfg.py:2609
2026-01-05 00:38:27.223 133205 DEBUG oslo_service.service [req-30341b1f-4fc4-4397-b9aa-ddc10d03e96c - - - - -] cyborg.insecure = False log_opt_values /usr/lib/python3/dist-packages/oslo_config/cfg.py:2609
2026-01-05 00:38:27.223 133205 DEBUG oslo_service.service [req-30341b1f-4fc4-4397-b9aa-ddc10d03e96c - - - - -] cyborg.keyfile = None log_opt_values /usr/lib/python3/dist-packages/oslo_config/cfg.py:2609
2026-01-05 00:38:27.224 133205 DEBUG oslo_service.service [req-30341b1f-4fc4-4397-b9aa-ddc10d03e96c - - - - -] cyborg.max_version = None log_opt_values /usr/lib/python3/dist-packages/oslo_config/cfg.py:2609
2026-01-05 00:38:27.224 133205 DEBUG oslo_service.service [req-30341b1f-4fc4-4397-b9aa-ddc10d03e96c - - - - -] cyborg.min_version = None log_opt_values /usr/lib/python3/dist-packages/oslo_config/cfg.py:2609
2026-01-05 00:38:27.224 133205 DEBUG oslo_service.service [req-30341b1f-4fc4-4397-b9aa-ddc10d03e96c - - - - -] cyborg.region_name = None log_opt_values /usr/lib/python3/dist-packages/oslo_config/cfg.py:2609
2026-01-05 00:38:27.224 133205 DEBUG oslo_service.service [req-30341b1f-4fc4-4397-b9aa-ddc10d03e96c - - - - -] cyborg.service_name = None log_opt_values /usr/lib/python3/dist-packages/oslo_config/cfg.py:2609
2026-01-05 00:38:27.224 133205 DEBUG oslo_service.service [req-30341b1f-4fc4-4397-b9aa-ddc10d03e96c - - - - -] cyborg.service_type = accelerator log_opt_values /usr/lib/python3/dist-packages/oslo_config/cfg.py:2609
2026-01-05 00:38:27.224 133205 DEBUG oslo_service.service [req-30341b1f-4fc4-4397-b9aa-ddc10d03e96c - - - - -] cyborg.split_loggers = False log_opt_values /usr/lib/python3/dist-packages/oslo_config/cfg.py:2609
2026-01-05 00:38:27.224 133205 DEBUG oslo_service.service [req-30341b1f-4fc4-4397-b9aa-ddc10d03e96c - - - - -] cyborg.status_code_retries = None log_opt_values /usr/lib/python3/dist-packages/oslo_config/cfg.py:2609
2026-01-05 00:38:27.225 133205 DEBUG oslo_service.service [req-30341b1f-4fc4-4397-b9aa-ddc10d03e96c - - - - -] cyborg.status_code_retry_delay = None log_opt_values /usr/lib/python3/dist-packages/oslo_config/cfg.py:2609
2026-01-05 00:38:27.225 133205 DEBUG oslo_service.service [req-30341b1f-4fc4-4397-b9aa-ddc10d03e96c - - - - -] cyborg.timeout = None log_opt_values /usr/lib/python3/dist-packages/oslo_config/cfg.py:2609
2026-01-05 00:38:27.225 133205 DEBUG oslo_service.service [req-30341b1f-4fc4-4397-b9aa-ddc10d03e96c - - - - -] cyborg.valid_interfaces = ['internal', 'public'] log_opt_values /usr/lib/python3/dist-packages/oslo_config/cfg.py:2609
2026-01-05 00:38:27.225 133205 DEBUG oslo_service.service [req-30341b1f-4fc4-4397-b9aa-ddc10d03e96c - - - - -] cyborg.version = None log_opt_values /usr/lib/python3/dist-packages/oslo_config/cfg.py:2609
2026-01-05 00:38:27.225 133205 DEBUG oslo_service.service [req-30341b1f-4fc4-4397-b9aa-ddc10d03e96c - - - - -] database.backend = sqlalchemy log_opt_values /usr/lib/python3/dist-packages/oslo_config/cfg.py:2609
2026-01-05 00:38:27.226 133205 DEBUG oslo_service.service [req-30341b1f-4fc4-4397-b9aa-ddc10d03e96c - - - - -] database.connection = **** log_opt_values /usr/lib/python3/dist-packages/oslo_config/cfg.py:2609
2026-01-05 00:38:27.226 133205 DEBUG oslo_service.service [req-30341b1f-4fc4-4397-b9aa-ddc10d03e96c - - - - -] database.connection_debug = 0 log_opt_values /usr/lib/python3/dist-packages/oslo_config/cfg.py:2609
2026-01-05 00:38:27.226 133205 DEBUG oslo_service.service [req-30341b1f-4fc4-4397-b9aa-ddc10d03e96c - - - - -] database.connection_parameters = log_opt_values /usr/lib/python3/dist-packages/oslo_config/cfg.py:2609
2026-01-05 00:38:27.226 133205 DEBUG oslo_service.service [req-30341b1f-4fc4-4397-b9aa-ddc10d03e96c - - - - -] database.connection_recycle_time = 3600 log_opt_values /usr/lib/python3/dist-packages/oslo_config/cfg.py:2609
2026-01-05 00:38:27.227 133205 DEBUG oslo_service.service [req-30341b1f-4fc4-4397-b9aa-ddc10d03e96c - - - - -] database.connection_trace = False log_opt_values /usr/lib/python3/dist-packages/oslo_config/cfg.py:2609
2026-01-05 00:38:27.227 133205 DEBUG oslo_service.service [req-30341b1f-4fc4-4397-b9aa-ddc10d03e96c - - - - -] database.db_inc_retry_interval = True log_opt_values /usr/lib/python3/dist-packages/oslo_config/cfg.py:2609
2026-01-05 00:38:27.227 133205 DEBUG oslo_service.service [req-30341b1f-4fc4-4397-b9aa-ddc10d03e96c - - - - -] database.db_max_retries = 20 log_opt_values /usr/lib/python3/dist-packages/oslo_config/cfg.py:2609
2026-01-05 00:38:27.227 133205 DEBUG oslo_service.service [req-30341b1f-4fc4-4397-b9aa-ddc10d03e96c - - - - -] database.db_max_retry_interval = 10 log_opt_values /usr/lib/python3/dist-packages/oslo_config/cfg.py:2609
2026-01-05 00:38:27.227 133205 DEBUG oslo_service.service [req-30341b1f-4fc4-4397-b9aa-ddc10d03e96c - - - - -] database.db_retry_interval = 1 log_opt_values /usr/lib/python3/dist-packages/oslo_config/cfg.py:2609
2026-01-05 00:38:27.227 134760 DEBUG oslo_messaging._drivers.amqpdriver [-] Listener is running poll /usr/lib/python3/dist-packages/oslo_messaging/_drivers/amqpdriver.py:343
2026-01-05 00:38:27.228 133205 DEBUG oslo_service.service [req-30341b1f-4fc4-4397-b9aa-ddc10d03e96c - - - - -] database.max_overflow = 50 log_opt_values /usr/lib/python3/dist-packages/oslo_config/cfg.py:2609
2026-01-05 00:38:27.228 134760 DEBUG oslo_messaging._drivers.amqpdriver [-] AMQPListener connection consume poll /usr/lib/python3/dist-packages/oslo_messaging/_drivers/amqpdriver.py:357
2026-01-05 00:38:27.228 133205 DEBUG oslo_service.service [req-30341b1f-4fc4-4397-b9aa-ddc10d03e96c - - - - -] database.max_pool_size = 4 log_opt_values /usr/lib/python3/dist-packages/oslo_config/cfg.py:2609
2026-01-05 00:38:27.228 133205 DEBUG oslo_service.service [req-30341b1f-4fc4-4397-b9aa-ddc10d03e96c - - - - -] database.max_retries = 10 log_opt_values /usr/lib/python3/dist-packages/oslo_config/cfg.py:2609
2026-01-05 00:38:27.228 133205 DEBUG oslo_service.service [req-30341b1f-4fc4-4397-b9aa-ddc10d03e96c - - - - -] database.mysql_enable_ndb = False log_opt_values /usr/lib/python3/dist-packages/oslo_config/cfg.py:2609
2026-01-05 00:38:27.228 133205 DEBUG oslo_service.service [req-30341b1f-4fc4-4397-b9aa-ddc10d03e96c - - - - -] database.mysql_sql_mode = TRADITIONAL log_opt_values /usr/lib/python3/dist-packages/oslo_config/cfg.py:2609
2026-01-05 00:38:27.228 134760 DEBUG nova.service [req-13f5c645-0a85-4c32-a422-c90537d20ea1 - - - - -] Join ServiceGroup membership for this service scheduler start /usr/lib/python3/dist-packages/nova/service.py:199
2026-01-05 00:38:27.228 133205 DEBUG oslo_service.service [req-30341b1f-4fc4-4397-b9aa-ddc10d03e96c - - - - -] database.pool_timeout = None log_opt_values /usr/lib/python3/dist-packages/oslo_config/cfg.py:2609
2026-01-05 00:38:27.229 133205 DEBUG oslo_service.service [req-30341b1f-4fc4-4397-b9aa-ddc10d03e96c - - - - -] database.retry_interval = 10 log_opt_values /usr/lib/python3/dist-packages/oslo_config/cfg.py:2609
2026-01-05 00:38:27.229 134760 DEBUG nova.servicegroup.drivers.db [req-13f5c645-0a85-4c32-a422-c90537d20ea1 - - - - -] DB_Driver: join new ServiceGroup member juju-c7d490-0-lxd-7 to the scheduler group, service = join /usr/lib/python3/dist-packages/nova/servicegroup/drivers/db.py:44
2026-01-05 00:38:27.229 133205 DEBUG oslo_service.service [req-30341b1f-4fc4-4397-b9aa-ddc10d03e96c - - - - -] database.slave_connection = **** log_opt_values /usr/lib/python3/dist-packages/oslo_config/cfg.py:2609
2026-01-05 00:38:27.229 133205 DEBUG oslo_service.service [req-30341b1f-4fc4-4397-b9aa-ddc10d03e96c - - - - -] database.sqlite_synchronous = True log_opt_values /usr/lib/python3/dist-packages/oslo_config/cfg.py:2609
2026-01-05 00:38:27.229 133205 DEBUG oslo_service.service [req-30341b1f-4fc4-4397-b9aa-ddc10d03e96c - - - - -] database.use_db_reconnect = False log_opt_values /usr/lib/python3/dist-packages/oslo_config/cfg.py:2609
2026-01-05 00:38:27.229 133205 DEBUG oslo_service.service [req-30341b1f-4fc4-4397-b9aa-ddc10d03e96c - - - - -] api_database.backend = sqlalchemy log_opt_values /usr/lib/python3/dist-packages/oslo_config/cfg.py:2609
2026-01-05 00:38:27.230 133205 DEBUG oslo_service.service [req-30341b1f-4fc4-4397-b9aa-ddc10d03e96c - - - - -] api_database.connection = **** log_opt_values /usr/lib/python3/dist-packages/oslo_config/cfg.py:2609
2026-01-05 00:38:27.230 133205 DEBUG oslo_service.service [req-30341b1f-4fc4-4397-b9aa-ddc10d03e96c - - - - -] api_database.connection_debug = 0 log_opt_values /usr/lib/python3/dist-packages/oslo_config/cfg.py:2609
2026-01-05 00:38:27.230 133205 DEBUG oslo_service.service [req-30341b1f-4fc4-4397-b9aa-ddc10d03e96c - - - - -] api_database.connection_parameters = log_opt_values /usr/lib/python3/dist-packages/oslo_config/cfg.py:2609
2026-01-05 00:38:27.230 133205 DEBUG oslo_service.service [req-30341b1f-4fc4-4397-b9aa-ddc10d03e96c - - - - -] api_database.connection_recycle_time = 3600 log_opt_values /usr/lib/python3/dist-packages/oslo_config/cfg.py:2609
2026-01-05 00:38:27.230 133205 DEBUG oslo_service.service [req-30341b1f-4fc4-4397-b9aa-ddc10d03e96c - - - - -] api_database.connection_trace = False log_opt_values /usr/lib/python3/dist-packages/oslo_config/cfg.py:2609
2026-01-05 00:38:27.230 133205 DEBUG oslo_service.service [req-30341b1f-4fc4-4397-b9aa-ddc10d03e96c - - - - -] api_database.db_inc_retry_interval = True log_opt_values /usr/lib/python3/dist-packages/oslo_config/cfg.py:2609
2026-01-05 00:38:27.231 133205 DEBUG oslo_service.service [req-30341b1f-4fc4-4397-b9aa-ddc10d03e96c - - - - -] api_database.db_max_retries = 20 log_opt_values /usr/lib/python3/dist-packages/oslo_config/cfg.py:2609
2026-01-05 00:38:27.231 133205 DEBUG oslo_service.service [req-30341b1f-4fc4-4397-b9aa-ddc10d03e96c - - - - -] api_database.db_max_retry_interval = 10 log_opt_values /usr/lib/python3/dist-packages/oslo_config/cfg.py:2609
2026-01-05 00:38:27.231 134760 DEBUG oslo_messaging._drivers.amqpdriver [-] AMQPListener connection timeout poll /usr/lib/python3/dist-packages/oslo_messaging/_drivers/amqpdriver.py:360
2026-01-05 00:38:27.231 133205 DEBUG oslo_service.service [req-30341b1f-4fc4-4397-b9aa-ddc10d03e96c - - - - -] api_database.db_retry_interval = 1 log_opt_values /usr/lib/python3/dist-packages/oslo_config/cfg.py:2609
2026-01-05 00:38:27.231 134760 DEBUG oslo_messaging._drivers.amqpdriver [-] Listener is running poll /usr/lib/python3/dist-packages/oslo_messaging/_drivers/amqpdriver.py:343
2026-01-05 00:38:27.231 134760 DEBUG oslo_messaging._drivers.amqpdriver [-] AMQPListener connection consume poll /usr/lib/python3/dist-packages/oslo_messaging/_drivers/amqpdriver.py:357
2026-01-05 00:38:27.231 133205 DEBUG oslo_service.service [req-30341b1f-4fc4-4397-b9aa-ddc10d03e96c - - - - -] api_database.max_overflow = 50 log_opt_values /usr/lib/python3/dist-packages/oslo_config/cfg.py:2609
2026-01-05 00:38:27.231 133205 DEBUG oslo_service.service [req-30341b1f-4fc4-4397-b9aa-ddc10d03e96c - - - - -] api_database.max_pool_size = 4 log_opt_values /usr/lib/python3/dist-packages/oslo_config/cfg.py:2609
2026-01-05 00:38:27.232 133205 DEBUG oslo_service.service [req-30341b1f-4fc4-4397-b9aa-ddc10d03e96c - - - - -] api_database.max_retries = 10 log_opt_values /usr/lib/python3/dist-packages/oslo_config/cfg.py:2609
2026-01-05 00:38:27.232 133205 DEBUG oslo_service.service [req-30341b1f-4fc4-4397-b9aa-ddc10d03e96c - - - - -] api_database.mysql_enable_ndb = False log_opt_values /usr/lib/python3/dist-packages/oslo_config/cfg.py:2609
2026-01-05 00:38:27.232 133205 DEBUG oslo_service.service [req-30341b1f-4fc4-4397-b9aa-ddc10d03e96c - - - - -] api_database.mysql_sql_mode = TRADITIONAL log_opt_values /usr/lib/python3/dist-packages/oslo_config/cfg.py:2609
2026-01-05 00:38:27.232 133205 DEBUG oslo_service.service [req-30341b1f-4fc4-4397-b9aa-ddc10d03e96c - - - - -] api_database.pool_timeout = None log_opt_values /usr/lib/python3/dist-packages/oslo_config/cfg.py:2609
2026-01-05 00:38:27.232 133205 DEBUG oslo_service.service [req-30341b1f-4fc4-4397-b9aa-ddc10d03e96c - - - - -] api_database.retry_interval = 10 log_opt_values /usr/lib/python3/dist-packages/oslo_config/cfg.py:2609
2026-01-05 00:38:27.233 133205 DEBUG oslo_service.service [req-30341b1f-4fc4-4397-b9aa-ddc10d03e96c - - - - -] api_database.slave_connection = **** log_opt_values /usr/lib/python3/dist-packages/oslo_config/cfg.py:2609
2026-01-05 00:38:27.233 133205 DEBUG oslo_service.service [req-30341b1f-4fc4-4397-b9aa-ddc10d03e96c - - - - -] api_database.sqlite_synchronous = True log_opt_values /usr/lib/python3/dist-packages/oslo_config/cfg.py:2609
