2026-01-01 00:40:31.760 132401 DEBUG oslo_service.service [req-b67807b8-8d2d-4a26-8652-2b54fda295cf - - - - -] host = juju-848a63-0-lxd-7 log_opt_values /usr/lib/python3/dist-packages/oslo_config/cfg.py:2602
2026-01-01 00:40:31.760 132401 DEBUG oslo_service.service [req-b67807b8-8d2d-4a26-8652-2b54fda295cf - - - - -] initial_cpu_allocation_ratio = 16.0 log_opt_values /usr/lib/python3/dist-packages/oslo_config/cfg.py:2602
2026-01-01 00:40:31.760 132401 DEBUG oslo_service.service [req-b67807b8-8d2d-4a26-8652-2b54fda295cf - - - - -] initial_disk_allocation_ratio = 1.0 log_opt_values /usr/lib/python3/dist-packages/oslo_config/cfg.py:2602
2026-01-01 00:40:31.760 132401 DEBUG oslo_service.service [req-b67807b8-8d2d-4a26-8652-2b54fda295cf - - - - -] initial_ram_allocation_ratio = 1.5 log_opt_values /usr/lib/python3/dist-packages/oslo_config/cfg.py:2602
2026-01-01 00:40:31.761 132401 DEBUG oslo_service.service [req-b67807b8-8d2d-4a26-8652-2b54fda295cf - - - - -] injected_network_template = /usr/lib/python3/dist-packages/nova/virt/interfaces.template log_opt_values /usr/lib/python3/dist-packages/oslo_config/cfg.py:2602
2026-01-01 00:40:31.761 132401 DEBUG oslo_service.service [req-b67807b8-8d2d-4a26-8652-2b54fda295cf - - - - -] instance_build_timeout = 0 log_opt_values /usr/lib/python3/dist-packages/oslo_config/cfg.py:2602
2026-01-01 00:40:31.761 132401 DEBUG oslo_service.service [req-b67807b8-8d2d-4a26-8652-2b54fda295cf - - - - -] instance_delete_interval = 300 log_opt_values /usr/lib/python3/dist-packages/oslo_config/cfg.py:2602
2026-01-01 00:40:31.761 132401 DEBUG oslo_service.service [req-b67807b8-8d2d-4a26-8652-2b54fda295cf - - - - -] instance_format = [instance: %(uuid)s] log_opt_values /usr/lib/python3/dist-packages/oslo_config/cfg.py:2602
2026-01-01 00:40:31.762 132401 DEBUG oslo_service.service [req-b67807b8-8d2d-4a26-8652-2b54fda295cf - - - - -] instance_name_template = instance-%08x log_opt_values /usr/lib/python3/dist-packages/oslo_config/cfg.py:2602
2026-01-01 00:40:31.761 133094 INFO nova.service [-] Starting scheduler node (version 25.2.1)
2026-01-01 00:40:31.762 132401 DEBUG oslo_service.service [req-b67807b8-8d2d-4a26-8652-2b54fda295cf - - - - -] instance_usage_audit = False log_opt_values /usr/lib/python3/dist-packages/oslo_config/cfg.py:2602
2026-01-01 00:40:31.762 132401 DEBUG oslo_service.service [req-b67807b8-8d2d-4a26-8652-2b54fda295cf - - - - -] instance_usage_audit_period = month log_opt_values /usr/lib/python3/dist-packages/oslo_config/cfg.py:2602
2026-01-01 00:40:31.762 132401 DEBUG oslo_service.service [req-b67807b8-8d2d-4a26-8652-2b54fda295cf - - - - -] instance_uuid_format = [instance: %(uuid)s] log_opt_values /usr/lib/python3/dist-packages/oslo_config/cfg.py:2602
2026-01-01 00:40:31.762 132401 DEBUG oslo_service.service [req-b67807b8-8d2d-4a26-8652-2b54fda295cf - - - - -] instances_path = /var/lib/nova/instances log_opt_values /usr/lib/python3/dist-packages/oslo_config/cfg.py:2602
2026-01-01 00:40:31.763 132401 DEBUG oslo_service.service [req-b67807b8-8d2d-4a26-8652-2b54fda295cf - - - - -] internal_service_availability_zone = internal log_opt_values /usr/lib/python3/dist-packages/oslo_config/cfg.py:2602
2026-01-01 00:40:31.763 132401 DEBUG oslo_service.service [req-b67807b8-8d2d-4a26-8652-2b54fda295cf - - - - -] key = None log_opt_values /usr/lib/python3/dist-packages/oslo_config/cfg.py:2602
2026-01-01 00:40:31.763 132401 DEBUG oslo_service.service [req-b67807b8-8d2d-4a26-8652-2b54fda295cf - - - - -] live_migration_retry_count = 30 log_opt_values /usr/lib/python3/dist-packages/oslo_config/cfg.py:2602
2026-01-01 00:40:31.763 132401 DEBUG oslo_service.service [req-b67807b8-8d2d-4a26-8652-2b54fda295cf - - - - -] log_config_append = None log_opt_values /usr/lib/python3/dist-packages/oslo_config/cfg.py:2602
2026-01-01 00:40:31.764 132401 DEBUG oslo_service.service [req-b67807b8-8d2d-4a26-8652-2b54fda295cf - - - - -] log_date_format = %Y-%m-%d %H:%M:%S log_opt_values /usr/lib/python3/dist-packages/oslo_config/cfg.py:2602
2026-01-01 00:40:31.764 132401 DEBUG oslo_service.service [req-b67807b8-8d2d-4a26-8652-2b54fda295cf - - - - -] log_dir = /var/log/nova log_opt_values /usr/lib/python3/dist-packages/oslo_config/cfg.py:2602
2026-01-01 00:40:31.764 132401 DEBUG oslo_service.service [req-b67807b8-8d2d-4a26-8652-2b54fda295cf - - - - -] log_file = /var/log/nova/nova-scheduler.log log_opt_values /usr/lib/python3/dist-packages/oslo_config/cfg.py:2602
2026-01-01 00:40:31.764 132401 DEBUG oslo_service.service [req-b67807b8-8d2d-4a26-8652-2b54fda295cf - - - - -] log_options = True log_opt_values /usr/lib/python3/dist-packages/oslo_config/cfg.py:2602
2026-01-01 00:40:31.764 132401 DEBUG oslo_service.service [req-b67807b8-8d2d-4a26-8652-2b54fda295cf - - - - -] log_rotate_interval = 1 log_opt_values /usr/lib/python3/dist-packages/oslo_config/cfg.py:2602
2026-01-01 00:40:31.765 132401 DEBUG oslo_service.service [req-b67807b8-8d2d-4a26-8652-2b54fda295cf - - - - -] log_rotate_interval_type = days log_opt_values /usr/lib/python3/dist-packages/oslo_config/cfg.py:2602
2026-01-01 00:40:31.765 132401 DEBUG oslo_service.service [req-b67807b8-8d2d-4a26-8652-2b54fda295cf - - - - -] log_rotation_type = none log_opt_values /usr/lib/python3/dist-packages/oslo_config/cfg.py:2602
2026-01-01 00:40:31.765 132401 DEBUG oslo_service.service [req-b67807b8-8d2d-4a26-8652-2b54fda295cf - - - - -] logging_context_format_string = %(asctime)s.%(msecs)03d %(process)d %(levelname)s %(name)s [%(request_id)s %(user_identity)s] %(instance)s%(message)s log_opt_values /usr/lib/python3/dist-packages/oslo_config/cfg.py:2602
2026-01-01 00:40:31.765 132401 DEBUG oslo_service.service [req-b67807b8-8d2d-4a26-8652-2b54fda295cf - - - - -] logging_debug_format_suffix = %(funcName)s %(pathname)s:%(lineno)d log_opt_values /usr/lib/python3/dist-packages/oslo_config/cfg.py:2602
2026-01-01 00:40:31.765 132401 DEBUG oslo_service.service [req-b67807b8-8d2d-4a26-8652-2b54fda295cf - - - - -] logging_default_format_string = %(asctime)s.%(msecs)03d %(process)d %(levelname)s %(name)s [-] %(instance)s%(message)s log_opt_values /usr/lib/python3/dist-packages/oslo_config/cfg.py:2602
2026-01-01 00:40:31.766 132401 DEBUG oslo_service.service [req-b67807b8-8d2d-4a26-8652-2b54fda295cf - - - - -] logging_exception_prefix = %(asctime)s.%(msecs)03d %(process)d ERROR %(name)s %(instance)s log_opt_values /usr/lib/python3/dist-packages/oslo_config/cfg.py:2602
2026-01-01 00:40:31.766 132401 DEBUG oslo_service.service [req-b67807b8-8d2d-4a26-8652-2b54fda295cf - - - - -] logging_user_identity_format = %(user)s %(project)s %(domain)s %(user_domain)s %(project_domain)s log_opt_values /usr/lib/python3/dist-packages/oslo_config/cfg.py:2602
2026-01-01 00:40:31.766 132401 DEBUG oslo_service.service [req-b67807b8-8d2d-4a26-8652-2b54fda295cf - - - - -] long_rpc_timeout = 1800 log_opt_values /usr/lib/python3/dist-packages/oslo_config/cfg.py:2602
2026-01-01 00:40:31.766 132401 DEBUG oslo_service.service [req-b67807b8-8d2d-4a26-8652-2b54fda295cf - - - - -] max_concurrent_builds = 10 log_opt_values /usr/lib/python3/dist-packages/oslo_config/cfg.py:2602
2026-01-01 00:40:31.766 132401 DEBUG oslo_service.service [req-b67807b8-8d2d-4a26-8652-2b54fda295cf - - - - -] max_concurrent_live_migrations = 1 log_opt_values /usr/lib/python3/dist-packages/oslo_config/cfg.py:2602
2026-01-01 00:40:31.767 132401 DEBUG oslo_service.service [req-b67807b8-8d2d-4a26-8652-2b54fda295cf - - - - -] max_concurrent_snapshots = 5 log_opt_values /usr/lib/python3/dist-packages/oslo_config/cfg.py:2602
2026-01-01 00:40:31.767 133086 DEBUG nova.service [req-7d583842-0cb3-4a18-bacf-4d22f93f29b6 - - - - -] Creating RPC server for service scheduler start /usr/lib/python3/dist-packages/nova/service.py:182
2026-01-01 00:40:31.767 132401 DEBUG oslo_service.service [req-b67807b8-8d2d-4a26-8652-2b54fda295cf - - - - -] max_local_block_devices = 3 log_opt_values /usr/lib/python3/dist-packages/oslo_config/cfg.py:2602
2026-01-01 00:40:31.767 132401 DEBUG oslo_service.service [req-b67807b8-8d2d-4a26-8652-2b54fda295cf - - - - -] max_logfile_count = 30 log_opt_values /usr/lib/python3/dist-packages/oslo_config/cfg.py:2602
2026-01-01 00:40:31.767 132401 DEBUG oslo_service.service [req-b67807b8-8d2d-4a26-8652-2b54fda295cf - - - - -] max_logfile_size_mb = 200 log_opt_values /usr/lib/python3/dist-packages/oslo_config/cfg.py:2602
2026-01-01 00:40:31.767 132401 DEBUG oslo_service.service [req-b67807b8-8d2d-4a26-8652-2b54fda295cf - - - - -] maximum_instance_delete_attempts = 5 log_opt_values /usr/lib/python3/dist-packages/oslo_config/cfg.py:2602
2026-01-01 00:40:31.768 132401 DEBUG oslo_service.service [req-b67807b8-8d2d-4a26-8652-2b54fda295cf - - - - -] metadata_listen = 0.0.0.0 log_opt_values /usr/lib/python3/dist-packages/oslo_config/cfg.py:2602
2026-01-01 00:40:31.768 132401 DEBUG oslo_service.service [req-b67807b8-8d2d-4a26-8652-2b54fda295cf - - - - -] metadata_listen_port = 8765 log_opt_values /usr/lib/python3/dist-packages/oslo_config/cfg.py:2602
2026-01-01 00:40:31.768 132401 DEBUG oslo_service.service [req-b67807b8-8d2d-4a26-8652-2b54fda295cf - - - - -] metadata_workers = None log_opt_values /usr/lib/python3/dist-packages/oslo_config/cfg.py:2602
2026-01-01 00:40:31.768 132401 DEBUG oslo_service.service [req-b67807b8-8d2d-4a26-8652-2b54fda295cf - - - - -] migrate_max_retries = -1 log_opt_values /usr/lib/python3/dist-packages/oslo_config/cfg.py:2602
2026-01-01 00:40:31.769 132401 DEBUG oslo_service.service [req-b67807b8-8d2d-4a26-8652-2b54fda295cf - - - - -] mkisofs_cmd = genisoimage log_opt_values /usr/lib/python3/dist-packages/oslo_config/cfg.py:2602
2026-01-01 00:40:31.769 133087 DEBUG oslo_db.sqlalchemy.engines [req-e0e15099-4ef1-4dee-b49c-3019a526331d - - - - -] MySQL server mode set to STRICT_TRANS_TABLES,STRICT_ALL_TABLES,NO_ZERO_IN_DATE,NO_ZERO_DATE,ERROR_FOR_DIVISION_BY_ZERO,TRADITIONAL,NO_ENGINE_SUBSTITUTION _check_effective_sql_mode /usr/lib/python3/dist-packages/oslo_db/sqlalchemy/engines.py:314
2026-01-01 00:40:31.769 132401 DEBUG oslo_service.service [req-b67807b8-8d2d-4a26-8652-2b54fda295cf - - - - -] my_block_storage_ip = 252.242.26.253 log_opt_values /usr/lib/python3/dist-packages/oslo_config/cfg.py:2602
2026-01-01 00:40:31.769 132401 DEBUG oslo_service.service [req-b67807b8-8d2d-4a26-8652-2b54fda295cf - - - - -] my_ip = 252.242.26.253 log_opt_values /usr/lib/python3/dist-packages/oslo_config/cfg.py:2602
2026-01-01 00:40:31.769 132401 DEBUG oslo_service.service [req-b67807b8-8d2d-4a26-8652-2b54fda295cf - - - - -] network_allocate_retries = 0 log_opt_values /usr/lib/python3/dist-packages/oslo_config/cfg.py:2602
2026-01-01 00:40:31.771 132401 DEBUG oslo_service.service [req-b67807b8-8d2d-4a26-8652-2b54fda295cf - - - - -] non_inheritable_image_properties = ['cache_in_nova', 'bittorrent'] log_opt_values /usr/lib/python3/dist-packages/oslo_config/cfg.py:2602
2026-01-01 00:40:31.771 132401 DEBUG oslo_service.service [req-b67807b8-8d2d-4a26-8652-2b54fda295cf - - - - -] osapi_compute_listen = 0.0.0.0 log_opt_values /usr/lib/python3/dist-packages/oslo_config/cfg.py:2602
2026-01-01 00:40:31.771 132401 DEBUG oslo_service.service [req-b67807b8-8d2d-4a26-8652-2b54fda295cf - - - - -] osapi_compute_listen_port = 8764 log_opt_values /usr/lib/python3/dist-packages/oslo_config/cfg.py:2602
2026-01-01 00:40:31.772 132401 DEBUG oslo_service.service [req-b67807b8-8d2d-4a26-8652-2b54fda295cf - - - - -] osapi_compute_unique_server_name_scope = log_opt_values /usr/lib/python3/dist-packages/oslo_config/cfg.py:2602
2026-01-01 00:40:31.772 132401 DEBUG oslo_service.service [req-b67807b8-8d2d-4a26-8652-2b54fda295cf - - - - -] osapi_compute_workers = 4 log_opt_values /usr/lib/python3/dist-packages/oslo_config/cfg.py:2602
2026-01-01 00:40:31.773 132401 DEBUG oslo_service.service [req-b67807b8-8d2d-4a26-8652-2b54fda295cf - - - - -] password_length = 12 log_opt_values /usr/lib/python3/dist-packages/oslo_config/cfg.py:2602
2026-01-01 00:40:31.773 132401 DEBUG oslo_service.service [req-b67807b8-8d2d-4a26-8652-2b54fda295cf - - - - -] periodic_enable = True log_opt_values /usr/lib/python3/dist-packages/oslo_config/cfg.py:2602
2026-01-01 00:40:31.773 132401 DEBUG oslo_service.service [req-b67807b8-8d2d-4a26-8652-2b54fda295cf - - - - -] periodic_fuzzy_delay = 60 log_opt_values /usr/lib/python3/dist-packages/oslo_config/cfg.py:2602
2026-01-01 00:40:31.774 132401 DEBUG oslo_service.service [req-b67807b8-8d2d-4a26-8652-2b54fda295cf - - - - -] pointer_model = usbtablet log_opt_values /usr/lib/python3/dist-packages/oslo_config/cfg.py:2602
2026-01-01 00:40:31.774 132401 DEBUG oslo_service.service [req-b67807b8-8d2d-4a26-8652-2b54fda295cf - - - - -] preallocate_images = none log_opt_values /usr/lib/python3/dist-packages/oslo_config/cfg.py:2602
2026-01-01 00:40:31.774 132401 DEBUG oslo_service.service [req-b67807b8-8d2d-4a26-8652-2b54fda295cf - - - - -] publish_errors = False log_opt_values /usr/lib/python3/dist-packages/oslo_config/cfg.py:2602
2026-01-01 00:40:31.774 132401 DEBUG oslo_service.service [req-b67807b8-8d2d-4a26-8652-2b54fda295cf - - - - -] pybasedir = /usr/lib/python3/dist-packages log_opt_values /usr/lib/python3/dist-packages/oslo_config/cfg.py:2602
2026-01-01 00:40:31.774 132401 DEBUG oslo_service.service [req-b67807b8-8d2d-4a26-8652-2b54fda295cf - - - - -] ram_allocation_ratio = 0.98 log_opt_values /usr/lib/python3/dist-packages/oslo_config/cfg.py:2602
2026-01-01 00:40:31.775 132401 DEBUG oslo_service.service [req-b67807b8-8d2d-4a26-8652-2b54fda295cf - - - - -] rate_limit_burst = 0 log_opt_values /usr/lib/python3/dist-packages/oslo_config/cfg.py:2602
2026-01-01 00:40:31.775 132401 DEBUG oslo_service.service [req-b67807b8-8d2d-4a26-8652-2b54fda295cf - - - - -] rate_limit_except_level = CRITICAL log_opt_values /usr/lib/python3/dist-packages/oslo_config/cfg.py:2602
2026-01-01 00:40:31.775 132401 DEBUG oslo_service.service [req-b67807b8-8d2d-4a26-8652-2b54fda295cf - - - - -] rate_limit_interval = 0 log_opt_values /usr/lib/python3/dist-packages/oslo_config/cfg.py:2602
2026-01-01 00:40:31.775 132401 DEBUG oslo_service.service [req-b67807b8-8d2d-4a26-8652-2b54fda295cf - - - - -] reboot_timeout = 0 log_opt_values /usr/lib/python3/dist-packages/oslo_config/cfg.py:2602
2026-01-01 00:40:31.776 133088 DEBUG nova.service [req-4cc6b745-310a-4df5-ab08-6274b03231c0 - - - - -] Creating RPC server for service scheduler start /usr/lib/python3/dist-packages/nova/service.py:182
2026-01-01 00:40:31.777 133094 DEBUG oslo_db.sqlalchemy.engines [req-af1d30f2-d2e3-43e3-9f33-1c95f1a658ff - - - - -] MySQL server mode set to STRICT_TRANS_TABLES,STRICT_ALL_TABLES,NO_ZERO_IN_DATE,NO_ZERO_DATE,ERROR_FOR_DIVISION_BY_ZERO,TRADITIONAL,NO_ENGINE_SUBSTITUTION _check_effective_sql_mode /usr/lib/python3/dist-packages/oslo_db/sqlalchemy/engines.py:314
2026-01-01 00:40:31.784 133087 DEBUG nova.service [req-e0e15099-4ef1-4dee-b49c-3019a526331d - - - - -] Creating RPC server for service scheduler start /usr/lib/python3/dist-packages/nova/service.py:182
2026-01-01 00:40:31.775 132401 DEBUG oslo_service.service [req-b67807b8-8d2d-4a26-8652-2b54fda295cf - - - - -] reclaim_instance_interval = 0 log_opt_values /usr/lib/python3/dist-packages/oslo_config/cfg.py:2602
2026-01-01 00:40:31.786 132401 DEBUG oslo_service.service [req-b67807b8-8d2d-4a26-8652-2b54fda295cf - - - - -] record = None log_opt_values /usr/lib/python3/dist-packages/oslo_config/cfg.py:2602
2026-01-01 00:40:31.786 132401 DEBUG oslo_service.service [req-b67807b8-8d2d-4a26-8652-2b54fda295cf - - - - -] report_interval = 10 log_opt_values /usr/lib/python3/dist-packages/oslo_config/cfg.py:2602
2026-01-01 00:40:31.786 132401 DEBUG oslo_service.service [req-b67807b8-8d2d-4a26-8652-2b54fda295cf - - - - -] rescue_timeout = 0 log_opt_values /usr/lib/python3/dist-packages/oslo_config/cfg.py:2602
2026-01-01 00:40:31.786 132401 DEBUG oslo_service.service [req-b67807b8-8d2d-4a26-8652-2b54fda295cf - - - - -] reserved_host_cpus = 0 log_opt_values /usr/lib/python3/dist-packages/oslo_config/cfg.py:2602
2026-01-01 00:40:31.787 132401 DEBUG oslo_service.service [req-b67807b8-8d2d-4a26-8652-2b54fda295cf - - - - -] reserved_host_disk_mb = 0 log_opt_values /usr/lib/python3/dist-packages/oslo_config/cfg.py:2602
2026-01-01 00:40:31.787 132401 DEBUG oslo_service.service [req-b67807b8-8d2d-4a26-8652-2b54fda295cf - - - - -] reserved_host_memory_mb = 512 log_opt_values /usr/lib/python3/dist-packages/oslo_config/cfg.py:2602
2026-01-01 00:40:31.787 132401 DEBUG oslo_service.service [req-b67807b8-8d2d-4a26-8652-2b54fda295cf - - - - -] reserved_huge_pages = None log_opt_values /usr/lib/python3/dist-packages/oslo_config/cfg.py:2602
2026-01-01 00:40:31.787 132401 DEBUG oslo_service.service [req-b67807b8-8d2d-4a26-8652-2b54fda295cf - - - - -] resize_confirm_window = 0 log_opt_values /usr/lib/python3/dist-packages/oslo_config/cfg.py:2602
2026-01-01 00:40:31.787 132401 DEBUG oslo_service.service [req-b67807b8-8d2d-4a26-8652-2b54fda295cf - - - - -] resize_fs_using_block_device = False log_opt_values /usr/lib/python3/dist-packages/oslo_config/cfg.py:2602
2026-01-01 00:40:31.787 132401 DEBUG oslo_service.service [req-b67807b8-8d2d-4a26-8652-2b54fda295cf - - - - -] resume_guests_state_on_host_boot = False log_opt_values /usr/lib/python3/dist-packages/oslo_config/cfg.py:2602
2026-01-01 00:40:31.788 132401 DEBUG oslo_service.service [req-b67807b8-8d2d-4a26-8652-2b54fda295cf - - - - -] rootwrap_config = /etc/nova/rootwrap.conf log_opt_values /usr/lib/python3/dist-packages/oslo_config/cfg.py:2602
2026-01-01 00:40:31.788 132401 DEBUG oslo_service.service [req-b67807b8-8d2d-4a26-8652-2b54fda295cf - - - - -] run_external_periodic_tasks = True log_opt_values /usr/lib/python3/dist-packages/oslo_config/cfg.py:2602
2026-01-01 00:40:31.789 132401 DEBUG oslo_service.service [req-b67807b8-8d2d-4a26-8652-2b54fda295cf - - - - -] running_deleted_instance_action = reap log_opt_values /usr/lib/python3/dist-packages/oslo_config/cfg.py:2602
2026-01-01 00:40:31.789 132401 DEBUG oslo_service.service [req-b67807b8-8d2d-4a26-8652-2b54fda295cf - - - - -] running_deleted_instance_poll_interval = 1800 log_opt_values /usr/lib/python3/dist-packages/oslo_config/cfg.py:2602
2026-01-01 00:40:31.789 132401 DEBUG oslo_service.service [req-b67807b8-8d2d-4a26-8652-2b54fda295cf - - - - -] running_deleted_instance_timeout = 0 log_opt_values /usr/lib/python3/dist-packages/oslo_config/cfg.py:2602
2026-01-01 00:40:31.789 132401 DEBUG oslo_service.service [req-b67807b8-8d2d-4a26-8652-2b54fda295cf - - - - -] scheduler_instance_sync_interval = 120 log_opt_values /usr/lib/python3/dist-packages/oslo_config/cfg.py:2602
2026-01-01 00:40:31.789 132401 DEBUG oslo_service.service [req-b67807b8-8d2d-4a26-8652-2b54fda295cf - - - - -] service_down_time = 60 log_opt_values /usr/lib/python3/dist-packages/oslo_config/cfg.py:2602
2026-01-01 00:40:31.789 132401 DEBUG oslo_service.service [req-b67807b8-8d2d-4a26-8652-2b54fda295cf - - - - -] servicegroup_driver = db log_opt_values /usr/lib/python3/dist-packages/oslo_config/cfg.py:2602
2026-01-01 00:40:31.790 132401 DEBUG oslo_service.service [req-b67807b8-8d2d-4a26-8652-2b54fda295cf - - - - -] shelved_offload_time = 0 log_opt_values /usr/lib/python3/dist-packages/oslo_config/cfg.py:2602
2026-01-01 00:40:31.790 132401 DEBUG oslo_service.service [req-b67807b8-8d2d-4a26-8652-2b54fda295cf - - - - -] shelved_poll_interval = 3600 log_opt_values /usr/lib/python3/dist-packages/oslo_config/cfg.py:2602
2026-01-01 00:40:31.790 132401 DEBUG oslo_service.service [req-b67807b8-8d2d-4a26-8652-2b54fda295cf - - - - -] shutdown_timeout = 60 log_opt_values /usr/lib/python3/dist-packages/oslo_config/cfg.py:2602
2026-01-01 00:40:31.790 132401 DEBUG oslo_service.service [req-b67807b8-8d2d-4a26-8652-2b54fda295cf - - - - -] source_is_ipv6 = False log_opt_values /usr/lib/python3/dist-packages/oslo_config/cfg.py:2602
2026-01-01 00:40:31.790 132401 DEBUG oslo_service.service [req-b67807b8-8d2d-4a26-8652-2b54fda295cf - - - - -] ssl_only = False log_opt_values /usr/lib/python3/dist-packages/oslo_config/cfg.py:2602
2026-01-01 00:40:31.790 132401 DEBUG oslo_service.service [req-b67807b8-8d2d-4a26-8652-2b54fda295cf - - - - -] state_path = /var/lib/nova log_opt_values /usr/lib/python3/dist-packages/oslo_config/cfg.py:2602
2026-01-01 00:40:31.791 132401 DEBUG oslo_service.service [req-b67807b8-8d2d-4a26-8652-2b54fda295cf - - - - -] sync_power_state_interval = 600 log_opt_values /usr/lib/python3/dist-packages/oslo_config/cfg.py:2602
2026-01-01 00:40:31.791 132401 DEBUG oslo_service.service [req-b67807b8-8d2d-4a26-8652-2b54fda295cf - - - - -] sync_power_state_pool_size = 1000 log_opt_values /usr/lib/python3/dist-packages/oslo_config/cfg.py:2602
2026-01-01 00:40:31.791 132401 DEBUG oslo_service.service [req-b67807b8-8d2d-4a26-8652-2b54fda295cf - - - - -] syslog_log_facility = LOG_USER log_opt_values /usr/lib/python3/dist-packages/oslo_config/cfg.py:2602
2026-01-01 00:40:31.791 132401 DEBUG oslo_service.service [req-b67807b8-8d2d-4a26-8652-2b54fda295cf - - - - -] tempdir = None log_opt_values /usr/lib/python3/dist-packages/oslo_config/cfg.py:2602
2026-01-01 00:40:31.791 132401 DEBUG oslo_service.service [req-b67807b8-8d2d-4a26-8652-2b54fda295cf - - - - -] timeout_nbd = 10 log_opt_values /usr/lib/python3/dist-packages/oslo_config/cfg.py:2602
2026-01-01 00:40:31.792 132401 DEBUG oslo_service.service [req-b67807b8-8d2d-4a26-8652-2b54fda295cf - - - - -] transport_url = **** log_opt_values /usr/lib/python3/dist-packages/oslo_config/cfg.py:2602
2026-01-01 00:40:31.792 132401 DEBUG oslo_service.service [req-b67807b8-8d2d-4a26-8652-2b54fda295cf - - - - -] update_resources_interval = 0 log_opt_values /usr/lib/python3/dist-packages/oslo_config/cfg.py:2602
2026-01-01 00:40:31.792 132401 DEBUG oslo_service.service [req-b67807b8-8d2d-4a26-8652-2b54fda295cf - - - - -] use_cow_images = True log_opt_values /usr/lib/python3/dist-packages/oslo_config/cfg.py:2602
2026-01-01 00:40:31.793 132401 DEBUG oslo_service.service [req-b67807b8-8d2d-4a26-8652-2b54fda295cf - - - - -] use_eventlog = False log_opt_values /usr/lib/python3/dist-packages/oslo_config/cfg.py:2602
2026-01-01 00:40:31.794 132401 DEBUG oslo_service.service [req-b67807b8-8d2d-4a26-8652-2b54fda295cf - - - - -] use_journal = False log_opt_values /usr/lib/python3/dist-packages/oslo_config/cfg.py:2602
2026-01-01 00:40:31.795 132401 DEBUG oslo_service.service [req-b67807b8-8d2d-4a26-8652-2b54fda295cf - - - - -] use_json = False log_opt_values /usr/lib/python3/dist-packages/oslo_config/cfg.py:2602
2026-01-01 00:40:31.798 132401 DEBUG oslo_service.service [req-b67807b8-8d2d-4a26-8652-2b54fda295cf - - - - -] use_rootwrap_daemon = False log_opt_values /usr/lib/python3/dist-packages/oslo_config/cfg.py:2602
2026-01-01 00:40:31.799 132401 DEBUG oslo_service.service [req-b67807b8-8d2d-4a26-8652-2b54fda295cf - - - - -] use_stderr = False log_opt_values /usr/lib/python3/dist-packages/oslo_config/cfg.py:2602
2026-01-01 00:40:31.800 132401 DEBUG oslo_service.service [req-b67807b8-8d2d-4a26-8652-2b54fda295cf - - - - -] use_syslog = False log_opt_values /usr/lib/python3/dist-packages/oslo_config/cfg.py:2602
2026-01-01 00:40:31.800 132401 DEBUG oslo_service.service [req-b67807b8-8d2d-4a26-8652-2b54fda295cf - - - - -] vcpu_pin_set = None log_opt_values /usr/lib/python3/dist-packages/oslo_config/cfg.py:2602
2026-01-01 00:40:31.800 132401 DEBUG oslo_service.service [req-b67807b8-8d2d-4a26-8652-2b54fda295cf - - - - -] vif_plugging_is_fatal = True log_opt_values /usr/lib/python3/dist-packages/oslo_config/cfg.py:2602
2026-01-01 00:40:31.800 132401 DEBUG oslo_service.service [req-b67807b8-8d2d-4a26-8652-2b54fda295cf - - - - -] vif_plugging_timeout = 300 log_opt_values /usr/lib/python3/dist-packages/oslo_config/cfg.py:2602
2026-01-01 00:40:31.803 133094 DEBUG nova.service [req-af1d30f2-d2e3-43e3-9f33-1c95f1a658ff - - - - -] Creating RPC server for service scheduler start /usr/lib/python3/dist-packages/nova/service.py:182
2026-01-01 00:40:31.801 132401 DEBUG oslo_service.service [req-b67807b8-8d2d-4a26-8652-2b54fda295cf - - - - -] virt_mkfs = [] log_opt_values /usr/lib/python3/dist-packages/oslo_config/cfg.py:2602
2026-01-01 00:40:31.803 132401 DEBUG oslo_service.service [req-b67807b8-8d2d-4a26-8652-2b54fda295cf - - - - -] volume_usage_poll_interval = 0 log_opt_values /usr/lib/python3/dist-packages/oslo_config/cfg.py:2602
2026-01-01 00:40:31.803 132401 DEBUG oslo_service.service [req-b67807b8-8d2d-4a26-8652-2b54fda295cf - - - - -] watch_log_file = False log_opt_values /usr/lib/python3/dist-packages/oslo_config/cfg.py:2602
2026-01-01 00:40:31.803 132401 DEBUG oslo_service.service [req-b67807b8-8d2d-4a26-8652-2b54fda295cf - - - - -] web = /usr/share/spice-html5 log_opt_values /usr/lib/python3/dist-packages/oslo_config/cfg.py:2602
2026-01-01 00:40:31.804 132401 DEBUG oslo_service.service [req-b67807b8-8d2d-4a26-8652-2b54fda295cf - - - - -] oslo_concurrency.disable_process_locking = False log_opt_values /usr/lib/python3/dist-packages/oslo_config/cfg.py:2609
2026-01-01 00:40:31.804 132401 DEBUG oslo_service.service [req-b67807b8-8d2d-4a26-8652-2b54fda295cf - - - - -] oslo_concurrency.lock_path = /var/lock/nova log_opt_values /usr/lib/python3/dist-packages/oslo_config/cfg.py:2609
2026-01-01 00:40:31.804 132401 WARNING oslo_config.cfg [req-b67807b8-8d2d-4a26-8652-2b54fda295cf - - - - -] Deprecated: Option "auth_strategy" from group "api" is deprecated for removal ( The only non-default choice, ``noauth2``, is for internal development and testing purposes only and should not be used in deployments. This option and its middleware, NoAuthMiddleware[V2_18], will be removed in a future release. ). Its value may be silently ignored in the future.
2026-01-01 00:40:31.805 132401 DEBUG oslo_service.service [req-b67807b8-8d2d-4a26-8652-2b54fda295cf - - - - -] api.auth_strategy = keystone log_opt_values /usr/lib/python3/dist-packages/oslo_config/cfg.py:2609
2026-01-01 00:40:31.806 132401 DEBUG oslo_service.service [req-b67807b8-8d2d-4a26-8652-2b54fda295cf - - - - -] api.compute_link_prefix = None log_opt_values /usr/lib/python3/dist-packages/oslo_config/cfg.py:2609
2026-01-01 00:40:31.806 133088 DEBUG oslo_messaging._drivers.amqpdriver [-] Listener is running poll /usr/lib/python3/dist-packages/oslo_messaging/_drivers/amqpdriver.py:343
2026-01-01 00:40:31.806 132401 DEBUG oslo_service.service [req-b67807b8-8d2d-4a26-8652-2b54fda295cf - - - - -] api.config_drive_skip_versions = 1.0 2007-01-19 2007-03-01 2007-08-29 2007-10-10 2007-12-15 2008-02-01 2008-09-01 log_opt_values /usr/lib/python3/dist-packages/oslo_config/cfg.py:2609
2026-01-01 00:40:31.806 133088 DEBUG oslo_messaging._drivers.amqpdriver [-] AMQPListener connection consume poll /usr/lib/python3/dist-packages/oslo_messaging/_drivers/amqpdriver.py:357
2026-01-01 00:40:31.806 133086 DEBUG oslo_messaging._drivers.amqpdriver [-] Listener is running poll /usr/lib/python3/dist-packages/oslo_messaging/_drivers/amqpdriver.py:343
2026-01-01 00:40:31.806 133086 DEBUG oslo_messaging._drivers.amqpdriver [-] AMQPListener connection consume poll /usr/lib/python3/dist-packages/oslo_messaging/_drivers/amqpdriver.py:357
2026-01-01 00:40:31.807 133088 DEBUG nova.service [req-4cc6b745-310a-4df5-ab08-6274b03231c0 - - - - -] Join ServiceGroup membership for this service scheduler start /usr/lib/python3/dist-packages/nova/service.py:199
2026-01-01 00:40:31.806 132401 DEBUG oslo_service.service [req-b67807b8-8d2d-4a26-8652-2b54fda295cf - - - - -] api.dhcp_domain = novalocal log_opt_values /usr/lib/python3/dist-packages/oslo_config/cfg.py:2609
2026-01-01 00:40:31.807 133088 DEBUG nova.servicegroup.drivers.db [req-4cc6b745-310a-4df5-ab08-6274b03231c0 - - - - -] DB_Driver: join new ServiceGroup member juju-848a63-0-lxd-7 to the scheduler group, service = join /usr/lib/python3/dist-packages/nova/servicegroup/drivers/db.py:44
2026-01-01 00:40:31.807 132401 DEBUG oslo_service.service [req-b67807b8-8d2d-4a26-8652-2b54fda295cf - - - - -] api.enable_instance_password = True log_opt_values /usr/lib/python3/dist-packages/oslo_config/cfg.py:2609
2026-01-01 00:40:31.807 133086 DEBUG nova.service [req-7d583842-0cb3-4a18-bacf-4d22f93f29b6 - - - - -] Join ServiceGroup membership for this service scheduler start /usr/lib/python3/dist-packages/nova/service.py:199
2026-01-01 00:40:31.808 132401 DEBUG oslo_service.service [req-b67807b8-8d2d-4a26-8652-2b54fda295cf - - - - -] api.glance_link_prefix = None log_opt_values /usr/lib/python3/dist-packages/oslo_config/cfg.py:2609
2026-01-01 00:40:31.808 132401 DEBUG oslo_service.service [req-b67807b8-8d2d-4a26-8652-2b54fda295cf - - - - -] api.instance_list_cells_batch_fixed_size = 100 log_opt_values /usr/lib/python3/dist-packages/oslo_config/cfg.py:2609
2026-01-01 00:40:31.809 132401 DEBUG oslo_service.service [req-b67807b8-8d2d-4a26-8652-2b54fda295cf - - - - -] api.instance_list_cells_batch_strategy = distributed log_opt_values /usr/lib/python3/dist-packages/oslo_config/cfg.py:2609
2026-01-01 00:40:31.809 132401 DEBUG oslo_service.service [req-b67807b8-8d2d-4a26-8652-2b54fda295cf - - - - -] api.instance_list_per_project_cells = False log_opt_values /usr/lib/python3/dist-packages/oslo_config/cfg.py:2609
2026-01-01 00:40:31.809 132401 DEBUG oslo_service.service [req-b67807b8-8d2d-4a26-8652-2b54fda295cf - - - - -] api.list_records_by_skipping_down_cells = True log_opt_values /usr/lib/python3/dist-packages/oslo_config/cfg.py:2609
2026-01-01 00:40:31.809 132401 DEBUG oslo_service.service [req-b67807b8-8d2d-4a26-8652-2b54fda295cf - - - - -] api.local_metadata_per_cell = False log_opt_values /usr/lib/python3/dist-packages/oslo_config/cfg.py:2609
2026-01-01 00:40:31.809 132401 DEBUG oslo_service.service [req-b67807b8-8d2d-4a26-8652-2b54fda295cf - - - - -] api.max_limit = 1000 log_opt_values /usr/lib/python3/dist-packages/oslo_config/cfg.py:2609
2026-01-01 00:40:31.809 132401 DEBUG oslo_service.service [req-b67807b8-8d2d-4a26-8652-2b54fda295cf - - - - -] api.metadata_cache_expiration = 15 log_opt_values /usr/lib/python3/dist-packages/oslo_config/cfg.py:2609
2026-01-01 00:40:31.810 133088 DEBUG oslo_messaging._drivers.amqpdriver [-] AMQPListener connection timeout poll /usr/lib/python3/dist-packages/oslo_messaging/_drivers/amqpdriver.py:360
2026-01-01 00:40:31.810 132401 DEBUG oslo_service.service [req-b67807b8-8d2d-4a26-8652-2b54fda295cf - - - - -] api.neutron_default_tenant_id = default log_opt_values /usr/lib/python3/dist-packages/oslo_config/cfg.py:2609
2026-01-01 00:40:31.810 133088 DEBUG oslo_messaging._drivers.amqpdriver [-] Listener is running poll /usr/lib/python3/dist-packages/oslo_messaging/_drivers/amqpdriver.py:343
2026-01-01 00:40:31.810 132401 DEBUG oslo_service.service [req-b67807b8-8d2d-4a26-8652-2b54fda295cf - - - - -] api.use_forwarded_for = False log_opt_values /usr/lib/python3/dist-packages/oslo_config/cfg.py:2609
2026-01-01 00:40:31.810 133088 DEBUG oslo_messaging._drivers.amqpdriver [-] AMQPListener connection consume poll /usr/lib/python3/dist-packages/oslo_messaging/_drivers/amqpdriver.py:357
2026-01-01 00:40:31.810 132401 DEBUG oslo_service.service [req-b67807b8-8d2d-4a26-8652-2b54fda295cf - - - - -] api.use_neutron_default_nets = False log_opt_values /usr/lib/python3/dist-packages/oslo_config/cfg.py:2609
2026-01-01 00:40:31.810 132401 DEBUG oslo_service.service [req-b67807b8-8d2d-4a26-8652-2b54fda295cf - - - - -] api.vendordata_dynamic_connect_timeout = 5 log_opt_values /usr/lib/python3/dist-packages/oslo_config/cfg.py:2609
2026-01-01 00:40:31.811 132401 DEBUG oslo_service.service [req-b67807b8-8d2d-4a26-8652-2b54fda295cf - - - - -] api.vendordata_dynamic_failure_fatal = False log_opt_values /usr/lib/python3/dist-packages/oslo_config/cfg.py:2609
2026-01-01 00:40:31.811 132401 DEBUG oslo_service.service [req-b67807b8-8d2d-4a26-8652-2b54fda295cf - - - - -] api.vendordata_dynamic_read_timeout = 5 log_opt_values /usr/lib/python3/dist-packages/oslo_config/cfg.py:2609
2026-01-01 00:40:31.811 132401 DEBUG oslo_service.service [req-b67807b8-8d2d-4a26-8652-2b54fda295cf - - - - -] api.vendordata_dynamic_ssl_certfile = log_opt_values /usr/lib/python3/dist-packages/oslo_config/cfg.py:2609
2026-01-01 00:40:31.811 132401 DEBUG oslo_service.service [req-b67807b8-8d2d-4a26-8652-2b54fda295cf - - - - -] api.vendordata_dynamic_targets = [] log_opt_values /usr/lib/python3/dist-packages/oslo_config/cfg.py:2609
2026-01-01 00:40:31.812 132401 DEBUG oslo_service.service [req-b67807b8-8d2d-4a26-8652-2b54fda295cf - - - - -] api.vendordata_jsonfile_path = None log_opt_values /usr/lib/python3/dist-packages/oslo_config/cfg.py:2609
2026-01-01 00:40:31.808 133086 DEBUG nova.servicegroup.drivers.db [req-7d583842-0cb3-4a18-bacf-4d22f93f29b6 - - - - -] DB_Driver: join new ServiceGroup member juju-848a63-0-lxd-7 to the scheduler group, service = join /usr/lib/python3/dist-packages/nova/servicegroup/drivers/db.py:44
2026-01-01 00:40:31.813 132401 DEBUG oslo_service.service [req-b67807b8-8d2d-4a26-8652-2b54fda295cf - - - - -] api.vendordata_providers = ['StaticJSON'] log_opt_values /usr/lib/python3/dist-packages/oslo_config/cfg.py:2609
2026-01-01 00:40:31.813 133087 DEBUG oslo_messaging._drivers.amqpdriver [-] Listener is running poll /usr/lib/python3/dist-packages/oslo_messaging/_drivers/amqpdriver.py:343
2026-01-01 00:40:31.814 132401 DEBUG oslo_service.service [req-b67807b8-8d2d-4a26-8652-2b54fda295cf - - - - -] cache.backend = dogpile.cache.null log_opt_values /usr/lib/python3/dist-packages/oslo_config/cfg.py:2609
2026-01-01 00:40:31.814 133087 DEBUG oslo_messaging._drivers.amqpdriver [-] AMQPListener connection consume poll /usr/lib/python3/dist-packages/oslo_messaging/_drivers/amqpdriver.py:357
2026-01-01 00:40:31.814 132401 DEBUG oslo_service.service [req-b67807b8-8d2d-4a26-8652-2b54fda295cf - - - - -] cache.backend_argument = **** log_opt_values /usr/lib/python3/dist-packages/oslo_config/cfg.py:2609
2026-01-01 00:40:31.814 132401 DEBUG oslo_service.service [req-b67807b8-8d2d-4a26-8652-2b54fda295cf - - - - -] cache.config_prefix = cache.oslo log_opt_values /usr/lib/python3/dist-packages/oslo_config/cfg.py:2609
2026-01-01 00:40:31.815 132401 DEBUG oslo_service.service [req-b67807b8-8d2d-4a26-8652-2b54fda295cf - - - - -] cache.debug_cache_backend = False log_opt_values /usr/lib/python3/dist-packages/oslo_config/cfg.py:2609
2026-01-01 00:40:31.814 133087 DEBUG nova.service [req-e0e15099-4ef1-4dee-b49c-3019a526331d - - - - -] Join ServiceGroup membership for this service scheduler start /usr/lib/python3/dist-packages/nova/service.py:199
2026-01-01 00:40:31.815 132401 DEBUG oslo_service.service [req-b67807b8-8d2d-4a26-8652-2b54fda295cf - - - - -] cache.enabled = False log_opt_values /usr/lib/python3/dist-packages/oslo_config/cfg.py:2609
2026-01-01 00:40:31.815 133087 DEBUG nova.servicegroup.drivers.db [req-e0e15099-4ef1-4dee-b49c-3019a526331d - - - - -] DB_Driver: join new ServiceGroup member juju-848a63-0-lxd-7 to the scheduler group, service = join /usr/lib/python3/dist-packages/nova/servicegroup/drivers/db.py:44
2026-01-01 00:40:31.815 133086 DEBUG oslo_messaging._drivers.amqpdriver [-] AMQPListener connection timeout poll /usr/lib/python3/dist-packages/oslo_messaging/_drivers/amqpdriver.py:360
2026-01-01 00:40:31.815 132401 DEBUG oslo_service.service [req-b67807b8-8d2d-4a26-8652-2b54fda295cf - - - - -] cache.expiration_time = 600 log_opt_values /usr/lib/python3/dist-packages/oslo_config/cfg.py:2609
2026-01-01 00:40:31.816 133086 DEBUG oslo_messaging._drivers.amqpdriver [-] Listener is running poll /usr/lib/python3/dist-packages/oslo_messaging/_drivers/amqpdriver.py:343
2026-01-01 00:40:31.817 133086 DEBUG oslo_messaging._drivers.amqpdriver [-] AMQPListener connection consume poll /usr/lib/python3/dist-packages/oslo_messaging/_drivers/amqpdriver.py:357
2026-01-01 00:40:31.817 133087 DEBUG oslo_messaging._drivers.amqpdriver [-] AMQPListener connection timeout poll /usr/lib/python3/dist-packages/oslo_messaging/_drivers/amqpdriver.py:360
2026-01-01 00:40:31.818 133087 DEBUG oslo_messaging._drivers.amqpdriver [-] Listener is running poll /usr/lib/python3/dist-packages/oslo_messaging/_drivers/amqpdriver.py:343
2026-01-01 00:40:31.818 133087 DEBUG oslo_messaging._drivers.amqpdriver [-] AMQPListener connection consume poll /usr/lib/python3/dist-packages/oslo_messaging/_drivers/amqpdriver.py:357
2026-01-01 00:40:31.816 132401 DEBUG oslo_service.service [req-b67807b8-8d2d-4a26-8652-2b54fda295cf - - - - -] cache.memcache_dead_retry = 300 log_opt_values /usr/lib/python3/dist-packages/oslo_config/cfg.py:2609
2026-01-01 00:40:31.819 132401 DEBUG oslo_service.service [req-b67807b8-8d2d-4a26-8652-2b54fda295cf - - - - -] cache.memcache_pool_connection_get_timeout = 10 log_opt_values /usr/lib/python3/dist-packages/oslo_config/cfg.py:2609
2026-01-01 00:40:31.819 132401 DEBUG oslo_service.service [req-b67807b8-8d2d-4a26-8652-2b54fda295cf - - - - -] cache.memcache_pool_flush_on_reconnect = False log_opt_values /usr/lib/python3/dist-packages/oslo_config/cfg.py:2609
2026-01-01 00:40:31.821 132401 DEBUG oslo_service.service [req-b67807b8-8d2d-4a26-8652-2b54fda295cf - - - - -] cache.memcache_pool_maxsize = 10 log_opt_values /usr/lib/python3/dist-packages/oslo_config/cfg.py:2609
2026-01-01 00:40:31.822 132401 DEBUG oslo_service.service [req-b67807b8-8d2d-4a26-8652-2b54fda295cf - - - - -] cache.memcache_pool_unused_timeout = 60 log_opt_values /usr/lib/python3/dist-packages/oslo_config/cfg.py:2609
2026-01-01 00:40:31.822 132401 DEBUG oslo_service.service [req-b67807b8-8d2d-4a26-8652-2b54fda295cf - - - - -] cache.memcache_servers = ['localhost:11211'] log_opt_values /usr/lib/python3/dist-packages/oslo_config/cfg.py:2609
2026-01-01 00:40:31.822 132401 DEBUG oslo_service.service [req-b67807b8-8d2d-4a26-8652-2b54fda295cf - - - - -] cache.memcache_socket_timeout = 1.0 log_opt_values /usr/lib/python3/dist-packages/oslo_config/cfg.py:2609
2026-01-01 00:40:31.822 132401 DEBUG oslo_service.service [req-b67807b8-8d2d-4a26-8652-2b54fda295cf - - - - -] cache.proxies = [] log_opt_values /usr/lib/python3/dist-packages/oslo_config/cfg.py:2609
2026-01-01 00:40:31.823 132401 DEBUG oslo_service.service [req-b67807b8-8d2d-4a26-8652-2b54fda295cf - - - - -] cache.tls_allowed_ciphers = None log_opt_values /usr/lib/python3/dist-packages/oslo_config/cfg.py:2609
2026-01-01 00:40:31.823 132401 DEBUG oslo_service.service [req-b67807b8-8d2d-4a26-8652-2b54fda295cf - - - - -] cache.tls_cafile = None log_opt_values /usr/lib/python3/dist-packages/oslo_config/cfg.py:2609
2026-01-01 00:40:31.823 132401 DEBUG oslo_service.service [req-b67807b8-8d2d-4a26-8652-2b54fda295cf - - - - -] cache.tls_certfile = None log_opt_values /usr/lib/python3/dist-packages/oslo_config/cfg.py:2609
2026-01-01 00:40:31.823 132401 DEBUG oslo_service.service [req-b67807b8-8d2d-4a26-8652-2b54fda295cf - - - - -] cache.tls_enabled = False log_opt_values /usr/lib/python3/dist-packages/oslo_config/cfg.py:2609
2026-01-01 00:40:31.823 132401 DEBUG oslo_service.service [req-b67807b8-8d2d-4a26-8652-2b54fda295cf - - - - -] cache.tls_keyfile = None log_opt_values /usr/lib/python3/dist-packages/oslo_config/cfg.py:2609
2026-01-01 00:40:31.824 132401 DEBUG oslo_service.service [req-b67807b8-8d2d-4a26-8652-2b54fda295cf - - - - -] cinder.auth_section = None log_opt_values /usr/lib/python3/dist-packages/oslo_config/cfg.py:2609
2026-01-01 00:40:31.824 132401 DEBUG oslo_service.service [req-b67807b8-8d2d-4a26-8652-2b54fda295cf - - - - -] cinder.auth_type = None log_opt_values /usr/lib/python3/dist-packages/oslo_config/cfg.py:2609
2026-01-01 00:40:31.824 132401 DEBUG oslo_service.service [req-b67807b8-8d2d-4a26-8652-2b54fda295cf - - - - -] cinder.cafile = None log_opt_values /usr/lib/python3/dist-packages/oslo_config/cfg.py:2609
2026-01-01 00:40:31.824 132401 DEBUG oslo_service.service [req-b67807b8-8d2d-4a26-8652-2b54fda295cf - - - - -] cinder.catalog_info = volumev3::publicURL log_opt_values /usr/lib/python3/dist-packages/oslo_config/cfg.py:2609
2026-01-01 00:40:31.824 132401 DEBUG oslo_service.service [req-b67807b8-8d2d-4a26-8652-2b54fda295cf - - - - -] cinder.certfile = None log_opt_values /usr/lib/python3/dist-packages/oslo_config/cfg.py:2609
2026-01-01 00:40:31.824 132401 DEBUG oslo_service.service [req-b67807b8-8d2d-4a26-8652-2b54fda295cf - - - - -] cinder.collect_timing = False log_opt_values /usr/lib/python3/dist-packages/oslo_config/cfg.py:2609
2026-01-01 00:40:31.825 132401 DEBUG oslo_service.service [req-b67807b8-8d2d-4a26-8652-2b54fda295cf - - - - -] cinder.cross_az_attach = True log_opt_values /usr/lib/python3/dist-packages/oslo_config/cfg.py:2609
2026-01-01 00:40:31.825 132401 DEBUG oslo_service.service [req-b67807b8-8d2d-4a26-8652-2b54fda295cf - - - - -] cinder.debug = False log_opt_values /usr/lib/python3/dist-packages/oslo_config/cfg.py:2609
2026-01-01 00:40:31.825 132401 DEBUG oslo_service.service [req-b67807b8-8d2d-4a26-8652-2b54fda295cf - - - - -] cinder.endpoint_template = None log_opt_values /usr/lib/python3/dist-packages/oslo_config/cfg.py:2609
2026-01-01 00:40:31.825 132401 DEBUG oslo_service.service [req-b67807b8-8d2d-4a26-8652-2b54fda295cf - - - - -] cinder.http_retries = 3 log_opt_values /usr/lib/python3/dist-packages/oslo_config/cfg.py:2609
2026-01-01 00:40:31.825 132401 DEBUG oslo_service.service [req-b67807b8-8d2d-4a26-8652-2b54fda295cf - - - - -] cinder.insecure = False log_opt_values /usr/lib/python3/dist-packages/oslo_config/cfg.py:2609
2026-01-01 00:40:31.826 132401 DEBUG oslo_service.service [req-b67807b8-8d2d-4a26-8652-2b54fda295cf - - - - -] cinder.keyfile = None log_opt_values /usr/lib/python3/dist-packages/oslo_config/cfg.py:2609
2026-01-01 00:40:31.826 132401 DEBUG oslo_service.service [req-b67807b8-8d2d-4a26-8652-2b54fda295cf - - - - -] cinder.os_region_name = None log_opt_values /usr/lib/python3/dist-packages/oslo_config/cfg.py:2609
2026-01-01 00:40:31.826 132401 DEBUG oslo_service.service [req-b67807b8-8d2d-4a26-8652-2b54fda295cf - - - - -] cinder.split_loggers = False log_opt_values /usr/lib/python3/dist-packages/oslo_config/cfg.py:2609
2026-01-01 00:40:31.826 132401 DEBUG oslo_service.service [req-b67807b8-8d2d-4a26-8652-2b54fda295cf - - - - -] cinder.timeout = None log_opt_values /usr/lib/python3/dist-packages/oslo_config/cfg.py:2609
2026-01-01 00:40:31.826 132401 DEBUG oslo_service.service [req-b67807b8-8d2d-4a26-8652-2b54fda295cf - - - - -] compute.consecutive_build_service_disable_threshold = 10 log_opt_values /usr/lib/python3/dist-packages/oslo_config/cfg.py:2609
2026-01-01 00:40:31.827 132401 DEBUG oslo_service.service [req-b67807b8-8d2d-4a26-8652-2b54fda295cf - - - - -] compute.cpu_dedicated_set = None log_opt_values /usr/lib/python3/dist-packages/oslo_config/cfg.py:2609
2026-01-01 00:40:31.827 132401 DEBUG oslo_service.service [req-b67807b8-8d2d-4a26-8652-2b54fda295cf - - - - -] compute.cpu_shared_set = None log_opt_values /usr/lib/python3/dist-packages/oslo_config/cfg.py:2609
2026-01-01 00:40:31.827 132401 DEBUG oslo_service.service [req-b67807b8-8d2d-4a26-8652-2b54fda295cf - - - - -] compute.image_type_exclude_list = [] log_opt_values /usr/lib/python3/dist-packages/oslo_config/cfg.py:2609
2026-01-01 00:40:31.827 132401 DEBUG oslo_service.service [req-b67807b8-8d2d-4a26-8652-2b54fda295cf - - - - -] compute.live_migration_wait_for_vif_plug = True log_opt_values /usr/lib/python3/dist-packages/oslo_config/cfg.py:2609
2026-01-01 00:40:31.827 133094 DEBUG oslo_messaging._drivers.amqpdriver [-] Listener is running poll /usr/lib/python3/dist-packages/oslo_messaging/_drivers/amqpdriver.py:343
2026-01-01 00:40:31.827 132401 DEBUG oslo_service.service [req-b67807b8-8d2d-4a26-8652-2b54fda295cf - - - - -] compute.max_concurrent_disk_ops = 0 log_opt_values /usr/lib/python3/dist-packages/oslo_config/cfg.py:2609
2026-01-01 00:40:31.827 133094 DEBUG oslo_messaging._drivers.amqpdriver [-] AMQPListener connection consume poll /usr/lib/python3/dist-packages/oslo_messaging/_drivers/amqpdriver.py:357
2026-01-01 00:40:31.828 132401 DEBUG oslo_service.service [req-b67807b8-8d2d-4a26-8652-2b54fda295cf - - - - -] compute.max_disk_devices_to_attach = -1 log_opt_values /usr/lib/python3/dist-packages/oslo_config/cfg.py:2609
2026-01-01 00:40:31.828 132401 DEBUG oslo_service.service [req-b67807b8-8d2d-4a26-8652-2b54fda295cf - - - - -] compute.packing_host_numa_cells_allocation_strategy = True log_opt_values /usr/lib/python3/dist-packages/oslo_config/cfg.py:2609
2026-01-01 00:40:31.828 132401 DEBUG oslo_service.service [req-b67807b8-8d2d-4a26-8652-2b54fda295cf - - - - -] compute.provider_config_location = /etc/nova/provider_config/ log_opt_values /usr/lib/python3/dist-packages/oslo_config/cfg.py:2609
2026-01-01 00:40:31.828 132401 DEBUG oslo_service.service [req-b67807b8-8d2d-4a26-8652-2b54fda295cf - - - - -] compute.resource_provider_association_refresh = 300 log_opt_values /usr/lib/python3/dist-packages/oslo_config/cfg.py:2609
2026-01-01 00:40:31.828 133094 DEBUG nova.service [req-af1d30f2-d2e3-43e3-9f33-1c95f1a658ff - - - - -] Join ServiceGroup membership for this service scheduler start /usr/lib/python3/dist-packages/nova/service.py:199
2026-01-01 00:40:31.828 132401 DEBUG oslo_service.service [req-b67807b8-8d2d-4a26-8652-2b54fda295cf - - - - -] compute.shutdown_retry_interval = 10 log_opt_values /usr/lib/python3/dist-packages/oslo_config/cfg.py:2609
2026-01-01 00:40:31.828 133094 DEBUG nova.servicegroup.drivers.db [req-af1d30f2-d2e3-43e3-9f33-1c95f1a658ff - - - - -] DB_Driver: join new ServiceGroup member juju-848a63-0-lxd-7 to the scheduler group, service = join /usr/lib/python3/dist-packages/nova/servicegroup/drivers/db.py:44
2026-01-01 00:40:31.828 132401 DEBUG oslo_service.service [req-b67807b8-8d2d-4a26-8652-2b54fda295cf - - - - -] compute.vmdk_allowed_types = ['streamOptimized', 'monolithicSparse'] log_opt_values /usr/lib/python3/dist-packages/oslo_config/cfg.py:2609
2026-01-01 00:40:31.829 132401 DEBUG oslo_service.service [req-b67807b8-8d2d-4a26-8652-2b54fda295cf - - - - -] conductor.workers = 4 log_opt_values /usr/lib/python3/dist-packages/oslo_config/cfg.py:2609
2026-01-01 00:40:31.829 132401 DEBUG oslo_service.service [req-b67807b8-8d2d-4a26-8652-2b54fda295cf - - - - -] console.allowed_origins = [] log_opt_values /usr/lib/python3/dist-packages/oslo_config/cfg.py:2609
2026-01-01 00:40:31.829 132401 DEBUG oslo_service.service [req-b67807b8-8d2d-4a26-8652-2b54fda295cf - - - - -] console.ssl_ciphers = None log_opt_values /usr/lib/python3/dist-packages/oslo_config/cfg.py:2609
2026-01-01 00:40:31.829 132401 DEBUG oslo_service.service [req-b67807b8-8d2d-4a26-8652-2b54fda295cf - - - - -] console.ssl_minimum_version = default log_opt_values /usr/lib/python3/dist-packages/oslo_config/cfg.py:2609
2026-01-01 00:40:31.830 132401 DEBUG oslo_service.service [req-b67807b8-8d2d-4a26-8652-2b54fda295cf - - - - -] consoleauth.token_ttl = 600 log_opt_values /usr/lib/python3/dist-packages/oslo_config/cfg.py:2609
2026-01-01 00:40:31.830 132401 DEBUG oslo_service.service [req-b67807b8-8d2d-4a26-8652-2b54fda295cf - - - - -] cyborg.cafile = None log_opt_values /usr/lib/python3/dist-packages/oslo_config/cfg.py:2609
2026-01-01 00:40:31.830 132401 DEBUG oslo_service.service [req-b67807b8-8d2d-4a26-8652-2b54fda295cf - - - - -] cyborg.certfile = None log_opt_values /usr/lib/python3/dist-packages/oslo_config/cfg.py:2609
2026-01-01 00:40:31.830 132401 DEBUG oslo_service.service [req-b67807b8-8d2d-4a26-8652-2b54fda295cf - - - - -] cyborg.collect_timing = False log_opt_values /usr/lib/python3/dist-packages/oslo_config/cfg.py:2609
2026-01-01 00:40:31.830 132401 DEBUG oslo_service.service [req-b67807b8-8d2d-4a26-8652-2b54fda295cf - - - - -] cyborg.connect_retries = None log_opt_values /usr/lib/python3/dist-packages/oslo_config/cfg.py:2609
2026-01-01 00:40:31.831 132401 DEBUG oslo_service.service [req-b67807b8-8d2d-4a26-8652-2b54fda295cf - - - - -] cyborg.connect_retry_delay = None log_opt_values /usr/lib/python3/dist-packages/oslo_config/cfg.py:2609
2026-01-01 00:40:31.831 133094 DEBUG oslo_messaging._drivers.amqpdriver [-] AMQPListener connection timeout poll /usr/lib/python3/dist-packages/oslo_messaging/_drivers/amqpdriver.py:360
2026-01-01 00:40:31.831 132401 DEBUG oslo_service.service [req-b67807b8-8d2d-4a26-8652-2b54fda295cf - - - - -] cyborg.endpoint_override = None log_opt_values /usr/lib/python3/dist-packages/oslo_config/cfg.py:2609
2026-01-01 00:40:31.831 133094 DEBUG oslo_messaging._drivers.amqpdriver [-] Listener is running poll /usr/lib/python3/dist-packages/oslo_messaging/_drivers/amqpdriver.py:343
2026-01-01 00:40:31.831 132401 DEBUG oslo_service.service [req-b67807b8-8d2d-4a26-8652-2b54fda295cf - - - - -] cyborg.insecure = False log_opt_values /usr/lib/python3/dist-packages/oslo_config/cfg.py:2609
2026-01-01 00:40:31.831 133094 DEBUG oslo_messaging._drivers.amqpdriver [-] AMQPListener connection consume poll /usr/lib/python3/dist-packages/oslo_messaging/_drivers/amqpdriver.py:357
2026-01-01 00:40:31.831 132401 DEBUG oslo_service.service [req-b67807b8-8d2d-4a26-8652-2b54fda295cf - - - - -] cyborg.keyfile = None log_opt_values /usr/lib/python3/dist-packages/oslo_config/cfg.py:2609
2026-01-01 00:40:31.832 132401 DEBUG oslo_service.service [req-b67807b8-8d2d-4a26-8652-2b54fda295cf - - - - -] cyborg.max_version = None log_opt_values /usr/lib/python3/dist-packages/oslo_config/cfg.py:2609
2026-01-01 00:40:31.832 132401 DEBUG oslo_service.service [req-b67807b8-8d2d-4a26-8652-2b54fda295cf - - - - -] cyborg.min_version = None log_opt_values /usr/lib/python3/dist-packages/oslo_config/cfg.py:2609
2026-01-01 00:40:31.833 132401 DEBUG oslo_service.service [req-b67807b8-8d2d-4a26-8652-2b54fda295cf - - - - -] cyborg.region_name = None log_opt_values /usr/lib/python3/dist-packages/oslo_config/cfg.py:2609
2026-01-01 00:40:31.833 132401 DEBUG oslo_service.service [req-b67807b8-8d2d-4a26-8652-2b54fda295cf - - - - -] cyborg.service_name = None log_opt_values /usr/lib/python3/dist-packages/oslo_config/cfg.py:2609
