2026-01-01 00:40:45.156 137658 DEBUG oslo_service.service [req-93a1d615-766c-4316-ae06-f3ef21fa9ff5 - - - - -] hyperv.qemu_img_cmd = qemu-img.exe log_opt_values /usr/lib/python3/dist-packages/oslo_config/cfg.py:2609
2026-01-01 00:40:45.156 137986 DEBUG nova.service [req-6e16912c-52e9-456d-a4e3-5d05000b4de4 - - - - -] Join ServiceGroup membership for this service conductor start /usr/lib/python3/dist-packages/nova/service.py:199
2026-01-01 00:40:45.156 137658 DEBUG oslo_service.service [req-93a1d615-766c-4316-ae06-f3ef21fa9ff5 - - - - -] hyperv.use_multipath_io = False log_opt_values /usr/lib/python3/dist-packages/oslo_config/cfg.py:2609
2026-01-01 00:40:45.156 137986 DEBUG nova.servicegroup.drivers.db [req-6e16912c-52e9-456d-a4e3-5d05000b4de4 - - - - -] DB_Driver: join new ServiceGroup member juju-848a63-0-lxd-7 to the conductor group, service = join /usr/lib/python3/dist-packages/nova/servicegroup/drivers/db.py:44
2026-01-01 00:40:45.156 137658 DEBUG oslo_service.service [req-93a1d615-766c-4316-ae06-f3ef21fa9ff5 - - - - -] hyperv.volume_attach_retry_count = 10 log_opt_values /usr/lib/python3/dist-packages/oslo_config/cfg.py:2609
2026-01-01 00:40:45.156 137658 DEBUG oslo_service.service [req-93a1d615-766c-4316-ae06-f3ef21fa9ff5 - - - - -] hyperv.volume_attach_retry_interval = 5 log_opt_values /usr/lib/python3/dist-packages/oslo_config/cfg.py:2609
2026-01-01 00:40:45.156 137658 DEBUG oslo_service.service [req-93a1d615-766c-4316-ae06-f3ef21fa9ff5 - - - - -] hyperv.vswitch_name = None log_opt_values /usr/lib/python3/dist-packages/oslo_config/cfg.py:2609
2026-01-01 00:40:45.156 137658 DEBUG oslo_service.service [req-93a1d615-766c-4316-ae06-f3ef21fa9ff5 - - - - -] hyperv.wait_soft_reboot_seconds = 60 log_opt_values /usr/lib/python3/dist-packages/oslo_config/cfg.py:2609
2026-01-01 00:40:45.157 137658 DEBUG oslo_service.service [req-93a1d615-766c-4316-ae06-f3ef21fa9ff5 - - - - -] mks.enabled = False log_opt_values /usr/lib/python3/dist-packages/oslo_config/cfg.py:2609
2026-01-01 00:40:45.157 137658 DEBUG oslo_service.service [req-93a1d615-766c-4316-ae06-f3ef21fa9ff5 - - - - -] mks.mksproxy_base_url = http://127.0.0.1:6090/ log_opt_values /usr/lib/python3/dist-packages/oslo_config/cfg.py:2609
2026-01-01 00:40:45.157 137658 DEBUG oslo_service.service [req-93a1d615-766c-4316-ae06-f3ef21fa9ff5 - - - - -] image_cache.manager_interval = 2400 log_opt_values /usr/lib/python3/dist-packages/oslo_config/cfg.py:2609
2026-01-01 00:40:45.157 137658 DEBUG oslo_service.service [req-93a1d615-766c-4316-ae06-f3ef21fa9ff5 - - - - -] image_cache.precache_concurrency = 1 log_opt_values /usr/lib/python3/dist-packages/oslo_config/cfg.py:2609
2026-01-01 00:40:45.158 137658 DEBUG oslo_service.service [req-93a1d615-766c-4316-ae06-f3ef21fa9ff5 - - - - -] image_cache.remove_unused_base_images = True log_opt_values /usr/lib/python3/dist-packages/oslo_config/cfg.py:2609
2026-01-01 00:40:45.158 137658 DEBUG oslo_service.service [req-93a1d615-766c-4316-ae06-f3ef21fa9ff5 - - - - -] image_cache.remove_unused_original_minimum_age_seconds = 86400 log_opt_values /usr/lib/python3/dist-packages/oslo_config/cfg.py:2609
2026-01-01 00:40:45.158 137658 DEBUG oslo_service.service [req-93a1d615-766c-4316-ae06-f3ef21fa9ff5 - - - - -] image_cache.remove_unused_resized_minimum_age_seconds = 3600 log_opt_values /usr/lib/python3/dist-packages/oslo_config/cfg.py:2609
2026-01-01 00:40:45.158 137658 DEBUG oslo_service.service [req-93a1d615-766c-4316-ae06-f3ef21fa9ff5 - - - - -] image_cache.subdirectory_name = _base log_opt_values /usr/lib/python3/dist-packages/oslo_config/cfg.py:2609
2026-01-01 00:40:45.158 137658 DEBUG oslo_service.service [req-93a1d615-766c-4316-ae06-f3ef21fa9ff5 - - - - -] ironic.api_max_retries = 60 log_opt_values /usr/lib/python3/dist-packages/oslo_config/cfg.py:2609
2026-01-01 00:40:45.158 137986 DEBUG oslo_messaging._drivers.amqpdriver [-] AMQPListener connection timeout poll /usr/lib/python3/dist-packages/oslo_messaging/_drivers/amqpdriver.py:360
2026-01-01 00:40:45.158 137658 DEBUG oslo_service.service [req-93a1d615-766c-4316-ae06-f3ef21fa9ff5 - - - - -] ironic.api_retry_interval = 2 log_opt_values /usr/lib/python3/dist-packages/oslo_config/cfg.py:2609
2026-01-01 00:40:45.158 137986 DEBUG oslo_messaging._drivers.amqpdriver [-] Listener is running poll /usr/lib/python3/dist-packages/oslo_messaging/_drivers/amqpdriver.py:343
2026-01-01 00:40:45.159 137658 DEBUG oslo_service.service [req-93a1d615-766c-4316-ae06-f3ef21fa9ff5 - - - - -] ironic.auth_section = None log_opt_values /usr/lib/python3/dist-packages/oslo_config/cfg.py:2609
2026-01-01 00:40:45.159 137986 DEBUG oslo_messaging._drivers.amqpdriver [-] AMQPListener connection consume poll /usr/lib/python3/dist-packages/oslo_messaging/_drivers/amqpdriver.py:357
2026-01-01 00:40:45.159 137658 DEBUG oslo_service.service [req-93a1d615-766c-4316-ae06-f3ef21fa9ff5 - - - - -] ironic.auth_type = None log_opt_values /usr/lib/python3/dist-packages/oslo_config/cfg.py:2609
2026-01-01 00:40:45.159 137658 DEBUG oslo_service.service [req-93a1d615-766c-4316-ae06-f3ef21fa9ff5 - - - - -] ironic.cafile = None log_opt_values /usr/lib/python3/dist-packages/oslo_config/cfg.py:2609
2026-01-01 00:40:45.159 137658 DEBUG oslo_service.service [req-93a1d615-766c-4316-ae06-f3ef21fa9ff5 - - - - -] ironic.certfile = None log_opt_values /usr/lib/python3/dist-packages/oslo_config/cfg.py:2609
2026-01-01 00:40:45.159 137658 DEBUG oslo_service.service [req-93a1d615-766c-4316-ae06-f3ef21fa9ff5 - - - - -] ironic.collect_timing = False log_opt_values /usr/lib/python3/dist-packages/oslo_config/cfg.py:2609
2026-01-01 00:40:45.159 137658 DEBUG oslo_service.service [req-93a1d615-766c-4316-ae06-f3ef21fa9ff5 - - - - -] ironic.connect_retries = None log_opt_values /usr/lib/python3/dist-packages/oslo_config/cfg.py:2609
2026-01-01 00:40:45.159 137658 DEBUG oslo_service.service [req-93a1d615-766c-4316-ae06-f3ef21fa9ff5 - - - - -] ironic.connect_retry_delay = None log_opt_values /usr/lib/python3/dist-packages/oslo_config/cfg.py:2609
2026-01-01 00:40:45.159 137658 DEBUG oslo_service.service [req-93a1d615-766c-4316-ae06-f3ef21fa9ff5 - - - - -] ironic.endpoint_override = None log_opt_values /usr/lib/python3/dist-packages/oslo_config/cfg.py:2609
2026-01-01 00:40:45.160 137658 DEBUG oslo_service.service [req-93a1d615-766c-4316-ae06-f3ef21fa9ff5 - - - - -] ironic.insecure = False log_opt_values /usr/lib/python3/dist-packages/oslo_config/cfg.py:2609
2026-01-01 00:40:45.160 137658 DEBUG oslo_service.service [req-93a1d615-766c-4316-ae06-f3ef21fa9ff5 - - - - -] ironic.keyfile = None log_opt_values /usr/lib/python3/dist-packages/oslo_config/cfg.py:2609
2026-01-01 00:40:45.160 137658 DEBUG oslo_service.service [req-93a1d615-766c-4316-ae06-f3ef21fa9ff5 - - - - -] ironic.max_version = None log_opt_values /usr/lib/python3/dist-packages/oslo_config/cfg.py:2609
2026-01-01 00:40:45.160 137658 DEBUG oslo_service.service [req-93a1d615-766c-4316-ae06-f3ef21fa9ff5 - - - - -] ironic.min_version = None log_opt_values /usr/lib/python3/dist-packages/oslo_config/cfg.py:2609
2026-01-01 00:40:45.160 137658 DEBUG oslo_service.service [req-93a1d615-766c-4316-ae06-f3ef21fa9ff5 - - - - -] ironic.partition_key = None log_opt_values /usr/lib/python3/dist-packages/oslo_config/cfg.py:2609
2026-01-01 00:40:45.160 137987 DEBUG oslo_messaging._drivers.amqpdriver [-] Listener is running poll /usr/lib/python3/dist-packages/oslo_messaging/_drivers/amqpdriver.py:343
2026-01-01 00:40:45.160 137658 DEBUG oslo_service.service [req-93a1d615-766c-4316-ae06-f3ef21fa9ff5 - - - - -] ironic.peer_list = [] log_opt_values /usr/lib/python3/dist-packages/oslo_config/cfg.py:2609
2026-01-01 00:40:45.160 137987 DEBUG oslo_messaging._drivers.amqpdriver [-] AMQPListener connection consume poll /usr/lib/python3/dist-packages/oslo_messaging/_drivers/amqpdriver.py:357
2026-01-01 00:40:45.160 137658 DEBUG oslo_service.service [req-93a1d615-766c-4316-ae06-f3ef21fa9ff5 - - - - -] ironic.region_name = None log_opt_values /usr/lib/python3/dist-packages/oslo_config/cfg.py:2609
2026-01-01 00:40:45.161 137658 DEBUG oslo_service.service [req-93a1d615-766c-4316-ae06-f3ef21fa9ff5 - - - - -] ironic.serial_console_state_timeout = 10 log_opt_values /usr/lib/python3/dist-packages/oslo_config/cfg.py:2609
2026-01-01 00:40:45.161 137658 DEBUG oslo_service.service [req-93a1d615-766c-4316-ae06-f3ef21fa9ff5 - - - - -] ironic.service_name = None log_opt_values /usr/lib/python3/dist-packages/oslo_config/cfg.py:2609
2026-01-01 00:40:45.161 137658 DEBUG oslo_service.service [req-93a1d615-766c-4316-ae06-f3ef21fa9ff5 - - - - -] ironic.service_type = baremetal log_opt_values /usr/lib/python3/dist-packages/oslo_config/cfg.py:2609
2026-01-01 00:40:45.161 137658 DEBUG oslo_service.service [req-93a1d615-766c-4316-ae06-f3ef21fa9ff5 - - - - -] ironic.split_loggers = False log_opt_values /usr/lib/python3/dist-packages/oslo_config/cfg.py:2609
2026-01-01 00:40:45.161 137658 DEBUG oslo_service.service [req-93a1d615-766c-4316-ae06-f3ef21fa9ff5 - - - - -] ironic.status_code_retries = None log_opt_values /usr/lib/python3/dist-packages/oslo_config/cfg.py:2609
2026-01-01 00:40:45.161 137658 DEBUG oslo_service.service [req-93a1d615-766c-4316-ae06-f3ef21fa9ff5 - - - - -] ironic.status_code_retry_delay = None log_opt_values /usr/lib/python3/dist-packages/oslo_config/cfg.py:2609
2026-01-01 00:40:45.161 137658 DEBUG oslo_service.service [req-93a1d615-766c-4316-ae06-f3ef21fa9ff5 - - - - -] ironic.timeout = None log_opt_values /usr/lib/python3/dist-packages/oslo_config/cfg.py:2609
2026-01-01 00:40:45.161 137987 DEBUG nova.service [req-7f5c8dfd-7ebe-44b5-84d2-0eb67ddf0ad2 - - - - -] Join ServiceGroup membership for this service conductor start /usr/lib/python3/dist-packages/nova/service.py:199
2026-01-01 00:40:45.162 137658 DEBUG oslo_service.service [req-93a1d615-766c-4316-ae06-f3ef21fa9ff5 - - - - -] ironic.valid_interfaces = ['internal', 'public'] log_opt_values /usr/lib/python3/dist-packages/oslo_config/cfg.py:2609
2026-01-01 00:40:45.161 137988 DEBUG oslo_messaging._drivers.amqpdriver [-] Listener is running poll /usr/lib/python3/dist-packages/oslo_messaging/_drivers/amqpdriver.py:343
2026-01-01 00:40:45.162 137987 DEBUG nova.servicegroup.drivers.db [req-7f5c8dfd-7ebe-44b5-84d2-0eb67ddf0ad2 - - - - -] DB_Driver: join new ServiceGroup member juju-848a63-0-lxd-7 to the conductor group, service = join /usr/lib/python3/dist-packages/nova/servicegroup/drivers/db.py:44
2026-01-01 00:40:45.162 137658 DEBUG oslo_service.service [req-93a1d615-766c-4316-ae06-f3ef21fa9ff5 - - - - -] ironic.version = None log_opt_values /usr/lib/python3/dist-packages/oslo_config/cfg.py:2609
2026-01-01 00:40:45.162 137988 DEBUG oslo_messaging._drivers.amqpdriver [-] AMQPListener connection consume poll /usr/lib/python3/dist-packages/oslo_messaging/_drivers/amqpdriver.py:357
2026-01-01 00:40:45.162 137658 DEBUG oslo_service.service [req-93a1d615-766c-4316-ae06-f3ef21fa9ff5 - - - - -] key_manager.backend = barbican log_opt_values /usr/lib/python3/dist-packages/oslo_config/cfg.py:2609
2026-01-01 00:40:45.162 137658 DEBUG oslo_service.service [req-93a1d615-766c-4316-ae06-f3ef21fa9ff5 - - - - -] key_manager.fixed_key = **** log_opt_values /usr/lib/python3/dist-packages/oslo_config/cfg.py:2609
2026-01-01 00:40:45.162 137658 DEBUG oslo_service.service [req-93a1d615-766c-4316-ae06-f3ef21fa9ff5 - - - - -] barbican.auth_endpoint = http://localhost/identity/v3 log_opt_values /usr/lib/python3/dist-packages/oslo_config/cfg.py:2609
2026-01-01 00:40:45.162 137658 DEBUG oslo_service.service [req-93a1d615-766c-4316-ae06-f3ef21fa9ff5 - - - - -] barbican.barbican_api_version = None log_opt_values /usr/lib/python3/dist-packages/oslo_config/cfg.py:2609
2026-01-01 00:40:45.162 137658 DEBUG oslo_service.service [req-93a1d615-766c-4316-ae06-f3ef21fa9ff5 - - - - -] barbican.barbican_endpoint = None log_opt_values /usr/lib/python3/dist-packages/oslo_config/cfg.py:2609
2026-01-01 00:40:45.163 137658 DEBUG oslo_service.service [req-93a1d615-766c-4316-ae06-f3ef21fa9ff5 - - - - -] barbican.barbican_endpoint_type = public log_opt_values /usr/lib/python3/dist-packages/oslo_config/cfg.py:2609
2026-01-01 00:40:45.163 137658 DEBUG oslo_service.service [req-93a1d615-766c-4316-ae06-f3ef21fa9ff5 - - - - -] barbican.barbican_region_name = None log_opt_values /usr/lib/python3/dist-packages/oslo_config/cfg.py:2609
2026-01-01 00:40:45.163 137658 DEBUG oslo_service.service [req-93a1d615-766c-4316-ae06-f3ef21fa9ff5 - - - - -] barbican.cafile = None log_opt_values /usr/lib/python3/dist-packages/oslo_config/cfg.py:2609
2026-01-01 00:40:45.163 137658 DEBUG oslo_service.service [req-93a1d615-766c-4316-ae06-f3ef21fa9ff5 - - - - -] barbican.certfile = None log_opt_values /usr/lib/python3/dist-packages/oslo_config/cfg.py:2609
2026-01-01 00:40:45.163 137658 DEBUG oslo_service.service [req-93a1d615-766c-4316-ae06-f3ef21fa9ff5 - - - - -] barbican.collect_timing = False log_opt_values /usr/lib/python3/dist-packages/oslo_config/cfg.py:2609
2026-01-01 00:40:45.163 137658 DEBUG oslo_service.service [req-93a1d615-766c-4316-ae06-f3ef21fa9ff5 - - - - -] barbican.insecure = False log_opt_values /usr/lib/python3/dist-packages/oslo_config/cfg.py:2609
2026-01-01 00:40:45.163 137658 DEBUG oslo_service.service [req-93a1d615-766c-4316-ae06-f3ef21fa9ff5 - - - - -] barbican.keyfile = None log_opt_values /usr/lib/python3/dist-packages/oslo_config/cfg.py:2609
2026-01-01 00:40:45.164 137658 DEBUG oslo_service.service [req-93a1d615-766c-4316-ae06-f3ef21fa9ff5 - - - - -] barbican.number_of_retries = 60 log_opt_values /usr/lib/python3/dist-packages/oslo_config/cfg.py:2609
2026-01-01 00:40:45.164 137658 DEBUG oslo_service.service [req-93a1d615-766c-4316-ae06-f3ef21fa9ff5 - - - - -] barbican.retry_delay = 1 log_opt_values /usr/lib/python3/dist-packages/oslo_config/cfg.py:2609
2026-01-01 00:40:45.164 137658 DEBUG oslo_service.service [req-93a1d615-766c-4316-ae06-f3ef21fa9ff5 - - - - -] barbican.send_service_user_token = False log_opt_values /usr/lib/python3/dist-packages/oslo_config/cfg.py:2609
2026-01-01 00:40:45.164 137987 DEBUG oslo_messaging._drivers.amqpdriver [-] AMQPListener connection timeout poll /usr/lib/python3/dist-packages/oslo_messaging/_drivers/amqpdriver.py:360
2026-01-01 00:40:45.164 137658 DEBUG oslo_service.service [req-93a1d615-766c-4316-ae06-f3ef21fa9ff5 - - - - -] barbican.split_loggers = False log_opt_values /usr/lib/python3/dist-packages/oslo_config/cfg.py:2609
2026-01-01 00:40:45.164 137987 DEBUG oslo_messaging._drivers.amqpdriver [-] Listener is running poll /usr/lib/python3/dist-packages/oslo_messaging/_drivers/amqpdriver.py:343
2026-01-01 00:40:45.164 137658 DEBUG oslo_service.service [req-93a1d615-766c-4316-ae06-f3ef21fa9ff5 - - - - -] barbican.timeout = None log_opt_values /usr/lib/python3/dist-packages/oslo_config/cfg.py:2609
2026-01-01 00:40:45.164 137987 DEBUG oslo_messaging._drivers.amqpdriver [-] AMQPListener connection consume poll /usr/lib/python3/dist-packages/oslo_messaging/_drivers/amqpdriver.py:357
2026-01-01 00:40:45.164 137658 DEBUG oslo_service.service [req-93a1d615-766c-4316-ae06-f3ef21fa9ff5 - - - - -] barbican.verify_ssl = True log_opt_values /usr/lib/python3/dist-packages/oslo_config/cfg.py:2609
2026-01-01 00:40:45.164 137658 DEBUG oslo_service.service [req-93a1d615-766c-4316-ae06-f3ef21fa9ff5 - - - - -] barbican.verify_ssl_path = None log_opt_values /usr/lib/python3/dist-packages/oslo_config/cfg.py:2609
2026-01-01 00:40:45.164 137658 DEBUG oslo_service.service [req-93a1d615-766c-4316-ae06-f3ef21fa9ff5 - - - - -] barbican_service_user.auth_section = None log_opt_values /usr/lib/python3/dist-packages/oslo_config/cfg.py:2609
2026-01-01 00:40:45.165 137658 DEBUG oslo_service.service [req-93a1d615-766c-4316-ae06-f3ef21fa9ff5 - - - - -] barbican_service_user.auth_type = None log_opt_values /usr/lib/python3/dist-packages/oslo_config/cfg.py:2609
2026-01-01 00:40:45.165 137658 DEBUG oslo_service.service [req-93a1d615-766c-4316-ae06-f3ef21fa9ff5 - - - - -] barbican_service_user.cafile = None log_opt_values /usr/lib/python3/dist-packages/oslo_config/cfg.py:2609
2026-01-01 00:40:45.165 137658 DEBUG oslo_service.service [req-93a1d615-766c-4316-ae06-f3ef21fa9ff5 - - - - -] barbican_service_user.certfile = None log_opt_values /usr/lib/python3/dist-packages/oslo_config/cfg.py:2609
2026-01-01 00:40:45.165 137658 DEBUG oslo_service.service [req-93a1d615-766c-4316-ae06-f3ef21fa9ff5 - - - - -] barbican_service_user.collect_timing = False log_opt_values /usr/lib/python3/dist-packages/oslo_config/cfg.py:2609
2026-01-01 00:40:45.165 137658 DEBUG oslo_service.service [req-93a1d615-766c-4316-ae06-f3ef21fa9ff5 - - - - -] barbican_service_user.insecure = False log_opt_values /usr/lib/python3/dist-packages/oslo_config/cfg.py:2609
2026-01-01 00:40:45.165 137658 DEBUG oslo_service.service [req-93a1d615-766c-4316-ae06-f3ef21fa9ff5 - - - - -] barbican_service_user.keyfile = None log_opt_values /usr/lib/python3/dist-packages/oslo_config/cfg.py:2609
2026-01-01 00:40:45.165 137658 DEBUG oslo_service.service [req-93a1d615-766c-4316-ae06-f3ef21fa9ff5 - - - - -] barbican_service_user.split_loggers = False log_opt_values /usr/lib/python3/dist-packages/oslo_config/cfg.py:2609
2026-01-01 00:40:45.165 137658 DEBUG oslo_service.service [req-93a1d615-766c-4316-ae06-f3ef21fa9ff5 - - - - -] barbican_service_user.timeout = None log_opt_values /usr/lib/python3/dist-packages/oslo_config/cfg.py:2609
2026-01-01 00:40:45.166 137658 DEBUG oslo_service.service [req-93a1d615-766c-4316-ae06-f3ef21fa9ff5 - - - - -] vault.approle_role_id = None log_opt_values /usr/lib/python3/dist-packages/oslo_config/cfg.py:2609
2026-01-01 00:40:45.166 137658 DEBUG oslo_service.service [req-93a1d615-766c-4316-ae06-f3ef21fa9ff5 - - - - -] vault.approle_secret_id = None log_opt_values /usr/lib/python3/dist-packages/oslo_config/cfg.py:2609
2026-01-01 00:40:45.166 137658 DEBUG oslo_service.service [req-93a1d615-766c-4316-ae06-f3ef21fa9ff5 - - - - -] vault.cafile = None log_opt_values /usr/lib/python3/dist-packages/oslo_config/cfg.py:2609
2026-01-01 00:40:45.166 137658 DEBUG oslo_service.service [req-93a1d615-766c-4316-ae06-f3ef21fa9ff5 - - - - -] vault.certfile = None log_opt_values /usr/lib/python3/dist-packages/oslo_config/cfg.py:2609
2026-01-01 00:40:45.166 137658 DEBUG oslo_service.service [req-93a1d615-766c-4316-ae06-f3ef21fa9ff5 - - - - -] vault.collect_timing = False log_opt_values /usr/lib/python3/dist-packages/oslo_config/cfg.py:2609
2026-01-01 00:40:45.166 137658 DEBUG oslo_service.service [req-93a1d615-766c-4316-ae06-f3ef21fa9ff5 - - - - -] vault.insecure = False log_opt_values /usr/lib/python3/dist-packages/oslo_config/cfg.py:2609
2026-01-01 00:40:45.166 137658 DEBUG oslo_service.service [req-93a1d615-766c-4316-ae06-f3ef21fa9ff5 - - - - -] vault.keyfile = None log_opt_values /usr/lib/python3/dist-packages/oslo_config/cfg.py:2609
2026-01-01 00:40:45.167 137658 DEBUG oslo_service.service [req-93a1d615-766c-4316-ae06-f3ef21fa9ff5 - - - - -] vault.kv_mountpoint = secret log_opt_values /usr/lib/python3/dist-packages/oslo_config/cfg.py:2609
2026-01-01 00:40:45.167 137658 DEBUG oslo_service.service [req-93a1d615-766c-4316-ae06-f3ef21fa9ff5 - - - - -] vault.kv_version = 2 log_opt_values /usr/lib/python3/dist-packages/oslo_config/cfg.py:2609
2026-01-01 00:40:45.167 137658 DEBUG oslo_service.service [req-93a1d615-766c-4316-ae06-f3ef21fa9ff5 - - - - -] vault.namespace = None log_opt_values /usr/lib/python3/dist-packages/oslo_config/cfg.py:2609
2026-01-01 00:40:45.167 137988 DEBUG nova.service [req-99c08800-68ca-4cae-9f03-eb0766d6b3f9 - - - - -] Join ServiceGroup membership for this service conductor start /usr/lib/python3/dist-packages/nova/service.py:199
2026-01-01 00:40:45.167 137658 DEBUG oslo_service.service [req-93a1d615-766c-4316-ae06-f3ef21fa9ff5 - - - - -] vault.root_token_id = None log_opt_values /usr/lib/python3/dist-packages/oslo_config/cfg.py:2609
2026-01-01 00:40:45.167 137658 DEBUG oslo_service.service [req-93a1d615-766c-4316-ae06-f3ef21fa9ff5 - - - - -] vault.split_loggers = False log_opt_values /usr/lib/python3/dist-packages/oslo_config/cfg.py:2609
2026-01-01 00:40:45.167 137658 DEBUG oslo_service.service [req-93a1d615-766c-4316-ae06-f3ef21fa9ff5 - - - - -] vault.ssl_ca_crt_file = None log_opt_values /usr/lib/python3/dist-packages/oslo_config/cfg.py:2609
2026-01-01 00:40:45.167 137988 DEBUG nova.servicegroup.drivers.db [req-99c08800-68ca-4cae-9f03-eb0766d6b3f9 - - - - -] DB_Driver: join new ServiceGroup member juju-848a63-0-lxd-7 to the conductor group, service = join /usr/lib/python3/dist-packages/nova/servicegroup/drivers/db.py:44
2026-01-01 00:40:45.167 137658 DEBUG oslo_service.service [req-93a1d615-766c-4316-ae06-f3ef21fa9ff5 - - - - -] vault.timeout = None log_opt_values /usr/lib/python3/dist-packages/oslo_config/cfg.py:2609
2026-01-01 00:40:45.167 137658 DEBUG oslo_service.service [req-93a1d615-766c-4316-ae06-f3ef21fa9ff5 - - - - -] vault.use_ssl = False log_opt_values /usr/lib/python3/dist-packages/oslo_config/cfg.py:2609
2026-01-01 00:40:45.168 137658 DEBUG oslo_service.service [req-93a1d615-766c-4316-ae06-f3ef21fa9ff5 - - - - -] vault.vault_url = http://127.0.0.1:8200 log_opt_values /usr/lib/python3/dist-packages/oslo_config/cfg.py:2609
2026-01-01 00:40:45.168 137658 DEBUG oslo_service.service [req-93a1d615-766c-4316-ae06-f3ef21fa9ff5 - - - - -] keystone.cafile = None log_opt_values /usr/lib/python3/dist-packages/oslo_config/cfg.py:2609
2026-01-01 00:40:45.168 137658 DEBUG oslo_service.service [req-93a1d615-766c-4316-ae06-f3ef21fa9ff5 - - - - -] keystone.certfile = None log_opt_values /usr/lib/python3/dist-packages/oslo_config/cfg.py:2609
2026-01-01 00:40:45.168 137658 DEBUG oslo_service.service [req-93a1d615-766c-4316-ae06-f3ef21fa9ff5 - - - - -] keystone.collect_timing = False log_opt_values /usr/lib/python3/dist-packages/oslo_config/cfg.py:2609
2026-01-01 00:40:45.168 137658 DEBUG oslo_service.service [req-93a1d615-766c-4316-ae06-f3ef21fa9ff5 - - - - -] keystone.connect_retries = None log_opt_values /usr/lib/python3/dist-packages/oslo_config/cfg.py:2609
2026-01-01 00:40:45.168 137658 DEBUG oslo_service.service [req-93a1d615-766c-4316-ae06-f3ef21fa9ff5 - - - - -] keystone.connect_retry_delay = None log_opt_values /usr/lib/python3/dist-packages/oslo_config/cfg.py:2609
2026-01-01 00:40:45.169 137658 DEBUG oslo_service.service [req-93a1d615-766c-4316-ae06-f3ef21fa9ff5 - - - - -] keystone.endpoint_override = None log_opt_values /usr/lib/python3/dist-packages/oslo_config/cfg.py:2609
2026-01-01 00:40:45.169 137658 DEBUG oslo_service.service [req-93a1d615-766c-4316-ae06-f3ef21fa9ff5 - - - - -] keystone.insecure = False log_opt_values /usr/lib/python3/dist-packages/oslo_config/cfg.py:2609
2026-01-01 00:40:45.169 137658 DEBUG oslo_service.service [req-93a1d615-766c-4316-ae06-f3ef21fa9ff5 - - - - -] keystone.keyfile = None log_opt_values /usr/lib/python3/dist-packages/oslo_config/cfg.py:2609
2026-01-01 00:40:45.169 137658 DEBUG oslo_service.service [req-93a1d615-766c-4316-ae06-f3ef21fa9ff5 - - - - -] keystone.max_version = None log_opt_values /usr/lib/python3/dist-packages/oslo_config/cfg.py:2609
2026-01-01 00:40:45.169 137658 DEBUG oslo_service.service [req-93a1d615-766c-4316-ae06-f3ef21fa9ff5 - - - - -] keystone.min_version = None log_opt_values /usr/lib/python3/dist-packages/oslo_config/cfg.py:2609
2026-01-01 00:40:45.169 137658 DEBUG oslo_service.service [req-93a1d615-766c-4316-ae06-f3ef21fa9ff5 - - - - -] keystone.region_name = None log_opt_values /usr/lib/python3/dist-packages/oslo_config/cfg.py:2609
2026-01-01 00:40:45.169 137658 DEBUG oslo_service.service [req-93a1d615-766c-4316-ae06-f3ef21fa9ff5 - - - - -] keystone.service_name = None log_opt_values /usr/lib/python3/dist-packages/oslo_config/cfg.py:2609
2026-01-01 00:40:45.169 137658 DEBUG oslo_service.service [req-93a1d615-766c-4316-ae06-f3ef21fa9ff5 - - - - -] keystone.service_type = identity log_opt_values /usr/lib/python3/dist-packages/oslo_config/cfg.py:2609
2026-01-01 00:40:45.170 137658 DEBUG oslo_service.service [req-93a1d615-766c-4316-ae06-f3ef21fa9ff5 - - - - -] keystone.split_loggers = False log_opt_values /usr/lib/python3/dist-packages/oslo_config/cfg.py:2609
2026-01-01 00:40:45.169 137988 DEBUG oslo_messaging._drivers.amqpdriver [-] AMQPListener connection timeout poll /usr/lib/python3/dist-packages/oslo_messaging/_drivers/amqpdriver.py:360
2026-01-01 00:40:45.170 137658 DEBUG oslo_service.service [req-93a1d615-766c-4316-ae06-f3ef21fa9ff5 - - - - -] keystone.status_code_retries = None log_opt_values /usr/lib/python3/dist-packages/oslo_config/cfg.py:2609
2026-01-01 00:40:45.170 137658 DEBUG oslo_service.service [req-93a1d615-766c-4316-ae06-f3ef21fa9ff5 - - - - -] keystone.status_code_retry_delay = None log_opt_values /usr/lib/python3/dist-packages/oslo_config/cfg.py:2609
2026-01-01 00:40:45.170 137658 DEBUG oslo_service.service [req-93a1d615-766c-4316-ae06-f3ef21fa9ff5 - - - - -] keystone.timeout = None log_opt_values /usr/lib/python3/dist-packages/oslo_config/cfg.py:2609
2026-01-01 00:40:45.170 137658 DEBUG oslo_service.service [req-93a1d615-766c-4316-ae06-f3ef21fa9ff5 - - - - -] keystone.valid_interfaces = ['internal', 'public'] log_opt_values /usr/lib/python3/dist-packages/oslo_config/cfg.py:2609
2026-01-01 00:40:45.170 137988 DEBUG oslo_messaging._drivers.amqpdriver [-] Listener is running poll /usr/lib/python3/dist-packages/oslo_messaging/_drivers/amqpdriver.py:343
2026-01-01 00:40:45.170 137658 DEBUG oslo_service.service [req-93a1d615-766c-4316-ae06-f3ef21fa9ff5 - - - - -] keystone.version = None log_opt_values /usr/lib/python3/dist-packages/oslo_config/cfg.py:2609
2026-01-01 00:40:45.170 137988 DEBUG oslo_messaging._drivers.amqpdriver [-] AMQPListener connection consume poll /usr/lib/python3/dist-packages/oslo_messaging/_drivers/amqpdriver.py:357
2026-01-01 00:40:45.170 137658 DEBUG oslo_service.service [req-93a1d615-766c-4316-ae06-f3ef21fa9ff5 - - - - -] libvirt.connection_uri = log_opt_values /usr/lib/python3/dist-packages/oslo_config/cfg.py:2609
2026-01-01 00:40:45.171 137658 DEBUG oslo_service.service [req-93a1d615-766c-4316-ae06-f3ef21fa9ff5 - - - - -] libvirt.cpu_mode = None log_opt_values /usr/lib/python3/dist-packages/oslo_config/cfg.py:2609
2026-01-01 00:40:45.171 137658 DEBUG oslo_service.service [req-93a1d615-766c-4316-ae06-f3ef21fa9ff5 - - - - -] libvirt.cpu_model_extra_flags = [] log_opt_values /usr/lib/python3/dist-packages/oslo_config/cfg.py:2609
2026-01-01 00:40:45.171 137658 DEBUG oslo_service.service [req-93a1d615-766c-4316-ae06-f3ef21fa9ff5 - - - - -] libvirt.cpu_models = [] log_opt_values /usr/lib/python3/dist-packages/oslo_config/cfg.py:2609
2026-01-01 00:40:45.171 137658 DEBUG oslo_service.service [req-93a1d615-766c-4316-ae06-f3ef21fa9ff5 - - - - -] libvirt.device_detach_attempts = 8 log_opt_values /usr/lib/python3/dist-packages/oslo_config/cfg.py:2609
2026-01-01 00:40:45.171 137658 DEBUG oslo_service.service [req-93a1d615-766c-4316-ae06-f3ef21fa9ff5 - - - - -] libvirt.device_detach_timeout = 20 log_opt_values /usr/lib/python3/dist-packages/oslo_config/cfg.py:2609
2026-01-01 00:40:45.171 137658 DEBUG oslo_service.service [req-93a1d615-766c-4316-ae06-f3ef21fa9ff5 - - - - -] libvirt.disk_cachemodes = [] log_opt_values /usr/lib/python3/dist-packages/oslo_config/cfg.py:2609
2026-01-01 00:40:45.172 137658 DEBUG oslo_service.service [req-93a1d615-766c-4316-ae06-f3ef21fa9ff5 - - - - -] libvirt.disk_prefix = None log_opt_values /usr/lib/python3/dist-packages/oslo_config/cfg.py:2609
2026-01-01 00:40:45.172 137658 DEBUG oslo_service.service [req-93a1d615-766c-4316-ae06-f3ef21fa9ff5 - - - - -] libvirt.enabled_perf_events = [] log_opt_values /usr/lib/python3/dist-packages/oslo_config/cfg.py:2609
2026-01-01 00:40:45.172 137658 DEBUG oslo_service.service [req-93a1d615-766c-4316-ae06-f3ef21fa9ff5 - - - - -] libvirt.file_backed_memory = 0 log_opt_values /usr/lib/python3/dist-packages/oslo_config/cfg.py:2609
2026-01-01 00:40:45.172 137658 DEBUG oslo_service.service [req-93a1d615-766c-4316-ae06-f3ef21fa9ff5 - - - - -] libvirt.gid_maps = [] log_opt_values /usr/lib/python3/dist-packages/oslo_config/cfg.py:2609
2026-01-01 00:40:45.172 137658 DEBUG oslo_service.service [req-93a1d615-766c-4316-ae06-f3ef21fa9ff5 - - - - -] libvirt.hw_disk_discard = None log_opt_values /usr/lib/python3/dist-packages/oslo_config/cfg.py:2609
2026-01-01 00:40:45.172 137658 DEBUG oslo_service.service [req-93a1d615-766c-4316-ae06-f3ef21fa9ff5 - - - - -] libvirt.hw_machine_type = None log_opt_values /usr/lib/python3/dist-packages/oslo_config/cfg.py:2609
2026-01-01 00:40:45.172 137658 DEBUG oslo_service.service [req-93a1d615-766c-4316-ae06-f3ef21fa9ff5 - - - - -] libvirt.images_rbd_ceph_conf = log_opt_values /usr/lib/python3/dist-packages/oslo_config/cfg.py:2609
2026-01-01 00:40:45.173 137658 DEBUG oslo_service.service [req-93a1d615-766c-4316-ae06-f3ef21fa9ff5 - - - - -] libvirt.images_rbd_glance_copy_poll_interval = 15 log_opt_values /usr/lib/python3/dist-packages/oslo_config/cfg.py:2609
2026-01-01 00:40:45.173 137658 DEBUG oslo_service.service [req-93a1d615-766c-4316-ae06-f3ef21fa9ff5 - - - - -] libvirt.images_rbd_glance_copy_timeout = 600 log_opt_values /usr/lib/python3/dist-packages/oslo_config/cfg.py:2609
2026-01-01 00:40:45.173 137658 DEBUG oslo_service.service [req-93a1d615-766c-4316-ae06-f3ef21fa9ff5 - - - - -] libvirt.images_rbd_glance_store_name = log_opt_values /usr/lib/python3/dist-packages/oslo_config/cfg.py:2609
2026-01-01 00:40:45.173 137658 DEBUG oslo_service.service [req-93a1d615-766c-4316-ae06-f3ef21fa9ff5 - - - - -] libvirt.images_rbd_pool = rbd log_opt_values /usr/lib/python3/dist-packages/oslo_config/cfg.py:2609
2026-01-01 00:40:45.173 137658 DEBUG oslo_service.service [req-93a1d615-766c-4316-ae06-f3ef21fa9ff5 - - - - -] libvirt.images_type = default log_opt_values /usr/lib/python3/dist-packages/oslo_config/cfg.py:2609
2026-01-01 00:40:45.173 137658 DEBUG oslo_service.service [req-93a1d615-766c-4316-ae06-f3ef21fa9ff5 - - - - -] libvirt.images_volume_group = None log_opt_values /usr/lib/python3/dist-packages/oslo_config/cfg.py:2609
2026-01-01 00:40:45.173 137658 DEBUG oslo_service.service [req-93a1d615-766c-4316-ae06-f3ef21fa9ff5 - - - - -] libvirt.inject_key = False log_opt_values /usr/lib/python3/dist-packages/oslo_config/cfg.py:2609
2026-01-01 00:40:45.174 137658 DEBUG oslo_service.service [req-93a1d615-766c-4316-ae06-f3ef21fa9ff5 - - - - -] libvirt.inject_partition = -2 log_opt_values /usr/lib/python3/dist-packages/oslo_config/cfg.py:2609
2026-01-01 00:40:45.174 137658 DEBUG oslo_service.service [req-93a1d615-766c-4316-ae06-f3ef21fa9ff5 - - - - -] libvirt.inject_password = False log_opt_values /usr/lib/python3/dist-packages/oslo_config/cfg.py:2609
2026-01-01 00:40:45.174 137658 DEBUG oslo_service.service [req-93a1d615-766c-4316-ae06-f3ef21fa9ff5 - - - - -] libvirt.iscsi_iface = None log_opt_values /usr/lib/python3/dist-packages/oslo_config/cfg.py:2609
2026-01-01 00:40:45.174 137658 DEBUG oslo_service.service [req-93a1d615-766c-4316-ae06-f3ef21fa9ff5 - - - - -] libvirt.iser_use_multipath = False log_opt_values /usr/lib/python3/dist-packages/oslo_config/cfg.py:2609
2026-01-01 00:40:45.174 137658 DEBUG oslo_service.service [req-93a1d615-766c-4316-ae06-f3ef21fa9ff5 - - - - -] libvirt.live_migration_bandwidth = 0 log_opt_values /usr/lib/python3/dist-packages/oslo_config/cfg.py:2609
2026-01-01 00:40:45.174 137658 DEBUG oslo_service.service [req-93a1d615-766c-4316-ae06-f3ef21fa9ff5 - - - - -] libvirt.live_migration_completion_timeout = 800 log_opt_values /usr/lib/python3/dist-packages/oslo_config/cfg.py:2609
2026-01-01 00:40:45.174 137658 DEBUG oslo_service.service [req-93a1d615-766c-4316-ae06-f3ef21fa9ff5 - - - - -] libvirt.live_migration_downtime = 500 log_opt_values /usr/lib/python3/dist-packages/oslo_config/cfg.py:2609
2026-01-01 00:40:45.175 137658 DEBUG oslo_service.service [req-93a1d615-766c-4316-ae06-f3ef21fa9ff5 - - - - -] libvirt.live_migration_downtime_delay = 75 log_opt_values /usr/lib/python3/dist-packages/oslo_config/cfg.py:2609
2026-01-01 00:40:45.175 137658 DEBUG oslo_service.service [req-93a1d615-766c-4316-ae06-f3ef21fa9ff5 - - - - -] libvirt.live_migration_downtime_steps = 10 log_opt_values /usr/lib/python3/dist-packages/oslo_config/cfg.py:2609
2026-01-01 00:40:45.175 137658 DEBUG oslo_service.service [req-93a1d615-766c-4316-ae06-f3ef21fa9ff5 - - - - -] libvirt.live_migration_inbound_addr = None log_opt_values /usr/lib/python3/dist-packages/oslo_config/cfg.py:2609
2026-01-01 00:40:45.175 137658 DEBUG oslo_service.service [req-93a1d615-766c-4316-ae06-f3ef21fa9ff5 - - - - -] libvirt.live_migration_permit_auto_converge = False log_opt_values /usr/lib/python3/dist-packages/oslo_config/cfg.py:2609
2026-01-01 00:40:45.175 137658 DEBUG oslo_service.service [req-93a1d615-766c-4316-ae06-f3ef21fa9ff5 - - - - -] libvirt.live_migration_permit_post_copy = False log_opt_values /usr/lib/python3/dist-packages/oslo_config/cfg.py:2609
2026-01-01 00:40:45.175 137658 DEBUG oslo_service.service [req-93a1d615-766c-4316-ae06-f3ef21fa9ff5 - - - - -] libvirt.live_migration_scheme = None log_opt_values /usr/lib/python3/dist-packages/oslo_config/cfg.py:2609
2026-01-01 00:40:45.175 137658 DEBUG oslo_service.service [req-93a1d615-766c-4316-ae06-f3ef21fa9ff5 - - - - -] libvirt.live_migration_timeout_action = abort log_opt_values /usr/lib/python3/dist-packages/oslo_config/cfg.py:2609
2026-01-01 00:40:45.176 137658 DEBUG oslo_service.service [req-93a1d615-766c-4316-ae06-f3ef21fa9ff5 - - - - -] libvirt.live_migration_tunnelled = False log_opt_values /usr/lib/python3/dist-packages/oslo_config/cfg.py:2609
2026-01-01 00:40:45.176 137658 DEBUG oslo_service.service [req-93a1d615-766c-4316-ae06-f3ef21fa9ff5 - - - - -] libvirt.live_migration_uri = None log_opt_values /usr/lib/python3/dist-packages/oslo_config/cfg.py:2609
2026-01-01 00:40:45.176 137658 DEBUG oslo_service.service [req-93a1d615-766c-4316-ae06-f3ef21fa9ff5 - - - - -] libvirt.live_migration_with_native_tls = False log_opt_values /usr/lib/python3/dist-packages/oslo_config/cfg.py:2609
2026-01-01 00:40:45.176 137658 DEBUG oslo_service.service [req-93a1d615-766c-4316-ae06-f3ef21fa9ff5 - - - - -] libvirt.max_queues = None log_opt_values /usr/lib/python3/dist-packages/oslo_config/cfg.py:2609
2026-01-01 00:40:45.176 137658 DEBUG oslo_service.service [req-93a1d615-766c-4316-ae06-f3ef21fa9ff5 - - - - -] libvirt.mem_stats_period_seconds = 10 log_opt_values /usr/lib/python3/dist-packages/oslo_config/cfg.py:2609
2026-01-01 00:40:45.176 137658 DEBUG oslo_service.service [req-93a1d615-766c-4316-ae06-f3ef21fa9ff5 - - - - -] libvirt.nfs_mount_options = None log_opt_values /usr/lib/python3/dist-packages/oslo_config/cfg.py:2609
2026-01-01 00:40:45.176 137658 DEBUG oslo_service.service [req-93a1d615-766c-4316-ae06-f3ef21fa9ff5 - - - - -] libvirt.nfs_mount_point_base = /var/lib/nova/mnt log_opt_values /usr/lib/python3/dist-packages/oslo_config/cfg.py:2609
2026-01-01 00:40:45.177 137658 DEBUG oslo_service.service [req-93a1d615-766c-4316-ae06-f3ef21fa9ff5 - - - - -] libvirt.num_aoe_discover_tries = 3 log_opt_values /usr/lib/python3/dist-packages/oslo_config/cfg.py:2609
2026-01-01 00:40:45.177 137658 DEBUG oslo_service.service [req-93a1d615-766c-4316-ae06-f3ef21fa9ff5 - - - - -] libvirt.num_iser_scan_tries = 5 log_opt_values /usr/lib/python3/dist-packages/oslo_config/cfg.py:2609
2026-01-01 00:40:45.177 137658 DEBUG oslo_service.service [req-93a1d615-766c-4316-ae06-f3ef21fa9ff5 - - - - -] libvirt.num_memory_encrypted_guests = None log_opt_values /usr/lib/python3/dist-packages/oslo_config/cfg.py:2609
2026-01-01 00:40:45.177 137658 DEBUG oslo_service.service [req-93a1d615-766c-4316-ae06-f3ef21fa9ff5 - - - - -] libvirt.num_nvme_discover_tries = 5 log_opt_values /usr/lib/python3/dist-packages/oslo_config/cfg.py:2609
2026-01-01 00:40:45.177 137658 DEBUG oslo_service.service [req-93a1d615-766c-4316-ae06-f3ef21fa9ff5 - - - - -] libvirt.num_pcie_ports = 0 log_opt_values /usr/lib/python3/dist-packages/oslo_config/cfg.py:2609
2026-01-01 00:40:45.177 137658 DEBUG oslo_service.service [req-93a1d615-766c-4316-ae06-f3ef21fa9ff5 - - - - -] libvirt.num_volume_scan_tries = 5 log_opt_values /usr/lib/python3/dist-packages/oslo_config/cfg.py:2609
2026-01-01 00:40:45.178 137658 DEBUG oslo_service.service [req-93a1d615-766c-4316-ae06-f3ef21fa9ff5 - - - - -] libvirt.pmem_namespaces = [] log_opt_values /usr/lib/python3/dist-packages/oslo_config/cfg.py:2609
2026-01-01 00:40:45.178 137658 DEBUG oslo_service.service [req-93a1d615-766c-4316-ae06-f3ef21fa9ff5 - - - - -] libvirt.quobyte_client_cfg = None log_opt_values /usr/lib/python3/dist-packages/oslo_config/cfg.py:2609
2026-01-01 00:40:45.178 137658 DEBUG oslo_service.service [req-93a1d615-766c-4316-ae06-f3ef21fa9ff5 - - - - -] libvirt.quobyte_mount_point_base = /var/lib/nova/mnt log_opt_values /usr/lib/python3/dist-packages/oslo_config/cfg.py:2609
2026-01-01 00:40:45.178 137658 DEBUG oslo_service.service [req-93a1d615-766c-4316-ae06-f3ef21fa9ff5 - - - - -] libvirt.rbd_connect_timeout = 5 log_opt_values /usr/lib/python3/dist-packages/oslo_config/cfg.py:2609
2026-01-01 00:40:45.178 137658 DEBUG oslo_service.service [req-93a1d615-766c-4316-ae06-f3ef21fa9ff5 - - - - -] libvirt.rbd_destroy_volume_retries = 12 log_opt_values /usr/lib/python3/dist-packages/oslo_config/cfg.py:2609
2026-01-01 00:40:45.179 137658 DEBUG oslo_service.service [req-93a1d615-766c-4316-ae06-f3ef21fa9ff5 - - - - -] libvirt.rbd_destroy_volume_retry_interval = 5 log_opt_values /usr/lib/python3/dist-packages/oslo_config/cfg.py:2609
2026-01-01 00:40:45.179 137658 DEBUG oslo_service.service [req-93a1d615-766c-4316-ae06-f3ef21fa9ff5 - - - - -] libvirt.rbd_secret_uuid = None log_opt_values /usr/lib/python3/dist-packages/oslo_config/cfg.py:2609
2026-01-01 00:40:45.179 137658 DEBUG oslo_service.service [req-93a1d615-766c-4316-ae06-f3ef21fa9ff5 - - - - -] libvirt.rbd_user = None log_opt_values /usr/lib/python3/dist-packages/oslo_config/cfg.py:2609
2026-01-01 00:40:45.179 137658 DEBUG oslo_service.service [req-93a1d615-766c-4316-ae06-f3ef21fa9ff5 - - - - -] libvirt.realtime_scheduler_priority = 1 log_opt_values /usr/lib/python3/dist-packages/oslo_config/cfg.py:2609
2026-01-01 00:40:45.179 137658 DEBUG oslo_service.service [req-93a1d615-766c-4316-ae06-f3ef21fa9ff5 - - - - -] libvirt.remote_filesystem_transport = ssh log_opt_values /usr/lib/python3/dist-packages/oslo_config/cfg.py:2609
2026-01-01 00:40:45.179 137658 DEBUG oslo_service.service [req-93a1d615-766c-4316-ae06-f3ef21fa9ff5 - - - - -] libvirt.rescue_image_id = None log_opt_values /usr/lib/python3/dist-packages/oslo_config/cfg.py:2609
2026-01-01 00:40:45.180 137658 DEBUG oslo_service.service [req-93a1d615-766c-4316-ae06-f3ef21fa9ff5 - - - - -] libvirt.rescue_kernel_id = None log_opt_values /usr/lib/python3/dist-packages/oslo_config/cfg.py:2609
2026-01-01 00:40:45.180 137658 DEBUG oslo_service.service [req-93a1d615-766c-4316-ae06-f3ef21fa9ff5 - - - - -] libvirt.rescue_ramdisk_id = None log_opt_values /usr/lib/python3/dist-packages/oslo_config/cfg.py:2609
2026-01-01 00:40:45.180 137658 DEBUG oslo_service.service [req-93a1d615-766c-4316-ae06-f3ef21fa9ff5 - - - - -] libvirt.rng_dev_path = /dev/urandom log_opt_values /usr/lib/python3/dist-packages/oslo_config/cfg.py:2609
2026-01-01 00:40:45.180 137658 DEBUG oslo_service.service [req-93a1d615-766c-4316-ae06-f3ef21fa9ff5 - - - - -] libvirt.rx_queue_size = None log_opt_values /usr/lib/python3/dist-packages/oslo_config/cfg.py:2609
2026-01-01 00:40:45.180 137658 DEBUG oslo_service.service [req-93a1d615-766c-4316-ae06-f3ef21fa9ff5 - - - - -] libvirt.smbfs_mount_options = log_opt_values /usr/lib/python3/dist-packages/oslo_config/cfg.py:2609
2026-01-01 00:40:45.180 137658 DEBUG oslo_service.service [req-93a1d615-766c-4316-ae06-f3ef21fa9ff5 - - - - -] libvirt.smbfs_mount_point_base = /var/lib/nova/mnt log_opt_values /usr/lib/python3/dist-packages/oslo_config/cfg.py:2609
2026-01-01 00:40:45.180 137658 DEBUG oslo_service.service [req-93a1d615-766c-4316-ae06-f3ef21fa9ff5 - - - - -] libvirt.snapshot_compression = False log_opt_values /usr/lib/python3/dist-packages/oslo_config/cfg.py:2609
2026-01-01 00:40:45.181 137658 DEBUG oslo_service.service [req-93a1d615-766c-4316-ae06-f3ef21fa9ff5 - - - - -] libvirt.snapshot_image_format = None log_opt_values /usr/lib/python3/dist-packages/oslo_config/cfg.py:2609
2026-01-01 00:40:45.181 137658 DEBUG oslo_service.service [req-93a1d615-766c-4316-ae06-f3ef21fa9ff5 - - - - -] libvirt.snapshots_directory = /var/lib/nova/instances/snapshots log_opt_values /usr/lib/python3/dist-packages/oslo_config/cfg.py:2609
2026-01-01 00:40:45.181 137658 DEBUG oslo_service.service [req-93a1d615-766c-4316-ae06-f3ef21fa9ff5 - - - - -] libvirt.sparse_logical_volumes = False log_opt_values /usr/lib/python3/dist-packages/oslo_config/cfg.py:2609
2026-01-01 00:40:45.181 137658 DEBUG oslo_service.service [req-93a1d615-766c-4316-ae06-f3ef21fa9ff5 - - - - -] libvirt.swtpm_enabled = False log_opt_values /usr/lib/python3/dist-packages/oslo_config/cfg.py:2609
2026-01-01 00:40:45.181 137658 DEBUG oslo_service.service [req-93a1d615-766c-4316-ae06-f3ef21fa9ff5 - - - - -] libvirt.swtpm_group = tss log_opt_values /usr/lib/python3/dist-packages/oslo_config/cfg.py:2609
2026-01-01 00:40:45.181 137658 DEBUG oslo_service.service [req-93a1d615-766c-4316-ae06-f3ef21fa9ff5 - - - - -] libvirt.swtpm_user = tss log_opt_values /usr/lib/python3/dist-packages/oslo_config/cfg.py:2609
2026-01-01 00:40:45.182 137658 DEBUG oslo_service.service [req-93a1d615-766c-4316-ae06-f3ef21fa9ff5 - - - - -] libvirt.sysinfo_serial = unique log_opt_values /usr/lib/python3/dist-packages/oslo_config/cfg.py:2609
2026-01-01 00:40:45.181 137989 DEBUG oslo_messaging._drivers.amqpdriver [-] Listener is running poll /usr/lib/python3/dist-packages/oslo_messaging/_drivers/amqpdriver.py:343
2026-01-01 00:40:45.182 137658 DEBUG oslo_service.service [req-93a1d615-766c-4316-ae06-f3ef21fa9ff5 - - - - -] libvirt.tx_queue_size = None log_opt_values /usr/lib/python3/dist-packages/oslo_config/cfg.py:2609
2026-01-01 00:40:45.182 137658 DEBUG oslo_service.service [req-93a1d615-766c-4316-ae06-f3ef21fa9ff5 - - - - -] libvirt.uid_maps = [] log_opt_values /usr/lib/python3/dist-packages/oslo_config/cfg.py:2609
2026-01-01 00:40:45.182 137989 DEBUG oslo_messaging._drivers.amqpdriver [-] AMQPListener connection consume poll /usr/lib/python3/dist-packages/oslo_messaging/_drivers/amqpdriver.py:357
2026-01-01 00:40:45.182 137658 DEBUG oslo_service.service [req-93a1d615-766c-4316-ae06-f3ef21fa9ff5 - - - - -] libvirt.use_virtio_for_bridges = True log_opt_values /usr/lib/python3/dist-packages/oslo_config/cfg.py:2609
2026-01-01 00:40:45.182 137658 DEBUG oslo_service.service [req-93a1d615-766c-4316-ae06-f3ef21fa9ff5 - - - - -] libvirt.virt_type = kvm log_opt_values /usr/lib/python3/dist-packages/oslo_config/cfg.py:2609
2026-01-01 00:40:45.182 137658 DEBUG oslo_service.service [req-93a1d615-766c-4316-ae06-f3ef21fa9ff5 - - - - -] libvirt.volume_clear = zero log_opt_values /usr/lib/python3/dist-packages/oslo_config/cfg.py:2609
2026-01-01 00:40:45.182 137658 DEBUG oslo_service.service [req-93a1d615-766c-4316-ae06-f3ef21fa9ff5 - - - - -] libvirt.volume_clear_size = 0 log_opt_values /usr/lib/python3/dist-packages/oslo_config/cfg.py:2609
2026-01-01 00:40:45.183 137658 DEBUG oslo_service.service [req-93a1d615-766c-4316-ae06-f3ef21fa9ff5 - - - - -] libvirt.volume_use_multipath = False log_opt_values /usr/lib/python3/dist-packages/oslo_config/cfg.py:2609
2026-01-01 00:40:45.182 137989 DEBUG nova.service [req-9006d543-1679-4296-88ea-2732a4554855 - - - - -] Join ServiceGroup membership for this service conductor start /usr/lib/python3/dist-packages/nova/service.py:199
2026-01-01 00:40:45.183 137658 DEBUG oslo_service.service [req-93a1d615-766c-4316-ae06-f3ef21fa9ff5 - - - - -] libvirt.vzstorage_cache_path = None log_opt_values /usr/lib/python3/dist-packages/oslo_config/cfg.py:2609
2026-01-01 00:40:45.183 137658 DEBUG oslo_service.service [req-93a1d615-766c-4316-ae06-f3ef21fa9ff5 - - - - -] libvirt.vzstorage_log_path = /var/log/vstorage/%(cluster_name)s/nova.log.gz log_opt_values /usr/lib/python3/dist-packages/oslo_config/cfg.py:2609
2026-01-01 00:40:45.183 137658 DEBUG oslo_service.service [req-93a1d615-766c-4316-ae06-f3ef21fa9ff5 - - - - -] libvirt.vzstorage_mount_group = qemu log_opt_values /usr/lib/python3/dist-packages/oslo_config/cfg.py:2609
2026-01-01 00:40:45.183 137989 DEBUG nova.servicegroup.drivers.db [req-9006d543-1679-4296-88ea-2732a4554855 - - - - -] DB_Driver: join new ServiceGroup member juju-848a63-0-lxd-7 to the conductor group, service = join /usr/lib/python3/dist-packages/nova/servicegroup/drivers/db.py:44
2026-01-01 00:40:45.183 137658 DEBUG oslo_service.service [req-93a1d615-766c-4316-ae06-f3ef21fa9ff5 - - - - -] libvirt.vzstorage_mount_opts = [] log_opt_values /usr/lib/python3/dist-packages/oslo_config/cfg.py:2609
2026-01-01 00:40:45.183 137658 DEBUG oslo_service.service [req-93a1d615-766c-4316-ae06-f3ef21fa9ff5 - - - - -] libvirt.vzstorage_mount_perms = 0770 log_opt_values /usr/lib/python3/dist-packages/oslo_config/cfg.py:2609
2026-01-01 00:40:45.183 137658 DEBUG oslo_service.service [req-93a1d615-766c-4316-ae06-f3ef21fa9ff5 - - - - -] libvirt.vzstorage_mount_point_base = /var/lib/nova/mnt log_opt_values /usr/lib/python3/dist-packages/oslo_config/cfg.py:2609
2026-01-01 00:40:45.184 137658 DEBUG oslo_service.service [req-93a1d615-766c-4316-ae06-f3ef21fa9ff5 - - - - -] libvirt.vzstorage_mount_user = stack log_opt_values /usr/lib/python3/dist-packages/oslo_config/cfg.py:2609
2026-01-01 00:40:45.184 137658 DEBUG oslo_service.service [req-93a1d615-766c-4316-ae06-f3ef21fa9ff5 - - - - -] libvirt.wait_soft_reboot_seconds = 120 log_opt_values /usr/lib/python3/dist-packages/oslo_config/cfg.py:2609
2026-01-01 00:40:45.184 137658 DEBUG oslo_service.service [req-93a1d615-766c-4316-ae06-f3ef21fa9ff5 - - - - -] neutron.auth_section = None log_opt_values /usr/lib/python3/dist-packages/oslo_config/cfg.py:2609
2026-01-01 00:40:45.184 137658 DEBUG oslo_service.service [req-93a1d615-766c-4316-ae06-f3ef21fa9ff5 - - - - -] neutron.auth_type = password log_opt_values /usr/lib/python3/dist-packages/oslo_config/cfg.py:2609
2026-01-01 00:40:45.184 137658 DEBUG oslo_service.service [req-93a1d615-766c-4316-ae06-f3ef21fa9ff5 - - - - -] neutron.cafile = None log_opt_values /usr/lib/python3/dist-packages/oslo_config/cfg.py:2609
2026-01-01 00:40:45.184 137658 DEBUG oslo_service.service [req-93a1d615-766c-4316-ae06-f3ef21fa9ff5 - - - - -] neutron.certfile = None log_opt_values /usr/lib/python3/dist-packages/oslo_config/cfg.py:2609
2026-01-01 00:40:45.184 137658 DEBUG oslo_service.service [req-93a1d615-766c-4316-ae06-f3ef21fa9ff5 - - - - -] neutron.collect_timing = False log_opt_values /usr/lib/python3/dist-packages/oslo_config/cfg.py:2609
2026-01-01 00:40:45.185 137658 DEBUG oslo_service.service [req-93a1d615-766c-4316-ae06-f3ef21fa9ff5 - - - - -] neutron.connect_retries = None log_opt_values /usr/lib/python3/dist-packages/oslo_config/cfg.py:2609
2026-01-01 00:40:45.185 137658 DEBUG oslo_service.service [req-93a1d615-766c-4316-ae06-f3ef21fa9ff5 - - - - -] neutron.connect_retry_delay = None log_opt_values /usr/lib/python3/dist-packages/oslo_config/cfg.py:2609
2026-01-01 00:40:45.185 137658 DEBUG oslo_service.service [req-93a1d615-766c-4316-ae06-f3ef21fa9ff5 - - - - -] neutron.default_floating_pool = nova log_opt_values /usr/lib/python3/dist-packages/oslo_config/cfg.py:2609
2026-01-01 00:40:45.185 137658 DEBUG oslo_service.service [req-93a1d615-766c-4316-ae06-f3ef21fa9ff5 - - - - -] neutron.endpoint_override = None log_opt_values /usr/lib/python3/dist-packages/oslo_config/cfg.py:2609
2026-01-01 00:40:45.185 137658 DEBUG oslo_service.service [req-93a1d615-766c-4316-ae06-f3ef21fa9ff5 - - - - -] neutron.extension_sync_interval = 600 log_opt_values /usr/lib/python3/dist-packages/oslo_config/cfg.py:2609
2026-01-01 00:40:45.185 137658 DEBUG oslo_service.service [req-93a1d615-766c-4316-ae06-f3ef21fa9ff5 - - - - -] neutron.http_retries = 3 log_opt_values /usr/lib/python3/dist-packages/oslo_config/cfg.py:2609
2026-01-01 00:40:45.186 137658 DEBUG oslo_service.service [req-93a1d615-766c-4316-ae06-f3ef21fa9ff5 - - - - -] neutron.insecure = False log_opt_values /usr/lib/python3/dist-packages/oslo_config/cfg.py:2609
2026-01-01 00:40:45.186 137658 DEBUG oslo_service.service [req-93a1d615-766c-4316-ae06-f3ef21fa9ff5 - - - - -] neutron.keyfile = None log_opt_values /usr/lib/python3/dist-packages/oslo_config/cfg.py:2609
2026-01-01 00:40:45.186 137989 DEBUG oslo_messaging._drivers.amqpdriver [-] AMQPListener connection timeout poll /usr/lib/python3/dist-packages/oslo_messaging/_drivers/amqpdriver.py:360
2026-01-01 00:40:45.186 137658 DEBUG oslo_service.service [req-93a1d615-766c-4316-ae06-f3ef21fa9ff5 - - - - -] neutron.max_version = None log_opt_values /usr/lib/python3/dist-packages/oslo_config/cfg.py:2609
2026-01-01 00:40:45.186 137989 DEBUG oslo_messaging._drivers.amqpdriver [-] Listener is running poll /usr/lib/python3/dist-packages/oslo_messaging/_drivers/amqpdriver.py:343
2026-01-01 00:40:45.186 137989 DEBUG oslo_messaging._drivers.amqpdriver [-] AMQPListener connection consume poll /usr/lib/python3/dist-packages/oslo_messaging/_drivers/amqpdriver.py:357
2026-01-01 00:40:45.186 137658 DEBUG oslo_service.service [req-93a1d615-766c-4316-ae06-f3ef21fa9ff5 - - - - -] neutron.metadata_proxy_shared_secret = **** log_opt_values /usr/lib/python3/dist-packages/oslo_config/cfg.py:2609
2026-01-01 00:40:45.186 137658 DEBUG oslo_service.service [req-93a1d615-766c-4316-ae06-f3ef21fa9ff5 - - - - -] neutron.min_version = None log_opt_values /usr/lib/python3/dist-packages/oslo_config/cfg.py:2609
2026-01-01 00:40:45.186 137658 DEBUG oslo_service.service [req-93a1d615-766c-4316-ae06-f3ef21fa9ff5 - - - - -] neutron.ovs_bridge = br-int log_opt_values /usr/lib/python3/dist-packages/oslo_config/cfg.py:2609
