2026-01-01 01:43:36.839 7 DEBUG oslo_service.service [-] ml2_type_geneve.vni_ranges = [] log_opt_values /var/lib/kolla/venv/lib/python3.6/site-packages/oslo_config/cfg.py:2611
2026-01-01 01:43:36.839 7 DEBUG oslo_service.service [-] ml2_type_gre.tunnel_id_ranges = [] log_opt_values /var/lib/kolla/venv/lib/python3.6/site-packages/oslo_config/cfg.py:2611
2026-01-01 01:43:36.840 7 DEBUG oslo_service.service [-] ml2_type_vlan.network_vlan_ranges = [] log_opt_values /var/lib/kolla/venv/lib/python3.6/site-packages/oslo_config/cfg.py:2611
2026-01-01 01:43:36.840 7 DEBUG oslo_service.service [-] ml2_type_vxlan.vni_ranges = [] log_opt_values /var/lib/kolla/venv/lib/python3.6/site-packages/oslo_config/cfg.py:2611
2026-01-01 01:43:36.840 7 DEBUG oslo_service.service [-] ml2_type_vxlan.vxlan_group = None log_opt_values /var/lib/kolla/venv/lib/python3.6/site-packages/oslo_config/cfg.py:2611
2026-01-01 01:43:36.840 7 DEBUG oslo_service.service [-] database.backend = sqlalchemy log_opt_values /var/lib/kolla/venv/lib/python3.6/site-packages/oslo_config/cfg.py:2611
2026-01-01 01:43:36.840 7 DEBUG oslo_service.service [-] database.connection = **** log_opt_values /var/lib/kolla/venv/lib/python3.6/site-packages/oslo_config/cfg.py:2611
2026-01-01 01:43:36.840 7 DEBUG oslo_service.service [-] database.connection_debug = 0 log_opt_values /var/lib/kolla/venv/lib/python3.6/site-packages/oslo_config/cfg.py:2611
2026-01-01 01:43:36.840 7 DEBUG oslo_service.service [-] database.connection_parameters = log_opt_values /var/lib/kolla/venv/lib/python3.6/site-packages/oslo_config/cfg.py:2611
2026-01-01 01:43:36.840 7 DEBUG oslo_service.service [-] database.connection_recycle_time = 10 log_opt_values /var/lib/kolla/venv/lib/python3.6/site-packages/oslo_config/cfg.py:2611
2026-01-01 01:43:36.840 7 DEBUG oslo_service.service [-] database.connection_trace = False log_opt_values /var/lib/kolla/venv/lib/python3.6/site-packages/oslo_config/cfg.py:2611
2026-01-01 01:43:36.840 7 DEBUG oslo_service.service [-] database.db_inc_retry_interval = True log_opt_values /var/lib/kolla/venv/lib/python3.6/site-packages/oslo_config/cfg.py:2611
2026-01-01 01:43:36.840 7 DEBUG oslo_service.service [-] database.db_max_retries = 20 log_opt_values /var/lib/kolla/venv/lib/python3.6/site-packages/oslo_config/cfg.py:2611
2026-01-01 01:43:36.840 7 DEBUG oslo_service.service [-] database.db_max_retry_interval = 10 log_opt_values /var/lib/kolla/venv/lib/python3.6/site-packages/oslo_config/cfg.py:2611
2026-01-01 01:43:36.840 7 DEBUG oslo_service.service [-] database.db_retry_interval = 1 log_opt_values /var/lib/kolla/venv/lib/python3.6/site-packages/oslo_config/cfg.py:2611
2026-01-01 01:43:36.840 7 DEBUG oslo_service.service [-] database.max_overflow = 50 log_opt_values /var/lib/kolla/venv/lib/python3.6/site-packages/oslo_config/cfg.py:2611
2026-01-01 01:43:36.840 7 DEBUG oslo_service.service [-] database.max_pool_size = 1 log_opt_values /var/lib/kolla/venv/lib/python3.6/site-packages/oslo_config/cfg.py:2611
2026-01-01 01:43:36.840 7 DEBUG oslo_service.service [-] database.max_retries = -1 log_opt_values /var/lib/kolla/venv/lib/python3.6/site-packages/oslo_config/cfg.py:2611
2026-01-01 01:43:36.840 7 DEBUG oslo_service.service [-] database.mysql_enable_ndb = False log_opt_values /var/lib/kolla/venv/lib/python3.6/site-packages/oslo_config/cfg.py:2611
2026-01-01 01:43:36.841 7 DEBUG oslo_service.service [-] database.mysql_sql_mode = TRADITIONAL log_opt_values /var/lib/kolla/venv/lib/python3.6/site-packages/oslo_config/cfg.py:2611
2026-01-01 01:43:36.841 7 DEBUG oslo_service.service [-] database.pool_timeout = None log_opt_values /var/lib/kolla/venv/lib/python3.6/site-packages/oslo_config/cfg.py:2611
2026-01-01 01:43:36.841 7 DEBUG oslo_service.service [-] database.retry_interval = 10 log_opt_values /var/lib/kolla/venv/lib/python3.6/site-packages/oslo_config/cfg.py:2611
2026-01-01 01:43:36.841 7 DEBUG oslo_service.service [-] database.slave_connection = **** log_opt_values /var/lib/kolla/venv/lib/python3.6/site-packages/oslo_config/cfg.py:2611
2026-01-01 01:43:36.841 7 DEBUG oslo_service.service [-] database.sqlite_synchronous = True log_opt_values /var/lib/kolla/venv/lib/python3.6/site-packages/oslo_config/cfg.py:2611
2026-01-01 01:43:36.841 7 DEBUG oslo_service.service [-] database.use_db_reconnect = False log_opt_values /var/lib/kolla/venv/lib/python3.6/site-packages/oslo_config/cfg.py:2611
2026-01-01 01:43:36.841 7 DEBUG oslo_service.service [-] ******************************************************************************** log_opt_values /var/lib/kolla/venv/lib/python3.6/site-packages/oslo_config/cfg.py:2613
2026-01-01 01:43:38.448 22 DEBUG neutron.wsgi [-] (22) accepted ('10.0.0.141', 44790) server /var/lib/kolla/venv/lib/python3.6/site-packages/eventlet/wsgi.py:1004
2026-01-01 01:43:38.454 22 INFO neutron.wsgi [-] 10.0.0.141 "GET / HTTP/1.1" status: 200 len: 228 time: 0.0047081
2026-01-01 01:43:40.583 23 DEBUG neutron.api.rpc.handlers.dhcp_rpc [req-4c2599f0-61c1-48ed-a49e-b4352323d1fa - - - - -] get_active_networks_info from cn-jenkins-deploy-platform-ansible-os-4944-1 get_active_networks_info /var/lib/kolla/venv/lib/python3.6/site-packages/neutron/api/rpc/handlers/dhcp_rpc.py:159
2026-01-01 01:43:40.604 27 DEBUG neutron_lib.callbacks.manager [req-5dbdb62e-d903-4947-895f-5ea9b1384a43 - - - - -] Publish callbacks ['neutron.services.segments.db._update_segment_host_mapping_for_agent-8758666968691', 'neutron.services.l3_router.l3_router_plugin.DVRResourceOperationHandler.create_fip_agent_gw_ports-997891'] for agent (4e23d1df-c639-4694-8cd5-753331163e73), after_create _notify_loop /var/lib/kolla/venv/lib/python3.6/site-packages/neutron_lib/callbacks/manager.py:177
2026-01-01 01:43:40.619 23 DEBUG neutron.scheduler.dhcp_agent_scheduler [req-4c2599f0-61c1-48ed-a49e-b4352323d1fa - - - - -] No non-hosted networks auto_schedule_networks /var/lib/kolla/venv/lib/python3.6/site-packages/neutron/scheduler/dhcp_agent_scheduler.py:60
2026-01-01 01:43:51.400 23 DEBUG neutron_lib.callbacks.manager [req-68a1a595-ce09-454d-88c7-d9c8d274a95e - - - - -] Publish callbacks ['neutron.services.segments.db._update_segment_host_mapping_for_agent-8758666968691', 'neutron.services.l3_router.l3_router_plugin.DVRResourceOperationHandler.create_fip_agent_gw_ports-997891'] for agent (ec150fee-07d6-4a6a-9ea1-f962dcd7792b), after_create _notify_loop /var/lib/kolla/venv/lib/python3.6/site-packages/neutron_lib/callbacks/manager.py:177
2026-01-01 01:44:08.494 22 DEBUG neutron.wsgi [-] (22) accepted ('10.0.0.141', 44202) server /var/lib/kolla/venv/lib/python3.6/site-packages/eventlet/wsgi.py:1004
2026-01-01 01:44:08.498 22 INFO neutron.wsgi [-] 10.0.0.141 "GET / HTTP/1.1" status: 200 len: 228 time: 0.0028241
2026-01-01 01:44:10.597 24 DEBUG neutron_lib.callbacks.manager [req-661fbeb5-3df9-4655-8d79-8d1ec3986790 - - - - -] Publish callbacks ['neutron.services.segments.db._update_segment_host_mapping_for_agent-8758666968691', 'neutron.plugins.ml2.plugin.Ml2Plugin._retry_binding_revived_agents-8154590'] for agent (4e23d1df-c639-4694-8cd5-753331163e73), after_update _notify_loop /var/lib/kolla/venv/lib/python3.6/site-packages/neutron_lib/callbacks/manager.py:177
2026-01-01 01:44:21.394 25 DEBUG neutron_lib.callbacks.manager [req-68a1a595-ce09-454d-88c7-d9c8d274a95e - - - - -] Publish callbacks ['neutron.services.segments.db._update_segment_host_mapping_for_agent-8758666968691', 'neutron.plugins.ml2.plugin.Ml2Plugin._retry_binding_revived_agents-8154590'] for agent (ec150fee-07d6-4a6a-9ea1-f962dcd7792b), after_update _notify_loop /var/lib/kolla/venv/lib/python3.6/site-packages/neutron_lib/callbacks/manager.py:177
2026-01-01 01:44:38.542 22 DEBUG neutron.wsgi [-] (22) accepted ('10.0.0.141', 55008) server /var/lib/kolla/venv/lib/python3.6/site-packages/eventlet/wsgi.py:1004
2026-01-01 01:44:38.545 22 INFO neutron.wsgi [-] 10.0.0.141 "GET / HTTP/1.1" status: 200 len: 228 time: 0.0025797
2026-01-01 01:44:40.604 26 DEBUG neutron_lib.callbacks.manager [req-814813cf-27bd-40b9-aadf-7f1f881b2b4b - - - - -] Publish callbacks ['neutron.services.segments.db._update_segment_host_mapping_for_agent-8758666968691', 'neutron.plugins.ml2.plugin.Ml2Plugin._retry_binding_revived_agents-8154590'] for agent (4e23d1df-c639-4694-8cd5-753331163e73), after_update _notify_loop /var/lib/kolla/venv/lib/python3.6/site-packages/neutron_lib/callbacks/manager.py:177
2026-01-01 01:44:47.794 29 DEBUG neutron.db.agents_db [req-2dd32e34-1045-4ff8-9b4d-8f937d15fecd - - - - -] Agent healthcheck: found 2 active agents agent_health_check /var/lib/kolla/venv/lib/python3.6/site-packages/neutron/db/agents_db.py:318
2026-01-01 01:44:51.396 28 DEBUG neutron_lib.callbacks.manager [req-68a1a595-ce09-454d-88c7-d9c8d274a95e - - - - -] Publish callbacks ['neutron.services.segments.db._update_segment_host_mapping_for_agent-8758666968691', 'neutron.plugins.ml2.plugin.Ml2Plugin._retry_binding_revived_agents-8154590'] for agent (ec150fee-07d6-4a6a-9ea1-f962dcd7792b), after_update _notify_loop /var/lib/kolla/venv/lib/python3.6/site-packages/neutron_lib/callbacks/manager.py:177
2026-01-01 01:45:08.589 22 DEBUG neutron.wsgi [-] (22) accepted ('10.0.0.141', 40432) server /var/lib/kolla/venv/lib/python3.6/site-packages/eventlet/wsgi.py:1004
2026-01-01 01:45:08.594 22 INFO neutron.wsgi [-] 10.0.0.141 "GET / HTTP/1.1" status: 200 len: 228 time: 0.0030234
2026-01-01 01:45:10.587 27 DEBUG neutron_lib.callbacks.manager [req-dd7ae7e1-a348-405b-a0ba-ae4206ad143a - - - - -] Publish callbacks ['neutron.services.segments.db._update_segment_host_mapping_for_agent-8758666968691', 'neutron.plugins.ml2.plugin.Ml2Plugin._retry_binding_revived_agents-8154590'] for agent (4e23d1df-c639-4694-8cd5-753331163e73), after_update _notify_loop /var/lib/kolla/venv/lib/python3.6/site-packages/neutron_lib/callbacks/manager.py:177
2026-01-01 01:45:21.395 23 DEBUG neutron_lib.callbacks.manager [req-68a1a595-ce09-454d-88c7-d9c8d274a95e - - - - -] Publish callbacks ['neutron.services.segments.db._update_segment_host_mapping_for_agent-8758666968691', 'neutron.plugins.ml2.plugin.Ml2Plugin._retry_binding_revived_agents-8154590'] for agent (ec150fee-07d6-4a6a-9ea1-f962dcd7792b), after_update _notify_loop /var/lib/kolla/venv/lib/python3.6/site-packages/neutron_lib/callbacks/manager.py:177
2026-01-01 01:45:24.792 29 DEBUG neutron.db.agents_db [req-2dd32e34-1045-4ff8-9b4d-8f937d15fecd - - - - -] Agent healthcheck: found 2 active agents agent_health_check /var/lib/kolla/venv/lib/python3.6/site-packages/neutron/db/agents_db.py:318
2026-01-01 01:45:38.635 22 DEBUG neutron.wsgi [-] (22) accepted ('10.0.0.141', 33130) server /var/lib/kolla/venv/lib/python3.6/site-packages/eventlet/wsgi.py:1004
2026-01-01 01:45:38.639 22 INFO neutron.wsgi [-] 10.0.0.141 "GET / HTTP/1.1" status: 200 len: 228 time: 0.0027270
2026-01-01 01:45:40.583 24 DEBUG neutron_lib.callbacks.manager [req-e86e6b7b-4d41-453c-bb9f-66895bf98b40 - - - - -] Publish callbacks ['neutron.services.segments.db._update_segment_host_mapping_for_agent-8758666968691', 'neutron.plugins.ml2.plugin.Ml2Plugin._retry_binding_revived_agents-8154590'] for agent (4e23d1df-c639-4694-8cd5-753331163e73), after_update _notify_loop /var/lib/kolla/venv/lib/python3.6/site-packages/neutron_lib/callbacks/manager.py:177
2026-01-01 01:45:51.386 25 DEBUG neutron_lib.callbacks.manager [req-68a1a595-ce09-454d-88c7-d9c8d274a95e - - - - -] Publish callbacks ['neutron.services.segments.db._update_segment_host_mapping_for_agent-8758666968691', 'neutron.plugins.ml2.plugin.Ml2Plugin._retry_binding_revived_agents-8154590'] for agent (ec150fee-07d6-4a6a-9ea1-f962dcd7792b), after_update _notify_loop /var/lib/kolla/venv/lib/python3.6/site-packages/neutron_lib/callbacks/manager.py:177
2026-01-01 01:46:01.801 29 DEBUG neutron.db.agents_db [req-2dd32e34-1045-4ff8-9b4d-8f937d15fecd - - - - -] Agent healthcheck: found 2 active agents agent_health_check /var/lib/kolla/venv/lib/python3.6/site-packages/neutron/db/agents_db.py:318
2026-01-01 01:46:08.679 22 DEBUG neutron.wsgi [-] (22) accepted ('10.0.0.141', 59824) server /var/lib/kolla/venv/lib/python3.6/site-packages/eventlet/wsgi.py:1004
2026-01-01 01:46:08.684 22 INFO neutron.wsgi [-] 10.0.0.141 "GET / HTTP/1.1" status: 200 len: 228 time: 0.0036373
2026-01-01 01:46:10.578 26 DEBUG neutron_lib.callbacks.manager [req-e62a2ee1-dbfa-419f-b6b3-b50522e59542 - - - - -] Publish callbacks ['neutron.services.segments.db._update_segment_host_mapping_for_agent-8758666968691', 'neutron.plugins.ml2.plugin.Ml2Plugin._retry_binding_revived_agents-8154590'] for agent (4e23d1df-c639-4694-8cd5-753331163e73), after_update _notify_loop /var/lib/kolla/venv/lib/python3.6/site-packages/neutron_lib/callbacks/manager.py:177
2026-01-01 01:46:21.387 28 DEBUG neutron_lib.callbacks.manager [req-68a1a595-ce09-454d-88c7-d9c8d274a95e - - - - -] Publish callbacks ['neutron.services.segments.db._update_segment_host_mapping_for_agent-8758666968691', 'neutron.plugins.ml2.plugin.Ml2Plugin._retry_binding_revived_agents-8154590'] for agent (ec150fee-07d6-4a6a-9ea1-f962dcd7792b), after_update _notify_loop /var/lib/kolla/venv/lib/python3.6/site-packages/neutron_lib/callbacks/manager.py:177
2026-01-01 01:46:38.726 22 DEBUG neutron.wsgi [-] (22) accepted ('10.0.0.141', 52188) server /var/lib/kolla/venv/lib/python3.6/site-packages/eventlet/wsgi.py:1004
2026-01-01 01:46:38.729 22 INFO neutron.wsgi [-] 10.0.0.141 "GET / HTTP/1.1" status: 200 len: 228 time: 0.0025604
2026-01-01 01:46:38.807 29 DEBUG neutron.db.agents_db [req-2dd32e34-1045-4ff8-9b4d-8f937d15fecd - - - - -] Agent healthcheck: found 2 active agents agent_health_check /var/lib/kolla/venv/lib/python3.6/site-packages/neutron/db/agents_db.py:318
2026-01-01 01:46:40.587 27 DEBUG neutron_lib.callbacks.manager [req-ac74e1b7-f927-41f1-81ea-cf928175bb0c - - - - -] Publish callbacks ['neutron.services.segments.db._update_segment_host_mapping_for_agent-8758666968691', 'neutron.plugins.ml2.plugin.Ml2Plugin._retry_binding_revived_agents-8154590'] for agent (4e23d1df-c639-4694-8cd5-753331163e73), after_update _notify_loop /var/lib/kolla/venv/lib/python3.6/site-packages/neutron_lib/callbacks/manager.py:177
2026-01-01 01:46:51.390 23 DEBUG neutron_lib.callbacks.manager [req-68a1a595-ce09-454d-88c7-d9c8d274a95e - - - - -] Publish callbacks ['neutron.services.segments.db._update_segment_host_mapping_for_agent-8758666968691', 'neutron.plugins.ml2.plugin.Ml2Plugin._retry_binding_revived_agents-8154590'] for agent (ec150fee-07d6-4a6a-9ea1-f962dcd7792b), after_update _notify_loop /var/lib/kolla/venv/lib/python3.6/site-packages/neutron_lib/callbacks/manager.py:177
2026-01-01 01:47:08.771 22 DEBUG neutron.wsgi [-] (22) accepted ('10.0.0.141', 56190) server /var/lib/kolla/venv/lib/python3.6/site-packages/eventlet/wsgi.py:1004
2026-01-01 01:47:08.775 22 INFO neutron.wsgi [-] 10.0.0.141 "GET / HTTP/1.1" status: 200 len: 228 time: 0.0028939
2026-01-01 01:47:10.583 24 DEBUG neutron_lib.callbacks.manager [req-42bc6f4b-025d-432f-8d6a-cc3189e2eefe - - - - -] Publish callbacks ['neutron.services.segments.db._update_segment_host_mapping_for_agent-8758666968691', 'neutron.plugins.ml2.plugin.Ml2Plugin._retry_binding_revived_agents-8154590'] for agent (4e23d1df-c639-4694-8cd5-753331163e73), after_update _notify_loop /var/lib/kolla/venv/lib/python3.6/site-packages/neutron_lib/callbacks/manager.py:177
2026-01-01 01:47:15.816 29 DEBUG neutron.db.agents_db [req-2dd32e34-1045-4ff8-9b4d-8f937d15fecd - - - - -] Agent healthcheck: found 2 active agents agent_health_check /var/lib/kolla/venv/lib/python3.6/site-packages/neutron/db/agents_db.py:318
2026-01-01 01:47:21.405 25 DEBUG neutron_lib.callbacks.manager [req-68a1a595-ce09-454d-88c7-d9c8d274a95e - - - - -] Publish callbacks ['neutron.services.segments.db._update_segment_host_mapping_for_agent-8758666968691', 'neutron.plugins.ml2.plugin.Ml2Plugin._retry_binding_revived_agents-8154590'] for agent (ec150fee-07d6-4a6a-9ea1-f962dcd7792b), after_update _notify_loop /var/lib/kolla/venv/lib/python3.6/site-packages/neutron_lib/callbacks/manager.py:177
2026-01-01 01:47:38.816 22 DEBUG neutron.wsgi [-] (22) accepted ('10.0.0.141', 41394) server /var/lib/kolla/venv/lib/python3.6/site-packages/eventlet/wsgi.py:1004
2026-01-01 01:47:38.820 22 INFO neutron.wsgi [-] 10.0.0.141 "GET / HTTP/1.1" status: 200 len: 228 time: 0.0026641
2026-01-01 01:47:40.579 26 DEBUG neutron_lib.callbacks.manager [req-fc585d99-da82-4dc8-9a4c-c95f622d9fcc - - - - -] Publish callbacks ['neutron.services.segments.db._update_segment_host_mapping_for_agent-8758666968691', 'neutron.plugins.ml2.plugin.Ml2Plugin._retry_binding_revived_agents-8154590'] for agent (4e23d1df-c639-4694-8cd5-753331163e73), after_update _notify_loop /var/lib/kolla/venv/lib/python3.6/site-packages/neutron_lib/callbacks/manager.py:177
2026-01-01 01:47:51.393 28 DEBUG neutron_lib.callbacks.manager [req-68a1a595-ce09-454d-88c7-d9c8d274a95e - - - - -] Publish callbacks ['neutron.services.segments.db._update_segment_host_mapping_for_agent-8758666968691', 'neutron.plugins.ml2.plugin.Ml2Plugin._retry_binding_revived_agents-8154590'] for agent (ec150fee-07d6-4a6a-9ea1-f962dcd7792b), after_update _notify_loop /var/lib/kolla/venv/lib/python3.6/site-packages/neutron_lib/callbacks/manager.py:177
2026-01-01 01:47:52.824 29 DEBUG neutron.db.agents_db [req-2dd32e34-1045-4ff8-9b4d-8f937d15fecd - - - - -] Agent healthcheck: found 2 active agents agent_health_check /var/lib/kolla/venv/lib/python3.6/site-packages/neutron/db/agents_db.py:318
2026-01-01 01:48:08.886 22 DEBUG neutron.wsgi [-] (22) accepted ('10.0.0.141', 40694) server /var/lib/kolla/venv/lib/python3.6/site-packages/eventlet/wsgi.py:1004
2026-01-01 01:48:08.891 22 INFO neutron.wsgi [-] 10.0.0.141 "GET / HTTP/1.1" status: 200 len: 228 time: 0.0042517
2026-01-01 01:48:10.576 27 DEBUG neutron_lib.callbacks.manager [req-00656745-9f9d-43be-8f21-4e2ca7373cf9 - - - - -] Publish callbacks ['neutron.services.segments.db._update_segment_host_mapping_for_agent-8758666968691', 'neutron.plugins.ml2.plugin.Ml2Plugin._retry_binding_revived_agents-8154590'] for agent (4e23d1df-c639-4694-8cd5-753331163e73), after_update _notify_loop /var/lib/kolla/venv/lib/python3.6/site-packages/neutron_lib/callbacks/manager.py:177
2026-01-01 01:48:21.395 23 DEBUG neutron_lib.callbacks.manager [req-68a1a595-ce09-454d-88c7-d9c8d274a95e - - - - -] Publish callbacks ['neutron.services.segments.db._update_segment_host_mapping_for_agent-8758666968691', 'neutron.plugins.ml2.plugin.Ml2Plugin._retry_binding_revived_agents-8154590'] for agent (ec150fee-07d6-4a6a-9ea1-f962dcd7792b), after_update _notify_loop /var/lib/kolla/venv/lib/python3.6/site-packages/neutron_lib/callbacks/manager.py:177
2026-01-01 01:48:29.820 29 DEBUG neutron.db.agents_db [req-2dd32e34-1045-4ff8-9b4d-8f937d15fecd - - - - -] Agent healthcheck: found 2 active agents agent_health_check /var/lib/kolla/venv/lib/python3.6/site-packages/neutron/db/agents_db.py:318
2026-01-01 01:48:38.937 22 DEBUG neutron.wsgi [-] (22) accepted ('10.0.0.141', 38700) server /var/lib/kolla/venv/lib/python3.6/site-packages/eventlet/wsgi.py:1004
2026-01-01 01:48:38.941 22 INFO neutron.wsgi [-] 10.0.0.141 "GET / HTTP/1.1" status: 200 len: 228 time: 0.0027270
2026-01-01 01:48:40.609 24 DEBUG neutron_lib.callbacks.manager [req-dc6ad867-0329-4de1-a60a-06954de9780d - - - - -] Publish callbacks ['neutron.services.segments.db._update_segment_host_mapping_for_agent-8758666968691', 'neutron.plugins.ml2.plugin.Ml2Plugin._retry_binding_revived_agents-8154590'] for agent (4e23d1df-c639-4694-8cd5-753331163e73), after_update _notify_loop /var/lib/kolla/venv/lib/python3.6/site-packages/neutron_lib/callbacks/manager.py:177
2026-01-01 01:48:51.398 25 DEBUG neutron_lib.callbacks.manager [req-68a1a595-ce09-454d-88c7-d9c8d274a95e - - - - -] Publish callbacks ['neutron.services.segments.db._update_segment_host_mapping_for_agent-8758666968691', 'neutron.plugins.ml2.plugin.Ml2Plugin._retry_binding_revived_agents-8154590'] for agent (ec150fee-07d6-4a6a-9ea1-f962dcd7792b), after_update _notify_loop /var/lib/kolla/venv/lib/python3.6/site-packages/neutron_lib/callbacks/manager.py:177
2026-01-01 01:49:06.825 29 DEBUG neutron.db.agents_db [req-2dd32e34-1045-4ff8-9b4d-8f937d15fecd - - - - -] Agent healthcheck: found 2 active agents agent_health_check /var/lib/kolla/venv/lib/python3.6/site-packages/neutron/db/agents_db.py:318
2026-01-01 01:49:08.988 22 DEBUG neutron.wsgi [-] (22) accepted ('10.0.0.141', 48332) server /var/lib/kolla/venv/lib/python3.6/site-packages/eventlet/wsgi.py:1004
2026-01-01 01:49:08.994 22 INFO neutron.wsgi [-] 10.0.0.141 "GET / HTTP/1.1" status: 200 len: 228 time: 0.0042229
2026-01-01 01:49:10.575 26 DEBUG neutron_lib.callbacks.manager [req-fdaea2ff-b5ee-4342-86dd-4b67de541331 - - - - -] Publish callbacks ['neutron.services.segments.db._update_segment_host_mapping_for_agent-8758666968691', 'neutron.plugins.ml2.plugin.Ml2Plugin._retry_binding_revived_agents-8154590'] for agent (4e23d1df-c639-4694-8cd5-753331163e73), after_update _notify_loop /var/lib/kolla/venv/lib/python3.6/site-packages/neutron_lib/callbacks/manager.py:177
2026-01-01 01:49:21.403 28 DEBUG neutron_lib.callbacks.manager [req-68a1a595-ce09-454d-88c7-d9c8d274a95e - - - - -] Publish callbacks ['neutron.services.segments.db._update_segment_host_mapping_for_agent-8758666968691', 'neutron.plugins.ml2.plugin.Ml2Plugin._retry_binding_revived_agents-8154590'] for agent (ec150fee-07d6-4a6a-9ea1-f962dcd7792b), after_update _notify_loop /var/lib/kolla/venv/lib/python3.6/site-packages/neutron_lib/callbacks/manager.py:177
2026-01-01 01:49:39.039 22 DEBUG neutron.wsgi [-] (22) accepted ('10.0.0.141', 49256) server /var/lib/kolla/venv/lib/python3.6/site-packages/eventlet/wsgi.py:1004
2026-01-01 01:49:39.043 22 INFO neutron.wsgi [-] 10.0.0.141 "GET / HTTP/1.1" status: 200 len: 228 time: 0.0026269
2026-01-01 01:49:40.571 27 DEBUG neutron_lib.callbacks.manager [req-395e5a0b-8b6a-4e5f-9a97-f36d2cfc6327 - - - - -] Publish callbacks ['neutron.services.segments.db._update_segment_host_mapping_for_agent-8758666968691', 'neutron.plugins.ml2.plugin.Ml2Plugin._retry_binding_revived_agents-8154590'] for agent (4e23d1df-c639-4694-8cd5-753331163e73), after_update _notify_loop /var/lib/kolla/venv/lib/python3.6/site-packages/neutron_lib/callbacks/manager.py:177
2026-01-01 01:49:43.832 29 DEBUG neutron.db.agents_db [req-2dd32e34-1045-4ff8-9b4d-8f937d15fecd - - - - -] Agent healthcheck: found 2 active agents agent_health_check /var/lib/kolla/venv/lib/python3.6/site-packages/neutron/db/agents_db.py:318
2026-01-01 01:49:51.519 23 DEBUG neutron_lib.callbacks.manager [req-68a1a595-ce09-454d-88c7-d9c8d274a95e - - - - -] Publish callbacks ['neutron.services.segments.db._update_segment_host_mapping_for_agent-8758666968691', 'neutron.plugins.ml2.plugin.Ml2Plugin._retry_binding_revived_agents-8154590'] for agent (ec150fee-07d6-4a6a-9ea1-f962dcd7792b), after_update _notify_loop /var/lib/kolla/venv/lib/python3.6/site-packages/neutron_lib/callbacks/manager.py:177
2026-01-01 01:50:09.088 22 DEBUG neutron.wsgi [-] (22) accepted ('10.0.0.141', 57324) server /var/lib/kolla/venv/lib/python3.6/site-packages/eventlet/wsgi.py:1004
2026-01-01 01:50:09.091 22 INFO neutron.wsgi [-] 10.0.0.141 "GET / HTTP/1.1" status: 200 len: 228 time: 0.0025282
2026-01-01 01:50:10.580 24 DEBUG neutron_lib.callbacks.manager [req-4dd3f979-5294-4a59-a144-299375fa79f4 - - - - -] Publish callbacks ['neutron.services.segments.db._update_segment_host_mapping_for_agent-8758666968691', 'neutron.plugins.ml2.plugin.Ml2Plugin._retry_binding_revived_agents-8154590'] for agent (4e23d1df-c639-4694-8cd5-753331163e73), after_update _notify_loop /var/lib/kolla/venv/lib/python3.6/site-packages/neutron_lib/callbacks/manager.py:177
2026-01-01 01:50:20.841 29 DEBUG neutron.db.agents_db [req-2dd32e34-1045-4ff8-9b4d-8f937d15fecd - - - - -] Agent healthcheck: found 2 active agents agent_health_check /var/lib/kolla/venv/lib/python3.6/site-packages/neutron/db/agents_db.py:318
2026-01-01 01:50:21.413 25 DEBUG neutron_lib.callbacks.manager [req-68a1a595-ce09-454d-88c7-d9c8d274a95e - - - - -] Publish callbacks ['neutron.services.segments.db._update_segment_host_mapping_for_agent-8758666968691', 'neutron.plugins.ml2.plugin.Ml2Plugin._retry_binding_revived_agents-8154590'] for agent (ec150fee-07d6-4a6a-9ea1-f962dcd7792b), after_update _notify_loop /var/lib/kolla/venv/lib/python3.6/site-packages/neutron_lib/callbacks/manager.py:177
2026-01-01 01:50:39.136 22 DEBUG neutron.wsgi [-] (22) accepted ('10.0.0.141', 39452) server /var/lib/kolla/venv/lib/python3.6/site-packages/eventlet/wsgi.py:1004
2026-01-01 01:50:39.140 22 INFO neutron.wsgi [-] 10.0.0.141 "GET / HTTP/1.1" status: 200 len: 228 time: 0.0031881
2026-01-01 01:50:40.575 26 DEBUG neutron_lib.callbacks.manager [req-0abdad79-1bcf-457e-a433-2096dbe9e39c - - - - -] Publish callbacks ['neutron.services.segments.db._update_segment_host_mapping_for_agent-8758666968691', 'neutron.plugins.ml2.plugin.Ml2Plugin._retry_binding_revived_agents-8154590'] for agent (4e23d1df-c639-4694-8cd5-753331163e73), after_update _notify_loop /var/lib/kolla/venv/lib/python3.6/site-packages/neutron_lib/callbacks/manager.py:177
2026-01-01 01:50:51.416 28 DEBUG neutron_lib.callbacks.manager [req-68a1a595-ce09-454d-88c7-d9c8d274a95e - - - - -] Publish callbacks ['neutron.services.segments.db._update_segment_host_mapping_for_agent-8758666968691', 'neutron.plugins.ml2.plugin.Ml2Plugin._retry_binding_revived_agents-8154590'] for agent (ec150fee-07d6-4a6a-9ea1-f962dcd7792b), after_update _notify_loop /var/lib/kolla/venv/lib/python3.6/site-packages/neutron_lib/callbacks/manager.py:177
2026-01-01 01:50:57.847 29 DEBUG neutron.db.agents_db [req-2dd32e34-1045-4ff8-9b4d-8f937d15fecd - - - - -] Agent healthcheck: found 2 active agents agent_health_check /var/lib/kolla/venv/lib/python3.6/site-packages/neutron/db/agents_db.py:318
2026-01-01 01:51:09.184 22 DEBUG neutron.wsgi [-] (22) accepted ('10.0.0.141', 54966) server /var/lib/kolla/venv/lib/python3.6/site-packages/eventlet/wsgi.py:1004
2026-01-01 01:51:09.187 22 INFO neutron.wsgi [-] 10.0.0.141 "GET / HTTP/1.1" status: 200 len: 228 time: 0.0026793
2026-01-01 01:51:10.582 27 DEBUG neutron_lib.callbacks.manager [req-c409d1d9-14da-45f2-acc2-8daf8ab82129 - - - - -] Publish callbacks ['neutron.services.segments.db._update_segment_host_mapping_for_agent-8758666968691', 'neutron.plugins.ml2.plugin.Ml2Plugin._retry_binding_revived_agents-8154590'] for agent (4e23d1df-c639-4694-8cd5-753331163e73), after_update _notify_loop /var/lib/kolla/venv/lib/python3.6/site-packages/neutron_lib/callbacks/manager.py:177
2026-01-01 01:51:21.417 23 DEBUG neutron_lib.callbacks.manager [req-68a1a595-ce09-454d-88c7-d9c8d274a95e - - - - -] Publish callbacks ['neutron.services.segments.db._update_segment_host_mapping_for_agent-8758666968691', 'neutron.plugins.ml2.plugin.Ml2Plugin._retry_binding_revived_agents-8154590'] for agent (ec150fee-07d6-4a6a-9ea1-f962dcd7792b), after_update _notify_loop /var/lib/kolla/venv/lib/python3.6/site-packages/neutron_lib/callbacks/manager.py:177
2026-01-01 01:51:34.845 29 DEBUG neutron.db.agents_db [req-2dd32e34-1045-4ff8-9b4d-8f937d15fecd - - - - -] Agent healthcheck: found 2 active agents agent_health_check /var/lib/kolla/venv/lib/python3.6/site-packages/neutron/db/agents_db.py:318
2026-01-01 01:51:39.232 22 DEBUG neutron.wsgi [-] (22) accepted ('10.0.0.141', 60720) server /var/lib/kolla/venv/lib/python3.6/site-packages/eventlet/wsgi.py:1004
2026-01-01 01:51:39.235 22 INFO neutron.wsgi [-] 10.0.0.141 "GET / HTTP/1.1" status: 200 len: 228 time: 0.0027776
2026-01-01 01:51:40.581 24 DEBUG neutron_lib.callbacks.manager [req-ad919cd8-c32c-42fd-854a-18f4b1b1dfba - - - - -] Publish callbacks ['neutron.services.segments.db._update_segment_host_mapping_for_agent-8758666968691', 'neutron.plugins.ml2.plugin.Ml2Plugin._retry_binding_revived_agents-8154590'] for agent (4e23d1df-c639-4694-8cd5-753331163e73), after_update _notify_loop /var/lib/kolla/venv/lib/python3.6/site-packages/neutron_lib/callbacks/manager.py:177
2026-01-01 01:51:51.419 25 DEBUG neutron_lib.callbacks.manager [req-68a1a595-ce09-454d-88c7-d9c8d274a95e - - - - -] Publish callbacks ['neutron.services.segments.db._update_segment_host_mapping_for_agent-8758666968691', 'neutron.plugins.ml2.plugin.Ml2Plugin._retry_binding_revived_agents-8154590'] for agent (ec150fee-07d6-4a6a-9ea1-f962dcd7792b), after_update _notify_loop /var/lib/kolla/venv/lib/python3.6/site-packages/neutron_lib/callbacks/manager.py:177
2026-01-01 01:52:05.069 7 INFO oslo_service.service [-] Caught SIGTERM, stopping children
2026-01-01 01:52:05.070 7 DEBUG oslo_concurrency.lockutils [-] Acquired lock "singleton_lock" lock /var/lib/kolla/venv/lib/python3.6/site-packages/oslo_concurrency/lockutils.py:294
2026-01-01 01:52:05.070 7 DEBUG oslo_concurrency.lockutils [-] Releasing lock "singleton_lock" lock /var/lib/kolla/venv/lib/python3.6/site-packages/oslo_concurrency/lockutils.py:312
2026-01-01 01:52:05.070 7 DEBUG oslo_service.service [-] Stop services. stop /var/lib/kolla/venv/lib/python3.6/site-packages/oslo_service/service.py:695
2026-01-01 01:52:05.070 7 DEBUG neutron.service [-] calling RpcWorker stop() stop /var/lib/kolla/venv/lib/python3.6/site-packages/neutron/service.py:138
2026-01-01 01:52:05.070 7 DEBUG neutron.service [-] calling RpcWorker stop() stop /var/lib/kolla/venv/lib/python3.6/site-packages/neutron/service.py:138
2026-01-01 01:52:05.070 7 DEBUG oslo_service.service [-] Killing children. stop /var/lib/kolla/venv/lib/python3.6/site-packages/oslo_service/service.py:700
2026-01-01 01:52:05.070 7 INFO oslo_service.service [-] Waiting on 8 children to exit
2026-01-01 01:52:05.071 25 DEBUG neutron.service [-] calling RpcWorker stop() stop /var/lib/kolla/venv/lib/python3.6/site-packages/neutron/service.py:138
2026-01-01 01:52:05.071 23 DEBUG neutron.service [-] calling RpcWorker stop() stop /var/lib/kolla/venv/lib/python3.6/site-packages/neutron/service.py:138
2026-01-01 01:52:05.071 22 INFO neutron.wsgi [-] (22) wsgi exited, is_accepting=True
2026-01-01 01:52:05.071 23 DEBUG neutron.service [-] calling stop on stop /var/lib/kolla/venv/lib/python3.6/site-packages/neutron/service.py:141
2026-01-01 01:52:05.072 22 DEBUG oslo_concurrency.lockutils [req-29169daf-fa50-4b53-838a-2d301c0eddf2 - - - - -] Acquired lock "singleton_lock" lock /var/lib/kolla/venv/lib/python3.6/site-packages/oslo_concurrency/lockutils.py:294
2026-01-01 01:52:05.072 22 DEBUG oslo_concurrency.lockutils [req-29169daf-fa50-4b53-838a-2d301c0eddf2 - - - - -] Releasing lock "singleton_lock" lock /var/lib/kolla/venv/lib/python3.6/site-packages/oslo_concurrency/lockutils.py:312
2026-01-01 01:52:05.071 25 DEBUG neutron.service [-] calling stop on stop /var/lib/kolla/venv/lib/python3.6/site-packages/neutron/service.py:141
2026-01-01 01:52:05.073 24 DEBUG neutron.service [-] calling RpcWorker stop() stop /var/lib/kolla/venv/lib/python3.6/site-packages/neutron/service.py:138
2026-01-01 01:52:05.073 28 DEBUG neutron.service [-] calling RpcWorker stop() stop /var/lib/kolla/venv/lib/python3.6/site-packages/neutron/service.py:138
2026-01-01 01:52:05.073 27 DEBUG neutron.service [-] calling RpcWorker stop() stop /var/lib/kolla/venv/lib/python3.6/site-packages/neutron/service.py:138
2026-01-01 01:52:05.074 24 DEBUG neutron.service [-] calling stop on stop /var/lib/kolla/venv/lib/python3.6/site-packages/neutron/service.py:141
2026-01-01 01:52:05.074 27 DEBUG neutron.service [-] calling stop on stop /var/lib/kolla/venv/lib/python3.6/site-packages/neutron/service.py:141
2026-01-01 01:52:05.074 28 DEBUG neutron.service [-] calling stop on stop /var/lib/kolla/venv/lib/python3.6/site-packages/neutron/service.py:141
2026-01-01 01:52:05.076 7 INFO oslo_service.service [-] Child 22 exited with status 0
2026-01-01 01:52:05.076 29 DEBUG neutron.service [-] calling RpcWorker stop() stop /var/lib/kolla/venv/lib/python3.6/site-packages/neutron/service.py:138
2026-01-01 01:52:05.077 26 DEBUG neutron.service [-] calling RpcWorker stop() stop /var/lib/kolla/venv/lib/python3.6/site-packages/neutron/service.py:138
2026-01-01 01:52:05.077 29 DEBUG neutron.service [-] calling stop on stop /var/lib/kolla/venv/lib/python3.6/site-packages/neutron/service.py:141
2026-01-01 01:52:05.077 26 DEBUG neutron.service [-] calling stop on stop /var/lib/kolla/venv/lib/python3.6/site-packages/neutron/service.py:141
2026-01-01 01:52:10.570 26 DEBUG oslo_concurrency.lockutils [req-29169daf-fa50-4b53-838a-2d301c0eddf2 - - - - -] Acquired lock "singleton_lock" lock /var/lib/kolla/venv/lib/python3.6/site-packages/oslo_concurrency/lockutils.py:294
2026-01-01 01:52:10.570 26 DEBUG oslo_concurrency.lockutils [req-29169daf-fa50-4b53-838a-2d301c0eddf2 - - - - -] Releasing lock "singleton_lock" lock /var/lib/kolla/venv/lib/python3.6/site-packages/oslo_concurrency/lockutils.py:312
2026-01-01 01:52:10.570 26 DEBUG neutron.service [req-29169daf-fa50-4b53-838a-2d301c0eddf2 - - - - -] calling RpcWorker wait() _wait /var/lib/kolla/venv/lib/python3.6/site-packages/neutron/service.py:128
2026-01-01 01:52:10.570 26 DEBUG neutron.service [req-29169daf-fa50-4b53-838a-2d301c0eddf2 - - - - -] calling wait on _wait /var/lib/kolla/venv/lib/python3.6/site-packages/neutron/service.py:131
2026-01-01 01:52:10.579 26 DEBUG neutron_lib.callbacks.manager [req-da85acb4-5498-4f0f-bb67-0693c4a361d1 - - - - -] Publish callbacks ['neutron.services.segments.db._update_segment_host_mapping_for_agent-8758666968691', 'neutron.plugins.ml2.plugin.Ml2Plugin._retry_binding_revived_agents-8154590'] for agent (4e23d1df-c639-4694-8cd5-753331163e73), after_update _notify_loop /var/lib/kolla/venv/lib/python3.6/site-packages/neutron_lib/callbacks/manager.py:177
2026-01-01 01:52:10.589 26 WARNING amqp [req-29169daf-fa50-4b53-838a-2d301c0eddf2 - - - - -] Received method (60, 30) during closing channel 1. This method will be ignored
2026-01-01 01:52:10.592 26 DEBUG neutron.service [req-29169daf-fa50-4b53-838a-2d301c0eddf2 - - - - -] returning from RpcWorker wait() _wait /var/lib/kolla/venv/lib/python3.6/site-packages/neutron/service.py:135
2026-01-01 01:52:10.598 7 INFO oslo_service.service [-] Child 26 exited with status 0
2026-01-01 01:52:11.784 23 DEBUG neutron.service [-] calling stop on stop /var/lib/kolla/venv/lib/python3.6/site-packages/neutron/service.py:141
2026-01-01 01:52:11.785 24 DEBUG neutron.service [-] calling stop on stop /var/lib/kolla/venv/lib/python3.6/site-packages/neutron/service.py:141
2026-01-01 01:52:11.797 25 DEBUG neutron.service [-] calling stop on stop /var/lib/kolla/venv/lib/python3.6/site-packages/neutron/service.py:141
2026-01-01 01:52:11.798 23 DEBUG neutron.service [-] calling stop on stop /var/lib/kolla/venv/lib/python3.6/site-packages/neutron/service.py:141
2026-01-01 01:52:11.806 24 DEBUG neutron.service [-] calling stop on stop /var/lib/kolla/venv/lib/python3.6/site-packages/neutron/service.py:141
2026-01-01 01:52:11.806 27 DEBUG oslo_concurrency.lockutils [req-29169daf-fa50-4b53-838a-2d301c0eddf2 - - - - -] Acquired lock "singleton_lock" lock /var/lib/kolla/venv/lib/python3.6/site-packages/oslo_concurrency/lockutils.py:294
2026-01-01 01:52:11.807 27 DEBUG oslo_concurrency.lockutils [req-29169daf-fa50-4b53-838a-2d301c0eddf2 - - - - -] Releasing lock "singleton_lock" lock /var/lib/kolla/venv/lib/python3.6/site-packages/oslo_concurrency/lockutils.py:312
2026-01-01 01:52:11.807 25 DEBUG neutron.service [-] calling stop on stop /var/lib/kolla/venv/lib/python3.6/site-packages/neutron/service.py:141
2026-01-01 01:52:11.807 27 DEBUG neutron.service [req-29169daf-fa50-4b53-838a-2d301c0eddf2 - - - - -] calling RpcWorker wait() _wait /var/lib/kolla/venv/lib/python3.6/site-packages/neutron/service.py:128
2026-01-01 01:52:11.807 27 DEBUG neutron.service [req-29169daf-fa50-4b53-838a-2d301c0eddf2 - - - - -] calling wait on _wait /var/lib/kolla/venv/lib/python3.6/site-packages/neutron/service.py:131
2026-01-01 01:52:11.811 29 DEBUG oslo_concurrency.lockutils [req-29169daf-fa50-4b53-838a-2d301c0eddf2 - - - - -] Acquired lock "singleton_lock" lock /var/lib/kolla/venv/lib/python3.6/site-packages/oslo_concurrency/lockutils.py:294
2026-01-01 01:52:11.813 29 DEBUG oslo_concurrency.lockutils [req-29169daf-fa50-4b53-838a-2d301c0eddf2 - - - - -] Releasing lock "singleton_lock" lock /var/lib/kolla/venv/lib/python3.6/site-packages/oslo_concurrency/lockutils.py:312
2026-01-01 01:52:11.814 29 DEBUG neutron.service [req-29169daf-fa50-4b53-838a-2d301c0eddf2 - - - - -] calling RpcWorker wait() _wait /var/lib/kolla/venv/lib/python3.6/site-packages/neutron/service.py:128
2026-01-01 01:52:11.814 29 DEBUG neutron.service [req-29169daf-fa50-4b53-838a-2d301c0eddf2 - - - - -] calling wait on _wait /var/lib/kolla/venv/lib/python3.6/site-packages/neutron/service.py:131
2026-01-01 01:52:11.814 27 WARNING amqp [req-29169daf-fa50-4b53-838a-2d301c0eddf2 - - - - -] Received method (60, 30) during closing channel 1. This method will be ignored
2026-01-01 01:52:11.815 27 DEBUG neutron.service [req-29169daf-fa50-4b53-838a-2d301c0eddf2 - - - - -] returning from RpcWorker wait() _wait /var/lib/kolla/venv/lib/python3.6/site-packages/neutron/service.py:135
2026-01-01 01:52:11.818 23 DEBUG neutron.service [-] calling stop on stop /var/lib/kolla/venv/lib/python3.6/site-packages/neutron/service.py:141
2026-01-01 01:52:11.820 7 INFO oslo_service.service [-] Child 27 exited with status 0
2026-01-01 01:52:11.820 29 WARNING amqp [req-29169daf-fa50-4b53-838a-2d301c0eddf2 - - - - -] Received method (60, 30) during closing channel 1. This method will be ignored
2026-01-01 01:52:11.821 29 DEBUG neutron.service [req-29169daf-fa50-4b53-838a-2d301c0eddf2 - - - - -] returning from RpcWorker wait() _wait /var/lib/kolla/venv/lib/python3.6/site-packages/neutron/service.py:135
2026-01-01 01:52:11.825 7 INFO oslo_service.service [-] Child 29 exited with status 0
2026-01-01 01:52:11.829 28 DEBUG oslo_concurrency.lockutils [req-29169daf-fa50-4b53-838a-2d301c0eddf2 - - - - -] Acquired lock "singleton_lock" lock /var/lib/kolla/venv/lib/python3.6/site-packages/oslo_concurrency/lockutils.py:294
2026-01-01 01:52:11.830 28 DEBUG oslo_concurrency.lockutils [req-29169daf-fa50-4b53-838a-2d301c0eddf2 - - - - -] Releasing lock "singleton_lock" lock /var/lib/kolla/venv/lib/python3.6/site-packages/oslo_concurrency/lockutils.py:312
2026-01-01 01:52:11.830 28 DEBUG neutron.service [req-29169daf-fa50-4b53-838a-2d301c0eddf2 - - - - -] calling RpcWorker wait() _wait /var/lib/kolla/venv/lib/python3.6/site-packages/neutron/service.py:128
2026-01-01 01:52:11.830 28 DEBUG neutron.service [req-29169daf-fa50-4b53-838a-2d301c0eddf2 - - - - -] calling wait on _wait /var/lib/kolla/venv/lib/python3.6/site-packages/neutron/service.py:131
2026-01-01 01:52:11.831 23 DEBUG oslo_concurrency.lockutils [req-29169daf-fa50-4b53-838a-2d301c0eddf2 - - - - -] Acquired lock "singleton_lock" lock /var/lib/kolla/venv/lib/python3.6/site-packages/oslo_concurrency/lockutils.py:294
2026-01-01 01:52:11.831 23 DEBUG oslo_concurrency.lockutils [req-29169daf-fa50-4b53-838a-2d301c0eddf2 - - - - -] Releasing lock "singleton_lock" lock /var/lib/kolla/venv/lib/python3.6/site-packages/oslo_concurrency/lockutils.py:312
2026-01-01 01:52:11.832 23 DEBUG neutron.service [req-29169daf-fa50-4b53-838a-2d301c0eddf2 - - - - -] calling RpcWorker wait() _wait /var/lib/kolla/venv/lib/python3.6/site-packages/neutron/service.py:128
2026-01-01 01:52:11.832 23 DEBUG neutron.service [req-29169daf-fa50-4b53-838a-2d301c0eddf2 - - - - -] calling wait on _wait /var/lib/kolla/venv/lib/python3.6/site-packages/neutron/service.py:131
2026-01-01 01:52:11.836 28 WARNING amqp [req-29169daf-fa50-4b53-838a-2d301c0eddf2 - - - - -] Received method (60, 30) during closing channel 1. This method will be ignored
2026-01-01 01:52:11.837 28 DEBUG neutron.service [req-29169daf-fa50-4b53-838a-2d301c0eddf2 - - - - -] returning from RpcWorker wait() _wait /var/lib/kolla/venv/lib/python3.6/site-packages/neutron/service.py:135
2026-01-01 01:52:11.842 23 WARNING amqp [req-29169daf-fa50-4b53-838a-2d301c0eddf2 - - - - -] Received method (60, 30) during closing channel 1. This method will be ignored
2026-01-01 01:52:11.843 23 DEBUG neutron.service [req-29169daf-fa50-4b53-838a-2d301c0eddf2 - - - - -] calling wait on _wait /var/lib/kolla/venv/lib/python3.6/site-packages/neutron/service.py:131
2026-01-01 01:52:11.843 7 INFO oslo_service.service [-] Child 28 exited with status 0
2026-01-01 01:52:11.847 23 WARNING amqp [req-29169daf-fa50-4b53-838a-2d301c0eddf2 - - - - -] Received method (60, 30) during closing channel 1. This method will be ignored
2026-01-01 01:52:11.849 23 DEBUG neutron.service [req-29169daf-fa50-4b53-838a-2d301c0eddf2 - - - - -] calling wait on _wait /var/lib/kolla/venv/lib/python3.6/site-packages/neutron/service.py:131
2026-01-01 01:52:11.853 23 WARNING amqp [req-29169daf-fa50-4b53-838a-2d301c0eddf2 - - - - -] Received method (60, 30) during closing channel 1. This method will be ignored
2026-01-01 01:52:11.855 23 DEBUG neutron.service [req-29169daf-fa50-4b53-838a-2d301c0eddf2 - - - - -] calling wait on _wait /var/lib/kolla/venv/lib/python3.6/site-packages/neutron/service.py:131
2026-01-01 01:52:11.860 23 WARNING amqp [req-29169daf-fa50-4b53-838a-2d301c0eddf2 - - - - -] Received method (60, 30) during closing channel 1. This method will be ignored
2026-01-01 01:52:11.862 23 DEBUG neutron.service [req-29169daf-fa50-4b53-838a-2d301c0eddf2 - - - - -] returning from RpcWorker wait() _wait /var/lib/kolla/venv/lib/python3.6/site-packages/neutron/service.py:135
2026-01-01 01:52:11.868 7 INFO oslo_service.service [-] Child 23 exited with status 0
2026-01-01 01:52:13.779 24 DEBUG neutron.service [-] calling stop on stop /var/lib/kolla/venv/lib/python3.6/site-packages/neutron/service.py:141
2026-01-01 01:52:14.622 25 DEBUG neutron.service [-] calling stop on stop /var/lib/kolla/venv/lib/python3.6/site-packages/neutron/service.py:141
2026-01-01 01:52:17.728 7 INFO neutron.common.config [-] Logging enabled!
2026-01-01 01:52:17.728 7 INFO neutron.common.config [-] /var/lib/kolla/venv/bin/neutron-server version 20.5.1.dev23
2026-01-01 01:52:17.728 7 DEBUG neutron.common.config [-] command line: /var/lib/kolla/venv/bin/neutron-server --config-file /etc/neutron/neutron.conf --config-file /etc/neutron/ContrailPlugin.ini --config-file /etc/neutron/api-paste.ini setup_logging /var/lib/kolla/venv/lib/python3.6/site-packages/neutron/common/config.py:115
2026-01-01 01:52:17.732 7 INFO neutron.common.config [-] Logging enabled!
2026-01-01 01:52:17.732 7 INFO neutron.common.config [-] /var/lib/kolla/venv/bin/neutron-server version 20.5.1.dev23
2026-01-01 01:52:17.733 7 DEBUG neutron.common.config [-] command line: /var/lib/kolla/venv/bin/neutron-server --config-file /etc/neutron/neutron.conf --config-file /etc/neutron/ContrailPlugin.ini --config-file /etc/neutron/api-paste.ini setup_logging /var/lib/kolla/venv/lib/python3.6/site-packages/neutron/common/config.py:115
2026-01-01 01:52:17.733 7 DEBUG neutron.common.config [-] ******************************************************************************** log_opt_values /var/lib/kolla/venv/lib/python3.6/site-packages/oslo_config/cfg.py:2589
2026-01-01 01:52:17.733 7 DEBUG neutron.common.config [-] Configuration options gathered from: log_opt_values /var/lib/kolla/venv/lib/python3.6/site-packages/oslo_config/cfg.py:2590
2026-01-01 01:52:17.733 7 DEBUG neutron.common.config [-] command line args: ['--config-file', '/etc/neutron/neutron.conf', '--config-file', '/etc/neutron/ContrailPlugin.ini', '--config-file', '/etc/neutron/api-paste.ini'] log_opt_values /var/lib/kolla/venv/lib/python3.6/site-packages/oslo_config/cfg.py:2591
2026-01-01 01:52:17.734 7 DEBUG neutron.common.config [-] config files: ['/etc/neutron/neutron.conf', '/etc/neutron/ContrailPlugin.ini', '/etc/neutron/api-paste.ini'] log_opt_values /var/lib/kolla/venv/lib/python3.6/site-packages/oslo_config/cfg.py:2593
2026-01-01 01:52:17.734 7 DEBUG neutron.common.config [-] ================================================================================ log_opt_values /var/lib/kolla/venv/lib/python3.6/site-packages/oslo_config/cfg.py:2594
2026-01-01 01:52:17.734 7 DEBUG neutron.common.config [-] allow_bulk = True log_opt_values /var/lib/kolla/venv/lib/python3.6/site-packages/oslo_config/cfg.py:2603
2026-01-01 01:52:17.734 7 WARNING oslo_config.cfg [-] Deprecated: Option "allow_overlapping_ips" from group "DEFAULT" is deprecated for removal. Its value may be silently ignored in the future.
2026-01-01 01:52:17.735 7 DEBUG neutron.common.config [-] allow_overlapping_ips = True log_opt_values /var/lib/kolla/venv/lib/python3.6/site-packages/oslo_config/cfg.py:2603
2026-01-01 01:52:17.735 7 DEBUG neutron.common.config [-] api_extensions_path = /opt/plugin/site-packages/neutron_plugin_contrail/extensions:/opt/plugin/site-packages/neutron_lbaas/extensions log_opt_values /var/lib/kolla/venv/lib/python3.6/site-packages/oslo_config/cfg.py:2603
2026-01-01 01:52:17.735 7 DEBUG neutron.common.config [-] api_paste_config = /etc/neutron/api-paste.ini log_opt_values /var/lib/kolla/venv/lib/python3.6/site-packages/oslo_config/cfg.py:2603
2026-01-01 01:52:17.735 7 DEBUG neutron.common.config [-] api_workers = 1 log_opt_values /var/lib/kolla/venv/lib/python3.6/site-packages/oslo_config/cfg.py:2603
2026-01-01 01:52:17.735 7 DEBUG neutron.common.config [-] auth_strategy = keystone log_opt_values /var/lib/kolla/venv/lib/python3.6/site-packages/oslo_config/cfg.py:2603
2026-01-01 01:52:17.735 7 DEBUG neutron.common.config [-] backlog = 4096 log_opt_values /var/lib/kolla/venv/lib/python3.6/site-packages/oslo_config/cfg.py:2603
2026-01-01 01:52:17.735 7 DEBUG neutron.common.config [-] base_mac = fa:16:3e:00:00:00 log_opt_values /var/lib/kolla/venv/lib/python3.6/site-packages/oslo_config/cfg.py:2603
2026-01-01 01:52:17.735 7 DEBUG neutron.common.config [-] bind_host = 10.0.0.141 log_opt_values /var/lib/kolla/venv/lib/python3.6/site-packages/oslo_config/cfg.py:2603
2026-01-01 01:52:17.736 7 DEBUG neutron.common.config [-] bind_port = 9696 log_opt_values /var/lib/kolla/venv/lib/python3.6/site-packages/oslo_config/cfg.py:2603
2026-01-01 01:52:17.736 7 DEBUG neutron.common.config [-] client_socket_timeout = 900 log_opt_values /var/lib/kolla/venv/lib/python3.6/site-packages/oslo_config/cfg.py:2603
2026-01-01 01:52:17.736 7 DEBUG neutron.common.config [-] config_dir = [] log_opt_values /var/lib/kolla/venv/lib/python3.6/site-packages/oslo_config/cfg.py:2603
2026-01-01 01:52:17.736 7 DEBUG neutron.common.config [-] config_file = ['/etc/neutron/neutron.conf', '/etc/neutron/ContrailPlugin.ini', '/etc/neutron/api-paste.ini'] log_opt_values /var/lib/kolla/venv/lib/python3.6/site-packages/oslo_config/cfg.py:2603
2026-01-01 01:52:17.736 7 DEBUG neutron.common.config [-] config_source = [] log_opt_values /var/lib/kolla/venv/lib/python3.6/site-packages/oslo_config/cfg.py:2603
2026-01-01 01:52:17.737 7 DEBUG neutron.common.config [-] control_exchange = neutron log_opt_values /var/lib/kolla/venv/lib/python3.6/site-packages/oslo_config/cfg.py:2603
2026-01-01 01:52:17.737 7 DEBUG neutron.common.config [-] core_plugin = neutron_plugin_contrail.plugins.opencontrail.contrail_plugin.NeutronPluginContrailCoreV2 log_opt_values /var/lib/kolla/venv/lib/python3.6/site-packages/oslo_config/cfg.py:2603
2026-01-01 01:52:17.737 7 DEBUG neutron.common.config [-] debug = True log_opt_values /var/lib/kolla/venv/lib/python3.6/site-packages/oslo_config/cfg.py:2603
2026-01-01 01:52:17.737 7 DEBUG neutron.common.config [-] default_availability_zones = [] log_opt_values /var/lib/kolla/venv/lib/python3.6/site-packages/oslo_config/cfg.py:2603
2026-01-01 01:52:17.737 7 DEBUG neutron.common.config [-] default_log_levels = ['amqp=WARN', 'amqplib=WARN', 'boto=WARN', 'qpid=WARN', 'sqlalchemy=WARN', 'suds=INFO', 'oslo.messaging=INFO', 'oslo_messaging=INFO', 'iso8601=WARN', 'requests.packages.urllib3.connectionpool=WARN', 'urllib3.connectionpool=WARN', 'websocket=WARN', 'requests.packages.urllib3.util.retry=WARN', 'urllib3.util.retry=WARN', 'keystonemiddleware=WARN', 'routes.middleware=WARN', 'stevedore=WARN', 'taskflow=WARN', 'keystoneauth=WARN', 'oslo.cache=INFO', 'oslo_policy=INFO', 'dogpile.core.dogpile=INFO', 'OFPHandler=INFO', 'OfctlService=INFO', 'os_ken.base.app_manager=INFO', 'os_ken.controller.controller=INFO'] log_opt_values /var/lib/kolla/venv/lib/python3.6/site-packages/oslo_config/cfg.py:2603
2026-01-01 01:52:17.738 7 DEBUG neutron.common.config [-] dhcp_agent_notification = True log_opt_values /var/lib/kolla/venv/lib/python3.6/site-packages/oslo_config/cfg.py:2603
2026-01-01 01:52:17.738 7 DEBUG neutron.common.config [-] dhcp_lease_duration = 86400 log_opt_values /var/lib/kolla/venv/lib/python3.6/site-packages/oslo_config/cfg.py:2603
2026-01-01 01:52:17.738 7 DEBUG neutron.common.config [-] dns_domain = openstacklocal log_opt_values /var/lib/kolla/venv/lib/python3.6/site-packages/oslo_config/cfg.py:2603
2026-01-01 01:52:17.738 7 DEBUG neutron.common.config [-] enable_traditional_dhcp = True log_opt_values /var/lib/kolla/venv/lib/python3.6/site-packages/oslo_config/cfg.py:2603
2026-01-01 01:52:17.738 7 DEBUG neutron.common.config [-] external_dns_driver = None log_opt_values /var/lib/kolla/venv/lib/python3.6/site-packages/oslo_config/cfg.py:2603
2026-01-01 01:52:17.738 7 DEBUG neutron.common.config [-] filter_validation = True log_opt_values /var/lib/kolla/venv/lib/python3.6/site-packages/oslo_config/cfg.py:2603
2026-01-01 01:52:17.738 7 DEBUG neutron.common.config [-] global_physnet_mtu = 1500 log_opt_values /var/lib/kolla/venv/lib/python3.6/site-packages/oslo_config/cfg.py:2603
2026-01-01 01:52:17.738 7 DEBUG neutron.common.config [-] host = cn-jenkins-deploy-platform-ansible-os-4944-1 log_opt_values /var/lib/kolla/venv/lib/python3.6/site-packages/oslo_config/cfg.py:2603
2026-01-01 01:52:17.739 7 DEBUG neutron.common.config [-] http_retries = 3 log_opt_values /var/lib/kolla/venv/lib/python3.6/site-packages/oslo_config/cfg.py:2603
