2025-12-29 02:11:53.584 7 DEBUG oslo_service.service [-] ml2_type_gre.tunnel_id_ranges = [] log_opt_values /var/lib/kolla/venv/lib/python3.6/site-packages/oslo_config/cfg.py:2611
2025-12-29 02:11:53.584 7 DEBUG oslo_service.service [-] ml2_type_vlan.network_vlan_ranges = [] log_opt_values /var/lib/kolla/venv/lib/python3.6/site-packages/oslo_config/cfg.py:2611
2025-12-29 02:11:53.584 7 DEBUG oslo_service.service [-] ml2_type_vxlan.vni_ranges = [] log_opt_values /var/lib/kolla/venv/lib/python3.6/site-packages/oslo_config/cfg.py:2611
2025-12-29 02:11:53.584 7 DEBUG oslo_service.service [-] ml2_type_vxlan.vxlan_group = None log_opt_values /var/lib/kolla/venv/lib/python3.6/site-packages/oslo_config/cfg.py:2611
2025-12-29 02:11:53.584 7 DEBUG oslo_service.service [-] database.backend = sqlalchemy log_opt_values /var/lib/kolla/venv/lib/python3.6/site-packages/oslo_config/cfg.py:2611
2025-12-29 02:11:53.584 7 DEBUG oslo_service.service [-] database.connection = **** log_opt_values /var/lib/kolla/venv/lib/python3.6/site-packages/oslo_config/cfg.py:2611
2025-12-29 02:11:53.584 7 DEBUG oslo_service.service [-] database.connection_debug = 0 log_opt_values /var/lib/kolla/venv/lib/python3.6/site-packages/oslo_config/cfg.py:2611
2025-12-29 02:11:53.584 7 DEBUG oslo_service.service [-] database.connection_parameters = log_opt_values /var/lib/kolla/venv/lib/python3.6/site-packages/oslo_config/cfg.py:2611
2025-12-29 02:11:53.584 7 DEBUG oslo_service.service [-] database.connection_recycle_time = 10 log_opt_values /var/lib/kolla/venv/lib/python3.6/site-packages/oslo_config/cfg.py:2611
2025-12-29 02:11:53.584 7 DEBUG oslo_service.service [-] database.connection_trace = False log_opt_values /var/lib/kolla/venv/lib/python3.6/site-packages/oslo_config/cfg.py:2611
2025-12-29 02:11:53.584 7 DEBUG oslo_service.service [-] database.db_inc_retry_interval = True log_opt_values /var/lib/kolla/venv/lib/python3.6/site-packages/oslo_config/cfg.py:2611
2025-12-29 02:11:53.584 7 DEBUG oslo_service.service [-] database.db_max_retries = 20 log_opt_values /var/lib/kolla/venv/lib/python3.6/site-packages/oslo_config/cfg.py:2611
2025-12-29 02:11:53.584 7 DEBUG oslo_service.service [-] database.db_max_retry_interval = 10 log_opt_values /var/lib/kolla/venv/lib/python3.6/site-packages/oslo_config/cfg.py:2611
2025-12-29 02:11:53.584 7 DEBUG oslo_service.service [-] database.db_retry_interval = 1 log_opt_values /var/lib/kolla/venv/lib/python3.6/site-packages/oslo_config/cfg.py:2611
2025-12-29 02:11:53.584 7 DEBUG oslo_service.service [-] database.max_overflow = 50 log_opt_values /var/lib/kolla/venv/lib/python3.6/site-packages/oslo_config/cfg.py:2611
2025-12-29 02:11:53.585 7 DEBUG oslo_service.service [-] database.max_pool_size = 1 log_opt_values /var/lib/kolla/venv/lib/python3.6/site-packages/oslo_config/cfg.py:2611
2025-12-29 02:11:53.585 7 DEBUG oslo_service.service [-] database.max_retries = -1 log_opt_values /var/lib/kolla/venv/lib/python3.6/site-packages/oslo_config/cfg.py:2611
2025-12-29 02:11:53.585 7 DEBUG oslo_service.service [-] database.mysql_enable_ndb = False log_opt_values /var/lib/kolla/venv/lib/python3.6/site-packages/oslo_config/cfg.py:2611
2025-12-29 02:11:53.585 7 DEBUG oslo_service.service [-] database.mysql_sql_mode = TRADITIONAL log_opt_values /var/lib/kolla/venv/lib/python3.6/site-packages/oslo_config/cfg.py:2611
2025-12-29 02:11:53.585 7 DEBUG oslo_service.service [-] database.pool_timeout = None log_opt_values /var/lib/kolla/venv/lib/python3.6/site-packages/oslo_config/cfg.py:2611
2025-12-29 02:11:53.585 7 DEBUG oslo_service.service [-] database.retry_interval = 10 log_opt_values /var/lib/kolla/venv/lib/python3.6/site-packages/oslo_config/cfg.py:2611
2025-12-29 02:11:53.585 7 DEBUG oslo_service.service [-] database.slave_connection = **** log_opt_values /var/lib/kolla/venv/lib/python3.6/site-packages/oslo_config/cfg.py:2611
2025-12-29 02:11:53.585 7 DEBUG oslo_service.service [-] database.sqlite_synchronous = True log_opt_values /var/lib/kolla/venv/lib/python3.6/site-packages/oslo_config/cfg.py:2611
2025-12-29 02:11:53.585 7 DEBUG oslo_service.service [-] database.use_db_reconnect = False log_opt_values /var/lib/kolla/venv/lib/python3.6/site-packages/oslo_config/cfg.py:2611
2025-12-29 02:11:53.585 7 DEBUG oslo_service.service [-] ******************************************************************************** log_opt_values /var/lib/kolla/venv/lib/python3.6/site-packages/oslo_config/cfg.py:2613
2025-12-29 02:11:55.132 22 DEBUG neutron.wsgi [-] (22) accepted ('10.0.0.23', 34224) server /var/lib/kolla/venv/lib/python3.6/site-packages/eventlet/wsgi.py:1004
2025-12-29 02:11:55.139 22 INFO neutron.wsgi [-] 10.0.0.23 "GET / HTTP/1.1" status: 200 len: 227 time: 0.0050445
2025-12-29 02:11:57.402 24 DEBUG neutron.api.rpc.handlers.dhcp_rpc [req-93e98494-f889-4200-a00d-95ebea98a57d - - - - -] get_active_networks_info from cn-jenkins-deploy-platform-ansible-os-4933-1 get_active_networks_info /var/lib/kolla/venv/lib/python3.6/site-packages/neutron/api/rpc/handlers/dhcp_rpc.py:159
2025-12-29 02:11:57.430 26 DEBUG neutron_lib.callbacks.manager [req-8f5a437e-5dae-4142-bec0-d3316a695f32 - - - - -] Publish callbacks ['neutron.services.segments.db._update_segment_host_mapping_for_agent-8747630420800', 'neutron.services.l3_router.l3_router_plugin.DVRResourceOperationHandler.create_fip_agent_gw_ports--9223372036850980123'] for agent (da482b87-99a2-4dc5-acda-baa4b37c5b77), after_create _notify_loop /var/lib/kolla/venv/lib/python3.6/site-packages/neutron_lib/callbacks/manager.py:177
2025-12-29 02:11:57.444 24 DEBUG neutron.scheduler.dhcp_agent_scheduler [req-93e98494-f889-4200-a00d-95ebea98a57d - - - - -] No non-hosted networks auto_schedule_networks /var/lib/kolla/venv/lib/python3.6/site-packages/neutron/scheduler/dhcp_agent_scheduler.py:60
2025-12-29 02:12:14.528 28 DEBUG neutron_lib.callbacks.manager [req-26472ff7-5462-42e6-b71a-b3e52ab32111 - - - - -] Publish callbacks ['neutron.services.segments.db._update_segment_host_mapping_for_agent-8747630420800', 'neutron.services.l3_router.l3_router_plugin.DVRResourceOperationHandler.create_fip_agent_gw_ports--9223372036850980123'] for agent (cf1888a3-6190-4b58-a425-4a4ab0392f6f), after_create _notify_loop /var/lib/kolla/venv/lib/python3.6/site-packages/neutron_lib/callbacks/manager.py:177
2025-12-29 02:12:25.185 22 DEBUG neutron.wsgi [-] (22) accepted ('10.0.0.23', 37294) server /var/lib/kolla/venv/lib/python3.6/site-packages/eventlet/wsgi.py:1004
2025-12-29 02:12:25.189 22 INFO neutron.wsgi [-] 10.0.0.23 "GET / HTTP/1.1" status: 200 len: 227 time: 0.0030301
2025-12-29 02:12:27.401 24 DEBUG neutron_lib.callbacks.manager [req-62b1b917-523c-478f-8052-8617cde245b4 - - - - -] Publish callbacks ['neutron.services.segments.db._update_segment_host_mapping_for_agent-8747630420800', 'neutron.plugins.ml2.plugin.Ml2Plugin._retry_binding_revived_agents--9223372036853450565'] for agent (da482b87-99a2-4dc5-acda-baa4b37c5b77), after_update _notify_loop /var/lib/kolla/venv/lib/python3.6/site-packages/neutron_lib/callbacks/manager.py:177
2025-12-29 02:12:44.506 25 DEBUG neutron_lib.callbacks.manager [req-26472ff7-5462-42e6-b71a-b3e52ab32111 - - - - -] Publish callbacks ['neutron.services.segments.db._update_segment_host_mapping_for_agent-8747630420800', 'neutron.plugins.ml2.plugin.Ml2Plugin._retry_binding_revived_agents--9223372036853450565'] for agent (cf1888a3-6190-4b58-a425-4a4ab0392f6f), after_update _notify_loop /var/lib/kolla/venv/lib/python3.6/site-packages/neutron_lib/callbacks/manager.py:177
2025-12-29 02:12:55.230 22 DEBUG neutron.wsgi [-] (22) accepted ('10.0.0.23', 40494) server /var/lib/kolla/venv/lib/python3.6/site-packages/eventlet/wsgi.py:1004
2025-12-29 02:12:55.233 22 INFO neutron.wsgi [-] 10.0.0.23 "GET / HTTP/1.1" status: 200 len: 227 time: 0.0027018
2025-12-29 02:12:57.419 23 DEBUG neutron_lib.callbacks.manager [req-37a34a08-b0e3-4a4b-a0e1-64d5b56c2e3d - - - - -] Publish callbacks ['neutron.services.segments.db._update_segment_host_mapping_for_agent-8747630420800', 'neutron.plugins.ml2.plugin.Ml2Plugin._retry_binding_revived_agents--9223372036853450565'] for agent (da482b87-99a2-4dc5-acda-baa4b37c5b77), after_update _notify_loop /var/lib/kolla/venv/lib/python3.6/site-packages/neutron_lib/callbacks/manager.py:177
2025-12-29 02:13:00.555 29 DEBUG neutron.db.agents_db [req-945f8653-b166-4c8d-beff-85d9dc512da4 - - - - -] Agent healthcheck: found 2 active agents agent_health_check /var/lib/kolla/venv/lib/python3.6/site-packages/neutron/db/agents_db.py:318
2025-12-29 02:13:14.512 27 DEBUG neutron_lib.callbacks.manager [req-26472ff7-5462-42e6-b71a-b3e52ab32111 - - - - -] Publish callbacks ['neutron.services.segments.db._update_segment_host_mapping_for_agent-8747630420800', 'neutron.plugins.ml2.plugin.Ml2Plugin._retry_binding_revived_agents--9223372036853450565'] for agent (cf1888a3-6190-4b58-a425-4a4ab0392f6f), after_update _notify_loop /var/lib/kolla/venv/lib/python3.6/site-packages/neutron_lib/callbacks/manager.py:177
2025-12-29 02:13:25.273 22 DEBUG neutron.wsgi [-] (22) accepted ('10.0.0.23', 35396) server /var/lib/kolla/venv/lib/python3.6/site-packages/eventlet/wsgi.py:1004
2025-12-29 02:13:25.277 22 INFO neutron.wsgi [-] 10.0.0.23 "GET / HTTP/1.1" status: 200 len: 227 time: 0.0032411
2025-12-29 02:13:27.400 26 DEBUG neutron_lib.callbacks.manager [req-cef3f358-ce12-450e-9dbc-a17097ea4437 - - - - -] Publish callbacks ['neutron.services.segments.db._update_segment_host_mapping_for_agent-8747630420800', 'neutron.plugins.ml2.plugin.Ml2Plugin._retry_binding_revived_agents--9223372036853450565'] for agent (da482b87-99a2-4dc5-acda-baa4b37c5b77), after_update _notify_loop /var/lib/kolla/venv/lib/python3.6/site-packages/neutron_lib/callbacks/manager.py:177
2025-12-29 02:13:37.550 29 DEBUG neutron.db.agents_db [req-945f8653-b166-4c8d-beff-85d9dc512da4 - - - - -] Agent healthcheck: found 2 active agents agent_health_check /var/lib/kolla/venv/lib/python3.6/site-packages/neutron/db/agents_db.py:318
2025-12-29 02:13:44.499 28 DEBUG neutron_lib.callbacks.manager [req-26472ff7-5462-42e6-b71a-b3e52ab32111 - - - - -] Publish callbacks ['neutron.services.segments.db._update_segment_host_mapping_for_agent-8747630420800', 'neutron.plugins.ml2.plugin.Ml2Plugin._retry_binding_revived_agents--9223372036853450565'] for agent (cf1888a3-6190-4b58-a425-4a4ab0392f6f), after_update _notify_loop /var/lib/kolla/venv/lib/python3.6/site-packages/neutron_lib/callbacks/manager.py:177
2025-12-29 02:13:55.320 22 DEBUG neutron.wsgi [-] (22) accepted ('10.0.0.23', 58746) server /var/lib/kolla/venv/lib/python3.6/site-packages/eventlet/wsgi.py:1004
2025-12-29 02:13:55.324 22 INFO neutron.wsgi [-] 10.0.0.23 "GET / HTTP/1.1" status: 200 len: 227 time: 0.0025120
2025-12-29 02:13:57.421 24 DEBUG neutron_lib.callbacks.manager [req-9bfaa5e7-6a3f-4310-9ebb-6962469583dc - - - - -] Publish callbacks ['neutron.services.segments.db._update_segment_host_mapping_for_agent-8747630420800', 'neutron.plugins.ml2.plugin.Ml2Plugin._retry_binding_revived_agents--9223372036853450565'] for agent (da482b87-99a2-4dc5-acda-baa4b37c5b77), after_update _notify_loop /var/lib/kolla/venv/lib/python3.6/site-packages/neutron_lib/callbacks/manager.py:177
2025-12-29 02:14:14.499 25 DEBUG neutron_lib.callbacks.manager [req-26472ff7-5462-42e6-b71a-b3e52ab32111 - - - - -] Publish callbacks ['neutron.services.segments.db._update_segment_host_mapping_for_agent-8747630420800', 'neutron.plugins.ml2.plugin.Ml2Plugin._retry_binding_revived_agents--9223372036853450565'] for agent (cf1888a3-6190-4b58-a425-4a4ab0392f6f), after_update _notify_loop /var/lib/kolla/venv/lib/python3.6/site-packages/neutron_lib/callbacks/manager.py:177
2025-12-29 02:14:14.548 29 DEBUG neutron.db.agents_db [req-945f8653-b166-4c8d-beff-85d9dc512da4 - - - - -] Agent healthcheck: found 2 active agents agent_health_check /var/lib/kolla/venv/lib/python3.6/site-packages/neutron/db/agents_db.py:318
2025-12-29 02:14:25.366 22 DEBUG neutron.wsgi [-] (22) accepted ('10.0.0.23', 43404) server /var/lib/kolla/venv/lib/python3.6/site-packages/eventlet/wsgi.py:1004
2025-12-29 02:14:25.372 22 INFO neutron.wsgi [-] 10.0.0.23 "GET / HTTP/1.1" status: 200 len: 227 time: 0.0049248
2025-12-29 02:14:27.399 23 DEBUG neutron_lib.callbacks.manager [req-989984d3-f5f0-4bb0-9264-9aa3ef94458e - - - - -] Publish callbacks ['neutron.services.segments.db._update_segment_host_mapping_for_agent-8747630420800', 'neutron.plugins.ml2.plugin.Ml2Plugin._retry_binding_revived_agents--9223372036853450565'] for agent (da482b87-99a2-4dc5-acda-baa4b37c5b77), after_update _notify_loop /var/lib/kolla/venv/lib/python3.6/site-packages/neutron_lib/callbacks/manager.py:177
2025-12-29 02:14:44.503 27 DEBUG neutron_lib.callbacks.manager [req-26472ff7-5462-42e6-b71a-b3e52ab32111 - - - - -] Publish callbacks ['neutron.services.segments.db._update_segment_host_mapping_for_agent-8747630420800', 'neutron.plugins.ml2.plugin.Ml2Plugin._retry_binding_revived_agents--9223372036853450565'] for agent (cf1888a3-6190-4b58-a425-4a4ab0392f6f), after_update _notify_loop /var/lib/kolla/venv/lib/python3.6/site-packages/neutron_lib/callbacks/manager.py:177
2025-12-29 02:14:51.549 29 DEBUG neutron.db.agents_db [req-945f8653-b166-4c8d-beff-85d9dc512da4 - - - - -] Agent healthcheck: found 2 active agents agent_health_check /var/lib/kolla/venv/lib/python3.6/site-packages/neutron/db/agents_db.py:318
2025-12-29 02:14:55.414 22 DEBUG neutron.wsgi [-] (22) accepted ('10.0.0.23', 53986) server /var/lib/kolla/venv/lib/python3.6/site-packages/eventlet/wsgi.py:1004
2025-12-29 02:14:55.418 22 INFO neutron.wsgi [-] 10.0.0.23 "GET / HTTP/1.1" status: 200 len: 227 time: 0.0026186
2025-12-29 02:14:57.402 26 DEBUG neutron_lib.callbacks.manager [req-6a51b48c-3ce1-4e5b-9c5b-39237467d1ea - - - - -] Publish callbacks ['neutron.services.segments.db._update_segment_host_mapping_for_agent-8747630420800', 'neutron.plugins.ml2.plugin.Ml2Plugin._retry_binding_revived_agents--9223372036853450565'] for agent (da482b87-99a2-4dc5-acda-baa4b37c5b77), after_update _notify_loop /var/lib/kolla/venv/lib/python3.6/site-packages/neutron_lib/callbacks/manager.py:177
2025-12-29 02:15:14.503 28 DEBUG neutron_lib.callbacks.manager [req-26472ff7-5462-42e6-b71a-b3e52ab32111 - - - - -] Publish callbacks ['neutron.services.segments.db._update_segment_host_mapping_for_agent-8747630420800', 'neutron.plugins.ml2.plugin.Ml2Plugin._retry_binding_revived_agents--9223372036853450565'] for agent (cf1888a3-6190-4b58-a425-4a4ab0392f6f), after_update _notify_loop /var/lib/kolla/venv/lib/python3.6/site-packages/neutron_lib/callbacks/manager.py:177
2025-12-29 02:15:25.460 22 DEBUG neutron.wsgi [-] (22) accepted ('10.0.0.23', 55986) server /var/lib/kolla/venv/lib/python3.6/site-packages/eventlet/wsgi.py:1004
2025-12-29 02:15:25.464 22 INFO neutron.wsgi [-] 10.0.0.23 "GET / HTTP/1.1" status: 200 len: 227 time: 0.0025349
2025-12-29 02:15:27.402 24 DEBUG neutron_lib.callbacks.manager [req-e4986046-ed02-4836-94bc-82d79210831d - - - - -] Publish callbacks ['neutron.services.segments.db._update_segment_host_mapping_for_agent-8747630420800', 'neutron.plugins.ml2.plugin.Ml2Plugin._retry_binding_revived_agents--9223372036853450565'] for agent (da482b87-99a2-4dc5-acda-baa4b37c5b77), after_update _notify_loop /var/lib/kolla/venv/lib/python3.6/site-packages/neutron_lib/callbacks/manager.py:177
2025-12-29 02:15:28.551 29 DEBUG neutron.db.agents_db [req-945f8653-b166-4c8d-beff-85d9dc512da4 - - - - -] Agent healthcheck: found 2 active agents agent_health_check /var/lib/kolla/venv/lib/python3.6/site-packages/neutron/db/agents_db.py:318
2025-12-29 02:15:44.507 25 DEBUG neutron_lib.callbacks.manager [req-26472ff7-5462-42e6-b71a-b3e52ab32111 - - - - -] Publish callbacks ['neutron.services.segments.db._update_segment_host_mapping_for_agent-8747630420800', 'neutron.plugins.ml2.plugin.Ml2Plugin._retry_binding_revived_agents--9223372036853450565'] for agent (cf1888a3-6190-4b58-a425-4a4ab0392f6f), after_update _notify_loop /var/lib/kolla/venv/lib/python3.6/site-packages/neutron_lib/callbacks/manager.py:177
2025-12-29 02:15:55.507 22 DEBUG neutron.wsgi [-] (22) accepted ('10.0.0.23', 57948) server /var/lib/kolla/venv/lib/python3.6/site-packages/eventlet/wsgi.py:1004
2025-12-29 02:15:55.510 22 INFO neutron.wsgi [-] 10.0.0.23 "GET / HTTP/1.1" status: 200 len: 227 time: 0.0027688
2025-12-29 02:15:57.399 23 DEBUG neutron_lib.callbacks.manager [req-cc428418-f906-429f-8ecc-6cf6d3260e14 - - - - -] Publish callbacks ['neutron.services.segments.db._update_segment_host_mapping_for_agent-8747630420800', 'neutron.plugins.ml2.plugin.Ml2Plugin._retry_binding_revived_agents--9223372036853450565'] for agent (da482b87-99a2-4dc5-acda-baa4b37c5b77), after_update _notify_loop /var/lib/kolla/venv/lib/python3.6/site-packages/neutron_lib/callbacks/manager.py:177
2025-12-29 02:16:05.576 29 DEBUG neutron.db.agents_db [req-945f8653-b166-4c8d-beff-85d9dc512da4 - - - - -] Agent healthcheck: found 2 active agents agent_health_check /var/lib/kolla/venv/lib/python3.6/site-packages/neutron/db/agents_db.py:318
2025-12-29 02:16:14.507 27 DEBUG neutron_lib.callbacks.manager [req-26472ff7-5462-42e6-b71a-b3e52ab32111 - - - - -] Publish callbacks ['neutron.services.segments.db._update_segment_host_mapping_for_agent-8747630420800', 'neutron.plugins.ml2.plugin.Ml2Plugin._retry_binding_revived_agents--9223372036853450565'] for agent (cf1888a3-6190-4b58-a425-4a4ab0392f6f), after_update _notify_loop /var/lib/kolla/venv/lib/python3.6/site-packages/neutron_lib/callbacks/manager.py:177
2025-12-29 02:16:25.559 22 DEBUG neutron.wsgi [-] (22) accepted ('10.0.0.23', 51064) server /var/lib/kolla/venv/lib/python3.6/site-packages/eventlet/wsgi.py:1004
2025-12-29 02:16:25.562 22 INFO neutron.wsgi [-] 10.0.0.23 "GET / HTTP/1.1" status: 200 len: 227 time: 0.0024807
2025-12-29 02:16:27.398 26 DEBUG neutron_lib.callbacks.manager [req-3364ed84-54bf-4972-92f6-2baf8f7272a4 - - - - -] Publish callbacks ['neutron.services.segments.db._update_segment_host_mapping_for_agent-8747630420800', 'neutron.plugins.ml2.plugin.Ml2Plugin._retry_binding_revived_agents--9223372036853450565'] for agent (da482b87-99a2-4dc5-acda-baa4b37c5b77), after_update _notify_loop /var/lib/kolla/venv/lib/python3.6/site-packages/neutron_lib/callbacks/manager.py:177
2025-12-29 02:16:42.557 29 DEBUG neutron.db.agents_db [req-945f8653-b166-4c8d-beff-85d9dc512da4 - - - - -] Agent healthcheck: found 2 active agents agent_health_check /var/lib/kolla/venv/lib/python3.6/site-packages/neutron/db/agents_db.py:318
2025-12-29 02:16:44.511 28 DEBUG neutron_lib.callbacks.manager [req-26472ff7-5462-42e6-b71a-b3e52ab32111 - - - - -] Publish callbacks ['neutron.services.segments.db._update_segment_host_mapping_for_agent-8747630420800', 'neutron.plugins.ml2.plugin.Ml2Plugin._retry_binding_revived_agents--9223372036853450565'] for agent (cf1888a3-6190-4b58-a425-4a4ab0392f6f), after_update _notify_loop /var/lib/kolla/venv/lib/python3.6/site-packages/neutron_lib/callbacks/manager.py:177
2025-12-29 02:16:55.609 22 DEBUG neutron.wsgi [-] (22) accepted ('10.0.0.23', 51822) server /var/lib/kolla/venv/lib/python3.6/site-packages/eventlet/wsgi.py:1004
2025-12-29 02:16:55.613 22 INFO neutron.wsgi [-] 10.0.0.23 "GET / HTTP/1.1" status: 200 len: 227 time: 0.0027704
2025-12-29 02:16:57.396 24 DEBUG neutron_lib.callbacks.manager [req-0e35d404-7428-4f16-aa9f-90d019050673 - - - - -] Publish callbacks ['neutron.services.segments.db._update_segment_host_mapping_for_agent-8747630420800', 'neutron.plugins.ml2.plugin.Ml2Plugin._retry_binding_revived_agents--9223372036853450565'] for agent (da482b87-99a2-4dc5-acda-baa4b37c5b77), after_update _notify_loop /var/lib/kolla/venv/lib/python3.6/site-packages/neutron_lib/callbacks/manager.py:177
2025-12-29 02:17:14.512 25 DEBUG neutron_lib.callbacks.manager [req-26472ff7-5462-42e6-b71a-b3e52ab32111 - - - - -] Publish callbacks ['neutron.services.segments.db._update_segment_host_mapping_for_agent-8747630420800', 'neutron.plugins.ml2.plugin.Ml2Plugin._retry_binding_revived_agents--9223372036853450565'] for agent (cf1888a3-6190-4b58-a425-4a4ab0392f6f), after_update _notify_loop /var/lib/kolla/venv/lib/python3.6/site-packages/neutron_lib/callbacks/manager.py:177
2025-12-29 02:17:19.554 29 DEBUG neutron.db.agents_db [req-945f8653-b166-4c8d-beff-85d9dc512da4 - - - - -] Agent healthcheck: found 2 active agents agent_health_check /var/lib/kolla/venv/lib/python3.6/site-packages/neutron/db/agents_db.py:318
2025-12-29 02:17:25.656 22 DEBUG neutron.wsgi [-] (22) accepted ('10.0.0.23', 50382) server /var/lib/kolla/venv/lib/python3.6/site-packages/eventlet/wsgi.py:1004
2025-12-29 02:17:25.659 22 INFO neutron.wsgi [-] 10.0.0.23 "GET / HTTP/1.1" status: 200 len: 227 time: 0.0032539
2025-12-29 02:17:27.395 23 DEBUG neutron_lib.callbacks.manager [req-662676c4-6818-4771-bda0-d3a72b019654 - - - - -] Publish callbacks ['neutron.services.segments.db._update_segment_host_mapping_for_agent-8747630420800', 'neutron.plugins.ml2.plugin.Ml2Plugin._retry_binding_revived_agents--9223372036853450565'] for agent (da482b87-99a2-4dc5-acda-baa4b37c5b77), after_update _notify_loop /var/lib/kolla/venv/lib/python3.6/site-packages/neutron_lib/callbacks/manager.py:177
2025-12-29 02:17:44.517 27 DEBUG neutron_lib.callbacks.manager [req-26472ff7-5462-42e6-b71a-b3e52ab32111 - - - - -] Publish callbacks ['neutron.services.segments.db._update_segment_host_mapping_for_agent-8747630420800', 'neutron.plugins.ml2.plugin.Ml2Plugin._retry_binding_revived_agents--9223372036853450565'] for agent (cf1888a3-6190-4b58-a425-4a4ab0392f6f), after_update _notify_loop /var/lib/kolla/venv/lib/python3.6/site-packages/neutron_lib/callbacks/manager.py:177
2025-12-29 02:17:55.702 22 DEBUG neutron.wsgi [-] (22) accepted ('10.0.0.23', 60338) server /var/lib/kolla/venv/lib/python3.6/site-packages/eventlet/wsgi.py:1004
2025-12-29 02:17:55.706 22 INFO neutron.wsgi [-] 10.0.0.23 "GET / HTTP/1.1" status: 200 len: 227 time: 0.0025957
2025-12-29 02:17:56.551 29 DEBUG neutron.db.agents_db [req-945f8653-b166-4c8d-beff-85d9dc512da4 - - - - -] Agent healthcheck: found 2 active agents agent_health_check /var/lib/kolla/venv/lib/python3.6/site-packages/neutron/db/agents_db.py:318
2025-12-29 02:17:57.395 26 DEBUG neutron_lib.callbacks.manager [req-b245e917-b49c-4cff-903e-bdce5107d9d8 - - - - -] Publish callbacks ['neutron.services.segments.db._update_segment_host_mapping_for_agent-8747630420800', 'neutron.plugins.ml2.plugin.Ml2Plugin._retry_binding_revived_agents--9223372036853450565'] for agent (da482b87-99a2-4dc5-acda-baa4b37c5b77), after_update _notify_loop /var/lib/kolla/venv/lib/python3.6/site-packages/neutron_lib/callbacks/manager.py:177
2025-12-29 02:18:14.515 28 DEBUG neutron_lib.callbacks.manager [req-26472ff7-5462-42e6-b71a-b3e52ab32111 - - - - -] Publish callbacks ['neutron.services.segments.db._update_segment_host_mapping_for_agent-8747630420800', 'neutron.plugins.ml2.plugin.Ml2Plugin._retry_binding_revived_agents--9223372036853450565'] for agent (cf1888a3-6190-4b58-a425-4a4ab0392f6f), after_update _notify_loop /var/lib/kolla/venv/lib/python3.6/site-packages/neutron_lib/callbacks/manager.py:177
2025-12-29 02:18:25.746 22 DEBUG neutron.wsgi [-] (22) accepted ('10.0.0.23', 38674) server /var/lib/kolla/venv/lib/python3.6/site-packages/eventlet/wsgi.py:1004
2025-12-29 02:18:25.750 22 INFO neutron.wsgi [-] 10.0.0.23 "GET / HTTP/1.1" status: 200 len: 227 time: 0.0028448
2025-12-29 02:18:27.393 24 DEBUG neutron_lib.callbacks.manager [req-28344327-e8d6-4a13-a546-5a550dc451da - - - - -] Publish callbacks ['neutron.services.segments.db._update_segment_host_mapping_for_agent-8747630420800', 'neutron.plugins.ml2.plugin.Ml2Plugin._retry_binding_revived_agents--9223372036853450565'] for agent (da482b87-99a2-4dc5-acda-baa4b37c5b77), after_update _notify_loop /var/lib/kolla/venv/lib/python3.6/site-packages/neutron_lib/callbacks/manager.py:177
2025-12-29 02:18:33.562 29 DEBUG neutron.db.agents_db [req-945f8653-b166-4c8d-beff-85d9dc512da4 - - - - -] Agent healthcheck: found 2 active agents agent_health_check /var/lib/kolla/venv/lib/python3.6/site-packages/neutron/db/agents_db.py:318
2025-12-29 02:18:44.518 25 DEBUG neutron_lib.callbacks.manager [req-26472ff7-5462-42e6-b71a-b3e52ab32111 - - - - -] Publish callbacks ['neutron.services.segments.db._update_segment_host_mapping_for_agent-8747630420800', 'neutron.plugins.ml2.plugin.Ml2Plugin._retry_binding_revived_agents--9223372036853450565'] for agent (cf1888a3-6190-4b58-a425-4a4ab0392f6f), after_update _notify_loop /var/lib/kolla/venv/lib/python3.6/site-packages/neutron_lib/callbacks/manager.py:177
2025-12-29 02:18:55.803 22 DEBUG neutron.wsgi [-] (22) accepted ('10.0.0.23', 59682) server /var/lib/kolla/venv/lib/python3.6/site-packages/eventlet/wsgi.py:1004
2025-12-29 02:18:55.808 22 INFO neutron.wsgi [-] 10.0.0.23 "GET / HTTP/1.1" status: 200 len: 227 time: 0.0034089
2025-12-29 02:18:57.398 23 DEBUG neutron_lib.callbacks.manager [req-c3ba0069-1813-4cc4-bbe1-382c4d7261f1 - - - - -] Publish callbacks ['neutron.services.segments.db._update_segment_host_mapping_for_agent-8747630420800', 'neutron.plugins.ml2.plugin.Ml2Plugin._retry_binding_revived_agents--9223372036853450565'] for agent (da482b87-99a2-4dc5-acda-baa4b37c5b77), after_update _notify_loop /var/lib/kolla/venv/lib/python3.6/site-packages/neutron_lib/callbacks/manager.py:177
2025-12-29 02:19:10.561 29 DEBUG neutron.db.agents_db [req-945f8653-b166-4c8d-beff-85d9dc512da4 - - - - -] Agent healthcheck: found 2 active agents agent_health_check /var/lib/kolla/venv/lib/python3.6/site-packages/neutron/db/agents_db.py:318
2025-12-29 02:19:14.533 27 DEBUG neutron_lib.callbacks.manager [req-26472ff7-5462-42e6-b71a-b3e52ab32111 - - - - -] Publish callbacks ['neutron.services.segments.db._update_segment_host_mapping_for_agent-8747630420800', 'neutron.plugins.ml2.plugin.Ml2Plugin._retry_binding_revived_agents--9223372036853450565'] for agent (cf1888a3-6190-4b58-a425-4a4ab0392f6f), after_update _notify_loop /var/lib/kolla/venv/lib/python3.6/site-packages/neutron_lib/callbacks/manager.py:177
2025-12-29 02:19:25.853 22 DEBUG neutron.wsgi [-] (22) accepted ('10.0.0.23', 58208) server /var/lib/kolla/venv/lib/python3.6/site-packages/eventlet/wsgi.py:1004
2025-12-29 02:19:25.857 22 INFO neutron.wsgi [-] 10.0.0.23 "GET / HTTP/1.1" status: 200 len: 227 time: 0.0028999
2025-12-29 02:19:27.399 26 DEBUG neutron_lib.callbacks.manager [req-da7abf7d-f3ba-463d-89a5-bd086116958e - - - - -] Publish callbacks ['neutron.services.segments.db._update_segment_host_mapping_for_agent-8747630420800', 'neutron.plugins.ml2.plugin.Ml2Plugin._retry_binding_revived_agents--9223372036853450565'] for agent (da482b87-99a2-4dc5-acda-baa4b37c5b77), after_update _notify_loop /var/lib/kolla/venv/lib/python3.6/site-packages/neutron_lib/callbacks/manager.py:177
2025-12-29 02:19:44.524 28 DEBUG neutron_lib.callbacks.manager [req-26472ff7-5462-42e6-b71a-b3e52ab32111 - - - - -] Publish callbacks ['neutron.services.segments.db._update_segment_host_mapping_for_agent-8747630420800', 'neutron.plugins.ml2.plugin.Ml2Plugin._retry_binding_revived_agents--9223372036853450565'] for agent (cf1888a3-6190-4b58-a425-4a4ab0392f6f), after_update _notify_loop /var/lib/kolla/venv/lib/python3.6/site-packages/neutron_lib/callbacks/manager.py:177
2025-12-29 02:19:47.563 29 DEBUG neutron.db.agents_db [req-945f8653-b166-4c8d-beff-85d9dc512da4 - - - - -] Agent healthcheck: found 2 active agents agent_health_check /var/lib/kolla/venv/lib/python3.6/site-packages/neutron/db/agents_db.py:318
2025-12-29 02:19:55.910 22 DEBUG neutron.wsgi [-] (22) accepted ('10.0.0.23', 42492) server /var/lib/kolla/venv/lib/python3.6/site-packages/eventlet/wsgi.py:1004
2025-12-29 02:19:55.917 22 INFO neutron.wsgi [-] 10.0.0.23 "GET / HTTP/1.1" status: 200 len: 227 time: 0.0051003
2025-12-29 02:19:57.402 24 DEBUG neutron_lib.callbacks.manager [req-8af02069-b983-4585-839a-c1c043e536da - - - - -] Publish callbacks ['neutron.services.segments.db._update_segment_host_mapping_for_agent-8747630420800', 'neutron.plugins.ml2.plugin.Ml2Plugin._retry_binding_revived_agents--9223372036853450565'] for agent (da482b87-99a2-4dc5-acda-baa4b37c5b77), after_update _notify_loop /var/lib/kolla/venv/lib/python3.6/site-packages/neutron_lib/callbacks/manager.py:177
2025-12-29 02:20:05.845 7 INFO oslo_service.service [-] Caught SIGTERM, stopping children
2025-12-29 02:20:05.846 7 DEBUG oslo_concurrency.lockutils [-] Acquired lock "singleton_lock" lock /var/lib/kolla/venv/lib/python3.6/site-packages/oslo_concurrency/lockutils.py:294
2025-12-29 02:20:05.846 7 DEBUG oslo_concurrency.lockutils [-] Releasing lock "singleton_lock" lock /var/lib/kolla/venv/lib/python3.6/site-packages/oslo_concurrency/lockutils.py:312
2025-12-29 02:20:05.846 7 DEBUG oslo_service.service [-] Stop services. stop /var/lib/kolla/venv/lib/python3.6/site-packages/oslo_service/service.py:695
2025-12-29 02:20:05.846 7 DEBUG neutron.service [-] calling RpcWorker stop() stop /var/lib/kolla/venv/lib/python3.6/site-packages/neutron/service.py:138
2025-12-29 02:20:05.846 7 DEBUG neutron.service [-] calling RpcWorker stop() stop /var/lib/kolla/venv/lib/python3.6/site-packages/neutron/service.py:138
2025-12-29 02:20:05.846 7 DEBUG oslo_service.service [-] Killing children. stop /var/lib/kolla/venv/lib/python3.6/site-packages/oslo_service/service.py:700
2025-12-29 02:20:05.846 7 INFO oslo_service.service [-] Waiting on 8 children to exit
2025-12-29 02:20:05.847 23 DEBUG neutron.service [-] calling RpcWorker stop() stop /var/lib/kolla/venv/lib/python3.6/site-packages/neutron/service.py:138
2025-12-29 02:20:05.848 26 DEBUG neutron.service [-] calling RpcWorker stop() stop /var/lib/kolla/venv/lib/python3.6/site-packages/neutron/service.py:138
2025-12-29 02:20:05.849 22 INFO neutron.wsgi [-] (22) wsgi exited, is_accepting=True
2025-12-29 02:20:05.847 23 DEBUG neutron.service [-] calling stop on stop /var/lib/kolla/venv/lib/python3.6/site-packages/neutron/service.py:141
2025-12-29 02:20:05.849 22 DEBUG oslo_concurrency.lockutils [req-aa8ade90-f8f9-463c-8fc1-0344e834a2fa - - - - -] Acquired lock "singleton_lock" lock /var/lib/kolla/venv/lib/python3.6/site-packages/oslo_concurrency/lockutils.py:294
2025-12-29 02:20:05.850 22 DEBUG oslo_concurrency.lockutils [req-aa8ade90-f8f9-463c-8fc1-0344e834a2fa - - - - -] Releasing lock "singleton_lock" lock /var/lib/kolla/venv/lib/python3.6/site-packages/oslo_concurrency/lockutils.py:312
2025-12-29 02:20:05.850 24 DEBUG neutron.service [-] calling RpcWorker stop() stop /var/lib/kolla/venv/lib/python3.6/site-packages/neutron/service.py:138
2025-12-29 02:20:05.848 26 DEBUG neutron.service [-] calling stop on stop /var/lib/kolla/venv/lib/python3.6/site-packages/neutron/service.py:141
2025-12-29 02:20:05.850 24 DEBUG neutron.service [-] calling stop on stop /var/lib/kolla/venv/lib/python3.6/site-packages/neutron/service.py:141
2025-12-29 02:20:05.854 27 DEBUG neutron.service [-] calling RpcWorker stop() stop /var/lib/kolla/venv/lib/python3.6/site-packages/neutron/service.py:138
2025-12-29 02:20:05.854 27 DEBUG neutron.service [-] calling stop on stop /var/lib/kolla/venv/lib/python3.6/site-packages/neutron/service.py:141
2025-12-29 02:20:05.857 29 DEBUG neutron.service [-] calling RpcWorker stop() stop /var/lib/kolla/venv/lib/python3.6/site-packages/neutron/service.py:138
2025-12-29 02:20:05.857 29 DEBUG neutron.service [-] calling stop on stop /var/lib/kolla/venv/lib/python3.6/site-packages/neutron/service.py:141
2025-12-29 02:20:05.859 25 DEBUG neutron.service [-] calling RpcWorker stop() stop /var/lib/kolla/venv/lib/python3.6/site-packages/neutron/service.py:138
2025-12-29 02:20:05.859 25 DEBUG neutron.service [-] calling stop on stop /var/lib/kolla/venv/lib/python3.6/site-packages/neutron/service.py:141
2025-12-29 02:20:05.861 7 INFO oslo_service.service [-] Child 22 exited with status 0
2025-12-29 02:20:05.865 28 DEBUG neutron.service [-] calling RpcWorker stop() stop /var/lib/kolla/venv/lib/python3.6/site-packages/neutron/service.py:138
2025-12-29 02:20:05.865 28 DEBUG neutron.service [-] calling stop on stop /var/lib/kolla/venv/lib/python3.6/site-packages/neutron/service.py:141
2025-12-29 02:20:07.721 28 DEBUG oslo_concurrency.lockutils [req-aa8ade90-f8f9-463c-8fc1-0344e834a2fa - - - - -] Acquired lock "singleton_lock" lock /var/lib/kolla/venv/lib/python3.6/site-packages/oslo_concurrency/lockutils.py:294
2025-12-29 02:20:07.721 28 DEBUG oslo_concurrency.lockutils [req-aa8ade90-f8f9-463c-8fc1-0344e834a2fa - - - - -] Releasing lock "singleton_lock" lock /var/lib/kolla/venv/lib/python3.6/site-packages/oslo_concurrency/lockutils.py:312
2025-12-29 02:20:07.722 28 DEBUG neutron.service [req-aa8ade90-f8f9-463c-8fc1-0344e834a2fa - - - - -] calling RpcWorker wait() _wait /var/lib/kolla/venv/lib/python3.6/site-packages/neutron/service.py:128
2025-12-29 02:20:07.722 28 DEBUG neutron.service [req-aa8ade90-f8f9-463c-8fc1-0344e834a2fa - - - - -] calling wait on _wait /var/lib/kolla/venv/lib/python3.6/site-packages/neutron/service.py:131
2025-12-29 02:20:07.733 28 WARNING amqp [req-aa8ade90-f8f9-463c-8fc1-0344e834a2fa - - - - -] Received method (60, 30) during closing channel 1. This method will be ignored
2025-12-29 02:20:07.734 28 DEBUG neutron.service [req-aa8ade90-f8f9-463c-8fc1-0344e834a2fa - - - - -] returning from RpcWorker wait() _wait /var/lib/kolla/venv/lib/python3.6/site-packages/neutron/service.py:135
2025-12-29 02:20:07.739 7 INFO oslo_service.service [-] Child 28 exited with status 0
2025-12-29 02:20:08.534 23 DEBUG neutron.service [-] calling stop on stop /var/lib/kolla/venv/lib/python3.6/site-packages/neutron/service.py:141
2025-12-29 02:20:08.549 23 DEBUG neutron.service [-] calling stop on stop /var/lib/kolla/venv/lib/python3.6/site-packages/neutron/service.py:141
2025-12-29 02:20:08.551 24 DEBUG neutron.service [-] calling stop on stop /var/lib/kolla/venv/lib/python3.6/site-packages/neutron/service.py:141
2025-12-29 02:20:08.557 25 DEBUG neutron.service [-] calling stop on stop /var/lib/kolla/venv/lib/python3.6/site-packages/neutron/service.py:141
2025-12-29 02:20:08.565 25 DEBUG neutron.service [-] calling stop on stop /var/lib/kolla/venv/lib/python3.6/site-packages/neutron/service.py:141
2025-12-29 02:20:08.572 29 DEBUG oslo_concurrency.lockutils [req-aa8ade90-f8f9-463c-8fc1-0344e834a2fa - - - - -] Acquired lock "singleton_lock" lock /var/lib/kolla/venv/lib/python3.6/site-packages/oslo_concurrency/lockutils.py:294
2025-12-29 02:20:08.572 29 DEBUG oslo_concurrency.lockutils [req-aa8ade90-f8f9-463c-8fc1-0344e834a2fa - - - - -] Releasing lock "singleton_lock" lock /var/lib/kolla/venv/lib/python3.6/site-packages/oslo_concurrency/lockutils.py:312
2025-12-29 02:20:08.572 29 DEBUG neutron.service [req-aa8ade90-f8f9-463c-8fc1-0344e834a2fa - - - - -] calling RpcWorker wait() _wait /var/lib/kolla/venv/lib/python3.6/site-packages/neutron/service.py:128
2025-12-29 02:20:08.572 29 DEBUG neutron.service [req-aa8ade90-f8f9-463c-8fc1-0344e834a2fa - - - - -] calling wait on _wait /var/lib/kolla/venv/lib/python3.6/site-packages/neutron/service.py:131
2025-12-29 02:20:08.580 29 WARNING amqp [req-aa8ade90-f8f9-463c-8fc1-0344e834a2fa - - - - -] Received method (60, 30) during closing channel 1. This method will be ignored
2025-12-29 02:20:08.580 29 DEBUG neutron.service [req-aa8ade90-f8f9-463c-8fc1-0344e834a2fa - - - - -] returning from RpcWorker wait() _wait /var/lib/kolla/venv/lib/python3.6/site-packages/neutron/service.py:135
2025-12-29 02:20:08.580 25 DEBUG neutron.service [-] calling stop on stop /var/lib/kolla/venv/lib/python3.6/site-packages/neutron/service.py:141
2025-12-29 02:20:08.581 23 DEBUG neutron.service [-] calling stop on stop /var/lib/kolla/venv/lib/python3.6/site-packages/neutron/service.py:141
2025-12-29 02:20:08.587 7 INFO oslo_service.service [-] Child 29 exited with status 0
2025-12-29 02:20:08.589 25 DEBUG oslo_concurrency.lockutils [req-aa8ade90-f8f9-463c-8fc1-0344e834a2fa - - - - -] Acquired lock "singleton_lock" lock /var/lib/kolla/venv/lib/python3.6/site-packages/oslo_concurrency/lockutils.py:294
2025-12-29 02:20:08.590 25 DEBUG oslo_concurrency.lockutils [req-aa8ade90-f8f9-463c-8fc1-0344e834a2fa - - - - -] Releasing lock "singleton_lock" lock /var/lib/kolla/venv/lib/python3.6/site-packages/oslo_concurrency/lockutils.py:312
2025-12-29 02:20:08.591 25 DEBUG neutron.service [req-aa8ade90-f8f9-463c-8fc1-0344e834a2fa - - - - -] calling RpcWorker wait() _wait /var/lib/kolla/venv/lib/python3.6/site-packages/neutron/service.py:128
2025-12-29 02:20:08.591 25 DEBUG neutron.service [req-aa8ade90-f8f9-463c-8fc1-0344e834a2fa - - - - -] calling wait on _wait /var/lib/kolla/venv/lib/python3.6/site-packages/neutron/service.py:131
2025-12-29 02:20:08.593 23 DEBUG oslo_concurrency.lockutils [req-aa8ade90-f8f9-463c-8fc1-0344e834a2fa - - - - -] Acquired lock "singleton_lock" lock /var/lib/kolla/venv/lib/python3.6/site-packages/oslo_concurrency/lockutils.py:294
2025-12-29 02:20:08.594 23 DEBUG oslo_concurrency.lockutils [req-aa8ade90-f8f9-463c-8fc1-0344e834a2fa - - - - -] Releasing lock "singleton_lock" lock /var/lib/kolla/venv/lib/python3.6/site-packages/oslo_concurrency/lockutils.py:312
2025-12-29 02:20:08.594 23 DEBUG neutron.service [req-aa8ade90-f8f9-463c-8fc1-0344e834a2fa - - - - -] calling RpcWorker wait() _wait /var/lib/kolla/venv/lib/python3.6/site-packages/neutron/service.py:128
2025-12-29 02:20:08.596 23 DEBUG neutron.service [req-aa8ade90-f8f9-463c-8fc1-0344e834a2fa - - - - -] calling wait on _wait /var/lib/kolla/venv/lib/python3.6/site-packages/neutron/service.py:131
2025-12-29 02:20:08.597 27 DEBUG oslo_concurrency.lockutils [req-aa8ade90-f8f9-463c-8fc1-0344e834a2fa - - - - -] Acquired lock "singleton_lock" lock /var/lib/kolla/venv/lib/python3.6/site-packages/oslo_concurrency/lockutils.py:294
2025-12-29 02:20:08.597 27 DEBUG oslo_concurrency.lockutils [req-aa8ade90-f8f9-463c-8fc1-0344e834a2fa - - - - -] Releasing lock "singleton_lock" lock /var/lib/kolla/venv/lib/python3.6/site-packages/oslo_concurrency/lockutils.py:312
2025-12-29 02:20:08.598 27 DEBUG neutron.service [req-aa8ade90-f8f9-463c-8fc1-0344e834a2fa - - - - -] calling RpcWorker wait() _wait /var/lib/kolla/venv/lib/python3.6/site-packages/neutron/service.py:128
2025-12-29 02:20:08.598 27 DEBUG neutron.service [req-aa8ade90-f8f9-463c-8fc1-0344e834a2fa - - - - -] calling wait on _wait /var/lib/kolla/venv/lib/python3.6/site-packages/neutron/service.py:131
2025-12-29 02:20:08.599 25 WARNING amqp [req-aa8ade90-f8f9-463c-8fc1-0344e834a2fa - - - - -] Received method (60, 30) during closing channel 1. This method will be ignored
2025-12-29 02:20:08.600 25 DEBUG neutron.service [req-aa8ade90-f8f9-463c-8fc1-0344e834a2fa - - - - -] calling wait on _wait /var/lib/kolla/venv/lib/python3.6/site-packages/neutron/service.py:131
2025-12-29 02:20:08.603 27 WARNING amqp [req-aa8ade90-f8f9-463c-8fc1-0344e834a2fa - - - - -] Received method (60, 30) during closing channel 1. This method will be ignored
2025-12-29 02:20:08.604 27 DEBUG neutron.service [req-aa8ade90-f8f9-463c-8fc1-0344e834a2fa - - - - -] returning from RpcWorker wait() _wait /var/lib/kolla/venv/lib/python3.6/site-packages/neutron/service.py:135
2025-12-29 02:20:08.606 25 WARNING amqp [req-aa8ade90-f8f9-463c-8fc1-0344e834a2fa - - - - -] Received method (60, 30) during closing channel 1. This method will be ignored
2025-12-29 02:20:08.607 25 DEBUG neutron.service [req-aa8ade90-f8f9-463c-8fc1-0344e834a2fa - - - - -] calling wait on _wait /var/lib/kolla/venv/lib/python3.6/site-packages/neutron/service.py:131
2025-12-29 02:20:08.612 7 INFO oslo_service.service [-] Child 27 exited with status 0
2025-12-29 02:20:08.613 23 WARNING amqp [req-aa8ade90-f8f9-463c-8fc1-0344e834a2fa - - - - -] Received method (60, 30) during closing channel 1. This method will be ignored
2025-12-29 02:20:08.614 23 DEBUG neutron.service [req-aa8ade90-f8f9-463c-8fc1-0344e834a2fa - - - - -] calling wait on _wait /var/lib/kolla/venv/lib/python3.6/site-packages/neutron/service.py:131
2025-12-29 02:20:08.616 25 WARNING amqp [req-aa8ade90-f8f9-463c-8fc1-0344e834a2fa - - - - -] Received method (60, 30) during closing channel 1. This method will be ignored
2025-12-29 02:20:08.617 25 DEBUG neutron.service [req-aa8ade90-f8f9-463c-8fc1-0344e834a2fa - - - - -] calling wait on _wait /var/lib/kolla/venv/lib/python3.6/site-packages/neutron/service.py:131
2025-12-29 02:20:08.620 23 WARNING amqp [req-aa8ade90-f8f9-463c-8fc1-0344e834a2fa - - - - -] Received method (60, 30) during closing channel 1. This method will be ignored
2025-12-29 02:20:08.626 23 DEBUG neutron.service [req-aa8ade90-f8f9-463c-8fc1-0344e834a2fa - - - - -] calling wait on _wait /var/lib/kolla/venv/lib/python3.6/site-packages/neutron/service.py:131
2025-12-29 02:20:08.629 25 WARNING amqp [req-aa8ade90-f8f9-463c-8fc1-0344e834a2fa - - - - -] Received method (60, 30) during closing channel 1. This method will be ignored
2025-12-29 02:20:08.630 25 DEBUG neutron.service [req-aa8ade90-f8f9-463c-8fc1-0344e834a2fa - - - - -] returning from RpcWorker wait() _wait /var/lib/kolla/venv/lib/python3.6/site-packages/neutron/service.py:135
2025-12-29 02:20:08.631 23 WARNING amqp [req-aa8ade90-f8f9-463c-8fc1-0344e834a2fa - - - - -] Received method (60, 30) during closing channel 1. This method will be ignored
2025-12-29 02:20:08.632 23 DEBUG neutron.service [req-aa8ade90-f8f9-463c-8fc1-0344e834a2fa - - - - -] calling wait on _wait /var/lib/kolla/venv/lib/python3.6/site-packages/neutron/service.py:131
2025-12-29 02:20:08.635 7 INFO oslo_service.service [-] Child 25 exited with status 0
2025-12-29 02:20:08.637 23 WARNING amqp [req-aa8ade90-f8f9-463c-8fc1-0344e834a2fa - - - - -] Received method (60, 30) during closing channel 1. This method will be ignored
2025-12-29 02:20:08.638 23 DEBUG neutron.service [req-aa8ade90-f8f9-463c-8fc1-0344e834a2fa - - - - -] returning from RpcWorker wait() _wait /var/lib/kolla/venv/lib/python3.6/site-packages/neutron/service.py:135
2025-12-29 02:20:08.643 7 INFO oslo_service.service [-] Child 23 exited with status 0
2025-12-29 02:20:10.598 26 DEBUG oslo_concurrency.lockutils [req-aa8ade90-f8f9-463c-8fc1-0344e834a2fa - - - - -] Acquired lock "singleton_lock" lock /var/lib/kolla/venv/lib/python3.6/site-packages/oslo_concurrency/lockutils.py:294
2025-12-29 02:20:10.599 26 DEBUG oslo_concurrency.lockutils [req-aa8ade90-f8f9-463c-8fc1-0344e834a2fa - - - - -] Releasing lock "singleton_lock" lock /var/lib/kolla/venv/lib/python3.6/site-packages/oslo_concurrency/lockutils.py:312
2025-12-29 02:20:10.600 26 DEBUG neutron.service [req-aa8ade90-f8f9-463c-8fc1-0344e834a2fa - - - - -] calling RpcWorker wait() _wait /var/lib/kolla/venv/lib/python3.6/site-packages/neutron/service.py:128
2025-12-29 02:20:10.600 26 DEBUG neutron.service [req-aa8ade90-f8f9-463c-8fc1-0344e834a2fa - - - - -] calling wait on _wait /var/lib/kolla/venv/lib/python3.6/site-packages/neutron/service.py:131
2025-12-29 02:20:10.606 26 WARNING amqp [req-aa8ade90-f8f9-463c-8fc1-0344e834a2fa - - - - -] Received method (60, 30) during closing channel 1. This method will be ignored
2025-12-29 02:20:10.608 26 DEBUG neutron.service [req-aa8ade90-f8f9-463c-8fc1-0344e834a2fa - - - - -] returning from RpcWorker wait() _wait /var/lib/kolla/venv/lib/python3.6/site-packages/neutron/service.py:135
2025-12-29 02:20:10.617 7 INFO oslo_service.service [-] Child 26 exited with status 0
2025-12-29 02:20:13.552 24 DEBUG neutron.service [-] calling stop on stop /var/lib/kolla/venv/lib/python3.6/site-packages/neutron/service.py:141
2025-12-29 02:20:14.518 24 DEBUG neutron.service [-] calling stop on stop /var/lib/kolla/venv/lib/python3.6/site-packages/neutron/service.py:141
2025-12-29 02:20:14.529 24 DEBUG neutron_lib.callbacks.manager [req-26472ff7-5462-42e6-b71a-b3e52ab32111 - - - - -] Publish callbacks ['neutron.services.segments.db._update_segment_host_mapping_for_agent-8747630420800', 'neutron.plugins.ml2.plugin.Ml2Plugin._retry_binding_revived_agents--9223372036853450565'] for agent (cf1888a3-6190-4b58-a425-4a4ab0392f6f), after_update _notify_loop /var/lib/kolla/venv/lib/python3.6/site-packages/neutron_lib/callbacks/manager.py:177
2025-12-29 02:20:19.013 7 INFO neutron.common.config [-] Logging enabled!
2025-12-29 02:20:19.014 7 INFO neutron.common.config [-] /var/lib/kolla/venv/bin/neutron-server version 20.5.1.dev23
2025-12-29 02:20:19.014 7 DEBUG neutron.common.config [-] command line: /var/lib/kolla/venv/bin/neutron-server --config-file /etc/neutron/neutron.conf --config-file /etc/neutron/ContrailPlugin.ini --config-file /etc/neutron/api-paste.ini setup_logging /var/lib/kolla/venv/lib/python3.6/site-packages/neutron/common/config.py:115
2025-12-29 02:20:19.017 7 INFO neutron.common.config [-] Logging enabled!
2025-12-29 02:20:19.019 7 INFO neutron.common.config [-] /var/lib/kolla/venv/bin/neutron-server version 20.5.1.dev23
2025-12-29 02:20:19.019 7 DEBUG neutron.common.config [-] command line: /var/lib/kolla/venv/bin/neutron-server --config-file /etc/neutron/neutron.conf --config-file /etc/neutron/ContrailPlugin.ini --config-file /etc/neutron/api-paste.ini setup_logging /var/lib/kolla/venv/lib/python3.6/site-packages/neutron/common/config.py:115
2025-12-29 02:20:19.020 7 DEBUG neutron.common.config [-] ******************************************************************************** log_opt_values /var/lib/kolla/venv/lib/python3.6/site-packages/oslo_config/cfg.py:2589
2025-12-29 02:20:19.020 7 DEBUG neutron.common.config [-] Configuration options gathered from: log_opt_values /var/lib/kolla/venv/lib/python3.6/site-packages/oslo_config/cfg.py:2590
2025-12-29 02:20:19.021 7 DEBUG neutron.common.config [-] command line args: ['--config-file', '/etc/neutron/neutron.conf', '--config-file', '/etc/neutron/ContrailPlugin.ini', '--config-file', '/etc/neutron/api-paste.ini'] log_opt_values /var/lib/kolla/venv/lib/python3.6/site-packages/oslo_config/cfg.py:2591
2025-12-29 02:20:19.022 7 DEBUG neutron.common.config [-] config files: ['/etc/neutron/neutron.conf', '/etc/neutron/ContrailPlugin.ini', '/etc/neutron/api-paste.ini'] log_opt_values /var/lib/kolla/venv/lib/python3.6/site-packages/oslo_config/cfg.py:2593
2025-12-29 02:20:19.022 7 DEBUG neutron.common.config [-] ================================================================================ log_opt_values /var/lib/kolla/venv/lib/python3.6/site-packages/oslo_config/cfg.py:2594
2025-12-29 02:20:19.023 7 DEBUG neutron.common.config [-] allow_bulk = True log_opt_values /var/lib/kolla/venv/lib/python3.6/site-packages/oslo_config/cfg.py:2603
2025-12-29 02:20:19.025 7 WARNING oslo_config.cfg [-] Deprecated: Option "allow_overlapping_ips" from group "DEFAULT" is deprecated for removal. Its value may be silently ignored in the future.
2025-12-29 02:20:19.025 7 DEBUG neutron.common.config [-] allow_overlapping_ips = True log_opt_values /var/lib/kolla/venv/lib/python3.6/site-packages/oslo_config/cfg.py:2603
2025-12-29 02:20:19.026 7 DEBUG neutron.common.config [-] api_extensions_path = /opt/plugin/site-packages/neutron_plugin_contrail/extensions:/opt/plugin/site-packages/neutron_lbaas/extensions log_opt_values /var/lib/kolla/venv/lib/python3.6/site-packages/oslo_config/cfg.py:2603
2025-12-29 02:20:19.026 7 DEBUG neutron.common.config [-] api_paste_config = /etc/neutron/api-paste.ini log_opt_values /var/lib/kolla/venv/lib/python3.6/site-packages/oslo_config/cfg.py:2603
2025-12-29 02:20:19.028 7 DEBUG neutron.common.config [-] api_workers = 1 log_opt_values /var/lib/kolla/venv/lib/python3.6/site-packages/oslo_config/cfg.py:2603
2025-12-29 02:20:19.028 7 DEBUG neutron.common.config [-] auth_strategy = keystone log_opt_values /var/lib/kolla/venv/lib/python3.6/site-packages/oslo_config/cfg.py:2603
2025-12-29 02:20:19.029 7 DEBUG neutron.common.config [-] backlog = 4096 log_opt_values /var/lib/kolla/venv/lib/python3.6/site-packages/oslo_config/cfg.py:2603
2025-12-29 02:20:19.029 7 DEBUG neutron.common.config [-] base_mac = fa:16:3e:00:00:00 log_opt_values /var/lib/kolla/venv/lib/python3.6/site-packages/oslo_config/cfg.py:2603
2025-12-29 02:20:19.030 7 DEBUG neutron.common.config [-] bind_host = 10.0.0.23 log_opt_values /var/lib/kolla/venv/lib/python3.6/site-packages/oslo_config/cfg.py:2603
2025-12-29 02:20:19.031 7 DEBUG neutron.common.config [-] bind_port = 9696 log_opt_values /var/lib/kolla/venv/lib/python3.6/site-packages/oslo_config/cfg.py:2603
2025-12-29 02:20:19.031 7 DEBUG neutron.common.config [-] client_socket_timeout = 900 log_opt_values /var/lib/kolla/venv/lib/python3.6/site-packages/oslo_config/cfg.py:2603
2025-12-29 02:20:19.032 7 DEBUG neutron.common.config [-] config_dir = [] log_opt_values /var/lib/kolla/venv/lib/python3.6/site-packages/oslo_config/cfg.py:2603
2025-12-29 02:20:19.033 7 DEBUG neutron.common.config [-] config_file = ['/etc/neutron/neutron.conf', '/etc/neutron/ContrailPlugin.ini', '/etc/neutron/api-paste.ini'] log_opt_values /var/lib/kolla/venv/lib/python3.6/site-packages/oslo_config/cfg.py:2603
2025-12-29 02:20:19.033 7 DEBUG neutron.common.config [-] config_source = [] log_opt_values /var/lib/kolla/venv/lib/python3.6/site-packages/oslo_config/cfg.py:2603
2025-12-29 02:20:19.034 7 DEBUG neutron.common.config [-] control_exchange = neutron log_opt_values /var/lib/kolla/venv/lib/python3.6/site-packages/oslo_config/cfg.py:2603
2025-12-29 02:20:19.034 7 DEBUG neutron.common.config [-] core_plugin = neutron_plugin_contrail.plugins.opencontrail.contrail_plugin.NeutronPluginContrailCoreV2 log_opt_values /var/lib/kolla/venv/lib/python3.6/site-packages/oslo_config/cfg.py:2603
2025-12-29 02:20:19.034 7 DEBUG neutron.common.config [-] debug = True log_opt_values /var/lib/kolla/venv/lib/python3.6/site-packages/oslo_config/cfg.py:2603
2025-12-29 02:20:19.034 7 DEBUG neutron.common.config [-] default_availability_zones = [] log_opt_values /var/lib/kolla/venv/lib/python3.6/site-packages/oslo_config/cfg.py:2603
