2025-12-25 00:39:45.400 157007 DEBUG oslo_service.service [req-506cf0af-4ba7-4cac-b4fc-03ca6c0fd08a - - - - -] control_exchange = nova log_opt_values /usr/lib/python3/dist-packages/oslo_config/cfg.py:2602
2025-12-25 00:39:45.400 157007 DEBUG oslo_service.service [req-506cf0af-4ba7-4cac-b4fc-03ca6c0fd08a - - - - -] cpu_allocation_ratio = 2.0 log_opt_values /usr/lib/python3/dist-packages/oslo_config/cfg.py:2602
2025-12-25 00:39:45.400 157007 DEBUG oslo_service.service [req-506cf0af-4ba7-4cac-b4fc-03ca6c0fd08a - - - - -] daemon = False log_opt_values /usr/lib/python3/dist-packages/oslo_config/cfg.py:2602
2025-12-25 00:39:45.400 157007 DEBUG oslo_service.service [req-506cf0af-4ba7-4cac-b4fc-03ca6c0fd08a - - - - -] debug = True log_opt_values /usr/lib/python3/dist-packages/oslo_config/cfg.py:2602
2025-12-25 00:39:45.401 157007 DEBUG oslo_service.service [req-506cf0af-4ba7-4cac-b4fc-03ca6c0fd08a - - - - -] default_access_ip_network_name = None log_opt_values /usr/lib/python3/dist-packages/oslo_config/cfg.py:2602
2025-12-25 00:39:45.401 157007 DEBUG oslo_service.service [req-506cf0af-4ba7-4cac-b4fc-03ca6c0fd08a - - - - -] default_availability_zone = nova log_opt_values /usr/lib/python3/dist-packages/oslo_config/cfg.py:2602
2025-12-25 00:39:45.400 157403 INFO nova.service [-] Starting conductor node (version 25.2.1)
2025-12-25 00:39:45.401 157007 DEBUG oslo_service.service [req-506cf0af-4ba7-4cac-b4fc-03ca6c0fd08a - - - - -] default_ephemeral_format = None log_opt_values /usr/lib/python3/dist-packages/oslo_config/cfg.py:2602
2025-12-25 00:39:45.402 157007 DEBUG oslo_service.service [req-506cf0af-4ba7-4cac-b4fc-03ca6c0fd08a - - - - -] default_log_levels = ['amqp=WARN', 'amqplib=WARN', 'boto=WARN', 'qpid=WARN', 'sqlalchemy=WARN', 'suds=INFO', 'oslo.messaging=INFO', 'oslo_messaging=DEBUG', 'iso8601=WARN', 'requests.packages.urllib3.connectionpool=WARN', 'urllib3.connectionpool=WARN', 'websocket=WARN', 'requests.packages.urllib3.util.retry=WARN', 'urllib3.util.retry=WARN', 'keystonemiddleware=WARN', 'routes.middleware=WARN', 'stevedore=WARN', 'taskflow=WARN', 'keystoneauth=WARN', 'oslo.cache=INFO', 'dogpile.core.dogpile=INFO', 'glanceclient=WARN', 'oslo.privsep.daemon=INFO'] log_opt_values /usr/lib/python3/dist-packages/oslo_config/cfg.py:2602
2025-12-25 00:39:45.402 157007 DEBUG oslo_service.service [req-506cf0af-4ba7-4cac-b4fc-03ca6c0fd08a - - - - -] default_schedule_zone = None log_opt_values /usr/lib/python3/dist-packages/oslo_config/cfg.py:2602
2025-12-25 00:39:45.402 157007 DEBUG oslo_service.service [req-506cf0af-4ba7-4cac-b4fc-03ca6c0fd08a - - - - -] disk_allocation_ratio = 1.0 log_opt_values /usr/lib/python3/dist-packages/oslo_config/cfg.py:2602
2025-12-25 00:39:45.402 157007 DEBUG oslo_service.service [req-506cf0af-4ba7-4cac-b4fc-03ca6c0fd08a - - - - -] enable_new_services = True log_opt_values /usr/lib/python3/dist-packages/oslo_config/cfg.py:2602
2025-12-25 00:39:45.403 157007 DEBUG oslo_service.service [req-506cf0af-4ba7-4cac-b4fc-03ca6c0fd08a - - - - -] enabled_apis = ['osapi_compute', 'metadata'] log_opt_values /usr/lib/python3/dist-packages/oslo_config/cfg.py:2602
2025-12-25 00:39:45.403 157007 DEBUG oslo_service.service [req-506cf0af-4ba7-4cac-b4fc-03ca6c0fd08a - - - - -] enabled_ssl_apis = [] log_opt_values /usr/lib/python3/dist-packages/oslo_config/cfg.py:2602
2025-12-25 00:39:45.403 157007 DEBUG oslo_service.service [req-506cf0af-4ba7-4cac-b4fc-03ca6c0fd08a - - - - -] fatal_deprecations = False log_opt_values /usr/lib/python3/dist-packages/oslo_config/cfg.py:2602
2025-12-25 00:39:45.403 157007 DEBUG oslo_service.service [req-506cf0af-4ba7-4cac-b4fc-03ca6c0fd08a - - - - -] flat_injected = False log_opt_values /usr/lib/python3/dist-packages/oslo_config/cfg.py:2602
2025-12-25 00:39:45.404 157007 DEBUG oslo_service.service [req-506cf0af-4ba7-4cac-b4fc-03ca6c0fd08a - - - - -] force_config_drive = False log_opt_values /usr/lib/python3/dist-packages/oslo_config/cfg.py:2602
2025-12-25 00:39:45.404 157007 DEBUG oslo_service.service [req-506cf0af-4ba7-4cac-b4fc-03ca6c0fd08a - - - - -] force_raw_images = True log_opt_values /usr/lib/python3/dist-packages/oslo_config/cfg.py:2602
2025-12-25 00:39:45.404 157007 DEBUG oslo_service.service [req-506cf0af-4ba7-4cac-b4fc-03ca6c0fd08a - - - - -] graceful_shutdown_timeout = 60 log_opt_values /usr/lib/python3/dist-packages/oslo_config/cfg.py:2602
2025-12-25 00:39:45.404 157007 DEBUG oslo_service.service [req-506cf0af-4ba7-4cac-b4fc-03ca6c0fd08a - - - - -] heal_instance_info_cache_interval = 60 log_opt_values /usr/lib/python3/dist-packages/oslo_config/cfg.py:2602
2025-12-25 00:39:45.405 157007 DEBUG oslo_service.service [req-506cf0af-4ba7-4cac-b4fc-03ca6c0fd08a - - - - -] host = juju-dceb88-0-lxd-7 log_opt_values /usr/lib/python3/dist-packages/oslo_config/cfg.py:2602
2025-12-25 00:39:45.405 157402 DEBUG oslo_db.sqlalchemy.engines [req-54a4292c-58a3-4754-9fba-ae03d9179b69 - - - - -] MySQL server mode set to STRICT_TRANS_TABLES,STRICT_ALL_TABLES,NO_ZERO_IN_DATE,NO_ZERO_DATE,ERROR_FOR_DIVISION_BY_ZERO,TRADITIONAL,NO_ENGINE_SUBSTITUTION _check_effective_sql_mode /usr/lib/python3/dist-packages/oslo_db/sqlalchemy/engines.py:314
2025-12-25 00:39:45.405 157007 DEBUG oslo_service.service [req-506cf0af-4ba7-4cac-b4fc-03ca6c0fd08a - - - - -] initial_cpu_allocation_ratio = 16.0 log_opt_values /usr/lib/python3/dist-packages/oslo_config/cfg.py:2602
2025-12-25 00:39:45.405 157007 DEBUG oslo_service.service [req-506cf0af-4ba7-4cac-b4fc-03ca6c0fd08a - - - - -] initial_disk_allocation_ratio = 1.0 log_opt_values /usr/lib/python3/dist-packages/oslo_config/cfg.py:2602
2025-12-25 00:39:45.405 157007 DEBUG oslo_service.service [req-506cf0af-4ba7-4cac-b4fc-03ca6c0fd08a - - - - -] initial_ram_allocation_ratio = 1.5 log_opt_values /usr/lib/python3/dist-packages/oslo_config/cfg.py:2602
2025-12-25 00:39:45.406 157007 DEBUG oslo_service.service [req-506cf0af-4ba7-4cac-b4fc-03ca6c0fd08a - - - - -] injected_network_template = /usr/lib/python3/dist-packages/nova/virt/interfaces.template log_opt_values /usr/lib/python3/dist-packages/oslo_config/cfg.py:2602
2025-12-25 00:39:45.406 157007 DEBUG oslo_service.service [req-506cf0af-4ba7-4cac-b4fc-03ca6c0fd08a - - - - -] instance_build_timeout = 0 log_opt_values /usr/lib/python3/dist-packages/oslo_config/cfg.py:2602
2025-12-25 00:39:45.406 157007 DEBUG oslo_service.service [req-506cf0af-4ba7-4cac-b4fc-03ca6c0fd08a - - - - -] instance_delete_interval = 300 log_opt_values /usr/lib/python3/dist-packages/oslo_config/cfg.py:2602
2025-12-25 00:39:45.407 157007 DEBUG oslo_service.service [req-506cf0af-4ba7-4cac-b4fc-03ca6c0fd08a - - - - -] instance_format = [instance: %(uuid)s] log_opt_values /usr/lib/python3/dist-packages/oslo_config/cfg.py:2602
2025-12-25 00:39:45.407 157007 DEBUG oslo_service.service [req-506cf0af-4ba7-4cac-b4fc-03ca6c0fd08a - - - - -] instance_name_template = instance-%08x log_opt_values /usr/lib/python3/dist-packages/oslo_config/cfg.py:2602
2025-12-25 00:39:45.407 157007 DEBUG oslo_service.service [req-506cf0af-4ba7-4cac-b4fc-03ca6c0fd08a - - - - -] instance_usage_audit = False log_opt_values /usr/lib/python3/dist-packages/oslo_config/cfg.py:2602
2025-12-25 00:39:45.407 157007 DEBUG oslo_service.service [req-506cf0af-4ba7-4cac-b4fc-03ca6c0fd08a - - - - -] instance_usage_audit_period = month log_opt_values /usr/lib/python3/dist-packages/oslo_config/cfg.py:2602
2025-12-25 00:39:45.407 157007 DEBUG oslo_service.service [req-506cf0af-4ba7-4cac-b4fc-03ca6c0fd08a - - - - -] instance_uuid_format = [instance: %(uuid)s] log_opt_values /usr/lib/python3/dist-packages/oslo_config/cfg.py:2602
2025-12-25 00:39:45.408 157007 DEBUG oslo_service.service [req-506cf0af-4ba7-4cac-b4fc-03ca6c0fd08a - - - - -] instances_path = /var/lib/nova/instances log_opt_values /usr/lib/python3/dist-packages/oslo_config/cfg.py:2602
2025-12-25 00:39:45.408 157007 DEBUG oslo_service.service [req-506cf0af-4ba7-4cac-b4fc-03ca6c0fd08a - - - - -] internal_service_availability_zone = internal log_opt_values /usr/lib/python3/dist-packages/oslo_config/cfg.py:2602
2025-12-25 00:39:45.408 157007 DEBUG oslo_service.service [req-506cf0af-4ba7-4cac-b4fc-03ca6c0fd08a - - - - -] key = None log_opt_values /usr/lib/python3/dist-packages/oslo_config/cfg.py:2602
2025-12-25 00:39:45.408 157007 DEBUG oslo_service.service [req-506cf0af-4ba7-4cac-b4fc-03ca6c0fd08a - - - - -] live_migration_retry_count = 30 log_opt_values /usr/lib/python3/dist-packages/oslo_config/cfg.py:2602
2025-12-25 00:39:45.409 157007 DEBUG oslo_service.service [req-506cf0af-4ba7-4cac-b4fc-03ca6c0fd08a - - - - -] log_config_append = None log_opt_values /usr/lib/python3/dist-packages/oslo_config/cfg.py:2602
2025-12-25 00:39:45.409 157007 DEBUG oslo_service.service [req-506cf0af-4ba7-4cac-b4fc-03ca6c0fd08a - - - - -] log_date_format = %Y-%m-%d %H:%M:%S log_opt_values /usr/lib/python3/dist-packages/oslo_config/cfg.py:2602
2025-12-25 00:39:45.409 157007 DEBUG oslo_service.service [req-506cf0af-4ba7-4cac-b4fc-03ca6c0fd08a - - - - -] log_dir = /var/log/nova log_opt_values /usr/lib/python3/dist-packages/oslo_config/cfg.py:2602
2025-12-25 00:39:45.409 157007 DEBUG oslo_service.service [req-506cf0af-4ba7-4cac-b4fc-03ca6c0fd08a - - - - -] log_file = /var/log/nova/nova-conductor.log log_opt_values /usr/lib/python3/dist-packages/oslo_config/cfg.py:2602
2025-12-25 00:39:45.409 157007 DEBUG oslo_service.service [req-506cf0af-4ba7-4cac-b4fc-03ca6c0fd08a - - - - -] log_options = True log_opt_values /usr/lib/python3/dist-packages/oslo_config/cfg.py:2602
2025-12-25 00:39:45.410 157007 DEBUG oslo_service.service [req-506cf0af-4ba7-4cac-b4fc-03ca6c0fd08a - - - - -] log_rotate_interval = 1 log_opt_values /usr/lib/python3/dist-packages/oslo_config/cfg.py:2602
2025-12-25 00:39:45.410 157400 DEBUG nova.service [req-959250de-8346-450a-9389-7ec8aa8cc787 - - - - -] Creating RPC server for service conductor start /usr/lib/python3/dist-packages/nova/service.py:182
2025-12-25 00:39:45.410 157007 DEBUG oslo_service.service [req-506cf0af-4ba7-4cac-b4fc-03ca6c0fd08a - - - - -] log_rotate_interval_type = days log_opt_values /usr/lib/python3/dist-packages/oslo_config/cfg.py:2602
2025-12-25 00:39:45.411 157007 DEBUG oslo_service.service [req-506cf0af-4ba7-4cac-b4fc-03ca6c0fd08a - - - - -] log_rotation_type = none log_opt_values /usr/lib/python3/dist-packages/oslo_config/cfg.py:2602
2025-12-25 00:39:45.412 157007 DEBUG oslo_service.service [req-506cf0af-4ba7-4cac-b4fc-03ca6c0fd08a - - - - -] logging_context_format_string = %(asctime)s.%(msecs)03d %(process)d %(levelname)s %(name)s [%(request_id)s %(user_identity)s] %(instance)s%(message)s log_opt_values /usr/lib/python3/dist-packages/oslo_config/cfg.py:2602
2025-12-25 00:39:45.412 157007 DEBUG oslo_service.service [req-506cf0af-4ba7-4cac-b4fc-03ca6c0fd08a - - - - -] logging_debug_format_suffix = %(funcName)s %(pathname)s:%(lineno)d log_opt_values /usr/lib/python3/dist-packages/oslo_config/cfg.py:2602
2025-12-25 00:39:45.412 157007 DEBUG oslo_service.service [req-506cf0af-4ba7-4cac-b4fc-03ca6c0fd08a - - - - -] logging_default_format_string = %(asctime)s.%(msecs)03d %(process)d %(levelname)s %(name)s [-] %(instance)s%(message)s log_opt_values /usr/lib/python3/dist-packages/oslo_config/cfg.py:2602
2025-12-25 00:39:45.413 157007 DEBUG oslo_service.service [req-506cf0af-4ba7-4cac-b4fc-03ca6c0fd08a - - - - -] logging_exception_prefix = %(asctime)s.%(msecs)03d %(process)d ERROR %(name)s %(instance)s log_opt_values /usr/lib/python3/dist-packages/oslo_config/cfg.py:2602
2025-12-25 00:39:45.413 157007 DEBUG oslo_service.service [req-506cf0af-4ba7-4cac-b4fc-03ca6c0fd08a - - - - -] logging_user_identity_format = %(user)s %(project)s %(domain)s %(user_domain)s %(project_domain)s log_opt_values /usr/lib/python3/dist-packages/oslo_config/cfg.py:2602
2025-12-25 00:39:45.413 157007 DEBUG oslo_service.service [req-506cf0af-4ba7-4cac-b4fc-03ca6c0fd08a - - - - -] long_rpc_timeout = 1800 log_opt_values /usr/lib/python3/dist-packages/oslo_config/cfg.py:2602
2025-12-25 00:39:45.413 157403 DEBUG oslo_db.sqlalchemy.engines [req-7f9ee434-61a8-4c99-aa46-3087d1882806 - - - - -] MySQL server mode set to STRICT_TRANS_TABLES,STRICT_ALL_TABLES,NO_ZERO_IN_DATE,NO_ZERO_DATE,ERROR_FOR_DIVISION_BY_ZERO,TRADITIONAL,NO_ENGINE_SUBSTITUTION _check_effective_sql_mode /usr/lib/python3/dist-packages/oslo_db/sqlalchemy/engines.py:314
2025-12-25 00:39:45.414 157007 DEBUG oslo_service.service [req-506cf0af-4ba7-4cac-b4fc-03ca6c0fd08a - - - - -] max_concurrent_builds = 10 log_opt_values /usr/lib/python3/dist-packages/oslo_config/cfg.py:2602
2025-12-25 00:39:45.414 157007 DEBUG oslo_service.service [req-506cf0af-4ba7-4cac-b4fc-03ca6c0fd08a - - - - -] max_concurrent_live_migrations = 1 log_opt_values /usr/lib/python3/dist-packages/oslo_config/cfg.py:2602
2025-12-25 00:39:45.415 157007 DEBUG oslo_service.service [req-506cf0af-4ba7-4cac-b4fc-03ca6c0fd08a - - - - -] max_concurrent_snapshots = 5 log_opt_values /usr/lib/python3/dist-packages/oslo_config/cfg.py:2602
2025-12-25 00:39:45.415 157007 DEBUG oslo_service.service [req-506cf0af-4ba7-4cac-b4fc-03ca6c0fd08a - - - - -] max_local_block_devices = 3 log_opt_values /usr/lib/python3/dist-packages/oslo_config/cfg.py:2602
2025-12-25 00:39:45.416 157007 DEBUG oslo_service.service [req-506cf0af-4ba7-4cac-b4fc-03ca6c0fd08a - - - - -] max_logfile_count = 30 log_opt_values /usr/lib/python3/dist-packages/oslo_config/cfg.py:2602
2025-12-25 00:39:45.416 157007 DEBUG oslo_service.service [req-506cf0af-4ba7-4cac-b4fc-03ca6c0fd08a - - - - -] max_logfile_size_mb = 200 log_opt_values /usr/lib/python3/dist-packages/oslo_config/cfg.py:2602
2025-12-25 00:39:45.417 157007 DEBUG oslo_service.service [req-506cf0af-4ba7-4cac-b4fc-03ca6c0fd08a - - - - -] maximum_instance_delete_attempts = 5 log_opt_values /usr/lib/python3/dist-packages/oslo_config/cfg.py:2602
2025-12-25 00:39:45.418 157007 DEBUG oslo_service.service [req-506cf0af-4ba7-4cac-b4fc-03ca6c0fd08a - - - - -] metadata_listen = 0.0.0.0 log_opt_values /usr/lib/python3/dist-packages/oslo_config/cfg.py:2602
2025-12-25 00:39:45.418 157007 DEBUG oslo_service.service [req-506cf0af-4ba7-4cac-b4fc-03ca6c0fd08a - - - - -] metadata_listen_port = 8765 log_opt_values /usr/lib/python3/dist-packages/oslo_config/cfg.py:2602
2025-12-25 00:39:45.418 157401 DEBUG nova.service [req-fc833d01-726d-4818-b998-bf70e62bd610 - - - - -] Creating RPC server for service conductor start /usr/lib/python3/dist-packages/nova/service.py:182
2025-12-25 00:39:45.418 157007 DEBUG oslo_service.service [req-506cf0af-4ba7-4cac-b4fc-03ca6c0fd08a - - - - -] metadata_workers = None log_opt_values /usr/lib/python3/dist-packages/oslo_config/cfg.py:2602
2025-12-25 00:39:45.418 157007 DEBUG oslo_service.service [req-506cf0af-4ba7-4cac-b4fc-03ca6c0fd08a - - - - -] migrate_max_retries = -1 log_opt_values /usr/lib/python3/dist-packages/oslo_config/cfg.py:2602
2025-12-25 00:39:45.419 157007 DEBUG oslo_service.service [req-506cf0af-4ba7-4cac-b4fc-03ca6c0fd08a - - - - -] mkisofs_cmd = genisoimage log_opt_values /usr/lib/python3/dist-packages/oslo_config/cfg.py:2602
2025-12-25 00:39:45.420 157007 DEBUG oslo_service.service [req-506cf0af-4ba7-4cac-b4fc-03ca6c0fd08a - - - - -] my_block_storage_ip = 252.241.118.154 log_opt_values /usr/lib/python3/dist-packages/oslo_config/cfg.py:2602
2025-12-25 00:39:45.420 157007 DEBUG oslo_service.service [req-506cf0af-4ba7-4cac-b4fc-03ca6c0fd08a - - - - -] my_ip = 252.241.118.154 log_opt_values /usr/lib/python3/dist-packages/oslo_config/cfg.py:2602
2025-12-25 00:39:45.420 157402 DEBUG nova.service [req-54a4292c-58a3-4754-9fba-ae03d9179b69 - - - - -] Creating RPC server for service conductor start /usr/lib/python3/dist-packages/nova/service.py:182
2025-12-25 00:39:45.420 157007 DEBUG oslo_service.service [req-506cf0af-4ba7-4cac-b4fc-03ca6c0fd08a - - - - -] network_allocate_retries = 0 log_opt_values /usr/lib/python3/dist-packages/oslo_config/cfg.py:2602
2025-12-25 00:39:45.420 157007 DEBUG oslo_service.service [req-506cf0af-4ba7-4cac-b4fc-03ca6c0fd08a - - - - -] non_inheritable_image_properties = ['cache_in_nova', 'bittorrent'] log_opt_values /usr/lib/python3/dist-packages/oslo_config/cfg.py:2602
2025-12-25 00:39:45.421 157007 DEBUG oslo_service.service [req-506cf0af-4ba7-4cac-b4fc-03ca6c0fd08a - - - - -] osapi_compute_listen = 0.0.0.0 log_opt_values /usr/lib/python3/dist-packages/oslo_config/cfg.py:2602
2025-12-25 00:39:45.421 157007 DEBUG oslo_service.service [req-506cf0af-4ba7-4cac-b4fc-03ca6c0fd08a - - - - -] osapi_compute_listen_port = 8764 log_opt_values /usr/lib/python3/dist-packages/oslo_config/cfg.py:2602
2025-12-25 00:39:45.421 157007 DEBUG oslo_service.service [req-506cf0af-4ba7-4cac-b4fc-03ca6c0fd08a - - - - -] osapi_compute_unique_server_name_scope = log_opt_values /usr/lib/python3/dist-packages/oslo_config/cfg.py:2602
2025-12-25 00:39:45.422 157007 DEBUG oslo_service.service [req-506cf0af-4ba7-4cac-b4fc-03ca6c0fd08a - - - - -] osapi_compute_workers = 4 log_opt_values /usr/lib/python3/dist-packages/oslo_config/cfg.py:2602
2025-12-25 00:39:45.422 157007 DEBUG oslo_service.service [req-506cf0af-4ba7-4cac-b4fc-03ca6c0fd08a - - - - -] password_length = 12 log_opt_values /usr/lib/python3/dist-packages/oslo_config/cfg.py:2602
2025-12-25 00:39:45.422 157007 DEBUG oslo_service.service [req-506cf0af-4ba7-4cac-b4fc-03ca6c0fd08a - - - - -] periodic_enable = True log_opt_values /usr/lib/python3/dist-packages/oslo_config/cfg.py:2602
2025-12-25 00:39:45.422 157007 DEBUG oslo_service.service [req-506cf0af-4ba7-4cac-b4fc-03ca6c0fd08a - - - - -] periodic_fuzzy_delay = 60 log_opt_values /usr/lib/python3/dist-packages/oslo_config/cfg.py:2602
2025-12-25 00:39:45.423 157007 DEBUG oslo_service.service [req-506cf0af-4ba7-4cac-b4fc-03ca6c0fd08a - - - - -] pointer_model = usbtablet log_opt_values /usr/lib/python3/dist-packages/oslo_config/cfg.py:2602
2025-12-25 00:39:45.423 157007 DEBUG oslo_service.service [req-506cf0af-4ba7-4cac-b4fc-03ca6c0fd08a - - - - -] preallocate_images = none log_opt_values /usr/lib/python3/dist-packages/oslo_config/cfg.py:2602
2025-12-25 00:39:45.423 157007 DEBUG oslo_service.service [req-506cf0af-4ba7-4cac-b4fc-03ca6c0fd08a - - - - -] publish_errors = False log_opt_values /usr/lib/python3/dist-packages/oslo_config/cfg.py:2602
2025-12-25 00:39:45.424 157007 DEBUG oslo_service.service [req-506cf0af-4ba7-4cac-b4fc-03ca6c0fd08a - - - - -] pybasedir = /usr/lib/python3/dist-packages log_opt_values /usr/lib/python3/dist-packages/oslo_config/cfg.py:2602
2025-12-25 00:39:45.425 157007 DEBUG oslo_service.service [req-506cf0af-4ba7-4cac-b4fc-03ca6c0fd08a - - - - -] ram_allocation_ratio = 0.98 log_opt_values /usr/lib/python3/dist-packages/oslo_config/cfg.py:2602
2025-12-25 00:39:45.426 157007 DEBUG oslo_service.service [req-506cf0af-4ba7-4cac-b4fc-03ca6c0fd08a - - - - -] rate_limit_burst = 0 log_opt_values /usr/lib/python3/dist-packages/oslo_config/cfg.py:2602
2025-12-25 00:39:45.427 157007 DEBUG oslo_service.service [req-506cf0af-4ba7-4cac-b4fc-03ca6c0fd08a - - - - -] rate_limit_except_level = CRITICAL log_opt_values /usr/lib/python3/dist-packages/oslo_config/cfg.py:2602
2025-12-25 00:39:45.427 157007 DEBUG oslo_service.service [req-506cf0af-4ba7-4cac-b4fc-03ca6c0fd08a - - - - -] rate_limit_interval = 0 log_opt_values /usr/lib/python3/dist-packages/oslo_config/cfg.py:2602
2025-12-25 00:39:45.427 157007 DEBUG oslo_service.service [req-506cf0af-4ba7-4cac-b4fc-03ca6c0fd08a - - - - -] reboot_timeout = 0 log_opt_values /usr/lib/python3/dist-packages/oslo_config/cfg.py:2602
2025-12-25 00:39:45.427 157007 DEBUG oslo_service.service [req-506cf0af-4ba7-4cac-b4fc-03ca6c0fd08a - - - - -] reclaim_instance_interval = 0 log_opt_values /usr/lib/python3/dist-packages/oslo_config/cfg.py:2602
2025-12-25 00:39:45.429 157007 DEBUG oslo_service.service [req-506cf0af-4ba7-4cac-b4fc-03ca6c0fd08a - - - - -] record = None log_opt_values /usr/lib/python3/dist-packages/oslo_config/cfg.py:2602
2025-12-25 00:39:45.429 157007 DEBUG oslo_service.service [req-506cf0af-4ba7-4cac-b4fc-03ca6c0fd08a - - - - -] report_interval = 10 log_opt_values /usr/lib/python3/dist-packages/oslo_config/cfg.py:2602
2025-12-25 00:39:45.429 157403 DEBUG nova.service [req-7f9ee434-61a8-4c99-aa46-3087d1882806 - - - - -] Creating RPC server for service conductor start /usr/lib/python3/dist-packages/nova/service.py:182
2025-12-25 00:39:45.429 157007 DEBUG oslo_service.service [req-506cf0af-4ba7-4cac-b4fc-03ca6c0fd08a - - - - -] rescue_timeout = 0 log_opt_values /usr/lib/python3/dist-packages/oslo_config/cfg.py:2602
2025-12-25 00:39:45.430 157007 DEBUG oslo_service.service [req-506cf0af-4ba7-4cac-b4fc-03ca6c0fd08a - - - - -] reserved_host_cpus = 0 log_opt_values /usr/lib/python3/dist-packages/oslo_config/cfg.py:2602
2025-12-25 00:39:45.430 157007 DEBUG oslo_service.service [req-506cf0af-4ba7-4cac-b4fc-03ca6c0fd08a - - - - -] reserved_host_disk_mb = 0 log_opt_values /usr/lib/python3/dist-packages/oslo_config/cfg.py:2602
2025-12-25 00:39:45.432 157007 DEBUG oslo_service.service [req-506cf0af-4ba7-4cac-b4fc-03ca6c0fd08a - - - - -] reserved_host_memory_mb = 512 log_opt_values /usr/lib/python3/dist-packages/oslo_config/cfg.py:2602
2025-12-25 00:39:45.434 157007 DEBUG oslo_service.service [req-506cf0af-4ba7-4cac-b4fc-03ca6c0fd08a - - - - -] reserved_huge_pages = None log_opt_values /usr/lib/python3/dist-packages/oslo_config/cfg.py:2602
2025-12-25 00:39:45.434 157400 DEBUG oslo_messaging._drivers.amqpdriver [-] Listener is running poll /usr/lib/python3/dist-packages/oslo_messaging/_drivers/amqpdriver.py:343
2025-12-25 00:39:45.435 157400 DEBUG oslo_messaging._drivers.amqpdriver [-] AMQPListener connection consume poll /usr/lib/python3/dist-packages/oslo_messaging/_drivers/amqpdriver.py:357
2025-12-25 00:39:45.435 157400 DEBUG nova.service [req-959250de-8346-450a-9389-7ec8aa8cc787 - - - - -] Join ServiceGroup membership for this service conductor start /usr/lib/python3/dist-packages/nova/service.py:199
2025-12-25 00:39:45.435 157400 DEBUG nova.servicegroup.drivers.db [req-959250de-8346-450a-9389-7ec8aa8cc787 - - - - -] DB_Driver: join new ServiceGroup member juju-dceb88-0-lxd-7 to the conductor group, service = join /usr/lib/python3/dist-packages/nova/servicegroup/drivers/db.py:44
2025-12-25 00:39:45.435 157007 DEBUG oslo_service.service [req-506cf0af-4ba7-4cac-b4fc-03ca6c0fd08a - - - - -] resize_confirm_window = 0 log_opt_values /usr/lib/python3/dist-packages/oslo_config/cfg.py:2602
2025-12-25 00:39:45.438 157400 DEBUG oslo_messaging._drivers.amqpdriver [-] AMQPListener connection timeout poll /usr/lib/python3/dist-packages/oslo_messaging/_drivers/amqpdriver.py:360
2025-12-25 00:39:45.438 157400 DEBUG oslo_messaging._drivers.amqpdriver [-] Listener is running poll /usr/lib/python3/dist-packages/oslo_messaging/_drivers/amqpdriver.py:343
2025-12-25 00:39:45.438 157400 DEBUG oslo_messaging._drivers.amqpdriver [-] AMQPListener connection consume poll /usr/lib/python3/dist-packages/oslo_messaging/_drivers/amqpdriver.py:357
2025-12-25 00:39:45.439 157007 DEBUG oslo_service.service [req-506cf0af-4ba7-4cac-b4fc-03ca6c0fd08a - - - - -] resize_fs_using_block_device = False log_opt_values /usr/lib/python3/dist-packages/oslo_config/cfg.py:2602
2025-12-25 00:39:45.441 157401 DEBUG oslo_messaging._drivers.amqpdriver [-] Listener is running poll /usr/lib/python3/dist-packages/oslo_messaging/_drivers/amqpdriver.py:343
2025-12-25 00:39:45.441 157401 DEBUG oslo_messaging._drivers.amqpdriver [-] AMQPListener connection consume poll /usr/lib/python3/dist-packages/oslo_messaging/_drivers/amqpdriver.py:357
2025-12-25 00:39:45.442 157401 DEBUG nova.service [req-fc833d01-726d-4818-b998-bf70e62bd610 - - - - -] Join ServiceGroup membership for this service conductor start /usr/lib/python3/dist-packages/nova/service.py:199
2025-12-25 00:39:45.442 157401 DEBUG nova.servicegroup.drivers.db [req-fc833d01-726d-4818-b998-bf70e62bd610 - - - - -] DB_Driver: join new ServiceGroup member juju-dceb88-0-lxd-7 to the conductor group, service = join /usr/lib/python3/dist-packages/nova/servicegroup/drivers/db.py:44
2025-12-25 00:39:45.443 157007 DEBUG oslo_service.service [req-506cf0af-4ba7-4cac-b4fc-03ca6c0fd08a - - - - -] resume_guests_state_on_host_boot = False log_opt_values /usr/lib/python3/dist-packages/oslo_config/cfg.py:2602
2025-12-25 00:39:45.445 157401 DEBUG oslo_messaging._drivers.amqpdriver [-] AMQPListener connection timeout poll /usr/lib/python3/dist-packages/oslo_messaging/_drivers/amqpdriver.py:360
2025-12-25 00:39:45.445 157401 DEBUG oslo_messaging._drivers.amqpdriver [-] Listener is running poll /usr/lib/python3/dist-packages/oslo_messaging/_drivers/amqpdriver.py:343
2025-12-25 00:39:45.445 157401 DEBUG oslo_messaging._drivers.amqpdriver [-] AMQPListener connection consume poll /usr/lib/python3/dist-packages/oslo_messaging/_drivers/amqpdriver.py:357
2025-12-25 00:39:45.445 157007 DEBUG oslo_service.service [req-506cf0af-4ba7-4cac-b4fc-03ca6c0fd08a - - - - -] rootwrap_config = /etc/nova/rootwrap.conf log_opt_values /usr/lib/python3/dist-packages/oslo_config/cfg.py:2602
2025-12-25 00:39:45.445 157007 DEBUG oslo_service.service [req-506cf0af-4ba7-4cac-b4fc-03ca6c0fd08a - - - - -] rpc_response_timeout = 60 log_opt_values /usr/lib/python3/dist-packages/oslo_config/cfg.py:2602
2025-12-25 00:39:45.446 157402 DEBUG oslo_messaging._drivers.amqpdriver [-] Listener is running poll /usr/lib/python3/dist-packages/oslo_messaging/_drivers/amqpdriver.py:343
2025-12-25 00:39:45.446 157007 DEBUG oslo_service.service [req-506cf0af-4ba7-4cac-b4fc-03ca6c0fd08a - - - - -] run_external_periodic_tasks = True log_opt_values /usr/lib/python3/dist-packages/oslo_config/cfg.py:2602
2025-12-25 00:39:45.446 157402 DEBUG oslo_messaging._drivers.amqpdriver [-] AMQPListener connection consume poll /usr/lib/python3/dist-packages/oslo_messaging/_drivers/amqpdriver.py:357
2025-12-25 00:39:45.447 157402 DEBUG nova.service [req-54a4292c-58a3-4754-9fba-ae03d9179b69 - - - - -] Join ServiceGroup membership for this service conductor start /usr/lib/python3/dist-packages/nova/service.py:199
2025-12-25 00:39:45.447 157007 DEBUG oslo_service.service [req-506cf0af-4ba7-4cac-b4fc-03ca6c0fd08a - - - - -] running_deleted_instance_action = reap log_opt_values /usr/lib/python3/dist-packages/oslo_config/cfg.py:2602
2025-12-25 00:39:45.447 157402 DEBUG nova.servicegroup.drivers.db [req-54a4292c-58a3-4754-9fba-ae03d9179b69 - - - - -] DB_Driver: join new ServiceGroup member juju-dceb88-0-lxd-7 to the conductor group, service = join /usr/lib/python3/dist-packages/nova/servicegroup/drivers/db.py:44
2025-12-25 00:39:45.447 157007 DEBUG oslo_service.service [req-506cf0af-4ba7-4cac-b4fc-03ca6c0fd08a - - - - -] running_deleted_instance_poll_interval = 1800 log_opt_values /usr/lib/python3/dist-packages/oslo_config/cfg.py:2602
2025-12-25 00:39:45.448 157007 DEBUG oslo_service.service [req-506cf0af-4ba7-4cac-b4fc-03ca6c0fd08a - - - - -] running_deleted_instance_timeout = 0 log_opt_values /usr/lib/python3/dist-packages/oslo_config/cfg.py:2602
2025-12-25 00:39:45.448 157007 DEBUG oslo_service.service [req-506cf0af-4ba7-4cac-b4fc-03ca6c0fd08a - - - - -] scheduler_instance_sync_interval = 120 log_opt_values /usr/lib/python3/dist-packages/oslo_config/cfg.py:2602
2025-12-25 00:39:45.449 157007 DEBUG oslo_service.service [req-506cf0af-4ba7-4cac-b4fc-03ca6c0fd08a - - - - -] service_down_time = 60 log_opt_values /usr/lib/python3/dist-packages/oslo_config/cfg.py:2602
2025-12-25 00:39:45.449 157007 DEBUG oslo_service.service [req-506cf0af-4ba7-4cac-b4fc-03ca6c0fd08a - - - - -] servicegroup_driver = db log_opt_values /usr/lib/python3/dist-packages/oslo_config/cfg.py:2602
2025-12-25 00:39:45.449 157007 DEBUG oslo_service.service [req-506cf0af-4ba7-4cac-b4fc-03ca6c0fd08a - - - - -] shelved_offload_time = 0 log_opt_values /usr/lib/python3/dist-packages/oslo_config/cfg.py:2602
2025-12-25 00:39:45.449 157007 DEBUG oslo_service.service [req-506cf0af-4ba7-4cac-b4fc-03ca6c0fd08a - - - - -] shelved_poll_interval = 3600 log_opt_values /usr/lib/python3/dist-packages/oslo_config/cfg.py:2602
2025-12-25 00:39:45.449 157007 DEBUG oslo_service.service [req-506cf0af-4ba7-4cac-b4fc-03ca6c0fd08a - - - - -] shutdown_timeout = 60 log_opt_values /usr/lib/python3/dist-packages/oslo_config/cfg.py:2602
2025-12-25 00:39:45.450 157402 DEBUG oslo_messaging._drivers.amqpdriver [-] AMQPListener connection timeout poll /usr/lib/python3/dist-packages/oslo_messaging/_drivers/amqpdriver.py:360
2025-12-25 00:39:45.450 157402 DEBUG oslo_messaging._drivers.amqpdriver [-] Listener is running poll /usr/lib/python3/dist-packages/oslo_messaging/_drivers/amqpdriver.py:343
2025-12-25 00:39:45.450 157007 DEBUG oslo_service.service [req-506cf0af-4ba7-4cac-b4fc-03ca6c0fd08a - - - - -] source_is_ipv6 = False log_opt_values /usr/lib/python3/dist-packages/oslo_config/cfg.py:2602
2025-12-25 00:39:45.450 157402 DEBUG oslo_messaging._drivers.amqpdriver [-] AMQPListener connection consume poll /usr/lib/python3/dist-packages/oslo_messaging/_drivers/amqpdriver.py:357
2025-12-25 00:39:45.450 157007 DEBUG oslo_service.service [req-506cf0af-4ba7-4cac-b4fc-03ca6c0fd08a - - - - -] ssl_only = False log_opt_values /usr/lib/python3/dist-packages/oslo_config/cfg.py:2602
2025-12-25 00:39:45.450 157007 DEBUG oslo_service.service [req-506cf0af-4ba7-4cac-b4fc-03ca6c0fd08a - - - - -] state_path = /var/lib/nova log_opt_values /usr/lib/python3/dist-packages/oslo_config/cfg.py:2602
2025-12-25 00:39:45.450 157007 DEBUG oslo_service.service [req-506cf0af-4ba7-4cac-b4fc-03ca6c0fd08a - - - - -] sync_power_state_interval = 600 log_opt_values /usr/lib/python3/dist-packages/oslo_config/cfg.py:2602
2025-12-25 00:39:45.451 157007 DEBUG oslo_service.service [req-506cf0af-4ba7-4cac-b4fc-03ca6c0fd08a - - - - -] sync_power_state_pool_size = 1000 log_opt_values /usr/lib/python3/dist-packages/oslo_config/cfg.py:2602
2025-12-25 00:39:45.451 157007 DEBUG oslo_service.service [req-506cf0af-4ba7-4cac-b4fc-03ca6c0fd08a - - - - -] syslog_log_facility = LOG_USER log_opt_values /usr/lib/python3/dist-packages/oslo_config/cfg.py:2602
2025-12-25 00:39:45.451 157007 DEBUG oslo_service.service [req-506cf0af-4ba7-4cac-b4fc-03ca6c0fd08a - - - - -] tempdir = None log_opt_values /usr/lib/python3/dist-packages/oslo_config/cfg.py:2602
2025-12-25 00:39:45.451 157007 DEBUG oslo_service.service [req-506cf0af-4ba7-4cac-b4fc-03ca6c0fd08a - - - - -] timeout_nbd = 10 log_opt_values /usr/lib/python3/dist-packages/oslo_config/cfg.py:2602
2025-12-25 00:39:45.451 157007 DEBUG oslo_service.service [req-506cf0af-4ba7-4cac-b4fc-03ca6c0fd08a - - - - -] transport_url = **** log_opt_values /usr/lib/python3/dist-packages/oslo_config/cfg.py:2602
2025-12-25 00:39:45.451 157007 DEBUG oslo_service.service [req-506cf0af-4ba7-4cac-b4fc-03ca6c0fd08a - - - - -] update_resources_interval = 0 log_opt_values /usr/lib/python3/dist-packages/oslo_config/cfg.py:2602
2025-12-25 00:39:45.451 157403 DEBUG oslo_messaging._drivers.amqpdriver [-] Listener is running poll /usr/lib/python3/dist-packages/oslo_messaging/_drivers/amqpdriver.py:343
2025-12-25 00:39:45.452 157007 DEBUG oslo_service.service [req-506cf0af-4ba7-4cac-b4fc-03ca6c0fd08a - - - - -] use_cow_images = True log_opt_values /usr/lib/python3/dist-packages/oslo_config/cfg.py:2602
2025-12-25 00:39:45.452 157403 DEBUG oslo_messaging._drivers.amqpdriver [-] AMQPListener connection consume poll /usr/lib/python3/dist-packages/oslo_messaging/_drivers/amqpdriver.py:357
2025-12-25 00:39:45.452 157007 DEBUG oslo_service.service [req-506cf0af-4ba7-4cac-b4fc-03ca6c0fd08a - - - - -] use_eventlog = False log_opt_values /usr/lib/python3/dist-packages/oslo_config/cfg.py:2602
2025-12-25 00:39:45.452 157007 DEBUG oslo_service.service [req-506cf0af-4ba7-4cac-b4fc-03ca6c0fd08a - - - - -] use_journal = False log_opt_values /usr/lib/python3/dist-packages/oslo_config/cfg.py:2602
2025-12-25 00:39:45.452 157007 DEBUG oslo_service.service [req-506cf0af-4ba7-4cac-b4fc-03ca6c0fd08a - - - - -] use_json = False log_opt_values /usr/lib/python3/dist-packages/oslo_config/cfg.py:2602
2025-12-25 00:39:45.452 157007 DEBUG oslo_service.service [req-506cf0af-4ba7-4cac-b4fc-03ca6c0fd08a - - - - -] use_rootwrap_daemon = False log_opt_values /usr/lib/python3/dist-packages/oslo_config/cfg.py:2602
2025-12-25 00:39:45.452 157403 DEBUG nova.service [req-7f9ee434-61a8-4c99-aa46-3087d1882806 - - - - -] Join ServiceGroup membership for this service conductor start /usr/lib/python3/dist-packages/nova/service.py:199
2025-12-25 00:39:45.452 157007 DEBUG oslo_service.service [req-506cf0af-4ba7-4cac-b4fc-03ca6c0fd08a - - - - -] use_stderr = False log_opt_values /usr/lib/python3/dist-packages/oslo_config/cfg.py:2602
2025-12-25 00:39:45.453 157007 DEBUG oslo_service.service [req-506cf0af-4ba7-4cac-b4fc-03ca6c0fd08a - - - - -] use_syslog = False log_opt_values /usr/lib/python3/dist-packages/oslo_config/cfg.py:2602
2025-12-25 00:39:45.453 157403 DEBUG nova.servicegroup.drivers.db [req-7f9ee434-61a8-4c99-aa46-3087d1882806 - - - - -] DB_Driver: join new ServiceGroup member juju-dceb88-0-lxd-7 to the conductor group, service = join /usr/lib/python3/dist-packages/nova/servicegroup/drivers/db.py:44
2025-12-25 00:39:45.453 157007 DEBUG oslo_service.service [req-506cf0af-4ba7-4cac-b4fc-03ca6c0fd08a - - - - -] vcpu_pin_set = None log_opt_values /usr/lib/python3/dist-packages/oslo_config/cfg.py:2602
2025-12-25 00:39:45.453 157007 DEBUG oslo_service.service [req-506cf0af-4ba7-4cac-b4fc-03ca6c0fd08a - - - - -] vif_plugging_is_fatal = True log_opt_values /usr/lib/python3/dist-packages/oslo_config/cfg.py:2602
2025-12-25 00:39:45.453 157007 DEBUG oslo_service.service [req-506cf0af-4ba7-4cac-b4fc-03ca6c0fd08a - - - - -] vif_plugging_timeout = 300 log_opt_values /usr/lib/python3/dist-packages/oslo_config/cfg.py:2602
2025-12-25 00:39:45.453 157007 DEBUG oslo_service.service [req-506cf0af-4ba7-4cac-b4fc-03ca6c0fd08a - - - - -] virt_mkfs = [] log_opt_values /usr/lib/python3/dist-packages/oslo_config/cfg.py:2602
2025-12-25 00:39:45.453 157007 DEBUG oslo_service.service [req-506cf0af-4ba7-4cac-b4fc-03ca6c0fd08a - - - - -] volume_usage_poll_interval = 0 log_opt_values /usr/lib/python3/dist-packages/oslo_config/cfg.py:2602
2025-12-25 00:39:45.454 157007 DEBUG oslo_service.service [req-506cf0af-4ba7-4cac-b4fc-03ca6c0fd08a - - - - -] watch_log_file = False log_opt_values /usr/lib/python3/dist-packages/oslo_config/cfg.py:2602
2025-12-25 00:39:45.454 157007 DEBUG oslo_service.service [req-506cf0af-4ba7-4cac-b4fc-03ca6c0fd08a - - - - -] web = /usr/share/spice-html5 log_opt_values /usr/lib/python3/dist-packages/oslo_config/cfg.py:2602
2025-12-25 00:39:45.454 157007 DEBUG oslo_service.service [req-506cf0af-4ba7-4cac-b4fc-03ca6c0fd08a - - - - -] oslo_concurrency.disable_process_locking = False log_opt_values /usr/lib/python3/dist-packages/oslo_config/cfg.py:2609
2025-12-25 00:39:45.454 157007 DEBUG oslo_service.service [req-506cf0af-4ba7-4cac-b4fc-03ca6c0fd08a - - - - -] oslo_concurrency.lock_path = /var/lock/nova log_opt_values /usr/lib/python3/dist-packages/oslo_config/cfg.py:2609
2025-12-25 00:39:45.455 157007 DEBUG oslo_service.service [req-506cf0af-4ba7-4cac-b4fc-03ca6c0fd08a - - - - -] oslo_messaging_metrics.metrics_buffer_size = 1000 log_opt_values /usr/lib/python3/dist-packages/oslo_config/cfg.py:2609
2025-12-25 00:39:45.455 157007 DEBUG oslo_service.service [req-506cf0af-4ba7-4cac-b4fc-03ca6c0fd08a - - - - -] oslo_messaging_metrics.metrics_enabled = False log_opt_values /usr/lib/python3/dist-packages/oslo_config/cfg.py:2609
2025-12-25 00:39:45.455 157007 DEBUG oslo_service.service [req-506cf0af-4ba7-4cac-b4fc-03ca6c0fd08a - - - - -] oslo_messaging_metrics.metrics_process_name = log_opt_values /usr/lib/python3/dist-packages/oslo_config/cfg.py:2609
2025-12-25 00:39:45.455 157403 DEBUG oslo_messaging._drivers.amqpdriver [-] AMQPListener connection timeout poll /usr/lib/python3/dist-packages/oslo_messaging/_drivers/amqpdriver.py:360
2025-12-25 00:39:45.455 157007 DEBUG oslo_service.service [req-506cf0af-4ba7-4cac-b4fc-03ca6c0fd08a - - - - -] oslo_messaging_metrics.metrics_socket_file = /var/tmp/metrics_collector.sock log_opt_values /usr/lib/python3/dist-packages/oslo_config/cfg.py:2609
2025-12-25 00:39:45.455 157403 DEBUG oslo_messaging._drivers.amqpdriver [-] Listener is running poll /usr/lib/python3/dist-packages/oslo_messaging/_drivers/amqpdriver.py:343
2025-12-25 00:39:45.455 157403 DEBUG oslo_messaging._drivers.amqpdriver [-] AMQPListener connection consume poll /usr/lib/python3/dist-packages/oslo_messaging/_drivers/amqpdriver.py:357
2025-12-25 00:39:45.455 157007 DEBUG oslo_service.service [req-506cf0af-4ba7-4cac-b4fc-03ca6c0fd08a - - - - -] oslo_messaging_metrics.metrics_thread_stop_timeout = 10 log_opt_values /usr/lib/python3/dist-packages/oslo_config/cfg.py:2609
2025-12-25 00:39:45.456 157007 WARNING oslo_config.cfg [req-506cf0af-4ba7-4cac-b4fc-03ca6c0fd08a - - - - -] Deprecated: Option "auth_strategy" from group "api" is deprecated for removal ( The only non-default choice, ``noauth2``, is for internal development and testing purposes only and should not be used in deployments. This option and its middleware, NoAuthMiddleware[V2_18], will be removed in a future release. ). Its value may be silently ignored in the future.
2025-12-25 00:39:45.456 157007 DEBUG oslo_service.service [req-506cf0af-4ba7-4cac-b4fc-03ca6c0fd08a - - - - -] api.auth_strategy = keystone log_opt_values /usr/lib/python3/dist-packages/oslo_config/cfg.py:2609
2025-12-25 00:39:45.456 157007 DEBUG oslo_service.service [req-506cf0af-4ba7-4cac-b4fc-03ca6c0fd08a - - - - -] api.compute_link_prefix = None log_opt_values /usr/lib/python3/dist-packages/oslo_config/cfg.py:2609
2025-12-25 00:39:45.456 157007 DEBUG oslo_service.service [req-506cf0af-4ba7-4cac-b4fc-03ca6c0fd08a - - - - -] api.config_drive_skip_versions = 1.0 2007-01-19 2007-03-01 2007-08-29 2007-10-10 2007-12-15 2008-02-01 2008-09-01 log_opt_values /usr/lib/python3/dist-packages/oslo_config/cfg.py:2609
2025-12-25 00:39:45.456 157007 DEBUG oslo_service.service [req-506cf0af-4ba7-4cac-b4fc-03ca6c0fd08a - - - - -] api.dhcp_domain = novalocal log_opt_values /usr/lib/python3/dist-packages/oslo_config/cfg.py:2609
2025-12-25 00:39:45.457 157007 DEBUG oslo_service.service [req-506cf0af-4ba7-4cac-b4fc-03ca6c0fd08a - - - - -] api.enable_instance_password = True log_opt_values /usr/lib/python3/dist-packages/oslo_config/cfg.py:2609
2025-12-25 00:39:45.457 157007 DEBUG oslo_service.service [req-506cf0af-4ba7-4cac-b4fc-03ca6c0fd08a - - - - -] api.glance_link_prefix = None log_opt_values /usr/lib/python3/dist-packages/oslo_config/cfg.py:2609
2025-12-25 00:39:45.457 157007 DEBUG oslo_service.service [req-506cf0af-4ba7-4cac-b4fc-03ca6c0fd08a - - - - -] api.instance_list_cells_batch_fixed_size = 100 log_opt_values /usr/lib/python3/dist-packages/oslo_config/cfg.py:2609
2025-12-25 00:39:45.457 157007 DEBUG oslo_service.service [req-506cf0af-4ba7-4cac-b4fc-03ca6c0fd08a - - - - -] api.instance_list_cells_batch_strategy = distributed log_opt_values /usr/lib/python3/dist-packages/oslo_config/cfg.py:2609
2025-12-25 00:39:45.457 157007 DEBUG oslo_service.service [req-506cf0af-4ba7-4cac-b4fc-03ca6c0fd08a - - - - -] api.instance_list_per_project_cells = False log_opt_values /usr/lib/python3/dist-packages/oslo_config/cfg.py:2609
2025-12-25 00:39:45.457 157007 DEBUG oslo_service.service [req-506cf0af-4ba7-4cac-b4fc-03ca6c0fd08a - - - - -] api.list_records_by_skipping_down_cells = True log_opt_values /usr/lib/python3/dist-packages/oslo_config/cfg.py:2609
2025-12-25 00:39:45.458 157007 DEBUG oslo_service.service [req-506cf0af-4ba7-4cac-b4fc-03ca6c0fd08a - - - - -] api.local_metadata_per_cell = False log_opt_values /usr/lib/python3/dist-packages/oslo_config/cfg.py:2609
2025-12-25 00:39:45.458 157007 DEBUG oslo_service.service [req-506cf0af-4ba7-4cac-b4fc-03ca6c0fd08a - - - - -] api.max_limit = 1000 log_opt_values /usr/lib/python3/dist-packages/oslo_config/cfg.py:2609
2025-12-25 00:39:45.458 157007 DEBUG oslo_service.service [req-506cf0af-4ba7-4cac-b4fc-03ca6c0fd08a - - - - -] api.metadata_cache_expiration = 15 log_opt_values /usr/lib/python3/dist-packages/oslo_config/cfg.py:2609
2025-12-25 00:39:45.458 157007 DEBUG oslo_service.service [req-506cf0af-4ba7-4cac-b4fc-03ca6c0fd08a - - - - -] api.neutron_default_tenant_id = default log_opt_values /usr/lib/python3/dist-packages/oslo_config/cfg.py:2609
2025-12-25 00:39:45.458 157007 DEBUG oslo_service.service [req-506cf0af-4ba7-4cac-b4fc-03ca6c0fd08a - - - - -] api.use_forwarded_for = False log_opt_values /usr/lib/python3/dist-packages/oslo_config/cfg.py:2609
2025-12-25 00:39:45.459 157007 DEBUG oslo_service.service [req-506cf0af-4ba7-4cac-b4fc-03ca6c0fd08a - - - - -] api.use_neutron_default_nets = False log_opt_values /usr/lib/python3/dist-packages/oslo_config/cfg.py:2609
2025-12-25 00:39:45.459 157007 DEBUG oslo_service.service [req-506cf0af-4ba7-4cac-b4fc-03ca6c0fd08a - - - - -] api.vendordata_dynamic_connect_timeout = 5 log_opt_values /usr/lib/python3/dist-packages/oslo_config/cfg.py:2609
2025-12-25 00:39:45.459 157007 DEBUG oslo_service.service [req-506cf0af-4ba7-4cac-b4fc-03ca6c0fd08a - - - - -] api.vendordata_dynamic_failure_fatal = False log_opt_values /usr/lib/python3/dist-packages/oslo_config/cfg.py:2609
2025-12-25 00:39:45.459 157007 DEBUG oslo_service.service [req-506cf0af-4ba7-4cac-b4fc-03ca6c0fd08a - - - - -] api.vendordata_dynamic_read_timeout = 5 log_opt_values /usr/lib/python3/dist-packages/oslo_config/cfg.py:2609
2025-12-25 00:39:45.459 157007 DEBUG oslo_service.service [req-506cf0af-4ba7-4cac-b4fc-03ca6c0fd08a - - - - -] api.vendordata_dynamic_ssl_certfile = log_opt_values /usr/lib/python3/dist-packages/oslo_config/cfg.py:2609
2025-12-25 00:39:45.459 157007 DEBUG oslo_service.service [req-506cf0af-4ba7-4cac-b4fc-03ca6c0fd08a - - - - -] api.vendordata_dynamic_targets = [] log_opt_values /usr/lib/python3/dist-packages/oslo_config/cfg.py:2609
2025-12-25 00:39:45.460 157007 DEBUG oslo_service.service [req-506cf0af-4ba7-4cac-b4fc-03ca6c0fd08a - - - - -] api.vendordata_jsonfile_path = None log_opt_values /usr/lib/python3/dist-packages/oslo_config/cfg.py:2609
2025-12-25 00:39:45.460 157007 DEBUG oslo_service.service [req-506cf0af-4ba7-4cac-b4fc-03ca6c0fd08a - - - - -] api.vendordata_providers = ['StaticJSON'] log_opt_values /usr/lib/python3/dist-packages/oslo_config/cfg.py:2609
2025-12-25 00:39:45.460 157007 DEBUG oslo_service.service [req-506cf0af-4ba7-4cac-b4fc-03ca6c0fd08a - - - - -] cache.backend = dogpile.cache.null log_opt_values /usr/lib/python3/dist-packages/oslo_config/cfg.py:2609
2025-12-25 00:39:45.460 157007 DEBUG oslo_service.service [req-506cf0af-4ba7-4cac-b4fc-03ca6c0fd08a - - - - -] cache.backend_argument = **** log_opt_values /usr/lib/python3/dist-packages/oslo_config/cfg.py:2609
2025-12-25 00:39:45.460 157007 DEBUG oslo_service.service [req-506cf0af-4ba7-4cac-b4fc-03ca6c0fd08a - - - - -] cache.config_prefix = cache.oslo log_opt_values /usr/lib/python3/dist-packages/oslo_config/cfg.py:2609
2025-12-25 00:39:45.461 157007 DEBUG oslo_service.service [req-506cf0af-4ba7-4cac-b4fc-03ca6c0fd08a - - - - -] cache.debug_cache_backend = False log_opt_values /usr/lib/python3/dist-packages/oslo_config/cfg.py:2609
2025-12-25 00:39:45.461 157007 DEBUG oslo_service.service [req-506cf0af-4ba7-4cac-b4fc-03ca6c0fd08a - - - - -] cache.enabled = False log_opt_values /usr/lib/python3/dist-packages/oslo_config/cfg.py:2609
2025-12-25 00:39:45.461 157007 DEBUG oslo_service.service [req-506cf0af-4ba7-4cac-b4fc-03ca6c0fd08a - - - - -] cache.expiration_time = 600 log_opt_values /usr/lib/python3/dist-packages/oslo_config/cfg.py:2609
2025-12-25 00:39:45.461 157007 DEBUG oslo_service.service [req-506cf0af-4ba7-4cac-b4fc-03ca6c0fd08a - - - - -] cache.memcache_dead_retry = 300 log_opt_values /usr/lib/python3/dist-packages/oslo_config/cfg.py:2609
2025-12-25 00:39:45.461 157007 DEBUG oslo_service.service [req-506cf0af-4ba7-4cac-b4fc-03ca6c0fd08a - - - - -] cache.memcache_pool_connection_get_timeout = 10 log_opt_values /usr/lib/python3/dist-packages/oslo_config/cfg.py:2609
2025-12-25 00:39:45.461 157007 DEBUG oslo_service.service [req-506cf0af-4ba7-4cac-b4fc-03ca6c0fd08a - - - - -] cache.memcache_pool_flush_on_reconnect = False log_opt_values /usr/lib/python3/dist-packages/oslo_config/cfg.py:2609
2025-12-25 00:39:45.462 157007 DEBUG oslo_service.service [req-506cf0af-4ba7-4cac-b4fc-03ca6c0fd08a - - - - -] cache.memcache_pool_maxsize = 10 log_opt_values /usr/lib/python3/dist-packages/oslo_config/cfg.py:2609
2025-12-25 00:39:45.462 157007 DEBUG oslo_service.service [req-506cf0af-4ba7-4cac-b4fc-03ca6c0fd08a - - - - -] cache.memcache_pool_unused_timeout = 60 log_opt_values /usr/lib/python3/dist-packages/oslo_config/cfg.py:2609
2025-12-25 00:39:45.462 157007 DEBUG oslo_service.service [req-506cf0af-4ba7-4cac-b4fc-03ca6c0fd08a - - - - -] cache.memcache_servers = ['localhost:11211'] log_opt_values /usr/lib/python3/dist-packages/oslo_config/cfg.py:2609
2025-12-25 00:39:45.462 157007 DEBUG oslo_service.service [req-506cf0af-4ba7-4cac-b4fc-03ca6c0fd08a - - - - -] cache.memcache_socket_timeout = 1.0 log_opt_values /usr/lib/python3/dist-packages/oslo_config/cfg.py:2609
2025-12-25 00:39:45.462 157007 DEBUG oslo_service.service [req-506cf0af-4ba7-4cac-b4fc-03ca6c0fd08a - - - - -] cache.proxies = [] log_opt_values /usr/lib/python3/dist-packages/oslo_config/cfg.py:2609
2025-12-25 00:39:45.462 157007 DEBUG oslo_service.service [req-506cf0af-4ba7-4cac-b4fc-03ca6c0fd08a - - - - -] cache.tls_allowed_ciphers = None log_opt_values /usr/lib/python3/dist-packages/oslo_config/cfg.py:2609
2025-12-25 00:39:45.463 157007 DEBUG oslo_service.service [req-506cf0af-4ba7-4cac-b4fc-03ca6c0fd08a - - - - -] cache.tls_cafile = None log_opt_values /usr/lib/python3/dist-packages/oslo_config/cfg.py:2609
2025-12-25 00:39:45.463 157007 DEBUG oslo_service.service [req-506cf0af-4ba7-4cac-b4fc-03ca6c0fd08a - - - - -] cache.tls_certfile = None log_opt_values /usr/lib/python3/dist-packages/oslo_config/cfg.py:2609
2025-12-25 00:39:45.463 157007 DEBUG oslo_service.service [req-506cf0af-4ba7-4cac-b4fc-03ca6c0fd08a - - - - -] cache.tls_enabled = False log_opt_values /usr/lib/python3/dist-packages/oslo_config/cfg.py:2609
2025-12-25 00:39:45.463 157007 DEBUG oslo_service.service [req-506cf0af-4ba7-4cac-b4fc-03ca6c0fd08a - - - - -] cache.tls_keyfile = None log_opt_values /usr/lib/python3/dist-packages/oslo_config/cfg.py:2609
2025-12-25 00:39:45.463 157007 DEBUG oslo_service.service [req-506cf0af-4ba7-4cac-b4fc-03ca6c0fd08a - - - - -] cinder.auth_section = None log_opt_values /usr/lib/python3/dist-packages/oslo_config/cfg.py:2609
2025-12-25 00:39:45.463 157007 DEBUG oslo_service.service [req-506cf0af-4ba7-4cac-b4fc-03ca6c0fd08a - - - - -] cinder.auth_type = None log_opt_values /usr/lib/python3/dist-packages/oslo_config/cfg.py:2609
2025-12-25 00:39:45.464 157007 DEBUG oslo_service.service [req-506cf0af-4ba7-4cac-b4fc-03ca6c0fd08a - - - - -] cinder.cafile = None log_opt_values /usr/lib/python3/dist-packages/oslo_config/cfg.py:2609
2025-12-25 00:39:45.464 157007 DEBUG oslo_service.service [req-506cf0af-4ba7-4cac-b4fc-03ca6c0fd08a - - - - -] cinder.catalog_info = volumev3::publicURL log_opt_values /usr/lib/python3/dist-packages/oslo_config/cfg.py:2609
2025-12-25 00:39:45.464 157007 DEBUG oslo_service.service [req-506cf0af-4ba7-4cac-b4fc-03ca6c0fd08a - - - - -] cinder.certfile = None log_opt_values /usr/lib/python3/dist-packages/oslo_config/cfg.py:2609
2025-12-25 00:39:45.464 157007 DEBUG oslo_service.service [req-506cf0af-4ba7-4cac-b4fc-03ca6c0fd08a - - - - -] cinder.collect_timing = False log_opt_values /usr/lib/python3/dist-packages/oslo_config/cfg.py:2609
2025-12-25 00:39:45.464 157007 DEBUG oslo_service.service [req-506cf0af-4ba7-4cac-b4fc-03ca6c0fd08a - - - - -] cinder.cross_az_attach = True log_opt_values /usr/lib/python3/dist-packages/oslo_config/cfg.py:2609
2025-12-25 00:39:45.464 157007 DEBUG oslo_service.service [req-506cf0af-4ba7-4cac-b4fc-03ca6c0fd08a - - - - -] cinder.debug = False log_opt_values /usr/lib/python3/dist-packages/oslo_config/cfg.py:2609
2025-12-25 00:39:45.465 157007 DEBUG oslo_service.service [req-506cf0af-4ba7-4cac-b4fc-03ca6c0fd08a - - - - -] cinder.endpoint_template = None log_opt_values /usr/lib/python3/dist-packages/oslo_config/cfg.py:2609
2025-12-25 00:39:45.465 157007 DEBUG oslo_service.service [req-506cf0af-4ba7-4cac-b4fc-03ca6c0fd08a - - - - -] cinder.http_retries = 3 log_opt_values /usr/lib/python3/dist-packages/oslo_config/cfg.py:2609
2025-12-25 00:39:45.465 157007 DEBUG oslo_service.service [req-506cf0af-4ba7-4cac-b4fc-03ca6c0fd08a - - - - -] cinder.insecure = False log_opt_values /usr/lib/python3/dist-packages/oslo_config/cfg.py:2609
2025-12-25 00:39:45.465 157007 DEBUG oslo_service.service [req-506cf0af-4ba7-4cac-b4fc-03ca6c0fd08a - - - - -] cinder.keyfile = None log_opt_values /usr/lib/python3/dist-packages/oslo_config/cfg.py:2609
2025-12-25 00:39:45.465 157007 DEBUG oslo_service.service [req-506cf0af-4ba7-4cac-b4fc-03ca6c0fd08a - - - - -] cinder.os_region_name = None log_opt_values /usr/lib/python3/dist-packages/oslo_config/cfg.py:2609
2025-12-25 00:39:45.465 157007 DEBUG oslo_service.service [req-506cf0af-4ba7-4cac-b4fc-03ca6c0fd08a - - - - -] cinder.split_loggers = False log_opt_values /usr/lib/python3/dist-packages/oslo_config/cfg.py:2609
2025-12-25 00:39:45.466 157007 DEBUG oslo_service.service [req-506cf0af-4ba7-4cac-b4fc-03ca6c0fd08a - - - - -] cinder.timeout = None log_opt_values /usr/lib/python3/dist-packages/oslo_config/cfg.py:2609
2025-12-25 00:39:45.466 157007 DEBUG oslo_service.service [req-506cf0af-4ba7-4cac-b4fc-03ca6c0fd08a - - - - -] compute.consecutive_build_service_disable_threshold = 10 log_opt_values /usr/lib/python3/dist-packages/oslo_config/cfg.py:2609
2025-12-25 00:39:45.466 157007 DEBUG oslo_service.service [req-506cf0af-4ba7-4cac-b4fc-03ca6c0fd08a - - - - -] compute.cpu_dedicated_set = None log_opt_values /usr/lib/python3/dist-packages/oslo_config/cfg.py:2609
