2025-12-25 00:40:27.059 172204 DEBUG oslo_service.service [req-91abbb58-2a97-44a3-b459-5b12e30ff539 - - - - -] oslo_messaging_metrics.metrics_buffer_size = 1000 log_opt_values /usr/lib/python3/dist-packages/oslo_config/cfg.py:2609
2025-12-25 00:40:27.059 172204 DEBUG oslo_service.service [req-91abbb58-2a97-44a3-b459-5b12e30ff539 - - - - -] oslo_messaging_metrics.metrics_enabled = False log_opt_values /usr/lib/python3/dist-packages/oslo_config/cfg.py:2609
2025-12-25 00:40:27.059 172204 DEBUG oslo_service.service [req-91abbb58-2a97-44a3-b459-5b12e30ff539 - - - - -] oslo_messaging_metrics.metrics_process_name = log_opt_values /usr/lib/python3/dist-packages/oslo_config/cfg.py:2609
2025-12-25 00:40:27.059 172204 DEBUG oslo_service.service [req-91abbb58-2a97-44a3-b459-5b12e30ff539 - - - - -] oslo_messaging_metrics.metrics_socket_file = /var/tmp/metrics_collector.sock log_opt_values /usr/lib/python3/dist-packages/oslo_config/cfg.py:2609
2025-12-25 00:40:27.059 172204 DEBUG oslo_service.service [req-91abbb58-2a97-44a3-b459-5b12e30ff539 - - - - -] oslo_messaging_metrics.metrics_thread_stop_timeout = 10 log_opt_values /usr/lib/python3/dist-packages/oslo_config/cfg.py:2609
2025-12-25 00:40:27.060 172204 WARNING oslo_config.cfg [req-91abbb58-2a97-44a3-b459-5b12e30ff539 - - - - -] Deprecated: Option "auth_strategy" from group "api" is deprecated for removal ( The only non-default choice, ``noauth2``, is for internal development and testing purposes only and should not be used in deployments. This option and its middleware, NoAuthMiddleware[V2_18], will be removed in a future release. ). Its value may be silently ignored in the future.
2025-12-25 00:40:27.060 172204 DEBUG oslo_service.service [req-91abbb58-2a97-44a3-b459-5b12e30ff539 - - - - -] api.auth_strategy = keystone log_opt_values /usr/lib/python3/dist-packages/oslo_config/cfg.py:2609
2025-12-25 00:40:27.060 172511 DEBUG nova.service [req-e391c1fa-5117-419f-b5b0-843f3eb76d71 - - - - -] Creating RPC server for service conductor start /usr/lib/python3/dist-packages/nova/service.py:182
2025-12-25 00:40:27.060 172204 DEBUG oslo_service.service [req-91abbb58-2a97-44a3-b459-5b12e30ff539 - - - - -] api.compute_link_prefix = None log_opt_values /usr/lib/python3/dist-packages/oslo_config/cfg.py:2609
2025-12-25 00:40:27.060 172204 DEBUG oslo_service.service [req-91abbb58-2a97-44a3-b459-5b12e30ff539 - - - - -] api.config_drive_skip_versions = 1.0 2007-01-19 2007-03-01 2007-08-29 2007-10-10 2007-12-15 2008-02-01 2008-09-01 log_opt_values /usr/lib/python3/dist-packages/oslo_config/cfg.py:2609
2025-12-25 00:40:27.061 172204 DEBUG oslo_service.service [req-91abbb58-2a97-44a3-b459-5b12e30ff539 - - - - -] api.dhcp_domain = novalocal log_opt_values /usr/lib/python3/dist-packages/oslo_config/cfg.py:2609
2025-12-25 00:40:27.061 172204 DEBUG oslo_service.service [req-91abbb58-2a97-44a3-b459-5b12e30ff539 - - - - -] api.enable_instance_password = True log_opt_values /usr/lib/python3/dist-packages/oslo_config/cfg.py:2609
2025-12-25 00:40:27.061 172204 DEBUG oslo_service.service [req-91abbb58-2a97-44a3-b459-5b12e30ff539 - - - - -] api.glance_link_prefix = None log_opt_values /usr/lib/python3/dist-packages/oslo_config/cfg.py:2609
2025-12-25 00:40:27.061 172204 DEBUG oslo_service.service [req-91abbb58-2a97-44a3-b459-5b12e30ff539 - - - - -] api.instance_list_cells_batch_fixed_size = 100 log_opt_values /usr/lib/python3/dist-packages/oslo_config/cfg.py:2609
2025-12-25 00:40:27.061 172204 DEBUG oslo_service.service [req-91abbb58-2a97-44a3-b459-5b12e30ff539 - - - - -] api.instance_list_cells_batch_strategy = distributed log_opt_values /usr/lib/python3/dist-packages/oslo_config/cfg.py:2609
2025-12-25 00:40:27.062 172204 DEBUG oslo_service.service [req-91abbb58-2a97-44a3-b459-5b12e30ff539 - - - - -] api.instance_list_per_project_cells = False log_opt_values /usr/lib/python3/dist-packages/oslo_config/cfg.py:2609
2025-12-25 00:40:27.062 172204 DEBUG oslo_service.service [req-91abbb58-2a97-44a3-b459-5b12e30ff539 - - - - -] api.list_records_by_skipping_down_cells = True log_opt_values /usr/lib/python3/dist-packages/oslo_config/cfg.py:2609
2025-12-25 00:40:27.062 172204 DEBUG oslo_service.service [req-91abbb58-2a97-44a3-b459-5b12e30ff539 - - - - -] api.local_metadata_per_cell = False log_opt_values /usr/lib/python3/dist-packages/oslo_config/cfg.py:2609
2025-12-25 00:40:27.062 172204 DEBUG oslo_service.service [req-91abbb58-2a97-44a3-b459-5b12e30ff539 - - - - -] api.max_limit = 1000 log_opt_values /usr/lib/python3/dist-packages/oslo_config/cfg.py:2609
2025-12-25 00:40:27.062 172204 DEBUG oslo_service.service [req-91abbb58-2a97-44a3-b459-5b12e30ff539 - - - - -] api.metadata_cache_expiration = 15 log_opt_values /usr/lib/python3/dist-packages/oslo_config/cfg.py:2609
2025-12-25 00:40:27.063 172204 DEBUG oslo_service.service [req-91abbb58-2a97-44a3-b459-5b12e30ff539 - - - - -] api.neutron_default_tenant_id = default log_opt_values /usr/lib/python3/dist-packages/oslo_config/cfg.py:2609
2025-12-25 00:40:27.063 172204 DEBUG oslo_service.service [req-91abbb58-2a97-44a3-b459-5b12e30ff539 - - - - -] api.use_forwarded_for = False log_opt_values /usr/lib/python3/dist-packages/oslo_config/cfg.py:2609
2025-12-25 00:40:27.063 172204 DEBUG oslo_service.service [req-91abbb58-2a97-44a3-b459-5b12e30ff539 - - - - -] api.use_neutron_default_nets = False log_opt_values /usr/lib/python3/dist-packages/oslo_config/cfg.py:2609
2025-12-25 00:40:27.063 172204 DEBUG oslo_service.service [req-91abbb58-2a97-44a3-b459-5b12e30ff539 - - - - -] api.vendordata_dynamic_connect_timeout = 5 log_opt_values /usr/lib/python3/dist-packages/oslo_config/cfg.py:2609
2025-12-25 00:40:27.063 172204 DEBUG oslo_service.service [req-91abbb58-2a97-44a3-b459-5b12e30ff539 - - - - -] api.vendordata_dynamic_failure_fatal = False log_opt_values /usr/lib/python3/dist-packages/oslo_config/cfg.py:2609
2025-12-25 00:40:27.063 172204 DEBUG oslo_service.service [req-91abbb58-2a97-44a3-b459-5b12e30ff539 - - - - -] api.vendordata_dynamic_read_timeout = 5 log_opt_values /usr/lib/python3/dist-packages/oslo_config/cfg.py:2609
2025-12-25 00:40:27.064 172204 DEBUG oslo_service.service [req-91abbb58-2a97-44a3-b459-5b12e30ff539 - - - - -] api.vendordata_dynamic_ssl_certfile = log_opt_values /usr/lib/python3/dist-packages/oslo_config/cfg.py:2609
2025-12-25 00:40:27.064 172204 DEBUG oslo_service.service [req-91abbb58-2a97-44a3-b459-5b12e30ff539 - - - - -] api.vendordata_dynamic_targets = [] log_opt_values /usr/lib/python3/dist-packages/oslo_config/cfg.py:2609
2025-12-25 00:40:27.064 172204 DEBUG oslo_service.service [req-91abbb58-2a97-44a3-b459-5b12e30ff539 - - - - -] api.vendordata_jsonfile_path = None log_opt_values /usr/lib/python3/dist-packages/oslo_config/cfg.py:2609
2025-12-25 00:40:27.064 172204 DEBUG oslo_service.service [req-91abbb58-2a97-44a3-b459-5b12e30ff539 - - - - -] api.vendordata_providers = ['StaticJSON'] log_opt_values /usr/lib/python3/dist-packages/oslo_config/cfg.py:2609
2025-12-25 00:40:27.064 172204 DEBUG oslo_service.service [req-91abbb58-2a97-44a3-b459-5b12e30ff539 - - - - -] cache.backend = dogpile.cache.null log_opt_values /usr/lib/python3/dist-packages/oslo_config/cfg.py:2609
2025-12-25 00:40:27.064 172204 DEBUG oslo_service.service [req-91abbb58-2a97-44a3-b459-5b12e30ff539 - - - - -] cache.backend_argument = **** log_opt_values /usr/lib/python3/dist-packages/oslo_config/cfg.py:2609
2025-12-25 00:40:27.065 172204 DEBUG oslo_service.service [req-91abbb58-2a97-44a3-b459-5b12e30ff539 - - - - -] cache.config_prefix = cache.oslo log_opt_values /usr/lib/python3/dist-packages/oslo_config/cfg.py:2609
2025-12-25 00:40:27.065 172204 DEBUG oslo_service.service [req-91abbb58-2a97-44a3-b459-5b12e30ff539 - - - - -] cache.debug_cache_backend = False log_opt_values /usr/lib/python3/dist-packages/oslo_config/cfg.py:2609
2025-12-25 00:40:27.065 172204 DEBUG oslo_service.service [req-91abbb58-2a97-44a3-b459-5b12e30ff539 - - - - -] cache.enabled = False log_opt_values /usr/lib/python3/dist-packages/oslo_config/cfg.py:2609
2025-12-25 00:40:27.065 172204 DEBUG oslo_service.service [req-91abbb58-2a97-44a3-b459-5b12e30ff539 - - - - -] cache.expiration_time = 600 log_opt_values /usr/lib/python3/dist-packages/oslo_config/cfg.py:2609
2025-12-25 00:40:27.065 172204 DEBUG oslo_service.service [req-91abbb58-2a97-44a3-b459-5b12e30ff539 - - - - -] cache.memcache_dead_retry = 300 log_opt_values /usr/lib/python3/dist-packages/oslo_config/cfg.py:2609
2025-12-25 00:40:27.065 172204 DEBUG oslo_service.service [req-91abbb58-2a97-44a3-b459-5b12e30ff539 - - - - -] cache.memcache_pool_connection_get_timeout = 10 log_opt_values /usr/lib/python3/dist-packages/oslo_config/cfg.py:2609
2025-12-25 00:40:27.066 172204 DEBUG oslo_service.service [req-91abbb58-2a97-44a3-b459-5b12e30ff539 - - - - -] cache.memcache_pool_flush_on_reconnect = False log_opt_values /usr/lib/python3/dist-packages/oslo_config/cfg.py:2609
2025-12-25 00:40:27.066 172204 DEBUG oslo_service.service [req-91abbb58-2a97-44a3-b459-5b12e30ff539 - - - - -] cache.memcache_pool_maxsize = 10 log_opt_values /usr/lib/python3/dist-packages/oslo_config/cfg.py:2609
2025-12-25 00:40:27.066 172204 DEBUG oslo_service.service [req-91abbb58-2a97-44a3-b459-5b12e30ff539 - - - - -] cache.memcache_pool_unused_timeout = 60 log_opt_values /usr/lib/python3/dist-packages/oslo_config/cfg.py:2609
2025-12-25 00:40:27.066 172204 DEBUG oslo_service.service [req-91abbb58-2a97-44a3-b459-5b12e30ff539 - - - - -] cache.memcache_servers = ['localhost:11211'] log_opt_values /usr/lib/python3/dist-packages/oslo_config/cfg.py:2609
2025-12-25 00:40:27.066 172204 DEBUG oslo_service.service [req-91abbb58-2a97-44a3-b459-5b12e30ff539 - - - - -] cache.memcache_socket_timeout = 1.0 log_opt_values /usr/lib/python3/dist-packages/oslo_config/cfg.py:2609
2025-12-25 00:40:27.067 172204 DEBUG oslo_service.service [req-91abbb58-2a97-44a3-b459-5b12e30ff539 - - - - -] cache.proxies = [] log_opt_values /usr/lib/python3/dist-packages/oslo_config/cfg.py:2609
2025-12-25 00:40:27.067 172204 DEBUG oslo_service.service [req-91abbb58-2a97-44a3-b459-5b12e30ff539 - - - - -] cache.tls_allowed_ciphers = None log_opt_values /usr/lib/python3/dist-packages/oslo_config/cfg.py:2609
2025-12-25 00:40:27.067 172204 DEBUG oslo_service.service [req-91abbb58-2a97-44a3-b459-5b12e30ff539 - - - - -] cache.tls_cafile = None log_opt_values /usr/lib/python3/dist-packages/oslo_config/cfg.py:2609
2025-12-25 00:40:27.067 172204 DEBUG oslo_service.service [req-91abbb58-2a97-44a3-b459-5b12e30ff539 - - - - -] cache.tls_certfile = None log_opt_values /usr/lib/python3/dist-packages/oslo_config/cfg.py:2609
2025-12-25 00:40:27.067 172204 DEBUG oslo_service.service [req-91abbb58-2a97-44a3-b459-5b12e30ff539 - - - - -] cache.tls_enabled = False log_opt_values /usr/lib/python3/dist-packages/oslo_config/cfg.py:2609
2025-12-25 00:40:27.068 172204 DEBUG oslo_service.service [req-91abbb58-2a97-44a3-b459-5b12e30ff539 - - - - -] cache.tls_keyfile = None log_opt_values /usr/lib/python3/dist-packages/oslo_config/cfg.py:2609
2025-12-25 00:40:27.068 172204 DEBUG oslo_service.service [req-91abbb58-2a97-44a3-b459-5b12e30ff539 - - - - -] cinder.auth_section = None log_opt_values /usr/lib/python3/dist-packages/oslo_config/cfg.py:2609
2025-12-25 00:40:27.069 172204 DEBUG oslo_service.service [req-91abbb58-2a97-44a3-b459-5b12e30ff539 - - - - -] cinder.auth_type = None log_opt_values /usr/lib/python3/dist-packages/oslo_config/cfg.py:2609
2025-12-25 00:40:27.070 172204 DEBUG oslo_service.service [req-91abbb58-2a97-44a3-b459-5b12e30ff539 - - - - -] cinder.cafile = None log_opt_values /usr/lib/python3/dist-packages/oslo_config/cfg.py:2609
2025-12-25 00:40:27.070 172204 DEBUG oslo_service.service [req-91abbb58-2a97-44a3-b459-5b12e30ff539 - - - - -] cinder.catalog_info = volumev3::publicURL log_opt_values /usr/lib/python3/dist-packages/oslo_config/cfg.py:2609
2025-12-25 00:40:27.070 172204 DEBUG oslo_service.service [req-91abbb58-2a97-44a3-b459-5b12e30ff539 - - - - -] cinder.certfile = None log_opt_values /usr/lib/python3/dist-packages/oslo_config/cfg.py:2609
2025-12-25 00:40:27.070 172204 DEBUG oslo_service.service [req-91abbb58-2a97-44a3-b459-5b12e30ff539 - - - - -] cinder.collect_timing = False log_opt_values /usr/lib/python3/dist-packages/oslo_config/cfg.py:2609
2025-12-25 00:40:27.070 172204 DEBUG oslo_service.service [req-91abbb58-2a97-44a3-b459-5b12e30ff539 - - - - -] cinder.cross_az_attach = True log_opt_values /usr/lib/python3/dist-packages/oslo_config/cfg.py:2609
2025-12-25 00:40:27.071 172204 DEBUG oslo_service.service [req-91abbb58-2a97-44a3-b459-5b12e30ff539 - - - - -] cinder.debug = False log_opt_values /usr/lib/python3/dist-packages/oslo_config/cfg.py:2609
2025-12-25 00:40:27.071 172204 DEBUG oslo_service.service [req-91abbb58-2a97-44a3-b459-5b12e30ff539 - - - - -] cinder.endpoint_template = None log_opt_values /usr/lib/python3/dist-packages/oslo_config/cfg.py:2609
2025-12-25 00:40:27.071 172204 DEBUG oslo_service.service [req-91abbb58-2a97-44a3-b459-5b12e30ff539 - - - - -] cinder.http_retries = 3 log_opt_values /usr/lib/python3/dist-packages/oslo_config/cfg.py:2609
2025-12-25 00:40:27.071 172204 DEBUG oslo_service.service [req-91abbb58-2a97-44a3-b459-5b12e30ff539 - - - - -] cinder.insecure = False log_opt_values /usr/lib/python3/dist-packages/oslo_config/cfg.py:2609
2025-12-25 00:40:27.071 172204 DEBUG oslo_service.service [req-91abbb58-2a97-44a3-b459-5b12e30ff539 - - - - -] cinder.keyfile = None log_opt_values /usr/lib/python3/dist-packages/oslo_config/cfg.py:2609
2025-12-25 00:40:27.072 172204 DEBUG oslo_service.service [req-91abbb58-2a97-44a3-b459-5b12e30ff539 - - - - -] cinder.os_region_name = None log_opt_values /usr/lib/python3/dist-packages/oslo_config/cfg.py:2609
2025-12-25 00:40:27.072 172204 DEBUG oslo_service.service [req-91abbb58-2a97-44a3-b459-5b12e30ff539 - - - - -] cinder.split_loggers = False log_opt_values /usr/lib/python3/dist-packages/oslo_config/cfg.py:2609
2025-12-25 00:40:27.072 172204 DEBUG oslo_service.service [req-91abbb58-2a97-44a3-b459-5b12e30ff539 - - - - -] cinder.timeout = None log_opt_values /usr/lib/python3/dist-packages/oslo_config/cfg.py:2609
2025-12-25 00:40:27.072 172204 DEBUG oslo_service.service [req-91abbb58-2a97-44a3-b459-5b12e30ff539 - - - - -] compute.consecutive_build_service_disable_threshold = 10 log_opt_values /usr/lib/python3/dist-packages/oslo_config/cfg.py:2609
2025-12-25 00:40:27.073 172204 DEBUG oslo_service.service [req-91abbb58-2a97-44a3-b459-5b12e30ff539 - - - - -] compute.cpu_dedicated_set = None log_opt_values /usr/lib/python3/dist-packages/oslo_config/cfg.py:2609
2025-12-25 00:40:27.073 172204 DEBUG oslo_service.service [req-91abbb58-2a97-44a3-b459-5b12e30ff539 - - - - -] compute.cpu_shared_set = None log_opt_values /usr/lib/python3/dist-packages/oslo_config/cfg.py:2609
2025-12-25 00:40:27.073 172204 DEBUG oslo_service.service [req-91abbb58-2a97-44a3-b459-5b12e30ff539 - - - - -] compute.image_type_exclude_list = [] log_opt_values /usr/lib/python3/dist-packages/oslo_config/cfg.py:2609
2025-12-25 00:40:27.073 172204 DEBUG oslo_service.service [req-91abbb58-2a97-44a3-b459-5b12e30ff539 - - - - -] compute.live_migration_wait_for_vif_plug = True log_opt_values /usr/lib/python3/dist-packages/oslo_config/cfg.py:2609
2025-12-25 00:40:27.073 172204 DEBUG oslo_service.service [req-91abbb58-2a97-44a3-b459-5b12e30ff539 - - - - -] compute.max_concurrent_disk_ops = 0 log_opt_values /usr/lib/python3/dist-packages/oslo_config/cfg.py:2609
2025-12-25 00:40:27.074 172204 DEBUG oslo_service.service [req-91abbb58-2a97-44a3-b459-5b12e30ff539 - - - - -] compute.max_disk_devices_to_attach = -1 log_opt_values /usr/lib/python3/dist-packages/oslo_config/cfg.py:2609
2025-12-25 00:40:27.073 172508 DEBUG nova.service [req-fa8f2cc0-f4fa-4e10-9fe1-d828cb5f109a - - - - -] Creating RPC server for service conductor start /usr/lib/python3/dist-packages/nova/service.py:182
2025-12-25 00:40:27.074 172204 DEBUG oslo_service.service [req-91abbb58-2a97-44a3-b459-5b12e30ff539 - - - - -] compute.packing_host_numa_cells_allocation_strategy = True log_opt_values /usr/lib/python3/dist-packages/oslo_config/cfg.py:2609
2025-12-25 00:40:27.074 172204 DEBUG oslo_service.service [req-91abbb58-2a97-44a3-b459-5b12e30ff539 - - - - -] compute.provider_config_location = /etc/nova/provider_config/ log_opt_values /usr/lib/python3/dist-packages/oslo_config/cfg.py:2609
2025-12-25 00:40:27.075 172204 DEBUG oslo_service.service [req-91abbb58-2a97-44a3-b459-5b12e30ff539 - - - - -] compute.resource_provider_association_refresh = 300 log_opt_values /usr/lib/python3/dist-packages/oslo_config/cfg.py:2609
2025-12-25 00:40:27.075 172204 DEBUG oslo_service.service [req-91abbb58-2a97-44a3-b459-5b12e30ff539 - - - - -] compute.shutdown_retry_interval = 10 log_opt_values /usr/lib/python3/dist-packages/oslo_config/cfg.py:2609
2025-12-25 00:40:27.075 172204 DEBUG oslo_service.service [req-91abbb58-2a97-44a3-b459-5b12e30ff539 - - - - -] compute.vmdk_allowed_types = ['streamOptimized', 'monolithicSparse'] log_opt_values /usr/lib/python3/dist-packages/oslo_config/cfg.py:2609
2025-12-25 00:40:27.075 172204 DEBUG oslo_service.service [req-91abbb58-2a97-44a3-b459-5b12e30ff539 - - - - -] conductor.workers = 4 log_opt_values /usr/lib/python3/dist-packages/oslo_config/cfg.py:2609
2025-12-25 00:40:27.075 172204 DEBUG oslo_service.service [req-91abbb58-2a97-44a3-b459-5b12e30ff539 - - - - -] console.allowed_origins = [] log_opt_values /usr/lib/python3/dist-packages/oslo_config/cfg.py:2609
2025-12-25 00:40:27.076 172204 DEBUG oslo_service.service [req-91abbb58-2a97-44a3-b459-5b12e30ff539 - - - - -] console.ssl_ciphers = None log_opt_values /usr/lib/python3/dist-packages/oslo_config/cfg.py:2609
2025-12-25 00:40:27.077 172204 DEBUG oslo_service.service [req-91abbb58-2a97-44a3-b459-5b12e30ff539 - - - - -] console.ssl_minimum_version = default log_opt_values /usr/lib/python3/dist-packages/oslo_config/cfg.py:2609
2025-12-25 00:40:27.077 172204 DEBUG oslo_service.service [req-91abbb58-2a97-44a3-b459-5b12e30ff539 - - - - -] consoleauth.token_ttl = 600 log_opt_values /usr/lib/python3/dist-packages/oslo_config/cfg.py:2609
2025-12-25 00:40:27.077 172204 DEBUG oslo_service.service [req-91abbb58-2a97-44a3-b459-5b12e30ff539 - - - - -] cyborg.cafile = None log_opt_values /usr/lib/python3/dist-packages/oslo_config/cfg.py:2609
2025-12-25 00:40:27.078 172204 DEBUG oslo_service.service [req-91abbb58-2a97-44a3-b459-5b12e30ff539 - - - - -] cyborg.certfile = None log_opt_values /usr/lib/python3/dist-packages/oslo_config/cfg.py:2609
2025-12-25 00:40:27.078 172204 DEBUG oslo_service.service [req-91abbb58-2a97-44a3-b459-5b12e30ff539 - - - - -] cyborg.collect_timing = False log_opt_values /usr/lib/python3/dist-packages/oslo_config/cfg.py:2609
2025-12-25 00:40:27.078 172204 DEBUG oslo_service.service [req-91abbb58-2a97-44a3-b459-5b12e30ff539 - - - - -] cyborg.connect_retries = None log_opt_values /usr/lib/python3/dist-packages/oslo_config/cfg.py:2609
2025-12-25 00:40:27.080 172204 DEBUG oslo_service.service [req-91abbb58-2a97-44a3-b459-5b12e30ff539 - - - - -] cyborg.connect_retry_delay = None log_opt_values /usr/lib/python3/dist-packages/oslo_config/cfg.py:2609
2025-12-25 00:40:27.081 172204 DEBUG oslo_service.service [req-91abbb58-2a97-44a3-b459-5b12e30ff539 - - - - -] cyborg.endpoint_override = None log_opt_values /usr/lib/python3/dist-packages/oslo_config/cfg.py:2609
2025-12-25 00:40:27.082 172204 DEBUG oslo_service.service [req-91abbb58-2a97-44a3-b459-5b12e30ff539 - - - - -] cyborg.insecure = False log_opt_values /usr/lib/python3/dist-packages/oslo_config/cfg.py:2609
2025-12-25 00:40:27.082 172204 DEBUG oslo_service.service [req-91abbb58-2a97-44a3-b459-5b12e30ff539 - - - - -] cyborg.keyfile = None log_opt_values /usr/lib/python3/dist-packages/oslo_config/cfg.py:2609
2025-12-25 00:40:27.082 172204 DEBUG oslo_service.service [req-91abbb58-2a97-44a3-b459-5b12e30ff539 - - - - -] cyborg.max_version = None log_opt_values /usr/lib/python3/dist-packages/oslo_config/cfg.py:2609
2025-12-25 00:40:27.082 172204 DEBUG oslo_service.service [req-91abbb58-2a97-44a3-b459-5b12e30ff539 - - - - -] cyborg.min_version = None log_opt_values /usr/lib/python3/dist-packages/oslo_config/cfg.py:2609
2025-12-25 00:40:27.082 172204 DEBUG oslo_service.service [req-91abbb58-2a97-44a3-b459-5b12e30ff539 - - - - -] cyborg.region_name = None log_opt_values /usr/lib/python3/dist-packages/oslo_config/cfg.py:2609
2025-12-25 00:40:27.082 172204 DEBUG oslo_service.service [req-91abbb58-2a97-44a3-b459-5b12e30ff539 - - - - -] cyborg.service_name = None log_opt_values /usr/lib/python3/dist-packages/oslo_config/cfg.py:2609
2025-12-25 00:40:27.083 172204 DEBUG oslo_service.service [req-91abbb58-2a97-44a3-b459-5b12e30ff539 - - - - -] cyborg.service_type = accelerator log_opt_values /usr/lib/python3/dist-packages/oslo_config/cfg.py:2609
2025-12-25 00:40:27.083 172204 DEBUG oslo_service.service [req-91abbb58-2a97-44a3-b459-5b12e30ff539 - - - - -] cyborg.split_loggers = False log_opt_values /usr/lib/python3/dist-packages/oslo_config/cfg.py:2609
2025-12-25 00:40:27.083 172204 DEBUG oslo_service.service [req-91abbb58-2a97-44a3-b459-5b12e30ff539 - - - - -] cyborg.status_code_retries = None log_opt_values /usr/lib/python3/dist-packages/oslo_config/cfg.py:2609
2025-12-25 00:40:27.083 172204 DEBUG oslo_service.service [req-91abbb58-2a97-44a3-b459-5b12e30ff539 - - - - -] cyborg.status_code_retry_delay = None log_opt_values /usr/lib/python3/dist-packages/oslo_config/cfg.py:2609
2025-12-25 00:40:27.083 172204 DEBUG oslo_service.service [req-91abbb58-2a97-44a3-b459-5b12e30ff539 - - - - -] cyborg.timeout = None log_opt_values /usr/lib/python3/dist-packages/oslo_config/cfg.py:2609
2025-12-25 00:40:27.083 172204 DEBUG oslo_service.service [req-91abbb58-2a97-44a3-b459-5b12e30ff539 - - - - -] cyborg.valid_interfaces = ['internal', 'public'] log_opt_values /usr/lib/python3/dist-packages/oslo_config/cfg.py:2609
2025-12-25 00:40:27.084 172204 DEBUG oslo_service.service [req-91abbb58-2a97-44a3-b459-5b12e30ff539 - - - - -] cyborg.version = None log_opt_values /usr/lib/python3/dist-packages/oslo_config/cfg.py:2609
2025-12-25 00:40:27.085 172204 DEBUG oslo_service.service [req-91abbb58-2a97-44a3-b459-5b12e30ff539 - - - - -] database.backend = sqlalchemy log_opt_values /usr/lib/python3/dist-packages/oslo_config/cfg.py:2609
2025-12-25 00:40:27.085 172204 DEBUG oslo_service.service [req-91abbb58-2a97-44a3-b459-5b12e30ff539 - - - - -] database.connection = **** log_opt_values /usr/lib/python3/dist-packages/oslo_config/cfg.py:2609
2025-12-25 00:40:27.085 172204 DEBUG oslo_service.service [req-91abbb58-2a97-44a3-b459-5b12e30ff539 - - - - -] database.connection_debug = 0 log_opt_values /usr/lib/python3/dist-packages/oslo_config/cfg.py:2609
2025-12-25 00:40:27.085 172510 DEBUG oslo_messaging._drivers.amqpdriver [-] Listener is running poll /usr/lib/python3/dist-packages/oslo_messaging/_drivers/amqpdriver.py:343
2025-12-25 00:40:27.085 172204 DEBUG oslo_service.service [req-91abbb58-2a97-44a3-b459-5b12e30ff539 - - - - -] database.connection_parameters = log_opt_values /usr/lib/python3/dist-packages/oslo_config/cfg.py:2609
2025-12-25 00:40:27.086 172510 DEBUG oslo_messaging._drivers.amqpdriver [-] AMQPListener connection consume poll /usr/lib/python3/dist-packages/oslo_messaging/_drivers/amqpdriver.py:357
2025-12-25 00:40:27.086 172204 DEBUG oslo_service.service [req-91abbb58-2a97-44a3-b459-5b12e30ff539 - - - - -] database.connection_recycle_time = 3600 log_opt_values /usr/lib/python3/dist-packages/oslo_config/cfg.py:2609
2025-12-25 00:40:27.086 172204 DEBUG oslo_service.service [req-91abbb58-2a97-44a3-b459-5b12e30ff539 - - - - -] database.connection_trace = False log_opt_values /usr/lib/python3/dist-packages/oslo_config/cfg.py:2609
2025-12-25 00:40:27.086 172510 DEBUG nova.service [req-d1ebc8d7-41cd-46f0-9d78-fc63beacef02 - - - - -] Join ServiceGroup membership for this service conductor start /usr/lib/python3/dist-packages/nova/service.py:199
2025-12-25 00:40:27.086 172204 DEBUG oslo_service.service [req-91abbb58-2a97-44a3-b459-5b12e30ff539 - - - - -] database.db_inc_retry_interval = True log_opt_values /usr/lib/python3/dist-packages/oslo_config/cfg.py:2609
2025-12-25 00:40:27.086 172510 DEBUG nova.servicegroup.drivers.db [req-d1ebc8d7-41cd-46f0-9d78-fc63beacef02 - - - - -] DB_Driver: join new ServiceGroup member juju-dceb88-0-lxd-7 to the conductor group, service = join /usr/lib/python3/dist-packages/nova/servicegroup/drivers/db.py:44
2025-12-25 00:40:27.086 172204 DEBUG oslo_service.service [req-91abbb58-2a97-44a3-b459-5b12e30ff539 - - - - -] database.db_max_retries = 20 log_opt_values /usr/lib/python3/dist-packages/oslo_config/cfg.py:2609
2025-12-25 00:40:27.087 172204 DEBUG oslo_service.service [req-91abbb58-2a97-44a3-b459-5b12e30ff539 - - - - -] database.db_max_retry_interval = 10 log_opt_values /usr/lib/python3/dist-packages/oslo_config/cfg.py:2609
2025-12-25 00:40:27.087 172204 DEBUG oslo_service.service [req-91abbb58-2a97-44a3-b459-5b12e30ff539 - - - - -] database.db_retry_interval = 1 log_opt_values /usr/lib/python3/dist-packages/oslo_config/cfg.py:2609
2025-12-25 00:40:27.088 172511 DEBUG oslo_messaging._drivers.amqpdriver [-] Listener is running poll /usr/lib/python3/dist-packages/oslo_messaging/_drivers/amqpdriver.py:343
2025-12-25 00:40:27.088 172204 DEBUG oslo_service.service [req-91abbb58-2a97-44a3-b459-5b12e30ff539 - - - - -] database.max_overflow = 50 log_opt_values /usr/lib/python3/dist-packages/oslo_config/cfg.py:2609
2025-12-25 00:40:27.088 172511 DEBUG oslo_messaging._drivers.amqpdriver [-] AMQPListener connection consume poll /usr/lib/python3/dist-packages/oslo_messaging/_drivers/amqpdriver.py:357
2025-12-25 00:40:27.088 172204 DEBUG oslo_service.service [req-91abbb58-2a97-44a3-b459-5b12e30ff539 - - - - -] database.max_pool_size = 4 log_opt_values /usr/lib/python3/dist-packages/oslo_config/cfg.py:2609
2025-12-25 00:40:27.089 172510 DEBUG oslo_messaging._drivers.amqpdriver [-] AMQPListener connection timeout poll /usr/lib/python3/dist-packages/oslo_messaging/_drivers/amqpdriver.py:360
2025-12-25 00:40:27.089 172204 DEBUG oslo_service.service [req-91abbb58-2a97-44a3-b459-5b12e30ff539 - - - - -] database.max_retries = 10 log_opt_values /usr/lib/python3/dist-packages/oslo_config/cfg.py:2609
2025-12-25 00:40:27.089 172511 DEBUG nova.service [req-e391c1fa-5117-419f-b5b0-843f3eb76d71 - - - - -] Join ServiceGroup membership for this service conductor start /usr/lib/python3/dist-packages/nova/service.py:199
2025-12-25 00:40:27.089 172510 DEBUG oslo_messaging._drivers.amqpdriver [-] Listener is running poll /usr/lib/python3/dist-packages/oslo_messaging/_drivers/amqpdriver.py:343
2025-12-25 00:40:27.089 172204 DEBUG oslo_service.service [req-91abbb58-2a97-44a3-b459-5b12e30ff539 - - - - -] database.mysql_enable_ndb = False log_opt_values /usr/lib/python3/dist-packages/oslo_config/cfg.py:2609
2025-12-25 00:40:27.089 172204 DEBUG oslo_service.service [req-91abbb58-2a97-44a3-b459-5b12e30ff539 - - - - -] database.mysql_sql_mode = TRADITIONAL log_opt_values /usr/lib/python3/dist-packages/oslo_config/cfg.py:2609
2025-12-25 00:40:27.089 172204 DEBUG oslo_service.service [req-91abbb58-2a97-44a3-b459-5b12e30ff539 - - - - -] database.pool_timeout = None log_opt_values /usr/lib/python3/dist-packages/oslo_config/cfg.py:2609
2025-12-25 00:40:27.089 172510 DEBUG oslo_messaging._drivers.amqpdriver [-] AMQPListener connection consume poll /usr/lib/python3/dist-packages/oslo_messaging/_drivers/amqpdriver.py:357
2025-12-25 00:40:27.089 172204 DEBUG oslo_service.service [req-91abbb58-2a97-44a3-b459-5b12e30ff539 - - - - -] database.retry_interval = 10 log_opt_values /usr/lib/python3/dist-packages/oslo_config/cfg.py:2609
2025-12-25 00:40:27.090 172204 DEBUG oslo_service.service [req-91abbb58-2a97-44a3-b459-5b12e30ff539 - - - - -] database.slave_connection = **** log_opt_values /usr/lib/python3/dist-packages/oslo_config/cfg.py:2609
2025-12-25 00:40:27.089 172511 DEBUG nova.servicegroup.drivers.db [req-e391c1fa-5117-419f-b5b0-843f3eb76d71 - - - - -] DB_Driver: join new ServiceGroup member juju-dceb88-0-lxd-7 to the conductor group, service = join /usr/lib/python3/dist-packages/nova/servicegroup/drivers/db.py:44
2025-12-25 00:40:27.090 172204 DEBUG oslo_service.service [req-91abbb58-2a97-44a3-b459-5b12e30ff539 - - - - -] database.sqlite_synchronous = True log_opt_values /usr/lib/python3/dist-packages/oslo_config/cfg.py:2609
2025-12-25 00:40:27.090 172204 DEBUG oslo_service.service [req-91abbb58-2a97-44a3-b459-5b12e30ff539 - - - - -] database.use_db_reconnect = False log_opt_values /usr/lib/python3/dist-packages/oslo_config/cfg.py:2609
2025-12-25 00:40:27.091 172204 DEBUG oslo_service.service [req-91abbb58-2a97-44a3-b459-5b12e30ff539 - - - - -] api_database.backend = sqlalchemy log_opt_values /usr/lib/python3/dist-packages/oslo_config/cfg.py:2609
2025-12-25 00:40:27.091 172204 DEBUG oslo_service.service [req-91abbb58-2a97-44a3-b459-5b12e30ff539 - - - - -] api_database.connection = **** log_opt_values /usr/lib/python3/dist-packages/oslo_config/cfg.py:2609
2025-12-25 00:40:27.091 172204 DEBUG oslo_service.service [req-91abbb58-2a97-44a3-b459-5b12e30ff539 - - - - -] api_database.connection_debug = 0 log_opt_values /usr/lib/python3/dist-packages/oslo_config/cfg.py:2609
2025-12-25 00:40:27.091 172509 DEBUG nova.service [req-5b1112e8-dde4-4013-9047-2495d0699d1a - - - - -] Creating RPC server for service conductor start /usr/lib/python3/dist-packages/nova/service.py:182
2025-12-25 00:40:27.092 172204 DEBUG oslo_service.service [req-91abbb58-2a97-44a3-b459-5b12e30ff539 - - - - -] api_database.connection_parameters = log_opt_values /usr/lib/python3/dist-packages/oslo_config/cfg.py:2609
2025-12-25 00:40:27.092 172204 DEBUG oslo_service.service [req-91abbb58-2a97-44a3-b459-5b12e30ff539 - - - - -] api_database.connection_recycle_time = 3600 log_opt_values /usr/lib/python3/dist-packages/oslo_config/cfg.py:2609
2025-12-25 00:40:27.092 172204 DEBUG oslo_service.service [req-91abbb58-2a97-44a3-b459-5b12e30ff539 - - - - -] api_database.connection_trace = False log_opt_values /usr/lib/python3/dist-packages/oslo_config/cfg.py:2609
2025-12-25 00:40:27.092 172204 DEBUG oslo_service.service [req-91abbb58-2a97-44a3-b459-5b12e30ff539 - - - - -] api_database.db_inc_retry_interval = True log_opt_values /usr/lib/python3/dist-packages/oslo_config/cfg.py:2609
2025-12-25 00:40:27.092 172204 DEBUG oslo_service.service [req-91abbb58-2a97-44a3-b459-5b12e30ff539 - - - - -] api_database.db_max_retries = 20 log_opt_values /usr/lib/python3/dist-packages/oslo_config/cfg.py:2609
2025-12-25 00:40:27.093 172204 DEBUG oslo_service.service [req-91abbb58-2a97-44a3-b459-5b12e30ff539 - - - - -] api_database.db_max_retry_interval = 10 log_opt_values /usr/lib/python3/dist-packages/oslo_config/cfg.py:2609
2025-12-25 00:40:27.092 172511 DEBUG oslo_messaging._drivers.amqpdriver [-] AMQPListener connection timeout poll /usr/lib/python3/dist-packages/oslo_messaging/_drivers/amqpdriver.py:360
2025-12-25 00:40:27.093 172511 DEBUG oslo_messaging._drivers.amqpdriver [-] Listener is running poll /usr/lib/python3/dist-packages/oslo_messaging/_drivers/amqpdriver.py:343
2025-12-25 00:40:27.093 172204 DEBUG oslo_service.service [req-91abbb58-2a97-44a3-b459-5b12e30ff539 - - - - -] api_database.db_retry_interval = 1 log_opt_values /usr/lib/python3/dist-packages/oslo_config/cfg.py:2609
2025-12-25 00:40:27.093 172511 DEBUG oslo_messaging._drivers.amqpdriver [-] AMQPListener connection consume poll /usr/lib/python3/dist-packages/oslo_messaging/_drivers/amqpdriver.py:357
2025-12-25 00:40:27.093 172204 DEBUG oslo_service.service [req-91abbb58-2a97-44a3-b459-5b12e30ff539 - - - - -] api_database.max_overflow = 50 log_opt_values /usr/lib/python3/dist-packages/oslo_config/cfg.py:2609
2025-12-25 00:40:27.093 172204 DEBUG oslo_service.service [req-91abbb58-2a97-44a3-b459-5b12e30ff539 - - - - -] api_database.max_pool_size = 4 log_opt_values /usr/lib/python3/dist-packages/oslo_config/cfg.py:2609
2025-12-25 00:40:27.093 172204 DEBUG oslo_service.service [req-91abbb58-2a97-44a3-b459-5b12e30ff539 - - - - -] api_database.max_retries = 10 log_opt_values /usr/lib/python3/dist-packages/oslo_config/cfg.py:2609
2025-12-25 00:40:27.094 172204 DEBUG oslo_service.service [req-91abbb58-2a97-44a3-b459-5b12e30ff539 - - - - -] api_database.mysql_enable_ndb = False log_opt_values /usr/lib/python3/dist-packages/oslo_config/cfg.py:2609
2025-12-25 00:40:27.094 172204 DEBUG oslo_service.service [req-91abbb58-2a97-44a3-b459-5b12e30ff539 - - - - -] api_database.mysql_sql_mode = TRADITIONAL log_opt_values /usr/lib/python3/dist-packages/oslo_config/cfg.py:2609
2025-12-25 00:40:27.094 172204 DEBUG oslo_service.service [req-91abbb58-2a97-44a3-b459-5b12e30ff539 - - - - -] api_database.pool_timeout = None log_opt_values /usr/lib/python3/dist-packages/oslo_config/cfg.py:2609
2025-12-25 00:40:27.094 172204 DEBUG oslo_service.service [req-91abbb58-2a97-44a3-b459-5b12e30ff539 - - - - -] api_database.retry_interval = 10 log_opt_values /usr/lib/python3/dist-packages/oslo_config/cfg.py:2609
2025-12-25 00:40:27.094 172204 DEBUG oslo_service.service [req-91abbb58-2a97-44a3-b459-5b12e30ff539 - - - - -] api_database.slave_connection = **** log_opt_values /usr/lib/python3/dist-packages/oslo_config/cfg.py:2609
2025-12-25 00:40:27.095 172204 DEBUG oslo_service.service [req-91abbb58-2a97-44a3-b459-5b12e30ff539 - - - - -] api_database.sqlite_synchronous = True log_opt_values /usr/lib/python3/dist-packages/oslo_config/cfg.py:2609
2025-12-25 00:40:27.095 172204 DEBUG oslo_service.service [req-91abbb58-2a97-44a3-b459-5b12e30ff539 - - - - -] devices.enabled_mdev_types = [] log_opt_values /usr/lib/python3/dist-packages/oslo_config/cfg.py:2609
2025-12-25 00:40:27.095 172204 DEBUG oslo_service.service [req-91abbb58-2a97-44a3-b459-5b12e30ff539 - - - - -] ephemeral_storage_encryption.cipher = aes-xts-plain64 log_opt_values /usr/lib/python3/dist-packages/oslo_config/cfg.py:2609
2025-12-25 00:40:27.095 172204 DEBUG oslo_service.service [req-91abbb58-2a97-44a3-b459-5b12e30ff539 - - - - -] ephemeral_storage_encryption.enabled = False log_opt_values /usr/lib/python3/dist-packages/oslo_config/cfg.py:2609
2025-12-25 00:40:27.095 172204 DEBUG oslo_service.service [req-91abbb58-2a97-44a3-b459-5b12e30ff539 - - - - -] ephemeral_storage_encryption.key_size = 512 log_opt_values /usr/lib/python3/dist-packages/oslo_config/cfg.py:2609
2025-12-25 00:40:27.096 172204 WARNING oslo_config.cfg [req-91abbb58-2a97-44a3-b459-5b12e30ff539 - - - - -] Deprecated: Option "api_servers" from group "glance" is deprecated for removal ( Support for image service configuration via standard keystoneauth1 Adapter options was added in the 17.0.0 Queens release. The api_servers option was retained temporarily to allow consumers time to cut over to a real load balancing solution. ). Its value may be silently ignored in the future.
2025-12-25 00:40:27.096 172204 DEBUG oslo_service.service [req-91abbb58-2a97-44a3-b459-5b12e30ff539 - - - - -] glance.api_servers = ['http://252.241.80.216:9292'] log_opt_values /usr/lib/python3/dist-packages/oslo_config/cfg.py:2609
2025-12-25 00:40:27.096 172204 DEBUG oslo_service.service [req-91abbb58-2a97-44a3-b459-5b12e30ff539 - - - - -] glance.cafile = None log_opt_values /usr/lib/python3/dist-packages/oslo_config/cfg.py:2609
2025-12-25 00:40:27.096 172204 DEBUG oslo_service.service [req-91abbb58-2a97-44a3-b459-5b12e30ff539 - - - - -] glance.certfile = None log_opt_values /usr/lib/python3/dist-packages/oslo_config/cfg.py:2609
2025-12-25 00:40:27.096 172204 DEBUG oslo_service.service [req-91abbb58-2a97-44a3-b459-5b12e30ff539 - - - - -] glance.collect_timing = False log_opt_values /usr/lib/python3/dist-packages/oslo_config/cfg.py:2609
2025-12-25 00:40:27.097 172204 DEBUG oslo_service.service [req-91abbb58-2a97-44a3-b459-5b12e30ff539 - - - - -] glance.connect_retries = None log_opt_values /usr/lib/python3/dist-packages/oslo_config/cfg.py:2609
2025-12-25 00:40:27.097 172204 DEBUG oslo_service.service [req-91abbb58-2a97-44a3-b459-5b12e30ff539 - - - - -] glance.connect_retry_delay = None log_opt_values /usr/lib/python3/dist-packages/oslo_config/cfg.py:2609
2025-12-25 00:40:27.097 172204 DEBUG oslo_service.service [req-91abbb58-2a97-44a3-b459-5b12e30ff539 - - - - -] glance.debug = False log_opt_values /usr/lib/python3/dist-packages/oslo_config/cfg.py:2609
2025-12-25 00:40:27.097 172204 DEBUG oslo_service.service [req-91abbb58-2a97-44a3-b459-5b12e30ff539 - - - - -] glance.default_trusted_certificate_ids = [] log_opt_values /usr/lib/python3/dist-packages/oslo_config/cfg.py:2609
2025-12-25 00:40:27.097 172204 DEBUG oslo_service.service [req-91abbb58-2a97-44a3-b459-5b12e30ff539 - - - - -] glance.enable_certificate_validation = False log_opt_values /usr/lib/python3/dist-packages/oslo_config/cfg.py:2609
2025-12-25 00:40:27.097 172204 DEBUG oslo_service.service [req-91abbb58-2a97-44a3-b459-5b12e30ff539 - - - - -] glance.enable_rbd_download = False log_opt_values /usr/lib/python3/dist-packages/oslo_config/cfg.py:2609
2025-12-25 00:40:27.098 172204 DEBUG oslo_service.service [req-91abbb58-2a97-44a3-b459-5b12e30ff539 - - - - -] glance.endpoint_override = None log_opt_values /usr/lib/python3/dist-packages/oslo_config/cfg.py:2609
2025-12-25 00:40:27.098 172204 DEBUG oslo_service.service [req-91abbb58-2a97-44a3-b459-5b12e30ff539 - - - - -] glance.insecure = False log_opt_values /usr/lib/python3/dist-packages/oslo_config/cfg.py:2609
2025-12-25 00:40:27.098 172204 DEBUG oslo_service.service [req-91abbb58-2a97-44a3-b459-5b12e30ff539 - - - - -] glance.keyfile = None log_opt_values /usr/lib/python3/dist-packages/oslo_config/cfg.py:2609
2025-12-25 00:40:27.098 172204 DEBUG oslo_service.service [req-91abbb58-2a97-44a3-b459-5b12e30ff539 - - - - -] glance.max_version = None log_opt_values /usr/lib/python3/dist-packages/oslo_config/cfg.py:2609
2025-12-25 00:40:27.098 172204 DEBUG oslo_service.service [req-91abbb58-2a97-44a3-b459-5b12e30ff539 - - - - -] glance.min_version = None log_opt_values /usr/lib/python3/dist-packages/oslo_config/cfg.py:2609
2025-12-25 00:40:27.098 172204 DEBUG oslo_service.service [req-91abbb58-2a97-44a3-b459-5b12e30ff539 - - - - -] glance.num_retries = 3 log_opt_values /usr/lib/python3/dist-packages/oslo_config/cfg.py:2609
2025-12-25 00:40:27.099 172204 DEBUG oslo_service.service [req-91abbb58-2a97-44a3-b459-5b12e30ff539 - - - - -] glance.rbd_ceph_conf = log_opt_values /usr/lib/python3/dist-packages/oslo_config/cfg.py:2609
2025-12-25 00:40:27.099 172204 DEBUG oslo_service.service [req-91abbb58-2a97-44a3-b459-5b12e30ff539 - - - - -] glance.rbd_connect_timeout = 5 log_opt_values /usr/lib/python3/dist-packages/oslo_config/cfg.py:2609
2025-12-25 00:40:27.099 172204 DEBUG oslo_service.service [req-91abbb58-2a97-44a3-b459-5b12e30ff539 - - - - -] glance.rbd_pool = log_opt_values /usr/lib/python3/dist-packages/oslo_config/cfg.py:2609
2025-12-25 00:40:27.099 172204 DEBUG oslo_service.service [req-91abbb58-2a97-44a3-b459-5b12e30ff539 - - - - -] glance.rbd_user = log_opt_values /usr/lib/python3/dist-packages/oslo_config/cfg.py:2609
2025-12-25 00:40:27.099 172204 DEBUG oslo_service.service [req-91abbb58-2a97-44a3-b459-5b12e30ff539 - - - - -] glance.region_name = None log_opt_values /usr/lib/python3/dist-packages/oslo_config/cfg.py:2609
2025-12-25 00:40:27.099 172204 DEBUG oslo_service.service [req-91abbb58-2a97-44a3-b459-5b12e30ff539 - - - - -] glance.service_name = None log_opt_values /usr/lib/python3/dist-packages/oslo_config/cfg.py:2609
2025-12-25 00:40:27.100 172204 DEBUG oslo_service.service [req-91abbb58-2a97-44a3-b459-5b12e30ff539 - - - - -] glance.service_type = image log_opt_values /usr/lib/python3/dist-packages/oslo_config/cfg.py:2609
2025-12-25 00:40:27.100 172204 DEBUG oslo_service.service [req-91abbb58-2a97-44a3-b459-5b12e30ff539 - - - - -] glance.split_loggers = False log_opt_values /usr/lib/python3/dist-packages/oslo_config/cfg.py:2609
2025-12-25 00:40:27.100 172204 DEBUG oslo_service.service [req-91abbb58-2a97-44a3-b459-5b12e30ff539 - - - - -] glance.status_code_retries = None log_opt_values /usr/lib/python3/dist-packages/oslo_config/cfg.py:2609
2025-12-25 00:40:27.100 172204 DEBUG oslo_service.service [req-91abbb58-2a97-44a3-b459-5b12e30ff539 - - - - -] glance.status_code_retry_delay = None log_opt_values /usr/lib/python3/dist-packages/oslo_config/cfg.py:2609
2025-12-25 00:40:27.101 172204 DEBUG oslo_service.service [req-91abbb58-2a97-44a3-b459-5b12e30ff539 - - - - -] glance.timeout = None log_opt_values /usr/lib/python3/dist-packages/oslo_config/cfg.py:2609
2025-12-25 00:40:27.101 172204 DEBUG oslo_service.service [req-91abbb58-2a97-44a3-b459-5b12e30ff539 - - - - -] glance.valid_interfaces = ['internal', 'public'] log_opt_values /usr/lib/python3/dist-packages/oslo_config/cfg.py:2609
2025-12-25 00:40:27.101 172508 DEBUG oslo_messaging._drivers.amqpdriver [-] Listener is running poll /usr/lib/python3/dist-packages/oslo_messaging/_drivers/amqpdriver.py:343
2025-12-25 00:40:27.102 172204 DEBUG oslo_service.service [req-91abbb58-2a97-44a3-b459-5b12e30ff539 - - - - -] glance.verify_glance_signatures = False log_opt_values /usr/lib/python3/dist-packages/oslo_config/cfg.py:2609
2025-12-25 00:40:27.102 172508 DEBUG oslo_messaging._drivers.amqpdriver [-] AMQPListener connection consume poll /usr/lib/python3/dist-packages/oslo_messaging/_drivers/amqpdriver.py:357
2025-12-25 00:40:27.102 172204 DEBUG oslo_service.service [req-91abbb58-2a97-44a3-b459-5b12e30ff539 - - - - -] glance.version = None log_opt_values /usr/lib/python3/dist-packages/oslo_config/cfg.py:2609
2025-12-25 00:40:27.102 172204 DEBUG oslo_service.service [req-91abbb58-2a97-44a3-b459-5b12e30ff539 - - - - -] guestfs.debug = False log_opt_values /usr/lib/python3/dist-packages/oslo_config/cfg.py:2609
2025-12-25 00:40:27.102 172204 DEBUG oslo_service.service [req-91abbb58-2a97-44a3-b459-5b12e30ff539 - - - - -] hyperv.config_drive_cdrom = False log_opt_values /usr/lib/python3/dist-packages/oslo_config/cfg.py:2609
2025-12-25 00:40:27.102 172204 DEBUG oslo_service.service [req-91abbb58-2a97-44a3-b459-5b12e30ff539 - - - - -] hyperv.config_drive_inject_password = False log_opt_values /usr/lib/python3/dist-packages/oslo_config/cfg.py:2609
2025-12-25 00:40:27.103 172204 DEBUG oslo_service.service [req-91abbb58-2a97-44a3-b459-5b12e30ff539 - - - - -] hyperv.dynamic_memory_ratio = 1.0 log_opt_values /usr/lib/python3/dist-packages/oslo_config/cfg.py:2609
2025-12-25 00:40:27.103 172204 DEBUG oslo_service.service [req-91abbb58-2a97-44a3-b459-5b12e30ff539 - - - - -] hyperv.enable_instance_metrics_collection = False log_opt_values /usr/lib/python3/dist-packages/oslo_config/cfg.py:2609
2025-12-25 00:40:27.103 172204 DEBUG oslo_service.service [req-91abbb58-2a97-44a3-b459-5b12e30ff539 - - - - -] hyperv.enable_remotefx = False log_opt_values /usr/lib/python3/dist-packages/oslo_config/cfg.py:2609
2025-12-25 00:40:27.103 172204 DEBUG oslo_service.service [req-91abbb58-2a97-44a3-b459-5b12e30ff539 - - - - -] hyperv.instances_path_share = log_opt_values /usr/lib/python3/dist-packages/oslo_config/cfg.py:2609
2025-12-25 00:40:27.103 172204 DEBUG oslo_service.service [req-91abbb58-2a97-44a3-b459-5b12e30ff539 - - - - -] hyperv.iscsi_initiator_list = [] log_opt_values /usr/lib/python3/dist-packages/oslo_config/cfg.py:2609
2025-12-25 00:40:27.103 172508 DEBUG nova.service [req-fa8f2cc0-f4fa-4e10-9fe1-d828cb5f109a - - - - -] Join ServiceGroup membership for this service conductor start /usr/lib/python3/dist-packages/nova/service.py:199
2025-12-25 00:40:27.104 172204 DEBUG oslo_service.service [req-91abbb58-2a97-44a3-b459-5b12e30ff539 - - - - -] hyperv.limit_cpu_features = False log_opt_values /usr/lib/python3/dist-packages/oslo_config/cfg.py:2609
2025-12-25 00:40:27.104 172508 DEBUG nova.servicegroup.drivers.db [req-fa8f2cc0-f4fa-4e10-9fe1-d828cb5f109a - - - - -] DB_Driver: join new ServiceGroup member juju-dceb88-0-lxd-7 to the conductor group, service = join /usr/lib/python3/dist-packages/nova/servicegroup/drivers/db.py:44
2025-12-25 00:40:27.104 172204 DEBUG oslo_service.service [req-91abbb58-2a97-44a3-b459-5b12e30ff539 - - - - -] hyperv.mounted_disk_query_retry_count = 10 log_opt_values /usr/lib/python3/dist-packages/oslo_config/cfg.py:2609
2025-12-25 00:40:27.104 172204 DEBUG oslo_service.service [req-91abbb58-2a97-44a3-b459-5b12e30ff539 - - - - -] hyperv.mounted_disk_query_retry_interval = 5 log_opt_values /usr/lib/python3/dist-packages/oslo_config/cfg.py:2609
2025-12-25 00:40:27.104 172204 DEBUG oslo_service.service [req-91abbb58-2a97-44a3-b459-5b12e30ff539 - - - - -] hyperv.power_state_check_timeframe = 60 log_opt_values /usr/lib/python3/dist-packages/oslo_config/cfg.py:2609
2025-12-25 00:40:27.104 172204 DEBUG oslo_service.service [req-91abbb58-2a97-44a3-b459-5b12e30ff539 - - - - -] hyperv.power_state_event_polling_interval = 2 log_opt_values /usr/lib/python3/dist-packages/oslo_config/cfg.py:2609
2025-12-25 00:40:27.104 172204 DEBUG oslo_service.service [req-91abbb58-2a97-44a3-b459-5b12e30ff539 - - - - -] hyperv.qemu_img_cmd = qemu-img.exe log_opt_values /usr/lib/python3/dist-packages/oslo_config/cfg.py:2609
2025-12-25 00:40:27.104 172204 DEBUG oslo_service.service [req-91abbb58-2a97-44a3-b459-5b12e30ff539 - - - - -] hyperv.use_multipath_io = False log_opt_values /usr/lib/python3/dist-packages/oslo_config/cfg.py:2609
2025-12-25 00:40:27.105 172204 DEBUG oslo_service.service [req-91abbb58-2a97-44a3-b459-5b12e30ff539 - - - - -] hyperv.volume_attach_retry_count = 10 log_opt_values /usr/lib/python3/dist-packages/oslo_config/cfg.py:2609
2025-12-25 00:40:27.105 172204 DEBUG oslo_service.service [req-91abbb58-2a97-44a3-b459-5b12e30ff539 - - - - -] hyperv.volume_attach_retry_interval = 5 log_opt_values /usr/lib/python3/dist-packages/oslo_config/cfg.py:2609
2025-12-25 00:40:27.105 172204 DEBUG oslo_service.service [req-91abbb58-2a97-44a3-b459-5b12e30ff539 - - - - -] hyperv.vswitch_name = None log_opt_values /usr/lib/python3/dist-packages/oslo_config/cfg.py:2609
2025-12-25 00:40:27.105 172204 DEBUG oslo_service.service [req-91abbb58-2a97-44a3-b459-5b12e30ff539 - - - - -] hyperv.wait_soft_reboot_seconds = 60 log_opt_values /usr/lib/python3/dist-packages/oslo_config/cfg.py:2609
2025-12-25 00:40:27.105 172204 DEBUG oslo_service.service [req-91abbb58-2a97-44a3-b459-5b12e30ff539 - - - - -] mks.enabled = False log_opt_values /usr/lib/python3/dist-packages/oslo_config/cfg.py:2609
2025-12-25 00:40:27.105 172508 DEBUG oslo_messaging._drivers.amqpdriver [-] AMQPListener connection timeout poll /usr/lib/python3/dist-packages/oslo_messaging/_drivers/amqpdriver.py:360
2025-12-25 00:40:27.105 172508 DEBUG oslo_messaging._drivers.amqpdriver [-] Listener is running poll /usr/lib/python3/dist-packages/oslo_messaging/_drivers/amqpdriver.py:343
2025-12-25 00:40:27.106 172508 DEBUG oslo_messaging._drivers.amqpdriver [-] AMQPListener connection consume poll /usr/lib/python3/dist-packages/oslo_messaging/_drivers/amqpdriver.py:357
2025-12-25 00:40:27.106 172204 DEBUG oslo_service.service [req-91abbb58-2a97-44a3-b459-5b12e30ff539 - - - - -] mks.mksproxy_base_url = http://127.0.0.1:6090/ log_opt_values /usr/lib/python3/dist-packages/oslo_config/cfg.py:2609
2025-12-25 00:40:27.106 172204 DEBUG oslo_service.service [req-91abbb58-2a97-44a3-b459-5b12e30ff539 - - - - -] image_cache.manager_interval = 2400 log_opt_values /usr/lib/python3/dist-packages/oslo_config/cfg.py:2609
2025-12-25 00:40:27.106 172204 DEBUG oslo_service.service [req-91abbb58-2a97-44a3-b459-5b12e30ff539 - - - - -] image_cache.precache_concurrency = 1 log_opt_values /usr/lib/python3/dist-packages/oslo_config/cfg.py:2609
2025-12-25 00:40:27.106 172204 DEBUG oslo_service.service [req-91abbb58-2a97-44a3-b459-5b12e30ff539 - - - - -] image_cache.remove_unused_base_images = True log_opt_values /usr/lib/python3/dist-packages/oslo_config/cfg.py:2609
2025-12-25 00:40:27.107 172204 DEBUG oslo_service.service [req-91abbb58-2a97-44a3-b459-5b12e30ff539 - - - - -] image_cache.remove_unused_original_minimum_age_seconds = 86400 log_opt_values /usr/lib/python3/dist-packages/oslo_config/cfg.py:2609
2025-12-25 00:40:27.107 172204 DEBUG oslo_service.service [req-91abbb58-2a97-44a3-b459-5b12e30ff539 - - - - -] image_cache.remove_unused_resized_minimum_age_seconds = 3600 log_opt_values /usr/lib/python3/dist-packages/oslo_config/cfg.py:2609
2025-12-25 00:40:27.107 172204 DEBUG oslo_service.service [req-91abbb58-2a97-44a3-b459-5b12e30ff539 - - - - -] image_cache.subdirectory_name = _base log_opt_values /usr/lib/python3/dist-packages/oslo_config/cfg.py:2609
2025-12-25 00:40:27.107 172204 DEBUG oslo_service.service [req-91abbb58-2a97-44a3-b459-5b12e30ff539 - - - - -] ironic.api_max_retries = 60 log_opt_values /usr/lib/python3/dist-packages/oslo_config/cfg.py:2609
2025-12-25 00:40:27.107 172204 DEBUG oslo_service.service [req-91abbb58-2a97-44a3-b459-5b12e30ff539 - - - - -] ironic.api_retry_interval = 2 log_opt_values /usr/lib/python3/dist-packages/oslo_config/cfg.py:2609
2025-12-25 00:40:27.108 172204 DEBUG oslo_service.service [req-91abbb58-2a97-44a3-b459-5b12e30ff539 - - - - -] ironic.auth_section = None log_opt_values /usr/lib/python3/dist-packages/oslo_config/cfg.py:2609
2025-12-25 00:40:27.108 172204 DEBUG oslo_service.service [req-91abbb58-2a97-44a3-b459-5b12e30ff539 - - - - -] ironic.auth_type = None log_opt_values /usr/lib/python3/dist-packages/oslo_config/cfg.py:2609
2025-12-25 00:40:27.108 172204 DEBUG oslo_service.service [req-91abbb58-2a97-44a3-b459-5b12e30ff539 - - - - -] ironic.cafile = None log_opt_values /usr/lib/python3/dist-packages/oslo_config/cfg.py:2609
2025-12-25 00:40:27.108 172204 DEBUG oslo_service.service [req-91abbb58-2a97-44a3-b459-5b12e30ff539 - - - - -] ironic.certfile = None log_opt_values /usr/lib/python3/dist-packages/oslo_config/cfg.py:2609
2025-12-25 00:40:27.109 172204 DEBUG oslo_service.service [req-91abbb58-2a97-44a3-b459-5b12e30ff539 - - - - -] ironic.collect_timing = False log_opt_values /usr/lib/python3/dist-packages/oslo_config/cfg.py:2609
