2025-12-25 00:37:09.754 38796 DEBUG oslo_service.service [-] clients_cinder.ca_file = None log_opt_values /usr/lib/python3/dist-packages/oslo_config/cfg.py:2609
2025-12-25 00:37:09.754 38796 DEBUG oslo_service.service [-] clients_cinder.cert_file = None log_opt_values /usr/lib/python3/dist-packages/oslo_config/cfg.py:2609
2025-12-25 00:37:09.754 38796 DEBUG oslo_service.service [-] clients_cinder.endpoint_type = None log_opt_values /usr/lib/python3/dist-packages/oslo_config/cfg.py:2609
2025-12-25 00:37:09.754 38796 DEBUG oslo_service.service [-] clients_cinder.http_log_debug = False log_opt_values /usr/lib/python3/dist-packages/oslo_config/cfg.py:2609
2025-12-25 00:37:09.754 38796 DEBUG oslo_service.service [-] clients_cinder.insecure = None log_opt_values /usr/lib/python3/dist-packages/oslo_config/cfg.py:2609
2025-12-25 00:37:09.754 38796 DEBUG oslo_service.service [-] clients_cinder.key_file = None log_opt_values /usr/lib/python3/dist-packages/oslo_config/cfg.py:2609
2025-12-25 00:37:09.754 38796 DEBUG oslo_service.service [-] clients_designate.ca_file = None log_opt_values /usr/lib/python3/dist-packages/oslo_config/cfg.py:2609
2025-12-25 00:37:09.754 38796 DEBUG oslo_service.service [-] clients_designate.cert_file = None log_opt_values /usr/lib/python3/dist-packages/oslo_config/cfg.py:2609
2025-12-25 00:37:09.754 38796 DEBUG oslo_service.service [-] clients_designate.endpoint_type = None log_opt_values /usr/lib/python3/dist-packages/oslo_config/cfg.py:2609
2025-12-25 00:37:09.755 38796 DEBUG oslo_service.service [-] clients_designate.insecure = None log_opt_values /usr/lib/python3/dist-packages/oslo_config/cfg.py:2609
2025-12-25 00:37:09.755 38796 DEBUG oslo_service.service [-] clients_designate.key_file = None log_opt_values /usr/lib/python3/dist-packages/oslo_config/cfg.py:2609
2025-12-25 00:37:09.755 38796 DEBUG oslo_service.service [-] clients_glance.ca_file = None log_opt_values /usr/lib/python3/dist-packages/oslo_config/cfg.py:2609
2025-12-25 00:37:09.755 38796 DEBUG oslo_service.service [-] clients_glance.cert_file = None log_opt_values /usr/lib/python3/dist-packages/oslo_config/cfg.py:2609
2025-12-25 00:37:09.755 38796 DEBUG oslo_service.service [-] clients_glance.endpoint_type = None log_opt_values /usr/lib/python3/dist-packages/oslo_config/cfg.py:2609
2025-12-25 00:37:09.755 38796 DEBUG oslo_service.service [-] clients_glance.insecure = None log_opt_values /usr/lib/python3/dist-packages/oslo_config/cfg.py:2609
2025-12-25 00:37:09.755 38796 DEBUG oslo_service.service [-] clients_glance.key_file = None log_opt_values /usr/lib/python3/dist-packages/oslo_config/cfg.py:2609
2025-12-25 00:37:09.755 38796 DEBUG oslo_service.service [-] clients_heat.ca_file = None log_opt_values /usr/lib/python3/dist-packages/oslo_config/cfg.py:2609
2025-12-25 00:37:09.755 38796 DEBUG oslo_service.service [-] clients_heat.cert_file = None log_opt_values /usr/lib/python3/dist-packages/oslo_config/cfg.py:2609
2025-12-25 00:37:09.756 38796 DEBUG oslo_service.service [-] clients_heat.endpoint_type = None log_opt_values /usr/lib/python3/dist-packages/oslo_config/cfg.py:2609
2025-12-25 00:37:09.756 38796 DEBUG oslo_service.service [-] clients_heat.insecure = None log_opt_values /usr/lib/python3/dist-packages/oslo_config/cfg.py:2609
2025-12-25 00:37:09.756 38796 DEBUG oslo_service.service [-] clients_heat.key_file = None log_opt_values /usr/lib/python3/dist-packages/oslo_config/cfg.py:2609
2025-12-25 00:37:09.756 38796 DEBUG oslo_service.service [-] clients_heat.url = log_opt_values /usr/lib/python3/dist-packages/oslo_config/cfg.py:2609
2025-12-25 00:37:09.756 38796 DEBUG oslo_service.service [-] clients_keystone.auth_uri = http://252.241.50.140:5050 log_opt_values /usr/lib/python3/dist-packages/oslo_config/cfg.py:2609
2025-12-25 00:37:09.756 38796 DEBUG oslo_service.service [-] clients_keystone.ca_file = None log_opt_values /usr/lib/python3/dist-packages/oslo_config/cfg.py:2609
2025-12-25 00:37:09.756 38796 DEBUG oslo_service.service [-] clients_keystone.cert_file = None log_opt_values /usr/lib/python3/dist-packages/oslo_config/cfg.py:2609
2025-12-25 00:37:09.756 38796 DEBUG oslo_service.service [-] clients_keystone.endpoint_type = None log_opt_values /usr/lib/python3/dist-packages/oslo_config/cfg.py:2609
2025-12-25 00:37:09.756 38796 DEBUG oslo_service.service [-] clients_keystone.insecure = None log_opt_values /usr/lib/python3/dist-packages/oslo_config/cfg.py:2609
2025-12-25 00:37:09.757 38796 DEBUG oslo_service.service [-] clients_keystone.key_file = None log_opt_values /usr/lib/python3/dist-packages/oslo_config/cfg.py:2609
2025-12-25 00:37:09.757 38796 DEBUG oslo_service.service [-] clients_magnum.ca_file = None log_opt_values /usr/lib/python3/dist-packages/oslo_config/cfg.py:2609
2025-12-25 00:37:09.757 38796 DEBUG oslo_service.service [-] clients_magnum.cert_file = None log_opt_values /usr/lib/python3/dist-packages/oslo_config/cfg.py:2609
2025-12-25 00:37:09.757 38796 DEBUG oslo_service.service [-] clients_magnum.endpoint_type = None log_opt_values /usr/lib/python3/dist-packages/oslo_config/cfg.py:2609
2025-12-25 00:37:09.757 38796 DEBUG oslo_service.service [-] clients_magnum.insecure = None log_opt_values /usr/lib/python3/dist-packages/oslo_config/cfg.py:2609
2025-12-25 00:37:09.757 38796 DEBUG oslo_service.service [-] clients_magnum.key_file = None log_opt_values /usr/lib/python3/dist-packages/oslo_config/cfg.py:2609
2025-12-25 00:37:09.757 38796 DEBUG oslo_service.service [-] clients_manila.ca_file = None log_opt_values /usr/lib/python3/dist-packages/oslo_config/cfg.py:2609
2025-12-25 00:37:09.757 38796 DEBUG oslo_service.service [-] clients_manila.cert_file = None log_opt_values /usr/lib/python3/dist-packages/oslo_config/cfg.py:2609
2025-12-25 00:37:09.757 38796 DEBUG oslo_service.service [-] clients_manila.endpoint_type = None log_opt_values /usr/lib/python3/dist-packages/oslo_config/cfg.py:2609
2025-12-25 00:37:09.758 38796 DEBUG oslo_service.service [-] clients_manila.insecure = None log_opt_values /usr/lib/python3/dist-packages/oslo_config/cfg.py:2609
2025-12-25 00:37:09.758 38796 DEBUG oslo_service.service [-] clients_manila.key_file = None log_opt_values /usr/lib/python3/dist-packages/oslo_config/cfg.py:2609
2025-12-25 00:37:09.758 38796 DEBUG oslo_service.service [-] clients_mistral.ca_file = None log_opt_values /usr/lib/python3/dist-packages/oslo_config/cfg.py:2609
2025-12-25 00:37:09.758 38796 DEBUG oslo_service.service [-] clients_mistral.cert_file = None log_opt_values /usr/lib/python3/dist-packages/oslo_config/cfg.py:2609
2025-12-25 00:37:09.758 38796 DEBUG oslo_service.service [-] clients_mistral.endpoint_type = None log_opt_values /usr/lib/python3/dist-packages/oslo_config/cfg.py:2609
2025-12-25 00:37:09.758 38796 DEBUG oslo_service.service [-] clients_mistral.insecure = None log_opt_values /usr/lib/python3/dist-packages/oslo_config/cfg.py:2609
2025-12-25 00:37:09.758 38796 DEBUG oslo_service.service [-] clients_mistral.key_file = None log_opt_values /usr/lib/python3/dist-packages/oslo_config/cfg.py:2609
2025-12-25 00:37:09.758 38796 DEBUG oslo_service.service [-] clients_monasca.ca_file = None log_opt_values /usr/lib/python3/dist-packages/oslo_config/cfg.py:2609
2025-12-25 00:37:09.758 38796 DEBUG oslo_service.service [-] clients_monasca.cert_file = None log_opt_values /usr/lib/python3/dist-packages/oslo_config/cfg.py:2609
2025-12-25 00:37:09.758 38796 DEBUG oslo_service.service [-] clients_monasca.endpoint_type = None log_opt_values /usr/lib/python3/dist-packages/oslo_config/cfg.py:2609
2025-12-25 00:37:09.759 38796 DEBUG oslo_service.service [-] clients_monasca.insecure = None log_opt_values /usr/lib/python3/dist-packages/oslo_config/cfg.py:2609
2025-12-25 00:37:09.759 38796 DEBUG oslo_service.service [-] clients_monasca.key_file = None log_opt_values /usr/lib/python3/dist-packages/oslo_config/cfg.py:2609
2025-12-25 00:37:09.759 38796 DEBUG oslo_service.service [-] clients_neutron.ca_file = None log_opt_values /usr/lib/python3/dist-packages/oslo_config/cfg.py:2609
2025-12-25 00:37:09.759 38796 DEBUG oslo_service.service [-] clients_neutron.cert_file = None log_opt_values /usr/lib/python3/dist-packages/oslo_config/cfg.py:2609
2025-12-25 00:37:09.759 38796 DEBUG oslo_service.service [-] clients_neutron.endpoint_type = None log_opt_values /usr/lib/python3/dist-packages/oslo_config/cfg.py:2609
2025-12-25 00:37:09.759 38796 DEBUG oslo_service.service [-] clients_neutron.insecure = None log_opt_values /usr/lib/python3/dist-packages/oslo_config/cfg.py:2609
2025-12-25 00:37:09.759 38796 DEBUG oslo_service.service [-] clients_neutron.key_file = None log_opt_values /usr/lib/python3/dist-packages/oslo_config/cfg.py:2609
2025-12-25 00:37:09.759 38796 DEBUG oslo_service.service [-] clients_nova.ca_file = None log_opt_values /usr/lib/python3/dist-packages/oslo_config/cfg.py:2609
2025-12-25 00:37:09.759 38796 DEBUG oslo_service.service [-] clients_nova.cert_file = None log_opt_values /usr/lib/python3/dist-packages/oslo_config/cfg.py:2609
2025-12-25 00:37:09.760 38796 DEBUG oslo_service.service [-] clients_nova.endpoint_type = None log_opt_values /usr/lib/python3/dist-packages/oslo_config/cfg.py:2609
2025-12-25 00:37:09.760 38796 DEBUG oslo_service.service [-] clients_nova.http_log_debug = False log_opt_values /usr/lib/python3/dist-packages/oslo_config/cfg.py:2609
2025-12-25 00:37:09.760 38796 DEBUG oslo_service.service [-] clients_nova.insecure = None log_opt_values /usr/lib/python3/dist-packages/oslo_config/cfg.py:2609
2025-12-25 00:37:09.760 38796 DEBUG oslo_service.service [-] clients_nova.key_file = None log_opt_values /usr/lib/python3/dist-packages/oslo_config/cfg.py:2609
2025-12-25 00:37:09.760 38796 DEBUG oslo_service.service [-] clients_octavia.ca_file = None log_opt_values /usr/lib/python3/dist-packages/oslo_config/cfg.py:2609
2025-12-25 00:37:09.760 38796 DEBUG oslo_service.service [-] clients_octavia.cert_file = None log_opt_values /usr/lib/python3/dist-packages/oslo_config/cfg.py:2609
2025-12-25 00:37:09.760 38796 DEBUG oslo_service.service [-] clients_octavia.endpoint_type = None log_opt_values /usr/lib/python3/dist-packages/oslo_config/cfg.py:2609
2025-12-25 00:37:09.761 38796 DEBUG oslo_service.service [-] clients_octavia.insecure = None log_opt_values /usr/lib/python3/dist-packages/oslo_config/cfg.py:2609
2025-12-25 00:37:09.761 38796 DEBUG oslo_service.service [-] clients_octavia.key_file = None log_opt_values /usr/lib/python3/dist-packages/oslo_config/cfg.py:2609
2025-12-25 00:37:09.761 38796 DEBUG oslo_service.service [-] clients_sahara.ca_file = None log_opt_values /usr/lib/python3/dist-packages/oslo_config/cfg.py:2609
2025-12-25 00:37:09.761 38796 DEBUG oslo_service.service [-] clients_sahara.cert_file = None log_opt_values /usr/lib/python3/dist-packages/oslo_config/cfg.py:2609
2025-12-25 00:37:09.761 38796 DEBUG oslo_service.service [-] clients_sahara.endpoint_type = None log_opt_values /usr/lib/python3/dist-packages/oslo_config/cfg.py:2609
2025-12-25 00:37:09.761 38796 DEBUG oslo_service.service [-] clients_sahara.insecure = None log_opt_values /usr/lib/python3/dist-packages/oslo_config/cfg.py:2609
2025-12-25 00:37:09.761 38796 DEBUG oslo_service.service [-] clients_sahara.key_file = None log_opt_values /usr/lib/python3/dist-packages/oslo_config/cfg.py:2609
2025-12-25 00:37:09.761 38796 DEBUG oslo_service.service [-] clients_senlin.ca_file = None log_opt_values /usr/lib/python3/dist-packages/oslo_config/cfg.py:2609
2025-12-25 00:37:09.761 38796 DEBUG oslo_service.service [-] clients_senlin.cert_file = None log_opt_values /usr/lib/python3/dist-packages/oslo_config/cfg.py:2609
2025-12-25 00:37:09.762 38796 DEBUG oslo_service.service [-] clients_senlin.endpoint_type = None log_opt_values /usr/lib/python3/dist-packages/oslo_config/cfg.py:2609
2025-12-25 00:37:09.762 38796 DEBUG oslo_service.service [-] clients_senlin.insecure = None log_opt_values /usr/lib/python3/dist-packages/oslo_config/cfg.py:2609
2025-12-25 00:37:09.762 38796 DEBUG oslo_service.service [-] clients_senlin.key_file = None log_opt_values /usr/lib/python3/dist-packages/oslo_config/cfg.py:2609
2025-12-25 00:37:09.762 38796 DEBUG oslo_service.service [-] clients_swift.ca_file = None log_opt_values /usr/lib/python3/dist-packages/oslo_config/cfg.py:2609
2025-12-25 00:37:09.762 38796 DEBUG oslo_service.service [-] clients_swift.cert_file = None log_opt_values /usr/lib/python3/dist-packages/oslo_config/cfg.py:2609
2025-12-25 00:37:09.762 38796 DEBUG oslo_service.service [-] clients_swift.endpoint_type = None log_opt_values /usr/lib/python3/dist-packages/oslo_config/cfg.py:2609
2025-12-25 00:37:09.762 38796 DEBUG oslo_service.service [-] clients_swift.insecure = None log_opt_values /usr/lib/python3/dist-packages/oslo_config/cfg.py:2609
2025-12-25 00:37:09.762 38796 DEBUG oslo_service.service [-] clients_swift.key_file = None log_opt_values /usr/lib/python3/dist-packages/oslo_config/cfg.py:2609
2025-12-25 00:37:09.762 38796 DEBUG oslo_service.service [-] clients_trove.ca_file = None log_opt_values /usr/lib/python3/dist-packages/oslo_config/cfg.py:2609
2025-12-25 00:37:09.762 38796 DEBUG oslo_service.service [-] clients_trove.cert_file = None log_opt_values /usr/lib/python3/dist-packages/oslo_config/cfg.py:2609
2025-12-25 00:37:09.763 38796 DEBUG oslo_service.service [-] clients_trove.endpoint_type = None log_opt_values /usr/lib/python3/dist-packages/oslo_config/cfg.py:2609
2025-12-25 00:37:09.763 38796 DEBUG oslo_service.service [-] clients_trove.insecure = None log_opt_values /usr/lib/python3/dist-packages/oslo_config/cfg.py:2609
2025-12-25 00:37:09.763 38796 DEBUG oslo_service.service [-] clients_trove.key_file = None log_opt_values /usr/lib/python3/dist-packages/oslo_config/cfg.py:2609
2025-12-25 00:37:09.763 38796 DEBUG oslo_service.service [-] clients_vitrage.ca_file = None log_opt_values /usr/lib/python3/dist-packages/oslo_config/cfg.py:2609
2025-12-25 00:37:09.763 38796 DEBUG oslo_service.service [-] clients_vitrage.cert_file = None log_opt_values /usr/lib/python3/dist-packages/oslo_config/cfg.py:2609
2025-12-25 00:37:09.763 38796 DEBUG oslo_service.service [-] clients_vitrage.endpoint_type = None log_opt_values /usr/lib/python3/dist-packages/oslo_config/cfg.py:2609
2025-12-25 00:37:09.763 38796 DEBUG oslo_service.service [-] clients_vitrage.insecure = None log_opt_values /usr/lib/python3/dist-packages/oslo_config/cfg.py:2609
2025-12-25 00:37:09.763 38796 DEBUG oslo_service.service [-] clients_vitrage.key_file = None log_opt_values /usr/lib/python3/dist-packages/oslo_config/cfg.py:2609
2025-12-25 00:37:09.763 38796 DEBUG oslo_service.service [-] clients_zaqar.ca_file = None log_opt_values /usr/lib/python3/dist-packages/oslo_config/cfg.py:2609
2025-12-25 00:37:09.763 38796 DEBUG oslo_service.service [-] clients_zaqar.cert_file = None log_opt_values /usr/lib/python3/dist-packages/oslo_config/cfg.py:2609
2025-12-25 00:37:09.764 38796 DEBUG oslo_service.service [-] clients_zaqar.endpoint_type = None log_opt_values /usr/lib/python3/dist-packages/oslo_config/cfg.py:2609
2025-12-25 00:37:09.764 38796 DEBUG oslo_service.service [-] clients_zaqar.insecure = None log_opt_values /usr/lib/python3/dist-packages/oslo_config/cfg.py:2609
2025-12-25 00:37:09.764 38796 DEBUG oslo_service.service [-] clients_zaqar.key_file = None log_opt_values /usr/lib/python3/dist-packages/oslo_config/cfg.py:2609
2025-12-25 00:37:09.764 38796 DEBUG oslo_service.service [-] database.backend = sqlalchemy log_opt_values /usr/lib/python3/dist-packages/oslo_config/cfg.py:2609
2025-12-25 00:37:09.764 38796 DEBUG oslo_service.service [-] database.connection = **** log_opt_values /usr/lib/python3/dist-packages/oslo_config/cfg.py:2609
2025-12-25 00:37:09.764 38796 DEBUG oslo_service.service [-] database.connection_debug = 0 log_opt_values /usr/lib/python3/dist-packages/oslo_config/cfg.py:2609
2025-12-25 00:37:09.764 38796 DEBUG oslo_service.service [-] database.connection_parameters = log_opt_values /usr/lib/python3/dist-packages/oslo_config/cfg.py:2609
2025-12-25 00:37:09.764 38796 DEBUG oslo_service.service [-] database.connection_recycle_time = 3600 log_opt_values /usr/lib/python3/dist-packages/oslo_config/cfg.py:2609
2025-12-25 00:37:09.765 38796 DEBUG oslo_service.service [-] database.connection_trace = False log_opt_values /usr/lib/python3/dist-packages/oslo_config/cfg.py:2609
2025-12-25 00:37:09.765 38796 DEBUG oslo_service.service [-] database.db_inc_retry_interval = True log_opt_values /usr/lib/python3/dist-packages/oslo_config/cfg.py:2609
2025-12-25 00:37:09.765 38796 DEBUG oslo_service.service [-] database.db_max_retries = 20 log_opt_values /usr/lib/python3/dist-packages/oslo_config/cfg.py:2609
2025-12-25 00:37:09.765 38796 DEBUG oslo_service.service [-] database.db_max_retry_interval = 10 log_opt_values /usr/lib/python3/dist-packages/oslo_config/cfg.py:2609
2025-12-25 00:37:09.765 38796 DEBUG oslo_service.service [-] database.db_retry_interval = 1 log_opt_values /usr/lib/python3/dist-packages/oslo_config/cfg.py:2609
2025-12-25 00:37:09.765 38796 DEBUG oslo_service.service [-] database.max_overflow = 50 log_opt_values /usr/lib/python3/dist-packages/oslo_config/cfg.py:2609
2025-12-25 00:37:09.765 38796 DEBUG oslo_service.service [-] database.max_pool_size = 5 log_opt_values /usr/lib/python3/dist-packages/oslo_config/cfg.py:2609
2025-12-25 00:37:09.765 38796 DEBUG oslo_service.service [-] database.max_retries = 10 log_opt_values /usr/lib/python3/dist-packages/oslo_config/cfg.py:2609
2025-12-25 00:37:09.766 38796 DEBUG oslo_service.service [-] database.mysql_enable_ndb = False log_opt_values /usr/lib/python3/dist-packages/oslo_config/cfg.py:2609
2025-12-25 00:37:09.766 38796 DEBUG oslo_service.service [-] database.mysql_sql_mode = TRADITIONAL log_opt_values /usr/lib/python3/dist-packages/oslo_config/cfg.py:2609
2025-12-25 00:37:09.766 38796 DEBUG oslo_service.service [-] database.pool_timeout = None log_opt_values /usr/lib/python3/dist-packages/oslo_config/cfg.py:2609
2025-12-25 00:37:09.766 38796 DEBUG oslo_service.service [-] database.retry_interval = 10 log_opt_values /usr/lib/python3/dist-packages/oslo_config/cfg.py:2609
2025-12-25 00:37:09.766 38796 DEBUG oslo_service.service [-] database.slave_connection = **** log_opt_values /usr/lib/python3/dist-packages/oslo_config/cfg.py:2609
2025-12-25 00:37:09.766 38796 DEBUG oslo_service.service [-] database.sqlite_synchronous = True log_opt_values /usr/lib/python3/dist-packages/oslo_config/cfg.py:2609
2025-12-25 00:37:09.766 38796 DEBUG oslo_service.service [-] database.use_db_reconnect = False log_opt_values /usr/lib/python3/dist-packages/oslo_config/cfg.py:2609
2025-12-25 00:37:09.766 38796 DEBUG oslo_service.service [-] oslo_messaging_metrics.metrics_buffer_size = 1000 log_opt_values /usr/lib/python3/dist-packages/oslo_config/cfg.py:2609
2025-12-25 00:37:09.766 38796 DEBUG oslo_service.service [-] oslo_messaging_metrics.metrics_enabled = False log_opt_values /usr/lib/python3/dist-packages/oslo_config/cfg.py:2609
2025-12-25 00:37:09.767 38796 DEBUG oslo_service.service [-] oslo_messaging_metrics.metrics_process_name = log_opt_values /usr/lib/python3/dist-packages/oslo_config/cfg.py:2609
2025-12-25 00:37:09.767 38796 DEBUG oslo_service.service [-] oslo_messaging_metrics.metrics_socket_file = /var/tmp/metrics_collector.sock log_opt_values /usr/lib/python3/dist-packages/oslo_config/cfg.py:2609
2025-12-25 00:37:09.767 38796 DEBUG oslo_service.service [-] oslo_messaging_metrics.metrics_thread_stop_timeout = 10 log_opt_values /usr/lib/python3/dist-packages/oslo_config/cfg.py:2609
2025-12-25 00:37:09.767 38796 DEBUG oslo_service.service [-] oslo_policy.enforce_new_defaults = False log_opt_values /usr/lib/python3/dist-packages/oslo_config/cfg.py:2609
2025-12-25 00:37:09.767 38796 DEBUG oslo_service.service [-] oslo_policy.enforce_scope = False log_opt_values /usr/lib/python3/dist-packages/oslo_config/cfg.py:2609
2025-12-25 00:37:09.767 38796 DEBUG oslo_service.service [-] oslo_policy.policy_default_rule = default log_opt_values /usr/lib/python3/dist-packages/oslo_config/cfg.py:2609
2025-12-25 00:37:09.767 38796 DEBUG oslo_service.service [-] oslo_policy.policy_dirs = ['policy.d'] log_opt_values /usr/lib/python3/dist-packages/oslo_config/cfg.py:2609
2025-12-25 00:37:09.767 38796 DEBUG oslo_service.service [-] oslo_policy.policy_file = policy.yaml log_opt_values /usr/lib/python3/dist-packages/oslo_config/cfg.py:2609
2025-12-25 00:37:09.768 38796 DEBUG oslo_service.service [-] oslo_policy.remote_content_type = application/x-www-form-urlencoded log_opt_values /usr/lib/python3/dist-packages/oslo_config/cfg.py:2609
2025-12-25 00:37:09.768 38796 DEBUG oslo_service.service [-] oslo_policy.remote_ssl_ca_crt_file = None log_opt_values /usr/lib/python3/dist-packages/oslo_config/cfg.py:2609
2025-12-25 00:37:09.768 38796 DEBUG oslo_service.service [-] oslo_policy.remote_ssl_client_crt_file = None log_opt_values /usr/lib/python3/dist-packages/oslo_config/cfg.py:2609
2025-12-25 00:37:09.768 38796 DEBUG oslo_service.service [-] oslo_policy.remote_ssl_client_key_file = None log_opt_values /usr/lib/python3/dist-packages/oslo_config/cfg.py:2609
2025-12-25 00:37:09.768 38796 DEBUG oslo_service.service [-] oslo_policy.remote_ssl_verify_server_crt = False log_opt_values /usr/lib/python3/dist-packages/oslo_config/cfg.py:2609
2025-12-25 00:37:09.768 38796 DEBUG oslo_service.service [-] trustee.auth_section = None log_opt_values /usr/lib/python3/dist-packages/oslo_config/cfg.py:2609
2025-12-25 00:37:09.769 38796 WARNING oslo_config.cfg [-] Deprecated: Option "auth_plugin" from group "trustee" is deprecated. Use option "auth_type" from group "trustee".
2025-12-25 00:37:09.769 38796 DEBUG oslo_service.service [-] trustee.auth_type = password log_opt_values /usr/lib/python3/dist-packages/oslo_config/cfg.py:2609
2025-12-25 00:37:09.769 38796 DEBUG oslo_service.service [-] oslo_versionedobjects.fatal_exception_format_errors = False log_opt_values /usr/lib/python3/dist-packages/oslo_config/cfg.py:2609
2025-12-25 00:37:09.769 38796 DEBUG oslo_service.service [-] oslo_messaging_rabbit.amqp_auto_delete = False log_opt_values /usr/lib/python3/dist-packages/oslo_config/cfg.py:2609
2025-12-25 00:37:09.769 38796 DEBUG oslo_service.service [-] oslo_messaging_rabbit.amqp_durable_queues = False log_opt_values /usr/lib/python3/dist-packages/oslo_config/cfg.py:2609
2025-12-25 00:37:09.769 38796 DEBUG oslo_service.service [-] oslo_messaging_rabbit.conn_pool_min_size = 2 log_opt_values /usr/lib/python3/dist-packages/oslo_config/cfg.py:2609
2025-12-25 00:37:09.770 38796 DEBUG oslo_service.service [-] oslo_messaging_rabbit.conn_pool_ttl = 1200 log_opt_values /usr/lib/python3/dist-packages/oslo_config/cfg.py:2609
2025-12-25 00:37:09.770 38796 DEBUG oslo_service.service [-] oslo_messaging_rabbit.direct_mandatory_flag = True log_opt_values /usr/lib/python3/dist-packages/oslo_config/cfg.py:2609
2025-12-25 00:37:09.770 38796 DEBUG oslo_service.service [-] oslo_messaging_rabbit.enable_cancel_on_failover = False log_opt_values /usr/lib/python3/dist-packages/oslo_config/cfg.py:2609
2025-12-25 00:37:09.770 38796 DEBUG oslo_service.service [-] oslo_messaging_rabbit.heartbeat_in_pthread = False log_opt_values /usr/lib/python3/dist-packages/oslo_config/cfg.py:2609
2025-12-25 00:37:09.770 38796 DEBUG oslo_service.service [-] oslo_messaging_rabbit.heartbeat_rate = 2 log_opt_values /usr/lib/python3/dist-packages/oslo_config/cfg.py:2609
2025-12-25 00:37:09.770 38796 DEBUG oslo_service.service [-] oslo_messaging_rabbit.heartbeat_timeout_threshold = 60 log_opt_values /usr/lib/python3/dist-packages/oslo_config/cfg.py:2609
2025-12-25 00:37:09.770 38796 DEBUG oslo_service.service [-] oslo_messaging_rabbit.kombu_compression = None log_opt_values /usr/lib/python3/dist-packages/oslo_config/cfg.py:2609
2025-12-25 00:37:09.770 38796 DEBUG oslo_service.service [-] oslo_messaging_rabbit.kombu_failover_strategy = round-robin log_opt_values /usr/lib/python3/dist-packages/oslo_config/cfg.py:2609
2025-12-25 00:37:09.770 38796 DEBUG oslo_service.service [-] oslo_messaging_rabbit.kombu_missing_consumer_retry_timeout = 60 log_opt_values /usr/lib/python3/dist-packages/oslo_config/cfg.py:2609
2025-12-25 00:37:09.770 38796 DEBUG oslo_service.service [-] oslo_messaging_rabbit.kombu_reconnect_delay = 1.0 log_opt_values /usr/lib/python3/dist-packages/oslo_config/cfg.py:2609
2025-12-25 00:37:09.771 38796 DEBUG oslo_service.service [-] oslo_messaging_rabbit.rabbit_ha_queues = False log_opt_values /usr/lib/python3/dist-packages/oslo_config/cfg.py:2609
2025-12-25 00:37:09.771 38796 DEBUG oslo_service.service [-] oslo_messaging_rabbit.rabbit_interval_max = 30 log_opt_values /usr/lib/python3/dist-packages/oslo_config/cfg.py:2609
2025-12-25 00:37:09.771 38796 DEBUG oslo_service.service [-] oslo_messaging_rabbit.rabbit_login_method = AMQPLAIN log_opt_values /usr/lib/python3/dist-packages/oslo_config/cfg.py:2609
2025-12-25 00:37:09.771 38796 DEBUG oslo_service.service [-] oslo_messaging_rabbit.rabbit_qos_prefetch_count = 0 log_opt_values /usr/lib/python3/dist-packages/oslo_config/cfg.py:2609
2025-12-25 00:37:09.771 38796 DEBUG oslo_service.service [-] oslo_messaging_rabbit.rabbit_quorum_queue = False log_opt_values /usr/lib/python3/dist-packages/oslo_config/cfg.py:2609
2025-12-25 00:37:09.771 38796 DEBUG oslo_service.service [-] oslo_messaging_rabbit.rabbit_retry_backoff = 2 log_opt_values /usr/lib/python3/dist-packages/oslo_config/cfg.py:2609
2025-12-25 00:37:09.771 38796 DEBUG oslo_service.service [-] oslo_messaging_rabbit.rabbit_retry_interval = 1 log_opt_values /usr/lib/python3/dist-packages/oslo_config/cfg.py:2609
2025-12-25 00:37:09.779 38796 DEBUG oslo_service.service [-] oslo_messaging_rabbit.rabbit_transient_queues_ttl = 1800 log_opt_values /usr/lib/python3/dist-packages/oslo_config/cfg.py:2609
2025-12-25 00:37:09.779 38796 DEBUG oslo_service.service [-] oslo_messaging_rabbit.rpc_conn_pool_size = 30 log_opt_values /usr/lib/python3/dist-packages/oslo_config/cfg.py:2609
2025-12-25 00:37:09.779 38796 DEBUG oslo_service.service [-] oslo_messaging_rabbit.ssl = False log_opt_values /usr/lib/python3/dist-packages/oslo_config/cfg.py:2609
2025-12-25 00:37:09.779 38796 DEBUG oslo_service.service [-] oslo_messaging_rabbit.ssl_ca_file = log_opt_values /usr/lib/python3/dist-packages/oslo_config/cfg.py:2609
2025-12-25 00:37:09.779 38796 DEBUG oslo_service.service [-] oslo_messaging_rabbit.ssl_cert_file = log_opt_values /usr/lib/python3/dist-packages/oslo_config/cfg.py:2609
2025-12-25 00:37:09.779 38796 DEBUG oslo_service.service [-] oslo_messaging_rabbit.ssl_key_file = log_opt_values /usr/lib/python3/dist-packages/oslo_config/cfg.py:2609
2025-12-25 00:37:09.780 38796 DEBUG oslo_service.service [-] oslo_messaging_rabbit.ssl_version = log_opt_values /usr/lib/python3/dist-packages/oslo_config/cfg.py:2609
2025-12-25 00:37:09.780 39014 INFO heat.engine.worker [-] Starting engine_worker (1.4) in engine fcaa0380-c3d9-496e-853b-d0274fc7d913.
2025-12-25 00:37:09.780 38796 DEBUG oslo_service.service [-] oslo_messaging_notifications.driver = [] log_opt_values /usr/lib/python3/dist-packages/oslo_config/cfg.py:2609
2025-12-25 00:37:09.782 38796 DEBUG oslo_service.service [-] oslo_messaging_notifications.retry = -1 log_opt_values /usr/lib/python3/dist-packages/oslo_config/cfg.py:2609
2025-12-25 00:37:09.783 38796 DEBUG oslo_service.service [-] oslo_messaging_notifications.topics = ['notifications'] log_opt_values /usr/lib/python3/dist-packages/oslo_config/cfg.py:2609
2025-12-25 00:37:09.783 38796 DEBUG oslo_service.service [-] oslo_messaging_notifications.transport_url = **** log_opt_values /usr/lib/python3/dist-packages/oslo_config/cfg.py:2609
2025-12-25 00:37:09.783 38796 DEBUG oslo_service.service [-] cache.backend = dogpile.cache.null log_opt_values /usr/lib/python3/dist-packages/oslo_config/cfg.py:2609
2025-12-25 00:37:09.783 38796 DEBUG oslo_service.service [-] cache.backend_argument = **** log_opt_values /usr/lib/python3/dist-packages/oslo_config/cfg.py:2609
2025-12-25 00:37:09.783 38796 DEBUG oslo_service.service [-] cache.config_prefix = cache.oslo log_opt_values /usr/lib/python3/dist-packages/oslo_config/cfg.py:2609
2025-12-25 00:37:09.783 38796 DEBUG oslo_service.service [-] cache.debug_cache_backend = False log_opt_values /usr/lib/python3/dist-packages/oslo_config/cfg.py:2609
2025-12-25 00:37:09.783 38796 DEBUG oslo_service.service [-] cache.enabled = False log_opt_values /usr/lib/python3/dist-packages/oslo_config/cfg.py:2609
2025-12-25 00:37:09.783 38796 DEBUG oslo_service.service [-] cache.expiration_time = 600 log_opt_values /usr/lib/python3/dist-packages/oslo_config/cfg.py:2609
2025-12-25 00:37:09.794 38796 DEBUG oslo_service.service [-] cache.memcache_dead_retry = 300 log_opt_values /usr/lib/python3/dist-packages/oslo_config/cfg.py:2609
2025-12-25 00:37:09.794 38796 DEBUG oslo_service.service [-] cache.memcache_pool_connection_get_timeout = 10 log_opt_values /usr/lib/python3/dist-packages/oslo_config/cfg.py:2609
2025-12-25 00:37:09.795 38796 DEBUG oslo_service.service [-] cache.memcache_pool_flush_on_reconnect = False log_opt_values /usr/lib/python3/dist-packages/oslo_config/cfg.py:2609
2025-12-25 00:37:09.795 38796 DEBUG oslo_service.service [-] cache.memcache_pool_maxsize = 10 log_opt_values /usr/lib/python3/dist-packages/oslo_config/cfg.py:2609
2025-12-25 00:37:09.795 38796 DEBUG oslo_service.service [-] cache.memcache_pool_unused_timeout = 60 log_opt_values /usr/lib/python3/dist-packages/oslo_config/cfg.py:2609
2025-12-25 00:37:09.795 38796 DEBUG oslo_service.service [-] cache.memcache_servers = ['localhost:11211'] log_opt_values /usr/lib/python3/dist-packages/oslo_config/cfg.py:2609
2025-12-25 00:37:09.795 38796 DEBUG oslo_service.service [-] cache.memcache_socket_timeout = 1.0 log_opt_values /usr/lib/python3/dist-packages/oslo_config/cfg.py:2609
2025-12-25 00:37:09.795 38796 DEBUG oslo_service.service [-] cache.proxies = [] log_opt_values /usr/lib/python3/dist-packages/oslo_config/cfg.py:2609
2025-12-25 00:37:09.795 38796 DEBUG oslo_service.service [-] cache.tls_allowed_ciphers = None log_opt_values /usr/lib/python3/dist-packages/oslo_config/cfg.py:2609
2025-12-25 00:37:09.796 38796 DEBUG oslo_service.service [-] cache.tls_cafile = None log_opt_values /usr/lib/python3/dist-packages/oslo_config/cfg.py:2609
2025-12-25 00:37:09.796 38796 DEBUG oslo_service.service [-] cache.tls_certfile = None log_opt_values /usr/lib/python3/dist-packages/oslo_config/cfg.py:2609
2025-12-25 00:37:09.796 38796 DEBUG oslo_service.service [-] cache.tls_enabled = False log_opt_values /usr/lib/python3/dist-packages/oslo_config/cfg.py:2609
2025-12-25 00:37:09.796 38796 DEBUG oslo_service.service [-] cache.tls_keyfile = None log_opt_values /usr/lib/python3/dist-packages/oslo_config/cfg.py:2609
2025-12-25 00:37:09.796 38796 DEBUG oslo_service.service [-] constraint_validation_cache.caching = True log_opt_values /usr/lib/python3/dist-packages/oslo_config/cfg.py:2609
2025-12-25 00:37:09.796 38796 DEBUG oslo_service.service [-] constraint_validation_cache.expiration_time = 60 log_opt_values /usr/lib/python3/dist-packages/oslo_config/cfg.py:2609
2025-12-25 00:37:09.796 38796 DEBUG oslo_service.service [-] service_extension_cache.caching = True log_opt_values /usr/lib/python3/dist-packages/oslo_config/cfg.py:2609
2025-12-25 00:37:09.796 38796 DEBUG oslo_service.service [-] service_extension_cache.expiration_time = 3600 log_opt_values /usr/lib/python3/dist-packages/oslo_config/cfg.py:2609
2025-12-25 00:37:09.797 38796 DEBUG oslo_service.service [-] resource_finder_cache.caching = True log_opt_values /usr/lib/python3/dist-packages/oslo_config/cfg.py:2609
2025-12-25 00:37:09.797 38796 DEBUG oslo_service.service [-] resource_finder_cache.expiration_time = 3600 log_opt_values /usr/lib/python3/dist-packages/oslo_config/cfg.py:2609
2025-12-25 00:37:09.797 38796 DEBUG oslo_service.service [-] yaql.limit_iterators = 200 log_opt_values /usr/lib/python3/dist-packages/oslo_config/cfg.py:2609
2025-12-25 00:37:09.797 38796 DEBUG oslo_service.service [-] yaql.memory_quota = 10000 log_opt_values /usr/lib/python3/dist-packages/oslo_config/cfg.py:2609
2025-12-25 00:37:09.797 38796 DEBUG oslo_service.service [-] ******************************************************************************** log_opt_values /usr/lib/python3/dist-packages/oslo_config/cfg.py:2613
2025-12-25 00:37:09.845 39013 DEBUG oslo_db.sqlalchemy.engines [req-7465ecad-3bdd-4468-947b-4d19839983f5 - - - - -] MySQL server mode set to STRICT_TRANS_TABLES,STRICT_ALL_TABLES,NO_ZERO_IN_DATE,NO_ZERO_DATE,ERROR_FOR_DIVISION_BY_ZERO,TRADITIONAL,NO_ENGINE_SUBSTITUTION _check_effective_sql_mode /usr/lib/python3/dist-packages/oslo_db/sqlalchemy/engines.py:314
2025-12-25 00:37:09.853 39012 DEBUG oslo_db.sqlalchemy.engines [req-0d412687-6206-43fe-b398-c4450d73d481 - - - - -] MySQL server mode set to STRICT_TRANS_TABLES,STRICT_ALL_TABLES,NO_ZERO_IN_DATE,NO_ZERO_DATE,ERROR_FOR_DIVISION_BY_ZERO,TRADITIONAL,NO_ENGINE_SUBSTITUTION _check_effective_sql_mode /usr/lib/python3/dist-packages/oslo_db/sqlalchemy/engines.py:314
2025-12-25 00:37:09.865 39011 DEBUG oslo_db.sqlalchemy.engines [req-95863d38-0eb0-4d8b-9422-a54883e06d07 - - - - -] MySQL server mode set to STRICT_TRANS_TABLES,STRICT_ALL_TABLES,NO_ZERO_IN_DATE,NO_ZERO_DATE,ERROR_FOR_DIVISION_BY_ZERO,TRADITIONAL,NO_ENGINE_SUBSTITUTION _check_effective_sql_mode /usr/lib/python3/dist-packages/oslo_db/sqlalchemy/engines.py:314
2025-12-25 00:37:09.906 39014 DEBUG oslo_db.sqlalchemy.engines [req-9d1b5214-3fc8-4ce3-89da-203d3a6c54fb - - - - -] MySQL server mode set to STRICT_TRANS_TABLES,STRICT_ALL_TABLES,NO_ZERO_IN_DATE,NO_ZERO_DATE,ERROR_FOR_DIVISION_BY_ZERO,TRADITIONAL,NO_ENGINE_SUBSTITUTION _check_effective_sql_mode /usr/lib/python3/dist-packages/oslo_db/sqlalchemy/engines.py:314
2025-12-25 00:37:09.957 39013 DEBUG heat.engine.service [req-1448c539-2d32-4e60-86b0-823ee17bd7ab - - - - -] Service 0d4fe436-4f53-4ff9-95bd-ba4726c1da63 is started service_manage_report /usr/lib/python3/dist-packages/heat/engine/service.py:2363
2025-12-25 00:37:09.974 39011 DEBUG heat.engine.service [req-a1caa865-c986-45c7-918d-4ffc8a4560ee - - - - -] Service e1494ab5-5a63-4cbb-852a-2b4f20bfb6eb is started service_manage_report /usr/lib/python3/dist-packages/heat/engine/service.py:2363
2025-12-25 00:37:09.978 39013 DEBUG heat.engine.service [req-1448c539-2d32-4e60-86b0-823ee17bd7ab - - - - -] Service 0d4fe436-4f53-4ff9-95bd-ba4726c1da63 is updated service_manage_report /usr/lib/python3/dist-packages/heat/engine/service.py:2370
2025-12-25 00:37:09.993 39012 DEBUG heat.engine.service [req-911d5e4f-596b-43ad-9b3c-28df1b973d52 - - - - -] Service 23df5aaf-b969-463c-a925-65175ca8262b is started service_manage_report /usr/lib/python3/dist-packages/heat/engine/service.py:2363
2025-12-25 00:37:10.005 39011 DEBUG heat.engine.service [req-a1caa865-c986-45c7-918d-4ffc8a4560ee - - - - -] Service e1494ab5-5a63-4cbb-852a-2b4f20bfb6eb is updated service_manage_report /usr/lib/python3/dist-packages/heat/engine/service.py:2370
2025-12-25 00:37:10.010 39012 DEBUG heat.engine.service [req-911d5e4f-596b-43ad-9b3c-28df1b973d52 - - - - -] Service 23df5aaf-b969-463c-a925-65175ca8262b is updated service_manage_report /usr/lib/python3/dist-packages/heat/engine/service.py:2370
2025-12-25 00:37:10.014 39014 DEBUG heat.engine.service [req-910189af-85ad-4c62-bf94-baaf9f74bd50 - - - - -] Service 05942cdc-9626-4075-9d61-bc0fa9f160a6 is started service_manage_report /usr/lib/python3/dist-packages/heat/engine/service.py:2363
2025-12-25 00:37:10.032 39014 DEBUG heat.engine.service [req-910189af-85ad-4c62-bf94-baaf9f74bd50 - - - - -] Service 05942cdc-9626-4075-9d61-bc0fa9f160a6 is updated service_manage_report /usr/lib/python3/dist-packages/heat/engine/service.py:2370
2025-12-25 00:38:09.936 39013 DEBUG heat.engine.service [req-df96e317-269f-40fd-891f-0f5f56767473 - - - - -] Service 0d4fe436-4f53-4ff9-95bd-ba4726c1da63 is updated service_manage_report /usr/lib/python3/dist-packages/heat/engine/service.py:2370
2025-12-25 00:38:09.964 39012 DEBUG heat.engine.service [req-fad4c52d-e6cc-4e98-a1e4-e444cb91ab1d - - - - -] Service 23df5aaf-b969-463c-a925-65175ca8262b is updated service_manage_report /usr/lib/python3/dist-packages/heat/engine/service.py:2370
2025-12-25 00:38:09.972 39011 DEBUG heat.engine.service [req-f348b7bf-c791-4359-b49e-496779393438 - - - - -] Service e1494ab5-5a63-4cbb-852a-2b4f20bfb6eb is updated service_manage_report /usr/lib/python3/dist-packages/heat/engine/service.py:2370
2025-12-25 00:38:10.006 39014 DEBUG heat.engine.service [req-a173db8e-81f4-404b-be08-aac3b01301e0 - - - - -] Service 05942cdc-9626-4075-9d61-bc0fa9f160a6 is updated service_manage_report /usr/lib/python3/dist-packages/heat/engine/service.py:2370
2025-12-25 00:39:09.930 39013 DEBUG heat.engine.service [req-5d975fc9-5f50-4784-adcb-10f55f9085ef - - - - -] Service 0d4fe436-4f53-4ff9-95bd-ba4726c1da63 is updated service_manage_report /usr/lib/python3/dist-packages/heat/engine/service.py:2370
2025-12-25 00:39:09.967 39012 DEBUG heat.engine.service [req-d96892e3-228b-46d3-bf33-d1191ca717a1 - - - - -] Service 23df5aaf-b969-463c-a925-65175ca8262b is updated service_manage_report /usr/lib/python3/dist-packages/heat/engine/service.py:2370
2025-12-25 00:39:09.968 39011 DEBUG heat.engine.service [req-1096302f-1252-4ad8-9af3-8776c63e4145 - - - - -] Service e1494ab5-5a63-4cbb-852a-2b4f20bfb6eb is updated service_manage_report /usr/lib/python3/dist-packages/heat/engine/service.py:2370
2025-12-25 00:39:10.010 39014 DEBUG heat.engine.service [req-973763a1-97ea-42a9-940f-894e6903bb64 - - - - -] Service 05942cdc-9626-4075-9d61-bc0fa9f160a6 is updated service_manage_report /usr/lib/python3/dist-packages/heat/engine/service.py:2370
2025-12-25 00:40:09.938 39013 DEBUG heat.engine.service [req-19290e15-34e1-4279-a4e6-568055b2bb23 - - - - -] Service 0d4fe436-4f53-4ff9-95bd-ba4726c1da63 is updated service_manage_report /usr/lib/python3/dist-packages/heat/engine/service.py:2370
2025-12-25 00:40:09.963 39011 DEBUG heat.engine.service [req-39423a01-6b9c-4e28-8877-610de090f70d - - - - -] Service e1494ab5-5a63-4cbb-852a-2b4f20bfb6eb is updated service_manage_report /usr/lib/python3/dist-packages/heat/engine/service.py:2370
2025-12-25 00:40:09.969 39012 DEBUG heat.engine.service [req-c83fedad-fe92-4ddd-bdcb-15347bdb2351 - - - - -] Service 23df5aaf-b969-463c-a925-65175ca8262b is updated service_manage_report /usr/lib/python3/dist-packages/heat/engine/service.py:2370
2025-12-25 00:40:10.014 39014 DEBUG heat.engine.service [req-74158ed7-a45c-4b6b-a126-852c084a27bc - - - - -] Service 05942cdc-9626-4075-9d61-bc0fa9f160a6 is updated service_manage_report /usr/lib/python3/dist-packages/heat/engine/service.py:2370
2025-12-25 00:41:09.932 39013 DEBUG heat.engine.service [req-c924245c-296d-443e-9fb5-ca1776aaf660 - - - - -] Service 0d4fe436-4f53-4ff9-95bd-ba4726c1da63 is updated service_manage_report /usr/lib/python3/dist-packages/heat/engine/service.py:2370
2025-12-25 00:41:09.968 39011 DEBUG heat.engine.service [req-ff6cd1ef-2dbe-44c6-9fe4-1f5d4a946808 - - - - -] Service e1494ab5-5a63-4cbb-852a-2b4f20bfb6eb is updated service_manage_report /usr/lib/python3/dist-packages/heat/engine/service.py:2370
2025-12-25 00:41:09.975 39012 DEBUG heat.engine.service [req-5f9bb991-38c2-4b10-98e0-f79dff058b4d - - - - -] Service 23df5aaf-b969-463c-a925-65175ca8262b is updated service_manage_report /usr/lib/python3/dist-packages/heat/engine/service.py:2370
2025-12-25 00:41:10.026 39014 DEBUG heat.engine.service [req-73e8a8b5-f611-4b9f-b053-211a6ab46adb - - - - -] Service 05942cdc-9626-4075-9d61-bc0fa9f160a6 is updated service_manage_report /usr/lib/python3/dist-packages/heat/engine/service.py:2370
2025-12-25 00:42:09.938 39013 DEBUG heat.engine.service [req-abd58093-b2c0-4b2a-b2a7-a251e5eb67cf - - - - -] Service 0d4fe436-4f53-4ff9-95bd-ba4726c1da63 is updated service_manage_report /usr/lib/python3/dist-packages/heat/engine/service.py:2370
2025-12-25 00:42:09.973 39011 DEBUG heat.engine.service [req-181901b7-a062-413e-862a-e4ba316ce001 - - - - -] Service e1494ab5-5a63-4cbb-852a-2b4f20bfb6eb is updated service_manage_report /usr/lib/python3/dist-packages/heat/engine/service.py:2370
2025-12-25 00:42:09.980 39012 DEBUG heat.engine.service [req-c4efd4a5-aaee-404d-b67e-5dadda368ac1 - - - - -] Service 23df5aaf-b969-463c-a925-65175ca8262b is updated service_manage_report /usr/lib/python3/dist-packages/heat/engine/service.py:2370
2025-12-25 00:42:10.020 39014 DEBUG heat.engine.service [req-91530310-2d8a-4f21-ad27-1b8a00d40e6e - - - - -] Service 05942cdc-9626-4075-9d61-bc0fa9f160a6 is updated service_manage_report /usr/lib/python3/dist-packages/heat/engine/service.py:2370
2025-12-25 00:43:09.942 39013 DEBUG heat.engine.service [req-9061cc8c-79f2-4243-beaa-0c322516f9ac - - - - -] Service 0d4fe436-4f53-4ff9-95bd-ba4726c1da63 is updated service_manage_report /usr/lib/python3/dist-packages/heat/engine/service.py:2370
2025-12-25 00:43:09.977 39011 DEBUG heat.engine.service [req-edc8c1bf-e544-43ac-a597-b9899b63a34a - - - - -] Service e1494ab5-5a63-4cbb-852a-2b4f20bfb6eb is updated service_manage_report /usr/lib/python3/dist-packages/heat/engine/service.py:2370
2025-12-25 00:43:09.988 39012 DEBUG heat.engine.service [req-2bfe5dff-3cda-4c2d-8ac3-a7e44f0f7e18 - - - - -] Service 23df5aaf-b969-463c-a925-65175ca8262b is updated service_manage_report /usr/lib/python3/dist-packages/heat/engine/service.py:2370
2025-12-25 00:43:10.026 39014 DEBUG heat.engine.service [req-0890ef1d-3dd1-4f0f-b70d-87ea6cd320fa - - - - -] Service 05942cdc-9626-4075-9d61-bc0fa9f160a6 is updated service_manage_report /usr/lib/python3/dist-packages/heat/engine/service.py:2370
2025-12-25 00:44:09.947 39013 DEBUG heat.engine.service [req-d647d241-3c35-4fb8-b9c3-d3c90f5765e4 - - - - -] Service 0d4fe436-4f53-4ff9-95bd-ba4726c1da63 is updated service_manage_report /usr/lib/python3/dist-packages/heat/engine/service.py:2370
2025-12-25 00:44:09.985 39012 DEBUG heat.engine.service [req-370ac778-d19f-4818-b7da-65b88ea3b54e - - - - -] Service 23df5aaf-b969-463c-a925-65175ca8262b is updated service_manage_report /usr/lib/python3/dist-packages/heat/engine/service.py:2370
2025-12-25 00:44:09.986 39011 DEBUG heat.engine.service [req-6f5b327a-793d-4f3a-9b7d-dabaa7a853ef - - - - -] Service e1494ab5-5a63-4cbb-852a-2b4f20bfb6eb is updated service_manage_report /usr/lib/python3/dist-packages/heat/engine/service.py:2370
2025-12-25 00:44:10.020 39014 DEBUG heat.engine.service [req-545749f6-3c30-4c4a-a87d-0c2af3e0aaa3 - - - - -] Service 05942cdc-9626-4075-9d61-bc0fa9f160a6 is updated service_manage_report /usr/lib/python3/dist-packages/heat/engine/service.py:2370
2025-12-25 00:45:09.954 39013 DEBUG heat.engine.service [req-23958a05-5197-4198-bcd7-817b82e4eab5 - - - - -] Service 0d4fe436-4f53-4ff9-95bd-ba4726c1da63 is updated service_manage_report /usr/lib/python3/dist-packages/heat/engine/service.py:2370
2025-12-25 00:45:09.978 39012 DEBUG heat.engine.service [req-f35e7c97-5769-44b0-b077-4e8a299529bb - - - - -] Service 23df5aaf-b969-463c-a925-65175ca8262b is updated service_manage_report /usr/lib/python3/dist-packages/heat/engine/service.py:2370
2025-12-25 00:45:09.981 39011 DEBUG heat.engine.service [req-aa8ab515-0ce1-486c-b88e-8e2d6df18c0c - - - - -] Service e1494ab5-5a63-4cbb-852a-2b4f20bfb6eb is updated service_manage_report /usr/lib/python3/dist-packages/heat/engine/service.py:2370
2025-12-25 00:45:10.024 39014 DEBUG heat.engine.service [req-124cb6bb-7fd0-4c81-9f24-7ed147d365b5 - - - - -] Service 05942cdc-9626-4075-9d61-bc0fa9f160a6 is updated service_manage_report /usr/lib/python3/dist-packages/heat/engine/service.py:2370
2025-12-25 00:46:09.949 39013 DEBUG heat.engine.service [req-d3351ea7-d6ae-4915-89f7-d48317c86fe4 - - - - -] Service 0d4fe436-4f53-4ff9-95bd-ba4726c1da63 is updated service_manage_report /usr/lib/python3/dist-packages/heat/engine/service.py:2370
2025-12-25 00:46:09.984 39012 DEBUG heat.engine.service [req-b2c288d6-879a-4686-b7d3-c0dd651c861c - - - - -] Service 23df5aaf-b969-463c-a925-65175ca8262b is updated service_manage_report /usr/lib/python3/dist-packages/heat/engine/service.py:2370
2025-12-25 00:46:09.986 39011 DEBUG heat.engine.service [req-914b6434-2356-4cb0-bf16-faa5ee35d799 - - - - -] Service e1494ab5-5a63-4cbb-852a-2b4f20bfb6eb is updated service_manage_report /usr/lib/python3/dist-packages/heat/engine/service.py:2370
2025-12-25 00:46:10.028 39014 DEBUG heat.engine.service [req-f87c0bfb-e55f-4e98-a69d-44c7459e24f9 - - - - -] Service 05942cdc-9626-4075-9d61-bc0fa9f160a6 is updated service_manage_report /usr/lib/python3/dist-packages/heat/engine/service.py:2370
2025-12-25 00:47:09.952 39013 DEBUG heat.engine.service [req-8bf65f86-b2c2-42dd-9b44-6d34cf2ea1ed - - - - -] Service 0d4fe436-4f53-4ff9-95bd-ba4726c1da63 is updated service_manage_report /usr/lib/python3/dist-packages/heat/engine/service.py:2370
2025-12-25 00:47:09.979 39012 DEBUG heat.engine.service [req-ff3e5d92-c757-4d24-9c21-73d92762ab24 - - - - -] Service 23df5aaf-b969-463c-a925-65175ca8262b is updated service_manage_report /usr/lib/python3/dist-packages/heat/engine/service.py:2370
2025-12-25 00:47:09.991 39011 DEBUG heat.engine.service [req-d871a750-0bba-4b19-b651-85efc5ee0241 - - - - -] Service e1494ab5-5a63-4cbb-852a-2b4f20bfb6eb is updated service_manage_report /usr/lib/python3/dist-packages/heat/engine/service.py:2370
2025-12-25 00:47:10.033 39014 DEBUG heat.engine.service [req-eb5b7fa2-814c-44cd-b3e6-af0f0e2e458f - - - - -] Service 05942cdc-9626-4075-9d61-bc0fa9f160a6 is updated service_manage_report /usr/lib/python3/dist-packages/heat/engine/service.py:2370
2025-12-25 00:48:09.958 39013 DEBUG heat.engine.service [req-d3faea40-3230-4405-82e8-754fe1aff9d4 - - - - -] Service 0d4fe436-4f53-4ff9-95bd-ba4726c1da63 is updated service_manage_report /usr/lib/python3/dist-packages/heat/engine/service.py:2370
2025-12-25 00:48:09.986 39012 DEBUG heat.engine.service [req-548686d4-b235-45cc-ab73-d161262b40d9 - - - - -] Service 23df5aaf-b969-463c-a925-65175ca8262b is updated service_manage_report /usr/lib/python3/dist-packages/heat/engine/service.py:2370
2025-12-25 00:48:09.995 39011 DEBUG heat.engine.service [req-d4856df0-9f96-4a0b-8f11-d9c1d95fe02d - - - - -] Service e1494ab5-5a63-4cbb-852a-2b4f20bfb6eb is updated service_manage_report /usr/lib/python3/dist-packages/heat/engine/service.py:2370
2025-12-25 00:48:10.037 39014 DEBUG heat.engine.service [req-ee936b64-a2d5-463b-88fc-ce2356bb2dcc - - - - -] Service 05942cdc-9626-4075-9d61-bc0fa9f160a6 is updated service_manage_report /usr/lib/python3/dist-packages/heat/engine/service.py:2370
2025-12-25 00:49:09.961 39013 DEBUG heat.engine.service [req-caf9f481-d50d-471a-8cd6-4aef9df24e20 - - - - -] Service 0d4fe436-4f53-4ff9-95bd-ba4726c1da63 is updated service_manage_report /usr/lib/python3/dist-packages/heat/engine/service.py:2370
2025-12-25 00:49:09.980 39012 DEBUG heat.engine.service [req-11dd62d9-b5c4-4684-bcf9-c5ae2b957654 - - - - -] Service 23df5aaf-b969-463c-a925-65175ca8262b is updated service_manage_report /usr/lib/python3/dist-packages/heat/engine/service.py:2370
2025-12-25 00:49:09.998 39011 DEBUG heat.engine.service [req-c9abd5e4-7869-49b0-bfc2-5483977e69b1 - - - - -] Service e1494ab5-5a63-4cbb-852a-2b4f20bfb6eb is updated service_manage_report /usr/lib/python3/dist-packages/heat/engine/service.py:2370
2025-12-25 00:49:10.047 39014 DEBUG heat.engine.service [req-80e348ae-dbf6-41c6-8340-a93360e3d49b - - - - -] Service 05942cdc-9626-4075-9d61-bc0fa9f160a6 is updated service_manage_report /usr/lib/python3/dist-packages/heat/engine/service.py:2370
2025-12-25 00:50:09.965 39013 DEBUG heat.engine.service [req-7df750a5-2d0a-4e10-8866-f488f96be616 - - - - -] Service 0d4fe436-4f53-4ff9-95bd-ba4726c1da63 is updated service_manage_report /usr/lib/python3/dist-packages/heat/engine/service.py:2370
2025-12-25 00:50:09.985 39012 DEBUG heat.engine.service [req-d8f6f4e6-1e60-4831-9adb-888f496e34c7 - - - - -] Service 23df5aaf-b969-463c-a925-65175ca8262b is updated service_manage_report /usr/lib/python3/dist-packages/heat/engine/service.py:2370
2025-12-25 00:50:10.003 39011 DEBUG heat.engine.service [req-937aa054-f497-439e-8892-6124198932a2 - - - - -] Service e1494ab5-5a63-4cbb-852a-2b4f20bfb6eb is updated service_manage_report /usr/lib/python3/dist-packages/heat/engine/service.py:2370
2025-12-25 00:50:10.044 39014 DEBUG heat.engine.service [req-c12ed881-83b0-479a-8feb-b78be5edfe1f - - - - -] Service 05942cdc-9626-4075-9d61-bc0fa9f160a6 is updated service_manage_report /usr/lib/python3/dist-packages/heat/engine/service.py:2370
2025-12-25 00:51:09.972 39013 DEBUG heat.engine.service [req-bda3ebce-5c1e-4a23-bd3c-7b13e76ec875 - - - - -] Service 0d4fe436-4f53-4ff9-95bd-ba4726c1da63 is updated service_manage_report /usr/lib/python3/dist-packages/heat/engine/service.py:2370
2025-12-25 00:51:09.989 39012 DEBUG heat.engine.service [req-4d4a36fa-66bb-4e93-92d7-4e4a43f5efbc - - - - -] Service 23df5aaf-b969-463c-a925-65175ca8262b is updated service_manage_report /usr/lib/python3/dist-packages/heat/engine/service.py:2370
2025-12-25 00:51:10.010 39011 DEBUG heat.engine.service [req-2b7053ee-1077-43f9-ad59-d91e0c5e106e - - - - -] Service e1494ab5-5a63-4cbb-852a-2b4f20bfb6eb is updated service_manage_report /usr/lib/python3/dist-packages/heat/engine/service.py:2370
2025-12-25 00:51:10.039 39014 DEBUG heat.engine.service [req-ae2baad1-9400-4b4f-974a-5314a756dd77 - - - - -] Service 05942cdc-9626-4075-9d61-bc0fa9f160a6 is updated service_manage_report /usr/lib/python3/dist-packages/heat/engine/service.py:2370
2025-12-25 00:52:09.967 39013 DEBUG heat.engine.service [req-acbad86e-3608-4777-bb8c-366bc63672ca - - - - -] Service 0d4fe436-4f53-4ff9-95bd-ba4726c1da63 is updated service_manage_report /usr/lib/python3/dist-packages/heat/engine/service.py:2370
