2025-12-25 02:07:12.414 7 DEBUG oslo_service.service [-] ml2_type_gre.tunnel_id_ranges = [] log_opt_values /var/lib/kolla/venv/lib/python3.6/site-packages/oslo_config/cfg.py:2611
2025-12-25 02:07:12.414 7 DEBUG oslo_service.service [-] ml2_type_vlan.network_vlan_ranges = [] log_opt_values /var/lib/kolla/venv/lib/python3.6/site-packages/oslo_config/cfg.py:2611
2025-12-25 02:07:12.414 7 DEBUG oslo_service.service [-] ml2_type_vxlan.vni_ranges = [] log_opt_values /var/lib/kolla/venv/lib/python3.6/site-packages/oslo_config/cfg.py:2611
2025-12-25 02:07:12.414 7 DEBUG oslo_service.service [-] ml2_type_vxlan.vxlan_group = None log_opt_values /var/lib/kolla/venv/lib/python3.6/site-packages/oslo_config/cfg.py:2611
2025-12-25 02:07:12.414 7 DEBUG oslo_service.service [-] database.backend = sqlalchemy log_opt_values /var/lib/kolla/venv/lib/python3.6/site-packages/oslo_config/cfg.py:2611
2025-12-25 02:07:12.414 7 DEBUG oslo_service.service [-] database.connection = **** log_opt_values /var/lib/kolla/venv/lib/python3.6/site-packages/oslo_config/cfg.py:2611
2025-12-25 02:07:12.414 7 DEBUG oslo_service.service [-] database.connection_debug = 0 log_opt_values /var/lib/kolla/venv/lib/python3.6/site-packages/oslo_config/cfg.py:2611
2025-12-25 02:07:12.414 7 DEBUG oslo_service.service [-] database.connection_parameters = log_opt_values /var/lib/kolla/venv/lib/python3.6/site-packages/oslo_config/cfg.py:2611
2025-12-25 02:07:12.414 7 DEBUG oslo_service.service [-] database.connection_recycle_time = 10 log_opt_values /var/lib/kolla/venv/lib/python3.6/site-packages/oslo_config/cfg.py:2611
2025-12-25 02:07:12.414 7 DEBUG oslo_service.service [-] database.connection_trace = False log_opt_values /var/lib/kolla/venv/lib/python3.6/site-packages/oslo_config/cfg.py:2611
2025-12-25 02:07:12.415 7 DEBUG oslo_service.service [-] database.db_inc_retry_interval = True log_opt_values /var/lib/kolla/venv/lib/python3.6/site-packages/oslo_config/cfg.py:2611
2025-12-25 02:07:12.415 7 DEBUG oslo_service.service [-] database.db_max_retries = 20 log_opt_values /var/lib/kolla/venv/lib/python3.6/site-packages/oslo_config/cfg.py:2611
2025-12-25 02:07:12.415 7 DEBUG oslo_service.service [-] database.db_max_retry_interval = 10 log_opt_values /var/lib/kolla/venv/lib/python3.6/site-packages/oslo_config/cfg.py:2611
2025-12-25 02:07:12.415 7 DEBUG oslo_service.service [-] database.db_retry_interval = 1 log_opt_values /var/lib/kolla/venv/lib/python3.6/site-packages/oslo_config/cfg.py:2611
2025-12-25 02:07:12.415 7 DEBUG oslo_service.service [-] database.max_overflow = 50 log_opt_values /var/lib/kolla/venv/lib/python3.6/site-packages/oslo_config/cfg.py:2611
2025-12-25 02:07:12.415 7 DEBUG oslo_service.service [-] database.max_pool_size = 1 log_opt_values /var/lib/kolla/venv/lib/python3.6/site-packages/oslo_config/cfg.py:2611
2025-12-25 02:07:12.415 7 DEBUG oslo_service.service [-] database.max_retries = -1 log_opt_values /var/lib/kolla/venv/lib/python3.6/site-packages/oslo_config/cfg.py:2611
2025-12-25 02:07:12.415 7 DEBUG oslo_service.service [-] database.mysql_enable_ndb = False log_opt_values /var/lib/kolla/venv/lib/python3.6/site-packages/oslo_config/cfg.py:2611
2025-12-25 02:07:12.415 7 DEBUG oslo_service.service [-] database.mysql_sql_mode = TRADITIONAL log_opt_values /var/lib/kolla/venv/lib/python3.6/site-packages/oslo_config/cfg.py:2611
2025-12-25 02:07:12.415 7 DEBUG oslo_service.service [-] database.pool_timeout = None log_opt_values /var/lib/kolla/venv/lib/python3.6/site-packages/oslo_config/cfg.py:2611
2025-12-25 02:07:12.415 7 DEBUG oslo_service.service [-] database.retry_interval = 10 log_opt_values /var/lib/kolla/venv/lib/python3.6/site-packages/oslo_config/cfg.py:2611
2025-12-25 02:07:12.415 7 DEBUG oslo_service.service [-] database.slave_connection = **** log_opt_values /var/lib/kolla/venv/lib/python3.6/site-packages/oslo_config/cfg.py:2611
2025-12-25 02:07:12.415 7 DEBUG oslo_service.service [-] database.sqlite_synchronous = True log_opt_values /var/lib/kolla/venv/lib/python3.6/site-packages/oslo_config/cfg.py:2611
2025-12-25 02:07:12.415 7 DEBUG oslo_service.service [-] database.use_db_reconnect = False log_opt_values /var/lib/kolla/venv/lib/python3.6/site-packages/oslo_config/cfg.py:2611
2025-12-25 02:07:12.415 7 DEBUG oslo_service.service [-] ******************************************************************************** log_opt_values /var/lib/kolla/venv/lib/python3.6/site-packages/oslo_config/cfg.py:2613
2025-12-25 02:07:13.789 22 DEBUG neutron.wsgi [-] (22) accepted ('10.0.0.141', 51842) server /var/lib/kolla/venv/lib/python3.6/site-packages/eventlet/wsgi.py:1004
2025-12-25 02:07:13.796 22 INFO neutron.wsgi [-] 10.0.0.141 "GET / HTTP/1.1" status: 200 len: 228 time: 0.0053363
2025-12-25 02:07:16.642 23 DEBUG neutron.api.rpc.handlers.dhcp_rpc [req-37988364-99f9-4a43-9a09-a5e7296f2094 - - - - -] get_active_networks_info from cn-jenkins-deploy-platform-ansible-os-4926-1 get_active_networks_info /var/lib/kolla/venv/lib/python3.6/site-packages/neutron/api/rpc/handlers/dhcp_rpc.py:159
2025-12-25 02:07:16.648 26 DEBUG neutron_lib.callbacks.manager [req-227b8f14-8e57-4311-9c9f-aeaf4aa1e9d2 - - - - -] Publish callbacks ['neutron.services.segments.db._update_segment_host_mapping_for_agent-8755129031232', 'neutron.services.l3_router.l3_router_plugin.DVRResourceOperationHandler.create_fip_agent_gw_ports-604861'] for agent (6378bc5c-3aee-47dd-9d48-1fb05c31e3d5), after_create _notify_loop /var/lib/kolla/venv/lib/python3.6/site-packages/neutron_lib/callbacks/manager.py:177
2025-12-25 02:07:16.684 23 DEBUG neutron.scheduler.dhcp_agent_scheduler [req-37988364-99f9-4a43-9a09-a5e7296f2094 - - - - -] No non-hosted networks auto_schedule_networks /var/lib/kolla/venv/lib/python3.6/site-packages/neutron/scheduler/dhcp_agent_scheduler.py:60
2025-12-25 02:07:33.945 28 DEBUG neutron_lib.callbacks.manager [req-d68f1f9b-6c22-4478-ba12-7933b764b877 - - - - -] Publish callbacks ['neutron.services.segments.db._update_segment_host_mapping_for_agent-8755129031232', 'neutron.services.l3_router.l3_router_plugin.DVRResourceOperationHandler.create_fip_agent_gw_ports-604861'] for agent (d93eb9b2-40f1-4c77-9270-8890f6af8ec8), after_create _notify_loop /var/lib/kolla/venv/lib/python3.6/site-packages/neutron_lib/callbacks/manager.py:177
2025-12-25 02:07:43.843 22 DEBUG neutron.wsgi [-] (22) accepted ('10.0.0.141', 58400) server /var/lib/kolla/venv/lib/python3.6/site-packages/eventlet/wsgi.py:1004
2025-12-25 02:07:43.849 22 INFO neutron.wsgi [-] 10.0.0.141 "GET / HTTP/1.1" status: 200 len: 228 time: 0.0040491
2025-12-25 02:07:46.632 27 DEBUG neutron_lib.callbacks.manager [req-96ef9ad3-0d51-4e6b-bd71-06f077119961 - - - - -] Publish callbacks ['neutron.services.segments.db._update_segment_host_mapping_for_agent-8755129031232', 'neutron.plugins.ml2.plugin.Ml2Plugin._retry_binding_revived_agents--9223372036850816228'] for agent (6378bc5c-3aee-47dd-9d48-1fb05c31e3d5), after_update _notify_loop /var/lib/kolla/venv/lib/python3.6/site-packages/neutron_lib/callbacks/manager.py:177
2025-12-25 02:07:59.371 29 DEBUG neutron.db.agents_db [req-5bd204c8-74cd-4d9f-806c-b0b99f7ede7f - - - - -] Agent healthcheck: found 2 active agents agent_health_check /var/lib/kolla/venv/lib/python3.6/site-packages/neutron/db/agents_db.py:318
2025-12-25 02:08:03.907 23 DEBUG neutron_lib.callbacks.manager [req-d68f1f9b-6c22-4478-ba12-7933b764b877 - - - - -] Publish callbacks ['neutron.services.segments.db._update_segment_host_mapping_for_agent-8755129031232', 'neutron.plugins.ml2.plugin.Ml2Plugin._retry_binding_revived_agents--9223372036850816228'] for agent (d93eb9b2-40f1-4c77-9270-8890f6af8ec8), after_update _notify_loop /var/lib/kolla/venv/lib/python3.6/site-packages/neutron_lib/callbacks/manager.py:177
2025-12-25 02:08:13.895 22 DEBUG neutron.wsgi [-] (22) accepted ('10.0.0.141', 46440) server /var/lib/kolla/venv/lib/python3.6/site-packages/eventlet/wsgi.py:1004
2025-12-25 02:08:13.900 22 INFO neutron.wsgi [-] 10.0.0.141 "GET / HTTP/1.1" status: 200 len: 228 time: 0.0028279
2025-12-25 02:08:16.632 24 DEBUG neutron_lib.callbacks.manager [req-66c7b261-a9c4-4ecd-b2b3-73c1642f0fe7 - - - - -] Publish callbacks ['neutron.services.segments.db._update_segment_host_mapping_for_agent-8755129031232', 'neutron.plugins.ml2.plugin.Ml2Plugin._retry_binding_revived_agents--9223372036850816228'] for agent (6378bc5c-3aee-47dd-9d48-1fb05c31e3d5), after_update _notify_loop /var/lib/kolla/venv/lib/python3.6/site-packages/neutron_lib/callbacks/manager.py:177
2025-12-25 02:08:33.931 25 DEBUG neutron_lib.callbacks.manager [req-d68f1f9b-6c22-4478-ba12-7933b764b877 - - - - -] Publish callbacks ['neutron.services.segments.db._update_segment_host_mapping_for_agent-8755129031232', 'neutron.plugins.ml2.plugin.Ml2Plugin._retry_binding_revived_agents--9223372036850816228'] for agent (d93eb9b2-40f1-4c77-9270-8890f6af8ec8), after_update _notify_loop /var/lib/kolla/venv/lib/python3.6/site-packages/neutron_lib/callbacks/manager.py:177
2025-12-25 02:08:36.370 29 DEBUG neutron.db.agents_db [req-5bd204c8-74cd-4d9f-806c-b0b99f7ede7f - - - - -] Agent healthcheck: found 2 active agents agent_health_check /var/lib/kolla/venv/lib/python3.6/site-packages/neutron/db/agents_db.py:318
2025-12-25 02:08:43.947 22 DEBUG neutron.wsgi [-] (22) accepted ('10.0.0.141', 34840) server /var/lib/kolla/venv/lib/python3.6/site-packages/eventlet/wsgi.py:1004
2025-12-25 02:08:43.950 22 INFO neutron.wsgi [-] 10.0.0.141 "GET / HTTP/1.1" status: 200 len: 228 time: 0.0028770
2025-12-25 02:08:46.619 26 DEBUG neutron_lib.callbacks.manager [req-423eb0eb-248b-4ef1-8b0f-af270e44aec9 - - - - -] Publish callbacks ['neutron.services.segments.db._update_segment_host_mapping_for_agent-8755129031232', 'neutron.plugins.ml2.plugin.Ml2Plugin._retry_binding_revived_agents--9223372036850816228'] for agent (6378bc5c-3aee-47dd-9d48-1fb05c31e3d5), after_update _notify_loop /var/lib/kolla/venv/lib/python3.6/site-packages/neutron_lib/callbacks/manager.py:177
2025-12-25 02:09:03.908 28 DEBUG neutron_lib.callbacks.manager [req-d68f1f9b-6c22-4478-ba12-7933b764b877 - - - - -] Publish callbacks ['neutron.services.segments.db._update_segment_host_mapping_for_agent-8755129031232', 'neutron.plugins.ml2.plugin.Ml2Plugin._retry_binding_revived_agents--9223372036850816228'] for agent (d93eb9b2-40f1-4c77-9270-8890f6af8ec8), after_update _notify_loop /var/lib/kolla/venv/lib/python3.6/site-packages/neutron_lib/callbacks/manager.py:177
2025-12-25 02:09:13.366 29 DEBUG neutron.db.agents_db [req-5bd204c8-74cd-4d9f-806c-b0b99f7ede7f - - - - -] Agent healthcheck: found 2 active agents agent_health_check /var/lib/kolla/venv/lib/python3.6/site-packages/neutron/db/agents_db.py:318
2025-12-25 02:09:13.999 22 DEBUG neutron.wsgi [-] (22) accepted ('10.0.0.141', 54520) server /var/lib/kolla/venv/lib/python3.6/site-packages/eventlet/wsgi.py:1004
2025-12-25 02:09:14.003 22 INFO neutron.wsgi [-] 10.0.0.141 "GET / HTTP/1.1" status: 200 len: 228 time: 0.0032754
2025-12-25 02:09:16.616 27 DEBUG neutron_lib.callbacks.manager [req-7140f9ae-d717-4c5a-8f3a-05ea54a23957 - - - - -] Publish callbacks ['neutron.services.segments.db._update_segment_host_mapping_for_agent-8755129031232', 'neutron.plugins.ml2.plugin.Ml2Plugin._retry_binding_revived_agents--9223372036850816228'] for agent (6378bc5c-3aee-47dd-9d48-1fb05c31e3d5), after_update _notify_loop /var/lib/kolla/venv/lib/python3.6/site-packages/neutron_lib/callbacks/manager.py:177
2025-12-25 02:09:33.910 23 DEBUG neutron_lib.callbacks.manager [req-d68f1f9b-6c22-4478-ba12-7933b764b877 - - - - -] Publish callbacks ['neutron.services.segments.db._update_segment_host_mapping_for_agent-8755129031232', 'neutron.plugins.ml2.plugin.Ml2Plugin._retry_binding_revived_agents--9223372036850816228'] for agent (d93eb9b2-40f1-4c77-9270-8890f6af8ec8), after_update _notify_loop /var/lib/kolla/venv/lib/python3.6/site-packages/neutron_lib/callbacks/manager.py:177
2025-12-25 02:09:44.050 22 DEBUG neutron.wsgi [-] (22) accepted ('10.0.0.141', 55236) server /var/lib/kolla/venv/lib/python3.6/site-packages/eventlet/wsgi.py:1004
2025-12-25 02:09:44.056 22 INFO neutron.wsgi [-] 10.0.0.141 "GET / HTTP/1.1" status: 200 len: 228 time: 0.0051033
2025-12-25 02:09:46.616 24 DEBUG neutron_lib.callbacks.manager [req-e6c85a58-0c3b-4a93-b87b-3390cf23aeda - - - - -] Publish callbacks ['neutron.services.segments.db._update_segment_host_mapping_for_agent-8755129031232', 'neutron.plugins.ml2.plugin.Ml2Plugin._retry_binding_revived_agents--9223372036850816228'] for agent (6378bc5c-3aee-47dd-9d48-1fb05c31e3d5), after_update _notify_loop /var/lib/kolla/venv/lib/python3.6/site-packages/neutron_lib/callbacks/manager.py:177
2025-12-25 02:09:50.375 29 DEBUG neutron.db.agents_db [req-5bd204c8-74cd-4d9f-806c-b0b99f7ede7f - - - - -] Agent healthcheck: found 2 active agents agent_health_check /var/lib/kolla/venv/lib/python3.6/site-packages/neutron/db/agents_db.py:318
2025-12-25 02:10:03.917 25 DEBUG neutron_lib.callbacks.manager [req-d68f1f9b-6c22-4478-ba12-7933b764b877 - - - - -] Publish callbacks ['neutron.services.segments.db._update_segment_host_mapping_for_agent-8755129031232', 'neutron.plugins.ml2.plugin.Ml2Plugin._retry_binding_revived_agents--9223372036850816228'] for agent (d93eb9b2-40f1-4c77-9270-8890f6af8ec8), after_update _notify_loop /var/lib/kolla/venv/lib/python3.6/site-packages/neutron_lib/callbacks/manager.py:177
2025-12-25 02:10:14.103 22 DEBUG neutron.wsgi [-] (22) accepted ('10.0.0.141', 58702) server /var/lib/kolla/venv/lib/python3.6/site-packages/eventlet/wsgi.py:1004
2025-12-25 02:10:14.107 22 INFO neutron.wsgi [-] 10.0.0.141 "GET / HTTP/1.1" status: 200 len: 228 time: 0.0028286
2025-12-25 02:10:16.615 26 DEBUG neutron_lib.callbacks.manager [req-565c2b6f-3411-460d-8143-2612f84907f3 - - - - -] Publish callbacks ['neutron.services.segments.db._update_segment_host_mapping_for_agent-8755129031232', 'neutron.plugins.ml2.plugin.Ml2Plugin._retry_binding_revived_agents--9223372036850816228'] for agent (6378bc5c-3aee-47dd-9d48-1fb05c31e3d5), after_update _notify_loop /var/lib/kolla/venv/lib/python3.6/site-packages/neutron_lib/callbacks/manager.py:177
2025-12-25 02:10:27.373 29 DEBUG neutron.db.agents_db [req-5bd204c8-74cd-4d9f-806c-b0b99f7ede7f - - - - -] Agent healthcheck: found 2 active agents agent_health_check /var/lib/kolla/venv/lib/python3.6/site-packages/neutron/db/agents_db.py:318
2025-12-25 02:10:33.919 28 DEBUG neutron_lib.callbacks.manager [req-d68f1f9b-6c22-4478-ba12-7933b764b877 - - - - -] Publish callbacks ['neutron.services.segments.db._update_segment_host_mapping_for_agent-8755129031232', 'neutron.plugins.ml2.plugin.Ml2Plugin._retry_binding_revived_agents--9223372036850816228'] for agent (d93eb9b2-40f1-4c77-9270-8890f6af8ec8), after_update _notify_loop /var/lib/kolla/venv/lib/python3.6/site-packages/neutron_lib/callbacks/manager.py:177
2025-12-25 02:10:44.152 22 DEBUG neutron.wsgi [-] (22) accepted ('10.0.0.141', 43194) server /var/lib/kolla/venv/lib/python3.6/site-packages/eventlet/wsgi.py:1004
2025-12-25 02:10:44.156 22 INFO neutron.wsgi [-] 10.0.0.141 "GET / HTTP/1.1" status: 200 len: 228 time: 0.0027776
2025-12-25 02:10:46.611 27 DEBUG neutron_lib.callbacks.manager [req-51b79799-477b-49ea-b57d-6aed2e5781fb - - - - -] Publish callbacks ['neutron.services.segments.db._update_segment_host_mapping_for_agent-8755129031232', 'neutron.plugins.ml2.plugin.Ml2Plugin._retry_binding_revived_agents--9223372036850816228'] for agent (6378bc5c-3aee-47dd-9d48-1fb05c31e3d5), after_update _notify_loop /var/lib/kolla/venv/lib/python3.6/site-packages/neutron_lib/callbacks/manager.py:177
2025-12-25 02:11:03.919 23 DEBUG neutron_lib.callbacks.manager [req-d68f1f9b-6c22-4478-ba12-7933b764b877 - - - - -] Publish callbacks ['neutron.services.segments.db._update_segment_host_mapping_for_agent-8755129031232', 'neutron.plugins.ml2.plugin.Ml2Plugin._retry_binding_revived_agents--9223372036850816228'] for agent (d93eb9b2-40f1-4c77-9270-8890f6af8ec8), after_update _notify_loop /var/lib/kolla/venv/lib/python3.6/site-packages/neutron_lib/callbacks/manager.py:177
2025-12-25 02:11:04.373 29 DEBUG neutron.db.agents_db [req-5bd204c8-74cd-4d9f-806c-b0b99f7ede7f - - - - -] Agent healthcheck: found 2 active agents agent_health_check /var/lib/kolla/venv/lib/python3.6/site-packages/neutron/db/agents_db.py:318
2025-12-25 02:11:14.204 22 DEBUG neutron.wsgi [-] (22) accepted ('10.0.0.141', 48240) server /var/lib/kolla/venv/lib/python3.6/site-packages/eventlet/wsgi.py:1004
2025-12-25 02:11:14.207 22 INFO neutron.wsgi [-] 10.0.0.141 "GET / HTTP/1.1" status: 200 len: 228 time: 0.0027933
2025-12-25 02:11:16.610 24 DEBUG neutron_lib.callbacks.manager [req-0674de24-ac48-43ba-8088-7826367cf459 - - - - -] Publish callbacks ['neutron.services.segments.db._update_segment_host_mapping_for_agent-8755129031232', 'neutron.plugins.ml2.plugin.Ml2Plugin._retry_binding_revived_agents--9223372036850816228'] for agent (6378bc5c-3aee-47dd-9d48-1fb05c31e3d5), after_update _notify_loop /var/lib/kolla/venv/lib/python3.6/site-packages/neutron_lib/callbacks/manager.py:177
2025-12-25 02:11:33.921 25 DEBUG neutron_lib.callbacks.manager [req-d68f1f9b-6c22-4478-ba12-7933b764b877 - - - - -] Publish callbacks ['neutron.services.segments.db._update_segment_host_mapping_for_agent-8755129031232', 'neutron.plugins.ml2.plugin.Ml2Plugin._retry_binding_revived_agents--9223372036850816228'] for agent (d93eb9b2-40f1-4c77-9270-8890f6af8ec8), after_update _notify_loop /var/lib/kolla/venv/lib/python3.6/site-packages/neutron_lib/callbacks/manager.py:177
2025-12-25 02:11:41.373 29 DEBUG neutron.db.agents_db [req-5bd204c8-74cd-4d9f-806c-b0b99f7ede7f - - - - -] Agent healthcheck: found 2 active agents agent_health_check /var/lib/kolla/venv/lib/python3.6/site-packages/neutron/db/agents_db.py:318
2025-12-25 02:11:44.252 22 DEBUG neutron.wsgi [-] (22) accepted ('10.0.0.141', 45206) server /var/lib/kolla/venv/lib/python3.6/site-packages/eventlet/wsgi.py:1004
2025-12-25 02:11:44.257 22 INFO neutron.wsgi [-] 10.0.0.141 "GET / HTTP/1.1" status: 200 len: 228 time: 0.0027456
2025-12-25 02:11:46.659 26 DEBUG neutron_lib.callbacks.manager [req-90fa3ae2-4121-48da-847b-467ea0df5948 - - - - -] Publish callbacks ['neutron.services.segments.db._update_segment_host_mapping_for_agent-8755129031232', 'neutron.plugins.ml2.plugin.Ml2Plugin._retry_binding_revived_agents--9223372036850816228'] for agent (6378bc5c-3aee-47dd-9d48-1fb05c31e3d5), after_update _notify_loop /var/lib/kolla/venv/lib/python3.6/site-packages/neutron_lib/callbacks/manager.py:177
2025-12-25 02:12:03.923 28 DEBUG neutron_lib.callbacks.manager [req-d68f1f9b-6c22-4478-ba12-7933b764b877 - - - - -] Publish callbacks ['neutron.services.segments.db._update_segment_host_mapping_for_agent-8755129031232', 'neutron.plugins.ml2.plugin.Ml2Plugin._retry_binding_revived_agents--9223372036850816228'] for agent (d93eb9b2-40f1-4c77-9270-8890f6af8ec8), after_update _notify_loop /var/lib/kolla/venv/lib/python3.6/site-packages/neutron_lib/callbacks/manager.py:177
2025-12-25 02:12:14.303 22 DEBUG neutron.wsgi [-] (22) accepted ('10.0.0.141', 35046) server /var/lib/kolla/venv/lib/python3.6/site-packages/eventlet/wsgi.py:1004
2025-12-25 02:12:14.307 22 INFO neutron.wsgi [-] 10.0.0.141 "GET / HTTP/1.1" status: 200 len: 228 time: 0.0031915
2025-12-25 02:12:16.618 27 DEBUG neutron_lib.callbacks.manager [req-317fe644-9c1d-4772-8a3d-3068759d9eb8 - - - - -] Publish callbacks ['neutron.services.segments.db._update_segment_host_mapping_for_agent-8755129031232', 'neutron.plugins.ml2.plugin.Ml2Plugin._retry_binding_revived_agents--9223372036850816228'] for agent (6378bc5c-3aee-47dd-9d48-1fb05c31e3d5), after_update _notify_loop /var/lib/kolla/venv/lib/python3.6/site-packages/neutron_lib/callbacks/manager.py:177
2025-12-25 02:12:18.371 29 DEBUG neutron.db.agents_db [req-5bd204c8-74cd-4d9f-806c-b0b99f7ede7f - - - - -] Agent healthcheck: found 2 active agents agent_health_check /var/lib/kolla/venv/lib/python3.6/site-packages/neutron/db/agents_db.py:318
2025-12-25 02:12:33.935 23 DEBUG neutron_lib.callbacks.manager [req-d68f1f9b-6c22-4478-ba12-7933b764b877 - - - - -] Publish callbacks ['neutron.services.segments.db._update_segment_host_mapping_for_agent-8755129031232', 'neutron.plugins.ml2.plugin.Ml2Plugin._retry_binding_revived_agents--9223372036850816228'] for agent (d93eb9b2-40f1-4c77-9270-8890f6af8ec8), after_update _notify_loop /var/lib/kolla/venv/lib/python3.6/site-packages/neutron_lib/callbacks/manager.py:177
2025-12-25 02:12:44.352 22 DEBUG neutron.wsgi [-] (22) accepted ('10.0.0.141', 46334) server /var/lib/kolla/venv/lib/python3.6/site-packages/eventlet/wsgi.py:1004
2025-12-25 02:12:44.356 22 INFO neutron.wsgi [-] 10.0.0.141 "GET / HTTP/1.1" status: 200 len: 228 time: 0.0028472
2025-12-25 02:12:46.605 24 DEBUG neutron_lib.callbacks.manager [req-554eb6df-47e7-4b00-adbd-49e2bc21f4c0 - - - - -] Publish callbacks ['neutron.services.segments.db._update_segment_host_mapping_for_agent-8755129031232', 'neutron.plugins.ml2.plugin.Ml2Plugin._retry_binding_revived_agents--9223372036850816228'] for agent (6378bc5c-3aee-47dd-9d48-1fb05c31e3d5), after_update _notify_loop /var/lib/kolla/venv/lib/python3.6/site-packages/neutron_lib/callbacks/manager.py:177
2025-12-25 02:12:55.369 29 DEBUG neutron.db.agents_db [req-5bd204c8-74cd-4d9f-806c-b0b99f7ede7f - - - - -] Agent healthcheck: found 2 active agents agent_health_check /var/lib/kolla/venv/lib/python3.6/site-packages/neutron/db/agents_db.py:318
2025-12-25 02:13:03.938 25 DEBUG neutron_lib.callbacks.manager [req-d68f1f9b-6c22-4478-ba12-7933b764b877 - - - - -] Publish callbacks ['neutron.services.segments.db._update_segment_host_mapping_for_agent-8755129031232', 'neutron.plugins.ml2.plugin.Ml2Plugin._retry_binding_revived_agents--9223372036850816228'] for agent (d93eb9b2-40f1-4c77-9270-8890f6af8ec8), after_update _notify_loop /var/lib/kolla/venv/lib/python3.6/site-packages/neutron_lib/callbacks/manager.py:177
2025-12-25 02:13:14.404 22 DEBUG neutron.wsgi [-] (22) accepted ('10.0.0.141', 58720) server /var/lib/kolla/venv/lib/python3.6/site-packages/eventlet/wsgi.py:1004
2025-12-25 02:13:14.407 22 INFO neutron.wsgi [-] 10.0.0.141 "GET / HTTP/1.1" status: 200 len: 228 time: 0.0027714
2025-12-25 02:13:16.620 26 DEBUG neutron_lib.callbacks.manager [req-605012f9-be7f-4bb5-a210-81dc04efcb68 - - - - -] Publish callbacks ['neutron.services.segments.db._update_segment_host_mapping_for_agent-8755129031232', 'neutron.plugins.ml2.plugin.Ml2Plugin._retry_binding_revived_agents--9223372036850816228'] for agent (6378bc5c-3aee-47dd-9d48-1fb05c31e3d5), after_update _notify_loop /var/lib/kolla/venv/lib/python3.6/site-packages/neutron_lib/callbacks/manager.py:177
2025-12-25 02:13:32.371 29 DEBUG neutron.db.agents_db [req-5bd204c8-74cd-4d9f-806c-b0b99f7ede7f - - - - -] Agent healthcheck: found 2 active agents agent_health_check /var/lib/kolla/venv/lib/python3.6/site-packages/neutron/db/agents_db.py:318
2025-12-25 02:13:33.932 28 DEBUG neutron_lib.callbacks.manager [req-d68f1f9b-6c22-4478-ba12-7933b764b877 - - - - -] Publish callbacks ['neutron.services.segments.db._update_segment_host_mapping_for_agent-8755129031232', 'neutron.plugins.ml2.plugin.Ml2Plugin._retry_binding_revived_agents--9223372036850816228'] for agent (d93eb9b2-40f1-4c77-9270-8890f6af8ec8), after_update _notify_loop /var/lib/kolla/venv/lib/python3.6/site-packages/neutron_lib/callbacks/manager.py:177
2025-12-25 02:13:44.453 22 DEBUG neutron.wsgi [-] (22) accepted ('10.0.0.141', 50266) server /var/lib/kolla/venv/lib/python3.6/site-packages/eventlet/wsgi.py:1004
2025-12-25 02:13:44.457 22 INFO neutron.wsgi [-] 10.0.0.141 "GET / HTTP/1.1" status: 200 len: 228 time: 0.0028408
2025-12-25 02:13:46.608 27 DEBUG neutron_lib.callbacks.manager [req-1bd6761e-9652-4f8b-9031-f06d1e2d702d - - - - -] Publish callbacks ['neutron.services.segments.db._update_segment_host_mapping_for_agent-8755129031232', 'neutron.plugins.ml2.plugin.Ml2Plugin._retry_binding_revived_agents--9223372036850816228'] for agent (6378bc5c-3aee-47dd-9d48-1fb05c31e3d5), after_update _notify_loop /var/lib/kolla/venv/lib/python3.6/site-packages/neutron_lib/callbacks/manager.py:177
2025-12-25 02:14:03.936 23 DEBUG neutron_lib.callbacks.manager [req-d68f1f9b-6c22-4478-ba12-7933b764b877 - - - - -] Publish callbacks ['neutron.services.segments.db._update_segment_host_mapping_for_agent-8755129031232', 'neutron.plugins.ml2.plugin.Ml2Plugin._retry_binding_revived_agents--9223372036850816228'] for agent (d93eb9b2-40f1-4c77-9270-8890f6af8ec8), after_update _notify_loop /var/lib/kolla/venv/lib/python3.6/site-packages/neutron_lib/callbacks/manager.py:177
2025-12-25 02:14:09.369 29 DEBUG neutron.db.agents_db [req-5bd204c8-74cd-4d9f-806c-b0b99f7ede7f - - - - -] Agent healthcheck: found 2 active agents agent_health_check /var/lib/kolla/venv/lib/python3.6/site-packages/neutron/db/agents_db.py:318
2025-12-25 02:14:14.504 22 DEBUG neutron.wsgi [-] (22) accepted ('10.0.0.141', 36014) server /var/lib/kolla/venv/lib/python3.6/site-packages/eventlet/wsgi.py:1004
2025-12-25 02:14:14.507 22 INFO neutron.wsgi [-] 10.0.0.141 "GET / HTTP/1.1" status: 200 len: 228 time: 0.0028257
2025-12-25 02:14:16.606 24 DEBUG neutron_lib.callbacks.manager [req-12dbf1a3-20c8-4a47-87a4-8db6ec73c8c0 - - - - -] Publish callbacks ['neutron.services.segments.db._update_segment_host_mapping_for_agent-8755129031232', 'neutron.plugins.ml2.plugin.Ml2Plugin._retry_binding_revived_agents--9223372036850816228'] for agent (6378bc5c-3aee-47dd-9d48-1fb05c31e3d5), after_update _notify_loop /var/lib/kolla/venv/lib/python3.6/site-packages/neutron_lib/callbacks/manager.py:177
2025-12-25 02:14:33.937 25 DEBUG neutron_lib.callbacks.manager [req-d68f1f9b-6c22-4478-ba12-7933b764b877 - - - - -] Publish callbacks ['neutron.services.segments.db._update_segment_host_mapping_for_agent-8755129031232', 'neutron.plugins.ml2.plugin.Ml2Plugin._retry_binding_revived_agents--9223372036850816228'] for agent (d93eb9b2-40f1-4c77-9270-8890f6af8ec8), after_update _notify_loop /var/lib/kolla/venv/lib/python3.6/site-packages/neutron_lib/callbacks/manager.py:177
2025-12-25 02:14:44.553 22 DEBUG neutron.wsgi [-] (22) accepted ('10.0.0.141', 48434) server /var/lib/kolla/venv/lib/python3.6/site-packages/eventlet/wsgi.py:1004
2025-12-25 02:14:44.558 22 INFO neutron.wsgi [-] 10.0.0.141 "GET / HTTP/1.1" status: 200 len: 228 time: 0.0032587
2025-12-25 02:14:46.367 29 DEBUG neutron.db.agents_db [req-5bd204c8-74cd-4d9f-806c-b0b99f7ede7f - - - - -] Agent healthcheck: found 2 active agents agent_health_check /var/lib/kolla/venv/lib/python3.6/site-packages/neutron/db/agents_db.py:318
2025-12-25 02:14:46.603 26 DEBUG neutron_lib.callbacks.manager [req-ad21c3a5-e0c3-4e12-9921-7ff54af403f2 - - - - -] Publish callbacks ['neutron.services.segments.db._update_segment_host_mapping_for_agent-8755129031232', 'neutron.plugins.ml2.plugin.Ml2Plugin._retry_binding_revived_agents--9223372036850816228'] for agent (6378bc5c-3aee-47dd-9d48-1fb05c31e3d5), after_update _notify_loop /var/lib/kolla/venv/lib/python3.6/site-packages/neutron_lib/callbacks/manager.py:177
2025-12-25 02:15:03.942 28 DEBUG neutron_lib.callbacks.manager [req-d68f1f9b-6c22-4478-ba12-7933b764b877 - - - - -] Publish callbacks ['neutron.services.segments.db._update_segment_host_mapping_for_agent-8755129031232', 'neutron.plugins.ml2.plugin.Ml2Plugin._retry_binding_revived_agents--9223372036850816228'] for agent (d93eb9b2-40f1-4c77-9270-8890f6af8ec8), after_update _notify_loop /var/lib/kolla/venv/lib/python3.6/site-packages/neutron_lib/callbacks/manager.py:177
2025-12-25 02:15:14.615 22 DEBUG neutron.wsgi [-] (22) accepted ('10.0.0.141', 43260) server /var/lib/kolla/venv/lib/python3.6/site-packages/eventlet/wsgi.py:1004
2025-12-25 02:15:14.618 22 INFO neutron.wsgi [-] 10.0.0.141 "GET / HTTP/1.1" status: 200 len: 228 time: 0.0028374
2025-12-25 02:15:16.606 27 DEBUG neutron_lib.callbacks.manager [req-51b69050-9f58-4d40-81fd-5e921adc2ea2 - - - - -] Publish callbacks ['neutron.services.segments.db._update_segment_host_mapping_for_agent-8755129031232', 'neutron.plugins.ml2.plugin.Ml2Plugin._retry_binding_revived_agents--9223372036850816228'] for agent (6378bc5c-3aee-47dd-9d48-1fb05c31e3d5), after_update _notify_loop /var/lib/kolla/venv/lib/python3.6/site-packages/neutron_lib/callbacks/manager.py:177
2025-12-25 02:15:23.366 29 DEBUG neutron.db.agents_db [req-5bd204c8-74cd-4d9f-806c-b0b99f7ede7f - - - - -] Agent healthcheck: found 2 active agents agent_health_check /var/lib/kolla/venv/lib/python3.6/site-packages/neutron/db/agents_db.py:318
2025-12-25 02:15:33.942 23 DEBUG neutron_lib.callbacks.manager [req-d68f1f9b-6c22-4478-ba12-7933b764b877 - - - - -] Publish callbacks ['neutron.services.segments.db._update_segment_host_mapping_for_agent-8755129031232', 'neutron.plugins.ml2.plugin.Ml2Plugin._retry_binding_revived_agents--9223372036850816228'] for agent (d93eb9b2-40f1-4c77-9270-8890f6af8ec8), after_update _notify_loop /var/lib/kolla/venv/lib/python3.6/site-packages/neutron_lib/callbacks/manager.py:177
2025-12-25 02:15:44.668 22 DEBUG neutron.wsgi [-] (22) accepted ('10.0.0.141', 56256) server /var/lib/kolla/venv/lib/python3.6/site-packages/eventlet/wsgi.py:1004
2025-12-25 02:15:44.671 22 INFO neutron.wsgi [-] 10.0.0.141 "GET / HTTP/1.1" status: 200 len: 228 time: 0.0026336
2025-12-25 02:15:46.605 24 DEBUG neutron_lib.callbacks.manager [req-6c81cdbb-6c2f-48c7-9a3f-8fb1ed73afca - - - - -] Publish callbacks ['neutron.services.segments.db._update_segment_host_mapping_for_agent-8755129031232', 'neutron.plugins.ml2.plugin.Ml2Plugin._retry_binding_revived_agents--9223372036850816228'] for agent (6378bc5c-3aee-47dd-9d48-1fb05c31e3d5), after_update _notify_loop /var/lib/kolla/venv/lib/python3.6/site-packages/neutron_lib/callbacks/manager.py:177
2025-12-25 02:16:00.367 29 DEBUG neutron.db.agents_db [req-5bd204c8-74cd-4d9f-806c-b0b99f7ede7f - - - - -] Agent healthcheck: found 2 active agents agent_health_check /var/lib/kolla/venv/lib/python3.6/site-packages/neutron/db/agents_db.py:318
2025-12-25 02:16:03.956 25 DEBUG neutron_lib.callbacks.manager [req-d68f1f9b-6c22-4478-ba12-7933b764b877 - - - - -] Publish callbacks ['neutron.services.segments.db._update_segment_host_mapping_for_agent-8755129031232', 'neutron.plugins.ml2.plugin.Ml2Plugin._retry_binding_revived_agents--9223372036850816228'] for agent (d93eb9b2-40f1-4c77-9270-8890f6af8ec8), after_update _notify_loop /var/lib/kolla/venv/lib/python3.6/site-packages/neutron_lib/callbacks/manager.py:177
2025-12-25 02:16:14.739 22 DEBUG neutron.wsgi [-] (22) accepted ('10.0.0.141', 40724) server /var/lib/kolla/venv/lib/python3.6/site-packages/eventlet/wsgi.py:1004
2025-12-25 02:16:14.745 22 INFO neutron.wsgi [-] 10.0.0.141 "GET / HTTP/1.1" status: 200 len: 228 time: 0.0041249
2025-12-25 02:16:16.603 26 DEBUG neutron_lib.callbacks.manager [req-6701b217-5f6a-49fc-b03a-93959530ea45 - - - - -] Publish callbacks ['neutron.services.segments.db._update_segment_host_mapping_for_agent-8755129031232', 'neutron.plugins.ml2.plugin.Ml2Plugin._retry_binding_revived_agents--9223372036850816228'] for agent (6378bc5c-3aee-47dd-9d48-1fb05c31e3d5), after_update _notify_loop /var/lib/kolla/venv/lib/python3.6/site-packages/neutron_lib/callbacks/manager.py:177
2025-12-25 02:16:18.682 7 INFO oslo_service.service [-] Caught SIGTERM, stopping children
2025-12-25 02:16:18.682 7 DEBUG oslo_concurrency.lockutils [-] Acquired lock "singleton_lock" lock /var/lib/kolla/venv/lib/python3.6/site-packages/oslo_concurrency/lockutils.py:294
2025-12-25 02:16:18.682 7 DEBUG oslo_concurrency.lockutils [-] Releasing lock "singleton_lock" lock /var/lib/kolla/venv/lib/python3.6/site-packages/oslo_concurrency/lockutils.py:312
2025-12-25 02:16:18.683 7 DEBUG oslo_service.service [-] Stop services. stop /var/lib/kolla/venv/lib/python3.6/site-packages/oslo_service/service.py:695
2025-12-25 02:16:18.683 7 DEBUG neutron.service [-] calling RpcWorker stop() stop /var/lib/kolla/venv/lib/python3.6/site-packages/neutron/service.py:138
2025-12-25 02:16:18.683 7 DEBUG neutron.service [-] calling RpcWorker stop() stop /var/lib/kolla/venv/lib/python3.6/site-packages/neutron/service.py:138
2025-12-25 02:16:18.683 7 DEBUG oslo_service.service [-] Killing children. stop /var/lib/kolla/venv/lib/python3.6/site-packages/oslo_service/service.py:700
2025-12-25 02:16:18.683 7 INFO oslo_service.service [-] Waiting on 8 children to exit
2025-12-25 02:16:18.684 25 DEBUG neutron.service [-] calling RpcWorker stop() stop /var/lib/kolla/venv/lib/python3.6/site-packages/neutron/service.py:138
2025-12-25 02:16:18.684 29 DEBUG neutron.service [-] calling RpcWorker stop() stop /var/lib/kolla/venv/lib/python3.6/site-packages/neutron/service.py:138
2025-12-25 02:16:18.684 22 INFO neutron.wsgi [-] (22) wsgi exited, is_accepting=True
2025-12-25 02:16:18.684 29 DEBUG neutron.service [-] calling stop on stop /var/lib/kolla/venv/lib/python3.6/site-packages/neutron/service.py:141
2025-12-25 02:16:18.685 22 DEBUG oslo_concurrency.lockutils [req-b9791b20-8a8e-4e88-9b25-d873b18879af - - - - -] Acquired lock "singleton_lock" lock /var/lib/kolla/venv/lib/python3.6/site-packages/oslo_concurrency/lockutils.py:294
2025-12-25 02:16:18.685 22 DEBUG oslo_concurrency.lockutils [req-b9791b20-8a8e-4e88-9b25-d873b18879af - - - - -] Releasing lock "singleton_lock" lock /var/lib/kolla/venv/lib/python3.6/site-packages/oslo_concurrency/lockutils.py:312
2025-12-25 02:16:18.684 25 DEBUG neutron.service [-] calling stop on stop /var/lib/kolla/venv/lib/python3.6/site-packages/neutron/service.py:141
2025-12-25 02:16:18.688 23 DEBUG neutron.service [-] calling RpcWorker stop() stop /var/lib/kolla/venv/lib/python3.6/site-packages/neutron/service.py:138
2025-12-25 02:16:18.688 23 DEBUG neutron.service [-] calling stop on stop /var/lib/kolla/venv/lib/python3.6/site-packages/neutron/service.py:141
2025-12-25 02:16:18.690 7 INFO oslo_service.service [-] Child 22 exited with status 0
2025-12-25 02:16:18.696 24 DEBUG neutron.service [-] calling RpcWorker stop() stop /var/lib/kolla/venv/lib/python3.6/site-packages/neutron/service.py:138
2025-12-25 02:16:18.696 27 DEBUG neutron.service [-] calling RpcWorker stop() stop /var/lib/kolla/venv/lib/python3.6/site-packages/neutron/service.py:138
2025-12-25 02:16:18.699 26 DEBUG neutron.service [-] calling RpcWorker stop() stop /var/lib/kolla/venv/lib/python3.6/site-packages/neutron/service.py:138
2025-12-25 02:16:18.699 28 DEBUG neutron.service [-] calling RpcWorker stop() stop /var/lib/kolla/venv/lib/python3.6/site-packages/neutron/service.py:138
2025-12-25 02:16:18.696 27 DEBUG neutron.service [-] calling stop on stop /var/lib/kolla/venv/lib/python3.6/site-packages/neutron/service.py:141
2025-12-25 02:16:18.699 26 DEBUG neutron.service [-] calling stop on stop /var/lib/kolla/venv/lib/python3.6/site-packages/neutron/service.py:141
2025-12-25 02:16:18.696 24 DEBUG neutron.service [-] calling stop on stop /var/lib/kolla/venv/lib/python3.6/site-packages/neutron/service.py:141
2025-12-25 02:16:18.700 28 DEBUG neutron.service [-] calling stop on stop /var/lib/kolla/venv/lib/python3.6/site-packages/neutron/service.py:141
2025-12-25 02:16:20.696 26 DEBUG oslo_concurrency.lockutils [req-b9791b20-8a8e-4e88-9b25-d873b18879af - - - - -] Acquired lock "singleton_lock" lock /var/lib/kolla/venv/lib/python3.6/site-packages/oslo_concurrency/lockutils.py:294
2025-12-25 02:16:20.697 26 DEBUG oslo_concurrency.lockutils [req-b9791b20-8a8e-4e88-9b25-d873b18879af - - - - -] Releasing lock "singleton_lock" lock /var/lib/kolla/venv/lib/python3.6/site-packages/oslo_concurrency/lockutils.py:312
2025-12-25 02:16:20.698 26 DEBUG neutron.service [req-b9791b20-8a8e-4e88-9b25-d873b18879af - - - - -] calling RpcWorker wait() _wait /var/lib/kolla/venv/lib/python3.6/site-packages/neutron/service.py:128
2025-12-25 02:16:20.699 26 DEBUG neutron.service [req-b9791b20-8a8e-4e88-9b25-d873b18879af - - - - -] calling wait on _wait /var/lib/kolla/venv/lib/python3.6/site-packages/neutron/service.py:131
2025-12-25 02:16:20.712 26 WARNING amqp [req-b9791b20-8a8e-4e88-9b25-d873b18879af - - - - -] Received method (60, 30) during closing channel 1. This method will be ignored
2025-12-25 02:16:20.714 26 DEBUG neutron.service [req-b9791b20-8a8e-4e88-9b25-d873b18879af - - - - -] returning from RpcWorker wait() _wait /var/lib/kolla/venv/lib/python3.6/site-packages/neutron/service.py:135
2025-12-25 02:16:20.719 7 INFO oslo_service.service [-] Child 26 exited with status 0
2025-12-25 02:16:22.359 23 DEBUG neutron.service [-] calling stop on stop /var/lib/kolla/venv/lib/python3.6/site-packages/neutron/service.py:141
2025-12-25 02:16:22.359 24 DEBUG neutron.service [-] calling stop on stop /var/lib/kolla/venv/lib/python3.6/site-packages/neutron/service.py:141
2025-12-25 02:16:22.371 25 DEBUG neutron.service [-] calling stop on stop /var/lib/kolla/venv/lib/python3.6/site-packages/neutron/service.py:141
2025-12-25 02:16:22.373 23 DEBUG neutron.service [-] calling stop on stop /var/lib/kolla/venv/lib/python3.6/site-packages/neutron/service.py:141
2025-12-25 02:16:22.375 28 DEBUG oslo_concurrency.lockutils [req-b9791b20-8a8e-4e88-9b25-d873b18879af - - - - -] Acquired lock "singleton_lock" lock /var/lib/kolla/venv/lib/python3.6/site-packages/oslo_concurrency/lockutils.py:294
2025-12-25 02:16:22.376 28 DEBUG oslo_concurrency.lockutils [req-b9791b20-8a8e-4e88-9b25-d873b18879af - - - - -] Releasing lock "singleton_lock" lock /var/lib/kolla/venv/lib/python3.6/site-packages/oslo_concurrency/lockutils.py:312
2025-12-25 02:16:22.376 28 DEBUG neutron.service [req-b9791b20-8a8e-4e88-9b25-d873b18879af - - - - -] calling RpcWorker wait() _wait /var/lib/kolla/venv/lib/python3.6/site-packages/neutron/service.py:128
2025-12-25 02:16:22.376 28 DEBUG neutron.service [req-b9791b20-8a8e-4e88-9b25-d873b18879af - - - - -] calling wait on _wait /var/lib/kolla/venv/lib/python3.6/site-packages/neutron/service.py:131
2025-12-25 02:16:22.383 28 WARNING amqp [req-b9791b20-8a8e-4e88-9b25-d873b18879af - - - - -] Received method (60, 30) during closing channel 1. This method will be ignored
2025-12-25 02:16:22.386 24 DEBUG neutron.service [-] calling stop on stop /var/lib/kolla/venv/lib/python3.6/site-packages/neutron/service.py:141
2025-12-25 02:16:22.387 28 DEBUG neutron.service [req-b9791b20-8a8e-4e88-9b25-d873b18879af - - - - -] returning from RpcWorker wait() _wait /var/lib/kolla/venv/lib/python3.6/site-packages/neutron/service.py:135
2025-12-25 02:16:22.391 7 INFO oslo_service.service [-] Child 28 exited with status 0
2025-12-25 02:16:22.392 29 DEBUG oslo_concurrency.lockutils [req-b9791b20-8a8e-4e88-9b25-d873b18879af - - - - -] Acquired lock "singleton_lock" lock /var/lib/kolla/venv/lib/python3.6/site-packages/oslo_concurrency/lockutils.py:294
2025-12-25 02:16:22.393 29 DEBUG oslo_concurrency.lockutils [req-b9791b20-8a8e-4e88-9b25-d873b18879af - - - - -] Releasing lock "singleton_lock" lock /var/lib/kolla/venv/lib/python3.6/site-packages/oslo_concurrency/lockutils.py:312
2025-12-25 02:16:22.393 29 DEBUG neutron.service [req-b9791b20-8a8e-4e88-9b25-d873b18879af - - - - -] calling RpcWorker wait() _wait /var/lib/kolla/venv/lib/python3.6/site-packages/neutron/service.py:128
2025-12-25 02:16:22.393 29 DEBUG neutron.service [req-b9791b20-8a8e-4e88-9b25-d873b18879af - - - - -] calling wait on _wait /var/lib/kolla/venv/lib/python3.6/site-packages/neutron/service.py:131
2025-12-25 02:16:22.399 29 WARNING amqp [req-b9791b20-8a8e-4e88-9b25-d873b18879af - - - - -] Received method (60, 30) during closing channel 1. This method will be ignored
2025-12-25 02:16:22.400 27 DEBUG oslo_concurrency.lockutils [req-b9791b20-8a8e-4e88-9b25-d873b18879af - - - - -] Acquired lock "singleton_lock" lock /var/lib/kolla/venv/lib/python3.6/site-packages/oslo_concurrency/lockutils.py:294
2025-12-25 02:16:22.400 27 DEBUG oslo_concurrency.lockutils [req-b9791b20-8a8e-4e88-9b25-d873b18879af - - - - -] Releasing lock "singleton_lock" lock /var/lib/kolla/venv/lib/python3.6/site-packages/oslo_concurrency/lockutils.py:312
2025-12-25 02:16:22.400 23 DEBUG neutron.service [-] calling stop on stop /var/lib/kolla/venv/lib/python3.6/site-packages/neutron/service.py:141
2025-12-25 02:16:22.400 27 DEBUG neutron.service [req-b9791b20-8a8e-4e88-9b25-d873b18879af - - - - -] calling RpcWorker wait() _wait /var/lib/kolla/venv/lib/python3.6/site-packages/neutron/service.py:128
2025-12-25 02:16:22.400 27 DEBUG neutron.service [req-b9791b20-8a8e-4e88-9b25-d873b18879af - - - - -] calling wait on _wait /var/lib/kolla/venv/lib/python3.6/site-packages/neutron/service.py:131
2025-12-25 02:16:22.402 25 DEBUG neutron.service [-] calling stop on stop /var/lib/kolla/venv/lib/python3.6/site-packages/neutron/service.py:141
2025-12-25 02:16:22.403 29 DEBUG neutron.service [req-b9791b20-8a8e-4e88-9b25-d873b18879af - - - - -] returning from RpcWorker wait() _wait /var/lib/kolla/venv/lib/python3.6/site-packages/neutron/service.py:135
2025-12-25 02:16:22.406 27 WARNING amqp [req-b9791b20-8a8e-4e88-9b25-d873b18879af - - - - -] Received method (60, 30) during closing channel 1. This method will be ignored
2025-12-25 02:16:22.407 27 DEBUG neutron.service [req-b9791b20-8a8e-4e88-9b25-d873b18879af - - - - -] returning from RpcWorker wait() _wait /var/lib/kolla/venv/lib/python3.6/site-packages/neutron/service.py:135
2025-12-25 02:16:22.409 7 INFO oslo_service.service [-] Child 29 exited with status 0
2025-12-25 02:16:22.412 7 INFO oslo_service.service [-] Child 27 exited with status 0
2025-12-25 02:16:22.416 23 DEBUG oslo_concurrency.lockutils [req-b9791b20-8a8e-4e88-9b25-d873b18879af - - - - -] Acquired lock "singleton_lock" lock /var/lib/kolla/venv/lib/python3.6/site-packages/oslo_concurrency/lockutils.py:294
2025-12-25 02:16:22.416 23 DEBUG oslo_concurrency.lockutils [req-b9791b20-8a8e-4e88-9b25-d873b18879af - - - - -] Releasing lock "singleton_lock" lock /var/lib/kolla/venv/lib/python3.6/site-packages/oslo_concurrency/lockutils.py:312
2025-12-25 02:16:22.417 23 DEBUG neutron.service [req-b9791b20-8a8e-4e88-9b25-d873b18879af - - - - -] calling RpcWorker wait() _wait /var/lib/kolla/venv/lib/python3.6/site-packages/neutron/service.py:128
2025-12-25 02:16:22.417 23 DEBUG neutron.service [req-b9791b20-8a8e-4e88-9b25-d873b18879af - - - - -] calling wait on _wait /var/lib/kolla/venv/lib/python3.6/site-packages/neutron/service.py:131
2025-12-25 02:16:22.423 23 WARNING amqp [req-b9791b20-8a8e-4e88-9b25-d873b18879af - - - - -] Received method (60, 30) during closing channel 1. This method will be ignored
2025-12-25 02:16:22.424 23 DEBUG neutron.service [req-b9791b20-8a8e-4e88-9b25-d873b18879af - - - - -] calling wait on _wait /var/lib/kolla/venv/lib/python3.6/site-packages/neutron/service.py:131
2025-12-25 02:16:22.430 23 WARNING amqp [req-b9791b20-8a8e-4e88-9b25-d873b18879af - - - - -] Received method (60, 30) during closing channel 1. This method will be ignored
2025-12-25 02:16:22.432 23 DEBUG neutron.service [req-b9791b20-8a8e-4e88-9b25-d873b18879af - - - - -] calling wait on _wait /var/lib/kolla/venv/lib/python3.6/site-packages/neutron/service.py:131
2025-12-25 02:16:22.437 23 WARNING amqp [req-b9791b20-8a8e-4e88-9b25-d873b18879af - - - - -] Received method (60, 30) during closing channel 1. This method will be ignored
2025-12-25 02:16:22.437 23 DEBUG neutron.service [req-b9791b20-8a8e-4e88-9b25-d873b18879af - - - - -] calling wait on _wait /var/lib/kolla/venv/lib/python3.6/site-packages/neutron/service.py:131
2025-12-25 02:16:22.443 23 WARNING amqp [req-b9791b20-8a8e-4e88-9b25-d873b18879af - - - - -] Received method (60, 30) during closing channel 1. This method will be ignored
2025-12-25 02:16:22.444 23 DEBUG neutron.service [req-b9791b20-8a8e-4e88-9b25-d873b18879af - - - - -] returning from RpcWorker wait() _wait /var/lib/kolla/venv/lib/python3.6/site-packages/neutron/service.py:135
2025-12-25 02:16:22.450 7 INFO oslo_service.service [-] Child 23 exited with status 0
2025-12-25 02:16:24.800 24 DEBUG neutron.service [-] calling stop on stop /var/lib/kolla/venv/lib/python3.6/site-packages/neutron/service.py:141
2025-12-25 02:16:27.161 25 DEBUG neutron.service [-] calling stop on stop /var/lib/kolla/venv/lib/python3.6/site-packages/neutron/service.py:141
2025-12-25 02:16:27.424 24 DEBUG oslo_concurrency.lockutils [req-b9791b20-8a8e-4e88-9b25-d873b18879af - - - - -] Acquired lock "singleton_lock" lock /var/lib/kolla/venv/lib/python3.6/site-packages/oslo_concurrency/lockutils.py:294
2025-12-25 02:16:27.424 24 DEBUG oslo_concurrency.lockutils [req-b9791b20-8a8e-4e88-9b25-d873b18879af - - - - -] Releasing lock "singleton_lock" lock /var/lib/kolla/venv/lib/python3.6/site-packages/oslo_concurrency/lockutils.py:312
2025-12-25 02:16:27.424 24 DEBUG neutron.service [req-b9791b20-8a8e-4e88-9b25-d873b18879af - - - - -] calling RpcWorker wait() _wait /var/lib/kolla/venv/lib/python3.6/site-packages/neutron/service.py:128
2025-12-25 02:16:27.425 24 DEBUG neutron.service [req-b9791b20-8a8e-4e88-9b25-d873b18879af - - - - -] calling wait on _wait /var/lib/kolla/venv/lib/python3.6/site-packages/neutron/service.py:131
2025-12-25 02:16:27.431 24 WARNING amqp [req-b9791b20-8a8e-4e88-9b25-d873b18879af - - - - -] Received method (60, 30) during closing channel 1. This method will be ignored
2025-12-25 02:16:27.434 24 DEBUG neutron.service [req-b9791b20-8a8e-4e88-9b25-d873b18879af - - - - -] calling wait on _wait /var/lib/kolla/venv/lib/python3.6/site-packages/neutron/service.py:131
2025-12-25 02:16:27.434 25 DEBUG oslo_concurrency.lockutils [req-b9791b20-8a8e-4e88-9b25-d873b18879af - - - - -] Acquired lock "singleton_lock" lock /var/lib/kolla/venv/lib/python3.6/site-packages/oslo_concurrency/lockutils.py:294
2025-12-25 02:16:27.434 25 DEBUG oslo_concurrency.lockutils [req-b9791b20-8a8e-4e88-9b25-d873b18879af - - - - -] Releasing lock "singleton_lock" lock /var/lib/kolla/venv/lib/python3.6/site-packages/oslo_concurrency/lockutils.py:312
2025-12-25 02:16:27.435 25 DEBUG neutron.service [req-b9791b20-8a8e-4e88-9b25-d873b18879af - - - - -] calling RpcWorker wait() _wait /var/lib/kolla/venv/lib/python3.6/site-packages/neutron/service.py:128
2025-12-25 02:16:27.435 25 DEBUG neutron.service [req-b9791b20-8a8e-4e88-9b25-d873b18879af - - - - -] calling wait on _wait /var/lib/kolla/venv/lib/python3.6/site-packages/neutron/service.py:131
2025-12-25 02:16:27.442 24 WARNING amqp [req-b9791b20-8a8e-4e88-9b25-d873b18879af - - - - -] Received method (60, 30) during closing channel 1. This method will be ignored
2025-12-25 02:16:27.442 25 WARNING amqp [req-b9791b20-8a8e-4e88-9b25-d873b18879af - - - - -] Received method (60, 30) during closing channel 1. This method will be ignored
2025-12-25 02:16:27.444 24 DEBUG neutron.service [req-b9791b20-8a8e-4e88-9b25-d873b18879af - - - - -] calling wait on _wait /var/lib/kolla/venv/lib/python3.6/site-packages/neutron/service.py:131
2025-12-25 02:16:27.444 25 DEBUG neutron.service [req-b9791b20-8a8e-4e88-9b25-d873b18879af - - - - -] calling wait on _wait /var/lib/kolla/venv/lib/python3.6/site-packages/neutron/service.py:131
2025-12-25 02:16:27.452 25 WARNING amqp [req-b9791b20-8a8e-4e88-9b25-d873b18879af - - - - -] Received method (60, 30) during closing channel 1. This method will be ignored
2025-12-25 02:16:27.454 25 DEBUG neutron.service [req-b9791b20-8a8e-4e88-9b25-d873b18879af - - - - -] calling wait on _wait /var/lib/kolla/venv/lib/python3.6/site-packages/neutron/service.py:131
2025-12-25 02:16:27.464 24 WARNING amqp [req-b9791b20-8a8e-4e88-9b25-d873b18879af - - - - -] Received method (60, 30) during closing channel 1. This method will be ignored
2025-12-25 02:16:27.466 24 DEBUG neutron.service [req-b9791b20-8a8e-4e88-9b25-d873b18879af - - - - -] calling wait on _wait /var/lib/kolla/venv/lib/python3.6/site-packages/neutron/service.py:131
2025-12-25 02:16:27.468 25 WARNING amqp [req-b9791b20-8a8e-4e88-9b25-d873b18879af - - - - -] Received method (60, 30) during closing channel 1. This method will be ignored
2025-12-25 02:16:27.469 25 DEBUG neutron.service [req-b9791b20-8a8e-4e88-9b25-d873b18879af - - - - -] calling wait on _wait /var/lib/kolla/venv/lib/python3.6/site-packages/neutron/service.py:131
2025-12-25 02:16:27.473 24 WARNING amqp [req-b9791b20-8a8e-4e88-9b25-d873b18879af - - - - -] Received method (60, 30) during closing channel 1. This method will be ignored
2025-12-25 02:16:27.474 24 DEBUG neutron.service [req-b9791b20-8a8e-4e88-9b25-d873b18879af - - - - -] returning from RpcWorker wait() _wait /var/lib/kolla/venv/lib/python3.6/site-packages/neutron/service.py:135
2025-12-25 02:16:27.477 25 WARNING amqp [req-b9791b20-8a8e-4e88-9b25-d873b18879af - - - - -] Received method (60, 30) during closing channel 1. This method will be ignored
2025-12-25 02:16:27.481 7 INFO oslo_service.service [-] Child 24 exited with status 0
2025-12-25 02:16:27.482 25 DEBUG neutron.service [req-b9791b20-8a8e-4e88-9b25-d873b18879af - - - - -] returning from RpcWorker wait() _wait /var/lib/kolla/venv/lib/python3.6/site-packages/neutron/service.py:135
2025-12-25 02:16:27.489 7 INFO oslo_service.service [-] Child 25 exited with status 0
2025-12-25 02:16:27.489 7 INFO oslo_service.service [-] Wait called after thread killed. Cleaning up.
2025-12-25 02:16:27.489 7 DEBUG oslo_service.service [-] Stop services. stop /var/lib/kolla/venv/lib/python3.6/site-packages/oslo_service/service.py:695
2025-12-25 02:16:27.489 7 DEBUG oslo_service.service [-] Killing children. stop /var/lib/kolla/venv/lib/python3.6/site-packages/oslo_service/service.py:700
2025-12-25 02:16:32.026 7 INFO neutron.common.config [-] Logging enabled!
2025-12-25 02:16:32.026 7 INFO neutron.common.config [-] /var/lib/kolla/venv/bin/neutron-server version 20.5.1.dev23
2025-12-25 02:16:32.027 7 DEBUG neutron.common.config [-] command line: /var/lib/kolla/venv/bin/neutron-server --config-file /etc/neutron/neutron.conf --config-file /etc/neutron/ContrailPlugin.ini --config-file /etc/neutron/api-paste.ini setup_logging /var/lib/kolla/venv/lib/python3.6/site-packages/neutron/common/config.py:115
