2025-12-22 00:40:03.289 153338 DEBUG oslo_service.service [req-1a843a2f-f3d8-4ec8-aab8-d0a351ab0ded - - - - -] api.vendordata_providers = ['StaticJSON'] log_opt_values /usr/lib/python3/dist-packages/oslo_config/cfg.py:2609
2025-12-22 00:40:03.290 153338 DEBUG oslo_service.service [req-1a843a2f-f3d8-4ec8-aab8-d0a351ab0ded - - - - -] cache.backend = dogpile.cache.null log_opt_values /usr/lib/python3/dist-packages/oslo_config/cfg.py:2609
2025-12-22 00:40:03.290 153338 DEBUG oslo_service.service [req-1a843a2f-f3d8-4ec8-aab8-d0a351ab0ded - - - - -] cache.backend_argument = **** log_opt_values /usr/lib/python3/dist-packages/oslo_config/cfg.py:2609
2025-12-22 00:40:03.290 153338 DEBUG oslo_service.service [req-1a843a2f-f3d8-4ec8-aab8-d0a351ab0ded - - - - -] cache.config_prefix = cache.oslo log_opt_values /usr/lib/python3/dist-packages/oslo_config/cfg.py:2609
2025-12-22 00:40:03.290 153338 DEBUG oslo_service.service [req-1a843a2f-f3d8-4ec8-aab8-d0a351ab0ded - - - - -] cache.debug_cache_backend = False log_opt_values /usr/lib/python3/dist-packages/oslo_config/cfg.py:2609
2025-12-22 00:40:03.290 153338 DEBUG oslo_service.service [req-1a843a2f-f3d8-4ec8-aab8-d0a351ab0ded - - - - -] cache.enabled = False log_opt_values /usr/lib/python3/dist-packages/oslo_config/cfg.py:2609
2025-12-22 00:40:03.290 153338 DEBUG oslo_service.service [req-1a843a2f-f3d8-4ec8-aab8-d0a351ab0ded - - - - -] cache.expiration_time = 600 log_opt_values /usr/lib/python3/dist-packages/oslo_config/cfg.py:2609
2025-12-22 00:40:03.291 153338 DEBUG oslo_service.service [req-1a843a2f-f3d8-4ec8-aab8-d0a351ab0ded - - - - -] cache.memcache_dead_retry = 300 log_opt_values /usr/lib/python3/dist-packages/oslo_config/cfg.py:2609
2025-12-22 00:40:03.291 153338 DEBUG oslo_service.service [req-1a843a2f-f3d8-4ec8-aab8-d0a351ab0ded - - - - -] cache.memcache_pool_connection_get_timeout = 10 log_opt_values /usr/lib/python3/dist-packages/oslo_config/cfg.py:2609
2025-12-22 00:40:03.291 153338 DEBUG oslo_service.service [req-1a843a2f-f3d8-4ec8-aab8-d0a351ab0ded - - - - -] cache.memcache_pool_flush_on_reconnect = False log_opt_values /usr/lib/python3/dist-packages/oslo_config/cfg.py:2609
2025-12-22 00:40:03.292 153338 DEBUG oslo_service.service [req-1a843a2f-f3d8-4ec8-aab8-d0a351ab0ded - - - - -] cache.memcache_pool_maxsize = 10 log_opt_values /usr/lib/python3/dist-packages/oslo_config/cfg.py:2609
2025-12-22 00:40:03.292 153338 DEBUG oslo_service.service [req-1a843a2f-f3d8-4ec8-aab8-d0a351ab0ded - - - - -] cache.memcache_pool_unused_timeout = 60 log_opt_values /usr/lib/python3/dist-packages/oslo_config/cfg.py:2609
2025-12-22 00:40:03.292 153338 DEBUG oslo_service.service [req-1a843a2f-f3d8-4ec8-aab8-d0a351ab0ded - - - - -] cache.memcache_servers = ['localhost:11211'] log_opt_values /usr/lib/python3/dist-packages/oslo_config/cfg.py:2609
2025-12-22 00:40:03.293 153338 DEBUG oslo_service.service [req-1a843a2f-f3d8-4ec8-aab8-d0a351ab0ded - - - - -] cache.memcache_socket_timeout = 1.0 log_opt_values /usr/lib/python3/dist-packages/oslo_config/cfg.py:2609
2025-12-22 00:40:03.293 153741 DEBUG nova.service [req-871bd85a-0df1-4355-b6ff-e66e511f0f0f - - - - -] Creating RPC server for service scheduler start /usr/lib/python3/dist-packages/nova/service.py:182
2025-12-22 00:40:03.294 153338 DEBUG oslo_service.service [req-1a843a2f-f3d8-4ec8-aab8-d0a351ab0ded - - - - -] cache.proxies = [] log_opt_values /usr/lib/python3/dist-packages/oslo_config/cfg.py:2609
2025-12-22 00:40:03.294 153338 DEBUG oslo_service.service [req-1a843a2f-f3d8-4ec8-aab8-d0a351ab0ded - - - - -] cache.tls_allowed_ciphers = None log_opt_values /usr/lib/python3/dist-packages/oslo_config/cfg.py:2609
2025-12-22 00:40:03.294 153338 DEBUG oslo_service.service [req-1a843a2f-f3d8-4ec8-aab8-d0a351ab0ded - - - - -] cache.tls_cafile = None log_opt_values /usr/lib/python3/dist-packages/oslo_config/cfg.py:2609
2025-12-22 00:40:03.294 153338 DEBUG oslo_service.service [req-1a843a2f-f3d8-4ec8-aab8-d0a351ab0ded - - - - -] cache.tls_certfile = None log_opt_values /usr/lib/python3/dist-packages/oslo_config/cfg.py:2609
2025-12-22 00:40:03.294 153338 DEBUG oslo_service.service [req-1a843a2f-f3d8-4ec8-aab8-d0a351ab0ded - - - - -] cache.tls_enabled = False log_opt_values /usr/lib/python3/dist-packages/oslo_config/cfg.py:2609
2025-12-22 00:40:03.295 153338 DEBUG oslo_service.service [req-1a843a2f-f3d8-4ec8-aab8-d0a351ab0ded - - - - -] cache.tls_keyfile = None log_opt_values /usr/lib/python3/dist-packages/oslo_config/cfg.py:2609
2025-12-22 00:40:03.295 153338 DEBUG oslo_service.service [req-1a843a2f-f3d8-4ec8-aab8-d0a351ab0ded - - - - -] cinder.auth_section = None log_opt_values /usr/lib/python3/dist-packages/oslo_config/cfg.py:2609
2025-12-22 00:40:03.295 153338 DEBUG oslo_service.service [req-1a843a2f-f3d8-4ec8-aab8-d0a351ab0ded - - - - -] cinder.auth_type = None log_opt_values /usr/lib/python3/dist-packages/oslo_config/cfg.py:2609
2025-12-22 00:40:03.296 153338 DEBUG oslo_service.service [req-1a843a2f-f3d8-4ec8-aab8-d0a351ab0ded - - - - -] cinder.cafile = None log_opt_values /usr/lib/python3/dist-packages/oslo_config/cfg.py:2609
2025-12-22 00:40:03.296 153338 DEBUG oslo_service.service [req-1a843a2f-f3d8-4ec8-aab8-d0a351ab0ded - - - - -] cinder.catalog_info = volumev3::publicURL log_opt_values /usr/lib/python3/dist-packages/oslo_config/cfg.py:2609
2025-12-22 00:40:03.296 153338 DEBUG oslo_service.service [req-1a843a2f-f3d8-4ec8-aab8-d0a351ab0ded - - - - -] cinder.certfile = None log_opt_values /usr/lib/python3/dist-packages/oslo_config/cfg.py:2609
2025-12-22 00:40:03.296 153338 DEBUG oslo_service.service [req-1a843a2f-f3d8-4ec8-aab8-d0a351ab0ded - - - - -] cinder.collect_timing = False log_opt_values /usr/lib/python3/dist-packages/oslo_config/cfg.py:2609
2025-12-22 00:40:03.296 153338 DEBUG oslo_service.service [req-1a843a2f-f3d8-4ec8-aab8-d0a351ab0ded - - - - -] cinder.cross_az_attach = True log_opt_values /usr/lib/python3/dist-packages/oslo_config/cfg.py:2609
2025-12-22 00:40:03.297 153338 DEBUG oslo_service.service [req-1a843a2f-f3d8-4ec8-aab8-d0a351ab0ded - - - - -] cinder.debug = False log_opt_values /usr/lib/python3/dist-packages/oslo_config/cfg.py:2609
2025-12-22 00:40:03.297 153338 DEBUG oslo_service.service [req-1a843a2f-f3d8-4ec8-aab8-d0a351ab0ded - - - - -] cinder.endpoint_template = None log_opt_values /usr/lib/python3/dist-packages/oslo_config/cfg.py:2609
2025-12-22 00:40:03.297 153338 DEBUG oslo_service.service [req-1a843a2f-f3d8-4ec8-aab8-d0a351ab0ded - - - - -] cinder.http_retries = 3 log_opt_values /usr/lib/python3/dist-packages/oslo_config/cfg.py:2609
2025-12-22 00:40:03.297 153338 DEBUG oslo_service.service [req-1a843a2f-f3d8-4ec8-aab8-d0a351ab0ded - - - - -] cinder.insecure = False log_opt_values /usr/lib/python3/dist-packages/oslo_config/cfg.py:2609
2025-12-22 00:40:03.297 153338 DEBUG oslo_service.service [req-1a843a2f-f3d8-4ec8-aab8-d0a351ab0ded - - - - -] cinder.keyfile = None log_opt_values /usr/lib/python3/dist-packages/oslo_config/cfg.py:2609
2025-12-22 00:40:03.298 153338 DEBUG oslo_service.service [req-1a843a2f-f3d8-4ec8-aab8-d0a351ab0ded - - - - -] cinder.os_region_name = None log_opt_values /usr/lib/python3/dist-packages/oslo_config/cfg.py:2609
2025-12-22 00:40:03.299 153338 DEBUG oslo_service.service [req-1a843a2f-f3d8-4ec8-aab8-d0a351ab0ded - - - - -] cinder.split_loggers = False log_opt_values /usr/lib/python3/dist-packages/oslo_config/cfg.py:2609
2025-12-22 00:40:03.299 153338 DEBUG oslo_service.service [req-1a843a2f-f3d8-4ec8-aab8-d0a351ab0ded - - - - -] cinder.timeout = None log_opt_values /usr/lib/python3/dist-packages/oslo_config/cfg.py:2609
2025-12-22 00:40:03.299 153338 DEBUG oslo_service.service [req-1a843a2f-f3d8-4ec8-aab8-d0a351ab0ded - - - - -] compute.consecutive_build_service_disable_threshold = 10 log_opt_values /usr/lib/python3/dist-packages/oslo_config/cfg.py:2609
2025-12-22 00:40:03.300 153338 DEBUG oslo_service.service [req-1a843a2f-f3d8-4ec8-aab8-d0a351ab0ded - - - - -] compute.cpu_dedicated_set = None log_opt_values /usr/lib/python3/dist-packages/oslo_config/cfg.py:2609
2025-12-22 00:40:03.300 153338 DEBUG oslo_service.service [req-1a843a2f-f3d8-4ec8-aab8-d0a351ab0ded - - - - -] compute.cpu_shared_set = None log_opt_values /usr/lib/python3/dist-packages/oslo_config/cfg.py:2609
2025-12-22 00:40:03.299 153738 DEBUG nova.service [req-c188e336-763c-408a-aa9b-bd6e6d4d9143 - - - - -] Creating RPC server for service scheduler start /usr/lib/python3/dist-packages/nova/service.py:182
2025-12-22 00:40:03.300 153338 DEBUG oslo_service.service [req-1a843a2f-f3d8-4ec8-aab8-d0a351ab0ded - - - - -] compute.image_type_exclude_list = [] log_opt_values /usr/lib/python3/dist-packages/oslo_config/cfg.py:2609
2025-12-22 00:40:03.301 153338 DEBUG oslo_service.service [req-1a843a2f-f3d8-4ec8-aab8-d0a351ab0ded - - - - -] compute.live_migration_wait_for_vif_plug = True log_opt_values /usr/lib/python3/dist-packages/oslo_config/cfg.py:2609
2025-12-22 00:40:03.301 153338 DEBUG oslo_service.service [req-1a843a2f-f3d8-4ec8-aab8-d0a351ab0ded - - - - -] compute.max_concurrent_disk_ops = 0 log_opt_values /usr/lib/python3/dist-packages/oslo_config/cfg.py:2609
2025-12-22 00:40:03.301 153338 DEBUG oslo_service.service [req-1a843a2f-f3d8-4ec8-aab8-d0a351ab0ded - - - - -] compute.max_disk_devices_to_attach = -1 log_opt_values /usr/lib/python3/dist-packages/oslo_config/cfg.py:2609
2025-12-22 00:40:03.302 153338 DEBUG oslo_service.service [req-1a843a2f-f3d8-4ec8-aab8-d0a351ab0ded - - - - -] compute.packing_host_numa_cells_allocation_strategy = True log_opt_values /usr/lib/python3/dist-packages/oslo_config/cfg.py:2609
2025-12-22 00:40:03.302 153338 DEBUG oslo_service.service [req-1a843a2f-f3d8-4ec8-aab8-d0a351ab0ded - - - - -] compute.provider_config_location = /etc/nova/provider_config/ log_opt_values /usr/lib/python3/dist-packages/oslo_config/cfg.py:2609
2025-12-22 00:40:03.302 153338 DEBUG oslo_service.service [req-1a843a2f-f3d8-4ec8-aab8-d0a351ab0ded - - - - -] compute.resource_provider_association_refresh = 300 log_opt_values /usr/lib/python3/dist-packages/oslo_config/cfg.py:2609
2025-12-22 00:40:03.302 153338 DEBUG oslo_service.service [req-1a843a2f-f3d8-4ec8-aab8-d0a351ab0ded - - - - -] compute.shutdown_retry_interval = 10 log_opt_values /usr/lib/python3/dist-packages/oslo_config/cfg.py:2609
2025-12-22 00:40:03.302 153338 DEBUG oslo_service.service [req-1a843a2f-f3d8-4ec8-aab8-d0a351ab0ded - - - - -] compute.vmdk_allowed_types = ['streamOptimized', 'monolithicSparse'] log_opt_values /usr/lib/python3/dist-packages/oslo_config/cfg.py:2609
2025-12-22 00:40:03.303 153338 DEBUG oslo_service.service [req-1a843a2f-f3d8-4ec8-aab8-d0a351ab0ded - - - - -] conductor.workers = 4 log_opt_values /usr/lib/python3/dist-packages/oslo_config/cfg.py:2609
2025-12-22 00:40:03.303 153338 DEBUG oslo_service.service [req-1a843a2f-f3d8-4ec8-aab8-d0a351ab0ded - - - - -] console.allowed_origins = [] log_opt_values /usr/lib/python3/dist-packages/oslo_config/cfg.py:2609
2025-12-22 00:40:03.303 153338 DEBUG oslo_service.service [req-1a843a2f-f3d8-4ec8-aab8-d0a351ab0ded - - - - -] console.ssl_ciphers = None log_opt_values /usr/lib/python3/dist-packages/oslo_config/cfg.py:2609
2025-12-22 00:40:03.303 153338 DEBUG oslo_service.service [req-1a843a2f-f3d8-4ec8-aab8-d0a351ab0ded - - - - -] console.ssl_minimum_version = default log_opt_values /usr/lib/python3/dist-packages/oslo_config/cfg.py:2609
2025-12-22 00:40:03.303 153338 DEBUG oslo_service.service [req-1a843a2f-f3d8-4ec8-aab8-d0a351ab0ded - - - - -] consoleauth.token_ttl = 600 log_opt_values /usr/lib/python3/dist-packages/oslo_config/cfg.py:2609
2025-12-22 00:40:03.304 153338 DEBUG oslo_service.service [req-1a843a2f-f3d8-4ec8-aab8-d0a351ab0ded - - - - -] cyborg.cafile = None log_opt_values /usr/lib/python3/dist-packages/oslo_config/cfg.py:2609
2025-12-22 00:40:03.304 153338 DEBUG oslo_service.service [req-1a843a2f-f3d8-4ec8-aab8-d0a351ab0ded - - - - -] cyborg.certfile = None log_opt_values /usr/lib/python3/dist-packages/oslo_config/cfg.py:2609
2025-12-22 00:40:03.304 153338 DEBUG oslo_service.service [req-1a843a2f-f3d8-4ec8-aab8-d0a351ab0ded - - - - -] cyborg.collect_timing = False log_opt_values /usr/lib/python3/dist-packages/oslo_config/cfg.py:2609
2025-12-22 00:40:03.304 153338 DEBUG oslo_service.service [req-1a843a2f-f3d8-4ec8-aab8-d0a351ab0ded - - - - -] cyborg.connect_retries = None log_opt_values /usr/lib/python3/dist-packages/oslo_config/cfg.py:2609
2025-12-22 00:40:03.304 153338 DEBUG oslo_service.service [req-1a843a2f-f3d8-4ec8-aab8-d0a351ab0ded - - - - -] cyborg.connect_retry_delay = None log_opt_values /usr/lib/python3/dist-packages/oslo_config/cfg.py:2609
2025-12-22 00:40:03.305 153338 DEBUG oslo_service.service [req-1a843a2f-f3d8-4ec8-aab8-d0a351ab0ded - - - - -] cyborg.endpoint_override = None log_opt_values /usr/lib/python3/dist-packages/oslo_config/cfg.py:2609
2025-12-22 00:40:03.305 153338 DEBUG oslo_service.service [req-1a843a2f-f3d8-4ec8-aab8-d0a351ab0ded - - - - -] cyborg.insecure = False log_opt_values /usr/lib/python3/dist-packages/oslo_config/cfg.py:2609
2025-12-22 00:40:03.305 153338 DEBUG oslo_service.service [req-1a843a2f-f3d8-4ec8-aab8-d0a351ab0ded - - - - -] cyborg.keyfile = None log_opt_values /usr/lib/python3/dist-packages/oslo_config/cfg.py:2609
2025-12-22 00:40:03.305 153338 DEBUG oslo_service.service [req-1a843a2f-f3d8-4ec8-aab8-d0a351ab0ded - - - - -] cyborg.max_version = None log_opt_values /usr/lib/python3/dist-packages/oslo_config/cfg.py:2609
2025-12-22 00:40:03.306 153338 DEBUG oslo_service.service [req-1a843a2f-f3d8-4ec8-aab8-d0a351ab0ded - - - - -] cyborg.min_version = None log_opt_values /usr/lib/python3/dist-packages/oslo_config/cfg.py:2609
2025-12-22 00:40:03.306 153338 DEBUG oslo_service.service [req-1a843a2f-f3d8-4ec8-aab8-d0a351ab0ded - - - - -] cyborg.region_name = None log_opt_values /usr/lib/python3/dist-packages/oslo_config/cfg.py:2609
2025-12-22 00:40:03.306 153338 DEBUG oslo_service.service [req-1a843a2f-f3d8-4ec8-aab8-d0a351ab0ded - - - - -] cyborg.service_name = None log_opt_values /usr/lib/python3/dist-packages/oslo_config/cfg.py:2609
2025-12-22 00:40:03.306 153338 DEBUG oslo_service.service [req-1a843a2f-f3d8-4ec8-aab8-d0a351ab0ded - - - - -] cyborg.service_type = accelerator log_opt_values /usr/lib/python3/dist-packages/oslo_config/cfg.py:2609
2025-12-22 00:40:03.306 153338 DEBUG oslo_service.service [req-1a843a2f-f3d8-4ec8-aab8-d0a351ab0ded - - - - -] cyborg.split_loggers = False log_opt_values /usr/lib/python3/dist-packages/oslo_config/cfg.py:2609
2025-12-22 00:40:03.306 153338 DEBUG oslo_service.service [req-1a843a2f-f3d8-4ec8-aab8-d0a351ab0ded - - - - -] cyborg.status_code_retries = None log_opt_values /usr/lib/python3/dist-packages/oslo_config/cfg.py:2609
2025-12-22 00:40:03.307 153338 DEBUG oslo_service.service [req-1a843a2f-f3d8-4ec8-aab8-d0a351ab0ded - - - - -] cyborg.status_code_retry_delay = None log_opt_values /usr/lib/python3/dist-packages/oslo_config/cfg.py:2609
2025-12-22 00:40:03.307 153338 DEBUG oslo_service.service [req-1a843a2f-f3d8-4ec8-aab8-d0a351ab0ded - - - - -] cyborg.timeout = None log_opt_values /usr/lib/python3/dist-packages/oslo_config/cfg.py:2609
2025-12-22 00:40:03.307 153338 DEBUG oslo_service.service [req-1a843a2f-f3d8-4ec8-aab8-d0a351ab0ded - - - - -] cyborg.valid_interfaces = ['internal', 'public'] log_opt_values /usr/lib/python3/dist-packages/oslo_config/cfg.py:2609
2025-12-22 00:40:03.307 153338 DEBUG oslo_service.service [req-1a843a2f-f3d8-4ec8-aab8-d0a351ab0ded - - - - -] cyborg.version = None log_opt_values /usr/lib/python3/dist-packages/oslo_config/cfg.py:2609
2025-12-22 00:40:03.307 153338 DEBUG oslo_service.service [req-1a843a2f-f3d8-4ec8-aab8-d0a351ab0ded - - - - -] database.backend = sqlalchemy log_opt_values /usr/lib/python3/dist-packages/oslo_config/cfg.py:2609
2025-12-22 00:40:03.308 153338 DEBUG oslo_service.service [req-1a843a2f-f3d8-4ec8-aab8-d0a351ab0ded - - - - -] database.connection = **** log_opt_values /usr/lib/python3/dist-packages/oslo_config/cfg.py:2609
2025-12-22 00:40:03.308 153338 DEBUG oslo_service.service [req-1a843a2f-f3d8-4ec8-aab8-d0a351ab0ded - - - - -] database.connection_debug = 0 log_opt_values /usr/lib/python3/dist-packages/oslo_config/cfg.py:2609
2025-12-22 00:40:03.308 153338 DEBUG oslo_service.service [req-1a843a2f-f3d8-4ec8-aab8-d0a351ab0ded - - - - -] database.connection_parameters = log_opt_values /usr/lib/python3/dist-packages/oslo_config/cfg.py:2609
2025-12-22 00:40:03.308 153338 DEBUG oslo_service.service [req-1a843a2f-f3d8-4ec8-aab8-d0a351ab0ded - - - - -] database.connection_recycle_time = 3600 log_opt_values /usr/lib/python3/dist-packages/oslo_config/cfg.py:2609
2025-12-22 00:40:03.308 153338 DEBUG oslo_service.service [req-1a843a2f-f3d8-4ec8-aab8-d0a351ab0ded - - - - -] database.connection_trace = False log_opt_values /usr/lib/python3/dist-packages/oslo_config/cfg.py:2609
2025-12-22 00:40:03.308 153338 DEBUG oslo_service.service [req-1a843a2f-f3d8-4ec8-aab8-d0a351ab0ded - - - - -] database.db_inc_retry_interval = True log_opt_values /usr/lib/python3/dist-packages/oslo_config/cfg.py:2609
2025-12-22 00:40:03.308 153338 DEBUG oslo_service.service [req-1a843a2f-f3d8-4ec8-aab8-d0a351ab0ded - - - - -] database.db_max_retries = 20 log_opt_values /usr/lib/python3/dist-packages/oslo_config/cfg.py:2609
2025-12-22 00:40:03.309 153338 DEBUG oslo_service.service [req-1a843a2f-f3d8-4ec8-aab8-d0a351ab0ded - - - - -] database.db_max_retry_interval = 10 log_opt_values /usr/lib/python3/dist-packages/oslo_config/cfg.py:2609
2025-12-22 00:40:03.309 153338 DEBUG oslo_service.service [req-1a843a2f-f3d8-4ec8-aab8-d0a351ab0ded - - - - -] database.db_retry_interval = 1 log_opt_values /usr/lib/python3/dist-packages/oslo_config/cfg.py:2609
2025-12-22 00:40:03.309 153338 DEBUG oslo_service.service [req-1a843a2f-f3d8-4ec8-aab8-d0a351ab0ded - - - - -] database.max_overflow = 50 log_opt_values /usr/lib/python3/dist-packages/oslo_config/cfg.py:2609
2025-12-22 00:40:03.309 153338 DEBUG oslo_service.service [req-1a843a2f-f3d8-4ec8-aab8-d0a351ab0ded - - - - -] database.max_pool_size = 4 log_opt_values /usr/lib/python3/dist-packages/oslo_config/cfg.py:2609
2025-12-22 00:40:03.310 153338 DEBUG oslo_service.service [req-1a843a2f-f3d8-4ec8-aab8-d0a351ab0ded - - - - -] database.max_retries = 10 log_opt_values /usr/lib/python3/dist-packages/oslo_config/cfg.py:2609
2025-12-22 00:40:03.310 153338 DEBUG oslo_service.service [req-1a843a2f-f3d8-4ec8-aab8-d0a351ab0ded - - - - -] database.mysql_enable_ndb = False log_opt_values /usr/lib/python3/dist-packages/oslo_config/cfg.py:2609
2025-12-22 00:40:03.310 153338 DEBUG oslo_service.service [req-1a843a2f-f3d8-4ec8-aab8-d0a351ab0ded - - - - -] database.mysql_sql_mode = TRADITIONAL log_opt_values /usr/lib/python3/dist-packages/oslo_config/cfg.py:2609
2025-12-22 00:40:03.310 153338 DEBUG oslo_service.service [req-1a843a2f-f3d8-4ec8-aab8-d0a351ab0ded - - - - -] database.pool_timeout = None log_opt_values /usr/lib/python3/dist-packages/oslo_config/cfg.py:2609
2025-12-22 00:40:03.311 153338 DEBUG oslo_service.service [req-1a843a2f-f3d8-4ec8-aab8-d0a351ab0ded - - - - -] database.retry_interval = 10 log_opt_values /usr/lib/python3/dist-packages/oslo_config/cfg.py:2609
2025-12-22 00:40:03.311 153338 DEBUG oslo_service.service [req-1a843a2f-f3d8-4ec8-aab8-d0a351ab0ded - - - - -] database.slave_connection = **** log_opt_values /usr/lib/python3/dist-packages/oslo_config/cfg.py:2609
2025-12-22 00:40:03.311 153338 DEBUG oslo_service.service [req-1a843a2f-f3d8-4ec8-aab8-d0a351ab0ded - - - - -] database.sqlite_synchronous = True log_opt_values /usr/lib/python3/dist-packages/oslo_config/cfg.py:2609
2025-12-22 00:40:03.311 153338 DEBUG oslo_service.service [req-1a843a2f-f3d8-4ec8-aab8-d0a351ab0ded - - - - -] database.use_db_reconnect = False log_opt_values /usr/lib/python3/dist-packages/oslo_config/cfg.py:2609
2025-12-22 00:40:03.311 153338 DEBUG oslo_service.service [req-1a843a2f-f3d8-4ec8-aab8-d0a351ab0ded - - - - -] api_database.backend = sqlalchemy log_opt_values /usr/lib/python3/dist-packages/oslo_config/cfg.py:2609
2025-12-22 00:40:03.312 153338 DEBUG oslo_service.service [req-1a843a2f-f3d8-4ec8-aab8-d0a351ab0ded - - - - -] api_database.connection = **** log_opt_values /usr/lib/python3/dist-packages/oslo_config/cfg.py:2609
2025-12-22 00:40:03.312 153338 DEBUG oslo_service.service [req-1a843a2f-f3d8-4ec8-aab8-d0a351ab0ded - - - - -] api_database.connection_debug = 0 log_opt_values /usr/lib/python3/dist-packages/oslo_config/cfg.py:2609
2025-12-22 00:40:03.312 153338 DEBUG oslo_service.service [req-1a843a2f-f3d8-4ec8-aab8-d0a351ab0ded - - - - -] api_database.connection_parameters = log_opt_values /usr/lib/python3/dist-packages/oslo_config/cfg.py:2609
2025-12-22 00:40:03.312 153338 DEBUG oslo_service.service [req-1a843a2f-f3d8-4ec8-aab8-d0a351ab0ded - - - - -] api_database.connection_recycle_time = 3600 log_opt_values /usr/lib/python3/dist-packages/oslo_config/cfg.py:2609
2025-12-22 00:40:03.312 153338 DEBUG oslo_service.service [req-1a843a2f-f3d8-4ec8-aab8-d0a351ab0ded - - - - -] api_database.connection_trace = False log_opt_values /usr/lib/python3/dist-packages/oslo_config/cfg.py:2609
2025-12-22 00:40:03.312 153338 DEBUG oslo_service.service [req-1a843a2f-f3d8-4ec8-aab8-d0a351ab0ded - - - - -] api_database.db_inc_retry_interval = True log_opt_values /usr/lib/python3/dist-packages/oslo_config/cfg.py:2609
2025-12-22 00:40:03.313 153338 DEBUG oslo_service.service [req-1a843a2f-f3d8-4ec8-aab8-d0a351ab0ded - - - - -] api_database.db_max_retries = 20 log_opt_values /usr/lib/python3/dist-packages/oslo_config/cfg.py:2609
2025-12-22 00:40:03.313 153338 DEBUG oslo_service.service [req-1a843a2f-f3d8-4ec8-aab8-d0a351ab0ded - - - - -] api_database.db_max_retry_interval = 10 log_opt_values /usr/lib/python3/dist-packages/oslo_config/cfg.py:2609
2025-12-22 00:40:03.313 153338 DEBUG oslo_service.service [req-1a843a2f-f3d8-4ec8-aab8-d0a351ab0ded - - - - -] api_database.db_retry_interval = 1 log_opt_values /usr/lib/python3/dist-packages/oslo_config/cfg.py:2609
2025-12-22 00:40:03.313 153338 DEBUG oslo_service.service [req-1a843a2f-f3d8-4ec8-aab8-d0a351ab0ded - - - - -] api_database.max_overflow = 50 log_opt_values /usr/lib/python3/dist-packages/oslo_config/cfg.py:2609
2025-12-22 00:40:03.313 153338 DEBUG oslo_service.service [req-1a843a2f-f3d8-4ec8-aab8-d0a351ab0ded - - - - -] api_database.max_pool_size = 4 log_opt_values /usr/lib/python3/dist-packages/oslo_config/cfg.py:2609
2025-12-22 00:40:03.314 153338 DEBUG oslo_service.service [req-1a843a2f-f3d8-4ec8-aab8-d0a351ab0ded - - - - -] api_database.max_retries = 10 log_opt_values /usr/lib/python3/dist-packages/oslo_config/cfg.py:2609
2025-12-22 00:40:03.314 153338 DEBUG oslo_service.service [req-1a843a2f-f3d8-4ec8-aab8-d0a351ab0ded - - - - -] api_database.mysql_enable_ndb = False log_opt_values /usr/lib/python3/dist-packages/oslo_config/cfg.py:2609
2025-12-22 00:40:03.314 153338 DEBUG oslo_service.service [req-1a843a2f-f3d8-4ec8-aab8-d0a351ab0ded - - - - -] api_database.mysql_sql_mode = TRADITIONAL log_opt_values /usr/lib/python3/dist-packages/oslo_config/cfg.py:2609
2025-12-22 00:40:03.314 153338 DEBUG oslo_service.service [req-1a843a2f-f3d8-4ec8-aab8-d0a351ab0ded - - - - -] api_database.pool_timeout = None log_opt_values /usr/lib/python3/dist-packages/oslo_config/cfg.py:2609
2025-12-22 00:40:03.314 153338 DEBUG oslo_service.service [req-1a843a2f-f3d8-4ec8-aab8-d0a351ab0ded - - - - -] api_database.retry_interval = 10 log_opt_values /usr/lib/python3/dist-packages/oslo_config/cfg.py:2609
2025-12-22 00:40:03.315 153338 DEBUG oslo_service.service [req-1a843a2f-f3d8-4ec8-aab8-d0a351ab0ded - - - - -] api_database.slave_connection = **** log_opt_values /usr/lib/python3/dist-packages/oslo_config/cfg.py:2609
2025-12-22 00:40:03.315 153338 DEBUG oslo_service.service [req-1a843a2f-f3d8-4ec8-aab8-d0a351ab0ded - - - - -] api_database.sqlite_synchronous = True log_opt_values /usr/lib/python3/dist-packages/oslo_config/cfg.py:2609
2025-12-22 00:40:03.315 153338 DEBUG oslo_service.service [req-1a843a2f-f3d8-4ec8-aab8-d0a351ab0ded - - - - -] devices.enabled_mdev_types = [] log_opt_values /usr/lib/python3/dist-packages/oslo_config/cfg.py:2609
2025-12-22 00:40:03.316 153338 DEBUG oslo_service.service [req-1a843a2f-f3d8-4ec8-aab8-d0a351ab0ded - - - - -] ephemeral_storage_encryption.cipher = aes-xts-plain64 log_opt_values /usr/lib/python3/dist-packages/oslo_config/cfg.py:2609
2025-12-22 00:40:03.316 153338 DEBUG oslo_service.service [req-1a843a2f-f3d8-4ec8-aab8-d0a351ab0ded - - - - -] ephemeral_storage_encryption.enabled = False log_opt_values /usr/lib/python3/dist-packages/oslo_config/cfg.py:2609
2025-12-22 00:40:03.316 153338 DEBUG oslo_service.service [req-1a843a2f-f3d8-4ec8-aab8-d0a351ab0ded - - - - -] ephemeral_storage_encryption.key_size = 512 log_opt_values /usr/lib/python3/dist-packages/oslo_config/cfg.py:2609
2025-12-22 00:40:03.317 153338 WARNING oslo_config.cfg [req-1a843a2f-f3d8-4ec8-aab8-d0a351ab0ded - - - - -] Deprecated: Option "api_servers" from group "glance" is deprecated for removal ( Support for image service configuration via standard keystoneauth1 Adapter options was added in the 17.0.0 Queens release. The api_servers option was retained temporarily to allow consumers time to cut over to a real load balancing solution. ). Its value may be silently ignored in the future.
2025-12-22 00:40:03.317 153338 DEBUG oslo_service.service [req-1a843a2f-f3d8-4ec8-aab8-d0a351ab0ded - - - - -] glance.api_servers = ['http://252.141.220.147:9292'] log_opt_values /usr/lib/python3/dist-packages/oslo_config/cfg.py:2609
2025-12-22 00:40:03.317 153338 DEBUG oslo_service.service [req-1a843a2f-f3d8-4ec8-aab8-d0a351ab0ded - - - - -] glance.cafile = None log_opt_values /usr/lib/python3/dist-packages/oslo_config/cfg.py:2609
2025-12-22 00:40:03.317 153338 DEBUG oslo_service.service [req-1a843a2f-f3d8-4ec8-aab8-d0a351ab0ded - - - - -] glance.certfile = None log_opt_values /usr/lib/python3/dist-packages/oslo_config/cfg.py:2609
2025-12-22 00:40:03.318 153338 DEBUG oslo_service.service [req-1a843a2f-f3d8-4ec8-aab8-d0a351ab0ded - - - - -] glance.collect_timing = False log_opt_values /usr/lib/python3/dist-packages/oslo_config/cfg.py:2609
2025-12-22 00:40:03.318 153338 DEBUG oslo_service.service [req-1a843a2f-f3d8-4ec8-aab8-d0a351ab0ded - - - - -] glance.connect_retries = None log_opt_values /usr/lib/python3/dist-packages/oslo_config/cfg.py:2609
2025-12-22 00:40:03.318 153338 DEBUG oslo_service.service [req-1a843a2f-f3d8-4ec8-aab8-d0a351ab0ded - - - - -] glance.connect_retry_delay = None log_opt_values /usr/lib/python3/dist-packages/oslo_config/cfg.py:2609
2025-12-22 00:40:03.319 153338 DEBUG oslo_service.service [req-1a843a2f-f3d8-4ec8-aab8-d0a351ab0ded - - - - -] glance.debug = False log_opt_values /usr/lib/python3/dist-packages/oslo_config/cfg.py:2609
2025-12-22 00:40:03.319 153338 DEBUG oslo_service.service [req-1a843a2f-f3d8-4ec8-aab8-d0a351ab0ded - - - - -] glance.default_trusted_certificate_ids = [] log_opt_values /usr/lib/python3/dist-packages/oslo_config/cfg.py:2609
2025-12-22 00:40:03.319 153338 DEBUG oslo_service.service [req-1a843a2f-f3d8-4ec8-aab8-d0a351ab0ded - - - - -] glance.enable_certificate_validation = False log_opt_values /usr/lib/python3/dist-packages/oslo_config/cfg.py:2609
2025-12-22 00:40:03.319 153338 DEBUG oslo_service.service [req-1a843a2f-f3d8-4ec8-aab8-d0a351ab0ded - - - - -] glance.enable_rbd_download = False log_opt_values /usr/lib/python3/dist-packages/oslo_config/cfg.py:2609
2025-12-22 00:40:03.319 153736 DEBUG oslo_messaging._drivers.amqpdriver [-] Listener is running poll /usr/lib/python3/dist-packages/oslo_messaging/_drivers/amqpdriver.py:343
2025-12-22 00:40:03.320 153338 DEBUG oslo_service.service [req-1a843a2f-f3d8-4ec8-aab8-d0a351ab0ded - - - - -] glance.endpoint_override = None log_opt_values /usr/lib/python3/dist-packages/oslo_config/cfg.py:2609
2025-12-22 00:40:03.320 153338 DEBUG oslo_service.service [req-1a843a2f-f3d8-4ec8-aab8-d0a351ab0ded - - - - -] glance.insecure = False log_opt_values /usr/lib/python3/dist-packages/oslo_config/cfg.py:2609
2025-12-22 00:40:03.320 153736 DEBUG oslo_messaging._drivers.amqpdriver [-] AMQPListener connection consume poll /usr/lib/python3/dist-packages/oslo_messaging/_drivers/amqpdriver.py:357
2025-12-22 00:40:03.320 153338 DEBUG oslo_service.service [req-1a843a2f-f3d8-4ec8-aab8-d0a351ab0ded - - - - -] glance.keyfile = None log_opt_values /usr/lib/python3/dist-packages/oslo_config/cfg.py:2609
2025-12-22 00:40:03.320 153338 DEBUG oslo_service.service [req-1a843a2f-f3d8-4ec8-aab8-d0a351ab0ded - - - - -] glance.max_version = None log_opt_values /usr/lib/python3/dist-packages/oslo_config/cfg.py:2609
2025-12-22 00:40:03.321 153338 DEBUG oslo_service.service [req-1a843a2f-f3d8-4ec8-aab8-d0a351ab0ded - - - - -] glance.min_version = None log_opt_values /usr/lib/python3/dist-packages/oslo_config/cfg.py:2609
2025-12-22 00:40:03.321 153338 DEBUG oslo_service.service [req-1a843a2f-f3d8-4ec8-aab8-d0a351ab0ded - - - - -] glance.num_retries = 3 log_opt_values /usr/lib/python3/dist-packages/oslo_config/cfg.py:2609
2025-12-22 00:40:03.321 153338 DEBUG oslo_service.service [req-1a843a2f-f3d8-4ec8-aab8-d0a351ab0ded - - - - -] glance.rbd_ceph_conf = log_opt_values /usr/lib/python3/dist-packages/oslo_config/cfg.py:2609
2025-12-22 00:40:03.321 153338 DEBUG oslo_service.service [req-1a843a2f-f3d8-4ec8-aab8-d0a351ab0ded - - - - -] glance.rbd_connect_timeout = 5 log_opt_values /usr/lib/python3/dist-packages/oslo_config/cfg.py:2609
2025-12-22 00:40:03.321 153740 DEBUG oslo_messaging._drivers.amqpdriver [-] Listener is running poll /usr/lib/python3/dist-packages/oslo_messaging/_drivers/amqpdriver.py:343
2025-12-22 00:40:03.321 153736 DEBUG nova.service [req-bcbdc448-72cf-4d27-bcb0-c4bdf3a1ed1a - - - - -] Join ServiceGroup membership for this service scheduler start /usr/lib/python3/dist-packages/nova/service.py:199
2025-12-22 00:40:03.321 153338 DEBUG oslo_service.service [req-1a843a2f-f3d8-4ec8-aab8-d0a351ab0ded - - - - -] glance.rbd_pool = log_opt_values /usr/lib/python3/dist-packages/oslo_config/cfg.py:2609
2025-12-22 00:40:03.321 153740 DEBUG oslo_messaging._drivers.amqpdriver [-] AMQPListener connection consume poll /usr/lib/python3/dist-packages/oslo_messaging/_drivers/amqpdriver.py:357
2025-12-22 00:40:03.321 153338 DEBUG oslo_service.service [req-1a843a2f-f3d8-4ec8-aab8-d0a351ab0ded - - - - -] glance.rbd_user = log_opt_values /usr/lib/python3/dist-packages/oslo_config/cfg.py:2609
2025-12-22 00:40:03.322 153338 DEBUG oslo_service.service [req-1a843a2f-f3d8-4ec8-aab8-d0a351ab0ded - - - - -] glance.region_name = None log_opt_values /usr/lib/python3/dist-packages/oslo_config/cfg.py:2609
2025-12-22 00:40:03.322 153338 DEBUG oslo_service.service [req-1a843a2f-f3d8-4ec8-aab8-d0a351ab0ded - - - - -] glance.service_name = None log_opt_values /usr/lib/python3/dist-packages/oslo_config/cfg.py:2609
2025-12-22 00:40:03.321 153736 DEBUG nova.servicegroup.drivers.db [req-bcbdc448-72cf-4d27-bcb0-c4bdf3a1ed1a - - - - -] DB_Driver: join new ServiceGroup member juju-225e44-0-lxd-7 to the scheduler group, service = join /usr/lib/python3/dist-packages/nova/servicegroup/drivers/db.py:44
2025-12-22 00:40:03.322 153338 DEBUG oslo_service.service [req-1a843a2f-f3d8-4ec8-aab8-d0a351ab0ded - - - - -] glance.service_type = image log_opt_values /usr/lib/python3/dist-packages/oslo_config/cfg.py:2609
2025-12-22 00:40:03.322 153338 DEBUG oslo_service.service [req-1a843a2f-f3d8-4ec8-aab8-d0a351ab0ded - - - - -] glance.split_loggers = False log_opt_values /usr/lib/python3/dist-packages/oslo_config/cfg.py:2609
2025-12-22 00:40:03.323 153338 DEBUG oslo_service.service [req-1a843a2f-f3d8-4ec8-aab8-d0a351ab0ded - - - - -] glance.status_code_retries = None log_opt_values /usr/lib/python3/dist-packages/oslo_config/cfg.py:2609
2025-12-22 00:40:03.323 153338 DEBUG oslo_service.service [req-1a843a2f-f3d8-4ec8-aab8-d0a351ab0ded - - - - -] glance.status_code_retry_delay = None log_opt_values /usr/lib/python3/dist-packages/oslo_config/cfg.py:2609
2025-12-22 00:40:03.323 153338 DEBUG oslo_service.service [req-1a843a2f-f3d8-4ec8-aab8-d0a351ab0ded - - - - -] glance.timeout = None log_opt_values /usr/lib/python3/dist-packages/oslo_config/cfg.py:2609
2025-12-22 00:40:03.323 153338 DEBUG oslo_service.service [req-1a843a2f-f3d8-4ec8-aab8-d0a351ab0ded - - - - -] glance.valid_interfaces = ['internal', 'public'] log_opt_values /usr/lib/python3/dist-packages/oslo_config/cfg.py:2609
2025-12-22 00:40:03.323 153338 DEBUG oslo_service.service [req-1a843a2f-f3d8-4ec8-aab8-d0a351ab0ded - - - - -] glance.verify_glance_signatures = False log_opt_values /usr/lib/python3/dist-packages/oslo_config/cfg.py:2609
2025-12-22 00:40:03.323 153338 DEBUG oslo_service.service [req-1a843a2f-f3d8-4ec8-aab8-d0a351ab0ded - - - - -] glance.version = None log_opt_values /usr/lib/python3/dist-packages/oslo_config/cfg.py:2609
2025-12-22 00:40:03.324 153338 DEBUG oslo_service.service [req-1a843a2f-f3d8-4ec8-aab8-d0a351ab0ded - - - - -] guestfs.debug = False log_opt_values /usr/lib/python3/dist-packages/oslo_config/cfg.py:2609
2025-12-22 00:40:03.324 153338 DEBUG oslo_service.service [req-1a843a2f-f3d8-4ec8-aab8-d0a351ab0ded - - - - -] hyperv.config_drive_cdrom = False log_opt_values /usr/lib/python3/dist-packages/oslo_config/cfg.py:2609
2025-12-22 00:40:03.324 153338 DEBUG oslo_service.service [req-1a843a2f-f3d8-4ec8-aab8-d0a351ab0ded - - - - -] hyperv.config_drive_inject_password = False log_opt_values /usr/lib/python3/dist-packages/oslo_config/cfg.py:2609
2025-12-22 00:40:03.324 153338 DEBUG oslo_service.service [req-1a843a2f-f3d8-4ec8-aab8-d0a351ab0ded - - - - -] hyperv.dynamic_memory_ratio = 1.0 log_opt_values /usr/lib/python3/dist-packages/oslo_config/cfg.py:2609
2025-12-22 00:40:03.324 153338 DEBUG oslo_service.service [req-1a843a2f-f3d8-4ec8-aab8-d0a351ab0ded - - - - -] hyperv.enable_instance_metrics_collection = False log_opt_values /usr/lib/python3/dist-packages/oslo_config/cfg.py:2609
2025-12-22 00:40:03.325 153338 DEBUG oslo_service.service [req-1a843a2f-f3d8-4ec8-aab8-d0a351ab0ded - - - - -] hyperv.enable_remotefx = False log_opt_values /usr/lib/python3/dist-packages/oslo_config/cfg.py:2609
2025-12-22 00:40:03.325 153338 DEBUG oslo_service.service [req-1a843a2f-f3d8-4ec8-aab8-d0a351ab0ded - - - - -] hyperv.instances_path_share = log_opt_values /usr/lib/python3/dist-packages/oslo_config/cfg.py:2609
2025-12-22 00:40:03.325 153338 DEBUG oslo_service.service [req-1a843a2f-f3d8-4ec8-aab8-d0a351ab0ded - - - - -] hyperv.iscsi_initiator_list = [] log_opt_values /usr/lib/python3/dist-packages/oslo_config/cfg.py:2609
2025-12-22 00:40:03.325 153740 DEBUG nova.service [req-783bf885-bbee-4def-a65a-8d6f1d38f207 - - - - -] Join ServiceGroup membership for this service scheduler start /usr/lib/python3/dist-packages/nova/service.py:199
2025-12-22 00:40:03.325 153338 DEBUG oslo_service.service [req-1a843a2f-f3d8-4ec8-aab8-d0a351ab0ded - - - - -] hyperv.limit_cpu_features = False log_opt_values /usr/lib/python3/dist-packages/oslo_config/cfg.py:2609
2025-12-22 00:40:03.325 153741 DEBUG oslo_messaging._drivers.amqpdriver [-] Listener is running poll /usr/lib/python3/dist-packages/oslo_messaging/_drivers/amqpdriver.py:343
2025-12-22 00:40:03.326 153736 DEBUG oslo_messaging._drivers.amqpdriver [-] AMQPListener connection timeout poll /usr/lib/python3/dist-packages/oslo_messaging/_drivers/amqpdriver.py:360
2025-12-22 00:40:03.326 153338 DEBUG oslo_service.service [req-1a843a2f-f3d8-4ec8-aab8-d0a351ab0ded - - - - -] hyperv.mounted_disk_query_retry_count = 10 log_opt_values /usr/lib/python3/dist-packages/oslo_config/cfg.py:2609
2025-12-22 00:40:03.326 153741 DEBUG oslo_messaging._drivers.amqpdriver [-] AMQPListener connection consume poll /usr/lib/python3/dist-packages/oslo_messaging/_drivers/amqpdriver.py:357
2025-12-22 00:40:03.326 153736 DEBUG oslo_messaging._drivers.amqpdriver [-] Listener is running poll /usr/lib/python3/dist-packages/oslo_messaging/_drivers/amqpdriver.py:343
2025-12-22 00:40:03.326 153736 DEBUG oslo_messaging._drivers.amqpdriver [-] AMQPListener connection consume poll /usr/lib/python3/dist-packages/oslo_messaging/_drivers/amqpdriver.py:357
2025-12-22 00:40:03.326 153338 DEBUG oslo_service.service [req-1a843a2f-f3d8-4ec8-aab8-d0a351ab0ded - - - - -] hyperv.mounted_disk_query_retry_interval = 5 log_opt_values /usr/lib/python3/dist-packages/oslo_config/cfg.py:2609
2025-12-22 00:40:03.326 153338 DEBUG oslo_service.service [req-1a843a2f-f3d8-4ec8-aab8-d0a351ab0ded - - - - -] hyperv.power_state_check_timeframe = 60 log_opt_values /usr/lib/python3/dist-packages/oslo_config/cfg.py:2609
2025-12-22 00:40:03.326 153338 DEBUG oslo_service.service [req-1a843a2f-f3d8-4ec8-aab8-d0a351ab0ded - - - - -] hyperv.power_state_event_polling_interval = 2 log_opt_values /usr/lib/python3/dist-packages/oslo_config/cfg.py:2609
2025-12-22 00:40:03.326 153338 DEBUG oslo_service.service [req-1a843a2f-f3d8-4ec8-aab8-d0a351ab0ded - - - - -] hyperv.qemu_img_cmd = qemu-img.exe log_opt_values /usr/lib/python3/dist-packages/oslo_config/cfg.py:2609
2025-12-22 00:40:03.327 153338 DEBUG oslo_service.service [req-1a843a2f-f3d8-4ec8-aab8-d0a351ab0ded - - - - -] hyperv.use_multipath_io = False log_opt_values /usr/lib/python3/dist-packages/oslo_config/cfg.py:2609
2025-12-22 00:40:03.327 153338 DEBUG oslo_service.service [req-1a843a2f-f3d8-4ec8-aab8-d0a351ab0ded - - - - -] hyperv.volume_attach_retry_count = 10 log_opt_values /usr/lib/python3/dist-packages/oslo_config/cfg.py:2609
2025-12-22 00:40:03.327 153338 DEBUG oslo_service.service [req-1a843a2f-f3d8-4ec8-aab8-d0a351ab0ded - - - - -] hyperv.volume_attach_retry_interval = 5 log_opt_values /usr/lib/python3/dist-packages/oslo_config/cfg.py:2609
2025-12-22 00:40:03.327 153338 DEBUG oslo_service.service [req-1a843a2f-f3d8-4ec8-aab8-d0a351ab0ded - - - - -] hyperv.vswitch_name = None log_opt_values /usr/lib/python3/dist-packages/oslo_config/cfg.py:2609
2025-12-22 00:40:03.327 153338 DEBUG oslo_service.service [req-1a843a2f-f3d8-4ec8-aab8-d0a351ab0ded - - - - -] hyperv.wait_soft_reboot_seconds = 60 log_opt_values /usr/lib/python3/dist-packages/oslo_config/cfg.py:2609
2025-12-22 00:40:03.327 153338 DEBUG oslo_service.service [req-1a843a2f-f3d8-4ec8-aab8-d0a351ab0ded - - - - -] mks.enabled = False log_opt_values /usr/lib/python3/dist-packages/oslo_config/cfg.py:2609
2025-12-22 00:40:03.327 153740 DEBUG nova.servicegroup.drivers.db [req-783bf885-bbee-4def-a65a-8d6f1d38f207 - - - - -] DB_Driver: join new ServiceGroup member juju-225e44-0-lxd-7 to the scheduler group, service = join /usr/lib/python3/dist-packages/nova/servicegroup/drivers/db.py:44
2025-12-22 00:40:03.328 153338 DEBUG oslo_service.service [req-1a843a2f-f3d8-4ec8-aab8-d0a351ab0ded - - - - -] mks.mksproxy_base_url = http://127.0.0.1:6090/ log_opt_values /usr/lib/python3/dist-packages/oslo_config/cfg.py:2609
2025-12-22 00:40:03.328 153338 DEBUG oslo_service.service [req-1a843a2f-f3d8-4ec8-aab8-d0a351ab0ded - - - - -] image_cache.manager_interval = 2400 log_opt_values /usr/lib/python3/dist-packages/oslo_config/cfg.py:2609
2025-12-22 00:40:03.328 153338 DEBUG oslo_service.service [req-1a843a2f-f3d8-4ec8-aab8-d0a351ab0ded - - - - -] image_cache.precache_concurrency = 1 log_opt_values /usr/lib/python3/dist-packages/oslo_config/cfg.py:2609
2025-12-22 00:40:03.329 153338 DEBUG oslo_service.service [req-1a843a2f-f3d8-4ec8-aab8-d0a351ab0ded - - - - -] image_cache.remove_unused_base_images = True log_opt_values /usr/lib/python3/dist-packages/oslo_config/cfg.py:2609
2025-12-22 00:40:03.329 153741 DEBUG nova.service [req-871bd85a-0df1-4355-b6ff-e66e511f0f0f - - - - -] Join ServiceGroup membership for this service scheduler start /usr/lib/python3/dist-packages/nova/service.py:199
2025-12-22 00:40:03.329 153338 DEBUG oslo_service.service [req-1a843a2f-f3d8-4ec8-aab8-d0a351ab0ded - - - - -] image_cache.remove_unused_original_minimum_age_seconds = 86400 log_opt_values /usr/lib/python3/dist-packages/oslo_config/cfg.py:2609
2025-12-22 00:40:03.329 153741 DEBUG nova.servicegroup.drivers.db [req-871bd85a-0df1-4355-b6ff-e66e511f0f0f - - - - -] DB_Driver: join new ServiceGroup member juju-225e44-0-lxd-7 to the scheduler group, service = join /usr/lib/python3/dist-packages/nova/servicegroup/drivers/db.py:44
2025-12-22 00:40:03.329 153338 DEBUG oslo_service.service [req-1a843a2f-f3d8-4ec8-aab8-d0a351ab0ded - - - - -] image_cache.remove_unused_resized_minimum_age_seconds = 3600 log_opt_values /usr/lib/python3/dist-packages/oslo_config/cfg.py:2609
2025-12-22 00:40:03.329 153338 DEBUG oslo_service.service [req-1a843a2f-f3d8-4ec8-aab8-d0a351ab0ded - - - - -] image_cache.subdirectory_name = _base log_opt_values /usr/lib/python3/dist-packages/oslo_config/cfg.py:2609
2025-12-22 00:40:03.329 153338 DEBUG oslo_service.service [req-1a843a2f-f3d8-4ec8-aab8-d0a351ab0ded - - - - -] ironic.api_max_retries = 60 log_opt_values /usr/lib/python3/dist-packages/oslo_config/cfg.py:2609
2025-12-22 00:40:03.329 153740 DEBUG oslo_messaging._drivers.amqpdriver [-] AMQPListener connection timeout poll /usr/lib/python3/dist-packages/oslo_messaging/_drivers/amqpdriver.py:360
2025-12-22 00:40:03.329 153338 DEBUG oslo_service.service [req-1a843a2f-f3d8-4ec8-aab8-d0a351ab0ded - - - - -] ironic.api_retry_interval = 2 log_opt_values /usr/lib/python3/dist-packages/oslo_config/cfg.py:2609
2025-12-22 00:40:03.330 153740 DEBUG oslo_messaging._drivers.amqpdriver [-] Listener is running poll /usr/lib/python3/dist-packages/oslo_messaging/_drivers/amqpdriver.py:343
2025-12-22 00:40:03.330 153740 DEBUG oslo_messaging._drivers.amqpdriver [-] AMQPListener connection consume poll /usr/lib/python3/dist-packages/oslo_messaging/_drivers/amqpdriver.py:357
2025-12-22 00:40:03.330 153338 DEBUG oslo_service.service [req-1a843a2f-f3d8-4ec8-aab8-d0a351ab0ded - - - - -] ironic.auth_section = None log_opt_values /usr/lib/python3/dist-packages/oslo_config/cfg.py:2609
2025-12-22 00:40:03.330 153338 DEBUG oslo_service.service [req-1a843a2f-f3d8-4ec8-aab8-d0a351ab0ded - - - - -] ironic.auth_type = None log_opt_values /usr/lib/python3/dist-packages/oslo_config/cfg.py:2609
2025-12-22 00:40:03.330 153738 DEBUG oslo_messaging._drivers.amqpdriver [-] Listener is running poll /usr/lib/python3/dist-packages/oslo_messaging/_drivers/amqpdriver.py:343
2025-12-22 00:40:03.330 153338 DEBUG oslo_service.service [req-1a843a2f-f3d8-4ec8-aab8-d0a351ab0ded - - - - -] ironic.cafile = None log_opt_values /usr/lib/python3/dist-packages/oslo_config/cfg.py:2609
2025-12-22 00:40:03.330 153738 DEBUG oslo_messaging._drivers.amqpdriver [-] AMQPListener connection consume poll /usr/lib/python3/dist-packages/oslo_messaging/_drivers/amqpdriver.py:357
2025-12-22 00:40:03.330 153338 DEBUG oslo_service.service [req-1a843a2f-f3d8-4ec8-aab8-d0a351ab0ded - - - - -] ironic.certfile = None log_opt_values /usr/lib/python3/dist-packages/oslo_config/cfg.py:2609
2025-12-22 00:40:03.330 153338 DEBUG oslo_service.service [req-1a843a2f-f3d8-4ec8-aab8-d0a351ab0ded - - - - -] ironic.collect_timing = False log_opt_values /usr/lib/python3/dist-packages/oslo_config/cfg.py:2609
2025-12-22 00:40:03.331 153741 DEBUG oslo_messaging._drivers.amqpdriver [-] AMQPListener connection timeout poll /usr/lib/python3/dist-packages/oslo_messaging/_drivers/amqpdriver.py:360
2025-12-22 00:40:03.331 153738 DEBUG nova.service [req-c188e336-763c-408a-aa9b-bd6e6d4d9143 - - - - -] Join ServiceGroup membership for this service scheduler start /usr/lib/python3/dist-packages/nova/service.py:199
2025-12-22 00:40:03.331 153338 DEBUG oslo_service.service [req-1a843a2f-f3d8-4ec8-aab8-d0a351ab0ded - - - - -] ironic.connect_retries = None log_opt_values /usr/lib/python3/dist-packages/oslo_config/cfg.py:2609
2025-12-22 00:40:03.331 153741 DEBUG oslo_messaging._drivers.amqpdriver [-] Listener is running poll /usr/lib/python3/dist-packages/oslo_messaging/_drivers/amqpdriver.py:343
2025-12-22 00:40:03.331 153741 DEBUG oslo_messaging._drivers.amqpdriver [-] AMQPListener connection consume poll /usr/lib/python3/dist-packages/oslo_messaging/_drivers/amqpdriver.py:357
2025-12-22 00:40:03.331 153738 DEBUG nova.servicegroup.drivers.db [req-c188e336-763c-408a-aa9b-bd6e6d4d9143 - - - - -] DB_Driver: join new ServiceGroup member juju-225e44-0-lxd-7 to the scheduler group, service = join /usr/lib/python3/dist-packages/nova/servicegroup/drivers/db.py:44
2025-12-22 00:40:03.331 153338 DEBUG oslo_service.service [req-1a843a2f-f3d8-4ec8-aab8-d0a351ab0ded - - - - -] ironic.connect_retry_delay = None log_opt_values /usr/lib/python3/dist-packages/oslo_config/cfg.py:2609
2025-12-22 00:40:03.333 153338 DEBUG oslo_service.service [req-1a843a2f-f3d8-4ec8-aab8-d0a351ab0ded - - - - -] ironic.endpoint_override = None log_opt_values /usr/lib/python3/dist-packages/oslo_config/cfg.py:2609
2025-12-22 00:40:03.333 153338 DEBUG oslo_service.service [req-1a843a2f-f3d8-4ec8-aab8-d0a351ab0ded - - - - -] ironic.insecure = False log_opt_values /usr/lib/python3/dist-packages/oslo_config/cfg.py:2609
2025-12-22 00:40:03.333 153338 DEBUG oslo_service.service [req-1a843a2f-f3d8-4ec8-aab8-d0a351ab0ded - - - - -] ironic.keyfile = None log_opt_values /usr/lib/python3/dist-packages/oslo_config/cfg.py:2609
2025-12-22 00:40:03.333 153338 DEBUG oslo_service.service [req-1a843a2f-f3d8-4ec8-aab8-d0a351ab0ded - - - - -] ironic.max_version = None log_opt_values /usr/lib/python3/dist-packages/oslo_config/cfg.py:2609
2025-12-22 00:40:03.333 153338 DEBUG oslo_service.service [req-1a843a2f-f3d8-4ec8-aab8-d0a351ab0ded - - - - -] ironic.min_version = None log_opt_values /usr/lib/python3/dist-packages/oslo_config/cfg.py:2609
2025-12-22 00:40:03.333 153338 DEBUG oslo_service.service [req-1a843a2f-f3d8-4ec8-aab8-d0a351ab0ded - - - - -] ironic.partition_key = None log_opt_values /usr/lib/python3/dist-packages/oslo_config/cfg.py:2609
2025-12-22 00:40:03.334 153338 DEBUG oslo_service.service [req-1a843a2f-f3d8-4ec8-aab8-d0a351ab0ded - - - - -] ironic.peer_list = [] log_opt_values /usr/lib/python3/dist-packages/oslo_config/cfg.py:2609
2025-12-22 00:40:03.334 153338 DEBUG oslo_service.service [req-1a843a2f-f3d8-4ec8-aab8-d0a351ab0ded - - - - -] ironic.region_name = None log_opt_values /usr/lib/python3/dist-packages/oslo_config/cfg.py:2609
2025-12-22 00:40:03.334 153338 DEBUG oslo_service.service [req-1a843a2f-f3d8-4ec8-aab8-d0a351ab0ded - - - - -] ironic.serial_console_state_timeout = 10 log_opt_values /usr/lib/python3/dist-packages/oslo_config/cfg.py:2609
2025-12-22 00:40:03.334 153338 DEBUG oslo_service.service [req-1a843a2f-f3d8-4ec8-aab8-d0a351ab0ded - - - - -] ironic.service_name = None log_opt_values /usr/lib/python3/dist-packages/oslo_config/cfg.py:2609
2025-12-22 00:40:03.334 153338 DEBUG oslo_service.service [req-1a843a2f-f3d8-4ec8-aab8-d0a351ab0ded - - - - -] ironic.service_type = baremetal log_opt_values /usr/lib/python3/dist-packages/oslo_config/cfg.py:2609
2025-12-22 00:40:03.335 153738 DEBUG oslo_messaging._drivers.amqpdriver [-] AMQPListener connection timeout poll /usr/lib/python3/dist-packages/oslo_messaging/_drivers/amqpdriver.py:360
2025-12-22 00:40:03.335 153738 DEBUG oslo_messaging._drivers.amqpdriver [-] Listener is running poll /usr/lib/python3/dist-packages/oslo_messaging/_drivers/amqpdriver.py:343
2025-12-22 00:40:03.335 153738 DEBUG oslo_messaging._drivers.amqpdriver [-] AMQPListener connection consume poll /usr/lib/python3/dist-packages/oslo_messaging/_drivers/amqpdriver.py:357
2025-12-22 00:40:03.335 153338 DEBUG oslo_service.service [req-1a843a2f-f3d8-4ec8-aab8-d0a351ab0ded - - - - -] ironic.split_loggers = False log_opt_values /usr/lib/python3/dist-packages/oslo_config/cfg.py:2609
2025-12-22 00:40:03.336 153338 DEBUG oslo_service.service [req-1a843a2f-f3d8-4ec8-aab8-d0a351ab0ded - - - - -] ironic.status_code_retries = None log_opt_values /usr/lib/python3/dist-packages/oslo_config/cfg.py:2609
2025-12-22 00:40:03.336 153338 DEBUG oslo_service.service [req-1a843a2f-f3d8-4ec8-aab8-d0a351ab0ded - - - - -] ironic.status_code_retry_delay = None log_opt_values /usr/lib/python3/dist-packages/oslo_config/cfg.py:2609
2025-12-22 00:40:03.336 153338 DEBUG oslo_service.service [req-1a843a2f-f3d8-4ec8-aab8-d0a351ab0ded - - - - -] ironic.timeout = None log_opt_values /usr/lib/python3/dist-packages/oslo_config/cfg.py:2609
2025-12-22 00:40:03.337 153338 DEBUG oslo_service.service [req-1a843a2f-f3d8-4ec8-aab8-d0a351ab0ded - - - - -] ironic.valid_interfaces = ['internal', 'public'] log_opt_values /usr/lib/python3/dist-packages/oslo_config/cfg.py:2609
2025-12-22 00:40:03.337 153338 DEBUG oslo_service.service [req-1a843a2f-f3d8-4ec8-aab8-d0a351ab0ded - - - - -] ironic.version = None log_opt_values /usr/lib/python3/dist-packages/oslo_config/cfg.py:2609
2025-12-22 00:40:03.337 153338 DEBUG oslo_service.service [req-1a843a2f-f3d8-4ec8-aab8-d0a351ab0ded - - - - -] key_manager.backend = barbican log_opt_values /usr/lib/python3/dist-packages/oslo_config/cfg.py:2609
2025-12-22 00:40:03.338 153338 DEBUG oslo_service.service [req-1a843a2f-f3d8-4ec8-aab8-d0a351ab0ded - - - - -] key_manager.fixed_key = **** log_opt_values /usr/lib/python3/dist-packages/oslo_config/cfg.py:2609
2025-12-22 00:40:03.338 153338 DEBUG oslo_service.service [req-1a843a2f-f3d8-4ec8-aab8-d0a351ab0ded - - - - -] barbican.auth_endpoint = http://localhost/identity/v3 log_opt_values /usr/lib/python3/dist-packages/oslo_config/cfg.py:2609
2025-12-22 00:40:03.338 153338 DEBUG oslo_service.service [req-1a843a2f-f3d8-4ec8-aab8-d0a351ab0ded - - - - -] barbican.barbican_api_version = None log_opt_values /usr/lib/python3/dist-packages/oslo_config/cfg.py:2609
2025-12-22 00:40:03.338 153338 DEBUG oslo_service.service [req-1a843a2f-f3d8-4ec8-aab8-d0a351ab0ded - - - - -] barbican.barbican_endpoint = None log_opt_values /usr/lib/python3/dist-packages/oslo_config/cfg.py:2609
2025-12-22 00:40:03.339 153338 DEBUG oslo_service.service [req-1a843a2f-f3d8-4ec8-aab8-d0a351ab0ded - - - - -] barbican.barbican_endpoint_type = public log_opt_values /usr/lib/python3/dist-packages/oslo_config/cfg.py:2609
