2025-12-22 00:40:48.697 168427 DEBUG oslo_service.service [req-ce48a5e2-158e-4888-81a3-949b8752b594 - - - - -] default_log_levels = ['amqp=WARN', 'amqplib=WARN', 'boto=WARN', 'qpid=WARN', 'sqlalchemy=WARN', 'suds=INFO', 'oslo.messaging=INFO', 'oslo_messaging=DEBUG', 'iso8601=WARN', 'requests.packages.urllib3.connectionpool=WARN', 'urllib3.connectionpool=WARN', 'websocket=WARN', 'requests.packages.urllib3.util.retry=WARN', 'urllib3.util.retry=WARN', 'keystonemiddleware=WARN', 'routes.middleware=WARN', 'stevedore=WARN', 'taskflow=WARN', 'keystoneauth=WARN', 'oslo.cache=INFO', 'dogpile.core.dogpile=INFO', 'glanceclient=WARN', 'oslo.privsep.daemon=INFO'] log_opt_values /usr/lib/python3/dist-packages/oslo_config/cfg.py:2602
2025-12-22 00:40:48.697 168427 DEBUG oslo_service.service [req-ce48a5e2-158e-4888-81a3-949b8752b594 - - - - -] default_schedule_zone = None log_opt_values /usr/lib/python3/dist-packages/oslo_config/cfg.py:2602
2025-12-22 00:40:48.697 168427 DEBUG oslo_service.service [req-ce48a5e2-158e-4888-81a3-949b8752b594 - - - - -] disk_allocation_ratio = 1.0 log_opt_values /usr/lib/python3/dist-packages/oslo_config/cfg.py:2602
2025-12-22 00:40:48.697 168427 DEBUG oslo_service.service [req-ce48a5e2-158e-4888-81a3-949b8752b594 - - - - -] enable_new_services = True log_opt_values /usr/lib/python3/dist-packages/oslo_config/cfg.py:2602
2025-12-22 00:40:48.698 168427 DEBUG oslo_service.service [req-ce48a5e2-158e-4888-81a3-949b8752b594 - - - - -] enabled_apis = ['osapi_compute', 'metadata'] log_opt_values /usr/lib/python3/dist-packages/oslo_config/cfg.py:2602
2025-12-22 00:40:48.698 168427 DEBUG oslo_service.service [req-ce48a5e2-158e-4888-81a3-949b8752b594 - - - - -] enabled_ssl_apis = [] log_opt_values /usr/lib/python3/dist-packages/oslo_config/cfg.py:2602
2025-12-22 00:40:48.698 168427 DEBUG oslo_service.service [req-ce48a5e2-158e-4888-81a3-949b8752b594 - - - - -] fatal_deprecations = False log_opt_values /usr/lib/python3/dist-packages/oslo_config/cfg.py:2602
2025-12-22 00:40:48.698 168839 DEBUG oslo_db.sqlalchemy.engines [req-cf056014-906c-42ec-a10d-169be0450a41 - - - - -] MySQL server mode set to STRICT_TRANS_TABLES,STRICT_ALL_TABLES,NO_ZERO_IN_DATE,NO_ZERO_DATE,ERROR_FOR_DIVISION_BY_ZERO,TRADITIONAL,NO_ENGINE_SUBSTITUTION _check_effective_sql_mode /usr/lib/python3/dist-packages/oslo_db/sqlalchemy/engines.py:314
2025-12-22 00:40:48.698 168427 DEBUG oslo_service.service [req-ce48a5e2-158e-4888-81a3-949b8752b594 - - - - -] flat_injected = False log_opt_values /usr/lib/python3/dist-packages/oslo_config/cfg.py:2602
2025-12-22 00:40:48.699 168427 DEBUG oslo_service.service [req-ce48a5e2-158e-4888-81a3-949b8752b594 - - - - -] force_config_drive = False log_opt_values /usr/lib/python3/dist-packages/oslo_config/cfg.py:2602
2025-12-22 00:40:48.700 168427 DEBUG oslo_service.service [req-ce48a5e2-158e-4888-81a3-949b8752b594 - - - - -] force_raw_images = True log_opt_values /usr/lib/python3/dist-packages/oslo_config/cfg.py:2602
2025-12-22 00:40:48.700 168427 DEBUG oslo_service.service [req-ce48a5e2-158e-4888-81a3-949b8752b594 - - - - -] graceful_shutdown_timeout = 60 log_opt_values /usr/lib/python3/dist-packages/oslo_config/cfg.py:2602
2025-12-22 00:40:48.702 168427 DEBUG oslo_service.service [req-ce48a5e2-158e-4888-81a3-949b8752b594 - - - - -] heal_instance_info_cache_interval = 60 log_opt_values /usr/lib/python3/dist-packages/oslo_config/cfg.py:2602
2025-12-22 00:40:48.702 168427 DEBUG oslo_service.service [req-ce48a5e2-158e-4888-81a3-949b8752b594 - - - - -] host = juju-225e44-0-lxd-7 log_opt_values /usr/lib/python3/dist-packages/oslo_config/cfg.py:2602
2025-12-22 00:40:48.702 168427 DEBUG oslo_service.service [req-ce48a5e2-158e-4888-81a3-949b8752b594 - - - - -] initial_cpu_allocation_ratio = 16.0 log_opt_values /usr/lib/python3/dist-packages/oslo_config/cfg.py:2602
2025-12-22 00:40:48.702 168840 DEBUG oslo_db.sqlalchemy.engines [req-7237e6f5-5cc3-40bb-be3f-068b81481b87 - - - - -] MySQL server mode set to STRICT_TRANS_TABLES,STRICT_ALL_TABLES,NO_ZERO_IN_DATE,NO_ZERO_DATE,ERROR_FOR_DIVISION_BY_ZERO,TRADITIONAL,NO_ENGINE_SUBSTITUTION _check_effective_sql_mode /usr/lib/python3/dist-packages/oslo_db/sqlalchemy/engines.py:314
2025-12-22 00:40:48.703 168427 DEBUG oslo_service.service [req-ce48a5e2-158e-4888-81a3-949b8752b594 - - - - -] initial_disk_allocation_ratio = 1.0 log_opt_values /usr/lib/python3/dist-packages/oslo_config/cfg.py:2602
2025-12-22 00:40:48.703 168427 DEBUG oslo_service.service [req-ce48a5e2-158e-4888-81a3-949b8752b594 - - - - -] initial_ram_allocation_ratio = 1.5 log_opt_values /usr/lib/python3/dist-packages/oslo_config/cfg.py:2602
2025-12-22 00:40:48.704 168427 DEBUG oslo_service.service [req-ce48a5e2-158e-4888-81a3-949b8752b594 - - - - -] injected_network_template = /usr/lib/python3/dist-packages/nova/virt/interfaces.template log_opt_values /usr/lib/python3/dist-packages/oslo_config/cfg.py:2602
2025-12-22 00:40:48.704 168427 DEBUG oslo_service.service [req-ce48a5e2-158e-4888-81a3-949b8752b594 - - - - -] instance_build_timeout = 0 log_opt_values /usr/lib/python3/dist-packages/oslo_config/cfg.py:2602
2025-12-22 00:40:48.704 168427 DEBUG oslo_service.service [req-ce48a5e2-158e-4888-81a3-949b8752b594 - - - - -] instance_delete_interval = 300 log_opt_values /usr/lib/python3/dist-packages/oslo_config/cfg.py:2602
2025-12-22 00:40:48.704 168427 DEBUG oslo_service.service [req-ce48a5e2-158e-4888-81a3-949b8752b594 - - - - -] instance_format = [instance: %(uuid)s] log_opt_values /usr/lib/python3/dist-packages/oslo_config/cfg.py:2602
2025-12-22 00:40:48.705 168427 DEBUG oslo_service.service [req-ce48a5e2-158e-4888-81a3-949b8752b594 - - - - -] instance_name_template = instance-%08x log_opt_values /usr/lib/python3/dist-packages/oslo_config/cfg.py:2602
2025-12-22 00:40:48.705 168427 DEBUG oslo_service.service [req-ce48a5e2-158e-4888-81a3-949b8752b594 - - - - -] instance_usage_audit = False log_opt_values /usr/lib/python3/dist-packages/oslo_config/cfg.py:2602
2025-12-22 00:40:48.704 168841 DEBUG oslo_db.sqlalchemy.engines [req-066ae230-6572-4c20-b86e-c44ad3fa373d - - - - -] MySQL server mode set to STRICT_TRANS_TABLES,STRICT_ALL_TABLES,NO_ZERO_IN_DATE,NO_ZERO_DATE,ERROR_FOR_DIVISION_BY_ZERO,TRADITIONAL,NO_ENGINE_SUBSTITUTION _check_effective_sql_mode /usr/lib/python3/dist-packages/oslo_db/sqlalchemy/engines.py:314
2025-12-22 00:40:48.705 168427 DEBUG oslo_service.service [req-ce48a5e2-158e-4888-81a3-949b8752b594 - - - - -] instance_usage_audit_period = month log_opt_values /usr/lib/python3/dist-packages/oslo_config/cfg.py:2602
2025-12-22 00:40:48.705 168427 DEBUG oslo_service.service [req-ce48a5e2-158e-4888-81a3-949b8752b594 - - - - -] instance_uuid_format = [instance: %(uuid)s] log_opt_values /usr/lib/python3/dist-packages/oslo_config/cfg.py:2602
2025-12-22 00:40:48.705 168427 DEBUG oslo_service.service [req-ce48a5e2-158e-4888-81a3-949b8752b594 - - - - -] instances_path = /var/lib/nova/instances log_opt_values /usr/lib/python3/dist-packages/oslo_config/cfg.py:2602
2025-12-22 00:40:48.705 168427 DEBUG oslo_service.service [req-ce48a5e2-158e-4888-81a3-949b8752b594 - - - - -] internal_service_availability_zone = internal log_opt_values /usr/lib/python3/dist-packages/oslo_config/cfg.py:2602
2025-12-22 00:40:48.706 168427 DEBUG oslo_service.service [req-ce48a5e2-158e-4888-81a3-949b8752b594 - - - - -] key = None log_opt_values /usr/lib/python3/dist-packages/oslo_config/cfg.py:2602
2025-12-22 00:40:48.706 168427 DEBUG oslo_service.service [req-ce48a5e2-158e-4888-81a3-949b8752b594 - - - - -] live_migration_retry_count = 30 log_opt_values /usr/lib/python3/dist-packages/oslo_config/cfg.py:2602
2025-12-22 00:40:48.707 168427 DEBUG oslo_service.service [req-ce48a5e2-158e-4888-81a3-949b8752b594 - - - - -] log_config_append = None log_opt_values /usr/lib/python3/dist-packages/oslo_config/cfg.py:2602
2025-12-22 00:40:48.707 168427 DEBUG oslo_service.service [req-ce48a5e2-158e-4888-81a3-949b8752b594 - - - - -] log_date_format = %Y-%m-%d %H:%M:%S log_opt_values /usr/lib/python3/dist-packages/oslo_config/cfg.py:2602
2025-12-22 00:40:48.707 168427 DEBUG oslo_service.service [req-ce48a5e2-158e-4888-81a3-949b8752b594 - - - - -] log_dir = /var/log/nova log_opt_values /usr/lib/python3/dist-packages/oslo_config/cfg.py:2602
2025-12-22 00:40:48.708 168427 DEBUG oslo_service.service [req-ce48a5e2-158e-4888-81a3-949b8752b594 - - - - -] log_file = /var/log/nova/nova-scheduler.log log_opt_values /usr/lib/python3/dist-packages/oslo_config/cfg.py:2602
2025-12-22 00:40:48.708 168427 DEBUG oslo_service.service [req-ce48a5e2-158e-4888-81a3-949b8752b594 - - - - -] log_options = True log_opt_values /usr/lib/python3/dist-packages/oslo_config/cfg.py:2602
2025-12-22 00:40:48.708 168427 DEBUG oslo_service.service [req-ce48a5e2-158e-4888-81a3-949b8752b594 - - - - -] log_rotate_interval = 1 log_opt_values /usr/lib/python3/dist-packages/oslo_config/cfg.py:2602
2025-12-22 00:40:48.709 168427 DEBUG oslo_service.service [req-ce48a5e2-158e-4888-81a3-949b8752b594 - - - - -] log_rotate_interval_type = days log_opt_values /usr/lib/python3/dist-packages/oslo_config/cfg.py:2602
2025-12-22 00:40:48.709 168427 DEBUG oslo_service.service [req-ce48a5e2-158e-4888-81a3-949b8752b594 - - - - -] log_rotation_type = none log_opt_values /usr/lib/python3/dist-packages/oslo_config/cfg.py:2602
2025-12-22 00:40:48.709 168427 DEBUG oslo_service.service [req-ce48a5e2-158e-4888-81a3-949b8752b594 - - - - -] logging_context_format_string = %(asctime)s.%(msecs)03d %(process)d %(levelname)s %(name)s [%(request_id)s %(user_identity)s] %(instance)s%(message)s log_opt_values /usr/lib/python3/dist-packages/oslo_config/cfg.py:2602
2025-12-22 00:40:48.709 168427 DEBUG oslo_service.service [req-ce48a5e2-158e-4888-81a3-949b8752b594 - - - - -] logging_debug_format_suffix = %(funcName)s %(pathname)s:%(lineno)d log_opt_values /usr/lib/python3/dist-packages/oslo_config/cfg.py:2602
2025-12-22 00:40:48.709 168427 DEBUG oslo_service.service [req-ce48a5e2-158e-4888-81a3-949b8752b594 - - - - -] logging_default_format_string = %(asctime)s.%(msecs)03d %(process)d %(levelname)s %(name)s [-] %(instance)s%(message)s log_opt_values /usr/lib/python3/dist-packages/oslo_config/cfg.py:2602
2025-12-22 00:40:48.709 168427 DEBUG oslo_service.service [req-ce48a5e2-158e-4888-81a3-949b8752b594 - - - - -] logging_exception_prefix = %(asctime)s.%(msecs)03d %(process)d ERROR %(name)s %(instance)s log_opt_values /usr/lib/python3/dist-packages/oslo_config/cfg.py:2602
2025-12-22 00:40:48.710 168427 DEBUG oslo_service.service [req-ce48a5e2-158e-4888-81a3-949b8752b594 - - - - -] logging_user_identity_format = %(user)s %(project)s %(domain)s %(user_domain)s %(project_domain)s log_opt_values /usr/lib/python3/dist-packages/oslo_config/cfg.py:2602
2025-12-22 00:40:48.710 168427 DEBUG oslo_service.service [req-ce48a5e2-158e-4888-81a3-949b8752b594 - - - - -] long_rpc_timeout = 1800 log_opt_values /usr/lib/python3/dist-packages/oslo_config/cfg.py:2602
2025-12-22 00:40:48.710 168427 DEBUG oslo_service.service [req-ce48a5e2-158e-4888-81a3-949b8752b594 - - - - -] max_concurrent_builds = 10 log_opt_values /usr/lib/python3/dist-packages/oslo_config/cfg.py:2602
2025-12-22 00:40:48.710 168427 DEBUG oslo_service.service [req-ce48a5e2-158e-4888-81a3-949b8752b594 - - - - -] max_concurrent_live_migrations = 1 log_opt_values /usr/lib/python3/dist-packages/oslo_config/cfg.py:2602
2025-12-22 00:40:48.711 168427 DEBUG oslo_service.service [req-ce48a5e2-158e-4888-81a3-949b8752b594 - - - - -] max_concurrent_snapshots = 5 log_opt_values /usr/lib/python3/dist-packages/oslo_config/cfg.py:2602
2025-12-22 00:40:48.711 168427 DEBUG oslo_service.service [req-ce48a5e2-158e-4888-81a3-949b8752b594 - - - - -] max_local_block_devices = 3 log_opt_values /usr/lib/python3/dist-packages/oslo_config/cfg.py:2602
2025-12-22 00:40:48.711 168427 DEBUG oslo_service.service [req-ce48a5e2-158e-4888-81a3-949b8752b594 - - - - -] max_logfile_count = 30 log_opt_values /usr/lib/python3/dist-packages/oslo_config/cfg.py:2602
2025-12-22 00:40:48.711 168427 DEBUG oslo_service.service [req-ce48a5e2-158e-4888-81a3-949b8752b594 - - - - -] max_logfile_size_mb = 200 log_opt_values /usr/lib/python3/dist-packages/oslo_config/cfg.py:2602
2025-12-22 00:40:48.712 168427 DEBUG oslo_service.service [req-ce48a5e2-158e-4888-81a3-949b8752b594 - - - - -] maximum_instance_delete_attempts = 5 log_opt_values /usr/lib/python3/dist-packages/oslo_config/cfg.py:2602
2025-12-22 00:40:48.712 168427 DEBUG oslo_service.service [req-ce48a5e2-158e-4888-81a3-949b8752b594 - - - - -] metadata_listen = 0.0.0.0 log_opt_values /usr/lib/python3/dist-packages/oslo_config/cfg.py:2602
2025-12-22 00:40:48.712 168427 DEBUG oslo_service.service [req-ce48a5e2-158e-4888-81a3-949b8752b594 - - - - -] metadata_listen_port = 8765 log_opt_values /usr/lib/python3/dist-packages/oslo_config/cfg.py:2602
2025-12-22 00:40:48.712 168427 DEBUG oslo_service.service [req-ce48a5e2-158e-4888-81a3-949b8752b594 - - - - -] metadata_workers = None log_opt_values /usr/lib/python3/dist-packages/oslo_config/cfg.py:2602
2025-12-22 00:40:48.712 168427 DEBUG oslo_service.service [req-ce48a5e2-158e-4888-81a3-949b8752b594 - - - - -] migrate_max_retries = -1 log_opt_values /usr/lib/python3/dist-packages/oslo_config/cfg.py:2602
2025-12-22 00:40:48.712 168427 DEBUG oslo_service.service [req-ce48a5e2-158e-4888-81a3-949b8752b594 - - - - -] mkisofs_cmd = genisoimage log_opt_values /usr/lib/python3/dist-packages/oslo_config/cfg.py:2602
2025-12-22 00:40:48.713 168427 DEBUG oslo_service.service [req-ce48a5e2-158e-4888-81a3-949b8752b594 - - - - -] my_block_storage_ip = 252.141.253.91 log_opt_values /usr/lib/python3/dist-packages/oslo_config/cfg.py:2602
2025-12-22 00:40:48.713 168427 DEBUG oslo_service.service [req-ce48a5e2-158e-4888-81a3-949b8752b594 - - - - -] my_ip = 252.141.253.91 log_opt_values /usr/lib/python3/dist-packages/oslo_config/cfg.py:2602
2025-12-22 00:40:48.713 168427 DEBUG oslo_service.service [req-ce48a5e2-158e-4888-81a3-949b8752b594 - - - - -] network_allocate_retries = 0 log_opt_values /usr/lib/python3/dist-packages/oslo_config/cfg.py:2602
2025-12-22 00:40:48.713 168427 DEBUG oslo_service.service [req-ce48a5e2-158e-4888-81a3-949b8752b594 - - - - -] non_inheritable_image_properties = ['cache_in_nova', 'bittorrent'] log_opt_values /usr/lib/python3/dist-packages/oslo_config/cfg.py:2602
2025-12-22 00:40:48.713 168427 DEBUG oslo_service.service [req-ce48a5e2-158e-4888-81a3-949b8752b594 - - - - -] osapi_compute_listen = 0.0.0.0 log_opt_values /usr/lib/python3/dist-packages/oslo_config/cfg.py:2602
2025-12-22 00:40:48.713 168427 DEBUG oslo_service.service [req-ce48a5e2-158e-4888-81a3-949b8752b594 - - - - -] osapi_compute_listen_port = 8764 log_opt_values /usr/lib/python3/dist-packages/oslo_config/cfg.py:2602
2025-12-22 00:40:48.714 168427 DEBUG oslo_service.service [req-ce48a5e2-158e-4888-81a3-949b8752b594 - - - - -] osapi_compute_unique_server_name_scope = log_opt_values /usr/lib/python3/dist-packages/oslo_config/cfg.py:2602
2025-12-22 00:40:48.714 168427 DEBUG oslo_service.service [req-ce48a5e2-158e-4888-81a3-949b8752b594 - - - - -] osapi_compute_workers = 4 log_opt_values /usr/lib/python3/dist-packages/oslo_config/cfg.py:2602
2025-12-22 00:40:48.714 168427 DEBUG oslo_service.service [req-ce48a5e2-158e-4888-81a3-949b8752b594 - - - - -] password_length = 12 log_opt_values /usr/lib/python3/dist-packages/oslo_config/cfg.py:2602
2025-12-22 00:40:48.714 168427 DEBUG oslo_service.service [req-ce48a5e2-158e-4888-81a3-949b8752b594 - - - - -] periodic_enable = True log_opt_values /usr/lib/python3/dist-packages/oslo_config/cfg.py:2602
2025-12-22 00:40:48.715 168427 DEBUG oslo_service.service [req-ce48a5e2-158e-4888-81a3-949b8752b594 - - - - -] periodic_fuzzy_delay = 60 log_opt_values /usr/lib/python3/dist-packages/oslo_config/cfg.py:2602
2025-12-22 00:40:48.715 168427 DEBUG oslo_service.service [req-ce48a5e2-158e-4888-81a3-949b8752b594 - - - - -] pointer_model = usbtablet log_opt_values /usr/lib/python3/dist-packages/oslo_config/cfg.py:2602
2025-12-22 00:40:48.715 168427 DEBUG oslo_service.service [req-ce48a5e2-158e-4888-81a3-949b8752b594 - - - - -] preallocate_images = none log_opt_values /usr/lib/python3/dist-packages/oslo_config/cfg.py:2602
2025-12-22 00:40:48.715 168427 DEBUG oslo_service.service [req-ce48a5e2-158e-4888-81a3-949b8752b594 - - - - -] publish_errors = False log_opt_values /usr/lib/python3/dist-packages/oslo_config/cfg.py:2602
2025-12-22 00:40:48.715 168427 DEBUG oslo_service.service [req-ce48a5e2-158e-4888-81a3-949b8752b594 - - - - -] pybasedir = /usr/lib/python3/dist-packages log_opt_values /usr/lib/python3/dist-packages/oslo_config/cfg.py:2602
2025-12-22 00:40:48.715 168427 DEBUG oslo_service.service [req-ce48a5e2-158e-4888-81a3-949b8752b594 - - - - -] ram_allocation_ratio = 0.98 log_opt_values /usr/lib/python3/dist-packages/oslo_config/cfg.py:2602
2025-12-22 00:40:48.716 168427 DEBUG oslo_service.service [req-ce48a5e2-158e-4888-81a3-949b8752b594 - - - - -] rate_limit_burst = 0 log_opt_values /usr/lib/python3/dist-packages/oslo_config/cfg.py:2602
2025-12-22 00:40:48.716 168427 DEBUG oslo_service.service [req-ce48a5e2-158e-4888-81a3-949b8752b594 - - - - -] rate_limit_except_level = CRITICAL log_opt_values /usr/lib/python3/dist-packages/oslo_config/cfg.py:2602
2025-12-22 00:40:48.716 168427 DEBUG oslo_service.service [req-ce48a5e2-158e-4888-81a3-949b8752b594 - - - - -] rate_limit_interval = 0 log_opt_values /usr/lib/python3/dist-packages/oslo_config/cfg.py:2602
2025-12-22 00:40:48.716 168427 DEBUG oslo_service.service [req-ce48a5e2-158e-4888-81a3-949b8752b594 - - - - -] reboot_timeout = 0 log_opt_values /usr/lib/python3/dist-packages/oslo_config/cfg.py:2602
2025-12-22 00:40:48.716 168427 DEBUG oslo_service.service [req-ce48a5e2-158e-4888-81a3-949b8752b594 - - - - -] reclaim_instance_interval = 0 log_opt_values /usr/lib/python3/dist-packages/oslo_config/cfg.py:2602
2025-12-22 00:40:48.716 168427 DEBUG oslo_service.service [req-ce48a5e2-158e-4888-81a3-949b8752b594 - - - - -] record = None log_opt_values /usr/lib/python3/dist-packages/oslo_config/cfg.py:2602
2025-12-22 00:40:48.716 168427 DEBUG oslo_service.service [req-ce48a5e2-158e-4888-81a3-949b8752b594 - - - - -] report_interval = 10 log_opt_values /usr/lib/python3/dist-packages/oslo_config/cfg.py:2602
2025-12-22 00:40:48.717 168427 DEBUG oslo_service.service [req-ce48a5e2-158e-4888-81a3-949b8752b594 - - - - -] rescue_timeout = 0 log_opt_values /usr/lib/python3/dist-packages/oslo_config/cfg.py:2602
2025-12-22 00:40:48.717 168427 DEBUG oslo_service.service [req-ce48a5e2-158e-4888-81a3-949b8752b594 - - - - -] reserved_host_cpus = 0 log_opt_values /usr/lib/python3/dist-packages/oslo_config/cfg.py:2602
2025-12-22 00:40:48.717 168839 DEBUG nova.service [req-cf056014-906c-42ec-a10d-169be0450a41 - - - - -] Creating RPC server for service scheduler start /usr/lib/python3/dist-packages/nova/service.py:182
2025-12-22 00:40:48.717 168427 DEBUG oslo_service.service [req-ce48a5e2-158e-4888-81a3-949b8752b594 - - - - -] reserved_host_disk_mb = 0 log_opt_values /usr/lib/python3/dist-packages/oslo_config/cfg.py:2602
2025-12-22 00:40:48.717 168427 DEBUG oslo_service.service [req-ce48a5e2-158e-4888-81a3-949b8752b594 - - - - -] reserved_host_memory_mb = 512 log_opt_values /usr/lib/python3/dist-packages/oslo_config/cfg.py:2602
2025-12-22 00:40:48.717 168838 DEBUG nova.service [req-ff73ba70-99a7-4a22-8a3b-465ce01f2115 - - - - -] Creating RPC server for service scheduler start /usr/lib/python3/dist-packages/nova/service.py:182
2025-12-22 00:40:48.717 168427 DEBUG oslo_service.service [req-ce48a5e2-158e-4888-81a3-949b8752b594 - - - - -] reserved_huge_pages = None log_opt_values /usr/lib/python3/dist-packages/oslo_config/cfg.py:2602
2025-12-22 00:40:48.717 168427 DEBUG oslo_service.service [req-ce48a5e2-158e-4888-81a3-949b8752b594 - - - - -] resize_confirm_window = 0 log_opt_values /usr/lib/python3/dist-packages/oslo_config/cfg.py:2602
2025-12-22 00:40:48.718 168427 DEBUG oslo_service.service [req-ce48a5e2-158e-4888-81a3-949b8752b594 - - - - -] resize_fs_using_block_device = False log_opt_values /usr/lib/python3/dist-packages/oslo_config/cfg.py:2602
2025-12-22 00:40:48.718 168427 DEBUG oslo_service.service [req-ce48a5e2-158e-4888-81a3-949b8752b594 - - - - -] resume_guests_state_on_host_boot = False log_opt_values /usr/lib/python3/dist-packages/oslo_config/cfg.py:2602
2025-12-22 00:40:48.718 168427 DEBUG oslo_service.service [req-ce48a5e2-158e-4888-81a3-949b8752b594 - - - - -] rootwrap_config = /etc/nova/rootwrap.conf log_opt_values /usr/lib/python3/dist-packages/oslo_config/cfg.py:2602
2025-12-22 00:40:48.718 168427 DEBUG oslo_service.service [req-ce48a5e2-158e-4888-81a3-949b8752b594 - - - - -] run_external_periodic_tasks = True log_opt_values /usr/lib/python3/dist-packages/oslo_config/cfg.py:2602
2025-12-22 00:40:48.718 168427 DEBUG oslo_service.service [req-ce48a5e2-158e-4888-81a3-949b8752b594 - - - - -] running_deleted_instance_action = reap log_opt_values /usr/lib/python3/dist-packages/oslo_config/cfg.py:2602
2025-12-22 00:40:48.718 168427 DEBUG oslo_service.service [req-ce48a5e2-158e-4888-81a3-949b8752b594 - - - - -] running_deleted_instance_poll_interval = 1800 log_opt_values /usr/lib/python3/dist-packages/oslo_config/cfg.py:2602
2025-12-22 00:40:48.719 168427 DEBUG oslo_service.service [req-ce48a5e2-158e-4888-81a3-949b8752b594 - - - - -] running_deleted_instance_timeout = 0 log_opt_values /usr/lib/python3/dist-packages/oslo_config/cfg.py:2602
2025-12-22 00:40:48.719 168841 DEBUG nova.service [req-066ae230-6572-4c20-b86e-c44ad3fa373d - - - - -] Creating RPC server for service scheduler start /usr/lib/python3/dist-packages/nova/service.py:182
2025-12-22 00:40:48.719 168427 DEBUG oslo_service.service [req-ce48a5e2-158e-4888-81a3-949b8752b594 - - - - -] scheduler_instance_sync_interval = 120 log_opt_values /usr/lib/python3/dist-packages/oslo_config/cfg.py:2602
2025-12-22 00:40:48.719 168427 DEBUG oslo_service.service [req-ce48a5e2-158e-4888-81a3-949b8752b594 - - - - -] service_down_time = 60 log_opt_values /usr/lib/python3/dist-packages/oslo_config/cfg.py:2602
2025-12-22 00:40:48.720 168427 DEBUG oslo_service.service [req-ce48a5e2-158e-4888-81a3-949b8752b594 - - - - -] servicegroup_driver = db log_opt_values /usr/lib/python3/dist-packages/oslo_config/cfg.py:2602
2025-12-22 00:40:48.720 168427 DEBUG oslo_service.service [req-ce48a5e2-158e-4888-81a3-949b8752b594 - - - - -] shelved_offload_time = 0 log_opt_values /usr/lib/python3/dist-packages/oslo_config/cfg.py:2602
2025-12-22 00:40:48.720 168427 DEBUG oslo_service.service [req-ce48a5e2-158e-4888-81a3-949b8752b594 - - - - -] shelved_poll_interval = 3600 log_opt_values /usr/lib/python3/dist-packages/oslo_config/cfg.py:2602
2025-12-22 00:40:48.720 168427 DEBUG oslo_service.service [req-ce48a5e2-158e-4888-81a3-949b8752b594 - - - - -] shutdown_timeout = 60 log_opt_values /usr/lib/python3/dist-packages/oslo_config/cfg.py:2602
2025-12-22 00:40:48.720 168427 DEBUG oslo_service.service [req-ce48a5e2-158e-4888-81a3-949b8752b594 - - - - -] source_is_ipv6 = False log_opt_values /usr/lib/python3/dist-packages/oslo_config/cfg.py:2602
2025-12-22 00:40:48.720 168427 DEBUG oslo_service.service [req-ce48a5e2-158e-4888-81a3-949b8752b594 - - - - -] ssl_only = False log_opt_values /usr/lib/python3/dist-packages/oslo_config/cfg.py:2602
2025-12-22 00:40:48.720 168427 DEBUG oslo_service.service [req-ce48a5e2-158e-4888-81a3-949b8752b594 - - - - -] state_path = /var/lib/nova log_opt_values /usr/lib/python3/dist-packages/oslo_config/cfg.py:2602
2025-12-22 00:40:48.721 168427 DEBUG oslo_service.service [req-ce48a5e2-158e-4888-81a3-949b8752b594 - - - - -] sync_power_state_interval = 600 log_opt_values /usr/lib/python3/dist-packages/oslo_config/cfg.py:2602
2025-12-22 00:40:48.721 168427 DEBUG oslo_service.service [req-ce48a5e2-158e-4888-81a3-949b8752b594 - - - - -] sync_power_state_pool_size = 1000 log_opt_values /usr/lib/python3/dist-packages/oslo_config/cfg.py:2602
2025-12-22 00:40:48.721 168427 DEBUG oslo_service.service [req-ce48a5e2-158e-4888-81a3-949b8752b594 - - - - -] syslog_log_facility = LOG_USER log_opt_values /usr/lib/python3/dist-packages/oslo_config/cfg.py:2602
2025-12-22 00:40:48.722 168427 DEBUG oslo_service.service [req-ce48a5e2-158e-4888-81a3-949b8752b594 - - - - -] tempdir = None log_opt_values /usr/lib/python3/dist-packages/oslo_config/cfg.py:2602
2025-12-22 00:40:48.722 168427 DEBUG oslo_service.service [req-ce48a5e2-158e-4888-81a3-949b8752b594 - - - - -] timeout_nbd = 10 log_opt_values /usr/lib/python3/dist-packages/oslo_config/cfg.py:2602
2025-12-22 00:40:48.722 168840 DEBUG nova.service [req-7237e6f5-5cc3-40bb-be3f-068b81481b87 - - - - -] Creating RPC server for service scheduler start /usr/lib/python3/dist-packages/nova/service.py:182
2025-12-22 00:40:48.722 168427 DEBUG oslo_service.service [req-ce48a5e2-158e-4888-81a3-949b8752b594 - - - - -] transport_url = **** log_opt_values /usr/lib/python3/dist-packages/oslo_config/cfg.py:2602
2025-12-22 00:40:48.722 168427 DEBUG oslo_service.service [req-ce48a5e2-158e-4888-81a3-949b8752b594 - - - - -] update_resources_interval = 0 log_opt_values /usr/lib/python3/dist-packages/oslo_config/cfg.py:2602
2025-12-22 00:40:48.722 168427 DEBUG oslo_service.service [req-ce48a5e2-158e-4888-81a3-949b8752b594 - - - - -] use_cow_images = True log_opt_values /usr/lib/python3/dist-packages/oslo_config/cfg.py:2602
2025-12-22 00:40:48.722 168427 DEBUG oslo_service.service [req-ce48a5e2-158e-4888-81a3-949b8752b594 - - - - -] use_eventlog = False log_opt_values /usr/lib/python3/dist-packages/oslo_config/cfg.py:2602
2025-12-22 00:40:48.722 168427 DEBUG oslo_service.service [req-ce48a5e2-158e-4888-81a3-949b8752b594 - - - - -] use_journal = False log_opt_values /usr/lib/python3/dist-packages/oslo_config/cfg.py:2602
2025-12-22 00:40:48.723 168427 DEBUG oslo_service.service [req-ce48a5e2-158e-4888-81a3-949b8752b594 - - - - -] use_json = False log_opt_values /usr/lib/python3/dist-packages/oslo_config/cfg.py:2602
2025-12-22 00:40:48.723 168427 DEBUG oslo_service.service [req-ce48a5e2-158e-4888-81a3-949b8752b594 - - - - -] use_rootwrap_daemon = False log_opt_values /usr/lib/python3/dist-packages/oslo_config/cfg.py:2602
2025-12-22 00:40:48.723 168427 DEBUG oslo_service.service [req-ce48a5e2-158e-4888-81a3-949b8752b594 - - - - -] use_stderr = False log_opt_values /usr/lib/python3/dist-packages/oslo_config/cfg.py:2602
2025-12-22 00:40:48.723 168427 DEBUG oslo_service.service [req-ce48a5e2-158e-4888-81a3-949b8752b594 - - - - -] use_syslog = False log_opt_values /usr/lib/python3/dist-packages/oslo_config/cfg.py:2602
2025-12-22 00:40:48.723 168427 DEBUG oslo_service.service [req-ce48a5e2-158e-4888-81a3-949b8752b594 - - - - -] vcpu_pin_set = None log_opt_values /usr/lib/python3/dist-packages/oslo_config/cfg.py:2602
2025-12-22 00:40:48.723 168427 DEBUG oslo_service.service [req-ce48a5e2-158e-4888-81a3-949b8752b594 - - - - -] vif_plugging_is_fatal = True log_opt_values /usr/lib/python3/dist-packages/oslo_config/cfg.py:2602
2025-12-22 00:40:48.724 168427 DEBUG oslo_service.service [req-ce48a5e2-158e-4888-81a3-949b8752b594 - - - - -] vif_plugging_timeout = 300 log_opt_values /usr/lib/python3/dist-packages/oslo_config/cfg.py:2602
2025-12-22 00:40:48.724 168427 DEBUG oslo_service.service [req-ce48a5e2-158e-4888-81a3-949b8752b594 - - - - -] virt_mkfs = [] log_opt_values /usr/lib/python3/dist-packages/oslo_config/cfg.py:2602
2025-12-22 00:40:48.724 168427 DEBUG oslo_service.service [req-ce48a5e2-158e-4888-81a3-949b8752b594 - - - - -] volume_usage_poll_interval = 0 log_opt_values /usr/lib/python3/dist-packages/oslo_config/cfg.py:2602
2025-12-22 00:40:48.724 168427 DEBUG oslo_service.service [req-ce48a5e2-158e-4888-81a3-949b8752b594 - - - - -] watch_log_file = False log_opt_values /usr/lib/python3/dist-packages/oslo_config/cfg.py:2602
2025-12-22 00:40:48.724 168427 DEBUG oslo_service.service [req-ce48a5e2-158e-4888-81a3-949b8752b594 - - - - -] web = /usr/share/spice-html5 log_opt_values /usr/lib/python3/dist-packages/oslo_config/cfg.py:2602
2025-12-22 00:40:48.725 168427 DEBUG oslo_service.service [req-ce48a5e2-158e-4888-81a3-949b8752b594 - - - - -] oslo_concurrency.disable_process_locking = False log_opt_values /usr/lib/python3/dist-packages/oslo_config/cfg.py:2609
2025-12-22 00:40:48.725 168427 DEBUG oslo_service.service [req-ce48a5e2-158e-4888-81a3-949b8752b594 - - - - -] oslo_concurrency.lock_path = /var/lock/nova log_opt_values /usr/lib/python3/dist-packages/oslo_config/cfg.py:2609
2025-12-22 00:40:48.725 168427 WARNING oslo_config.cfg [req-ce48a5e2-158e-4888-81a3-949b8752b594 - - - - -] Deprecated: Option "auth_strategy" from group "api" is deprecated for removal ( The only non-default choice, ``noauth2``, is for internal development and testing purposes only and should not be used in deployments. This option and its middleware, NoAuthMiddleware[V2_18], will be removed in a future release. ). Its value may be silently ignored in the future.
2025-12-22 00:40:48.725 168427 DEBUG oslo_service.service [req-ce48a5e2-158e-4888-81a3-949b8752b594 - - - - -] api.auth_strategy = keystone log_opt_values /usr/lib/python3/dist-packages/oslo_config/cfg.py:2609
2025-12-22 00:40:48.726 168427 DEBUG oslo_service.service [req-ce48a5e2-158e-4888-81a3-949b8752b594 - - - - -] api.compute_link_prefix = None log_opt_values /usr/lib/python3/dist-packages/oslo_config/cfg.py:2609
2025-12-22 00:40:48.726 168427 DEBUG oslo_service.service [req-ce48a5e2-158e-4888-81a3-949b8752b594 - - - - -] api.config_drive_skip_versions = 1.0 2007-01-19 2007-03-01 2007-08-29 2007-10-10 2007-12-15 2008-02-01 2008-09-01 log_opt_values /usr/lib/python3/dist-packages/oslo_config/cfg.py:2609
2025-12-22 00:40:48.726 168427 DEBUG oslo_service.service [req-ce48a5e2-158e-4888-81a3-949b8752b594 - - - - -] api.dhcp_domain = novalocal log_opt_values /usr/lib/python3/dist-packages/oslo_config/cfg.py:2609
2025-12-22 00:40:48.726 168427 DEBUG oslo_service.service [req-ce48a5e2-158e-4888-81a3-949b8752b594 - - - - -] api.enable_instance_password = True log_opt_values /usr/lib/python3/dist-packages/oslo_config/cfg.py:2609
2025-12-22 00:40:48.726 168427 DEBUG oslo_service.service [req-ce48a5e2-158e-4888-81a3-949b8752b594 - - - - -] api.glance_link_prefix = None log_opt_values /usr/lib/python3/dist-packages/oslo_config/cfg.py:2609
2025-12-22 00:40:48.727 168427 DEBUG oslo_service.service [req-ce48a5e2-158e-4888-81a3-949b8752b594 - - - - -] api.instance_list_cells_batch_fixed_size = 100 log_opt_values /usr/lib/python3/dist-packages/oslo_config/cfg.py:2609
2025-12-22 00:40:48.727 168427 DEBUG oslo_service.service [req-ce48a5e2-158e-4888-81a3-949b8752b594 - - - - -] api.instance_list_cells_batch_strategy = distributed log_opt_values /usr/lib/python3/dist-packages/oslo_config/cfg.py:2609
2025-12-22 00:40:48.727 168427 DEBUG oslo_service.service [req-ce48a5e2-158e-4888-81a3-949b8752b594 - - - - -] api.instance_list_per_project_cells = False log_opt_values /usr/lib/python3/dist-packages/oslo_config/cfg.py:2609
2025-12-22 00:40:48.727 168427 DEBUG oslo_service.service [req-ce48a5e2-158e-4888-81a3-949b8752b594 - - - - -] api.list_records_by_skipping_down_cells = True log_opt_values /usr/lib/python3/dist-packages/oslo_config/cfg.py:2609
2025-12-22 00:40:48.727 168427 DEBUG oslo_service.service [req-ce48a5e2-158e-4888-81a3-949b8752b594 - - - - -] api.local_metadata_per_cell = False log_opt_values /usr/lib/python3/dist-packages/oslo_config/cfg.py:2609
2025-12-22 00:40:48.727 168427 DEBUG oslo_service.service [req-ce48a5e2-158e-4888-81a3-949b8752b594 - - - - -] api.max_limit = 1000 log_opt_values /usr/lib/python3/dist-packages/oslo_config/cfg.py:2609
2025-12-22 00:40:48.728 168427 DEBUG oslo_service.service [req-ce48a5e2-158e-4888-81a3-949b8752b594 - - - - -] api.metadata_cache_expiration = 15 log_opt_values /usr/lib/python3/dist-packages/oslo_config/cfg.py:2609
2025-12-22 00:40:48.728 168427 DEBUG oslo_service.service [req-ce48a5e2-158e-4888-81a3-949b8752b594 - - - - -] api.neutron_default_tenant_id = default log_opt_values /usr/lib/python3/dist-packages/oslo_config/cfg.py:2609
2025-12-22 00:40:48.728 168427 DEBUG oslo_service.service [req-ce48a5e2-158e-4888-81a3-949b8752b594 - - - - -] api.use_forwarded_for = False log_opt_values /usr/lib/python3/dist-packages/oslo_config/cfg.py:2609
2025-12-22 00:40:48.728 168427 DEBUG oslo_service.service [req-ce48a5e2-158e-4888-81a3-949b8752b594 - - - - -] api.use_neutron_default_nets = False log_opt_values /usr/lib/python3/dist-packages/oslo_config/cfg.py:2609
2025-12-22 00:40:48.728 168427 DEBUG oslo_service.service [req-ce48a5e2-158e-4888-81a3-949b8752b594 - - - - -] api.vendordata_dynamic_connect_timeout = 5 log_opt_values /usr/lib/python3/dist-packages/oslo_config/cfg.py:2609
2025-12-22 00:40:48.729 168427 DEBUG oslo_service.service [req-ce48a5e2-158e-4888-81a3-949b8752b594 - - - - -] api.vendordata_dynamic_failure_fatal = False log_opt_values /usr/lib/python3/dist-packages/oslo_config/cfg.py:2609
2025-12-22 00:40:48.729 168427 DEBUG oslo_service.service [req-ce48a5e2-158e-4888-81a3-949b8752b594 - - - - -] api.vendordata_dynamic_read_timeout = 5 log_opt_values /usr/lib/python3/dist-packages/oslo_config/cfg.py:2609
2025-12-22 00:40:48.729 168427 DEBUG oslo_service.service [req-ce48a5e2-158e-4888-81a3-949b8752b594 - - - - -] api.vendordata_dynamic_ssl_certfile = log_opt_values /usr/lib/python3/dist-packages/oslo_config/cfg.py:2609
2025-12-22 00:40:48.729 168427 DEBUG oslo_service.service [req-ce48a5e2-158e-4888-81a3-949b8752b594 - - - - -] api.vendordata_dynamic_targets = [] log_opt_values /usr/lib/python3/dist-packages/oslo_config/cfg.py:2609
2025-12-22 00:40:48.729 168427 DEBUG oslo_service.service [req-ce48a5e2-158e-4888-81a3-949b8752b594 - - - - -] api.vendordata_jsonfile_path = None log_opt_values /usr/lib/python3/dist-packages/oslo_config/cfg.py:2609
2025-12-22 00:40:48.729 168427 DEBUG oslo_service.service [req-ce48a5e2-158e-4888-81a3-949b8752b594 - - - - -] api.vendordata_providers = ['StaticJSON'] log_opt_values /usr/lib/python3/dist-packages/oslo_config/cfg.py:2609
2025-12-22 00:40:48.730 168427 DEBUG oslo_service.service [req-ce48a5e2-158e-4888-81a3-949b8752b594 - - - - -] cache.backend = dogpile.cache.null log_opt_values /usr/lib/python3/dist-packages/oslo_config/cfg.py:2609
2025-12-22 00:40:48.730 168427 DEBUG oslo_service.service [req-ce48a5e2-158e-4888-81a3-949b8752b594 - - - - -] cache.backend_argument = **** log_opt_values /usr/lib/python3/dist-packages/oslo_config/cfg.py:2609
2025-12-22 00:40:48.731 168427 DEBUG oslo_service.service [req-ce48a5e2-158e-4888-81a3-949b8752b594 - - - - -] cache.config_prefix = cache.oslo log_opt_values /usr/lib/python3/dist-packages/oslo_config/cfg.py:2609
2025-12-22 00:40:48.734 168427 DEBUG oslo_service.service [req-ce48a5e2-158e-4888-81a3-949b8752b594 - - - - -] cache.debug_cache_backend = False log_opt_values /usr/lib/python3/dist-packages/oslo_config/cfg.py:2609
2025-12-22 00:40:48.735 168427 DEBUG oslo_service.service [req-ce48a5e2-158e-4888-81a3-949b8752b594 - - - - -] cache.enabled = False log_opt_values /usr/lib/python3/dist-packages/oslo_config/cfg.py:2609
2025-12-22 00:40:48.736 168427 DEBUG oslo_service.service [req-ce48a5e2-158e-4888-81a3-949b8752b594 - - - - -] cache.expiration_time = 600 log_opt_values /usr/lib/python3/dist-packages/oslo_config/cfg.py:2609
2025-12-22 00:40:48.736 168427 DEBUG oslo_service.service [req-ce48a5e2-158e-4888-81a3-949b8752b594 - - - - -] cache.memcache_dead_retry = 300 log_opt_values /usr/lib/python3/dist-packages/oslo_config/cfg.py:2609
2025-12-22 00:40:48.737 168427 DEBUG oslo_service.service [req-ce48a5e2-158e-4888-81a3-949b8752b594 - - - - -] cache.memcache_pool_connection_get_timeout = 10 log_opt_values /usr/lib/python3/dist-packages/oslo_config/cfg.py:2609
2025-12-22 00:40:48.737 168427 DEBUG oslo_service.service [req-ce48a5e2-158e-4888-81a3-949b8752b594 - - - - -] cache.memcache_pool_flush_on_reconnect = False log_opt_values /usr/lib/python3/dist-packages/oslo_config/cfg.py:2609
2025-12-22 00:40:48.738 168427 DEBUG oslo_service.service [req-ce48a5e2-158e-4888-81a3-949b8752b594 - - - - -] cache.memcache_pool_maxsize = 10 log_opt_values /usr/lib/python3/dist-packages/oslo_config/cfg.py:2609
2025-12-22 00:40:48.739 168427 DEBUG oslo_service.service [req-ce48a5e2-158e-4888-81a3-949b8752b594 - - - - -] cache.memcache_pool_unused_timeout = 60 log_opt_values /usr/lib/python3/dist-packages/oslo_config/cfg.py:2609
2025-12-22 00:40:48.740 168427 DEBUG oslo_service.service [req-ce48a5e2-158e-4888-81a3-949b8752b594 - - - - -] cache.memcache_servers = ['localhost:11211'] log_opt_values /usr/lib/python3/dist-packages/oslo_config/cfg.py:2609
2025-12-22 00:40:48.741 168427 DEBUG oslo_service.service [req-ce48a5e2-158e-4888-81a3-949b8752b594 - - - - -] cache.memcache_socket_timeout = 1.0 log_opt_values /usr/lib/python3/dist-packages/oslo_config/cfg.py:2609
2025-12-22 00:40:48.741 168427 DEBUG oslo_service.service [req-ce48a5e2-158e-4888-81a3-949b8752b594 - - - - -] cache.proxies = [] log_opt_values /usr/lib/python3/dist-packages/oslo_config/cfg.py:2609
2025-12-22 00:40:48.741 168427 DEBUG oslo_service.service [req-ce48a5e2-158e-4888-81a3-949b8752b594 - - - - -] cache.tls_allowed_ciphers = None log_opt_values /usr/lib/python3/dist-packages/oslo_config/cfg.py:2609
2025-12-22 00:40:48.741 168427 DEBUG oslo_service.service [req-ce48a5e2-158e-4888-81a3-949b8752b594 - - - - -] cache.tls_cafile = None log_opt_values /usr/lib/python3/dist-packages/oslo_config/cfg.py:2609
2025-12-22 00:40:48.742 168427 DEBUG oslo_service.service [req-ce48a5e2-158e-4888-81a3-949b8752b594 - - - - -] cache.tls_certfile = None log_opt_values /usr/lib/python3/dist-packages/oslo_config/cfg.py:2609
2025-12-22 00:40:48.742 168427 DEBUG oslo_service.service [req-ce48a5e2-158e-4888-81a3-949b8752b594 - - - - -] cache.tls_enabled = False log_opt_values /usr/lib/python3/dist-packages/oslo_config/cfg.py:2609
2025-12-22 00:40:48.742 168427 DEBUG oslo_service.service [req-ce48a5e2-158e-4888-81a3-949b8752b594 - - - - -] cache.tls_keyfile = None log_opt_values /usr/lib/python3/dist-packages/oslo_config/cfg.py:2609
2025-12-22 00:40:48.742 168427 DEBUG oslo_service.service [req-ce48a5e2-158e-4888-81a3-949b8752b594 - - - - -] cinder.auth_section = None log_opt_values /usr/lib/python3/dist-packages/oslo_config/cfg.py:2609
2025-12-22 00:40:48.743 168427 DEBUG oslo_service.service [req-ce48a5e2-158e-4888-81a3-949b8752b594 - - - - -] cinder.auth_type = None log_opt_values /usr/lib/python3/dist-packages/oslo_config/cfg.py:2609
2025-12-22 00:40:48.743 168427 DEBUG oslo_service.service [req-ce48a5e2-158e-4888-81a3-949b8752b594 - - - - -] cinder.cafile = None log_opt_values /usr/lib/python3/dist-packages/oslo_config/cfg.py:2609
2025-12-22 00:40:48.743 168838 DEBUG oslo_messaging._drivers.amqpdriver [-] Listener is running poll /usr/lib/python3/dist-packages/oslo_messaging/_drivers/amqpdriver.py:343
2025-12-22 00:40:48.743 168427 DEBUG oslo_service.service [req-ce48a5e2-158e-4888-81a3-949b8752b594 - - - - -] cinder.catalog_info = volumev3::publicURL log_opt_values /usr/lib/python3/dist-packages/oslo_config/cfg.py:2609
2025-12-22 00:40:48.743 168838 DEBUG oslo_messaging._drivers.amqpdriver [-] AMQPListener connection consume poll /usr/lib/python3/dist-packages/oslo_messaging/_drivers/amqpdriver.py:357
2025-12-22 00:40:48.743 168839 DEBUG oslo_messaging._drivers.amqpdriver [-] Listener is running poll /usr/lib/python3/dist-packages/oslo_messaging/_drivers/amqpdriver.py:343
2025-12-22 00:40:48.743 168427 DEBUG oslo_service.service [req-ce48a5e2-158e-4888-81a3-949b8752b594 - - - - -] cinder.certfile = None log_opt_values /usr/lib/python3/dist-packages/oslo_config/cfg.py:2609
2025-12-22 00:40:48.743 168839 DEBUG oslo_messaging._drivers.amqpdriver [-] AMQPListener connection consume poll /usr/lib/python3/dist-packages/oslo_messaging/_drivers/amqpdriver.py:357
2025-12-22 00:40:48.744 168427 DEBUG oslo_service.service [req-ce48a5e2-158e-4888-81a3-949b8752b594 - - - - -] cinder.collect_timing = False log_opt_values /usr/lib/python3/dist-packages/oslo_config/cfg.py:2609
2025-12-22 00:40:48.743 168841 DEBUG oslo_messaging._drivers.amqpdriver [-] Listener is running poll /usr/lib/python3/dist-packages/oslo_messaging/_drivers/amqpdriver.py:343
2025-12-22 00:40:48.744 168427 DEBUG oslo_service.service [req-ce48a5e2-158e-4888-81a3-949b8752b594 - - - - -] cinder.cross_az_attach = True log_opt_values /usr/lib/python3/dist-packages/oslo_config/cfg.py:2609
2025-12-22 00:40:48.744 168841 DEBUG oslo_messaging._drivers.amqpdriver [-] AMQPListener connection consume poll /usr/lib/python3/dist-packages/oslo_messaging/_drivers/amqpdriver.py:357
2025-12-22 00:40:48.744 168427 DEBUG oslo_service.service [req-ce48a5e2-158e-4888-81a3-949b8752b594 - - - - -] cinder.debug = False log_opt_values /usr/lib/python3/dist-packages/oslo_config/cfg.py:2609
2025-12-22 00:40:48.744 168427 DEBUG oslo_service.service [req-ce48a5e2-158e-4888-81a3-949b8752b594 - - - - -] cinder.endpoint_template = None log_opt_values /usr/lib/python3/dist-packages/oslo_config/cfg.py:2609
2025-12-22 00:40:48.744 168839 DEBUG nova.service [req-cf056014-906c-42ec-a10d-169be0450a41 - - - - -] Join ServiceGroup membership for this service scheduler start /usr/lib/python3/dist-packages/nova/service.py:199
2025-12-22 00:40:48.744 168427 DEBUG oslo_service.service [req-ce48a5e2-158e-4888-81a3-949b8752b594 - - - - -] cinder.http_retries = 3 log_opt_values /usr/lib/python3/dist-packages/oslo_config/cfg.py:2609
2025-12-22 00:40:48.744 168427 DEBUG oslo_service.service [req-ce48a5e2-158e-4888-81a3-949b8752b594 - - - - -] cinder.insecure = False log_opt_values /usr/lib/python3/dist-packages/oslo_config/cfg.py:2609
2025-12-22 00:40:48.744 168838 DEBUG nova.service [req-ff73ba70-99a7-4a22-8a3b-465ce01f2115 - - - - -] Join ServiceGroup membership for this service scheduler start /usr/lib/python3/dist-packages/nova/service.py:199
2025-12-22 00:40:48.744 168841 DEBUG nova.service [req-066ae230-6572-4c20-b86e-c44ad3fa373d - - - - -] Join ServiceGroup membership for this service scheduler start /usr/lib/python3/dist-packages/nova/service.py:199
2025-12-22 00:40:48.745 168427 DEBUG oslo_service.service [req-ce48a5e2-158e-4888-81a3-949b8752b594 - - - - -] cinder.keyfile = None log_opt_values /usr/lib/python3/dist-packages/oslo_config/cfg.py:2609
2025-12-22 00:40:48.745 168838 DEBUG nova.servicegroup.drivers.db [req-ff73ba70-99a7-4a22-8a3b-465ce01f2115 - - - - -] DB_Driver: join new ServiceGroup member juju-225e44-0-lxd-7 to the scheduler group, service = join /usr/lib/python3/dist-packages/nova/servicegroup/drivers/db.py:44
2025-12-22 00:40:48.745 168427 DEBUG oslo_service.service [req-ce48a5e2-158e-4888-81a3-949b8752b594 - - - - -] cinder.os_region_name = None log_opt_values /usr/lib/python3/dist-packages/oslo_config/cfg.py:2609
2025-12-22 00:40:48.745 168841 DEBUG nova.servicegroup.drivers.db [req-066ae230-6572-4c20-b86e-c44ad3fa373d - - - - -] DB_Driver: join new ServiceGroup member juju-225e44-0-lxd-7 to the scheduler group, service = join /usr/lib/python3/dist-packages/nova/servicegroup/drivers/db.py:44
2025-12-22 00:40:48.745 168427 DEBUG oslo_service.service [req-ce48a5e2-158e-4888-81a3-949b8752b594 - - - - -] cinder.split_loggers = False log_opt_values /usr/lib/python3/dist-packages/oslo_config/cfg.py:2609
2025-12-22 00:40:48.745 168427 DEBUG oslo_service.service [req-ce48a5e2-158e-4888-81a3-949b8752b594 - - - - -] cinder.timeout = None log_opt_values /usr/lib/python3/dist-packages/oslo_config/cfg.py:2609
2025-12-22 00:40:48.745 168839 DEBUG nova.servicegroup.drivers.db [req-cf056014-906c-42ec-a10d-169be0450a41 - - - - -] DB_Driver: join new ServiceGroup member juju-225e44-0-lxd-7 to the scheduler group, service = join /usr/lib/python3/dist-packages/nova/servicegroup/drivers/db.py:44
2025-12-22 00:40:48.745 168427 DEBUG oslo_service.service [req-ce48a5e2-158e-4888-81a3-949b8752b594 - - - - -] compute.consecutive_build_service_disable_threshold = 10 log_opt_values /usr/lib/python3/dist-packages/oslo_config/cfg.py:2609
2025-12-22 00:40:48.746 168427 DEBUG oslo_service.service [req-ce48a5e2-158e-4888-81a3-949b8752b594 - - - - -] compute.cpu_dedicated_set = None log_opt_values /usr/lib/python3/dist-packages/oslo_config/cfg.py:2609
2025-12-22 00:40:48.746 168427 DEBUG oslo_service.service [req-ce48a5e2-158e-4888-81a3-949b8752b594 - - - - -] compute.cpu_shared_set = None log_opt_values /usr/lib/python3/dist-packages/oslo_config/cfg.py:2609
2025-12-22 00:40:48.747 168838 DEBUG oslo_messaging._drivers.amqpdriver [-] AMQPListener connection timeout poll /usr/lib/python3/dist-packages/oslo_messaging/_drivers/amqpdriver.py:360
2025-12-22 00:40:48.747 168838 DEBUG oslo_messaging._drivers.amqpdriver [-] Listener is running poll /usr/lib/python3/dist-packages/oslo_messaging/_drivers/amqpdriver.py:343
2025-12-22 00:40:48.747 168838 DEBUG oslo_messaging._drivers.amqpdriver [-] AMQPListener connection consume poll /usr/lib/python3/dist-packages/oslo_messaging/_drivers/amqpdriver.py:357
2025-12-22 00:40:48.747 168427 DEBUG oslo_service.service [req-ce48a5e2-158e-4888-81a3-949b8752b594 - - - - -] compute.image_type_exclude_list = [] log_opt_values /usr/lib/python3/dist-packages/oslo_config/cfg.py:2609
2025-12-22 00:40:48.747 168841 DEBUG oslo_messaging._drivers.amqpdriver [-] AMQPListener connection timeout poll /usr/lib/python3/dist-packages/oslo_messaging/_drivers/amqpdriver.py:360
2025-12-22 00:40:48.747 168841 DEBUG oslo_messaging._drivers.amqpdriver [-] Listener is running poll /usr/lib/python3/dist-packages/oslo_messaging/_drivers/amqpdriver.py:343
2025-12-22 00:40:48.747 168427 DEBUG oslo_service.service [req-ce48a5e2-158e-4888-81a3-949b8752b594 - - - - -] compute.live_migration_wait_for_vif_plug = True log_opt_values /usr/lib/python3/dist-packages/oslo_config/cfg.py:2609
2025-12-22 00:40:48.747 168841 DEBUG oslo_messaging._drivers.amqpdriver [-] AMQPListener connection consume poll /usr/lib/python3/dist-packages/oslo_messaging/_drivers/amqpdriver.py:357
2025-12-22 00:40:48.747 168427 DEBUG oslo_service.service [req-ce48a5e2-158e-4888-81a3-949b8752b594 - - - - -] compute.max_concurrent_disk_ops = 0 log_opt_values /usr/lib/python3/dist-packages/oslo_config/cfg.py:2609
2025-12-22 00:40:48.748 168427 DEBUG oslo_service.service [req-ce48a5e2-158e-4888-81a3-949b8752b594 - - - - -] compute.max_disk_devices_to_attach = -1 log_opt_values /usr/lib/python3/dist-packages/oslo_config/cfg.py:2609
2025-12-22 00:40:48.748 168427 DEBUG oslo_service.service [req-ce48a5e2-158e-4888-81a3-949b8752b594 - - - - -] compute.packing_host_numa_cells_allocation_strategy = True log_opt_values /usr/lib/python3/dist-packages/oslo_config/cfg.py:2609
2025-12-22 00:40:48.748 168427 DEBUG oslo_service.service [req-ce48a5e2-158e-4888-81a3-949b8752b594 - - - - -] compute.provider_config_location = /etc/nova/provider_config/ log_opt_values /usr/lib/python3/dist-packages/oslo_config/cfg.py:2609
2025-12-22 00:40:48.748 168427 DEBUG oslo_service.service [req-ce48a5e2-158e-4888-81a3-949b8752b594 - - - - -] compute.resource_provider_association_refresh = 300 log_opt_values /usr/lib/python3/dist-packages/oslo_config/cfg.py:2609
2025-12-22 00:40:48.748 168427 DEBUG oslo_service.service [req-ce48a5e2-158e-4888-81a3-949b8752b594 - - - - -] compute.shutdown_retry_interval = 10 log_opt_values /usr/lib/python3/dist-packages/oslo_config/cfg.py:2609
2025-12-22 00:40:48.749 168427 DEBUG oslo_service.service [req-ce48a5e2-158e-4888-81a3-949b8752b594 - - - - -] compute.vmdk_allowed_types = ['streamOptimized', 'monolithicSparse'] log_opt_values /usr/lib/python3/dist-packages/oslo_config/cfg.py:2609
2025-12-22 00:40:48.749 168839 DEBUG oslo_messaging._drivers.amqpdriver [-] AMQPListener connection timeout poll /usr/lib/python3/dist-packages/oslo_messaging/_drivers/amqpdriver.py:360
2025-12-22 00:40:48.749 168427 DEBUG oslo_service.service [req-ce48a5e2-158e-4888-81a3-949b8752b594 - - - - -] conductor.workers = 4 log_opt_values /usr/lib/python3/dist-packages/oslo_config/cfg.py:2609
2025-12-22 00:40:48.749 168839 DEBUG oslo_messaging._drivers.amqpdriver [-] Listener is running poll /usr/lib/python3/dist-packages/oslo_messaging/_drivers/amqpdriver.py:343
2025-12-22 00:40:48.749 168427 DEBUG oslo_service.service [req-ce48a5e2-158e-4888-81a3-949b8752b594 - - - - -] console.allowed_origins = [] log_opt_values /usr/lib/python3/dist-packages/oslo_config/cfg.py:2609
2025-12-22 00:40:48.749 168839 DEBUG oslo_messaging._drivers.amqpdriver [-] AMQPListener connection consume poll /usr/lib/python3/dist-packages/oslo_messaging/_drivers/amqpdriver.py:357
2025-12-22 00:40:48.749 168427 DEBUG oslo_service.service [req-ce48a5e2-158e-4888-81a3-949b8752b594 - - - - -] console.ssl_ciphers = None log_opt_values /usr/lib/python3/dist-packages/oslo_config/cfg.py:2609
2025-12-22 00:40:48.750 168427 DEBUG oslo_service.service [req-ce48a5e2-158e-4888-81a3-949b8752b594 - - - - -] console.ssl_minimum_version = default log_opt_values /usr/lib/python3/dist-packages/oslo_config/cfg.py:2609
2025-12-22 00:40:48.750 168427 DEBUG oslo_service.service [req-ce48a5e2-158e-4888-81a3-949b8752b594 - - - - -] consoleauth.token_ttl = 600 log_opt_values /usr/lib/python3/dist-packages/oslo_config/cfg.py:2609
2025-12-22 00:40:48.750 168427 DEBUG oslo_service.service [req-ce48a5e2-158e-4888-81a3-949b8752b594 - - - - -] cyborg.cafile = None log_opt_values /usr/lib/python3/dist-packages/oslo_config/cfg.py:2609
2025-12-22 00:40:48.750 168427 DEBUG oslo_service.service [req-ce48a5e2-158e-4888-81a3-949b8752b594 - - - - -] cyborg.certfile = None log_opt_values /usr/lib/python3/dist-packages/oslo_config/cfg.py:2609
2025-12-22 00:40:48.751 168427 DEBUG oslo_service.service [req-ce48a5e2-158e-4888-81a3-949b8752b594 - - - - -] cyborg.collect_timing = False log_opt_values /usr/lib/python3/dist-packages/oslo_config/cfg.py:2609
