2025-12-22 01:57:12.456 7 DEBUG oslo_service.service [-] ml2_type_gre.tunnel_id_ranges = [] log_opt_values /var/lib/kolla/venv/lib/python3.6/site-packages/oslo_config/cfg.py:2611
2025-12-22 01:57:12.456 7 DEBUG oslo_service.service [-] ml2_type_vlan.network_vlan_ranges = [] log_opt_values /var/lib/kolla/venv/lib/python3.6/site-packages/oslo_config/cfg.py:2611
2025-12-22 01:57:12.456 7 DEBUG oslo_service.service [-] ml2_type_vxlan.vni_ranges = [] log_opt_values /var/lib/kolla/venv/lib/python3.6/site-packages/oslo_config/cfg.py:2611
2025-12-22 01:57:12.456 7 DEBUG oslo_service.service [-] ml2_type_vxlan.vxlan_group = None log_opt_values /var/lib/kolla/venv/lib/python3.6/site-packages/oslo_config/cfg.py:2611
2025-12-22 01:57:12.457 7 DEBUG oslo_service.service [-] database.backend = sqlalchemy log_opt_values /var/lib/kolla/venv/lib/python3.6/site-packages/oslo_config/cfg.py:2611
2025-12-22 01:57:12.457 7 DEBUG oslo_service.service [-] database.connection = **** log_opt_values /var/lib/kolla/venv/lib/python3.6/site-packages/oslo_config/cfg.py:2611
2025-12-22 01:57:12.457 7 DEBUG oslo_service.service [-] database.connection_debug = 0 log_opt_values /var/lib/kolla/venv/lib/python3.6/site-packages/oslo_config/cfg.py:2611
2025-12-22 01:57:12.457 7 DEBUG oslo_service.service [-] database.connection_parameters = log_opt_values /var/lib/kolla/venv/lib/python3.6/site-packages/oslo_config/cfg.py:2611
2025-12-22 01:57:12.457 7 DEBUG oslo_service.service [-] database.connection_recycle_time = 10 log_opt_values /var/lib/kolla/venv/lib/python3.6/site-packages/oslo_config/cfg.py:2611
2025-12-22 01:57:12.457 7 DEBUG oslo_service.service [-] database.connection_trace = False log_opt_values /var/lib/kolla/venv/lib/python3.6/site-packages/oslo_config/cfg.py:2611
2025-12-22 01:57:12.457 7 DEBUG oslo_service.service [-] database.db_inc_retry_interval = True log_opt_values /var/lib/kolla/venv/lib/python3.6/site-packages/oslo_config/cfg.py:2611
2025-12-22 01:57:12.457 7 DEBUG oslo_service.service [-] database.db_max_retries = 20 log_opt_values /var/lib/kolla/venv/lib/python3.6/site-packages/oslo_config/cfg.py:2611
2025-12-22 01:57:12.457 7 DEBUG oslo_service.service [-] database.db_max_retry_interval = 10 log_opt_values /var/lib/kolla/venv/lib/python3.6/site-packages/oslo_config/cfg.py:2611
2025-12-22 01:57:12.457 7 DEBUG oslo_service.service [-] database.db_retry_interval = 1 log_opt_values /var/lib/kolla/venv/lib/python3.6/site-packages/oslo_config/cfg.py:2611
2025-12-22 01:57:12.457 7 DEBUG oslo_service.service [-] database.max_overflow = 50 log_opt_values /var/lib/kolla/venv/lib/python3.6/site-packages/oslo_config/cfg.py:2611
2025-12-22 01:57:12.457 7 DEBUG oslo_service.service [-] database.max_pool_size = 1 log_opt_values /var/lib/kolla/venv/lib/python3.6/site-packages/oslo_config/cfg.py:2611
2025-12-22 01:57:12.457 7 DEBUG oslo_service.service [-] database.max_retries = -1 log_opt_values /var/lib/kolla/venv/lib/python3.6/site-packages/oslo_config/cfg.py:2611
2025-12-22 01:57:12.457 7 DEBUG oslo_service.service [-] database.mysql_enable_ndb = False log_opt_values /var/lib/kolla/venv/lib/python3.6/site-packages/oslo_config/cfg.py:2611
2025-12-22 01:57:12.457 7 DEBUG oslo_service.service [-] database.mysql_sql_mode = TRADITIONAL log_opt_values /var/lib/kolla/venv/lib/python3.6/site-packages/oslo_config/cfg.py:2611
2025-12-22 01:57:12.458 7 DEBUG oslo_service.service [-] database.pool_timeout = None log_opt_values /var/lib/kolla/venv/lib/python3.6/site-packages/oslo_config/cfg.py:2611
2025-12-22 01:57:12.458 7 DEBUG oslo_service.service [-] database.retry_interval = 10 log_opt_values /var/lib/kolla/venv/lib/python3.6/site-packages/oslo_config/cfg.py:2611
2025-12-22 01:57:12.458 7 DEBUG oslo_service.service [-] database.slave_connection = **** log_opt_values /var/lib/kolla/venv/lib/python3.6/site-packages/oslo_config/cfg.py:2611
2025-12-22 01:57:12.458 7 DEBUG oslo_service.service [-] database.sqlite_synchronous = True log_opt_values /var/lib/kolla/venv/lib/python3.6/site-packages/oslo_config/cfg.py:2611
2025-12-22 01:57:12.458 7 DEBUG oslo_service.service [-] database.use_db_reconnect = False log_opt_values /var/lib/kolla/venv/lib/python3.6/site-packages/oslo_config/cfg.py:2611
2025-12-22 01:57:12.458 7 DEBUG oslo_service.service [-] ******************************************************************************** log_opt_values /var/lib/kolla/venv/lib/python3.6/site-packages/oslo_config/cfg.py:2613
2025-12-22 01:57:13.832 22 DEBUG neutron.wsgi [-] (22) accepted ('10.0.0.131', 60568) server /var/lib/kolla/venv/lib/python3.6/site-packages/eventlet/wsgi.py:1004
2025-12-22 01:57:13.840 22 INFO neutron.wsgi [-] 10.0.0.131 "GET / HTTP/1.1" status: 200 len: 228 time: 0.0066957
2025-12-22 01:57:16.634 23 DEBUG neutron.api.rpc.handlers.dhcp_rpc [req-d2ede1d0-365e-4c2e-818f-3ad000b91658 - - - - -] get_active_networks_info from cn-jenkins-deploy-platform-ansible-os-4917-1 get_active_networks_info /var/lib/kolla/venv/lib/python3.6/site-packages/neutron/api/rpc/handlers/dhcp_rpc.py:159
2025-12-22 01:57:16.658 26 DEBUG neutron_lib.callbacks.manager [req-a2d38eee-ae5b-4160-ac1e-1c1b0e9c89af - - - - -] Publish callbacks ['neutron.services.segments.db._update_segment_host_mapping_for_agent-8761122431603', 'neutron.services.l3_router.l3_router_plugin.DVRResourceOperationHandler.create_fip_agent_gw_ports-1640451'] for agent (c5132524-29b4-42db-8c12-0c7e8de1042b), after_create _notify_loop /var/lib/kolla/venv/lib/python3.6/site-packages/neutron_lib/callbacks/manager.py:177
2025-12-22 01:57:16.675 23 DEBUG neutron.scheduler.dhcp_agent_scheduler [req-d2ede1d0-365e-4c2e-818f-3ad000b91658 - - - - -] No non-hosted networks auto_schedule_networks /var/lib/kolla/venv/lib/python3.6/site-packages/neutron/scheduler/dhcp_agent_scheduler.py:60
2025-12-22 01:57:37.740 27 DEBUG neutron_lib.callbacks.manager [req-21cb1eb1-0df8-4f5a-a0a6-9af22394575f - - - - -] Publish callbacks ['neutron.services.segments.db._update_segment_host_mapping_for_agent-8761122431603', 'neutron.services.l3_router.l3_router_plugin.DVRResourceOperationHandler.create_fip_agent_gw_ports-1640451'] for agent (7e6f18c6-59cf-46bb-900f-a4882f893be1), after_create _notify_loop /var/lib/kolla/venv/lib/python3.6/site-packages/neutron_lib/callbacks/manager.py:177
2025-12-22 01:57:43.885 22 DEBUG neutron.wsgi [-] (22) accepted ('10.0.0.131', 40336) server /var/lib/kolla/venv/lib/python3.6/site-packages/eventlet/wsgi.py:1004
2025-12-22 01:57:43.889 22 INFO neutron.wsgi [-] 10.0.0.131 "GET / HTTP/1.1" status: 200 len: 228 time: 0.0035744
2025-12-22 01:57:46.650 28 DEBUG neutron_lib.callbacks.manager [req-90d7dd2a-d7d2-4d1e-8bce-c325cb6130a5 - - - - -] Publish callbacks ['neutron.services.segments.db._update_segment_host_mapping_for_agent-8761122431603', 'neutron.plugins.ml2.plugin.Ml2Plugin._retry_binding_revived_agents--9223372036851358832'] for agent (c5132524-29b4-42db-8c12-0c7e8de1042b), after_update _notify_loop /var/lib/kolla/venv/lib/python3.6/site-packages/neutron_lib/callbacks/manager.py:177
2025-12-22 01:58:07.710 23 DEBUG neutron_lib.callbacks.manager [req-21cb1eb1-0df8-4f5a-a0a6-9af22394575f - - - - -] Publish callbacks ['neutron.services.segments.db._update_segment_host_mapping_for_agent-8761122431603', 'neutron.plugins.ml2.plugin.Ml2Plugin._retry_binding_revived_agents--9223372036851358832'] for agent (7e6f18c6-59cf-46bb-900f-a4882f893be1), after_update _notify_loop /var/lib/kolla/venv/lib/python3.6/site-packages/neutron_lib/callbacks/manager.py:177
2025-12-22 01:58:08.361 29 DEBUG neutron.db.agents_db [req-282aae46-04db-44d9-bd69-b3caa6a5dca2 - - - - -] Agent healthcheck: found 2 active agents agent_health_check /var/lib/kolla/venv/lib/python3.6/site-packages/neutron/db/agents_db.py:318
2025-12-22 01:58:13.932 22 DEBUG neutron.wsgi [-] (22) accepted ('10.0.0.131', 47170) server /var/lib/kolla/venv/lib/python3.6/site-packages/eventlet/wsgi.py:1004
2025-12-22 01:58:13.936 22 INFO neutron.wsgi [-] 10.0.0.131 "GET / HTTP/1.1" status: 200 len: 228 time: 0.0029752
2025-12-22 01:58:16.654 25 DEBUG neutron_lib.callbacks.manager [req-c43f69a3-c769-4644-ade1-6ad3b678f8da - - - - -] Publish callbacks ['neutron.services.segments.db._update_segment_host_mapping_for_agent-8761122431603', 'neutron.plugins.ml2.plugin.Ml2Plugin._retry_binding_revived_agents--9223372036851358832'] for agent (c5132524-29b4-42db-8c12-0c7e8de1042b), after_update _notify_loop /var/lib/kolla/venv/lib/python3.6/site-packages/neutron_lib/callbacks/manager.py:177
2025-12-22 01:58:37.721 24 DEBUG neutron_lib.callbacks.manager [req-21cb1eb1-0df8-4f5a-a0a6-9af22394575f - - - - -] Publish callbacks ['neutron.services.segments.db._update_segment_host_mapping_for_agent-8761122431603', 'neutron.plugins.ml2.plugin.Ml2Plugin._retry_binding_revived_agents--9223372036851358832'] for agent (7e6f18c6-59cf-46bb-900f-a4882f893be1), after_update _notify_loop /var/lib/kolla/venv/lib/python3.6/site-packages/neutron_lib/callbacks/manager.py:177
2025-12-22 01:58:43.978 22 DEBUG neutron.wsgi [-] (22) accepted ('10.0.0.131', 54176) server /var/lib/kolla/venv/lib/python3.6/site-packages/eventlet/wsgi.py:1004
2025-12-22 01:58:43.983 22 INFO neutron.wsgi [-] 10.0.0.131 "GET / HTTP/1.1" status: 200 len: 228 time: 0.0032539
2025-12-22 01:58:45.348 29 DEBUG neutron.db.agents_db [req-282aae46-04db-44d9-bd69-b3caa6a5dca2 - - - - -] Agent healthcheck: found 2 active agents agent_health_check /var/lib/kolla/venv/lib/python3.6/site-packages/neutron/db/agents_db.py:318
2025-12-22 01:58:46.640 26 DEBUG neutron_lib.callbacks.manager [req-fd99c703-837b-4c16-abc8-9a731dbfe09d - - - - -] Publish callbacks ['neutron.services.segments.db._update_segment_host_mapping_for_agent-8761122431603', 'neutron.plugins.ml2.plugin.Ml2Plugin._retry_binding_revived_agents--9223372036851358832'] for agent (c5132524-29b4-42db-8c12-0c7e8de1042b), after_update _notify_loop /var/lib/kolla/venv/lib/python3.6/site-packages/neutron_lib/callbacks/manager.py:177
2025-12-22 01:59:07.711 27 DEBUG neutron_lib.callbacks.manager [req-21cb1eb1-0df8-4f5a-a0a6-9af22394575f - - - - -] Publish callbacks ['neutron.services.segments.db._update_segment_host_mapping_for_agent-8761122431603', 'neutron.plugins.ml2.plugin.Ml2Plugin._retry_binding_revived_agents--9223372036851358832'] for agent (7e6f18c6-59cf-46bb-900f-a4882f893be1), after_update _notify_loop /var/lib/kolla/venv/lib/python3.6/site-packages/neutron_lib/callbacks/manager.py:177
2025-12-22 01:59:14.025 22 DEBUG neutron.wsgi [-] (22) accepted ('10.0.0.131', 50904) server /var/lib/kolla/venv/lib/python3.6/site-packages/eventlet/wsgi.py:1004
2025-12-22 01:59:14.030 22 INFO neutron.wsgi [-] 10.0.0.131 "GET / HTTP/1.1" status: 200 len: 228 time: 0.0033808
2025-12-22 01:59:16.637 28 DEBUG neutron_lib.callbacks.manager [req-d44f1b55-6912-4d03-8d51-ec6a17925098 - - - - -] Publish callbacks ['neutron.services.segments.db._update_segment_host_mapping_for_agent-8761122431603', 'neutron.plugins.ml2.plugin.Ml2Plugin._retry_binding_revived_agents--9223372036851358832'] for agent (c5132524-29b4-42db-8c12-0c7e8de1042b), after_update _notify_loop /var/lib/kolla/venv/lib/python3.6/site-packages/neutron_lib/callbacks/manager.py:177
2025-12-22 01:59:22.345 29 DEBUG neutron.db.agents_db [req-282aae46-04db-44d9-bd69-b3caa6a5dca2 - - - - -] Agent healthcheck: found 2 active agents agent_health_check /var/lib/kolla/venv/lib/python3.6/site-packages/neutron/db/agents_db.py:318
2025-12-22 01:59:37.711 23 DEBUG neutron_lib.callbacks.manager [req-21cb1eb1-0df8-4f5a-a0a6-9af22394575f - - - - -] Publish callbacks ['neutron.services.segments.db._update_segment_host_mapping_for_agent-8761122431603', 'neutron.plugins.ml2.plugin.Ml2Plugin._retry_binding_revived_agents--9223372036851358832'] for agent (7e6f18c6-59cf-46bb-900f-a4882f893be1), after_update _notify_loop /var/lib/kolla/venv/lib/python3.6/site-packages/neutron_lib/callbacks/manager.py:177
2025-12-22 01:59:44.071 22 DEBUG neutron.wsgi [-] (22) accepted ('10.0.0.131', 36652) server /var/lib/kolla/venv/lib/python3.6/site-packages/eventlet/wsgi.py:1004
2025-12-22 01:59:44.074 22 INFO neutron.wsgi [-] 10.0.0.131 "GET / HTTP/1.1" status: 200 len: 228 time: 0.0029359
2025-12-22 01:59:46.635 25 DEBUG neutron_lib.callbacks.manager [req-81a304bd-d82c-445c-b1a2-3a17f4b08f1a - - - - -] Publish callbacks ['neutron.services.segments.db._update_segment_host_mapping_for_agent-8761122431603', 'neutron.plugins.ml2.plugin.Ml2Plugin._retry_binding_revived_agents--9223372036851358832'] for agent (c5132524-29b4-42db-8c12-0c7e8de1042b), after_update _notify_loop /var/lib/kolla/venv/lib/python3.6/site-packages/neutron_lib/callbacks/manager.py:177
2025-12-22 01:59:59.353 29 DEBUG neutron.db.agents_db [req-282aae46-04db-44d9-bd69-b3caa6a5dca2 - - - - -] Agent healthcheck: found 2 active agents agent_health_check /var/lib/kolla/venv/lib/python3.6/site-packages/neutron/db/agents_db.py:318
2025-12-22 02:00:07.717 24 DEBUG neutron_lib.callbacks.manager [req-21cb1eb1-0df8-4f5a-a0a6-9af22394575f - - - - -] Publish callbacks ['neutron.services.segments.db._update_segment_host_mapping_for_agent-8761122431603', 'neutron.plugins.ml2.plugin.Ml2Plugin._retry_binding_revived_agents--9223372036851358832'] for agent (7e6f18c6-59cf-46bb-900f-a4882f893be1), after_update _notify_loop /var/lib/kolla/venv/lib/python3.6/site-packages/neutron_lib/callbacks/manager.py:177
2025-12-22 02:00:14.116 22 DEBUG neutron.wsgi [-] (22) accepted ('10.0.0.131', 41036) server /var/lib/kolla/venv/lib/python3.6/site-packages/eventlet/wsgi.py:1004
2025-12-22 02:00:14.119 22 INFO neutron.wsgi [-] 10.0.0.131 "GET / HTTP/1.1" status: 200 len: 228 time: 0.0027521
2025-12-22 02:00:16.633 26 DEBUG neutron_lib.callbacks.manager [req-f064c44a-51bb-4534-9279-89426aad62d7 - - - - -] Publish callbacks ['neutron.services.segments.db._update_segment_host_mapping_for_agent-8761122431603', 'neutron.plugins.ml2.plugin.Ml2Plugin._retry_binding_revived_agents--9223372036851358832'] for agent (c5132524-29b4-42db-8c12-0c7e8de1042b), after_update _notify_loop /var/lib/kolla/venv/lib/python3.6/site-packages/neutron_lib/callbacks/manager.py:177
2025-12-22 02:00:36.351 29 DEBUG neutron.db.agents_db [req-282aae46-04db-44d9-bd69-b3caa6a5dca2 - - - - -] Agent healthcheck: found 2 active agents agent_health_check /var/lib/kolla/venv/lib/python3.6/site-packages/neutron/db/agents_db.py:318
2025-12-22 02:00:37.719 27 DEBUG neutron_lib.callbacks.manager [req-21cb1eb1-0df8-4f5a-a0a6-9af22394575f - - - - -] Publish callbacks ['neutron.services.segments.db._update_segment_host_mapping_for_agent-8761122431603', 'neutron.plugins.ml2.plugin.Ml2Plugin._retry_binding_revived_agents--9223372036851358832'] for agent (7e6f18c6-59cf-46bb-900f-a4882f893be1), after_update _notify_loop /var/lib/kolla/venv/lib/python3.6/site-packages/neutron_lib/callbacks/manager.py:177
2025-12-22 02:00:44.164 22 DEBUG neutron.wsgi [-] (22) accepted ('10.0.0.131', 45130) server /var/lib/kolla/venv/lib/python3.6/site-packages/eventlet/wsgi.py:1004
2025-12-22 02:00:44.167 22 INFO neutron.wsgi [-] 10.0.0.131 "GET / HTTP/1.1" status: 200 len: 228 time: 0.0029147
2025-12-22 02:00:46.828 28 DEBUG neutron_lib.callbacks.manager [req-759c3002-1210-4952-926e-5c9f3743eeb7 - - - - -] Publish callbacks ['neutron.services.segments.db._update_segment_host_mapping_for_agent-8761122431603', 'neutron.plugins.ml2.plugin.Ml2Plugin._retry_binding_revived_agents--9223372036851358832'] for agent (c5132524-29b4-42db-8c12-0c7e8de1042b), after_update _notify_loop /var/lib/kolla/venv/lib/python3.6/site-packages/neutron_lib/callbacks/manager.py:177
2025-12-22 02:01:07.722 23 DEBUG neutron_lib.callbacks.manager [req-21cb1eb1-0df8-4f5a-a0a6-9af22394575f - - - - -] Publish callbacks ['neutron.services.segments.db._update_segment_host_mapping_for_agent-8761122431603', 'neutron.plugins.ml2.plugin.Ml2Plugin._retry_binding_revived_agents--9223372036851358832'] for agent (7e6f18c6-59cf-46bb-900f-a4882f893be1), after_update _notify_loop /var/lib/kolla/venv/lib/python3.6/site-packages/neutron_lib/callbacks/manager.py:177
2025-12-22 02:01:13.348 29 DEBUG neutron.db.agents_db [req-282aae46-04db-44d9-bd69-b3caa6a5dca2 - - - - -] Agent healthcheck: found 2 active agents agent_health_check /var/lib/kolla/venv/lib/python3.6/site-packages/neutron/db/agents_db.py:318
2025-12-22 02:01:14.214 22 DEBUG neutron.wsgi [-] (22) accepted ('10.0.0.131', 35218) server /var/lib/kolla/venv/lib/python3.6/site-packages/eventlet/wsgi.py:1004
2025-12-22 02:01:14.218 22 INFO neutron.wsgi [-] 10.0.0.131 "GET / HTTP/1.1" status: 200 len: 228 time: 0.0028434
2025-12-22 02:01:16.638 25 DEBUG neutron_lib.callbacks.manager [req-afbbda52-d3df-4809-bc83-30daa506f37f - - - - -] Publish callbacks ['neutron.services.segments.db._update_segment_host_mapping_for_agent-8761122431603', 'neutron.plugins.ml2.plugin.Ml2Plugin._retry_binding_revived_agents--9223372036851358832'] for agent (c5132524-29b4-42db-8c12-0c7e8de1042b), after_update _notify_loop /var/lib/kolla/venv/lib/python3.6/site-packages/neutron_lib/callbacks/manager.py:177
2025-12-22 02:01:37.724 24 DEBUG neutron_lib.callbacks.manager [req-21cb1eb1-0df8-4f5a-a0a6-9af22394575f - - - - -] Publish callbacks ['neutron.services.segments.db._update_segment_host_mapping_for_agent-8761122431603', 'neutron.plugins.ml2.plugin.Ml2Plugin._retry_binding_revived_agents--9223372036851358832'] for agent (7e6f18c6-59cf-46bb-900f-a4882f893be1), after_update _notify_loop /var/lib/kolla/venv/lib/python3.6/site-packages/neutron_lib/callbacks/manager.py:177
2025-12-22 02:01:44.262 22 DEBUG neutron.wsgi [-] (22) accepted ('10.0.0.131', 34486) server /var/lib/kolla/venv/lib/python3.6/site-packages/eventlet/wsgi.py:1004
2025-12-22 02:01:44.268 22 INFO neutron.wsgi [-] 10.0.0.131 "GET / HTTP/1.1" status: 200 len: 228 time: 0.0048456
2025-12-22 02:01:46.656 26 DEBUG neutron_lib.callbacks.manager [req-f4d58fce-5615-44bd-bd0c-98543d5ab409 - - - - -] Publish callbacks ['neutron.services.segments.db._update_segment_host_mapping_for_agent-8761122431603', 'neutron.plugins.ml2.plugin.Ml2Plugin._retry_binding_revived_agents--9223372036851358832'] for agent (c5132524-29b4-42db-8c12-0c7e8de1042b), after_update _notify_loop /var/lib/kolla/venv/lib/python3.6/site-packages/neutron_lib/callbacks/manager.py:177
2025-12-22 02:01:50.359 29 DEBUG neutron.db.agents_db [req-282aae46-04db-44d9-bd69-b3caa6a5dca2 - - - - -] Agent healthcheck: found 2 active agents agent_health_check /var/lib/kolla/venv/lib/python3.6/site-packages/neutron/db/agents_db.py:318
2025-12-22 02:02:07.724 27 DEBUG neutron_lib.callbacks.manager [req-21cb1eb1-0df8-4f5a-a0a6-9af22394575f - - - - -] Publish callbacks ['neutron.services.segments.db._update_segment_host_mapping_for_agent-8761122431603', 'neutron.plugins.ml2.plugin.Ml2Plugin._retry_binding_revived_agents--9223372036851358832'] for agent (7e6f18c6-59cf-46bb-900f-a4882f893be1), after_update _notify_loop /var/lib/kolla/venv/lib/python3.6/site-packages/neutron_lib/callbacks/manager.py:177
2025-12-22 02:02:14.318 22 DEBUG neutron.wsgi [-] (22) accepted ('10.0.0.131', 37010) server /var/lib/kolla/venv/lib/python3.6/site-packages/eventlet/wsgi.py:1004
2025-12-22 02:02:14.321 22 INFO neutron.wsgi [-] 10.0.0.131 "GET / HTTP/1.1" status: 200 len: 228 time: 0.0029054
2025-12-22 02:02:16.637 28 DEBUG neutron_lib.callbacks.manager [req-edb57958-fba9-499f-9b5f-16ace61b9dc6 - - - - -] Publish callbacks ['neutron.services.segments.db._update_segment_host_mapping_for_agent-8761122431603', 'neutron.plugins.ml2.plugin.Ml2Plugin._retry_binding_revived_agents--9223372036851358832'] for agent (c5132524-29b4-42db-8c12-0c7e8de1042b), after_update _notify_loop /var/lib/kolla/venv/lib/python3.6/site-packages/neutron_lib/callbacks/manager.py:177
2025-12-22 02:02:27.358 29 DEBUG neutron.db.agents_db [req-282aae46-04db-44d9-bd69-b3caa6a5dca2 - - - - -] Agent healthcheck: found 2 active agents agent_health_check /var/lib/kolla/venv/lib/python3.6/site-packages/neutron/db/agents_db.py:318
2025-12-22 02:02:37.726 23 DEBUG neutron_lib.callbacks.manager [req-21cb1eb1-0df8-4f5a-a0a6-9af22394575f - - - - -] Publish callbacks ['neutron.services.segments.db._update_segment_host_mapping_for_agent-8761122431603', 'neutron.plugins.ml2.plugin.Ml2Plugin._retry_binding_revived_agents--9223372036851358832'] for agent (7e6f18c6-59cf-46bb-900f-a4882f893be1), after_update _notify_loop /var/lib/kolla/venv/lib/python3.6/site-packages/neutron_lib/callbacks/manager.py:177
2025-12-22 02:02:44.368 22 DEBUG neutron.wsgi [-] (22) accepted ('10.0.0.131', 55686) server /var/lib/kolla/venv/lib/python3.6/site-packages/eventlet/wsgi.py:1004
2025-12-22 02:02:44.372 22 INFO neutron.wsgi [-] 10.0.0.131 "GET / HTTP/1.1" status: 200 len: 228 time: 0.0027473
2025-12-22 02:02:46.640 25 DEBUG neutron_lib.callbacks.manager [req-a2fb312e-dc0c-44b6-8058-b3a0e0a489a6 - - - - -] Publish callbacks ['neutron.services.segments.db._update_segment_host_mapping_for_agent-8761122431603', 'neutron.plugins.ml2.plugin.Ml2Plugin._retry_binding_revived_agents--9223372036851358832'] for agent (c5132524-29b4-42db-8c12-0c7e8de1042b), after_update _notify_loop /var/lib/kolla/venv/lib/python3.6/site-packages/neutron_lib/callbacks/manager.py:177
2025-12-22 02:03:04.355 29 DEBUG neutron.db.agents_db [req-282aae46-04db-44d9-bd69-b3caa6a5dca2 - - - - -] Agent healthcheck: found 2 active agents agent_health_check /var/lib/kolla/venv/lib/python3.6/site-packages/neutron/db/agents_db.py:318
2025-12-22 02:03:07.729 24 DEBUG neutron_lib.callbacks.manager [req-21cb1eb1-0df8-4f5a-a0a6-9af22394575f - - - - -] Publish callbacks ['neutron.services.segments.db._update_segment_host_mapping_for_agent-8761122431603', 'neutron.plugins.ml2.plugin.Ml2Plugin._retry_binding_revived_agents--9223372036851358832'] for agent (7e6f18c6-59cf-46bb-900f-a4882f893be1), after_update _notify_loop /var/lib/kolla/venv/lib/python3.6/site-packages/neutron_lib/callbacks/manager.py:177
2025-12-22 02:03:14.415 22 DEBUG neutron.wsgi [-] (22) accepted ('10.0.0.131', 59492) server /var/lib/kolla/venv/lib/python3.6/site-packages/eventlet/wsgi.py:1004
2025-12-22 02:03:14.419 22 INFO neutron.wsgi [-] 10.0.0.131 "GET / HTTP/1.1" status: 200 len: 228 time: 0.0029683
2025-12-22 02:03:16.638 26 DEBUG neutron_lib.callbacks.manager [req-f9d8c910-2f66-4101-9bf0-795afdaf8526 - - - - -] Publish callbacks ['neutron.services.segments.db._update_segment_host_mapping_for_agent-8761122431603', 'neutron.plugins.ml2.plugin.Ml2Plugin._retry_binding_revived_agents--9223372036851358832'] for agent (c5132524-29b4-42db-8c12-0c7e8de1042b), after_update _notify_loop /var/lib/kolla/venv/lib/python3.6/site-packages/neutron_lib/callbacks/manager.py:177
2025-12-22 02:03:37.731 27 DEBUG neutron_lib.callbacks.manager [req-21cb1eb1-0df8-4f5a-a0a6-9af22394575f - - - - -] Publish callbacks ['neutron.services.segments.db._update_segment_host_mapping_for_agent-8761122431603', 'neutron.plugins.ml2.plugin.Ml2Plugin._retry_binding_revived_agents--9223372036851358832'] for agent (7e6f18c6-59cf-46bb-900f-a4882f893be1), after_update _notify_loop /var/lib/kolla/venv/lib/python3.6/site-packages/neutron_lib/callbacks/manager.py:177
2025-12-22 02:03:41.355 29 DEBUG neutron.db.agents_db [req-282aae46-04db-44d9-bd69-b3caa6a5dca2 - - - - -] Agent healthcheck: found 2 active agents agent_health_check /var/lib/kolla/venv/lib/python3.6/site-packages/neutron/db/agents_db.py:318
2025-12-22 02:03:44.459 22 DEBUG neutron.wsgi [-] (22) accepted ('10.0.0.131', 54238) server /var/lib/kolla/venv/lib/python3.6/site-packages/eventlet/wsgi.py:1004
2025-12-22 02:03:44.463 22 INFO neutron.wsgi [-] 10.0.0.131 "GET / HTTP/1.1" status: 200 len: 228 time: 0.0028574
2025-12-22 02:03:46.634 28 DEBUG neutron_lib.callbacks.manager [req-3d15169f-9e01-4bec-8b08-04d0814b7a28 - - - - -] Publish callbacks ['neutron.services.segments.db._update_segment_host_mapping_for_agent-8761122431603', 'neutron.plugins.ml2.plugin.Ml2Plugin._retry_binding_revived_agents--9223372036851358832'] for agent (c5132524-29b4-42db-8c12-0c7e8de1042b), after_update _notify_loop /var/lib/kolla/venv/lib/python3.6/site-packages/neutron_lib/callbacks/manager.py:177
2025-12-22 02:04:07.733 23 DEBUG neutron_lib.callbacks.manager [req-21cb1eb1-0df8-4f5a-a0a6-9af22394575f - - - - -] Publish callbacks ['neutron.services.segments.db._update_segment_host_mapping_for_agent-8761122431603', 'neutron.plugins.ml2.plugin.Ml2Plugin._retry_binding_revived_agents--9223372036851358832'] for agent (7e6f18c6-59cf-46bb-900f-a4882f893be1), after_update _notify_loop /var/lib/kolla/venv/lib/python3.6/site-packages/neutron_lib/callbacks/manager.py:177
2025-12-22 02:04:14.503 22 DEBUG neutron.wsgi [-] (22) accepted ('10.0.0.131', 56152) server /var/lib/kolla/venv/lib/python3.6/site-packages/eventlet/wsgi.py:1004
2025-12-22 02:04:14.508 22 INFO neutron.wsgi [-] 10.0.0.131 "GET / HTTP/1.1" status: 200 len: 228 time: 0.0035405
2025-12-22 02:04:16.635 25 DEBUG neutron_lib.callbacks.manager [req-de1c50ed-96c7-4a56-a18d-8e5a7e52f9c5 - - - - -] Publish callbacks ['neutron.services.segments.db._update_segment_host_mapping_for_agent-8761122431603', 'neutron.plugins.ml2.plugin.Ml2Plugin._retry_binding_revived_agents--9223372036851358832'] for agent (c5132524-29b4-42db-8c12-0c7e8de1042b), after_update _notify_loop /var/lib/kolla/venv/lib/python3.6/site-packages/neutron_lib/callbacks/manager.py:177
2025-12-22 02:04:18.353 29 DEBUG neutron.db.agents_db [req-282aae46-04db-44d9-bd69-b3caa6a5dca2 - - - - -] Agent healthcheck: found 2 active agents agent_health_check /var/lib/kolla/venv/lib/python3.6/site-packages/neutron/db/agents_db.py:318
2025-12-22 02:04:37.737 24 DEBUG neutron_lib.callbacks.manager [req-21cb1eb1-0df8-4f5a-a0a6-9af22394575f - - - - -] Publish callbacks ['neutron.services.segments.db._update_segment_host_mapping_for_agent-8761122431603', 'neutron.plugins.ml2.plugin.Ml2Plugin._retry_binding_revived_agents--9223372036851358832'] for agent (7e6f18c6-59cf-46bb-900f-a4882f893be1), after_update _notify_loop /var/lib/kolla/venv/lib/python3.6/site-packages/neutron_lib/callbacks/manager.py:177
2025-12-22 02:04:44.571 22 DEBUG neutron.wsgi [-] (22) accepted ('10.0.0.131', 57564) server /var/lib/kolla/venv/lib/python3.6/site-packages/eventlet/wsgi.py:1004
2025-12-22 02:04:44.574 22 INFO neutron.wsgi [-] 10.0.0.131 "GET / HTTP/1.1" status: 200 len: 228 time: 0.0028336
2025-12-22 02:04:46.634 26 DEBUG neutron_lib.callbacks.manager [req-d692a81d-5e8b-45e0-aabd-3f27d880db0d - - - - -] Publish callbacks ['neutron.services.segments.db._update_segment_host_mapping_for_agent-8761122431603', 'neutron.plugins.ml2.plugin.Ml2Plugin._retry_binding_revived_agents--9223372036851358832'] for agent (c5132524-29b4-42db-8c12-0c7e8de1042b), after_update _notify_loop /var/lib/kolla/venv/lib/python3.6/site-packages/neutron_lib/callbacks/manager.py:177
2025-12-22 02:04:55.353 29 DEBUG neutron.db.agents_db [req-282aae46-04db-44d9-bd69-b3caa6a5dca2 - - - - -] Agent healthcheck: found 2 active agents agent_health_check /var/lib/kolla/venv/lib/python3.6/site-packages/neutron/db/agents_db.py:318
2025-12-22 02:05:07.739 27 DEBUG neutron_lib.callbacks.manager [req-21cb1eb1-0df8-4f5a-a0a6-9af22394575f - - - - -] Publish callbacks ['neutron.services.segments.db._update_segment_host_mapping_for_agent-8761122431603', 'neutron.plugins.ml2.plugin.Ml2Plugin._retry_binding_revived_agents--9223372036851358832'] for agent (7e6f18c6-59cf-46bb-900f-a4882f893be1), after_update _notify_loop /var/lib/kolla/venv/lib/python3.6/site-packages/neutron_lib/callbacks/manager.py:177
2025-12-22 02:05:14.620 22 DEBUG neutron.wsgi [-] (22) accepted ('10.0.0.131', 39416) server /var/lib/kolla/venv/lib/python3.6/site-packages/eventlet/wsgi.py:1004
2025-12-22 02:05:14.626 22 INFO neutron.wsgi [-] 10.0.0.131 "GET / HTTP/1.1" status: 200 len: 228 time: 0.0045519
2025-12-22 02:05:16.631 28 DEBUG neutron_lib.callbacks.manager [req-cb99795c-ccac-4c8f-a0ed-e03efbd458f0 - - - - -] Publish callbacks ['neutron.services.segments.db._update_segment_host_mapping_for_agent-8761122431603', 'neutron.plugins.ml2.plugin.Ml2Plugin._retry_binding_revived_agents--9223372036851358832'] for agent (c5132524-29b4-42db-8c12-0c7e8de1042b), after_update _notify_loop /var/lib/kolla/venv/lib/python3.6/site-packages/neutron_lib/callbacks/manager.py:177
2025-12-22 02:05:32.353 29 DEBUG neutron.db.agents_db [req-282aae46-04db-44d9-bd69-b3caa6a5dca2 - - - - -] Agent healthcheck: found 2 active agents agent_health_check /var/lib/kolla/venv/lib/python3.6/site-packages/neutron/db/agents_db.py:318
2025-12-22 02:05:37.871 23 DEBUG neutron_lib.callbacks.manager [req-21cb1eb1-0df8-4f5a-a0a6-9af22394575f - - - - -] Publish callbacks ['neutron.services.segments.db._update_segment_host_mapping_for_agent-8761122431603', 'neutron.plugins.ml2.plugin.Ml2Plugin._retry_binding_revived_agents--9223372036851358832'] for agent (7e6f18c6-59cf-46bb-900f-a4882f893be1), after_update _notify_loop /var/lib/kolla/venv/lib/python3.6/site-packages/neutron_lib/callbacks/manager.py:177
2025-12-22 02:05:44.941 22 DEBUG neutron.wsgi [-] (22) accepted ('10.0.0.131', 50512) server /var/lib/kolla/venv/lib/python3.6/site-packages/eventlet/wsgi.py:1004
2025-12-22 02:05:44.944 22 INFO neutron.wsgi [-] 10.0.0.131 "GET / HTTP/1.1" status: 200 len: 228 time: 0.0026104
2025-12-22 02:05:46.637 25 DEBUG neutron_lib.callbacks.manager [req-20353b9a-003d-4ffb-a85d-84a5214c084b - - - - -] Publish callbacks ['neutron.services.segments.db._update_segment_host_mapping_for_agent-8761122431603', 'neutron.plugins.ml2.plugin.Ml2Plugin._retry_binding_revived_agents--9223372036851358832'] for agent (c5132524-29b4-42db-8c12-0c7e8de1042b), after_update _notify_loop /var/lib/kolla/venv/lib/python3.6/site-packages/neutron_lib/callbacks/manager.py:177
2025-12-22 02:06:03.693 7 INFO oslo_service.service [-] Caught SIGTERM, stopping children
2025-12-22 02:06:03.693 7 DEBUG oslo_concurrency.lockutils [-] Acquired lock "singleton_lock" lock /var/lib/kolla/venv/lib/python3.6/site-packages/oslo_concurrency/lockutils.py:294
2025-12-22 02:06:03.694 7 DEBUG oslo_concurrency.lockutils [-] Releasing lock "singleton_lock" lock /var/lib/kolla/venv/lib/python3.6/site-packages/oslo_concurrency/lockutils.py:312
2025-12-22 02:06:03.694 7 DEBUG oslo_service.service [-] Stop services. stop /var/lib/kolla/venv/lib/python3.6/site-packages/oslo_service/service.py:695
2025-12-22 02:06:03.694 7 DEBUG neutron.service [-] calling RpcWorker stop() stop /var/lib/kolla/venv/lib/python3.6/site-packages/neutron/service.py:138
2025-12-22 02:06:03.694 7 DEBUG neutron.service [-] calling RpcWorker stop() stop /var/lib/kolla/venv/lib/python3.6/site-packages/neutron/service.py:138
2025-12-22 02:06:03.694 7 DEBUG oslo_service.service [-] Killing children. stop /var/lib/kolla/venv/lib/python3.6/site-packages/oslo_service/service.py:700
2025-12-22 02:06:03.694 7 INFO oslo_service.service [-] Waiting on 8 children to exit
2025-12-22 02:06:03.695 25 DEBUG neutron.service [-] calling RpcWorker stop() stop /var/lib/kolla/venv/lib/python3.6/site-packages/neutron/service.py:138
2025-12-22 02:06:03.695 23 DEBUG neutron.service [-] calling RpcWorker stop() stop /var/lib/kolla/venv/lib/python3.6/site-packages/neutron/service.py:138
2025-12-22 02:06:03.695 27 DEBUG neutron.service [-] calling RpcWorker stop() stop /var/lib/kolla/venv/lib/python3.6/site-packages/neutron/service.py:138
2025-12-22 02:06:03.695 29 DEBUG neutron.service [-] calling RpcWorker stop() stop /var/lib/kolla/venv/lib/python3.6/site-packages/neutron/service.py:138
2025-12-22 02:06:03.695 23 DEBUG neutron.service [-] calling stop on stop /var/lib/kolla/venv/lib/python3.6/site-packages/neutron/service.py:141
2025-12-22 02:06:03.696 26 DEBUG neutron.service [-] calling RpcWorker stop() stop /var/lib/kolla/venv/lib/python3.6/site-packages/neutron/service.py:138
2025-12-22 02:06:03.696 29 DEBUG neutron.service [-] calling stop on stop /var/lib/kolla/venv/lib/python3.6/site-packages/neutron/service.py:141
2025-12-22 02:06:03.697 22 INFO neutron.wsgi [-] (22) wsgi exited, is_accepting=True
2025-12-22 02:06:03.695 27 DEBUG neutron.service [-] calling stop on stop /var/lib/kolla/venv/lib/python3.6/site-packages/neutron/service.py:141
2025-12-22 02:06:03.698 22 DEBUG oslo_concurrency.lockutils [req-eaf44441-6d77-49d5-ba83-8370ed5db7b2 - - - - -] Acquired lock "singleton_lock" lock /var/lib/kolla/venv/lib/python3.6/site-packages/oslo_concurrency/lockutils.py:294
2025-12-22 02:06:03.698 22 DEBUG oslo_concurrency.lockutils [req-eaf44441-6d77-49d5-ba83-8370ed5db7b2 - - - - -] Releasing lock "singleton_lock" lock /var/lib/kolla/venv/lib/python3.6/site-packages/oslo_concurrency/lockutils.py:312
2025-12-22 02:06:03.696 26 DEBUG neutron.service [-] calling stop on stop /var/lib/kolla/venv/lib/python3.6/site-packages/neutron/service.py:141
2025-12-22 02:06:03.695 25 DEBUG neutron.service [-] calling stop on stop /var/lib/kolla/venv/lib/python3.6/site-packages/neutron/service.py:141
2025-12-22 02:06:03.702 7 INFO oslo_service.service [-] Child 22 exited with status 0
2025-12-22 02:06:03.703 24 DEBUG neutron.service [-] calling RpcWorker stop() stop /var/lib/kolla/venv/lib/python3.6/site-packages/neutron/service.py:138
2025-12-22 02:06:03.703 24 DEBUG neutron.service [-] calling stop on stop /var/lib/kolla/venv/lib/python3.6/site-packages/neutron/service.py:141
2025-12-22 02:06:03.705 28 DEBUG neutron.service [-] calling RpcWorker stop() stop /var/lib/kolla/venv/lib/python3.6/site-packages/neutron/service.py:138
2025-12-22 02:06:03.706 28 DEBUG neutron.service [-] calling stop on stop /var/lib/kolla/venv/lib/python3.6/site-packages/neutron/service.py:141
2025-12-22 02:06:04.831 28 DEBUG oslo_concurrency.lockutils [req-eaf44441-6d77-49d5-ba83-8370ed5db7b2 - - - - -] Acquired lock "singleton_lock" lock /var/lib/kolla/venv/lib/python3.6/site-packages/oslo_concurrency/lockutils.py:294
2025-12-22 02:06:04.831 28 DEBUG oslo_concurrency.lockutils [req-eaf44441-6d77-49d5-ba83-8370ed5db7b2 - - - - -] Releasing lock "singleton_lock" lock /var/lib/kolla/venv/lib/python3.6/site-packages/oslo_concurrency/lockutils.py:312
2025-12-22 02:06:04.832 28 DEBUG neutron.service [req-eaf44441-6d77-49d5-ba83-8370ed5db7b2 - - - - -] calling RpcWorker wait() _wait /var/lib/kolla/venv/lib/python3.6/site-packages/neutron/service.py:128
2025-12-22 02:06:04.832 28 DEBUG neutron.service [req-eaf44441-6d77-49d5-ba83-8370ed5db7b2 - - - - -] calling wait on _wait /var/lib/kolla/venv/lib/python3.6/site-packages/neutron/service.py:131
2025-12-22 02:06:04.838 28 WARNING amqp [req-eaf44441-6d77-49d5-ba83-8370ed5db7b2 - - - - -] Received method (60, 30) during closing channel 1. This method will be ignored
2025-12-22 02:06:04.839 28 DEBUG neutron.service [req-eaf44441-6d77-49d5-ba83-8370ed5db7b2 - - - - -] returning from RpcWorker wait() _wait /var/lib/kolla/venv/lib/python3.6/site-packages/neutron/service.py:135
2025-12-22 02:06:04.846 7 INFO oslo_service.service [-] Child 28 exited with status 0
2025-12-22 02:06:07.341 23 DEBUG neutron.service [-] calling stop on stop /var/lib/kolla/venv/lib/python3.6/site-packages/neutron/service.py:141
2025-12-22 02:06:07.356 26 DEBUG oslo_concurrency.lockutils [req-eaf44441-6d77-49d5-ba83-8370ed5db7b2 - - - - -] Acquired lock "singleton_lock" lock /var/lib/kolla/venv/lib/python3.6/site-packages/oslo_concurrency/lockutils.py:294
2025-12-22 02:06:07.356 26 DEBUG oslo_concurrency.lockutils [req-eaf44441-6d77-49d5-ba83-8370ed5db7b2 - - - - -] Releasing lock "singleton_lock" lock /var/lib/kolla/venv/lib/python3.6/site-packages/oslo_concurrency/lockutils.py:312
2025-12-22 02:06:07.356 26 DEBUG neutron.service [req-eaf44441-6d77-49d5-ba83-8370ed5db7b2 - - - - -] calling RpcWorker wait() _wait /var/lib/kolla/venv/lib/python3.6/site-packages/neutron/service.py:128
2025-12-22 02:06:07.356 26 DEBUG neutron.service [req-eaf44441-6d77-49d5-ba83-8370ed5db7b2 - - - - -] calling wait on _wait /var/lib/kolla/venv/lib/python3.6/site-packages/neutron/service.py:131
2025-12-22 02:06:07.359 24 DEBUG neutron.service [-] calling stop on stop /var/lib/kolla/venv/lib/python3.6/site-packages/neutron/service.py:141
2025-12-22 02:06:07.364 26 WARNING amqp [req-eaf44441-6d77-49d5-ba83-8370ed5db7b2 - - - - -] Received method (60, 30) during closing channel 1. This method will be ignored
2025-12-22 02:06:07.365 26 DEBUG neutron.service [req-eaf44441-6d77-49d5-ba83-8370ed5db7b2 - - - - -] returning from RpcWorker wait() _wait /var/lib/kolla/venv/lib/python3.6/site-packages/neutron/service.py:135
2025-12-22 02:06:07.365 27 DEBUG oslo_concurrency.lockutils [req-eaf44441-6d77-49d5-ba83-8370ed5db7b2 - - - - -] Acquired lock "singleton_lock" lock /var/lib/kolla/venv/lib/python3.6/site-packages/oslo_concurrency/lockutils.py:294
2025-12-22 02:06:07.366 27 DEBUG oslo_concurrency.lockutils [req-eaf44441-6d77-49d5-ba83-8370ed5db7b2 - - - - -] Releasing lock "singleton_lock" lock /var/lib/kolla/venv/lib/python3.6/site-packages/oslo_concurrency/lockutils.py:312
2025-12-22 02:06:07.366 27 DEBUG neutron.service [req-eaf44441-6d77-49d5-ba83-8370ed5db7b2 - - - - -] calling RpcWorker wait() _wait /var/lib/kolla/venv/lib/python3.6/site-packages/neutron/service.py:128
2025-12-22 02:06:07.366 27 DEBUG neutron.service [req-eaf44441-6d77-49d5-ba83-8370ed5db7b2 - - - - -] calling wait on _wait /var/lib/kolla/venv/lib/python3.6/site-packages/neutron/service.py:131
2025-12-22 02:06:07.367 25 DEBUG neutron.service [-] calling stop on stop /var/lib/kolla/venv/lib/python3.6/site-packages/neutron/service.py:141
2025-12-22 02:06:07.371 7 INFO oslo_service.service [-] Child 26 exited with status 0
2025-12-22 02:06:07.372 23 DEBUG neutron.service [-] calling stop on stop /var/lib/kolla/venv/lib/python3.6/site-packages/neutron/service.py:141
2025-12-22 02:06:07.372 27 WARNING amqp [req-eaf44441-6d77-49d5-ba83-8370ed5db7b2 - - - - -] Received method (60, 30) during closing channel 1. This method will be ignored
2025-12-22 02:06:07.374 27 DEBUG neutron.service [req-eaf44441-6d77-49d5-ba83-8370ed5db7b2 - - - - -] returning from RpcWorker wait() _wait /var/lib/kolla/venv/lib/python3.6/site-packages/neutron/service.py:135
2025-12-22 02:06:07.380 25 DEBUG neutron.service [-] calling stop on stop /var/lib/kolla/venv/lib/python3.6/site-packages/neutron/service.py:141
2025-12-22 02:06:07.380 7 INFO oslo_service.service [-] Child 27 exited with status 0
2025-12-22 02:06:07.380 24 DEBUG neutron.service [-] calling stop on stop /var/lib/kolla/venv/lib/python3.6/site-packages/neutron/service.py:141
2025-12-22 02:06:07.383 29 DEBUG oslo_concurrency.lockutils [req-eaf44441-6d77-49d5-ba83-8370ed5db7b2 - - - - -] Acquired lock "singleton_lock" lock /var/lib/kolla/venv/lib/python3.6/site-packages/oslo_concurrency/lockutils.py:294
2025-12-22 02:06:07.383 29 DEBUG oslo_concurrency.lockutils [req-eaf44441-6d77-49d5-ba83-8370ed5db7b2 - - - - -] Releasing lock "singleton_lock" lock /var/lib/kolla/venv/lib/python3.6/site-packages/oslo_concurrency/lockutils.py:312
2025-12-22 02:06:07.383 29 DEBUG neutron.service [req-eaf44441-6d77-49d5-ba83-8370ed5db7b2 - - - - -] calling RpcWorker wait() _wait /var/lib/kolla/venv/lib/python3.6/site-packages/neutron/service.py:128
2025-12-22 02:06:07.383 29 DEBUG neutron.service [req-eaf44441-6d77-49d5-ba83-8370ed5db7b2 - - - - -] calling wait on _wait /var/lib/kolla/venv/lib/python3.6/site-packages/neutron/service.py:131
2025-12-22 02:06:07.390 29 WARNING amqp [req-eaf44441-6d77-49d5-ba83-8370ed5db7b2 - - - - -] Received method (60, 30) during closing channel 1. This method will be ignored
2025-12-22 02:06:07.391 29 DEBUG neutron.service [req-eaf44441-6d77-49d5-ba83-8370ed5db7b2 - - - - -] returning from RpcWorker wait() _wait /var/lib/kolla/venv/lib/python3.6/site-packages/neutron/service.py:135
2025-12-22 02:06:07.397 7 INFO oslo_service.service [-] Child 29 exited with status 0
2025-12-22 02:06:07.398 24 DEBUG neutron.service [-] calling stop on stop /var/lib/kolla/venv/lib/python3.6/site-packages/neutron/service.py:141
2025-12-22 02:06:07.415 24 DEBUG oslo_concurrency.lockutils [req-eaf44441-6d77-49d5-ba83-8370ed5db7b2 - - - - -] Acquired lock "singleton_lock" lock /var/lib/kolla/venv/lib/python3.6/site-packages/oslo_concurrency/lockutils.py:294
2025-12-22 02:06:07.415 24 DEBUG oslo_concurrency.lockutils [req-eaf44441-6d77-49d5-ba83-8370ed5db7b2 - - - - -] Releasing lock "singleton_lock" lock /var/lib/kolla/venv/lib/python3.6/site-packages/oslo_concurrency/lockutils.py:312
2025-12-22 02:06:07.415 24 DEBUG neutron.service [req-eaf44441-6d77-49d5-ba83-8370ed5db7b2 - - - - -] calling RpcWorker wait() _wait /var/lib/kolla/venv/lib/python3.6/site-packages/neutron/service.py:128
2025-12-22 02:06:07.415 24 DEBUG neutron.service [req-eaf44441-6d77-49d5-ba83-8370ed5db7b2 - - - - -] calling wait on _wait /var/lib/kolla/venv/lib/python3.6/site-packages/neutron/service.py:131
2025-12-22 02:06:07.422 24 WARNING amqp [req-eaf44441-6d77-49d5-ba83-8370ed5db7b2 - - - - -] Received method (60, 30) during closing channel 1. This method will be ignored
2025-12-22 02:06:07.424 24 DEBUG neutron.service [req-eaf44441-6d77-49d5-ba83-8370ed5db7b2 - - - - -] calling wait on _wait /var/lib/kolla/venv/lib/python3.6/site-packages/neutron/service.py:131
2025-12-22 02:06:07.429 24 WARNING amqp [req-eaf44441-6d77-49d5-ba83-8370ed5db7b2 - - - - -] Received method (60, 30) during closing channel 1. This method will be ignored
2025-12-22 02:06:07.430 24 DEBUG neutron.service [req-eaf44441-6d77-49d5-ba83-8370ed5db7b2 - - - - -] calling wait on _wait /var/lib/kolla/venv/lib/python3.6/site-packages/neutron/service.py:131
2025-12-22 02:06:07.436 24 WARNING amqp [req-eaf44441-6d77-49d5-ba83-8370ed5db7b2 - - - - -] Received method (60, 30) during closing channel 1. This method will be ignored
2025-12-22 02:06:07.436 24 DEBUG neutron.service [req-eaf44441-6d77-49d5-ba83-8370ed5db7b2 - - - - -] calling wait on _wait /var/lib/kolla/venv/lib/python3.6/site-packages/neutron/service.py:131
2025-12-22 02:06:07.442 24 WARNING amqp [req-eaf44441-6d77-49d5-ba83-8370ed5db7b2 - - - - -] Received method (60, 30) during closing channel 1. This method will be ignored
2025-12-22 02:06:07.443 24 DEBUG neutron.service [req-eaf44441-6d77-49d5-ba83-8370ed5db7b2 - - - - -] returning from RpcWorker wait() _wait /var/lib/kolla/venv/lib/python3.6/site-packages/neutron/service.py:135
2025-12-22 02:06:07.449 7 INFO oslo_service.service [-] Child 24 exited with status 0
2025-12-22 02:06:07.735 23 DEBUG neutron.service [-] calling stop on stop /var/lib/kolla/venv/lib/python3.6/site-packages/neutron/service.py:141
2025-12-22 02:06:07.746 23 DEBUG neutron_lib.callbacks.manager [req-21cb1eb1-0df8-4f5a-a0a6-9af22394575f - - - - -] Publish callbacks ['neutron.services.segments.db._update_segment_host_mapping_for_agent-8761122431603', 'neutron.plugins.ml2.plugin.Ml2Plugin._retry_binding_revived_agents--9223372036851358832'] for agent (7e6f18c6-59cf-46bb-900f-a4882f893be1), after_update _notify_loop /var/lib/kolla/venv/lib/python3.6/site-packages/neutron_lib/callbacks/manager.py:177
2025-12-22 02:06:09.830 25 DEBUG neutron.service [-] calling stop on stop /var/lib/kolla/venv/lib/python3.6/site-packages/neutron/service.py:141
2025-12-22 02:06:16.828 7 INFO neutron.common.config [-] Logging enabled!
2025-12-22 02:06:16.829 7 INFO neutron.common.config [-] /var/lib/kolla/venv/bin/neutron-server version 20.5.1.dev23
2025-12-22 02:06:16.830 7 DEBUG neutron.common.config [-] command line: /var/lib/kolla/venv/bin/neutron-server --config-file /etc/neutron/neutron.conf --config-file /etc/neutron/ContrailPlugin.ini --config-file /etc/neutron/api-paste.ini setup_logging /var/lib/kolla/venv/lib/python3.6/site-packages/neutron/common/config.py:115
2025-12-22 02:06:16.834 7 INFO neutron.common.config [-] Logging enabled!
2025-12-22 02:06:16.834 7 INFO neutron.common.config [-] /var/lib/kolla/venv/bin/neutron-server version 20.5.1.dev23
2025-12-22 02:06:16.834 7 DEBUG neutron.common.config [-] command line: /var/lib/kolla/venv/bin/neutron-server --config-file /etc/neutron/neutron.conf --config-file /etc/neutron/ContrailPlugin.ini --config-file /etc/neutron/api-paste.ini setup_logging /var/lib/kolla/venv/lib/python3.6/site-packages/neutron/common/config.py:115
2025-12-22 02:06:16.835 7 DEBUG neutron.common.config [-] ******************************************************************************** log_opt_values /var/lib/kolla/venv/lib/python3.6/site-packages/oslo_config/cfg.py:2589
2025-12-22 02:06:16.835 7 DEBUG neutron.common.config [-] Configuration options gathered from: log_opt_values /var/lib/kolla/venv/lib/python3.6/site-packages/oslo_config/cfg.py:2590
2025-12-22 02:06:16.835 7 DEBUG neutron.common.config [-] command line args: ['--config-file', '/etc/neutron/neutron.conf', '--config-file', '/etc/neutron/ContrailPlugin.ini', '--config-file', '/etc/neutron/api-paste.ini'] log_opt_values /var/lib/kolla/venv/lib/python3.6/site-packages/oslo_config/cfg.py:2591
2025-12-22 02:06:16.836 7 DEBUG neutron.common.config [-] config files: ['/etc/neutron/neutron.conf', '/etc/neutron/ContrailPlugin.ini', '/etc/neutron/api-paste.ini'] log_opt_values /var/lib/kolla/venv/lib/python3.6/site-packages/oslo_config/cfg.py:2593
2025-12-22 02:06:16.837 7 DEBUG neutron.common.config [-] ================================================================================ log_opt_values /var/lib/kolla/venv/lib/python3.6/site-packages/oslo_config/cfg.py:2594
2025-12-22 02:06:16.837 7 DEBUG neutron.common.config [-] allow_bulk = True log_opt_values /var/lib/kolla/venv/lib/python3.6/site-packages/oslo_config/cfg.py:2603
2025-12-22 02:06:16.837 7 WARNING oslo_config.cfg [-] Deprecated: Option "allow_overlapping_ips" from group "DEFAULT" is deprecated for removal. Its value may be silently ignored in the future.
2025-12-22 02:06:16.838 7 DEBUG neutron.common.config [-] allow_overlapping_ips = True log_opt_values /var/lib/kolla/venv/lib/python3.6/site-packages/oslo_config/cfg.py:2603
2025-12-22 02:06:16.838 7 DEBUG neutron.common.config [-] api_extensions_path = /opt/plugin/site-packages/neutron_plugin_contrail/extensions:/opt/plugin/site-packages/neutron_lbaas/extensions log_opt_values /var/lib/kolla/venv/lib/python3.6/site-packages/oslo_config/cfg.py:2603
2025-12-22 02:06:16.838 7 DEBUG neutron.common.config [-] api_paste_config = /etc/neutron/api-paste.ini log_opt_values /var/lib/kolla/venv/lib/python3.6/site-packages/oslo_config/cfg.py:2603
2025-12-22 02:06:16.838 7 DEBUG neutron.common.config [-] api_workers = 1 log_opt_values /var/lib/kolla/venv/lib/python3.6/site-packages/oslo_config/cfg.py:2603
2025-12-22 02:06:16.838 7 DEBUG neutron.common.config [-] auth_strategy = keystone log_opt_values /var/lib/kolla/venv/lib/python3.6/site-packages/oslo_config/cfg.py:2603
2025-12-22 02:06:16.839 7 DEBUG neutron.common.config [-] backlog = 4096 log_opt_values /var/lib/kolla/venv/lib/python3.6/site-packages/oslo_config/cfg.py:2603
2025-12-22 02:06:16.839 7 DEBUG neutron.common.config [-] base_mac = fa:16:3e:00:00:00 log_opt_values /var/lib/kolla/venv/lib/python3.6/site-packages/oslo_config/cfg.py:2603
2025-12-22 02:06:16.839 7 DEBUG neutron.common.config [-] bind_host = 10.0.0.131 log_opt_values /var/lib/kolla/venv/lib/python3.6/site-packages/oslo_config/cfg.py:2603
2025-12-22 02:06:16.839 7 DEBUG neutron.common.config [-] bind_port = 9696 log_opt_values /var/lib/kolla/venv/lib/python3.6/site-packages/oslo_config/cfg.py:2603
2025-12-22 02:06:16.839 7 DEBUG neutron.common.config [-] client_socket_timeout = 900 log_opt_values /var/lib/kolla/venv/lib/python3.6/site-packages/oslo_config/cfg.py:2603
2025-12-22 02:06:16.839 7 DEBUG neutron.common.config [-] config_dir = [] log_opt_values /var/lib/kolla/venv/lib/python3.6/site-packages/oslo_config/cfg.py:2603
2025-12-22 02:06:16.839 7 DEBUG neutron.common.config [-] config_file = ['/etc/neutron/neutron.conf', '/etc/neutron/ContrailPlugin.ini', '/etc/neutron/api-paste.ini'] log_opt_values /var/lib/kolla/venv/lib/python3.6/site-packages/oslo_config/cfg.py:2603
2025-12-22 02:06:16.839 7 DEBUG neutron.common.config [-] config_source = [] log_opt_values /var/lib/kolla/venv/lib/python3.6/site-packages/oslo_config/cfg.py:2603
2025-12-22 02:06:16.839 7 DEBUG neutron.common.config [-] control_exchange = neutron log_opt_values /var/lib/kolla/venv/lib/python3.6/site-packages/oslo_config/cfg.py:2603
2025-12-22 02:06:16.840 7 DEBUG neutron.common.config [-] core_plugin = neutron_plugin_contrail.plugins.opencontrail.contrail_plugin.NeutronPluginContrailCoreV2 log_opt_values /var/lib/kolla/venv/lib/python3.6/site-packages/oslo_config/cfg.py:2603
2025-12-22 02:06:16.840 7 DEBUG neutron.common.config [-] debug = True log_opt_values /var/lib/kolla/venv/lib/python3.6/site-packages/oslo_config/cfg.py:2603
2025-12-22 02:06:16.840 7 DEBUG neutron.common.config [-] default_availability_zones = [] log_opt_values /var/lib/kolla/venv/lib/python3.6/site-packages/oslo_config/cfg.py:2603
2025-12-22 02:06:16.840 7 DEBUG neutron.common.config [-] default_log_levels = ['amqp=WARN', 'amqplib=WARN', 'boto=WARN', 'qpid=WARN', 'sqlalchemy=WARN', 'suds=INFO', 'oslo.messaging=INFO', 'oslo_messaging=INFO', 'iso8601=WARN', 'requests.packages.urllib3.connectionpool=WARN', 'urllib3.connectionpool=WARN', 'websocket=WARN', 'requests.packages.urllib3.util.retry=WARN', 'urllib3.util.retry=WARN', 'keystonemiddleware=WARN', 'routes.middleware=WARN', 'stevedore=WARN', 'taskflow=WARN', 'keystoneauth=WARN', 'oslo.cache=INFO', 'oslo_policy=INFO', 'dogpile.core.dogpile=INFO', 'OFPHandler=INFO', 'OfctlService=INFO', 'os_ken.base.app_manager=INFO', 'os_ken.controller.controller=INFO'] log_opt_values /var/lib/kolla/venv/lib/python3.6/site-packages/oslo_config/cfg.py:2603
2025-12-22 02:06:16.840 7 DEBUG neutron.common.config [-] dhcp_agent_notification = True log_opt_values /var/lib/kolla/venv/lib/python3.6/site-packages/oslo_config/cfg.py:2603
