2025-12-18 00:40:21.864 144297 DEBUG oslo_service.service [req-c00831cd-1f31-4ed5-82be-f6ca7fdbcb6f - - - - -] internal_service_availability_zone = internal log_opt_values /usr/lib/python3/dist-packages/oslo_config/cfg.py:2602
2025-12-18 00:40:21.864 144297 DEBUG oslo_service.service [req-c00831cd-1f31-4ed5-82be-f6ca7fdbcb6f - - - - -] key = None log_opt_values /usr/lib/python3/dist-packages/oslo_config/cfg.py:2602
2025-12-18 00:40:21.864 144297 DEBUG oslo_service.service [req-c00831cd-1f31-4ed5-82be-f6ca7fdbcb6f - - - - -] live_migration_retry_count = 30 log_opt_values /usr/lib/python3/dist-packages/oslo_config/cfg.py:2602
2025-12-18 00:40:21.865 144297 DEBUG oslo_service.service [req-c00831cd-1f31-4ed5-82be-f6ca7fdbcb6f - - - - -] log_config_append = None log_opt_values /usr/lib/python3/dist-packages/oslo_config/cfg.py:2602
2025-12-18 00:40:21.865 144297 DEBUG oslo_service.service [req-c00831cd-1f31-4ed5-82be-f6ca7fdbcb6f - - - - -] log_date_format = %Y-%m-%d %H:%M:%S log_opt_values /usr/lib/python3/dist-packages/oslo_config/cfg.py:2602
2025-12-18 00:40:21.865 144297 DEBUG oslo_service.service [req-c00831cd-1f31-4ed5-82be-f6ca7fdbcb6f - - - - -] log_dir = /var/log/nova log_opt_values /usr/lib/python3/dist-packages/oslo_config/cfg.py:2602
2025-12-18 00:40:21.865 144297 DEBUG oslo_service.service [req-c00831cd-1f31-4ed5-82be-f6ca7fdbcb6f - - - - -] log_file = /var/log/nova/nova-scheduler.log log_opt_values /usr/lib/python3/dist-packages/oslo_config/cfg.py:2602
2025-12-18 00:40:21.865 144297 DEBUG oslo_service.service [req-c00831cd-1f31-4ed5-82be-f6ca7fdbcb6f - - - - -] log_options = True log_opt_values /usr/lib/python3/dist-packages/oslo_config/cfg.py:2602
2025-12-18 00:40:21.866 144297 DEBUG oslo_service.service [req-c00831cd-1f31-4ed5-82be-f6ca7fdbcb6f - - - - -] log_rotate_interval = 1 log_opt_values /usr/lib/python3/dist-packages/oslo_config/cfg.py:2602
2025-12-18 00:40:21.866 144297 DEBUG oslo_service.service [req-c00831cd-1f31-4ed5-82be-f6ca7fdbcb6f - - - - -] log_rotate_interval_type = days log_opt_values /usr/lib/python3/dist-packages/oslo_config/cfg.py:2602
2025-12-18 00:40:21.866 144297 DEBUG oslo_service.service [req-c00831cd-1f31-4ed5-82be-f6ca7fdbcb6f - - - - -] log_rotation_type = none log_opt_values /usr/lib/python3/dist-packages/oslo_config/cfg.py:2602
2025-12-18 00:40:21.866 144297 DEBUG oslo_service.service [req-c00831cd-1f31-4ed5-82be-f6ca7fdbcb6f - - - - -] logging_context_format_string = %(asctime)s.%(msecs)03d %(process)d %(levelname)s %(name)s [%(request_id)s %(user_identity)s] %(instance)s%(message)s log_opt_values /usr/lib/python3/dist-packages/oslo_config/cfg.py:2602
2025-12-18 00:40:21.867 144297 DEBUG oslo_service.service [req-c00831cd-1f31-4ed5-82be-f6ca7fdbcb6f - - - - -] logging_debug_format_suffix = %(funcName)s %(pathname)s:%(lineno)d log_opt_values /usr/lib/python3/dist-packages/oslo_config/cfg.py:2602
2025-12-18 00:40:21.867 144297 DEBUG oslo_service.service [req-c00831cd-1f31-4ed5-82be-f6ca7fdbcb6f - - - - -] logging_default_format_string = %(asctime)s.%(msecs)03d %(process)d %(levelname)s %(name)s [-] %(instance)s%(message)s log_opt_values /usr/lib/python3/dist-packages/oslo_config/cfg.py:2602
2025-12-18 00:40:21.867 144297 DEBUG oslo_service.service [req-c00831cd-1f31-4ed5-82be-f6ca7fdbcb6f - - - - -] logging_exception_prefix = %(asctime)s.%(msecs)03d %(process)d ERROR %(name)s %(instance)s log_opt_values /usr/lib/python3/dist-packages/oslo_config/cfg.py:2602
2025-12-18 00:40:21.867 144297 DEBUG oslo_service.service [req-c00831cd-1f31-4ed5-82be-f6ca7fdbcb6f - - - - -] logging_user_identity_format = %(user)s %(project)s %(domain)s %(user_domain)s %(project_domain)s log_opt_values /usr/lib/python3/dist-packages/oslo_config/cfg.py:2602
2025-12-18 00:40:21.868 144297 DEBUG oslo_service.service [req-c00831cd-1f31-4ed5-82be-f6ca7fdbcb6f - - - - -] long_rpc_timeout = 1800 log_opt_values /usr/lib/python3/dist-packages/oslo_config/cfg.py:2602
2025-12-18 00:40:21.868 144297 DEBUG oslo_service.service [req-c00831cd-1f31-4ed5-82be-f6ca7fdbcb6f - - - - -] max_concurrent_builds = 10 log_opt_values /usr/lib/python3/dist-packages/oslo_config/cfg.py:2602
2025-12-18 00:40:21.868 144297 DEBUG oslo_service.service [req-c00831cd-1f31-4ed5-82be-f6ca7fdbcb6f - - - - -] max_concurrent_live_migrations = 1 log_opt_values /usr/lib/python3/dist-packages/oslo_config/cfg.py:2602
2025-12-18 00:40:21.868 144297 DEBUG oslo_service.service [req-c00831cd-1f31-4ed5-82be-f6ca7fdbcb6f - - - - -] max_concurrent_snapshots = 5 log_opt_values /usr/lib/python3/dist-packages/oslo_config/cfg.py:2602
2025-12-18 00:40:21.868 145087 DEBUG nova.service [req-10a58a03-c7d9-4b45-ba80-b534b8c4948e - - - - -] Creating RPC server for service scheduler start /usr/lib/python3/dist-packages/nova/service.py:182
2025-12-18 00:40:21.869 144297 DEBUG oslo_service.service [req-c00831cd-1f31-4ed5-82be-f6ca7fdbcb6f - - - - -] max_local_block_devices = 3 log_opt_values /usr/lib/python3/dist-packages/oslo_config/cfg.py:2602
2025-12-18 00:40:21.869 144297 DEBUG oslo_service.service [req-c00831cd-1f31-4ed5-82be-f6ca7fdbcb6f - - - - -] max_logfile_count = 30 log_opt_values /usr/lib/python3/dist-packages/oslo_config/cfg.py:2602
2025-12-18 00:40:21.869 145088 DEBUG nova.service [req-0cff0719-64d1-4d57-8244-766fcf3f74fe - - - - -] Creating RPC server for service scheduler start /usr/lib/python3/dist-packages/nova/service.py:182
2025-12-18 00:40:21.869 144297 DEBUG oslo_service.service [req-c00831cd-1f31-4ed5-82be-f6ca7fdbcb6f - - - - -] max_logfile_size_mb = 200 log_opt_values /usr/lib/python3/dist-packages/oslo_config/cfg.py:2602
2025-12-18 00:40:21.869 144297 DEBUG oslo_service.service [req-c00831cd-1f31-4ed5-82be-f6ca7fdbcb6f - - - - -] maximum_instance_delete_attempts = 5 log_opt_values /usr/lib/python3/dist-packages/oslo_config/cfg.py:2602
2025-12-18 00:40:21.870 144297 DEBUG oslo_service.service [req-c00831cd-1f31-4ed5-82be-f6ca7fdbcb6f - - - - -] metadata_listen = 0.0.0.0 log_opt_values /usr/lib/python3/dist-packages/oslo_config/cfg.py:2602
2025-12-18 00:40:21.870 144297 DEBUG oslo_service.service [req-c00831cd-1f31-4ed5-82be-f6ca7fdbcb6f - - - - -] metadata_listen_port = 8765 log_opt_values /usr/lib/python3/dist-packages/oslo_config/cfg.py:2602
2025-12-18 00:40:21.870 144297 DEBUG oslo_service.service [req-c00831cd-1f31-4ed5-82be-f6ca7fdbcb6f - - - - -] metadata_workers = None log_opt_values /usr/lib/python3/dist-packages/oslo_config/cfg.py:2602
2025-12-18 00:40:21.870 144297 DEBUG oslo_service.service [req-c00831cd-1f31-4ed5-82be-f6ca7fdbcb6f - - - - -] migrate_max_retries = -1 log_opt_values /usr/lib/python3/dist-packages/oslo_config/cfg.py:2602
2025-12-18 00:40:21.871 144297 DEBUG oslo_service.service [req-c00831cd-1f31-4ed5-82be-f6ca7fdbcb6f - - - - -] mkisofs_cmd = genisoimage log_opt_values /usr/lib/python3/dist-packages/oslo_config/cfg.py:2602
2025-12-18 00:40:21.871 144297 DEBUG oslo_service.service [req-c00831cd-1f31-4ed5-82be-f6ca7fdbcb6f - - - - -] my_block_storage_ip = 252.129.247.196 log_opt_values /usr/lib/python3/dist-packages/oslo_config/cfg.py:2602
2025-12-18 00:40:21.871 144297 DEBUG oslo_service.service [req-c00831cd-1f31-4ed5-82be-f6ca7fdbcb6f - - - - -] my_ip = 252.129.247.196 log_opt_values /usr/lib/python3/dist-packages/oslo_config/cfg.py:2602
2025-12-18 00:40:21.871 144297 DEBUG oslo_service.service [req-c00831cd-1f31-4ed5-82be-f6ca7fdbcb6f - - - - -] network_allocate_retries = 0 log_opt_values /usr/lib/python3/dist-packages/oslo_config/cfg.py:2602
2025-12-18 00:40:21.872 144297 DEBUG oslo_service.service [req-c00831cd-1f31-4ed5-82be-f6ca7fdbcb6f - - - - -] non_inheritable_image_properties = ['cache_in_nova', 'bittorrent'] log_opt_values /usr/lib/python3/dist-packages/oslo_config/cfg.py:2602
2025-12-18 00:40:21.872 144297 DEBUG oslo_service.service [req-c00831cd-1f31-4ed5-82be-f6ca7fdbcb6f - - - - -] osapi_compute_listen = 0.0.0.0 log_opt_values /usr/lib/python3/dist-packages/oslo_config/cfg.py:2602
2025-12-18 00:40:21.872 144297 DEBUG oslo_service.service [req-c00831cd-1f31-4ed5-82be-f6ca7fdbcb6f - - - - -] osapi_compute_listen_port = 8764 log_opt_values /usr/lib/python3/dist-packages/oslo_config/cfg.py:2602
2025-12-18 00:40:21.872 144297 DEBUG oslo_service.service [req-c00831cd-1f31-4ed5-82be-f6ca7fdbcb6f - - - - -] osapi_compute_unique_server_name_scope = log_opt_values /usr/lib/python3/dist-packages/oslo_config/cfg.py:2602
2025-12-18 00:40:21.873 144297 DEBUG oslo_service.service [req-c00831cd-1f31-4ed5-82be-f6ca7fdbcb6f - - - - -] osapi_compute_workers = 4 log_opt_values /usr/lib/python3/dist-packages/oslo_config/cfg.py:2602
2025-12-18 00:40:21.873 144297 DEBUG oslo_service.service [req-c00831cd-1f31-4ed5-82be-f6ca7fdbcb6f - - - - -] password_length = 12 log_opt_values /usr/lib/python3/dist-packages/oslo_config/cfg.py:2602
2025-12-18 00:40:21.873 144297 DEBUG oslo_service.service [req-c00831cd-1f31-4ed5-82be-f6ca7fdbcb6f - - - - -] periodic_enable = True log_opt_values /usr/lib/python3/dist-packages/oslo_config/cfg.py:2602
2025-12-18 00:40:21.873 144297 DEBUG oslo_service.service [req-c00831cd-1f31-4ed5-82be-f6ca7fdbcb6f - - - - -] periodic_fuzzy_delay = 60 log_opt_values /usr/lib/python3/dist-packages/oslo_config/cfg.py:2602
2025-12-18 00:40:21.873 144297 DEBUG oslo_service.service [req-c00831cd-1f31-4ed5-82be-f6ca7fdbcb6f - - - - -] pointer_model = usbtablet log_opt_values /usr/lib/python3/dist-packages/oslo_config/cfg.py:2602
2025-12-18 00:40:21.874 144297 DEBUG oslo_service.service [req-c00831cd-1f31-4ed5-82be-f6ca7fdbcb6f - - - - -] preallocate_images = none log_opt_values /usr/lib/python3/dist-packages/oslo_config/cfg.py:2602
2025-12-18 00:40:21.874 144297 DEBUG oslo_service.service [req-c00831cd-1f31-4ed5-82be-f6ca7fdbcb6f - - - - -] publish_errors = False log_opt_values /usr/lib/python3/dist-packages/oslo_config/cfg.py:2602
2025-12-18 00:40:21.874 144297 DEBUG oslo_service.service [req-c00831cd-1f31-4ed5-82be-f6ca7fdbcb6f - - - - -] pybasedir = /usr/lib/python3/dist-packages log_opt_values /usr/lib/python3/dist-packages/oslo_config/cfg.py:2602
2025-12-18 00:40:21.874 144297 DEBUG oslo_service.service [req-c00831cd-1f31-4ed5-82be-f6ca7fdbcb6f - - - - -] ram_allocation_ratio = 0.98 log_opt_values /usr/lib/python3/dist-packages/oslo_config/cfg.py:2602
2025-12-18 00:40:21.875 144297 DEBUG oslo_service.service [req-c00831cd-1f31-4ed5-82be-f6ca7fdbcb6f - - - - -] rate_limit_burst = 0 log_opt_values /usr/lib/python3/dist-packages/oslo_config/cfg.py:2602
2025-12-18 00:40:21.875 144297 DEBUG oslo_service.service [req-c00831cd-1f31-4ed5-82be-f6ca7fdbcb6f - - - - -] rate_limit_except_level = CRITICAL log_opt_values /usr/lib/python3/dist-packages/oslo_config/cfg.py:2602
2025-12-18 00:40:21.875 144297 DEBUG oslo_service.service [req-c00831cd-1f31-4ed5-82be-f6ca7fdbcb6f - - - - -] rate_limit_interval = 0 log_opt_values /usr/lib/python3/dist-packages/oslo_config/cfg.py:2602
2025-12-18 00:40:21.875 144297 DEBUG oslo_service.service [req-c00831cd-1f31-4ed5-82be-f6ca7fdbcb6f - - - - -] reboot_timeout = 0 log_opt_values /usr/lib/python3/dist-packages/oslo_config/cfg.py:2602
2025-12-18 00:40:21.875 144297 DEBUG oslo_service.service [req-c00831cd-1f31-4ed5-82be-f6ca7fdbcb6f - - - - -] reclaim_instance_interval = 0 log_opt_values /usr/lib/python3/dist-packages/oslo_config/cfg.py:2602
2025-12-18 00:40:21.875 144297 DEBUG oslo_service.service [req-c00831cd-1f31-4ed5-82be-f6ca7fdbcb6f - - - - -] record = None log_opt_values /usr/lib/python3/dist-packages/oslo_config/cfg.py:2602
2025-12-18 00:40:21.876 144297 DEBUG oslo_service.service [req-c00831cd-1f31-4ed5-82be-f6ca7fdbcb6f - - - - -] report_interval = 10 log_opt_values /usr/lib/python3/dist-packages/oslo_config/cfg.py:2602
2025-12-18 00:40:21.876 144297 DEBUG oslo_service.service [req-c00831cd-1f31-4ed5-82be-f6ca7fdbcb6f - - - - -] rescue_timeout = 0 log_opt_values /usr/lib/python3/dist-packages/oslo_config/cfg.py:2602
2025-12-18 00:40:21.876 144297 DEBUG oslo_service.service [req-c00831cd-1f31-4ed5-82be-f6ca7fdbcb6f - - - - -] reserved_host_cpus = 0 log_opt_values /usr/lib/python3/dist-packages/oslo_config/cfg.py:2602
2025-12-18 00:40:21.876 144297 DEBUG oslo_service.service [req-c00831cd-1f31-4ed5-82be-f6ca7fdbcb6f - - - - -] reserved_host_disk_mb = 0 log_opt_values /usr/lib/python3/dist-packages/oslo_config/cfg.py:2602
2025-12-18 00:40:21.877 144297 DEBUG oslo_service.service [req-c00831cd-1f31-4ed5-82be-f6ca7fdbcb6f - - - - -] reserved_host_memory_mb = 512 log_opt_values /usr/lib/python3/dist-packages/oslo_config/cfg.py:2602
2025-12-18 00:40:21.877 144297 DEBUG oslo_service.service [req-c00831cd-1f31-4ed5-82be-f6ca7fdbcb6f - - - - -] reserved_huge_pages = None log_opt_values /usr/lib/python3/dist-packages/oslo_config/cfg.py:2602
2025-12-18 00:40:21.877 144297 DEBUG oslo_service.service [req-c00831cd-1f31-4ed5-82be-f6ca7fdbcb6f - - - - -] resize_confirm_window = 0 log_opt_values /usr/lib/python3/dist-packages/oslo_config/cfg.py:2602
2025-12-18 00:40:21.877 144297 DEBUG oslo_service.service [req-c00831cd-1f31-4ed5-82be-f6ca7fdbcb6f - - - - -] resize_fs_using_block_device = False log_opt_values /usr/lib/python3/dist-packages/oslo_config/cfg.py:2602
2025-12-18 00:40:21.878 144297 DEBUG oslo_service.service [req-c00831cd-1f31-4ed5-82be-f6ca7fdbcb6f - - - - -] resume_guests_state_on_host_boot = False log_opt_values /usr/lib/python3/dist-packages/oslo_config/cfg.py:2602
2025-12-18 00:40:21.878 144297 DEBUG oslo_service.service [req-c00831cd-1f31-4ed5-82be-f6ca7fdbcb6f - - - - -] rootwrap_config = /etc/nova/rootwrap.conf log_opt_values /usr/lib/python3/dist-packages/oslo_config/cfg.py:2602
2025-12-18 00:40:21.878 144297 DEBUG oslo_service.service [req-c00831cd-1f31-4ed5-82be-f6ca7fdbcb6f - - - - -] run_external_periodic_tasks = True log_opt_values /usr/lib/python3/dist-packages/oslo_config/cfg.py:2602
2025-12-18 00:40:21.879 144297 DEBUG oslo_service.service [req-c00831cd-1f31-4ed5-82be-f6ca7fdbcb6f - - - - -] running_deleted_instance_action = reap log_opt_values /usr/lib/python3/dist-packages/oslo_config/cfg.py:2602
2025-12-18 00:40:21.879 144297 DEBUG oslo_service.service [req-c00831cd-1f31-4ed5-82be-f6ca7fdbcb6f - - - - -] running_deleted_instance_poll_interval = 1800 log_opt_values /usr/lib/python3/dist-packages/oslo_config/cfg.py:2602
2025-12-18 00:40:21.879 144297 DEBUG oslo_service.service [req-c00831cd-1f31-4ed5-82be-f6ca7fdbcb6f - - - - -] running_deleted_instance_timeout = 0 log_opt_values /usr/lib/python3/dist-packages/oslo_config/cfg.py:2602
2025-12-18 00:40:21.879 144297 DEBUG oslo_service.service [req-c00831cd-1f31-4ed5-82be-f6ca7fdbcb6f - - - - -] scheduler_instance_sync_interval = 120 log_opt_values /usr/lib/python3/dist-packages/oslo_config/cfg.py:2602
2025-12-18 00:40:21.880 144297 DEBUG oslo_service.service [req-c00831cd-1f31-4ed5-82be-f6ca7fdbcb6f - - - - -] service_down_time = 60 log_opt_values /usr/lib/python3/dist-packages/oslo_config/cfg.py:2602
2025-12-18 00:40:21.880 144297 DEBUG oslo_service.service [req-c00831cd-1f31-4ed5-82be-f6ca7fdbcb6f - - - - -] servicegroup_driver = db log_opt_values /usr/lib/python3/dist-packages/oslo_config/cfg.py:2602
2025-12-18 00:40:21.881 144297 DEBUG oslo_service.service [req-c00831cd-1f31-4ed5-82be-f6ca7fdbcb6f - - - - -] shelved_offload_time = 0 log_opt_values /usr/lib/python3/dist-packages/oslo_config/cfg.py:2602
2025-12-18 00:40:21.882 144297 DEBUG oslo_service.service [req-c00831cd-1f31-4ed5-82be-f6ca7fdbcb6f - - - - -] shelved_poll_interval = 3600 log_opt_values /usr/lib/python3/dist-packages/oslo_config/cfg.py:2602
2025-12-18 00:40:21.885 144297 DEBUG oslo_service.service [req-c00831cd-1f31-4ed5-82be-f6ca7fdbcb6f - - - - -] shutdown_timeout = 60 log_opt_values /usr/lib/python3/dist-packages/oslo_config/cfg.py:2602
2025-12-18 00:40:21.887 145090 DEBUG nova.service [req-d5e83423-56dd-41d4-a4a2-33206c42521e - - - - -] Creating RPC server for service scheduler start /usr/lib/python3/dist-packages/nova/service.py:182
2025-12-18 00:40:21.887 144297 DEBUG oslo_service.service [req-c00831cd-1f31-4ed5-82be-f6ca7fdbcb6f - - - - -] source_is_ipv6 = False log_opt_values /usr/lib/python3/dist-packages/oslo_config/cfg.py:2602
2025-12-18 00:40:21.891 144297 DEBUG oslo_service.service [req-c00831cd-1f31-4ed5-82be-f6ca7fdbcb6f - - - - -] ssl_only = False log_opt_values /usr/lib/python3/dist-packages/oslo_config/cfg.py:2602
2025-12-18 00:40:21.892 144297 DEBUG oslo_service.service [req-c00831cd-1f31-4ed5-82be-f6ca7fdbcb6f - - - - -] state_path = /var/lib/nova log_opt_values /usr/lib/python3/dist-packages/oslo_config/cfg.py:2602
2025-12-18 00:40:21.893 145088 DEBUG oslo_messaging._drivers.amqpdriver [-] Listener is running poll /usr/lib/python3/dist-packages/oslo_messaging/_drivers/amqpdriver.py:343
2025-12-18 00:40:21.893 144297 DEBUG oslo_service.service [req-c00831cd-1f31-4ed5-82be-f6ca7fdbcb6f - - - - -] sync_power_state_interval = 600 log_opt_values /usr/lib/python3/dist-packages/oslo_config/cfg.py:2602
2025-12-18 00:40:21.893 145088 DEBUG oslo_messaging._drivers.amqpdriver [-] AMQPListener connection consume poll /usr/lib/python3/dist-packages/oslo_messaging/_drivers/amqpdriver.py:357
2025-12-18 00:40:21.893 145088 DEBUG nova.service [req-0cff0719-64d1-4d57-8244-766fcf3f74fe - - - - -] Join ServiceGroup membership for this service scheduler start /usr/lib/python3/dist-packages/nova/service.py:199
2025-12-18 00:40:21.894 144297 DEBUG oslo_service.service [req-c00831cd-1f31-4ed5-82be-f6ca7fdbcb6f - - - - -] sync_power_state_pool_size = 1000 log_opt_values /usr/lib/python3/dist-packages/oslo_config/cfg.py:2602
2025-12-18 00:40:21.894 145088 DEBUG nova.servicegroup.drivers.db [req-0cff0719-64d1-4d57-8244-766fcf3f74fe - - - - -] DB_Driver: join new ServiceGroup member juju-060272-0-lxd-7 to the scheduler group, service = join /usr/lib/python3/dist-packages/nova/servicegroup/drivers/db.py:44
2025-12-18 00:40:21.894 145081 DEBUG oslo_messaging._drivers.amqpdriver [-] Listener is running poll /usr/lib/python3/dist-packages/oslo_messaging/_drivers/amqpdriver.py:343
2025-12-18 00:40:21.895 145081 DEBUG oslo_messaging._drivers.amqpdriver [-] AMQPListener connection consume poll /usr/lib/python3/dist-packages/oslo_messaging/_drivers/amqpdriver.py:357
2025-12-18 00:40:21.894 144297 DEBUG oslo_service.service [req-c00831cd-1f31-4ed5-82be-f6ca7fdbcb6f - - - - -] syslog_log_facility = LOG_USER log_opt_values /usr/lib/python3/dist-packages/oslo_config/cfg.py:2602
2025-12-18 00:40:21.895 144297 DEBUG oslo_service.service [req-c00831cd-1f31-4ed5-82be-f6ca7fdbcb6f - - - - -] tempdir = None log_opt_values /usr/lib/python3/dist-packages/oslo_config/cfg.py:2602
2025-12-18 00:40:21.896 145087 DEBUG oslo_messaging._drivers.amqpdriver [-] Listener is running poll /usr/lib/python3/dist-packages/oslo_messaging/_drivers/amqpdriver.py:343
2025-12-18 00:40:21.896 144297 DEBUG oslo_service.service [req-c00831cd-1f31-4ed5-82be-f6ca7fdbcb6f - - - - -] timeout_nbd = 10 log_opt_values /usr/lib/python3/dist-packages/oslo_config/cfg.py:2602
2025-12-18 00:40:21.896 145087 DEBUG oslo_messaging._drivers.amqpdriver [-] AMQPListener connection consume poll /usr/lib/python3/dist-packages/oslo_messaging/_drivers/amqpdriver.py:357
2025-12-18 00:40:21.896 144297 DEBUG oslo_service.service [req-c00831cd-1f31-4ed5-82be-f6ca7fdbcb6f - - - - -] transport_url = **** log_opt_values /usr/lib/python3/dist-packages/oslo_config/cfg.py:2602
2025-12-18 00:40:21.896 145088 DEBUG oslo_messaging._drivers.amqpdriver [-] AMQPListener connection timeout poll /usr/lib/python3/dist-packages/oslo_messaging/_drivers/amqpdriver.py:360
2025-12-18 00:40:21.896 145088 DEBUG oslo_messaging._drivers.amqpdriver [-] Listener is running poll /usr/lib/python3/dist-packages/oslo_messaging/_drivers/amqpdriver.py:343
2025-12-18 00:40:21.897 145088 DEBUG oslo_messaging._drivers.amqpdriver [-] AMQPListener connection consume poll /usr/lib/python3/dist-packages/oslo_messaging/_drivers/amqpdriver.py:357
2025-12-18 00:40:21.896 144297 DEBUG oslo_service.service [req-c00831cd-1f31-4ed5-82be-f6ca7fdbcb6f - - - - -] update_resources_interval = 0 log_opt_values /usr/lib/python3/dist-packages/oslo_config/cfg.py:2602
2025-12-18 00:40:21.896 145081 DEBUG nova.service [req-d772b19d-4dc5-4c61-a0f6-499880efa942 - - - - -] Join ServiceGroup membership for this service scheduler start /usr/lib/python3/dist-packages/nova/service.py:199
2025-12-18 00:40:21.897 144297 DEBUG oslo_service.service [req-c00831cd-1f31-4ed5-82be-f6ca7fdbcb6f - - - - -] use_cow_images = True log_opt_values /usr/lib/python3/dist-packages/oslo_config/cfg.py:2602
2025-12-18 00:40:21.896 145087 DEBUG nova.service [req-10a58a03-c7d9-4b45-ba80-b534b8c4948e - - - - -] Join ServiceGroup membership for this service scheduler start /usr/lib/python3/dist-packages/nova/service.py:199
2025-12-18 00:40:21.897 144297 DEBUG oslo_service.service [req-c00831cd-1f31-4ed5-82be-f6ca7fdbcb6f - - - - -] use_eventlog = False log_opt_values /usr/lib/python3/dist-packages/oslo_config/cfg.py:2602
2025-12-18 00:40:21.897 145087 DEBUG nova.servicegroup.drivers.db [req-10a58a03-c7d9-4b45-ba80-b534b8c4948e - - - - -] DB_Driver: join new ServiceGroup member juju-060272-0-lxd-7 to the scheduler group, service = join /usr/lib/python3/dist-packages/nova/servicegroup/drivers/db.py:44
2025-12-18 00:40:21.897 145081 DEBUG nova.servicegroup.drivers.db [req-d772b19d-4dc5-4c61-a0f6-499880efa942 - - - - -] DB_Driver: join new ServiceGroup member juju-060272-0-lxd-7 to the scheduler group, service = join /usr/lib/python3/dist-packages/nova/servicegroup/drivers/db.py:44
2025-12-18 00:40:21.897 144297 DEBUG oslo_service.service [req-c00831cd-1f31-4ed5-82be-f6ca7fdbcb6f - - - - -] use_journal = False log_opt_values /usr/lib/python3/dist-packages/oslo_config/cfg.py:2602
2025-12-18 00:40:21.897 144297 DEBUG oslo_service.service [req-c00831cd-1f31-4ed5-82be-f6ca7fdbcb6f - - - - -] use_json = False log_opt_values /usr/lib/python3/dist-packages/oslo_config/cfg.py:2602
2025-12-18 00:40:21.897 144297 DEBUG oslo_service.service [req-c00831cd-1f31-4ed5-82be-f6ca7fdbcb6f - - - - -] use_rootwrap_daemon = False log_opt_values /usr/lib/python3/dist-packages/oslo_config/cfg.py:2602
2025-12-18 00:40:21.897 145081 DEBUG oslo_messaging._drivers.amqpdriver [-] AMQPListener connection timeout poll /usr/lib/python3/dist-packages/oslo_messaging/_drivers/amqpdriver.py:360
2025-12-18 00:40:21.898 145081 DEBUG oslo_messaging._drivers.amqpdriver [-] Listener is running poll /usr/lib/python3/dist-packages/oslo_messaging/_drivers/amqpdriver.py:343
2025-12-18 00:40:21.898 144297 DEBUG oslo_service.service [req-c00831cd-1f31-4ed5-82be-f6ca7fdbcb6f - - - - -] use_stderr = False log_opt_values /usr/lib/python3/dist-packages/oslo_config/cfg.py:2602
2025-12-18 00:40:21.898 145081 DEBUG oslo_messaging._drivers.amqpdriver [-] AMQPListener connection consume poll /usr/lib/python3/dist-packages/oslo_messaging/_drivers/amqpdriver.py:357
2025-12-18 00:40:21.898 144297 DEBUG oslo_service.service [req-c00831cd-1f31-4ed5-82be-f6ca7fdbcb6f - - - - -] use_syslog = False log_opt_values /usr/lib/python3/dist-packages/oslo_config/cfg.py:2602
2025-12-18 00:40:21.898 144297 DEBUG oslo_service.service [req-c00831cd-1f31-4ed5-82be-f6ca7fdbcb6f - - - - -] vcpu_pin_set = None log_opt_values /usr/lib/python3/dist-packages/oslo_config/cfg.py:2602
2025-12-18 00:40:21.898 144297 DEBUG oslo_service.service [req-c00831cd-1f31-4ed5-82be-f6ca7fdbcb6f - - - - -] vif_plugging_is_fatal = True log_opt_values /usr/lib/python3/dist-packages/oslo_config/cfg.py:2602
2025-12-18 00:40:21.899 144297 DEBUG oslo_service.service [req-c00831cd-1f31-4ed5-82be-f6ca7fdbcb6f - - - - -] vif_plugging_timeout = 300 log_opt_values /usr/lib/python3/dist-packages/oslo_config/cfg.py:2602
2025-12-18 00:40:21.899 144297 DEBUG oslo_service.service [req-c00831cd-1f31-4ed5-82be-f6ca7fdbcb6f - - - - -] virt_mkfs = [] log_opt_values /usr/lib/python3/dist-packages/oslo_config/cfg.py:2602
2025-12-18 00:40:21.899 144297 DEBUG oslo_service.service [req-c00831cd-1f31-4ed5-82be-f6ca7fdbcb6f - - - - -] volume_usage_poll_interval = 0 log_opt_values /usr/lib/python3/dist-packages/oslo_config/cfg.py:2602
2025-12-18 00:40:21.899 144297 DEBUG oslo_service.service [req-c00831cd-1f31-4ed5-82be-f6ca7fdbcb6f - - - - -] watch_log_file = False log_opt_values /usr/lib/python3/dist-packages/oslo_config/cfg.py:2602
2025-12-18 00:40:21.899 144297 DEBUG oslo_service.service [req-c00831cd-1f31-4ed5-82be-f6ca7fdbcb6f - - - - -] web = /usr/share/spice-html5 log_opt_values /usr/lib/python3/dist-packages/oslo_config/cfg.py:2602
2025-12-18 00:40:21.900 145087 DEBUG oslo_messaging._drivers.amqpdriver [-] AMQPListener connection timeout poll /usr/lib/python3/dist-packages/oslo_messaging/_drivers/amqpdriver.py:360
2025-12-18 00:40:21.900 145087 DEBUG oslo_messaging._drivers.amqpdriver [-] Listener is running poll /usr/lib/python3/dist-packages/oslo_messaging/_drivers/amqpdriver.py:343
2025-12-18 00:40:21.900 144297 DEBUG oslo_service.service [req-c00831cd-1f31-4ed5-82be-f6ca7fdbcb6f - - - - -] oslo_concurrency.disable_process_locking = False log_opt_values /usr/lib/python3/dist-packages/oslo_config/cfg.py:2609
2025-12-18 00:40:21.900 145087 DEBUG oslo_messaging._drivers.amqpdriver [-] AMQPListener connection consume poll /usr/lib/python3/dist-packages/oslo_messaging/_drivers/amqpdriver.py:357
2025-12-18 00:40:21.900 144297 DEBUG oslo_service.service [req-c00831cd-1f31-4ed5-82be-f6ca7fdbcb6f - - - - -] oslo_concurrency.lock_path = /var/lock/nova log_opt_values /usr/lib/python3/dist-packages/oslo_config/cfg.py:2609
2025-12-18 00:40:21.901 144297 WARNING oslo_config.cfg [req-c00831cd-1f31-4ed5-82be-f6ca7fdbcb6f - - - - -] Deprecated: Option "auth_strategy" from group "api" is deprecated for removal ( The only non-default choice, ``noauth2``, is for internal development and testing purposes only and should not be used in deployments. This option and its middleware, NoAuthMiddleware[V2_18], will be removed in a future release. ). Its value may be silently ignored in the future.
2025-12-18 00:40:21.901 144297 DEBUG oslo_service.service [req-c00831cd-1f31-4ed5-82be-f6ca7fdbcb6f - - - - -] api.auth_strategy = keystone log_opt_values /usr/lib/python3/dist-packages/oslo_config/cfg.py:2609
2025-12-18 00:40:21.901 144297 DEBUG oslo_service.service [req-c00831cd-1f31-4ed5-82be-f6ca7fdbcb6f - - - - -] api.compute_link_prefix = None log_opt_values /usr/lib/python3/dist-packages/oslo_config/cfg.py:2609
2025-12-18 00:40:21.901 144297 DEBUG oslo_service.service [req-c00831cd-1f31-4ed5-82be-f6ca7fdbcb6f - - - - -] api.config_drive_skip_versions = 1.0 2007-01-19 2007-03-01 2007-08-29 2007-10-10 2007-12-15 2008-02-01 2008-09-01 log_opt_values /usr/lib/python3/dist-packages/oslo_config/cfg.py:2609
2025-12-18 00:40:21.901 144297 DEBUG oslo_service.service [req-c00831cd-1f31-4ed5-82be-f6ca7fdbcb6f - - - - -] api.dhcp_domain = novalocal log_opt_values /usr/lib/python3/dist-packages/oslo_config/cfg.py:2609
2025-12-18 00:40:21.902 144297 DEBUG oslo_service.service [req-c00831cd-1f31-4ed5-82be-f6ca7fdbcb6f - - - - -] api.enable_instance_password = True log_opt_values /usr/lib/python3/dist-packages/oslo_config/cfg.py:2609
2025-12-18 00:40:21.903 144297 DEBUG oslo_service.service [req-c00831cd-1f31-4ed5-82be-f6ca7fdbcb6f - - - - -] api.glance_link_prefix = None log_opt_values /usr/lib/python3/dist-packages/oslo_config/cfg.py:2609
2025-12-18 00:40:21.903 144297 DEBUG oslo_service.service [req-c00831cd-1f31-4ed5-82be-f6ca7fdbcb6f - - - - -] api.instance_list_cells_batch_fixed_size = 100 log_opt_values /usr/lib/python3/dist-packages/oslo_config/cfg.py:2609
2025-12-18 00:40:21.903 144297 DEBUG oslo_service.service [req-c00831cd-1f31-4ed5-82be-f6ca7fdbcb6f - - - - -] api.instance_list_cells_batch_strategy = distributed log_opt_values /usr/lib/python3/dist-packages/oslo_config/cfg.py:2609
2025-12-18 00:40:21.905 144297 DEBUG oslo_service.service [req-c00831cd-1f31-4ed5-82be-f6ca7fdbcb6f - - - - -] api.instance_list_per_project_cells = False log_opt_values /usr/lib/python3/dist-packages/oslo_config/cfg.py:2609
2025-12-18 00:40:21.905 144297 DEBUG oslo_service.service [req-c00831cd-1f31-4ed5-82be-f6ca7fdbcb6f - - - - -] api.list_records_by_skipping_down_cells = True log_opt_values /usr/lib/python3/dist-packages/oslo_config/cfg.py:2609
2025-12-18 00:40:21.905 144297 DEBUG oslo_service.service [req-c00831cd-1f31-4ed5-82be-f6ca7fdbcb6f - - - - -] api.local_metadata_per_cell = False log_opt_values /usr/lib/python3/dist-packages/oslo_config/cfg.py:2609
2025-12-18 00:40:21.905 144297 DEBUG oslo_service.service [req-c00831cd-1f31-4ed5-82be-f6ca7fdbcb6f - - - - -] api.max_limit = 1000 log_opt_values /usr/lib/python3/dist-packages/oslo_config/cfg.py:2609
2025-12-18 00:40:21.906 144297 DEBUG oslo_service.service [req-c00831cd-1f31-4ed5-82be-f6ca7fdbcb6f - - - - -] api.metadata_cache_expiration = 15 log_opt_values /usr/lib/python3/dist-packages/oslo_config/cfg.py:2609
2025-12-18 00:40:21.906 144297 DEBUG oslo_service.service [req-c00831cd-1f31-4ed5-82be-f6ca7fdbcb6f - - - - -] api.neutron_default_tenant_id = default log_opt_values /usr/lib/python3/dist-packages/oslo_config/cfg.py:2609
2025-12-18 00:40:21.906 144297 DEBUG oslo_service.service [req-c00831cd-1f31-4ed5-82be-f6ca7fdbcb6f - - - - -] api.use_forwarded_for = False log_opt_values /usr/lib/python3/dist-packages/oslo_config/cfg.py:2609
2025-12-18 00:40:21.907 144297 DEBUG oslo_service.service [req-c00831cd-1f31-4ed5-82be-f6ca7fdbcb6f - - - - -] api.use_neutron_default_nets = False log_opt_values /usr/lib/python3/dist-packages/oslo_config/cfg.py:2609
2025-12-18 00:40:21.907 144297 DEBUG oslo_service.service [req-c00831cd-1f31-4ed5-82be-f6ca7fdbcb6f - - - - -] api.vendordata_dynamic_connect_timeout = 5 log_opt_values /usr/lib/python3/dist-packages/oslo_config/cfg.py:2609
2025-12-18 00:40:21.907 144297 DEBUG oslo_service.service [req-c00831cd-1f31-4ed5-82be-f6ca7fdbcb6f - - - - -] api.vendordata_dynamic_failure_fatal = False log_opt_values /usr/lib/python3/dist-packages/oslo_config/cfg.py:2609
2025-12-18 00:40:21.908 144297 DEBUG oslo_service.service [req-c00831cd-1f31-4ed5-82be-f6ca7fdbcb6f - - - - -] api.vendordata_dynamic_read_timeout = 5 log_opt_values /usr/lib/python3/dist-packages/oslo_config/cfg.py:2609
2025-12-18 00:40:21.909 144297 DEBUG oslo_service.service [req-c00831cd-1f31-4ed5-82be-f6ca7fdbcb6f - - - - -] api.vendordata_dynamic_ssl_certfile = log_opt_values /usr/lib/python3/dist-packages/oslo_config/cfg.py:2609
2025-12-18 00:40:21.910 144297 DEBUG oslo_service.service [req-c00831cd-1f31-4ed5-82be-f6ca7fdbcb6f - - - - -] api.vendordata_dynamic_targets = [] log_opt_values /usr/lib/python3/dist-packages/oslo_config/cfg.py:2609
2025-12-18 00:40:21.910 144297 DEBUG oslo_service.service [req-c00831cd-1f31-4ed5-82be-f6ca7fdbcb6f - - - - -] api.vendordata_jsonfile_path = None log_opt_values /usr/lib/python3/dist-packages/oslo_config/cfg.py:2609
2025-12-18 00:40:21.911 144297 DEBUG oslo_service.service [req-c00831cd-1f31-4ed5-82be-f6ca7fdbcb6f - - - - -] api.vendordata_providers = ['StaticJSON'] log_opt_values /usr/lib/python3/dist-packages/oslo_config/cfg.py:2609
2025-12-18 00:40:21.911 144297 DEBUG oslo_service.service [req-c00831cd-1f31-4ed5-82be-f6ca7fdbcb6f - - - - -] cache.backend = dogpile.cache.null log_opt_values /usr/lib/python3/dist-packages/oslo_config/cfg.py:2609
2025-12-18 00:40:21.911 144297 DEBUG oslo_service.service [req-c00831cd-1f31-4ed5-82be-f6ca7fdbcb6f - - - - -] cache.backend_argument = **** log_opt_values /usr/lib/python3/dist-packages/oslo_config/cfg.py:2609
2025-12-18 00:40:21.912 144297 DEBUG oslo_service.service [req-c00831cd-1f31-4ed5-82be-f6ca7fdbcb6f - - - - -] cache.config_prefix = cache.oslo log_opt_values /usr/lib/python3/dist-packages/oslo_config/cfg.py:2609
2025-12-18 00:40:21.912 144297 DEBUG oslo_service.service [req-c00831cd-1f31-4ed5-82be-f6ca7fdbcb6f - - - - -] cache.debug_cache_backend = False log_opt_values /usr/lib/python3/dist-packages/oslo_config/cfg.py:2609
2025-12-18 00:40:21.912 144297 DEBUG oslo_service.service [req-c00831cd-1f31-4ed5-82be-f6ca7fdbcb6f - - - - -] cache.enabled = False log_opt_values /usr/lib/python3/dist-packages/oslo_config/cfg.py:2609
2025-12-18 00:40:21.912 144297 DEBUG oslo_service.service [req-c00831cd-1f31-4ed5-82be-f6ca7fdbcb6f - - - - -] cache.expiration_time = 600 log_opt_values /usr/lib/python3/dist-packages/oslo_config/cfg.py:2609
2025-12-18 00:40:21.912 144297 DEBUG oslo_service.service [req-c00831cd-1f31-4ed5-82be-f6ca7fdbcb6f - - - - -] cache.memcache_dead_retry = 300 log_opt_values /usr/lib/python3/dist-packages/oslo_config/cfg.py:2609
2025-12-18 00:40:21.913 144297 DEBUG oslo_service.service [req-c00831cd-1f31-4ed5-82be-f6ca7fdbcb6f - - - - -] cache.memcache_pool_connection_get_timeout = 10 log_opt_values /usr/lib/python3/dist-packages/oslo_config/cfg.py:2609
2025-12-18 00:40:21.913 144297 DEBUG oslo_service.service [req-c00831cd-1f31-4ed5-82be-f6ca7fdbcb6f - - - - -] cache.memcache_pool_flush_on_reconnect = False log_opt_values /usr/lib/python3/dist-packages/oslo_config/cfg.py:2609
2025-12-18 00:40:21.913 144297 DEBUG oslo_service.service [req-c00831cd-1f31-4ed5-82be-f6ca7fdbcb6f - - - - -] cache.memcache_pool_maxsize = 10 log_opt_values /usr/lib/python3/dist-packages/oslo_config/cfg.py:2609
2025-12-18 00:40:21.913 144297 DEBUG oslo_service.service [req-c00831cd-1f31-4ed5-82be-f6ca7fdbcb6f - - - - -] cache.memcache_pool_unused_timeout = 60 log_opt_values /usr/lib/python3/dist-packages/oslo_config/cfg.py:2609
2025-12-18 00:40:21.914 144297 DEBUG oslo_service.service [req-c00831cd-1f31-4ed5-82be-f6ca7fdbcb6f - - - - -] cache.memcache_servers = ['localhost:11211'] log_opt_values /usr/lib/python3/dist-packages/oslo_config/cfg.py:2609
2025-12-18 00:40:21.914 144297 DEBUG oslo_service.service [req-c00831cd-1f31-4ed5-82be-f6ca7fdbcb6f - - - - -] cache.memcache_socket_timeout = 1.0 log_opt_values /usr/lib/python3/dist-packages/oslo_config/cfg.py:2609
2025-12-18 00:40:21.914 145090 DEBUG oslo_messaging._drivers.amqpdriver [-] Listener is running poll /usr/lib/python3/dist-packages/oslo_messaging/_drivers/amqpdriver.py:343
2025-12-18 00:40:21.915 144297 DEBUG oslo_service.service [req-c00831cd-1f31-4ed5-82be-f6ca7fdbcb6f - - - - -] cache.proxies = [] log_opt_values /usr/lib/python3/dist-packages/oslo_config/cfg.py:2609
2025-12-18 00:40:21.915 144297 DEBUG oslo_service.service [req-c00831cd-1f31-4ed5-82be-f6ca7fdbcb6f - - - - -] cache.tls_allowed_ciphers = None log_opt_values /usr/lib/python3/dist-packages/oslo_config/cfg.py:2609
2025-12-18 00:40:21.915 145090 DEBUG oslo_messaging._drivers.amqpdriver [-] AMQPListener connection consume poll /usr/lib/python3/dist-packages/oslo_messaging/_drivers/amqpdriver.py:357
2025-12-18 00:40:21.915 144297 DEBUG oslo_service.service [req-c00831cd-1f31-4ed5-82be-f6ca7fdbcb6f - - - - -] cache.tls_cafile = None log_opt_values /usr/lib/python3/dist-packages/oslo_config/cfg.py:2609
2025-12-18 00:40:21.915 144297 DEBUG oslo_service.service [req-c00831cd-1f31-4ed5-82be-f6ca7fdbcb6f - - - - -] cache.tls_certfile = None log_opt_values /usr/lib/python3/dist-packages/oslo_config/cfg.py:2609
2025-12-18 00:40:21.916 144297 DEBUG oslo_service.service [req-c00831cd-1f31-4ed5-82be-f6ca7fdbcb6f - - - - -] cache.tls_enabled = False log_opt_values /usr/lib/python3/dist-packages/oslo_config/cfg.py:2609
2025-12-18 00:40:21.916 145090 DEBUG nova.service [req-d5e83423-56dd-41d4-a4a2-33206c42521e - - - - -] Join ServiceGroup membership for this service scheduler start /usr/lib/python3/dist-packages/nova/service.py:199
2025-12-18 00:40:21.918 145090 DEBUG nova.servicegroup.drivers.db [req-d5e83423-56dd-41d4-a4a2-33206c42521e - - - - -] DB_Driver: join new ServiceGroup member juju-060272-0-lxd-7 to the scheduler group, service = join /usr/lib/python3/dist-packages/nova/servicegroup/drivers/db.py:44
2025-12-18 00:40:21.918 144297 DEBUG oslo_service.service [req-c00831cd-1f31-4ed5-82be-f6ca7fdbcb6f - - - - -] cache.tls_keyfile = None log_opt_values /usr/lib/python3/dist-packages/oslo_config/cfg.py:2609
2025-12-18 00:40:21.918 144297 DEBUG oslo_service.service [req-c00831cd-1f31-4ed5-82be-f6ca7fdbcb6f - - - - -] cinder.auth_section = None log_opt_values /usr/lib/python3/dist-packages/oslo_config/cfg.py:2609
2025-12-18 00:40:21.918 144297 DEBUG oslo_service.service [req-c00831cd-1f31-4ed5-82be-f6ca7fdbcb6f - - - - -] cinder.auth_type = None log_opt_values /usr/lib/python3/dist-packages/oslo_config/cfg.py:2609
2025-12-18 00:40:21.919 144297 DEBUG oslo_service.service [req-c00831cd-1f31-4ed5-82be-f6ca7fdbcb6f - - - - -] cinder.cafile = None log_opt_values /usr/lib/python3/dist-packages/oslo_config/cfg.py:2609
2025-12-18 00:40:21.919 144297 DEBUG oslo_service.service [req-c00831cd-1f31-4ed5-82be-f6ca7fdbcb6f - - - - -] cinder.catalog_info = volumev3::publicURL log_opt_values /usr/lib/python3/dist-packages/oslo_config/cfg.py:2609
2025-12-18 00:40:21.919 144297 DEBUG oslo_service.service [req-c00831cd-1f31-4ed5-82be-f6ca7fdbcb6f - - - - -] cinder.certfile = None log_opt_values /usr/lib/python3/dist-packages/oslo_config/cfg.py:2609
2025-12-18 00:40:21.920 144297 DEBUG oslo_service.service [req-c00831cd-1f31-4ed5-82be-f6ca7fdbcb6f - - - - -] cinder.collect_timing = False log_opt_values /usr/lib/python3/dist-packages/oslo_config/cfg.py:2609
2025-12-18 00:40:21.920 144297 DEBUG oslo_service.service [req-c00831cd-1f31-4ed5-82be-f6ca7fdbcb6f - - - - -] cinder.cross_az_attach = True log_opt_values /usr/lib/python3/dist-packages/oslo_config/cfg.py:2609
2025-12-18 00:40:21.920 144297 DEBUG oslo_service.service [req-c00831cd-1f31-4ed5-82be-f6ca7fdbcb6f - - - - -] cinder.debug = False log_opt_values /usr/lib/python3/dist-packages/oslo_config/cfg.py:2609
2025-12-18 00:40:21.920 144297 DEBUG oslo_service.service [req-c00831cd-1f31-4ed5-82be-f6ca7fdbcb6f - - - - -] cinder.endpoint_template = None log_opt_values /usr/lib/python3/dist-packages/oslo_config/cfg.py:2609
2025-12-18 00:40:21.921 144297 DEBUG oslo_service.service [req-c00831cd-1f31-4ed5-82be-f6ca7fdbcb6f - - - - -] cinder.http_retries = 3 log_opt_values /usr/lib/python3/dist-packages/oslo_config/cfg.py:2609
2025-12-18 00:40:21.921 145090 DEBUG oslo_messaging._drivers.amqpdriver [-] AMQPListener connection timeout poll /usr/lib/python3/dist-packages/oslo_messaging/_drivers/amqpdriver.py:360
2025-12-18 00:40:21.921 145090 DEBUG oslo_messaging._drivers.amqpdriver [-] Listener is running poll /usr/lib/python3/dist-packages/oslo_messaging/_drivers/amqpdriver.py:343
2025-12-18 00:40:21.921 144297 DEBUG oslo_service.service [req-c00831cd-1f31-4ed5-82be-f6ca7fdbcb6f - - - - -] cinder.insecure = False log_opt_values /usr/lib/python3/dist-packages/oslo_config/cfg.py:2609
2025-12-18 00:40:21.921 145090 DEBUG oslo_messaging._drivers.amqpdriver [-] AMQPListener connection consume poll /usr/lib/python3/dist-packages/oslo_messaging/_drivers/amqpdriver.py:357
2025-12-18 00:40:21.921 144297 DEBUG oslo_service.service [req-c00831cd-1f31-4ed5-82be-f6ca7fdbcb6f - - - - -] cinder.keyfile = None log_opt_values /usr/lib/python3/dist-packages/oslo_config/cfg.py:2609
2025-12-18 00:40:21.921 144297 DEBUG oslo_service.service [req-c00831cd-1f31-4ed5-82be-f6ca7fdbcb6f - - - - -] cinder.os_region_name = None log_opt_values /usr/lib/python3/dist-packages/oslo_config/cfg.py:2609
2025-12-18 00:40:21.921 144297 DEBUG oslo_service.service [req-c00831cd-1f31-4ed5-82be-f6ca7fdbcb6f - - - - -] cinder.split_loggers = False log_opt_values /usr/lib/python3/dist-packages/oslo_config/cfg.py:2609
2025-12-18 00:40:21.922 144297 DEBUG oslo_service.service [req-c00831cd-1f31-4ed5-82be-f6ca7fdbcb6f - - - - -] cinder.timeout = None log_opt_values /usr/lib/python3/dist-packages/oslo_config/cfg.py:2609
2025-12-18 00:40:21.926 144297 DEBUG oslo_service.service [req-c00831cd-1f31-4ed5-82be-f6ca7fdbcb6f - - - - -] compute.consecutive_build_service_disable_threshold = 10 log_opt_values /usr/lib/python3/dist-packages/oslo_config/cfg.py:2609
2025-12-18 00:40:21.926 144297 DEBUG oslo_service.service [req-c00831cd-1f31-4ed5-82be-f6ca7fdbcb6f - - - - -] compute.cpu_dedicated_set = None log_opt_values /usr/lib/python3/dist-packages/oslo_config/cfg.py:2609
2025-12-18 00:40:21.926 144297 DEBUG oslo_service.service [req-c00831cd-1f31-4ed5-82be-f6ca7fdbcb6f - - - - -] compute.cpu_shared_set = None log_opt_values /usr/lib/python3/dist-packages/oslo_config/cfg.py:2609
2025-12-18 00:40:21.927 144297 DEBUG oslo_service.service [req-c00831cd-1f31-4ed5-82be-f6ca7fdbcb6f - - - - -] compute.image_type_exclude_list = [] log_opt_values /usr/lib/python3/dist-packages/oslo_config/cfg.py:2609
2025-12-18 00:40:21.927 144297 DEBUG oslo_service.service [req-c00831cd-1f31-4ed5-82be-f6ca7fdbcb6f - - - - -] compute.live_migration_wait_for_vif_plug = True log_opt_values /usr/lib/python3/dist-packages/oslo_config/cfg.py:2609
2025-12-18 00:40:21.927 144297 DEBUG oslo_service.service [req-c00831cd-1f31-4ed5-82be-f6ca7fdbcb6f - - - - -] compute.max_concurrent_disk_ops = 0 log_opt_values /usr/lib/python3/dist-packages/oslo_config/cfg.py:2609
2025-12-18 00:40:21.927 144297 DEBUG oslo_service.service [req-c00831cd-1f31-4ed5-82be-f6ca7fdbcb6f - - - - -] compute.max_disk_devices_to_attach = -1 log_opt_values /usr/lib/python3/dist-packages/oslo_config/cfg.py:2609
2025-12-18 00:40:21.928 144297 DEBUG oslo_service.service [req-c00831cd-1f31-4ed5-82be-f6ca7fdbcb6f - - - - -] compute.packing_host_numa_cells_allocation_strategy = True log_opt_values /usr/lib/python3/dist-packages/oslo_config/cfg.py:2609
2025-12-18 00:40:21.928 144297 DEBUG oslo_service.service [req-c00831cd-1f31-4ed5-82be-f6ca7fdbcb6f - - - - -] compute.provider_config_location = /etc/nova/provider_config/ log_opt_values /usr/lib/python3/dist-packages/oslo_config/cfg.py:2609
2025-12-18 00:40:21.929 144297 DEBUG oslo_service.service [req-c00831cd-1f31-4ed5-82be-f6ca7fdbcb6f - - - - -] compute.resource_provider_association_refresh = 300 log_opt_values /usr/lib/python3/dist-packages/oslo_config/cfg.py:2609
2025-12-18 00:40:21.929 144297 DEBUG oslo_service.service [req-c00831cd-1f31-4ed5-82be-f6ca7fdbcb6f - - - - -] compute.shutdown_retry_interval = 10 log_opt_values /usr/lib/python3/dist-packages/oslo_config/cfg.py:2609
2025-12-18 00:40:21.930 144297 DEBUG oslo_service.service [req-c00831cd-1f31-4ed5-82be-f6ca7fdbcb6f - - - - -] compute.vmdk_allowed_types = ['streamOptimized', 'monolithicSparse'] log_opt_values /usr/lib/python3/dist-packages/oslo_config/cfg.py:2609
2025-12-18 00:40:21.930 144297 DEBUG oslo_service.service [req-c00831cd-1f31-4ed5-82be-f6ca7fdbcb6f - - - - -] conductor.workers = 4 log_opt_values /usr/lib/python3/dist-packages/oslo_config/cfg.py:2609
2025-12-18 00:40:21.931 144297 DEBUG oslo_service.service [req-c00831cd-1f31-4ed5-82be-f6ca7fdbcb6f - - - - -] console.allowed_origins = [] log_opt_values /usr/lib/python3/dist-packages/oslo_config/cfg.py:2609
2025-12-18 00:40:21.931 144297 DEBUG oslo_service.service [req-c00831cd-1f31-4ed5-82be-f6ca7fdbcb6f - - - - -] console.ssl_ciphers = None log_opt_values /usr/lib/python3/dist-packages/oslo_config/cfg.py:2609
2025-12-18 00:40:21.931 144297 DEBUG oslo_service.service [req-c00831cd-1f31-4ed5-82be-f6ca7fdbcb6f - - - - -] console.ssl_minimum_version = default log_opt_values /usr/lib/python3/dist-packages/oslo_config/cfg.py:2609
2025-12-18 00:40:21.931 144297 DEBUG oslo_service.service [req-c00831cd-1f31-4ed5-82be-f6ca7fdbcb6f - - - - -] consoleauth.token_ttl = 600 log_opt_values /usr/lib/python3/dist-packages/oslo_config/cfg.py:2609
2025-12-18 00:40:21.932 144297 DEBUG oslo_service.service [req-c00831cd-1f31-4ed5-82be-f6ca7fdbcb6f - - - - -] cyborg.cafile = None log_opt_values /usr/lib/python3/dist-packages/oslo_config/cfg.py:2609
2025-12-18 00:40:21.934 144297 DEBUG oslo_service.service [req-c00831cd-1f31-4ed5-82be-f6ca7fdbcb6f - - - - -] cyborg.certfile = None log_opt_values /usr/lib/python3/dist-packages/oslo_config/cfg.py:2609
2025-12-18 00:40:21.934 144297 DEBUG oslo_service.service [req-c00831cd-1f31-4ed5-82be-f6ca7fdbcb6f - - - - -] cyborg.collect_timing = False log_opt_values /usr/lib/python3/dist-packages/oslo_config/cfg.py:2609
2025-12-18 00:40:21.934 144297 DEBUG oslo_service.service [req-c00831cd-1f31-4ed5-82be-f6ca7fdbcb6f - - - - -] cyborg.connect_retries = None log_opt_values /usr/lib/python3/dist-packages/oslo_config/cfg.py:2609
2025-12-18 00:40:21.935 144297 DEBUG oslo_service.service [req-c00831cd-1f31-4ed5-82be-f6ca7fdbcb6f - - - - -] cyborg.connect_retry_delay = None log_opt_values /usr/lib/python3/dist-packages/oslo_config/cfg.py:2609
2025-12-18 00:40:21.935 144297 DEBUG oslo_service.service [req-c00831cd-1f31-4ed5-82be-f6ca7fdbcb6f - - - - -] cyborg.endpoint_override = None log_opt_values /usr/lib/python3/dist-packages/oslo_config/cfg.py:2609
2025-12-18 00:40:21.935 144297 DEBUG oslo_service.service [req-c00831cd-1f31-4ed5-82be-f6ca7fdbcb6f - - - - -] cyborg.insecure = False log_opt_values /usr/lib/python3/dist-packages/oslo_config/cfg.py:2609
2025-12-18 00:40:21.936 144297 DEBUG oslo_service.service [req-c00831cd-1f31-4ed5-82be-f6ca7fdbcb6f - - - - -] cyborg.keyfile = None log_opt_values /usr/lib/python3/dist-packages/oslo_config/cfg.py:2609
2025-12-18 00:40:21.936 144297 DEBUG oslo_service.service [req-c00831cd-1f31-4ed5-82be-f6ca7fdbcb6f - - - - -] cyborg.max_version = None log_opt_values /usr/lib/python3/dist-packages/oslo_config/cfg.py:2609
2025-12-18 00:40:21.936 144297 DEBUG oslo_service.service [req-c00831cd-1f31-4ed5-82be-f6ca7fdbcb6f - - - - -] cyborg.min_version = None log_opt_values /usr/lib/python3/dist-packages/oslo_config/cfg.py:2609
2025-12-18 00:40:21.936 144297 DEBUG oslo_service.service [req-c00831cd-1f31-4ed5-82be-f6ca7fdbcb6f - - - - -] cyborg.region_name = None log_opt_values /usr/lib/python3/dist-packages/oslo_config/cfg.py:2609
2025-12-18 00:40:21.936 144297 DEBUG oslo_service.service [req-c00831cd-1f31-4ed5-82be-f6ca7fdbcb6f - - - - -] cyborg.service_name = None log_opt_values /usr/lib/python3/dist-packages/oslo_config/cfg.py:2609
2025-12-18 00:40:21.937 144297 DEBUG oslo_service.service [req-c00831cd-1f31-4ed5-82be-f6ca7fdbcb6f - - - - -] cyborg.service_type = accelerator log_opt_values /usr/lib/python3/dist-packages/oslo_config/cfg.py:2609
2025-12-18 00:40:21.937 144297 DEBUG oslo_service.service [req-c00831cd-1f31-4ed5-82be-f6ca7fdbcb6f - - - - -] cyborg.split_loggers = False log_opt_values /usr/lib/python3/dist-packages/oslo_config/cfg.py:2609
2025-12-18 00:40:21.937 144297 DEBUG oslo_service.service [req-c00831cd-1f31-4ed5-82be-f6ca7fdbcb6f - - - - -] cyborg.status_code_retries = None log_opt_values /usr/lib/python3/dist-packages/oslo_config/cfg.py:2609
2025-12-18 00:40:21.937 144297 DEBUG oslo_service.service [req-c00831cd-1f31-4ed5-82be-f6ca7fdbcb6f - - - - -] cyborg.status_code_retry_delay = None log_opt_values /usr/lib/python3/dist-packages/oslo_config/cfg.py:2609
2025-12-18 00:40:21.938 144297 DEBUG oslo_service.service [req-c00831cd-1f31-4ed5-82be-f6ca7fdbcb6f - - - - -] cyborg.timeout = None log_opt_values /usr/lib/python3/dist-packages/oslo_config/cfg.py:2609
2025-12-18 00:40:21.938 144297 DEBUG oslo_service.service [req-c00831cd-1f31-4ed5-82be-f6ca7fdbcb6f - - - - -] cyborg.valid_interfaces = ['internal', 'public'] log_opt_values /usr/lib/python3/dist-packages/oslo_config/cfg.py:2609
2025-12-18 00:40:21.938 144297 DEBUG oslo_service.service [req-c00831cd-1f31-4ed5-82be-f6ca7fdbcb6f - - - - -] cyborg.version = None log_opt_values /usr/lib/python3/dist-packages/oslo_config/cfg.py:2609
2025-12-18 00:40:21.938 144297 DEBUG oslo_service.service [req-c00831cd-1f31-4ed5-82be-f6ca7fdbcb6f - - - - -] database.backend = sqlalchemy log_opt_values /usr/lib/python3/dist-packages/oslo_config/cfg.py:2609
2025-12-18 00:40:21.939 144297 DEBUG oslo_service.service [req-c00831cd-1f31-4ed5-82be-f6ca7fdbcb6f - - - - -] database.connection = **** log_opt_values /usr/lib/python3/dist-packages/oslo_config/cfg.py:2609
2025-12-18 00:40:21.940 144297 DEBUG oslo_service.service [req-c00831cd-1f31-4ed5-82be-f6ca7fdbcb6f - - - - -] database.connection_debug = 0 log_opt_values /usr/lib/python3/dist-packages/oslo_config/cfg.py:2609
2025-12-18 00:40:21.940 144297 DEBUG oslo_service.service [req-c00831cd-1f31-4ed5-82be-f6ca7fdbcb6f - - - - -] database.connection_parameters = log_opt_values /usr/lib/python3/dist-packages/oslo_config/cfg.py:2609
2025-12-18 00:40:21.940 144297 DEBUG oslo_service.service [req-c00831cd-1f31-4ed5-82be-f6ca7fdbcb6f - - - - -] database.connection_recycle_time = 3600 log_opt_values /usr/lib/python3/dist-packages/oslo_config/cfg.py:2609
2025-12-18 00:40:21.940 144297 DEBUG oslo_service.service [req-c00831cd-1f31-4ed5-82be-f6ca7fdbcb6f - - - - -] database.connection_trace = False log_opt_values /usr/lib/python3/dist-packages/oslo_config/cfg.py:2609
2025-12-18 00:40:21.940 144297 DEBUG oslo_service.service [req-c00831cd-1f31-4ed5-82be-f6ca7fdbcb6f - - - - -] database.db_inc_retry_interval = True log_opt_values /usr/lib/python3/dist-packages/oslo_config/cfg.py:2609
2025-12-18 00:40:21.941 144297 DEBUG oslo_service.service [req-c00831cd-1f31-4ed5-82be-f6ca7fdbcb6f - - - - -] database.db_max_retries = 20 log_opt_values /usr/lib/python3/dist-packages/oslo_config/cfg.py:2609
2025-12-18 00:40:21.941 144297 DEBUG oslo_service.service [req-c00831cd-1f31-4ed5-82be-f6ca7fdbcb6f - - - - -] database.db_max_retry_interval = 10 log_opt_values /usr/lib/python3/dist-packages/oslo_config/cfg.py:2609
2025-12-18 00:40:21.941 144297 DEBUG oslo_service.service [req-c00831cd-1f31-4ed5-82be-f6ca7fdbcb6f - - - - -] database.db_retry_interval = 1 log_opt_values /usr/lib/python3/dist-packages/oslo_config/cfg.py:2609
2025-12-18 00:40:21.941 144297 DEBUG oslo_service.service [req-c00831cd-1f31-4ed5-82be-f6ca7fdbcb6f - - - - -] database.max_overflow = 50 log_opt_values /usr/lib/python3/dist-packages/oslo_config/cfg.py:2609
2025-12-18 00:40:21.942 144297 DEBUG oslo_service.service [req-c00831cd-1f31-4ed5-82be-f6ca7fdbcb6f - - - - -] database.max_pool_size = 4 log_opt_values /usr/lib/python3/dist-packages/oslo_config/cfg.py:2609
