2025-12-18 00:39:06.159 138202 DEBUG oslo_service.service [req-6bfcbc61-8d55-49fd-a8a5-21eee2595e1d - - - - -] oslo_messaging_rabbit.ssl_key_file = log_opt_values /usr/lib/python3/dist-packages/oslo_config/cfg.py:2609
2025-12-18 00:39:06.159 138202 DEBUG oslo_service.service [req-6bfcbc61-8d55-49fd-a8a5-21eee2595e1d - - - - -] oslo_messaging_rabbit.ssl_version = log_opt_values /usr/lib/python3/dist-packages/oslo_config/cfg.py:2609
2025-12-18 00:39:06.159 138202 DEBUG oslo_service.service [req-6bfcbc61-8d55-49fd-a8a5-21eee2595e1d - - - - -] oslo_messaging_notifications.driver = ['messagingv2'] log_opt_values /usr/lib/python3/dist-packages/oslo_config/cfg.py:2609
2025-12-18 00:39:06.159 138202 DEBUG oslo_service.service [req-6bfcbc61-8d55-49fd-a8a5-21eee2595e1d - - - - -] oslo_messaging_notifications.retry = -1 log_opt_values /usr/lib/python3/dist-packages/oslo_config/cfg.py:2609
2025-12-18 00:39:06.159 138202 DEBUG oslo_service.service [req-6bfcbc61-8d55-49fd-a8a5-21eee2595e1d - - - - -] oslo_messaging_notifications.topics = ['notifications'] log_opt_values /usr/lib/python3/dist-packages/oslo_config/cfg.py:2609
2025-12-18 00:39:06.159 138202 DEBUG oslo_service.service [req-6bfcbc61-8d55-49fd-a8a5-21eee2595e1d - - - - -] oslo_messaging_notifications.transport_url = **** log_opt_values /usr/lib/python3/dist-packages/oslo_config/cfg.py:2609
2025-12-18 00:39:06.160 138202 DEBUG oslo_service.service [req-6bfcbc61-8d55-49fd-a8a5-21eee2595e1d - - - - -] oslo_limit.auth_section = None log_opt_values /usr/lib/python3/dist-packages/oslo_config/cfg.py:2609
2025-12-18 00:39:06.160 138202 DEBUG oslo_service.service [req-6bfcbc61-8d55-49fd-a8a5-21eee2595e1d - - - - -] oslo_limit.auth_type = None log_opt_values /usr/lib/python3/dist-packages/oslo_config/cfg.py:2609
2025-12-18 00:39:06.160 138202 DEBUG oslo_service.service [req-6bfcbc61-8d55-49fd-a8a5-21eee2595e1d - - - - -] oslo_limit.cafile = None log_opt_values /usr/lib/python3/dist-packages/oslo_config/cfg.py:2609
2025-12-18 00:39:06.160 138202 DEBUG oslo_service.service [req-6bfcbc61-8d55-49fd-a8a5-21eee2595e1d - - - - -] oslo_limit.certfile = None log_opt_values /usr/lib/python3/dist-packages/oslo_config/cfg.py:2609
2025-12-18 00:39:06.160 138202 DEBUG oslo_service.service [req-6bfcbc61-8d55-49fd-a8a5-21eee2595e1d - - - - -] oslo_limit.collect_timing = False log_opt_values /usr/lib/python3/dist-packages/oslo_config/cfg.py:2609
2025-12-18 00:39:06.160 138202 DEBUG oslo_service.service [req-6bfcbc61-8d55-49fd-a8a5-21eee2595e1d - - - - -] oslo_limit.connect_retries = None log_opt_values /usr/lib/python3/dist-packages/oslo_config/cfg.py:2609
2025-12-18 00:39:06.161 138202 DEBUG oslo_service.service [req-6bfcbc61-8d55-49fd-a8a5-21eee2595e1d - - - - -] oslo_limit.connect_retry_delay = None log_opt_values /usr/lib/python3/dist-packages/oslo_config/cfg.py:2609
2025-12-18 00:39:06.161 138202 DEBUG oslo_service.service [req-6bfcbc61-8d55-49fd-a8a5-21eee2595e1d - - - - -] oslo_limit.endpoint_id = None log_opt_values /usr/lib/python3/dist-packages/oslo_config/cfg.py:2609
2025-12-18 00:39:06.161 138202 DEBUG oslo_service.service [req-6bfcbc61-8d55-49fd-a8a5-21eee2595e1d - - - - -] oslo_limit.endpoint_override = None log_opt_values /usr/lib/python3/dist-packages/oslo_config/cfg.py:2609
2025-12-18 00:39:06.161 138202 DEBUG oslo_service.service [req-6bfcbc61-8d55-49fd-a8a5-21eee2595e1d - - - - -] oslo_limit.insecure = False log_opt_values /usr/lib/python3/dist-packages/oslo_config/cfg.py:2609
2025-12-18 00:39:06.161 138202 DEBUG oslo_service.service [req-6bfcbc61-8d55-49fd-a8a5-21eee2595e1d - - - - -] oslo_limit.keyfile = None log_opt_values /usr/lib/python3/dist-packages/oslo_config/cfg.py:2609
2025-12-18 00:39:06.162 138202 DEBUG oslo_service.service [req-6bfcbc61-8d55-49fd-a8a5-21eee2595e1d - - - - -] oslo_limit.max_version = None log_opt_values /usr/lib/python3/dist-packages/oslo_config/cfg.py:2609
2025-12-18 00:39:06.162 138202 DEBUG oslo_service.service [req-6bfcbc61-8d55-49fd-a8a5-21eee2595e1d - - - - -] oslo_limit.min_version = None log_opt_values /usr/lib/python3/dist-packages/oslo_config/cfg.py:2609
2025-12-18 00:39:06.162 138202 DEBUG oslo_service.service [req-6bfcbc61-8d55-49fd-a8a5-21eee2595e1d - - - - -] oslo_limit.region_name = None log_opt_values /usr/lib/python3/dist-packages/oslo_config/cfg.py:2609
2025-12-18 00:39:06.162 138202 DEBUG oslo_service.service [req-6bfcbc61-8d55-49fd-a8a5-21eee2595e1d - - - - -] oslo_limit.service_name = None log_opt_values /usr/lib/python3/dist-packages/oslo_config/cfg.py:2609
2025-12-18 00:39:06.163 138202 DEBUG oslo_service.service [req-6bfcbc61-8d55-49fd-a8a5-21eee2595e1d - - - - -] oslo_limit.service_type = None log_opt_values /usr/lib/python3/dist-packages/oslo_config/cfg.py:2609
2025-12-18 00:39:06.163 138202 DEBUG oslo_service.service [req-6bfcbc61-8d55-49fd-a8a5-21eee2595e1d - - - - -] oslo_limit.split_loggers = False log_opt_values /usr/lib/python3/dist-packages/oslo_config/cfg.py:2609
2025-12-18 00:39:06.163 138202 DEBUG oslo_service.service [req-6bfcbc61-8d55-49fd-a8a5-21eee2595e1d - - - - -] oslo_limit.status_code_retries = None log_opt_values /usr/lib/python3/dist-packages/oslo_config/cfg.py:2609
2025-12-18 00:39:06.163 138202 DEBUG oslo_service.service [req-6bfcbc61-8d55-49fd-a8a5-21eee2595e1d - - - - -] oslo_limit.status_code_retry_delay = None log_opt_values /usr/lib/python3/dist-packages/oslo_config/cfg.py:2609
2025-12-18 00:39:06.163 138202 DEBUG oslo_service.service [req-6bfcbc61-8d55-49fd-a8a5-21eee2595e1d - - - - -] oslo_limit.timeout = None log_opt_values /usr/lib/python3/dist-packages/oslo_config/cfg.py:2609
2025-12-18 00:39:06.163 138202 DEBUG oslo_service.service [req-6bfcbc61-8d55-49fd-a8a5-21eee2595e1d - - - - -] oslo_limit.valid_interfaces = None log_opt_values /usr/lib/python3/dist-packages/oslo_config/cfg.py:2609
2025-12-18 00:39:06.163 138202 DEBUG oslo_service.service [req-6bfcbc61-8d55-49fd-a8a5-21eee2595e1d - - - - -] oslo_limit.version = None log_opt_values /usr/lib/python3/dist-packages/oslo_config/cfg.py:2609
2025-12-18 00:39:06.164 138202 DEBUG oslo_service.service [req-6bfcbc61-8d55-49fd-a8a5-21eee2595e1d - - - - -] oslo_reports.file_event_handler = None log_opt_values /usr/lib/python3/dist-packages/oslo_config/cfg.py:2609
2025-12-18 00:39:06.164 138202 DEBUG oslo_service.service [req-6bfcbc61-8d55-49fd-a8a5-21eee2595e1d - - - - -] oslo_reports.file_event_handler_interval = 1 log_opt_values /usr/lib/python3/dist-packages/oslo_config/cfg.py:2609
2025-12-18 00:39:06.164 138202 DEBUG oslo_service.service [req-6bfcbc61-8d55-49fd-a8a5-21eee2595e1d - - - - -] oslo_reports.log_dir = None log_opt_values /usr/lib/python3/dist-packages/oslo_config/cfg.py:2609
2025-12-18 00:39:06.164 138202 DEBUG oslo_service.service [req-6bfcbc61-8d55-49fd-a8a5-21eee2595e1d - - - - -] ******************************************************************************** log_opt_values /usr/lib/python3/dist-packages/oslo_config/cfg.py:2613
2025-12-18 00:39:07.020 139889 DEBUG oslo_messaging._drivers.amqpdriver [-] AMQPListener connection timeout poll /usr/lib/python3/dist-packages/oslo_messaging/_drivers/amqpdriver.py:360
2025-12-18 00:39:07.020 139889 DEBUG oslo_messaging._drivers.amqpdriver [-] Listener is running poll /usr/lib/python3/dist-packages/oslo_messaging/_drivers/amqpdriver.py:343
2025-12-18 00:39:07.020 139883 DEBUG oslo_messaging._drivers.amqpdriver [-] AMQPListener connection timeout poll /usr/lib/python3/dist-packages/oslo_messaging/_drivers/amqpdriver.py:360
2025-12-18 00:39:07.021 139889 DEBUG oslo_messaging._drivers.amqpdriver [-] AMQPListener connection consume poll /usr/lib/python3/dist-packages/oslo_messaging/_drivers/amqpdriver.py:357
2025-12-18 00:39:07.021 139883 DEBUG oslo_messaging._drivers.amqpdriver [-] Listener is running poll /usr/lib/python3/dist-packages/oslo_messaging/_drivers/amqpdriver.py:343
2025-12-18 00:39:07.020 139890 DEBUG oslo_messaging._drivers.amqpdriver [-] AMQPListener connection timeout poll /usr/lib/python3/dist-packages/oslo_messaging/_drivers/amqpdriver.py:360
2025-12-18 00:39:07.021 139883 DEBUG oslo_messaging._drivers.amqpdriver [-] AMQPListener connection consume poll /usr/lib/python3/dist-packages/oslo_messaging/_drivers/amqpdriver.py:357
2025-12-18 00:39:07.021 139890 DEBUG oslo_messaging._drivers.amqpdriver [-] Listener is running poll /usr/lib/python3/dist-packages/oslo_messaging/_drivers/amqpdriver.py:343
2025-12-18 00:39:07.021 139890 DEBUG oslo_messaging._drivers.amqpdriver [-] AMQPListener connection consume poll /usr/lib/python3/dist-packages/oslo_messaging/_drivers/amqpdriver.py:357
2025-12-18 00:39:07.055 139896 DEBUG oslo_messaging._drivers.amqpdriver [-] AMQPListener connection timeout poll /usr/lib/python3/dist-packages/oslo_messaging/_drivers/amqpdriver.py:360
2025-12-18 00:39:07.056 139896 DEBUG oslo_messaging._drivers.amqpdriver [-] Listener is running poll /usr/lib/python3/dist-packages/oslo_messaging/_drivers/amqpdriver.py:343
2025-12-18 00:39:07.056 139896 DEBUG oslo_messaging._drivers.amqpdriver [-] AMQPListener connection consume poll /usr/lib/python3/dist-packages/oslo_messaging/_drivers/amqpdriver.py:357
2025-12-18 00:39:09.022 139889 DEBUG oslo_messaging._drivers.amqpdriver [-] AMQPListener connection timeout poll /usr/lib/python3/dist-packages/oslo_messaging/_drivers/amqpdriver.py:360
2025-12-18 00:39:09.022 139889 DEBUG oslo_messaging._drivers.amqpdriver [-] Listener is running poll /usr/lib/python3/dist-packages/oslo_messaging/_drivers/amqpdriver.py:343
2025-12-18 00:39:09.022 139889 DEBUG oslo_messaging._drivers.amqpdriver [-] AMQPListener connection consume poll /usr/lib/python3/dist-packages/oslo_messaging/_drivers/amqpdriver.py:357
2025-12-18 00:39:09.022 139890 DEBUG oslo_messaging._drivers.amqpdriver [-] AMQPListener connection timeout poll /usr/lib/python3/dist-packages/oslo_messaging/_drivers/amqpdriver.py:360
2025-12-18 00:39:09.023 139890 DEBUG oslo_messaging._drivers.amqpdriver [-] Listener is running poll /usr/lib/python3/dist-packages/oslo_messaging/_drivers/amqpdriver.py:343
2025-12-18 00:39:09.023 139890 DEBUG oslo_messaging._drivers.amqpdriver [-] AMQPListener connection consume poll /usr/lib/python3/dist-packages/oslo_messaging/_drivers/amqpdriver.py:357
2025-12-18 00:39:09.023 139883 DEBUG oslo_messaging._drivers.amqpdriver [-] AMQPListener connection timeout poll /usr/lib/python3/dist-packages/oslo_messaging/_drivers/amqpdriver.py:360
2025-12-18 00:39:09.023 139883 DEBUG oslo_messaging._drivers.amqpdriver [-] Listener is running poll /usr/lib/python3/dist-packages/oslo_messaging/_drivers/amqpdriver.py:343
2025-12-18 00:39:09.023 139883 DEBUG oslo_messaging._drivers.amqpdriver [-] AMQPListener connection consume poll /usr/lib/python3/dist-packages/oslo_messaging/_drivers/amqpdriver.py:357
2025-12-18 00:39:09.058 139896 DEBUG oslo_messaging._drivers.amqpdriver [-] AMQPListener connection timeout poll /usr/lib/python3/dist-packages/oslo_messaging/_drivers/amqpdriver.py:360
2025-12-18 00:39:09.058 139896 DEBUG oslo_messaging._drivers.amqpdriver [-] Listener is running poll /usr/lib/python3/dist-packages/oslo_messaging/_drivers/amqpdriver.py:343
2025-12-18 00:39:09.059 139896 DEBUG oslo_messaging._drivers.amqpdriver [-] AMQPListener connection consume poll /usr/lib/python3/dist-packages/oslo_messaging/_drivers/amqpdriver.py:357
2025-12-18 00:39:13.025 139883 DEBUG oslo_messaging._drivers.amqpdriver [-] AMQPListener connection timeout poll /usr/lib/python3/dist-packages/oslo_messaging/_drivers/amqpdriver.py:360
2025-12-18 00:39:13.025 139883 DEBUG oslo_messaging._drivers.amqpdriver [-] Listener is running poll /usr/lib/python3/dist-packages/oslo_messaging/_drivers/amqpdriver.py:343
2025-12-18 00:39:13.025 139883 DEBUG oslo_messaging._drivers.amqpdriver [-] AMQPListener connection consume poll /usr/lib/python3/dist-packages/oslo_messaging/_drivers/amqpdriver.py:357
2025-12-18 00:39:13.025 139889 DEBUG oslo_messaging._drivers.amqpdriver [-] AMQPListener connection timeout poll /usr/lib/python3/dist-packages/oslo_messaging/_drivers/amqpdriver.py:360
2025-12-18 00:39:13.026 139889 DEBUG oslo_messaging._drivers.amqpdriver [-] Listener is running poll /usr/lib/python3/dist-packages/oslo_messaging/_drivers/amqpdriver.py:343
2025-12-18 00:39:13.026 139890 DEBUG oslo_messaging._drivers.amqpdriver [-] AMQPListener connection timeout poll /usr/lib/python3/dist-packages/oslo_messaging/_drivers/amqpdriver.py:360
2025-12-18 00:39:13.027 139890 DEBUG oslo_messaging._drivers.amqpdriver [-] Listener is running poll /usr/lib/python3/dist-packages/oslo_messaging/_drivers/amqpdriver.py:343
2025-12-18 00:39:13.027 139890 DEBUG oslo_messaging._drivers.amqpdriver [-] AMQPListener connection consume poll /usr/lib/python3/dist-packages/oslo_messaging/_drivers/amqpdriver.py:357
2025-12-18 00:39:13.026 139889 DEBUG oslo_messaging._drivers.amqpdriver [-] AMQPListener connection consume poll /usr/lib/python3/dist-packages/oslo_messaging/_drivers/amqpdriver.py:357
2025-12-18 00:39:13.062 139896 DEBUG oslo_messaging._drivers.amqpdriver [-] AMQPListener connection timeout poll /usr/lib/python3/dist-packages/oslo_messaging/_drivers/amqpdriver.py:360
2025-12-18 00:39:13.062 139896 DEBUG oslo_messaging._drivers.amqpdriver [-] Listener is running poll /usr/lib/python3/dist-packages/oslo_messaging/_drivers/amqpdriver.py:343
2025-12-18 00:39:13.063 139896 DEBUG oslo_messaging._drivers.amqpdriver [-] AMQPListener connection consume poll /usr/lib/python3/dist-packages/oslo_messaging/_drivers/amqpdriver.py:357
2025-12-18 00:39:17.018 139889 DEBUG oslo_service.periodic_task [req-66c24d1d-07d0-4f58-a032-6464aa668c66 - - - - -] Running periodic task SchedulerManager._discover_hosts_in_cells run_periodic_tasks /usr/lib/python3/dist-packages/oslo_service/periodic_task.py:210
2025-12-18 00:39:17.020 139889 DEBUG oslo_db.sqlalchemy.engines [req-66c24d1d-07d0-4f58-a032-6464aa668c66 - - - - -] Parent process 138202 forked (139889) with an open database connection, which is being discarded and recreated. checkout /usr/lib/python3/dist-packages/oslo_db/sqlalchemy/engines.py:413
2025-12-18 00:39:17.028 139889 DEBUG oslo_concurrency.lockutils [req-66c24d1d-07d0-4f58-a032-6464aa668c66 - - - - -] Lock "8fbb0d49-bd3c-4b1b-95ae-6b34efd8fb15" acquired by "nova.context.set_target_cell..get_or_set_cached_cell_and_set_connections" :: waited 0.000s inner /usr/lib/python3/dist-packages/oslo_concurrency/lockutils.py:386
2025-12-18 00:39:17.031 139889 DEBUG oslo_concurrency.lockutils [req-66c24d1d-07d0-4f58-a032-6464aa668c66 - - - - -] Lock "8fbb0d49-bd3c-4b1b-95ae-6b34efd8fb15" "released" by "nova.context.set_target_cell..get_or_set_cached_cell_and_set_connections" :: held 0.002s inner /usr/lib/python3/dist-packages/oslo_concurrency/lockutils.py:400
2025-12-18 00:39:17.036 139889 DEBUG oslo_db.sqlalchemy.engines [req-66c24d1d-07d0-4f58-a032-6464aa668c66 - - - - -] MySQL server mode set to STRICT_TRANS_TABLES,STRICT_ALL_TABLES,NO_ZERO_IN_DATE,NO_ZERO_DATE,ERROR_FOR_DIVISION_BY_ZERO,TRADITIONAL,NO_ENGINE_SUBSTITUTION _check_effective_sql_mode /usr/lib/python3/dist-packages/oslo_db/sqlalchemy/engines.py:314
2025-12-18 00:39:21.026 139883 DEBUG oslo_messaging._drivers.amqpdriver [-] AMQPListener connection timeout poll /usr/lib/python3/dist-packages/oslo_messaging/_drivers/amqpdriver.py:360
2025-12-18 00:39:21.027 139883 DEBUG oslo_messaging._drivers.amqpdriver [-] Listener is running poll /usr/lib/python3/dist-packages/oslo_messaging/_drivers/amqpdriver.py:343
2025-12-18 00:39:21.027 139883 DEBUG oslo_messaging._drivers.amqpdriver [-] AMQPListener connection consume poll /usr/lib/python3/dist-packages/oslo_messaging/_drivers/amqpdriver.py:357
2025-12-18 00:39:21.029 139890 DEBUG oslo_messaging._drivers.amqpdriver [-] AMQPListener connection timeout poll /usr/lib/python3/dist-packages/oslo_messaging/_drivers/amqpdriver.py:360
2025-12-18 00:39:21.029 139889 DEBUG oslo_messaging._drivers.amqpdriver [-] AMQPListener connection timeout poll /usr/lib/python3/dist-packages/oslo_messaging/_drivers/amqpdriver.py:360
2025-12-18 00:39:21.032 139889 DEBUG oslo_messaging._drivers.amqpdriver [-] Listener is running poll /usr/lib/python3/dist-packages/oslo_messaging/_drivers/amqpdriver.py:343
2025-12-18 00:39:21.032 139890 DEBUG oslo_messaging._drivers.amqpdriver [-] Listener is running poll /usr/lib/python3/dist-packages/oslo_messaging/_drivers/amqpdriver.py:343
2025-12-18 00:39:21.032 139889 DEBUG oslo_messaging._drivers.amqpdriver [-] AMQPListener connection consume poll /usr/lib/python3/dist-packages/oslo_messaging/_drivers/amqpdriver.py:357
2025-12-18 00:39:21.032 139890 DEBUG oslo_messaging._drivers.amqpdriver [-] AMQPListener connection consume poll /usr/lib/python3/dist-packages/oslo_messaging/_drivers/amqpdriver.py:357
2025-12-18 00:39:21.064 139896 DEBUG oslo_messaging._drivers.amqpdriver [-] AMQPListener connection timeout poll /usr/lib/python3/dist-packages/oslo_messaging/_drivers/amqpdriver.py:360
2025-12-18 00:39:21.064 139896 DEBUG oslo_messaging._drivers.amqpdriver [-] Listener is running poll /usr/lib/python3/dist-packages/oslo_messaging/_drivers/amqpdriver.py:343
2025-12-18 00:39:21.064 139896 DEBUG oslo_messaging._drivers.amqpdriver [-] AMQPListener connection consume poll /usr/lib/python3/dist-packages/oslo_messaging/_drivers/amqpdriver.py:357
2025-12-18 00:39:31.027 139883 DEBUG oslo_service.periodic_task [req-30fb6eba-d6b2-4ea0-b2bc-fbbec1a14eef - - - - -] Running periodic task SchedulerManager._discover_hosts_in_cells run_periodic_tasks /usr/lib/python3/dist-packages/oslo_service/periodic_task.py:210
2025-12-18 00:39:31.028 139883 DEBUG oslo_db.sqlalchemy.engines [req-30fb6eba-d6b2-4ea0-b2bc-fbbec1a14eef - - - - -] Parent process 138202 forked (139883) with an open database connection, which is being discarded and recreated. checkout /usr/lib/python3/dist-packages/oslo_db/sqlalchemy/engines.py:413
2025-12-18 00:39:31.039 139883 DEBUG oslo_concurrency.lockutils [req-30fb6eba-d6b2-4ea0-b2bc-fbbec1a14eef - - - - -] Lock "8fbb0d49-bd3c-4b1b-95ae-6b34efd8fb15" acquired by "nova.context.set_target_cell..get_or_set_cached_cell_and_set_connections" :: waited 0.000s inner /usr/lib/python3/dist-packages/oslo_concurrency/lockutils.py:386
2025-12-18 00:39:31.041 139883 DEBUG oslo_concurrency.lockutils [req-30fb6eba-d6b2-4ea0-b2bc-fbbec1a14eef - - - - -] Lock "8fbb0d49-bd3c-4b1b-95ae-6b34efd8fb15" "released" by "nova.context.set_target_cell..get_or_set_cached_cell_and_set_connections" :: held 0.002s inner /usr/lib/python3/dist-packages/oslo_concurrency/lockutils.py:400
2025-12-18 00:39:31.049 139883 DEBUG oslo_db.sqlalchemy.engines [req-30fb6eba-d6b2-4ea0-b2bc-fbbec1a14eef - - - - -] MySQL server mode set to STRICT_TRANS_TABLES,STRICT_ALL_TABLES,NO_ZERO_IN_DATE,NO_ZERO_DATE,ERROR_FOR_DIVISION_BY_ZERO,TRADITIONAL,NO_ENGINE_SUBSTITUTION _check_effective_sql_mode /usr/lib/python3/dist-packages/oslo_db/sqlalchemy/engines.py:314
2025-12-18 00:39:36.070 139896 DEBUG oslo_service.periodic_task [req-166fe973-abae-47fd-a895-8c6ed6cae3a5 - - - - -] Running periodic task SchedulerManager._discover_hosts_in_cells run_periodic_tasks /usr/lib/python3/dist-packages/oslo_service/periodic_task.py:210
2025-12-18 00:39:36.075 139896 DEBUG oslo_concurrency.lockutils [req-84c40b41-b2cd-4750-9e6a-be2a30d37c41 - - - - -] Lock "8fbb0d49-bd3c-4b1b-95ae-6b34efd8fb15" acquired by "nova.context.set_target_cell..get_or_set_cached_cell_and_set_connections" :: waited 0.000s inner /usr/lib/python3/dist-packages/oslo_concurrency/lockutils.py:386
2025-12-18 00:39:36.075 139896 DEBUG oslo_concurrency.lockutils [req-84c40b41-b2cd-4750-9e6a-be2a30d37c41 - - - - -] Lock "8fbb0d49-bd3c-4b1b-95ae-6b34efd8fb15" "released" by "nova.context.set_target_cell..get_or_set_cached_cell_and_set_connections" :: held 0.000s inner /usr/lib/python3/dist-packages/oslo_concurrency/lockutils.py:400
2025-12-18 00:39:47.055 139889 DEBUG oslo_service.periodic_task [req-66c24d1d-07d0-4f58-a032-6464aa668c66 - - - - -] Running periodic task SchedulerManager._discover_hosts_in_cells run_periodic_tasks /usr/lib/python3/dist-packages/oslo_service/periodic_task.py:210
2025-12-18 00:39:47.060 139889 DEBUG oslo_concurrency.lockutils [req-576c0f67-28a2-495a-9927-830e5a1c76ad - - - - -] Lock "8fbb0d49-bd3c-4b1b-95ae-6b34efd8fb15" acquired by "nova.context.set_target_cell..get_or_set_cached_cell_and_set_connections" :: waited 0.000s inner /usr/lib/python3/dist-packages/oslo_concurrency/lockutils.py:386
2025-12-18 00:39:47.061 139889 DEBUG oslo_concurrency.lockutils [req-576c0f67-28a2-495a-9927-830e5a1c76ad - - - - -] Lock "8fbb0d49-bd3c-4b1b-95ae-6b34efd8fb15" "released" by "nova.context.set_target_cell..get_or_set_cached_cell_and_set_connections" :: held 0.000s inner /usr/lib/python3/dist-packages/oslo_concurrency/lockutils.py:400
2025-12-18 00:39:50.994 139889 DEBUG oslo_messaging._drivers.amqpdriver [-] AMQPListener connection timeout poll /usr/lib/python3/dist-packages/oslo_messaging/_drivers/amqpdriver.py:360
2025-12-18 00:39:50.994 139889 DEBUG oslo_messaging._drivers.amqpdriver [-] Listener is running poll /usr/lib/python3/dist-packages/oslo_messaging/_drivers/amqpdriver.py:343
2025-12-18 00:39:50.994 139889 DEBUG oslo_messaging._drivers.amqpdriver [-] AMQPListener connection consume poll /usr/lib/python3/dist-packages/oslo_messaging/_drivers/amqpdriver.py:357
2025-12-18 00:39:50.999 139883 DEBUG oslo_messaging._drivers.amqpdriver [-] AMQPListener connection timeout poll /usr/lib/python3/dist-packages/oslo_messaging/_drivers/amqpdriver.py:360
2025-12-18 00:39:51.000 139883 DEBUG oslo_messaging._drivers.amqpdriver [-] Listener is running poll /usr/lib/python3/dist-packages/oslo_messaging/_drivers/amqpdriver.py:343
2025-12-18 00:39:51.000 139883 DEBUG oslo_messaging._drivers.amqpdriver [-] AMQPListener connection consume poll /usr/lib/python3/dist-packages/oslo_messaging/_drivers/amqpdriver.py:357
2025-12-18 00:39:51.003 139890 DEBUG oslo_messaging._drivers.amqpdriver [-] AMQPListener connection timeout poll /usr/lib/python3/dist-packages/oslo_messaging/_drivers/amqpdriver.py:360
2025-12-18 00:39:51.003 139890 DEBUG oslo_messaging._drivers.amqpdriver [-] Listener is running poll /usr/lib/python3/dist-packages/oslo_messaging/_drivers/amqpdriver.py:343
2025-12-18 00:39:51.004 139890 DEBUG oslo_messaging._drivers.amqpdriver [-] AMQPListener connection consume poll /usr/lib/python3/dist-packages/oslo_messaging/_drivers/amqpdriver.py:357
2025-12-18 00:39:51.034 139896 DEBUG oslo_messaging._drivers.amqpdriver [-] AMQPListener connection timeout poll /usr/lib/python3/dist-packages/oslo_messaging/_drivers/amqpdriver.py:360
2025-12-18 00:39:51.034 139896 DEBUG oslo_messaging._drivers.amqpdriver [-] Listener is running poll /usr/lib/python3/dist-packages/oslo_messaging/_drivers/amqpdriver.py:343
2025-12-18 00:39:51.034 139896 DEBUG oslo_messaging._drivers.amqpdriver [-] AMQPListener connection consume poll /usr/lib/python3/dist-packages/oslo_messaging/_drivers/amqpdriver.py:357
2025-12-18 00:40:01.028 139890 DEBUG oslo_service.periodic_task [req-06218f82-a3e9-4663-a130-da66880b3ae7 - - - - -] Running periodic task SchedulerManager._discover_hosts_in_cells run_periodic_tasks /usr/lib/python3/dist-packages/oslo_service/periodic_task.py:210
2025-12-18 00:40:01.029 139890 DEBUG oslo_db.sqlalchemy.engines [req-06218f82-a3e9-4663-a130-da66880b3ae7 - - - - -] Parent process 138202 forked (139890) with an open database connection, which is being discarded and recreated. checkout /usr/lib/python3/dist-packages/oslo_db/sqlalchemy/engines.py:413
2025-12-18 00:40:01.037 139890 DEBUG oslo_concurrency.lockutils [req-06218f82-a3e9-4663-a130-da66880b3ae7 - - - - -] Lock "8fbb0d49-bd3c-4b1b-95ae-6b34efd8fb15" acquired by "nova.context.set_target_cell..get_or_set_cached_cell_and_set_connections" :: waited 0.000s inner /usr/lib/python3/dist-packages/oslo_concurrency/lockutils.py:386
2025-12-18 00:40:01.038 139890 DEBUG oslo_concurrency.lockutils [req-06218f82-a3e9-4663-a130-da66880b3ae7 - - - - -] Lock "8fbb0d49-bd3c-4b1b-95ae-6b34efd8fb15" "released" by "nova.context.set_target_cell..get_or_set_cached_cell_and_set_connections" :: held 0.002s inner /usr/lib/python3/dist-packages/oslo_concurrency/lockutils.py:400
2025-12-18 00:40:01.044 139890 DEBUG oslo_db.sqlalchemy.engines [req-06218f82-a3e9-4663-a130-da66880b3ae7 - - - - -] MySQL server mode set to STRICT_TRANS_TABLES,STRICT_ALL_TABLES,NO_ZERO_IN_DATE,NO_ZERO_DATE,ERROR_FOR_DIVISION_BY_ZERO,TRADITIONAL,NO_ENGINE_SUBSTITUTION _check_effective_sql_mode /usr/lib/python3/dist-packages/oslo_db/sqlalchemy/engines.py:314
2025-12-18 00:40:01.064 139883 DEBUG oslo_service.periodic_task [req-30fb6eba-d6b2-4ea0-b2bc-fbbec1a14eef - - - - -] Running periodic task SchedulerManager._discover_hosts_in_cells run_periodic_tasks /usr/lib/python3/dist-packages/oslo_service/periodic_task.py:210
2025-12-18 00:40:01.069 139883 DEBUG oslo_concurrency.lockutils [req-02384f85-34ee-4558-b9c1-0dbe47b65e2a - - - - -] Lock "8fbb0d49-bd3c-4b1b-95ae-6b34efd8fb15" acquired by "nova.context.set_target_cell..get_or_set_cached_cell_and_set_connections" :: waited 0.000s inner /usr/lib/python3/dist-packages/oslo_concurrency/lockutils.py:386
2025-12-18 00:40:01.069 139883 DEBUG oslo_concurrency.lockutils [req-02384f85-34ee-4558-b9c1-0dbe47b65e2a - - - - -] Lock "8fbb0d49-bd3c-4b1b-95ae-6b34efd8fb15" "released" by "nova.context.set_target_cell..get_or_set_cached_cell_and_set_connections" :: held 0.000s inner /usr/lib/python3/dist-packages/oslo_concurrency/lockutils.py:400
2025-12-18 00:40:06.080 139896 DEBUG oslo_service.periodic_task [req-84c40b41-b2cd-4750-9e6a-be2a30d37c41 - - - - -] Running periodic task SchedulerManager._discover_hosts_in_cells run_periodic_tasks /usr/lib/python3/dist-packages/oslo_service/periodic_task.py:210
2025-12-18 00:40:06.085 139896 DEBUG oslo_concurrency.lockutils [req-37d24be4-d99b-476e-9e40-34f31bb782d0 - - - - -] Lock "8fbb0d49-bd3c-4b1b-95ae-6b34efd8fb15" acquired by "nova.context.set_target_cell..get_or_set_cached_cell_and_set_connections" :: waited 0.000s inner /usr/lib/python3/dist-packages/oslo_concurrency/lockutils.py:386
2025-12-18 00:40:06.085 139896 DEBUG oslo_concurrency.lockutils [req-37d24be4-d99b-476e-9e40-34f31bb782d0 - - - - -] Lock "8fbb0d49-bd3c-4b1b-95ae-6b34efd8fb15" "released" by "nova.context.set_target_cell..get_or_set_cached_cell_and_set_connections" :: held 0.000s inner /usr/lib/python3/dist-packages/oslo_concurrency/lockutils.py:400
2025-12-18 00:40:17.071 139889 DEBUG oslo_service.periodic_task [req-576c0f67-28a2-495a-9927-830e5a1c76ad - - - - -] Running periodic task SchedulerManager._discover_hosts_in_cells run_periodic_tasks /usr/lib/python3/dist-packages/oslo_service/periodic_task.py:210
2025-12-18 00:40:17.075 139889 DEBUG oslo_concurrency.lockutils [req-39e09739-17da-4357-8434-13af5d8b0770 - - - - -] Lock "8fbb0d49-bd3c-4b1b-95ae-6b34efd8fb15" acquired by "nova.context.set_target_cell..get_or_set_cached_cell_and_set_connections" :: waited 0.000s inner /usr/lib/python3/dist-packages/oslo_concurrency/lockutils.py:386
2025-12-18 00:40:17.075 139889 DEBUG oslo_concurrency.lockutils [req-39e09739-17da-4357-8434-13af5d8b0770 - - - - -] Lock "8fbb0d49-bd3c-4b1b-95ae-6b34efd8fb15" "released" by "nova.context.set_target_cell..get_or_set_cached_cell_and_set_connections" :: held 0.000s inner /usr/lib/python3/dist-packages/oslo_concurrency/lockutils.py:400
2025-12-18 00:40:17.418 138202 INFO oslo_service.service [req-6bfcbc61-8d55-49fd-a8a5-21eee2595e1d - - - - -] Caught SIGTERM, stopping children
2025-12-18 00:40:17.418 138202 DEBUG oslo_concurrency.lockutils [req-6bfcbc61-8d55-49fd-a8a5-21eee2595e1d - - - - -] Acquired lock "singleton_lock" lock /usr/lib/python3/dist-packages/oslo_concurrency/lockutils.py:294
2025-12-18 00:40:17.418 138202 DEBUG oslo_concurrency.lockutils [req-6bfcbc61-8d55-49fd-a8a5-21eee2595e1d - - - - -] Releasing lock "singleton_lock" lock /usr/lib/python3/dist-packages/oslo_concurrency/lockutils.py:312
2025-12-18 00:40:17.419 138202 DEBUG oslo_service.service [req-6bfcbc61-8d55-49fd-a8a5-21eee2595e1d - - - - -] Stop services. stop /usr/lib/python3/dist-packages/oslo_service/service.py:695
2025-12-18 00:40:17.419 138202 DEBUG oslo_service.service [req-6bfcbc61-8d55-49fd-a8a5-21eee2595e1d - - - - -] Killing children. stop /usr/lib/python3/dist-packages/oslo_service/service.py:700
2025-12-18 00:40:17.421 138202 INFO oslo_service.service [req-6bfcbc61-8d55-49fd-a8a5-21eee2595e1d - - - - -] Waiting on 4 children to exit
2025-12-18 00:40:17.426 138202 INFO oslo_service.service [req-6bfcbc61-8d55-49fd-a8a5-21eee2595e1d - - - - -] Child 139883 killed by signal 15
2025-12-18 00:40:17.426 138202 INFO oslo_service.service [req-6bfcbc61-8d55-49fd-a8a5-21eee2595e1d - - - - -] Child 139890 killed by signal 15
2025-12-18 00:40:17.427 138202 INFO oslo_service.service [req-6bfcbc61-8d55-49fd-a8a5-21eee2595e1d - - - - -] Child 139889 killed by signal 15
2025-12-18 00:40:17.428 138202 INFO oslo_service.service [req-6bfcbc61-8d55-49fd-a8a5-21eee2595e1d - - - - -] Child 139896 killed by signal 15
2025-12-18 00:40:19.614 144297 DEBUG oslo_db.sqlalchemy.engines [req-43351bd6-8bdf-48be-bf7d-8ead1ad98a26 - - - - -] MySQL server mode set to STRICT_TRANS_TABLES,STRICT_ALL_TABLES,NO_ZERO_IN_DATE,NO_ZERO_DATE,ERROR_FOR_DIVISION_BY_ZERO,TRADITIONAL,NO_ENGINE_SUBSTITUTION _check_effective_sql_mode /usr/lib/python3/dist-packages/oslo_db/sqlalchemy/engines.py:314
2025-12-18 00:40:19.651 144297 DEBUG nova.scheduler.host_manager [req-43351bd6-8bdf-48be-bf7d-8ead1ad98a26 - - - - -] Found 1 cells: 8fbb0d49-bd3c-4b1b-95ae-6b34efd8fb15 refresh_cells_caches /usr/lib/python3/dist-packages/nova/scheduler/host_manager.py:730
2025-12-18 00:40:19.651 144297 DEBUG nova.scheduler.host_manager [req-43351bd6-8bdf-48be-bf7d-8ead1ad98a26 - - - - -] Found 0 disabled cells: refresh_cells_caches /usr/lib/python3/dist-packages/nova/scheduler/host_manager.py:742
2025-12-18 00:40:19.657 144297 WARNING nova.scheduler.filters.availability_zone_filter [req-43351bd6-8bdf-48be-bf7d-8ead1ad98a26 - - - - -] The 'AvailabilityZoneFilter' is deprecated since the 24.0.0 (Xena) release. Since the 18.0.0 (Rocky) release, nova has supported mapping AZs to placement aggregates. The feature is enabled by the 'query_placement_for_availability_zone' config option and is now enabled by default. As such, the 'AvailabilityZoneFilter' is no longer required. Nova is currently configured to use both placement and the AvailabilityZoneFilter for AZ enforcement.
2025-12-18 00:40:19.741 144297 DEBUG nova.scheduler.host_manager [req-43351bd6-8bdf-48be-bf7d-8ead1ad98a26 - - - - -] START:_async_init_instance_info _async_init_instance_info /usr/lib/python3/dist-packages/nova/scheduler/host_manager.py:411
2025-12-18 00:40:19.744 144297 DEBUG oslo_concurrency.lockutils [req-9c83879e-a2f5-4e63-b69d-023afdea1073 - - - - -] Lock "8fbb0d49-bd3c-4b1b-95ae-6b34efd8fb15" acquired by "nova.context.set_target_cell..get_or_set_cached_cell_and_set_connections" :: waited 0.000s inner /usr/lib/python3/dist-packages/oslo_concurrency/lockutils.py:386
2025-12-18 00:40:19.745 144297 DEBUG oslo_concurrency.lockutils [req-9c83879e-a2f5-4e63-b69d-023afdea1073 - - - - -] Lock "8fbb0d49-bd3c-4b1b-95ae-6b34efd8fb15" "released" by "nova.context.set_target_cell..get_or_set_cached_cell_and_set_connections" :: held 0.001s inner /usr/lib/python3/dist-packages/oslo_concurrency/lockutils.py:400
2025-12-18 00:40:19.785 144297 DEBUG oslo_db.sqlalchemy.engines [req-9c83879e-a2f5-4e63-b69d-023afdea1073 - - - - -] MySQL server mode set to STRICT_TRANS_TABLES,STRICT_ALL_TABLES,NO_ZERO_IN_DATE,NO_ZERO_DATE,ERROR_FOR_DIVISION_BY_ZERO,TRADITIONAL,NO_ENGINE_SUBSTITUTION _check_effective_sql_mode /usr/lib/python3/dist-packages/oslo_db/sqlalchemy/engines.py:314
2025-12-18 00:40:19.820 144297 DEBUG nova.scheduler.host_manager [req-9c83879e-a2f5-4e63-b69d-023afdea1073 - - - - -] Total number of compute nodes: 0 _async_init_instance_info /usr/lib/python3/dist-packages/nova/scheduler/host_manager.py:424
2025-12-18 00:40:19.821 144297 DEBUG oslo_concurrency.lockutils [req-9c83879e-a2f5-4e63-b69d-023afdea1073 - - - - -] Lock "8fbb0d49-bd3c-4b1b-95ae-6b34efd8fb15" acquired by "nova.context.set_target_cell..get_or_set_cached_cell_and_set_connections" :: waited 0.000s inner /usr/lib/python3/dist-packages/oslo_concurrency/lockutils.py:386
2025-12-18 00:40:19.821 144297 DEBUG oslo_concurrency.lockutils [req-9c83879e-a2f5-4e63-b69d-023afdea1073 - - - - -] Lock "8fbb0d49-bd3c-4b1b-95ae-6b34efd8fb15" "released" by "nova.context.set_target_cell..get_or_set_cached_cell_and_set_connections" :: held 0.000s inner /usr/lib/python3/dist-packages/oslo_concurrency/lockutils.py:400
2025-12-18 00:40:19.880 144297 DEBUG nova.scheduler.host_manager [req-9c83879e-a2f5-4e63-b69d-023afdea1073 - - - - -] Adding 0 instances for hosts 10-20 _async_init_instance_info /usr/lib/python3/dist-packages/nova/scheduler/host_manager.py:443
2025-12-18 00:40:19.880 144297 DEBUG nova.scheduler.host_manager [req-9c83879e-a2f5-4e63-b69d-023afdea1073 - - - - -] END:_async_init_instance_info _async_init_instance_info /usr/lib/python3/dist-packages/nova/scheduler/host_manager.py:454
2025-12-18 00:40:21.793 144297 DEBUG nova.context [req-43351bd6-8bdf-48be-bf7d-8ead1ad98a26 - - - - -] Found 2 cells: 00000000-0000-0000-0000-000000000000(cell0),8fbb0d49-bd3c-4b1b-95ae-6b34efd8fb15(cell1) load_cells /usr/lib/python3/dist-packages/nova/context.py:464
2025-12-18 00:40:21.793 144297 DEBUG oslo_concurrency.lockutils [req-c00831cd-1f31-4ed5-82be-f6ca7fdbcb6f - - - - -] Lock "00000000-0000-0000-0000-000000000000" acquired by "nova.context.set_target_cell..get_or_set_cached_cell_and_set_connections" :: waited 0.000s inner /usr/lib/python3/dist-packages/oslo_concurrency/lockutils.py:386
2025-12-18 00:40:21.794 144297 DEBUG oslo_concurrency.lockutils [req-c00831cd-1f31-4ed5-82be-f6ca7fdbcb6f - - - - -] Lock "00000000-0000-0000-0000-000000000000" "released" by "nova.context.set_target_cell..get_or_set_cached_cell_and_set_connections" :: held 0.001s inner /usr/lib/python3/dist-packages/oslo_concurrency/lockutils.py:400
2025-12-18 00:40:21.795 144297 DEBUG oslo_concurrency.lockutils [req-c00831cd-1f31-4ed5-82be-f6ca7fdbcb6f - - - - -] Lock "8fbb0d49-bd3c-4b1b-95ae-6b34efd8fb15" acquired by "nova.context.set_target_cell..get_or_set_cached_cell_and_set_connections" :: waited 0.000s inner /usr/lib/python3/dist-packages/oslo_concurrency/lockutils.py:386
2025-12-18 00:40:21.795 144297 DEBUG oslo_concurrency.lockutils [req-c00831cd-1f31-4ed5-82be-f6ca7fdbcb6f - - - - -] Lock "8fbb0d49-bd3c-4b1b-95ae-6b34efd8fb15" "released" by "nova.context.set_target_cell..get_or_set_cached_cell_and_set_connections" :: held 0.000s inner /usr/lib/python3/dist-packages/oslo_concurrency/lockutils.py:400
2025-12-18 00:40:21.805 144297 DEBUG oslo_db.sqlalchemy.engines [req-c00831cd-1f31-4ed5-82be-f6ca7fdbcb6f - - - - -] MySQL server mode set to STRICT_TRANS_TABLES,STRICT_ALL_TABLES,NO_ZERO_IN_DATE,NO_ZERO_DATE,ERROR_FOR_DIVISION_BY_ZERO,TRADITIONAL,NO_ENGINE_SUBSTITUTION _check_effective_sql_mode /usr/lib/python3/dist-packages/oslo_db/sqlalchemy/engines.py:314
2025-12-18 00:40:21.816 144297 DEBUG oslo_concurrency.lockutils [req-c00831cd-1f31-4ed5-82be-f6ca7fdbcb6f - - - - -] Acquired lock "singleton_lock" lock /usr/lib/python3/dist-packages/oslo_concurrency/lockutils.py:294
2025-12-18 00:40:21.816 144297 DEBUG oslo_concurrency.lockutils [req-c00831cd-1f31-4ed5-82be-f6ca7fdbcb6f - - - - -] Releasing lock "singleton_lock" lock /usr/lib/python3/dist-packages/oslo_concurrency/lockutils.py:312
2025-12-18 00:40:21.816 144297 INFO oslo_service.service [req-c00831cd-1f31-4ed5-82be-f6ca7fdbcb6f - - - - -] Starting 4 workers
2025-12-18 00:40:21.821 144297 DEBUG oslo_service.service [req-c00831cd-1f31-4ed5-82be-f6ca7fdbcb6f - - - - -] Started child 145081 _start_child /usr/lib/python3/dist-packages/oslo_service/service.py:575
2025-12-18 00:40:21.826 145081 INFO nova.service [-] Starting scheduler node (version 25.2.1)
2025-12-18 00:40:21.826 144297 DEBUG oslo_service.service [req-c00831cd-1f31-4ed5-82be-f6ca7fdbcb6f - - - - -] Started child 145087 _start_child /usr/lib/python3/dist-packages/oslo_service/service.py:575
2025-12-18 00:40:21.832 145087 INFO nova.service [-] Starting scheduler node (version 25.2.1)
2025-12-18 00:40:21.832 144297 DEBUG oslo_service.service [req-c00831cd-1f31-4ed5-82be-f6ca7fdbcb6f - - - - -] Started child 145088 _start_child /usr/lib/python3/dist-packages/oslo_service/service.py:575
2025-12-18 00:40:21.837 145088 INFO nova.service [-] Starting scheduler node (version 25.2.1)
2025-12-18 00:40:21.842 145081 DEBUG oslo_db.sqlalchemy.engines [req-d772b19d-4dc5-4c61-a0f6-499880efa942 - - - - -] MySQL server mode set to STRICT_TRANS_TABLES,STRICT_ALL_TABLES,NO_ZERO_IN_DATE,NO_ZERO_DATE,ERROR_FOR_DIVISION_BY_ZERO,TRADITIONAL,NO_ENGINE_SUBSTITUTION _check_effective_sql_mode /usr/lib/python3/dist-packages/oslo_db/sqlalchemy/engines.py:314
2025-12-18 00:40:21.844 145087 DEBUG oslo_db.sqlalchemy.engines [req-10a58a03-c7d9-4b45-ba80-b534b8c4948e - - - - -] MySQL server mode set to STRICT_TRANS_TABLES,STRICT_ALL_TABLES,NO_ZERO_IN_DATE,NO_ZERO_DATE,ERROR_FOR_DIVISION_BY_ZERO,TRADITIONAL,NO_ENGINE_SUBSTITUTION _check_effective_sql_mode /usr/lib/python3/dist-packages/oslo_db/sqlalchemy/engines.py:314
2025-12-18 00:40:21.837 144297 DEBUG oslo_service.service [req-c00831cd-1f31-4ed5-82be-f6ca7fdbcb6f - - - - -] Started child 145090 _start_child /usr/lib/python3/dist-packages/oslo_service/service.py:575
2025-12-18 00:40:21.844 145090 INFO nova.service [-] Starting scheduler node (version 25.2.1)
2025-12-18 00:40:21.845 144297 DEBUG oslo_service.service [req-c00831cd-1f31-4ed5-82be-f6ca7fdbcb6f - - - - -] Full set of CONF: wait /usr/lib/python3/dist-packages/oslo_service/service.py:649
2025-12-18 00:40:21.846 144297 DEBUG oslo_service.service [req-c00831cd-1f31-4ed5-82be-f6ca7fdbcb6f - - - - -] ******************************************************************************** log_opt_values /usr/lib/python3/dist-packages/oslo_config/cfg.py:2589
2025-12-18 00:40:21.848 144297 DEBUG oslo_service.service [req-c00831cd-1f31-4ed5-82be-f6ca7fdbcb6f - - - - -] Configuration options gathered from: log_opt_values /usr/lib/python3/dist-packages/oslo_config/cfg.py:2590
2025-12-18 00:40:21.848 144297 DEBUG oslo_service.service [req-c00831cd-1f31-4ed5-82be-f6ca7fdbcb6f - - - - -] command line args: ['--config-file=/etc/nova/nova.conf', '--log-file=/var/log/nova/nova-scheduler.log'] log_opt_values /usr/lib/python3/dist-packages/oslo_config/cfg.py:2591
2025-12-18 00:40:21.849 144297 DEBUG oslo_service.service [req-c00831cd-1f31-4ed5-82be-f6ca7fdbcb6f - - - - -] config files: ['/etc/nova/nova.conf'] log_opt_values /usr/lib/python3/dist-packages/oslo_config/cfg.py:2592
2025-12-18 00:40:21.849 144297 DEBUG oslo_service.service [req-c00831cd-1f31-4ed5-82be-f6ca7fdbcb6f - - - - -] ================================================================================ log_opt_values /usr/lib/python3/dist-packages/oslo_config/cfg.py:2594
2025-12-18 00:40:21.849 144297 DEBUG oslo_service.service [req-c00831cd-1f31-4ed5-82be-f6ca7fdbcb6f - - - - -] allow_resize_to_same_host = False log_opt_values /usr/lib/python3/dist-packages/oslo_config/cfg.py:2602
2025-12-18 00:40:21.849 144297 DEBUG oslo_service.service [req-c00831cd-1f31-4ed5-82be-f6ca7fdbcb6f - - - - -] arq_binding_timeout = 300 log_opt_values /usr/lib/python3/dist-packages/oslo_config/cfg.py:2602
2025-12-18 00:40:21.850 144297 DEBUG oslo_service.service [req-c00831cd-1f31-4ed5-82be-f6ca7fdbcb6f - - - - -] block_device_allocate_retries = 60 log_opt_values /usr/lib/python3/dist-packages/oslo_config/cfg.py:2602
2025-12-18 00:40:21.850 144297 DEBUG oslo_service.service [req-c00831cd-1f31-4ed5-82be-f6ca7fdbcb6f - - - - -] block_device_allocate_retries_interval = 3 log_opt_values /usr/lib/python3/dist-packages/oslo_config/cfg.py:2602
2025-12-18 00:40:21.850 144297 DEBUG oslo_service.service [req-c00831cd-1f31-4ed5-82be-f6ca7fdbcb6f - - - - -] cert = self.pem log_opt_values /usr/lib/python3/dist-packages/oslo_config/cfg.py:2602
2025-12-18 00:40:21.850 144297 DEBUG oslo_service.service [req-c00831cd-1f31-4ed5-82be-f6ca7fdbcb6f - - - - -] compute_driver = libvirt.LibvirtDriver log_opt_values /usr/lib/python3/dist-packages/oslo_config/cfg.py:2602
2025-12-18 00:40:21.850 144297 DEBUG oslo_service.service [req-c00831cd-1f31-4ed5-82be-f6ca7fdbcb6f - - - - -] compute_monitors = [] log_opt_values /usr/lib/python3/dist-packages/oslo_config/cfg.py:2602
2025-12-18 00:40:21.853 145088 DEBUG oslo_db.sqlalchemy.engines [req-0cff0719-64d1-4d57-8244-766fcf3f74fe - - - - -] MySQL server mode set to STRICT_TRANS_TABLES,STRICT_ALL_TABLES,NO_ZERO_IN_DATE,NO_ZERO_DATE,ERROR_FOR_DIVISION_BY_ZERO,TRADITIONAL,NO_ENGINE_SUBSTITUTION _check_effective_sql_mode /usr/lib/python3/dist-packages/oslo_db/sqlalchemy/engines.py:314
2025-12-18 00:40:21.851 144297 DEBUG oslo_service.service [req-c00831cd-1f31-4ed5-82be-f6ca7fdbcb6f - - - - -] config_dir = [] log_opt_values /usr/lib/python3/dist-packages/oslo_config/cfg.py:2602
2025-12-18 00:40:21.854 144297 DEBUG oslo_service.service [req-c00831cd-1f31-4ed5-82be-f6ca7fdbcb6f - - - - -] config_drive_format = iso9660 log_opt_values /usr/lib/python3/dist-packages/oslo_config/cfg.py:2602
2025-12-18 00:40:21.854 144297 DEBUG oslo_service.service [req-c00831cd-1f31-4ed5-82be-f6ca7fdbcb6f - - - - -] config_file = ['/etc/nova/nova.conf'] log_opt_values /usr/lib/python3/dist-packages/oslo_config/cfg.py:2602
2025-12-18 00:40:21.855 144297 DEBUG oslo_service.service [req-c00831cd-1f31-4ed5-82be-f6ca7fdbcb6f - - - - -] config_source = [] log_opt_values /usr/lib/python3/dist-packages/oslo_config/cfg.py:2602
2025-12-18 00:40:21.855 144297 DEBUG oslo_service.service [req-c00831cd-1f31-4ed5-82be-f6ca7fdbcb6f - - - - -] console_host = juju-060272-0-lxd-7 log_opt_values /usr/lib/python3/dist-packages/oslo_config/cfg.py:2602
2025-12-18 00:40:21.855 144297 DEBUG oslo_service.service [req-c00831cd-1f31-4ed5-82be-f6ca7fdbcb6f - - - - -] control_exchange = nova log_opt_values /usr/lib/python3/dist-packages/oslo_config/cfg.py:2602
2025-12-18 00:40:21.856 144297 DEBUG oslo_service.service [req-c00831cd-1f31-4ed5-82be-f6ca7fdbcb6f - - - - -] cpu_allocation_ratio = 2.0 log_opt_values /usr/lib/python3/dist-packages/oslo_config/cfg.py:2602
2025-12-18 00:40:21.856 144297 DEBUG oslo_service.service [req-c00831cd-1f31-4ed5-82be-f6ca7fdbcb6f - - - - -] daemon = False log_opt_values /usr/lib/python3/dist-packages/oslo_config/cfg.py:2602
2025-12-18 00:40:21.856 144297 DEBUG oslo_service.service [req-c00831cd-1f31-4ed5-82be-f6ca7fdbcb6f - - - - -] debug = True log_opt_values /usr/lib/python3/dist-packages/oslo_config/cfg.py:2602
2025-12-18 00:40:21.856 144297 DEBUG oslo_service.service [req-c00831cd-1f31-4ed5-82be-f6ca7fdbcb6f - - - - -] default_access_ip_network_name = None log_opt_values /usr/lib/python3/dist-packages/oslo_config/cfg.py:2602
2025-12-18 00:40:21.857 144297 DEBUG oslo_service.service [req-c00831cd-1f31-4ed5-82be-f6ca7fdbcb6f - - - - -] default_availability_zone = nova log_opt_values /usr/lib/python3/dist-packages/oslo_config/cfg.py:2602
2025-12-18 00:40:21.857 144297 DEBUG oslo_service.service [req-c00831cd-1f31-4ed5-82be-f6ca7fdbcb6f - - - - -] default_ephemeral_format = None log_opt_values /usr/lib/python3/dist-packages/oslo_config/cfg.py:2602
2025-12-18 00:40:21.857 144297 DEBUG oslo_service.service [req-c00831cd-1f31-4ed5-82be-f6ca7fdbcb6f - - - - -] default_log_levels = ['amqp=WARN', 'amqplib=WARN', 'boto=WARN', 'qpid=WARN', 'sqlalchemy=WARN', 'suds=INFO', 'oslo.messaging=INFO', 'oslo_messaging=DEBUG', 'iso8601=WARN', 'requests.packages.urllib3.connectionpool=WARN', 'urllib3.connectionpool=WARN', 'websocket=WARN', 'requests.packages.urllib3.util.retry=WARN', 'urllib3.util.retry=WARN', 'keystonemiddleware=WARN', 'routes.middleware=WARN', 'stevedore=WARN', 'taskflow=WARN', 'keystoneauth=WARN', 'oslo.cache=INFO', 'dogpile.core.dogpile=INFO', 'glanceclient=WARN', 'oslo.privsep.daemon=INFO'] log_opt_values /usr/lib/python3/dist-packages/oslo_config/cfg.py:2602
2025-12-18 00:40:21.858 144297 DEBUG oslo_service.service [req-c00831cd-1f31-4ed5-82be-f6ca7fdbcb6f - - - - -] default_schedule_zone = None log_opt_values /usr/lib/python3/dist-packages/oslo_config/cfg.py:2602
2025-12-18 00:40:21.858 144297 DEBUG oslo_service.service [req-c00831cd-1f31-4ed5-82be-f6ca7fdbcb6f - - - - -] disk_allocation_ratio = 1.0 log_opt_values /usr/lib/python3/dist-packages/oslo_config/cfg.py:2602
2025-12-18 00:40:21.858 144297 DEBUG oslo_service.service [req-c00831cd-1f31-4ed5-82be-f6ca7fdbcb6f - - - - -] enable_new_services = True log_opt_values /usr/lib/python3/dist-packages/oslo_config/cfg.py:2602
2025-12-18 00:40:21.858 145081 DEBUG nova.service [req-d772b19d-4dc5-4c61-a0f6-499880efa942 - - - - -] Creating RPC server for service scheduler start /usr/lib/python3/dist-packages/nova/service.py:182
2025-12-18 00:40:21.858 144297 DEBUG oslo_service.service [req-c00831cd-1f31-4ed5-82be-f6ca7fdbcb6f - - - - -] enabled_apis = ['osapi_compute', 'metadata'] log_opt_values /usr/lib/python3/dist-packages/oslo_config/cfg.py:2602
2025-12-18 00:40:21.858 144297 DEBUG oslo_service.service [req-c00831cd-1f31-4ed5-82be-f6ca7fdbcb6f - - - - -] enabled_ssl_apis = [] log_opt_values /usr/lib/python3/dist-packages/oslo_config/cfg.py:2602
2025-12-18 00:40:21.859 144297 DEBUG oslo_service.service [req-c00831cd-1f31-4ed5-82be-f6ca7fdbcb6f - - - - -] fatal_deprecations = False log_opt_values /usr/lib/python3/dist-packages/oslo_config/cfg.py:2602
2025-12-18 00:40:21.859 144297 DEBUG oslo_service.service [req-c00831cd-1f31-4ed5-82be-f6ca7fdbcb6f - - - - -] flat_injected = False log_opt_values /usr/lib/python3/dist-packages/oslo_config/cfg.py:2602
2025-12-18 00:40:21.859 144297 DEBUG oslo_service.service [req-c00831cd-1f31-4ed5-82be-f6ca7fdbcb6f - - - - -] force_config_drive = False log_opt_values /usr/lib/python3/dist-packages/oslo_config/cfg.py:2602
2025-12-18 00:40:21.860 144297 DEBUG oslo_service.service [req-c00831cd-1f31-4ed5-82be-f6ca7fdbcb6f - - - - -] force_raw_images = True log_opt_values /usr/lib/python3/dist-packages/oslo_config/cfg.py:2602
2025-12-18 00:40:21.860 144297 DEBUG oslo_service.service [req-c00831cd-1f31-4ed5-82be-f6ca7fdbcb6f - - - - -] graceful_shutdown_timeout = 60 log_opt_values /usr/lib/python3/dist-packages/oslo_config/cfg.py:2602
2025-12-18 00:40:21.860 144297 DEBUG oslo_service.service [req-c00831cd-1f31-4ed5-82be-f6ca7fdbcb6f - - - - -] heal_instance_info_cache_interval = 60 log_opt_values /usr/lib/python3/dist-packages/oslo_config/cfg.py:2602
2025-12-18 00:40:21.861 144297 DEBUG oslo_service.service [req-c00831cd-1f31-4ed5-82be-f6ca7fdbcb6f - - - - -] host = juju-060272-0-lxd-7 log_opt_values /usr/lib/python3/dist-packages/oslo_config/cfg.py:2602
2025-12-18 00:40:21.861 144297 DEBUG oslo_service.service [req-c00831cd-1f31-4ed5-82be-f6ca7fdbcb6f - - - - -] initial_cpu_allocation_ratio = 16.0 log_opt_values /usr/lib/python3/dist-packages/oslo_config/cfg.py:2602
2025-12-18 00:40:21.861 144297 DEBUG oslo_service.service [req-c00831cd-1f31-4ed5-82be-f6ca7fdbcb6f - - - - -] initial_disk_allocation_ratio = 1.0 log_opt_values /usr/lib/python3/dist-packages/oslo_config/cfg.py:2602
2025-12-18 00:40:21.861 144297 DEBUG oslo_service.service [req-c00831cd-1f31-4ed5-82be-f6ca7fdbcb6f - - - - -] initial_ram_allocation_ratio = 1.5 log_opt_values /usr/lib/python3/dist-packages/oslo_config/cfg.py:2602
2025-12-18 00:40:21.862 144297 DEBUG oslo_service.service [req-c00831cd-1f31-4ed5-82be-f6ca7fdbcb6f - - - - -] injected_network_template = /usr/lib/python3/dist-packages/nova/virt/interfaces.template log_opt_values /usr/lib/python3/dist-packages/oslo_config/cfg.py:2602
2025-12-18 00:40:21.862 144297 DEBUG oslo_service.service [req-c00831cd-1f31-4ed5-82be-f6ca7fdbcb6f - - - - -] instance_build_timeout = 0 log_opt_values /usr/lib/python3/dist-packages/oslo_config/cfg.py:2602
2025-12-18 00:40:21.862 144297 DEBUG oslo_service.service [req-c00831cd-1f31-4ed5-82be-f6ca7fdbcb6f - - - - -] instance_delete_interval = 300 log_opt_values /usr/lib/python3/dist-packages/oslo_config/cfg.py:2602
2025-12-18 00:40:21.862 144297 DEBUG oslo_service.service [req-c00831cd-1f31-4ed5-82be-f6ca7fdbcb6f - - - - -] instance_format = [instance: %(uuid)s] log_opt_values /usr/lib/python3/dist-packages/oslo_config/cfg.py:2602
2025-12-18 00:40:21.862 144297 DEBUG oslo_service.service [req-c00831cd-1f31-4ed5-82be-f6ca7fdbcb6f - - - - -] instance_name_template = instance-%08x log_opt_values /usr/lib/python3/dist-packages/oslo_config/cfg.py:2602
2025-12-18 00:40:21.863 144297 DEBUG oslo_service.service [req-c00831cd-1f31-4ed5-82be-f6ca7fdbcb6f - - - - -] instance_usage_audit = False log_opt_values /usr/lib/python3/dist-packages/oslo_config/cfg.py:2602
2025-12-18 00:40:21.863 144297 DEBUG oslo_service.service [req-c00831cd-1f31-4ed5-82be-f6ca7fdbcb6f - - - - -] instance_usage_audit_period = month log_opt_values /usr/lib/python3/dist-packages/oslo_config/cfg.py:2602
2025-12-18 00:40:21.863 145090 DEBUG oslo_db.sqlalchemy.engines [req-d5e83423-56dd-41d4-a4a2-33206c42521e - - - - -] MySQL server mode set to STRICT_TRANS_TABLES,STRICT_ALL_TABLES,NO_ZERO_IN_DATE,NO_ZERO_DATE,ERROR_FOR_DIVISION_BY_ZERO,TRADITIONAL,NO_ENGINE_SUBSTITUTION _check_effective_sql_mode /usr/lib/python3/dist-packages/oslo_db/sqlalchemy/engines.py:314
2025-12-18 00:40:21.863 144297 DEBUG oslo_service.service [req-c00831cd-1f31-4ed5-82be-f6ca7fdbcb6f - - - - -] instance_uuid_format = [instance: %(uuid)s] log_opt_values /usr/lib/python3/dist-packages/oslo_config/cfg.py:2602
2025-12-18 00:40:21.864 144297 DEBUG oslo_service.service [req-c00831cd-1f31-4ed5-82be-f6ca7fdbcb6f - - - - -] instances_path = /var/lib/nova/instances log_opt_values /usr/lib/python3/dist-packages/oslo_config/cfg.py:2602
