2025-12-18 00:39:05.984 138202 DEBUG oslo_service.service [req-6bfcbc61-8d55-49fd-a8a5-21eee2595e1d - - - - -] api.enable_instance_password = True log_opt_values /usr/lib/python3/dist-packages/oslo_config/cfg.py:2609
2025-12-18 00:39:05.984 138202 DEBUG oslo_service.service [req-6bfcbc61-8d55-49fd-a8a5-21eee2595e1d - - - - -] api.glance_link_prefix = None log_opt_values /usr/lib/python3/dist-packages/oslo_config/cfg.py:2609
2025-12-18 00:39:05.984 138202 DEBUG oslo_service.service [req-6bfcbc61-8d55-49fd-a8a5-21eee2595e1d - - - - -] api.instance_list_cells_batch_fixed_size = 100 log_opt_values /usr/lib/python3/dist-packages/oslo_config/cfg.py:2609
2025-12-18 00:39:05.987 138202 DEBUG oslo_service.service [req-6bfcbc61-8d55-49fd-a8a5-21eee2595e1d - - - - -] api.instance_list_cells_batch_strategy = distributed log_opt_values /usr/lib/python3/dist-packages/oslo_config/cfg.py:2609
2025-12-18 00:39:05.988 138202 DEBUG oslo_service.service [req-6bfcbc61-8d55-49fd-a8a5-21eee2595e1d - - - - -] api.instance_list_per_project_cells = False log_opt_values /usr/lib/python3/dist-packages/oslo_config/cfg.py:2609
2025-12-18 00:39:05.989 138202 DEBUG oslo_service.service [req-6bfcbc61-8d55-49fd-a8a5-21eee2595e1d - - - - -] api.list_records_by_skipping_down_cells = True log_opt_values /usr/lib/python3/dist-packages/oslo_config/cfg.py:2609
2025-12-18 00:39:05.989 138202 DEBUG oslo_service.service [req-6bfcbc61-8d55-49fd-a8a5-21eee2595e1d - - - - -] api.local_metadata_per_cell = False log_opt_values /usr/lib/python3/dist-packages/oslo_config/cfg.py:2609
2025-12-18 00:39:05.989 138202 DEBUG oslo_service.service [req-6bfcbc61-8d55-49fd-a8a5-21eee2595e1d - - - - -] api.max_limit = 1000 log_opt_values /usr/lib/python3/dist-packages/oslo_config/cfg.py:2609
2025-12-18 00:39:05.989 138202 DEBUG oslo_service.service [req-6bfcbc61-8d55-49fd-a8a5-21eee2595e1d - - - - -] api.metadata_cache_expiration = 15 log_opt_values /usr/lib/python3/dist-packages/oslo_config/cfg.py:2609
2025-12-18 00:39:05.989 138202 DEBUG oslo_service.service [req-6bfcbc61-8d55-49fd-a8a5-21eee2595e1d - - - - -] api.neutron_default_tenant_id = default log_opt_values /usr/lib/python3/dist-packages/oslo_config/cfg.py:2609
2025-12-18 00:39:05.990 138202 DEBUG oslo_service.service [req-6bfcbc61-8d55-49fd-a8a5-21eee2595e1d - - - - -] api.use_forwarded_for = False log_opt_values /usr/lib/python3/dist-packages/oslo_config/cfg.py:2609
2025-12-18 00:39:05.990 138202 DEBUG oslo_service.service [req-6bfcbc61-8d55-49fd-a8a5-21eee2595e1d - - - - -] api.use_neutron_default_nets = False log_opt_values /usr/lib/python3/dist-packages/oslo_config/cfg.py:2609
2025-12-18 00:39:05.991 138202 DEBUG oslo_service.service [req-6bfcbc61-8d55-49fd-a8a5-21eee2595e1d - - - - -] api.vendordata_dynamic_connect_timeout = 5 log_opt_values /usr/lib/python3/dist-packages/oslo_config/cfg.py:2609
2025-12-18 00:39:05.991 138202 DEBUG oslo_service.service [req-6bfcbc61-8d55-49fd-a8a5-21eee2595e1d - - - - -] api.vendordata_dynamic_failure_fatal = False log_opt_values /usr/lib/python3/dist-packages/oslo_config/cfg.py:2609
2025-12-18 00:39:05.991 138202 DEBUG oslo_service.service [req-6bfcbc61-8d55-49fd-a8a5-21eee2595e1d - - - - -] api.vendordata_dynamic_read_timeout = 5 log_opt_values /usr/lib/python3/dist-packages/oslo_config/cfg.py:2609
2025-12-18 00:39:05.992 138202 DEBUG oslo_service.service [req-6bfcbc61-8d55-49fd-a8a5-21eee2595e1d - - - - -] api.vendordata_dynamic_ssl_certfile = log_opt_values /usr/lib/python3/dist-packages/oslo_config/cfg.py:2609
2025-12-18 00:39:05.993 138202 DEBUG oslo_service.service [req-6bfcbc61-8d55-49fd-a8a5-21eee2595e1d - - - - -] api.vendordata_dynamic_targets = [] log_opt_values /usr/lib/python3/dist-packages/oslo_config/cfg.py:2609
2025-12-18 00:39:05.994 138202 DEBUG oslo_service.service [req-6bfcbc61-8d55-49fd-a8a5-21eee2595e1d - - - - -] api.vendordata_jsonfile_path = None log_opt_values /usr/lib/python3/dist-packages/oslo_config/cfg.py:2609
2025-12-18 00:39:05.994 138202 DEBUG oslo_service.service [req-6bfcbc61-8d55-49fd-a8a5-21eee2595e1d - - - - -] api.vendordata_providers = ['StaticJSON'] log_opt_values /usr/lib/python3/dist-packages/oslo_config/cfg.py:2609
2025-12-18 00:39:05.994 138202 DEBUG oslo_service.service [req-6bfcbc61-8d55-49fd-a8a5-21eee2595e1d - - - - -] cache.backend = dogpile.cache.null log_opt_values /usr/lib/python3/dist-packages/oslo_config/cfg.py:2609
2025-12-18 00:39:05.996 138202 DEBUG oslo_service.service [req-6bfcbc61-8d55-49fd-a8a5-21eee2595e1d - - - - -] cache.backend_argument = **** log_opt_values /usr/lib/python3/dist-packages/oslo_config/cfg.py:2609
2025-12-18 00:39:05.996 138202 DEBUG oslo_service.service [req-6bfcbc61-8d55-49fd-a8a5-21eee2595e1d - - - - -] cache.config_prefix = cache.oslo log_opt_values /usr/lib/python3/dist-packages/oslo_config/cfg.py:2609
2025-12-18 00:39:05.997 139896 DEBUG nova.service [req-476e3f21-2d04-400d-b980-9b1bd38695ca - - - - -] Creating RPC server for service scheduler start /usr/lib/python3/dist-packages/nova/service.py:182
2025-12-18 00:39:05.996 138202 DEBUG oslo_service.service [req-6bfcbc61-8d55-49fd-a8a5-21eee2595e1d - - - - -] cache.debug_cache_backend = False log_opt_values /usr/lib/python3/dist-packages/oslo_config/cfg.py:2609
2025-12-18 00:39:06.002 138202 DEBUG oslo_service.service [req-6bfcbc61-8d55-49fd-a8a5-21eee2595e1d - - - - -] cache.enabled = False log_opt_values /usr/lib/python3/dist-packages/oslo_config/cfg.py:2609
2025-12-18 00:39:06.002 138202 DEBUG oslo_service.service [req-6bfcbc61-8d55-49fd-a8a5-21eee2595e1d - - - - -] cache.expiration_time = 600 log_opt_values /usr/lib/python3/dist-packages/oslo_config/cfg.py:2609
2025-12-18 00:39:06.003 138202 DEBUG oslo_service.service [req-6bfcbc61-8d55-49fd-a8a5-21eee2595e1d - - - - -] cache.memcache_dead_retry = 300 log_opt_values /usr/lib/python3/dist-packages/oslo_config/cfg.py:2609
2025-12-18 00:39:06.003 138202 DEBUG oslo_service.service [req-6bfcbc61-8d55-49fd-a8a5-21eee2595e1d - - - - -] cache.memcache_pool_connection_get_timeout = 10 log_opt_values /usr/lib/python3/dist-packages/oslo_config/cfg.py:2609
2025-12-18 00:39:06.003 138202 DEBUG oslo_service.service [req-6bfcbc61-8d55-49fd-a8a5-21eee2595e1d - - - - -] cache.memcache_pool_flush_on_reconnect = False log_opt_values /usr/lib/python3/dist-packages/oslo_config/cfg.py:2609
2025-12-18 00:39:06.003 138202 DEBUG oslo_service.service [req-6bfcbc61-8d55-49fd-a8a5-21eee2595e1d - - - - -] cache.memcache_pool_maxsize = 10 log_opt_values /usr/lib/python3/dist-packages/oslo_config/cfg.py:2609
2025-12-18 00:39:06.003 138202 DEBUG oslo_service.service [req-6bfcbc61-8d55-49fd-a8a5-21eee2595e1d - - - - -] cache.memcache_pool_unused_timeout = 60 log_opt_values /usr/lib/python3/dist-packages/oslo_config/cfg.py:2609
2025-12-18 00:39:06.005 139889 DEBUG oslo_messaging._drivers.amqpdriver [-] Listener is running poll /usr/lib/python3/dist-packages/oslo_messaging/_drivers/amqpdriver.py:343
2025-12-18 00:39:06.007 139889 DEBUG oslo_messaging._drivers.amqpdriver [-] AMQPListener connection consume poll /usr/lib/python3/dist-packages/oslo_messaging/_drivers/amqpdriver.py:357
2025-12-18 00:39:06.004 138202 DEBUG oslo_service.service [req-6bfcbc61-8d55-49fd-a8a5-21eee2595e1d - - - - -] cache.memcache_servers = ['localhost:11211'] log_opt_values /usr/lib/python3/dist-packages/oslo_config/cfg.py:2609
2025-12-18 00:39:06.011 138202 DEBUG oslo_service.service [req-6bfcbc61-8d55-49fd-a8a5-21eee2595e1d - - - - -] cache.memcache_socket_timeout = 1.0 log_opt_values /usr/lib/python3/dist-packages/oslo_config/cfg.py:2609
2025-12-18 00:39:06.011 138202 DEBUG oslo_service.service [req-6bfcbc61-8d55-49fd-a8a5-21eee2595e1d - - - - -] cache.proxies = [] log_opt_values /usr/lib/python3/dist-packages/oslo_config/cfg.py:2609
2025-12-18 00:39:06.012 138202 DEBUG oslo_service.service [req-6bfcbc61-8d55-49fd-a8a5-21eee2595e1d - - - - -] cache.tls_allowed_ciphers = None log_opt_values /usr/lib/python3/dist-packages/oslo_config/cfg.py:2609
2025-12-18 00:39:06.012 138202 DEBUG oslo_service.service [req-6bfcbc61-8d55-49fd-a8a5-21eee2595e1d - - - - -] cache.tls_cafile = None log_opt_values /usr/lib/python3/dist-packages/oslo_config/cfg.py:2609
2025-12-18 00:39:06.012 138202 DEBUG oslo_service.service [req-6bfcbc61-8d55-49fd-a8a5-21eee2595e1d - - - - -] cache.tls_certfile = None log_opt_values /usr/lib/python3/dist-packages/oslo_config/cfg.py:2609
2025-12-18 00:39:06.012 138202 DEBUG oslo_service.service [req-6bfcbc61-8d55-49fd-a8a5-21eee2595e1d - - - - -] cache.tls_enabled = False log_opt_values /usr/lib/python3/dist-packages/oslo_config/cfg.py:2609
2025-12-18 00:39:06.012 138202 DEBUG oslo_service.service [req-6bfcbc61-8d55-49fd-a8a5-21eee2595e1d - - - - -] cache.tls_keyfile = None log_opt_values /usr/lib/python3/dist-packages/oslo_config/cfg.py:2609
2025-12-18 00:39:06.013 138202 DEBUG oslo_service.service [req-6bfcbc61-8d55-49fd-a8a5-21eee2595e1d - - - - -] cinder.auth_section = None log_opt_values /usr/lib/python3/dist-packages/oslo_config/cfg.py:2609
2025-12-18 00:39:06.013 138202 DEBUG oslo_service.service [req-6bfcbc61-8d55-49fd-a8a5-21eee2595e1d - - - - -] cinder.auth_type = None log_opt_values /usr/lib/python3/dist-packages/oslo_config/cfg.py:2609
2025-12-18 00:39:06.013 138202 DEBUG oslo_service.service [req-6bfcbc61-8d55-49fd-a8a5-21eee2595e1d - - - - -] cinder.cafile = None log_opt_values /usr/lib/python3/dist-packages/oslo_config/cfg.py:2609
2025-12-18 00:39:06.014 138202 DEBUG oslo_service.service [req-6bfcbc61-8d55-49fd-a8a5-21eee2595e1d - - - - -] cinder.catalog_info = volumev3::publicURL log_opt_values /usr/lib/python3/dist-packages/oslo_config/cfg.py:2609
2025-12-18 00:39:06.014 139883 DEBUG oslo_messaging._drivers.amqpdriver [-] Listener is running poll /usr/lib/python3/dist-packages/oslo_messaging/_drivers/amqpdriver.py:343
2025-12-18 00:39:06.015 139883 DEBUG oslo_messaging._drivers.amqpdriver [-] AMQPListener connection consume poll /usr/lib/python3/dist-packages/oslo_messaging/_drivers/amqpdriver.py:357
2025-12-18 00:39:06.015 139889 DEBUG nova.service [req-b9b38d31-e6d9-48e8-a849-0dc3fbf4a6ee - - - - -] Join ServiceGroup membership for this service scheduler start /usr/lib/python3/dist-packages/nova/service.py:199
2025-12-18 00:39:06.014 139890 DEBUG oslo_messaging._drivers.amqpdriver [-] Listener is running poll /usr/lib/python3/dist-packages/oslo_messaging/_drivers/amqpdriver.py:343
2025-12-18 00:39:06.015 139883 DEBUG nova.service [req-a8cdf158-f7f1-454a-ad21-64f27a27921b - - - - -] Join ServiceGroup membership for this service scheduler start /usr/lib/python3/dist-packages/nova/service.py:199
2025-12-18 00:39:06.016 139890 DEBUG oslo_messaging._drivers.amqpdriver [-] AMQPListener connection consume poll /usr/lib/python3/dist-packages/oslo_messaging/_drivers/amqpdriver.py:357
2025-12-18 00:39:06.016 139883 DEBUG nova.servicegroup.drivers.db [req-a8cdf158-f7f1-454a-ad21-64f27a27921b - - - - -] DB_Driver: join new ServiceGroup member juju-060272-0-lxd-7 to the scheduler group, service = join /usr/lib/python3/dist-packages/nova/servicegroup/drivers/db.py:44
2025-12-18 00:39:06.015 139889 DEBUG nova.servicegroup.drivers.db [req-b9b38d31-e6d9-48e8-a849-0dc3fbf4a6ee - - - - -] DB_Driver: join new ServiceGroup member juju-060272-0-lxd-7 to the scheduler group, service = join /usr/lib/python3/dist-packages/nova/servicegroup/drivers/db.py:44
2025-12-18 00:39:06.014 138202 DEBUG oslo_service.service [req-6bfcbc61-8d55-49fd-a8a5-21eee2595e1d - - - - -] cinder.certfile = None log_opt_values /usr/lib/python3/dist-packages/oslo_config/cfg.py:2609
2025-12-18 00:39:06.017 138202 DEBUG oslo_service.service [req-6bfcbc61-8d55-49fd-a8a5-21eee2595e1d - - - - -] cinder.collect_timing = False log_opt_values /usr/lib/python3/dist-packages/oslo_config/cfg.py:2609
2025-12-18 00:39:06.017 138202 DEBUG oslo_service.service [req-6bfcbc61-8d55-49fd-a8a5-21eee2595e1d - - - - -] cinder.cross_az_attach = True log_opt_values /usr/lib/python3/dist-packages/oslo_config/cfg.py:2609
2025-12-18 00:39:06.017 138202 DEBUG oslo_service.service [req-6bfcbc61-8d55-49fd-a8a5-21eee2595e1d - - - - -] cinder.debug = False log_opt_values /usr/lib/python3/dist-packages/oslo_config/cfg.py:2609
2025-12-18 00:39:06.017 138202 DEBUG oslo_service.service [req-6bfcbc61-8d55-49fd-a8a5-21eee2595e1d - - - - -] cinder.endpoint_template = None log_opt_values /usr/lib/python3/dist-packages/oslo_config/cfg.py:2609
2025-12-18 00:39:06.017 139890 DEBUG nova.service [req-856c3d75-6662-47a2-af86-e62fc0c96de0 - - - - -] Join ServiceGroup membership for this service scheduler start /usr/lib/python3/dist-packages/nova/service.py:199
2025-12-18 00:39:06.017 138202 DEBUG oslo_service.service [req-6bfcbc61-8d55-49fd-a8a5-21eee2595e1d - - - - -] cinder.http_retries = 3 log_opt_values /usr/lib/python3/dist-packages/oslo_config/cfg.py:2609
2025-12-18 00:39:06.017 139890 DEBUG nova.servicegroup.drivers.db [req-856c3d75-6662-47a2-af86-e62fc0c96de0 - - - - -] DB_Driver: join new ServiceGroup member juju-060272-0-lxd-7 to the scheduler group, service = join /usr/lib/python3/dist-packages/nova/servicegroup/drivers/db.py:44
2025-12-18 00:39:06.018 138202 DEBUG oslo_service.service [req-6bfcbc61-8d55-49fd-a8a5-21eee2595e1d - - - - -] cinder.insecure = False log_opt_values /usr/lib/python3/dist-packages/oslo_config/cfg.py:2609
2025-12-18 00:39:06.018 138202 DEBUG oslo_service.service [req-6bfcbc61-8d55-49fd-a8a5-21eee2595e1d - - - - -] cinder.keyfile = None log_opt_values /usr/lib/python3/dist-packages/oslo_config/cfg.py:2609
2025-12-18 00:39:06.018 138202 DEBUG oslo_service.service [req-6bfcbc61-8d55-49fd-a8a5-21eee2595e1d - - - - -] cinder.os_region_name = None log_opt_values /usr/lib/python3/dist-packages/oslo_config/cfg.py:2609
2025-12-18 00:39:06.018 138202 DEBUG oslo_service.service [req-6bfcbc61-8d55-49fd-a8a5-21eee2595e1d - - - - -] cinder.split_loggers = False log_opt_values /usr/lib/python3/dist-packages/oslo_config/cfg.py:2609
2025-12-18 00:39:06.018 139889 DEBUG oslo_messaging._drivers.amqpdriver [-] AMQPListener connection timeout poll /usr/lib/python3/dist-packages/oslo_messaging/_drivers/amqpdriver.py:360
2025-12-18 00:39:06.018 138202 DEBUG oslo_service.service [req-6bfcbc61-8d55-49fd-a8a5-21eee2595e1d - - - - -] cinder.timeout = None log_opt_values /usr/lib/python3/dist-packages/oslo_config/cfg.py:2609
2025-12-18 00:39:06.018 139889 DEBUG oslo_messaging._drivers.amqpdriver [-] Listener is running poll /usr/lib/python3/dist-packages/oslo_messaging/_drivers/amqpdriver.py:343
2025-12-18 00:39:06.019 139889 DEBUG oslo_messaging._drivers.amqpdriver [-] AMQPListener connection consume poll /usr/lib/python3/dist-packages/oslo_messaging/_drivers/amqpdriver.py:357
2025-12-18 00:39:06.019 138202 DEBUG oslo_service.service [req-6bfcbc61-8d55-49fd-a8a5-21eee2595e1d - - - - -] compute.consecutive_build_service_disable_threshold = 10 log_opt_values /usr/lib/python3/dist-packages/oslo_config/cfg.py:2609
2025-12-18 00:39:06.019 138202 DEBUG oslo_service.service [req-6bfcbc61-8d55-49fd-a8a5-21eee2595e1d - - - - -] compute.cpu_dedicated_set = None log_opt_values /usr/lib/python3/dist-packages/oslo_config/cfg.py:2609
2025-12-18 00:39:06.019 139883 DEBUG oslo_messaging._drivers.amqpdriver [-] AMQPListener connection timeout poll /usr/lib/python3/dist-packages/oslo_messaging/_drivers/amqpdriver.py:360
2025-12-18 00:39:06.019 138202 DEBUG oslo_service.service [req-6bfcbc61-8d55-49fd-a8a5-21eee2595e1d - - - - -] compute.cpu_shared_set = None log_opt_values /usr/lib/python3/dist-packages/oslo_config/cfg.py:2609
2025-12-18 00:39:06.019 139883 DEBUG oslo_messaging._drivers.amqpdriver [-] Listener is running poll /usr/lib/python3/dist-packages/oslo_messaging/_drivers/amqpdriver.py:343
2025-12-18 00:39:06.019 138202 DEBUG oslo_service.service [req-6bfcbc61-8d55-49fd-a8a5-21eee2595e1d - - - - -] compute.image_type_exclude_list = [] log_opt_values /usr/lib/python3/dist-packages/oslo_config/cfg.py:2609
2025-12-18 00:39:06.019 139883 DEBUG oslo_messaging._drivers.amqpdriver [-] AMQPListener connection consume poll /usr/lib/python3/dist-packages/oslo_messaging/_drivers/amqpdriver.py:357
2025-12-18 00:39:06.019 139890 DEBUG oslo_messaging._drivers.amqpdriver [-] AMQPListener connection timeout poll /usr/lib/python3/dist-packages/oslo_messaging/_drivers/amqpdriver.py:360
2025-12-18 00:39:06.019 138202 DEBUG oslo_service.service [req-6bfcbc61-8d55-49fd-a8a5-21eee2595e1d - - - - -] compute.live_migration_wait_for_vif_plug = True log_opt_values /usr/lib/python3/dist-packages/oslo_config/cfg.py:2609
2025-12-18 00:39:06.020 139890 DEBUG oslo_messaging._drivers.amqpdriver [-] Listener is running poll /usr/lib/python3/dist-packages/oslo_messaging/_drivers/amqpdriver.py:343
2025-12-18 00:39:06.020 138202 DEBUG oslo_service.service [req-6bfcbc61-8d55-49fd-a8a5-21eee2595e1d - - - - -] compute.max_concurrent_disk_ops = 0 log_opt_values /usr/lib/python3/dist-packages/oslo_config/cfg.py:2609
2025-12-18 00:39:06.020 139890 DEBUG oslo_messaging._drivers.amqpdriver [-] AMQPListener connection consume poll /usr/lib/python3/dist-packages/oslo_messaging/_drivers/amqpdriver.py:357
2025-12-18 00:39:06.020 138202 DEBUG oslo_service.service [req-6bfcbc61-8d55-49fd-a8a5-21eee2595e1d - - - - -] compute.max_disk_devices_to_attach = -1 log_opt_values /usr/lib/python3/dist-packages/oslo_config/cfg.py:2609
2025-12-18 00:39:06.020 138202 DEBUG oslo_service.service [req-6bfcbc61-8d55-49fd-a8a5-21eee2595e1d - - - - -] compute.packing_host_numa_cells_allocation_strategy = True log_opt_values /usr/lib/python3/dist-packages/oslo_config/cfg.py:2609
2025-12-18 00:39:06.020 138202 DEBUG oslo_service.service [req-6bfcbc61-8d55-49fd-a8a5-21eee2595e1d - - - - -] compute.provider_config_location = /etc/nova/provider_config/ log_opt_values /usr/lib/python3/dist-packages/oslo_config/cfg.py:2609
2025-12-18 00:39:06.020 138202 DEBUG oslo_service.service [req-6bfcbc61-8d55-49fd-a8a5-21eee2595e1d - - - - -] compute.resource_provider_association_refresh = 300 log_opt_values /usr/lib/python3/dist-packages/oslo_config/cfg.py:2609
2025-12-18 00:39:06.022 138202 DEBUG oslo_service.service [req-6bfcbc61-8d55-49fd-a8a5-21eee2595e1d - - - - -] compute.shutdown_retry_interval = 10 log_opt_values /usr/lib/python3/dist-packages/oslo_config/cfg.py:2609
2025-12-18 00:39:06.022 138202 DEBUG oslo_service.service [req-6bfcbc61-8d55-49fd-a8a5-21eee2595e1d - - - - -] compute.vmdk_allowed_types = ['streamOptimized', 'monolithicSparse'] log_opt_values /usr/lib/python3/dist-packages/oslo_config/cfg.py:2609
2025-12-18 00:39:06.022 138202 DEBUG oslo_service.service [req-6bfcbc61-8d55-49fd-a8a5-21eee2595e1d - - - - -] conductor.workers = 4 log_opt_values /usr/lib/python3/dist-packages/oslo_config/cfg.py:2609
2025-12-18 00:39:06.022 138202 DEBUG oslo_service.service [req-6bfcbc61-8d55-49fd-a8a5-21eee2595e1d - - - - -] console.allowed_origins = [] log_opt_values /usr/lib/python3/dist-packages/oslo_config/cfg.py:2609
2025-12-18 00:39:06.023 138202 DEBUG oslo_service.service [req-6bfcbc61-8d55-49fd-a8a5-21eee2595e1d - - - - -] console.ssl_ciphers = None log_opt_values /usr/lib/python3/dist-packages/oslo_config/cfg.py:2609
2025-12-18 00:39:06.023 138202 DEBUG oslo_service.service [req-6bfcbc61-8d55-49fd-a8a5-21eee2595e1d - - - - -] console.ssl_minimum_version = default log_opt_values /usr/lib/python3/dist-packages/oslo_config/cfg.py:2609
2025-12-18 00:39:06.024 138202 DEBUG oslo_service.service [req-6bfcbc61-8d55-49fd-a8a5-21eee2595e1d - - - - -] consoleauth.token_ttl = 600 log_opt_values /usr/lib/python3/dist-packages/oslo_config/cfg.py:2609
2025-12-18 00:39:06.024 138202 DEBUG oslo_service.service [req-6bfcbc61-8d55-49fd-a8a5-21eee2595e1d - - - - -] cyborg.cafile = None log_opt_values /usr/lib/python3/dist-packages/oslo_config/cfg.py:2609
2025-12-18 00:39:06.024 138202 DEBUG oslo_service.service [req-6bfcbc61-8d55-49fd-a8a5-21eee2595e1d - - - - -] cyborg.certfile = None log_opt_values /usr/lib/python3/dist-packages/oslo_config/cfg.py:2609
2025-12-18 00:39:06.024 138202 DEBUG oslo_service.service [req-6bfcbc61-8d55-49fd-a8a5-21eee2595e1d - - - - -] cyborg.collect_timing = False log_opt_values /usr/lib/python3/dist-packages/oslo_config/cfg.py:2609
2025-12-18 00:39:06.024 138202 DEBUG oslo_service.service [req-6bfcbc61-8d55-49fd-a8a5-21eee2595e1d - - - - -] cyborg.connect_retries = None log_opt_values /usr/lib/python3/dist-packages/oslo_config/cfg.py:2609
2025-12-18 00:39:06.025 138202 DEBUG oslo_service.service [req-6bfcbc61-8d55-49fd-a8a5-21eee2595e1d - - - - -] cyborg.connect_retry_delay = None log_opt_values /usr/lib/python3/dist-packages/oslo_config/cfg.py:2609
2025-12-18 00:39:06.025 138202 DEBUG oslo_service.service [req-6bfcbc61-8d55-49fd-a8a5-21eee2595e1d - - - - -] cyborg.endpoint_override = None log_opt_values /usr/lib/python3/dist-packages/oslo_config/cfg.py:2609
2025-12-18 00:39:06.025 138202 DEBUG oslo_service.service [req-6bfcbc61-8d55-49fd-a8a5-21eee2595e1d - - - - -] cyborg.insecure = False log_opt_values /usr/lib/python3/dist-packages/oslo_config/cfg.py:2609
2025-12-18 00:39:06.025 138202 DEBUG oslo_service.service [req-6bfcbc61-8d55-49fd-a8a5-21eee2595e1d - - - - -] cyborg.keyfile = None log_opt_values /usr/lib/python3/dist-packages/oslo_config/cfg.py:2609
2025-12-18 00:39:06.026 138202 DEBUG oslo_service.service [req-6bfcbc61-8d55-49fd-a8a5-21eee2595e1d - - - - -] cyborg.max_version = None log_opt_values /usr/lib/python3/dist-packages/oslo_config/cfg.py:2609
2025-12-18 00:39:06.026 138202 DEBUG oslo_service.service [req-6bfcbc61-8d55-49fd-a8a5-21eee2595e1d - - - - -] cyborg.min_version = None log_opt_values /usr/lib/python3/dist-packages/oslo_config/cfg.py:2609
2025-12-18 00:39:06.026 138202 DEBUG oslo_service.service [req-6bfcbc61-8d55-49fd-a8a5-21eee2595e1d - - - - -] cyborg.region_name = None log_opt_values /usr/lib/python3/dist-packages/oslo_config/cfg.py:2609
2025-12-18 00:39:06.027 138202 DEBUG oslo_service.service [req-6bfcbc61-8d55-49fd-a8a5-21eee2595e1d - - - - -] cyborg.service_name = None log_opt_values /usr/lib/python3/dist-packages/oslo_config/cfg.py:2609
2025-12-18 00:39:06.027 138202 DEBUG oslo_service.service [req-6bfcbc61-8d55-49fd-a8a5-21eee2595e1d - - - - -] cyborg.service_type = accelerator log_opt_values /usr/lib/python3/dist-packages/oslo_config/cfg.py:2609
2025-12-18 00:39:06.028 138202 DEBUG oslo_service.service [req-6bfcbc61-8d55-49fd-a8a5-21eee2595e1d - - - - -] cyborg.split_loggers = False log_opt_values /usr/lib/python3/dist-packages/oslo_config/cfg.py:2609
2025-12-18 00:39:06.028 138202 DEBUG oslo_service.service [req-6bfcbc61-8d55-49fd-a8a5-21eee2595e1d - - - - -] cyborg.status_code_retries = None log_opt_values /usr/lib/python3/dist-packages/oslo_config/cfg.py:2609
2025-12-18 00:39:06.028 138202 DEBUG oslo_service.service [req-6bfcbc61-8d55-49fd-a8a5-21eee2595e1d - - - - -] cyborg.status_code_retry_delay = None log_opt_values /usr/lib/python3/dist-packages/oslo_config/cfg.py:2609
2025-12-18 00:39:06.028 138202 DEBUG oslo_service.service [req-6bfcbc61-8d55-49fd-a8a5-21eee2595e1d - - - - -] cyborg.timeout = None log_opt_values /usr/lib/python3/dist-packages/oslo_config/cfg.py:2609
2025-12-18 00:39:06.028 138202 DEBUG oslo_service.service [req-6bfcbc61-8d55-49fd-a8a5-21eee2595e1d - - - - -] cyborg.valid_interfaces = ['internal', 'public'] log_opt_values /usr/lib/python3/dist-packages/oslo_config/cfg.py:2609
2025-12-18 00:39:06.028 138202 DEBUG oslo_service.service [req-6bfcbc61-8d55-49fd-a8a5-21eee2595e1d - - - - -] cyborg.version = None log_opt_values /usr/lib/python3/dist-packages/oslo_config/cfg.py:2609
2025-12-18 00:39:06.029 138202 DEBUG oslo_service.service [req-6bfcbc61-8d55-49fd-a8a5-21eee2595e1d - - - - -] database.backend = sqlalchemy log_opt_values /usr/lib/python3/dist-packages/oslo_config/cfg.py:2609
2025-12-18 00:39:06.029 138202 DEBUG oslo_service.service [req-6bfcbc61-8d55-49fd-a8a5-21eee2595e1d - - - - -] database.connection = **** log_opt_values /usr/lib/python3/dist-packages/oslo_config/cfg.py:2609
2025-12-18 00:39:06.029 138202 DEBUG oslo_service.service [req-6bfcbc61-8d55-49fd-a8a5-21eee2595e1d - - - - -] database.connection_debug = 0 log_opt_values /usr/lib/python3/dist-packages/oslo_config/cfg.py:2609
2025-12-18 00:39:06.029 138202 DEBUG oslo_service.service [req-6bfcbc61-8d55-49fd-a8a5-21eee2595e1d - - - - -] database.connection_parameters = log_opt_values /usr/lib/python3/dist-packages/oslo_config/cfg.py:2609
2025-12-18 00:39:06.029 138202 DEBUG oslo_service.service [req-6bfcbc61-8d55-49fd-a8a5-21eee2595e1d - - - - -] database.connection_recycle_time = 3600 log_opt_values /usr/lib/python3/dist-packages/oslo_config/cfg.py:2609
2025-12-18 00:39:06.029 138202 DEBUG oslo_service.service [req-6bfcbc61-8d55-49fd-a8a5-21eee2595e1d - - - - -] database.connection_trace = False log_opt_values /usr/lib/python3/dist-packages/oslo_config/cfg.py:2609
2025-12-18 00:39:06.030 138202 DEBUG oslo_service.service [req-6bfcbc61-8d55-49fd-a8a5-21eee2595e1d - - - - -] database.db_inc_retry_interval = True log_opt_values /usr/lib/python3/dist-packages/oslo_config/cfg.py:2609
2025-12-18 00:39:06.030 138202 DEBUG oslo_service.service [req-6bfcbc61-8d55-49fd-a8a5-21eee2595e1d - - - - -] database.db_max_retries = 20 log_opt_values /usr/lib/python3/dist-packages/oslo_config/cfg.py:2609
2025-12-18 00:39:06.030 138202 DEBUG oslo_service.service [req-6bfcbc61-8d55-49fd-a8a5-21eee2595e1d - - - - -] database.db_max_retry_interval = 10 log_opt_values /usr/lib/python3/dist-packages/oslo_config/cfg.py:2609
2025-12-18 00:39:06.030 138202 DEBUG oslo_service.service [req-6bfcbc61-8d55-49fd-a8a5-21eee2595e1d - - - - -] database.db_retry_interval = 1 log_opt_values /usr/lib/python3/dist-packages/oslo_config/cfg.py:2609
2025-12-18 00:39:06.030 138202 DEBUG oslo_service.service [req-6bfcbc61-8d55-49fd-a8a5-21eee2595e1d - - - - -] database.max_overflow = 50 log_opt_values /usr/lib/python3/dist-packages/oslo_config/cfg.py:2609
2025-12-18 00:39:06.031 138202 DEBUG oslo_service.service [req-6bfcbc61-8d55-49fd-a8a5-21eee2595e1d - - - - -] database.max_pool_size = 4 log_opt_values /usr/lib/python3/dist-packages/oslo_config/cfg.py:2609
2025-12-18 00:39:06.031 138202 DEBUG oslo_service.service [req-6bfcbc61-8d55-49fd-a8a5-21eee2595e1d - - - - -] database.max_retries = 10 log_opt_values /usr/lib/python3/dist-packages/oslo_config/cfg.py:2609
2025-12-18 00:39:06.031 138202 DEBUG oslo_service.service [req-6bfcbc61-8d55-49fd-a8a5-21eee2595e1d - - - - -] database.mysql_enable_ndb = False log_opt_values /usr/lib/python3/dist-packages/oslo_config/cfg.py:2609
2025-12-18 00:39:06.031 138202 DEBUG oslo_service.service [req-6bfcbc61-8d55-49fd-a8a5-21eee2595e1d - - - - -] database.mysql_sql_mode = TRADITIONAL log_opt_values /usr/lib/python3/dist-packages/oslo_config/cfg.py:2609
2025-12-18 00:39:06.032 138202 DEBUG oslo_service.service [req-6bfcbc61-8d55-49fd-a8a5-21eee2595e1d - - - - -] database.pool_timeout = None log_opt_values /usr/lib/python3/dist-packages/oslo_config/cfg.py:2609
2025-12-18 00:39:06.032 138202 DEBUG oslo_service.service [req-6bfcbc61-8d55-49fd-a8a5-21eee2595e1d - - - - -] database.retry_interval = 10 log_opt_values /usr/lib/python3/dist-packages/oslo_config/cfg.py:2609
2025-12-18 00:39:06.032 138202 DEBUG oslo_service.service [req-6bfcbc61-8d55-49fd-a8a5-21eee2595e1d - - - - -] database.slave_connection = **** log_opt_values /usr/lib/python3/dist-packages/oslo_config/cfg.py:2609
2025-12-18 00:39:06.032 138202 DEBUG oslo_service.service [req-6bfcbc61-8d55-49fd-a8a5-21eee2595e1d - - - - -] database.sqlite_synchronous = True log_opt_values /usr/lib/python3/dist-packages/oslo_config/cfg.py:2609
2025-12-18 00:39:06.032 138202 DEBUG oslo_service.service [req-6bfcbc61-8d55-49fd-a8a5-21eee2595e1d - - - - -] database.use_db_reconnect = False log_opt_values /usr/lib/python3/dist-packages/oslo_config/cfg.py:2609
2025-12-18 00:39:06.033 138202 DEBUG oslo_service.service [req-6bfcbc61-8d55-49fd-a8a5-21eee2595e1d - - - - -] api_database.backend = sqlalchemy log_opt_values /usr/lib/python3/dist-packages/oslo_config/cfg.py:2609
2025-12-18 00:39:06.033 138202 DEBUG oslo_service.service [req-6bfcbc61-8d55-49fd-a8a5-21eee2595e1d - - - - -] api_database.connection = **** log_opt_values /usr/lib/python3/dist-packages/oslo_config/cfg.py:2609
2025-12-18 00:39:06.033 138202 DEBUG oslo_service.service [req-6bfcbc61-8d55-49fd-a8a5-21eee2595e1d - - - - -] api_database.connection_debug = 0 log_opt_values /usr/lib/python3/dist-packages/oslo_config/cfg.py:2609
2025-12-18 00:39:06.033 138202 DEBUG oslo_service.service [req-6bfcbc61-8d55-49fd-a8a5-21eee2595e1d - - - - -] api_database.connection_parameters = log_opt_values /usr/lib/python3/dist-packages/oslo_config/cfg.py:2609
2025-12-18 00:39:06.033 138202 DEBUG oslo_service.service [req-6bfcbc61-8d55-49fd-a8a5-21eee2595e1d - - - - -] api_database.connection_recycle_time = 3600 log_opt_values /usr/lib/python3/dist-packages/oslo_config/cfg.py:2609
2025-12-18 00:39:06.034 138202 DEBUG oslo_service.service [req-6bfcbc61-8d55-49fd-a8a5-21eee2595e1d - - - - -] api_database.connection_trace = False log_opt_values /usr/lib/python3/dist-packages/oslo_config/cfg.py:2609
2025-12-18 00:39:06.034 138202 DEBUG oslo_service.service [req-6bfcbc61-8d55-49fd-a8a5-21eee2595e1d - - - - -] api_database.db_inc_retry_interval = True log_opt_values /usr/lib/python3/dist-packages/oslo_config/cfg.py:2609
2025-12-18 00:39:06.034 138202 DEBUG oslo_service.service [req-6bfcbc61-8d55-49fd-a8a5-21eee2595e1d - - - - -] api_database.db_max_retries = 20 log_opt_values /usr/lib/python3/dist-packages/oslo_config/cfg.py:2609
2025-12-18 00:39:06.034 138202 DEBUG oslo_service.service [req-6bfcbc61-8d55-49fd-a8a5-21eee2595e1d - - - - -] api_database.db_max_retry_interval = 10 log_opt_values /usr/lib/python3/dist-packages/oslo_config/cfg.py:2609
2025-12-18 00:39:06.034 138202 DEBUG oslo_service.service [req-6bfcbc61-8d55-49fd-a8a5-21eee2595e1d - - - - -] api_database.db_retry_interval = 1 log_opt_values /usr/lib/python3/dist-packages/oslo_config/cfg.py:2609
2025-12-18 00:39:06.035 138202 DEBUG oslo_service.service [req-6bfcbc61-8d55-49fd-a8a5-21eee2595e1d - - - - -] api_database.max_overflow = 50 log_opt_values /usr/lib/python3/dist-packages/oslo_config/cfg.py:2609
2025-12-18 00:39:06.035 138202 DEBUG oslo_service.service [req-6bfcbc61-8d55-49fd-a8a5-21eee2595e1d - - - - -] api_database.max_pool_size = 4 log_opt_values /usr/lib/python3/dist-packages/oslo_config/cfg.py:2609
2025-12-18 00:39:06.035 138202 DEBUG oslo_service.service [req-6bfcbc61-8d55-49fd-a8a5-21eee2595e1d - - - - -] api_database.max_retries = 10 log_opt_values /usr/lib/python3/dist-packages/oslo_config/cfg.py:2609
2025-12-18 00:39:06.035 138202 DEBUG oslo_service.service [req-6bfcbc61-8d55-49fd-a8a5-21eee2595e1d - - - - -] api_database.mysql_enable_ndb = False log_opt_values /usr/lib/python3/dist-packages/oslo_config/cfg.py:2609
2025-12-18 00:39:06.035 138202 DEBUG oslo_service.service [req-6bfcbc61-8d55-49fd-a8a5-21eee2595e1d - - - - -] api_database.mysql_sql_mode = TRADITIONAL log_opt_values /usr/lib/python3/dist-packages/oslo_config/cfg.py:2609
2025-12-18 00:39:06.036 138202 DEBUG oslo_service.service [req-6bfcbc61-8d55-49fd-a8a5-21eee2595e1d - - - - -] api_database.pool_timeout = None log_opt_values /usr/lib/python3/dist-packages/oslo_config/cfg.py:2609
2025-12-18 00:39:06.036 138202 DEBUG oslo_service.service [req-6bfcbc61-8d55-49fd-a8a5-21eee2595e1d - - - - -] api_database.retry_interval = 10 log_opt_values /usr/lib/python3/dist-packages/oslo_config/cfg.py:2609
2025-12-18 00:39:06.036 138202 DEBUG oslo_service.service [req-6bfcbc61-8d55-49fd-a8a5-21eee2595e1d - - - - -] api_database.slave_connection = **** log_opt_values /usr/lib/python3/dist-packages/oslo_config/cfg.py:2609
2025-12-18 00:39:06.036 138202 DEBUG oslo_service.service [req-6bfcbc61-8d55-49fd-a8a5-21eee2595e1d - - - - -] api_database.sqlite_synchronous = True log_opt_values /usr/lib/python3/dist-packages/oslo_config/cfg.py:2609
2025-12-18 00:39:06.037 138202 DEBUG oslo_service.service [req-6bfcbc61-8d55-49fd-a8a5-21eee2595e1d - - - - -] devices.enabled_mdev_types = [] log_opt_values /usr/lib/python3/dist-packages/oslo_config/cfg.py:2609
2025-12-18 00:39:06.037 138202 DEBUG oslo_service.service [req-6bfcbc61-8d55-49fd-a8a5-21eee2595e1d - - - - -] ephemeral_storage_encryption.cipher = aes-xts-plain64 log_opt_values /usr/lib/python3/dist-packages/oslo_config/cfg.py:2609
2025-12-18 00:39:06.037 139896 DEBUG oslo_messaging._drivers.amqpdriver [-] Listener is running poll /usr/lib/python3/dist-packages/oslo_messaging/_drivers/amqpdriver.py:343
2025-12-18 00:39:06.037 139896 DEBUG oslo_messaging._drivers.amqpdriver [-] AMQPListener connection consume poll /usr/lib/python3/dist-packages/oslo_messaging/_drivers/amqpdriver.py:357
2025-12-18 00:39:06.037 138202 DEBUG oslo_service.service [req-6bfcbc61-8d55-49fd-a8a5-21eee2595e1d - - - - -] ephemeral_storage_encryption.enabled = False log_opt_values /usr/lib/python3/dist-packages/oslo_config/cfg.py:2609
2025-12-18 00:39:06.038 139896 DEBUG nova.service [req-476e3f21-2d04-400d-b980-9b1bd38695ca - - - - -] Join ServiceGroup membership for this service scheduler start /usr/lib/python3/dist-packages/nova/service.py:199
2025-12-18 00:39:06.038 138202 DEBUG oslo_service.service [req-6bfcbc61-8d55-49fd-a8a5-21eee2595e1d - - - - -] ephemeral_storage_encryption.key_size = 512 log_opt_values /usr/lib/python3/dist-packages/oslo_config/cfg.py:2609
2025-12-18 00:39:06.038 138202 WARNING oslo_config.cfg [req-6bfcbc61-8d55-49fd-a8a5-21eee2595e1d - - - - -] Deprecated: Option "api_servers" from group "glance" is deprecated for removal ( Support for image service configuration via standard keystoneauth1 Adapter options was added in the 17.0.0 Queens release. The api_servers option was retained temporarily to allow consumers time to cut over to a real load balancing solution. ). Its value may be silently ignored in the future.
2025-12-18 00:39:06.038 139896 DEBUG nova.servicegroup.drivers.db [req-476e3f21-2d04-400d-b980-9b1bd38695ca - - - - -] DB_Driver: join new ServiceGroup member juju-060272-0-lxd-7 to the scheduler group, service = join /usr/lib/python3/dist-packages/nova/servicegroup/drivers/db.py:44
2025-12-18 00:39:06.038 138202 DEBUG oslo_service.service [req-6bfcbc61-8d55-49fd-a8a5-21eee2595e1d - - - - -] glance.api_servers = ['http://252.129.66.143:9292'] log_opt_values /usr/lib/python3/dist-packages/oslo_config/cfg.py:2609
2025-12-18 00:39:06.039 138202 DEBUG oslo_service.service [req-6bfcbc61-8d55-49fd-a8a5-21eee2595e1d - - - - -] glance.cafile = None log_opt_values /usr/lib/python3/dist-packages/oslo_config/cfg.py:2609
2025-12-18 00:39:06.039 138202 DEBUG oslo_service.service [req-6bfcbc61-8d55-49fd-a8a5-21eee2595e1d - - - - -] glance.certfile = None log_opt_values /usr/lib/python3/dist-packages/oslo_config/cfg.py:2609
2025-12-18 00:39:06.039 138202 DEBUG oslo_service.service [req-6bfcbc61-8d55-49fd-a8a5-21eee2595e1d - - - - -] glance.collect_timing = False log_opt_values /usr/lib/python3/dist-packages/oslo_config/cfg.py:2609
2025-12-18 00:39:06.039 138202 DEBUG oslo_service.service [req-6bfcbc61-8d55-49fd-a8a5-21eee2595e1d - - - - -] glance.connect_retries = None log_opt_values /usr/lib/python3/dist-packages/oslo_config/cfg.py:2609
2025-12-18 00:39:06.039 138202 DEBUG oslo_service.service [req-6bfcbc61-8d55-49fd-a8a5-21eee2595e1d - - - - -] glance.connect_retry_delay = None log_opt_values /usr/lib/python3/dist-packages/oslo_config/cfg.py:2609
2025-12-18 00:39:06.039 139896 DEBUG oslo_service.periodic_task [req-166fe973-abae-47fd-a895-8c6ed6cae3a5 - - - - -] Running periodic task SchedulerManager._discover_hosts_in_cells run_periodic_tasks /usr/lib/python3/dist-packages/oslo_service/periodic_task.py:210
2025-12-18 00:39:06.039 138202 DEBUG oslo_service.service [req-6bfcbc61-8d55-49fd-a8a5-21eee2595e1d - - - - -] glance.debug = False log_opt_values /usr/lib/python3/dist-packages/oslo_config/cfg.py:2609
2025-12-18 00:39:06.040 138202 DEBUG oslo_service.service [req-6bfcbc61-8d55-49fd-a8a5-21eee2595e1d - - - - -] glance.default_trusted_certificate_ids = [] log_opt_values /usr/lib/python3/dist-packages/oslo_config/cfg.py:2609
2025-12-18 00:39:06.040 138202 DEBUG oslo_service.service [req-6bfcbc61-8d55-49fd-a8a5-21eee2595e1d - - - - -] glance.enable_certificate_validation = False log_opt_values /usr/lib/python3/dist-packages/oslo_config/cfg.py:2609
2025-12-18 00:39:06.040 138202 DEBUG oslo_service.service [req-6bfcbc61-8d55-49fd-a8a5-21eee2595e1d - - - - -] glance.enable_rbd_download = False log_opt_values /usr/lib/python3/dist-packages/oslo_config/cfg.py:2609
2025-12-18 00:39:06.040 138202 DEBUG oslo_service.service [req-6bfcbc61-8d55-49fd-a8a5-21eee2595e1d - - - - -] glance.endpoint_override = None log_opt_values /usr/lib/python3/dist-packages/oslo_config/cfg.py:2609
2025-12-18 00:39:06.040 139896 DEBUG oslo_db.sqlalchemy.engines [req-166fe973-abae-47fd-a895-8c6ed6cae3a5 - - - - -] Parent process 138202 forked (139896) with an open database connection, which is being discarded and recreated. checkout /usr/lib/python3/dist-packages/oslo_db/sqlalchemy/engines.py:413
2025-12-18 00:39:06.040 138202 DEBUG oslo_service.service [req-6bfcbc61-8d55-49fd-a8a5-21eee2595e1d - - - - -] glance.insecure = False log_opt_values /usr/lib/python3/dist-packages/oslo_config/cfg.py:2609
2025-12-18 00:39:06.041 138202 DEBUG oslo_service.service [req-6bfcbc61-8d55-49fd-a8a5-21eee2595e1d - - - - -] glance.keyfile = None log_opt_values /usr/lib/python3/dist-packages/oslo_config/cfg.py:2609
2025-12-18 00:39:06.041 138202 DEBUG oslo_service.service [req-6bfcbc61-8d55-49fd-a8a5-21eee2595e1d - - - - -] glance.max_version = None log_opt_values /usr/lib/python3/dist-packages/oslo_config/cfg.py:2609
2025-12-18 00:39:06.041 138202 DEBUG oslo_service.service [req-6bfcbc61-8d55-49fd-a8a5-21eee2595e1d - - - - -] glance.min_version = None log_opt_values /usr/lib/python3/dist-packages/oslo_config/cfg.py:2609
2025-12-18 00:39:06.041 138202 DEBUG oslo_service.service [req-6bfcbc61-8d55-49fd-a8a5-21eee2595e1d - - - - -] glance.num_retries = 3 log_opt_values /usr/lib/python3/dist-packages/oslo_config/cfg.py:2609
2025-12-18 00:39:06.041 138202 DEBUG oslo_service.service [req-6bfcbc61-8d55-49fd-a8a5-21eee2595e1d - - - - -] glance.rbd_ceph_conf = log_opt_values /usr/lib/python3/dist-packages/oslo_config/cfg.py:2609
2025-12-18 00:39:06.041 138202 DEBUG oslo_service.service [req-6bfcbc61-8d55-49fd-a8a5-21eee2595e1d - - - - -] glance.rbd_connect_timeout = 5 log_opt_values /usr/lib/python3/dist-packages/oslo_config/cfg.py:2609
2025-12-18 00:39:06.042 138202 DEBUG oslo_service.service [req-6bfcbc61-8d55-49fd-a8a5-21eee2595e1d - - - - -] glance.rbd_pool = log_opt_values /usr/lib/python3/dist-packages/oslo_config/cfg.py:2609
2025-12-18 00:39:06.042 138202 DEBUG oslo_service.service [req-6bfcbc61-8d55-49fd-a8a5-21eee2595e1d - - - - -] glance.rbd_user = log_opt_values /usr/lib/python3/dist-packages/oslo_config/cfg.py:2609
2025-12-18 00:39:06.042 138202 DEBUG oslo_service.service [req-6bfcbc61-8d55-49fd-a8a5-21eee2595e1d - - - - -] glance.region_name = None log_opt_values /usr/lib/python3/dist-packages/oslo_config/cfg.py:2609
2025-12-18 00:39:06.043 138202 DEBUG oslo_service.service [req-6bfcbc61-8d55-49fd-a8a5-21eee2595e1d - - - - -] glance.service_name = None log_opt_values /usr/lib/python3/dist-packages/oslo_config/cfg.py:2609
2025-12-18 00:39:06.043 138202 DEBUG oslo_service.service [req-6bfcbc61-8d55-49fd-a8a5-21eee2595e1d - - - - -] glance.service_type = image log_opt_values /usr/lib/python3/dist-packages/oslo_config/cfg.py:2609
2025-12-18 00:39:06.043 138202 DEBUG oslo_service.service [req-6bfcbc61-8d55-49fd-a8a5-21eee2595e1d - - - - -] glance.split_loggers = False log_opt_values /usr/lib/python3/dist-packages/oslo_config/cfg.py:2609
2025-12-18 00:39:06.043 138202 DEBUG oslo_service.service [req-6bfcbc61-8d55-49fd-a8a5-21eee2595e1d - - - - -] glance.status_code_retries = None log_opt_values /usr/lib/python3/dist-packages/oslo_config/cfg.py:2609
2025-12-18 00:39:06.043 138202 DEBUG oslo_service.service [req-6bfcbc61-8d55-49fd-a8a5-21eee2595e1d - - - - -] glance.status_code_retry_delay = None log_opt_values /usr/lib/python3/dist-packages/oslo_config/cfg.py:2609
2025-12-18 00:39:06.044 138202 DEBUG oslo_service.service [req-6bfcbc61-8d55-49fd-a8a5-21eee2595e1d - - - - -] glance.timeout = None log_opt_values /usr/lib/python3/dist-packages/oslo_config/cfg.py:2609
2025-12-18 00:39:06.044 138202 DEBUG oslo_service.service [req-6bfcbc61-8d55-49fd-a8a5-21eee2595e1d - - - - -] glance.valid_interfaces = ['internal', 'public'] log_opt_values /usr/lib/python3/dist-packages/oslo_config/cfg.py:2609
2025-12-18 00:39:06.044 138202 DEBUG oslo_service.service [req-6bfcbc61-8d55-49fd-a8a5-21eee2595e1d - - - - -] glance.verify_glance_signatures = False log_opt_values /usr/lib/python3/dist-packages/oslo_config/cfg.py:2609
2025-12-18 00:39:06.044 138202 DEBUG oslo_service.service [req-6bfcbc61-8d55-49fd-a8a5-21eee2595e1d - - - - -] glance.version = None log_opt_values /usr/lib/python3/dist-packages/oslo_config/cfg.py:2609
2025-12-18 00:39:06.044 138202 DEBUG oslo_service.service [req-6bfcbc61-8d55-49fd-a8a5-21eee2595e1d - - - - -] guestfs.debug = False log_opt_values /usr/lib/python3/dist-packages/oslo_config/cfg.py:2609
2025-12-18 00:39:06.045 138202 DEBUG oslo_service.service [req-6bfcbc61-8d55-49fd-a8a5-21eee2595e1d - - - - -] hyperv.config_drive_cdrom = False log_opt_values /usr/lib/python3/dist-packages/oslo_config/cfg.py:2609
2025-12-18 00:39:06.045 138202 DEBUG oslo_service.service [req-6bfcbc61-8d55-49fd-a8a5-21eee2595e1d - - - - -] hyperv.config_drive_inject_password = False log_opt_values /usr/lib/python3/dist-packages/oslo_config/cfg.py:2609
2025-12-18 00:39:06.045 138202 DEBUG oslo_service.service [req-6bfcbc61-8d55-49fd-a8a5-21eee2595e1d - - - - -] hyperv.dynamic_memory_ratio = 1.0 log_opt_values /usr/lib/python3/dist-packages/oslo_config/cfg.py:2609
2025-12-18 00:39:06.045 138202 DEBUG oslo_service.service [req-6bfcbc61-8d55-49fd-a8a5-21eee2595e1d - - - - -] hyperv.enable_instance_metrics_collection = False log_opt_values /usr/lib/python3/dist-packages/oslo_config/cfg.py:2609
2025-12-18 00:39:06.046 138202 DEBUG oslo_service.service [req-6bfcbc61-8d55-49fd-a8a5-21eee2595e1d - - - - -] hyperv.enable_remotefx = False log_opt_values /usr/lib/python3/dist-packages/oslo_config/cfg.py:2609
2025-12-18 00:39:06.046 138202 DEBUG oslo_service.service [req-6bfcbc61-8d55-49fd-a8a5-21eee2595e1d - - - - -] hyperv.instances_path_share = log_opt_values /usr/lib/python3/dist-packages/oslo_config/cfg.py:2609
2025-12-18 00:39:06.046 138202 DEBUG oslo_service.service [req-6bfcbc61-8d55-49fd-a8a5-21eee2595e1d - - - - -] hyperv.iscsi_initiator_list = [] log_opt_values /usr/lib/python3/dist-packages/oslo_config/cfg.py:2609
2025-12-18 00:39:06.046 138202 DEBUG oslo_service.service [req-6bfcbc61-8d55-49fd-a8a5-21eee2595e1d - - - - -] hyperv.limit_cpu_features = False log_opt_values /usr/lib/python3/dist-packages/oslo_config/cfg.py:2609
2025-12-18 00:39:06.046 138202 DEBUG oslo_service.service [req-6bfcbc61-8d55-49fd-a8a5-21eee2595e1d - - - - -] hyperv.mounted_disk_query_retry_count = 10 log_opt_values /usr/lib/python3/dist-packages/oslo_config/cfg.py:2609
2025-12-18 00:39:06.047 138202 DEBUG oslo_service.service [req-6bfcbc61-8d55-49fd-a8a5-21eee2595e1d - - - - -] hyperv.mounted_disk_query_retry_interval = 5 log_opt_values /usr/lib/python3/dist-packages/oslo_config/cfg.py:2609
2025-12-18 00:39:06.047 138202 DEBUG oslo_service.service [req-6bfcbc61-8d55-49fd-a8a5-21eee2595e1d - - - - -] hyperv.power_state_check_timeframe = 60 log_opt_values /usr/lib/python3/dist-packages/oslo_config/cfg.py:2609
2025-12-18 00:39:06.047 139896 DEBUG oslo_concurrency.lockutils [req-166fe973-abae-47fd-a895-8c6ed6cae3a5 - - - - -] Lock "8fbb0d49-bd3c-4b1b-95ae-6b34efd8fb15" acquired by "nova.context.set_target_cell..get_or_set_cached_cell_and_set_connections" :: waited 0.000s inner /usr/lib/python3/dist-packages/oslo_concurrency/lockutils.py:386
2025-12-18 00:39:06.047 138202 DEBUG oslo_service.service [req-6bfcbc61-8d55-49fd-a8a5-21eee2595e1d - - - - -] hyperv.power_state_event_polling_interval = 2 log_opt_values /usr/lib/python3/dist-packages/oslo_config/cfg.py:2609
2025-12-18 00:39:06.047 138202 DEBUG oslo_service.service [req-6bfcbc61-8d55-49fd-a8a5-21eee2595e1d - - - - -] hyperv.qemu_img_cmd = qemu-img.exe log_opt_values /usr/lib/python3/dist-packages/oslo_config/cfg.py:2609
2025-12-18 00:39:06.048 138202 DEBUG oslo_service.service [req-6bfcbc61-8d55-49fd-a8a5-21eee2595e1d - - - - -] hyperv.use_multipath_io = False log_opt_values /usr/lib/python3/dist-packages/oslo_config/cfg.py:2609
2025-12-18 00:39:06.048 138202 DEBUG oslo_service.service [req-6bfcbc61-8d55-49fd-a8a5-21eee2595e1d - - - - -] hyperv.volume_attach_retry_count = 10 log_opt_values /usr/lib/python3/dist-packages/oslo_config/cfg.py:2609
2025-12-18 00:39:06.048 138202 DEBUG oslo_service.service [req-6bfcbc61-8d55-49fd-a8a5-21eee2595e1d - - - - -] hyperv.volume_attach_retry_interval = 5 log_opt_values /usr/lib/python3/dist-packages/oslo_config/cfg.py:2609
2025-12-18 00:39:06.048 138202 DEBUG oslo_service.service [req-6bfcbc61-8d55-49fd-a8a5-21eee2595e1d - - - - -] hyperv.vswitch_name = None log_opt_values /usr/lib/python3/dist-packages/oslo_config/cfg.py:2609
2025-12-18 00:39:06.048 138202 DEBUG oslo_service.service [req-6bfcbc61-8d55-49fd-a8a5-21eee2595e1d - - - - -] hyperv.wait_soft_reboot_seconds = 60 log_opt_values /usr/lib/python3/dist-packages/oslo_config/cfg.py:2609
2025-12-18 00:39:06.048 138202 DEBUG oslo_service.service [req-6bfcbc61-8d55-49fd-a8a5-21eee2595e1d - - - - -] mks.enabled = False log_opt_values /usr/lib/python3/dist-packages/oslo_config/cfg.py:2609
2025-12-18 00:39:06.049 139896 DEBUG oslo_concurrency.lockutils [req-166fe973-abae-47fd-a895-8c6ed6cae3a5 - - - - -] Lock "8fbb0d49-bd3c-4b1b-95ae-6b34efd8fb15" "released" by "nova.context.set_target_cell..get_or_set_cached_cell_and_set_connections" :: held 0.002s inner /usr/lib/python3/dist-packages/oslo_concurrency/lockutils.py:400
2025-12-18 00:39:06.049 138202 DEBUG oslo_service.service [req-6bfcbc61-8d55-49fd-a8a5-21eee2595e1d - - - - -] mks.mksproxy_base_url = http://127.0.0.1:6090/ log_opt_values /usr/lib/python3/dist-packages/oslo_config/cfg.py:2609
2025-12-18 00:39:06.049 138202 DEBUG oslo_service.service [req-6bfcbc61-8d55-49fd-a8a5-21eee2595e1d - - - - -] image_cache.manager_interval = 2400 log_opt_values /usr/lib/python3/dist-packages/oslo_config/cfg.py:2609
2025-12-18 00:39:06.050 138202 DEBUG oslo_service.service [req-6bfcbc61-8d55-49fd-a8a5-21eee2595e1d - - - - -] image_cache.precache_concurrency = 1 log_opt_values /usr/lib/python3/dist-packages/oslo_config/cfg.py:2609
2025-12-18 00:39:06.050 138202 DEBUG oslo_service.service [req-6bfcbc61-8d55-49fd-a8a5-21eee2595e1d - - - - -] image_cache.remove_unused_base_images = True log_opt_values /usr/lib/python3/dist-packages/oslo_config/cfg.py:2609
2025-12-18 00:39:06.050 138202 DEBUG oslo_service.service [req-6bfcbc61-8d55-49fd-a8a5-21eee2595e1d - - - - -] image_cache.remove_unused_original_minimum_age_seconds = 86400 log_opt_values /usr/lib/python3/dist-packages/oslo_config/cfg.py:2609
2025-12-18 00:39:06.050 138202 DEBUG oslo_service.service [req-6bfcbc61-8d55-49fd-a8a5-21eee2595e1d - - - - -] image_cache.remove_unused_resized_minimum_age_seconds = 3600 log_opt_values /usr/lib/python3/dist-packages/oslo_config/cfg.py:2609
2025-12-18 00:39:06.051 138202 DEBUG oslo_service.service [req-6bfcbc61-8d55-49fd-a8a5-21eee2595e1d - - - - -] image_cache.subdirectory_name = _base log_opt_values /usr/lib/python3/dist-packages/oslo_config/cfg.py:2609
2025-12-18 00:39:06.051 138202 DEBUG oslo_service.service [req-6bfcbc61-8d55-49fd-a8a5-21eee2595e1d - - - - -] ironic.api_max_retries = 60 log_opt_values /usr/lib/python3/dist-packages/oslo_config/cfg.py:2609
2025-12-18 00:39:06.051 138202 DEBUG oslo_service.service [req-6bfcbc61-8d55-49fd-a8a5-21eee2595e1d - - - - -] ironic.api_retry_interval = 2 log_opt_values /usr/lib/python3/dist-packages/oslo_config/cfg.py:2609
2025-12-18 00:39:06.052 138202 DEBUG oslo_service.service [req-6bfcbc61-8d55-49fd-a8a5-21eee2595e1d - - - - -] ironic.auth_section = None log_opt_values /usr/lib/python3/dist-packages/oslo_config/cfg.py:2609
2025-12-18 00:39:06.052 138202 DEBUG oslo_service.service [req-6bfcbc61-8d55-49fd-a8a5-21eee2595e1d - - - - -] ironic.auth_type = None log_opt_values /usr/lib/python3/dist-packages/oslo_config/cfg.py:2609
2025-12-18 00:39:06.052 138202 DEBUG oslo_service.service [req-6bfcbc61-8d55-49fd-a8a5-21eee2595e1d - - - - -] ironic.cafile = None log_opt_values /usr/lib/python3/dist-packages/oslo_config/cfg.py:2609
2025-12-18 00:39:06.052 138202 DEBUG oslo_service.service [req-6bfcbc61-8d55-49fd-a8a5-21eee2595e1d - - - - -] ironic.certfile = None log_opt_values /usr/lib/python3/dist-packages/oslo_config/cfg.py:2609
2025-12-18 00:39:06.052 138202 DEBUG oslo_service.service [req-6bfcbc61-8d55-49fd-a8a5-21eee2595e1d - - - - -] ironic.collect_timing = False log_opt_values /usr/lib/python3/dist-packages/oslo_config/cfg.py:2609
2025-12-18 00:39:06.052 139896 DEBUG oslo_messaging._drivers.amqpdriver [-] AMQPListener connection timeout poll /usr/lib/python3/dist-packages/oslo_messaging/_drivers/amqpdriver.py:360
2025-12-18 00:39:06.053 138202 DEBUG oslo_service.service [req-6bfcbc61-8d55-49fd-a8a5-21eee2595e1d - - - - -] ironic.connect_retries = None log_opt_values /usr/lib/python3/dist-packages/oslo_config/cfg.py:2609
2025-12-18 00:39:06.053 139896 DEBUG oslo_messaging._drivers.amqpdriver [-] Listener is running poll /usr/lib/python3/dist-packages/oslo_messaging/_drivers/amqpdriver.py:343
2025-12-18 00:39:06.053 139896 DEBUG oslo_messaging._drivers.amqpdriver [-] AMQPListener connection consume poll /usr/lib/python3/dist-packages/oslo_messaging/_drivers/amqpdriver.py:357
