2025-12-15 00:39:19.667 153777 DEBUG oslo_service.service [req-14a0e151-4a33-4e06-9a07-c54d92683269 - - - - -] oslo_messaging_rabbit.ssl_cert_file = log_opt_values /usr/lib/python3/dist-packages/oslo_config/cfg.py:2609
2025-12-15 00:39:19.667 153777 DEBUG oslo_service.service [req-14a0e151-4a33-4e06-9a07-c54d92683269 - - - - -] oslo_messaging_rabbit.ssl_key_file = log_opt_values /usr/lib/python3/dist-packages/oslo_config/cfg.py:2609
2025-12-15 00:39:19.667 153777 DEBUG oslo_service.service [req-14a0e151-4a33-4e06-9a07-c54d92683269 - - - - -] oslo_messaging_rabbit.ssl_version = log_opt_values /usr/lib/python3/dist-packages/oslo_config/cfg.py:2609
2025-12-15 00:39:19.668 153777 DEBUG oslo_service.service [req-14a0e151-4a33-4e06-9a07-c54d92683269 - - - - -] oslo_messaging_notifications.driver = ['messagingv2'] log_opt_values /usr/lib/python3/dist-packages/oslo_config/cfg.py:2609
2025-12-15 00:39:19.668 153777 DEBUG oslo_service.service [req-14a0e151-4a33-4e06-9a07-c54d92683269 - - - - -] oslo_messaging_notifications.retry = -1 log_opt_values /usr/lib/python3/dist-packages/oslo_config/cfg.py:2609
2025-12-15 00:39:19.669 153777 DEBUG oslo_service.service [req-14a0e151-4a33-4e06-9a07-c54d92683269 - - - - -] oslo_messaging_notifications.topics = ['notifications'] log_opt_values /usr/lib/python3/dist-packages/oslo_config/cfg.py:2609
2025-12-15 00:39:19.669 153777 DEBUG oslo_service.service [req-14a0e151-4a33-4e06-9a07-c54d92683269 - - - - -] oslo_messaging_notifications.transport_url = **** log_opt_values /usr/lib/python3/dist-packages/oslo_config/cfg.py:2609
2025-12-15 00:39:19.670 153777 DEBUG oslo_service.service [req-14a0e151-4a33-4e06-9a07-c54d92683269 - - - - -] oslo_limit.auth_section = None log_opt_values /usr/lib/python3/dist-packages/oslo_config/cfg.py:2609
2025-12-15 00:39:19.670 153777 DEBUG oslo_service.service [req-14a0e151-4a33-4e06-9a07-c54d92683269 - - - - -] oslo_limit.auth_type = None log_opt_values /usr/lib/python3/dist-packages/oslo_config/cfg.py:2609
2025-12-15 00:39:19.670 153777 DEBUG oslo_service.service [req-14a0e151-4a33-4e06-9a07-c54d92683269 - - - - -] oslo_limit.cafile = None log_opt_values /usr/lib/python3/dist-packages/oslo_config/cfg.py:2609
2025-12-15 00:39:19.670 153777 DEBUG oslo_service.service [req-14a0e151-4a33-4e06-9a07-c54d92683269 - - - - -] oslo_limit.certfile = None log_opt_values /usr/lib/python3/dist-packages/oslo_config/cfg.py:2609
2025-12-15 00:39:19.670 153777 DEBUG oslo_service.service [req-14a0e151-4a33-4e06-9a07-c54d92683269 - - - - -] oslo_limit.collect_timing = False log_opt_values /usr/lib/python3/dist-packages/oslo_config/cfg.py:2609
2025-12-15 00:39:19.670 153777 DEBUG oslo_service.service [req-14a0e151-4a33-4e06-9a07-c54d92683269 - - - - -] oslo_limit.connect_retries = None log_opt_values /usr/lib/python3/dist-packages/oslo_config/cfg.py:2609
2025-12-15 00:39:19.670 153777 DEBUG oslo_service.service [req-14a0e151-4a33-4e06-9a07-c54d92683269 - - - - -] oslo_limit.connect_retry_delay = None log_opt_values /usr/lib/python3/dist-packages/oslo_config/cfg.py:2609
2025-12-15 00:39:19.671 153777 DEBUG oslo_service.service [req-14a0e151-4a33-4e06-9a07-c54d92683269 - - - - -] oslo_limit.endpoint_id = None log_opt_values /usr/lib/python3/dist-packages/oslo_config/cfg.py:2609
2025-12-15 00:39:19.671 153777 DEBUG oslo_service.service [req-14a0e151-4a33-4e06-9a07-c54d92683269 - - - - -] oslo_limit.endpoint_override = None log_opt_values /usr/lib/python3/dist-packages/oslo_config/cfg.py:2609
2025-12-15 00:39:19.671 153777 DEBUG oslo_service.service [req-14a0e151-4a33-4e06-9a07-c54d92683269 - - - - -] oslo_limit.insecure = False log_opt_values /usr/lib/python3/dist-packages/oslo_config/cfg.py:2609
2025-12-15 00:39:19.671 153777 DEBUG oslo_service.service [req-14a0e151-4a33-4e06-9a07-c54d92683269 - - - - -] oslo_limit.keyfile = None log_opt_values /usr/lib/python3/dist-packages/oslo_config/cfg.py:2609
2025-12-15 00:39:19.671 153777 DEBUG oslo_service.service [req-14a0e151-4a33-4e06-9a07-c54d92683269 - - - - -] oslo_limit.max_version = None log_opt_values /usr/lib/python3/dist-packages/oslo_config/cfg.py:2609
2025-12-15 00:39:19.671 153777 DEBUG oslo_service.service [req-14a0e151-4a33-4e06-9a07-c54d92683269 - - - - -] oslo_limit.min_version = None log_opt_values /usr/lib/python3/dist-packages/oslo_config/cfg.py:2609
2025-12-15 00:39:19.672 153777 DEBUG oslo_service.service [req-14a0e151-4a33-4e06-9a07-c54d92683269 - - - - -] oslo_limit.region_name = None log_opt_values /usr/lib/python3/dist-packages/oslo_config/cfg.py:2609
2025-12-15 00:39:19.672 153777 DEBUG oslo_service.service [req-14a0e151-4a33-4e06-9a07-c54d92683269 - - - - -] oslo_limit.service_name = None log_opt_values /usr/lib/python3/dist-packages/oslo_config/cfg.py:2609
2025-12-15 00:39:19.672 153777 DEBUG oslo_service.service [req-14a0e151-4a33-4e06-9a07-c54d92683269 - - - - -] oslo_limit.service_type = None log_opt_values /usr/lib/python3/dist-packages/oslo_config/cfg.py:2609
2025-12-15 00:39:19.672 153777 DEBUG oslo_service.service [req-14a0e151-4a33-4e06-9a07-c54d92683269 - - - - -] oslo_limit.split_loggers = False log_opt_values /usr/lib/python3/dist-packages/oslo_config/cfg.py:2609
2025-12-15 00:39:19.672 153777 DEBUG oslo_service.service [req-14a0e151-4a33-4e06-9a07-c54d92683269 - - - - -] oslo_limit.status_code_retries = None log_opt_values /usr/lib/python3/dist-packages/oslo_config/cfg.py:2609
2025-12-15 00:39:19.672 153777 DEBUG oslo_service.service [req-14a0e151-4a33-4e06-9a07-c54d92683269 - - - - -] oslo_limit.status_code_retry_delay = None log_opt_values /usr/lib/python3/dist-packages/oslo_config/cfg.py:2609
2025-12-15 00:39:19.672 153777 DEBUG oslo_service.service [req-14a0e151-4a33-4e06-9a07-c54d92683269 - - - - -] oslo_limit.timeout = None log_opt_values /usr/lib/python3/dist-packages/oslo_config/cfg.py:2609
2025-12-15 00:39:19.673 153777 DEBUG oslo_service.service [req-14a0e151-4a33-4e06-9a07-c54d92683269 - - - - -] oslo_limit.valid_interfaces = None log_opt_values /usr/lib/python3/dist-packages/oslo_config/cfg.py:2609
2025-12-15 00:39:19.673 153777 DEBUG oslo_service.service [req-14a0e151-4a33-4e06-9a07-c54d92683269 - - - - -] oslo_limit.version = None log_opt_values /usr/lib/python3/dist-packages/oslo_config/cfg.py:2609
2025-12-15 00:39:19.673 153777 DEBUG oslo_service.service [req-14a0e151-4a33-4e06-9a07-c54d92683269 - - - - -] oslo_reports.file_event_handler = None log_opt_values /usr/lib/python3/dist-packages/oslo_config/cfg.py:2609
2025-12-15 00:39:19.673 153777 DEBUG oslo_service.service [req-14a0e151-4a33-4e06-9a07-c54d92683269 - - - - -] oslo_reports.file_event_handler_interval = 1 log_opt_values /usr/lib/python3/dist-packages/oslo_config/cfg.py:2609
2025-12-15 00:39:19.673 153777 DEBUG oslo_service.service [req-14a0e151-4a33-4e06-9a07-c54d92683269 - - - - -] oslo_reports.log_dir = None log_opt_values /usr/lib/python3/dist-packages/oslo_config/cfg.py:2609
2025-12-15 00:39:19.673 153777 DEBUG oslo_service.service [req-14a0e151-4a33-4e06-9a07-c54d92683269 - - - - -] ******************************************************************************** log_opt_values /usr/lib/python3/dist-packages/oslo_config/cfg.py:2613
2025-12-15 00:39:20.573 154110 DEBUG oslo_messaging._drivers.amqpdriver [-] AMQPListener connection timeout poll /usr/lib/python3/dist-packages/oslo_messaging/_drivers/amqpdriver.py:360
2025-12-15 00:39:20.574 154110 DEBUG oslo_messaging._drivers.amqpdriver [-] Listener is running poll /usr/lib/python3/dist-packages/oslo_messaging/_drivers/amqpdriver.py:343
2025-12-15 00:39:20.574 154110 DEBUG oslo_messaging._drivers.amqpdriver [-] AMQPListener connection consume poll /usr/lib/python3/dist-packages/oslo_messaging/_drivers/amqpdriver.py:357
2025-12-15 00:39:20.575 154111 DEBUG oslo_service.periodic_task [req-fc935013-d8f3-47e4-8107-8873e80f44a4 - - - - -] Running periodic task SchedulerManager._discover_hosts_in_cells run_periodic_tasks /usr/lib/python3/dist-packages/oslo_service/periodic_task.py:210
2025-12-15 00:39:20.576 154111 DEBUG oslo_db.sqlalchemy.engines [req-fc935013-d8f3-47e4-8107-8873e80f44a4 - - - - -] Parent process 153777 forked (154111) with an open database connection, which is being discarded and recreated. checkout /usr/lib/python3/dist-packages/oslo_db/sqlalchemy/engines.py:413
2025-12-15 00:39:20.577 154111 DEBUG oslo_messaging._drivers.amqpdriver [-] AMQPListener connection timeout poll /usr/lib/python3/dist-packages/oslo_messaging/_drivers/amqpdriver.py:360
2025-12-15 00:39:20.577 154111 DEBUG oslo_messaging._drivers.amqpdriver [-] Listener is running poll /usr/lib/python3/dist-packages/oslo_messaging/_drivers/amqpdriver.py:343
2025-12-15 00:39:20.577 154111 DEBUG oslo_messaging._drivers.amqpdriver [-] AMQPListener connection consume poll /usr/lib/python3/dist-packages/oslo_messaging/_drivers/amqpdriver.py:357
2025-12-15 00:39:20.579 154112 DEBUG oslo_messaging._drivers.amqpdriver [-] AMQPListener connection timeout poll /usr/lib/python3/dist-packages/oslo_messaging/_drivers/amqpdriver.py:360
2025-12-15 00:39:20.580 154112 DEBUG oslo_messaging._drivers.amqpdriver [-] Listener is running poll /usr/lib/python3/dist-packages/oslo_messaging/_drivers/amqpdriver.py:343
2025-12-15 00:39:20.580 154112 DEBUG oslo_messaging._drivers.amqpdriver [-] AMQPListener connection consume poll /usr/lib/python3/dist-packages/oslo_messaging/_drivers/amqpdriver.py:357
2025-12-15 00:39:20.583 154111 DEBUG oslo_concurrency.lockutils [req-fc935013-d8f3-47e4-8107-8873e80f44a4 - - - - -] Lock "ba3f9837-f3f0-4076-96fc-201e098bb3c1" acquired by "nova.context.set_target_cell..get_or_set_cached_cell_and_set_connections" :: waited 0.000s inner /usr/lib/python3/dist-packages/oslo_concurrency/lockutils.py:386
2025-12-15 00:39:20.583 154109 DEBUG oslo_messaging._drivers.amqpdriver [-] AMQPListener connection timeout poll /usr/lib/python3/dist-packages/oslo_messaging/_drivers/amqpdriver.py:360
2025-12-15 00:39:20.583 154109 DEBUG oslo_messaging._drivers.amqpdriver [-] Listener is running poll /usr/lib/python3/dist-packages/oslo_messaging/_drivers/amqpdriver.py:343
2025-12-15 00:39:20.583 154109 DEBUG oslo_messaging._drivers.amqpdriver [-] AMQPListener connection consume poll /usr/lib/python3/dist-packages/oslo_messaging/_drivers/amqpdriver.py:357
2025-12-15 00:39:20.584 154111 DEBUG oslo_concurrency.lockutils [req-fc935013-d8f3-47e4-8107-8873e80f44a4 - - - - -] Lock "ba3f9837-f3f0-4076-96fc-201e098bb3c1" "released" by "nova.context.set_target_cell..get_or_set_cached_cell_and_set_connections" :: held 0.002s inner /usr/lib/python3/dist-packages/oslo_concurrency/lockutils.py:400
2025-12-15 00:39:20.593 154111 DEBUG oslo_db.sqlalchemy.engines [req-fc935013-d8f3-47e4-8107-8873e80f44a4 - - - - -] MySQL server mode set to STRICT_TRANS_TABLES,STRICT_ALL_TABLES,NO_ZERO_IN_DATE,NO_ZERO_DATE,ERROR_FOR_DIVISION_BY_ZERO,TRADITIONAL,NO_ENGINE_SUBSTITUTION _check_effective_sql_mode /usr/lib/python3/dist-packages/oslo_db/sqlalchemy/engines.py:314
2025-12-15 00:39:22.576 154110 DEBUG oslo_messaging._drivers.amqpdriver [-] AMQPListener connection timeout poll /usr/lib/python3/dist-packages/oslo_messaging/_drivers/amqpdriver.py:360
2025-12-15 00:39:22.577 154110 DEBUG oslo_messaging._drivers.amqpdriver [-] Listener is running poll /usr/lib/python3/dist-packages/oslo_messaging/_drivers/amqpdriver.py:343
2025-12-15 00:39:22.577 154110 DEBUG oslo_messaging._drivers.amqpdriver [-] AMQPListener connection consume poll /usr/lib/python3/dist-packages/oslo_messaging/_drivers/amqpdriver.py:357
2025-12-15 00:39:22.579 154111 DEBUG oslo_messaging._drivers.amqpdriver [-] AMQPListener connection timeout poll /usr/lib/python3/dist-packages/oslo_messaging/_drivers/amqpdriver.py:360
2025-12-15 00:39:22.579 154111 DEBUG oslo_messaging._drivers.amqpdriver [-] Listener is running poll /usr/lib/python3/dist-packages/oslo_messaging/_drivers/amqpdriver.py:343
2025-12-15 00:39:22.580 154111 DEBUG oslo_messaging._drivers.amqpdriver [-] AMQPListener connection consume poll /usr/lib/python3/dist-packages/oslo_messaging/_drivers/amqpdriver.py:357
2025-12-15 00:39:22.582 154112 DEBUG oslo_messaging._drivers.amqpdriver [-] AMQPListener connection timeout poll /usr/lib/python3/dist-packages/oslo_messaging/_drivers/amqpdriver.py:360
2025-12-15 00:39:22.582 154112 DEBUG oslo_messaging._drivers.amqpdriver [-] Listener is running poll /usr/lib/python3/dist-packages/oslo_messaging/_drivers/amqpdriver.py:343
2025-12-15 00:39:22.583 154112 DEBUG oslo_messaging._drivers.amqpdriver [-] AMQPListener connection consume poll /usr/lib/python3/dist-packages/oslo_messaging/_drivers/amqpdriver.py:357
2025-12-15 00:39:22.585 154109 DEBUG oslo_messaging._drivers.amqpdriver [-] AMQPListener connection timeout poll /usr/lib/python3/dist-packages/oslo_messaging/_drivers/amqpdriver.py:360
2025-12-15 00:39:22.585 154109 DEBUG oslo_messaging._drivers.amqpdriver [-] Listener is running poll /usr/lib/python3/dist-packages/oslo_messaging/_drivers/amqpdriver.py:343
2025-12-15 00:39:22.585 154109 DEBUG oslo_messaging._drivers.amqpdriver [-] AMQPListener connection consume poll /usr/lib/python3/dist-packages/oslo_messaging/_drivers/amqpdriver.py:357
2025-12-15 00:39:26.579 154110 DEBUG oslo_messaging._drivers.amqpdriver [-] AMQPListener connection timeout poll /usr/lib/python3/dist-packages/oslo_messaging/_drivers/amqpdriver.py:360
2025-12-15 00:39:26.579 154110 DEBUG oslo_messaging._drivers.amqpdriver [-] Listener is running poll /usr/lib/python3/dist-packages/oslo_messaging/_drivers/amqpdriver.py:343
2025-12-15 00:39:26.579 154110 DEBUG oslo_messaging._drivers.amqpdriver [-] AMQPListener connection consume poll /usr/lib/python3/dist-packages/oslo_messaging/_drivers/amqpdriver.py:357
2025-12-15 00:39:26.582 154111 DEBUG oslo_messaging._drivers.amqpdriver [-] AMQPListener connection timeout poll /usr/lib/python3/dist-packages/oslo_messaging/_drivers/amqpdriver.py:360
2025-12-15 00:39:26.583 154111 DEBUG oslo_messaging._drivers.amqpdriver [-] Listener is running poll /usr/lib/python3/dist-packages/oslo_messaging/_drivers/amqpdriver.py:343
2025-12-15 00:39:26.583 154111 DEBUG oslo_messaging._drivers.amqpdriver [-] AMQPListener connection consume poll /usr/lib/python3/dist-packages/oslo_messaging/_drivers/amqpdriver.py:357
2025-12-15 00:39:26.585 154112 DEBUG oslo_messaging._drivers.amqpdriver [-] AMQPListener connection timeout poll /usr/lib/python3/dist-packages/oslo_messaging/_drivers/amqpdriver.py:360
2025-12-15 00:39:26.585 154112 DEBUG oslo_messaging._drivers.amqpdriver [-] Listener is running poll /usr/lib/python3/dist-packages/oslo_messaging/_drivers/amqpdriver.py:343
2025-12-15 00:39:26.586 154112 DEBUG oslo_messaging._drivers.amqpdriver [-] AMQPListener connection consume poll /usr/lib/python3/dist-packages/oslo_messaging/_drivers/amqpdriver.py:357
2025-12-15 00:39:26.588 154109 DEBUG oslo_messaging._drivers.amqpdriver [-] AMQPListener connection timeout poll /usr/lib/python3/dist-packages/oslo_messaging/_drivers/amqpdriver.py:360
2025-12-15 00:39:26.588 154109 DEBUG oslo_messaging._drivers.amqpdriver [-] Listener is running poll /usr/lib/python3/dist-packages/oslo_messaging/_drivers/amqpdriver.py:343
2025-12-15 00:39:26.588 154109 DEBUG oslo_messaging._drivers.amqpdriver [-] AMQPListener connection consume poll /usr/lib/python3/dist-packages/oslo_messaging/_drivers/amqpdriver.py:357
2025-12-15 00:39:34.581 154110 DEBUG oslo_messaging._drivers.amqpdriver [-] AMQPListener connection timeout poll /usr/lib/python3/dist-packages/oslo_messaging/_drivers/amqpdriver.py:360
2025-12-15 00:39:34.582 154110 DEBUG oslo_messaging._drivers.amqpdriver [-] Listener is running poll /usr/lib/python3/dist-packages/oslo_messaging/_drivers/amqpdriver.py:343
2025-12-15 00:39:34.582 154110 DEBUG oslo_messaging._drivers.amqpdriver [-] AMQPListener connection consume poll /usr/lib/python3/dist-packages/oslo_messaging/_drivers/amqpdriver.py:357
2025-12-15 00:39:34.584 154111 DEBUG oslo_messaging._drivers.amqpdriver [-] AMQPListener connection timeout poll /usr/lib/python3/dist-packages/oslo_messaging/_drivers/amqpdriver.py:360
2025-12-15 00:39:34.585 154111 DEBUG oslo_messaging._drivers.amqpdriver [-] Listener is running poll /usr/lib/python3/dist-packages/oslo_messaging/_drivers/amqpdriver.py:343
2025-12-15 00:39:34.585 154111 DEBUG oslo_messaging._drivers.amqpdriver [-] AMQPListener connection consume poll /usr/lib/python3/dist-packages/oslo_messaging/_drivers/amqpdriver.py:357
2025-12-15 00:39:34.586 154112 DEBUG oslo_messaging._drivers.amqpdriver [-] AMQPListener connection timeout poll /usr/lib/python3/dist-packages/oslo_messaging/_drivers/amqpdriver.py:360
2025-12-15 00:39:34.587 154112 DEBUG oslo_messaging._drivers.amqpdriver [-] Listener is running poll /usr/lib/python3/dist-packages/oslo_messaging/_drivers/amqpdriver.py:343
2025-12-15 00:39:34.587 154112 DEBUG oslo_messaging._drivers.amqpdriver [-] AMQPListener connection consume poll /usr/lib/python3/dist-packages/oslo_messaging/_drivers/amqpdriver.py:357
2025-12-15 00:39:34.589 154109 DEBUG oslo_messaging._drivers.amqpdriver [-] AMQPListener connection timeout poll /usr/lib/python3/dist-packages/oslo_messaging/_drivers/amqpdriver.py:360
2025-12-15 00:39:34.590 154109 DEBUG oslo_messaging._drivers.amqpdriver [-] Listener is running poll /usr/lib/python3/dist-packages/oslo_messaging/_drivers/amqpdriver.py:343
2025-12-15 00:39:34.590 154109 DEBUG oslo_messaging._drivers.amqpdriver [-] AMQPListener connection consume poll /usr/lib/python3/dist-packages/oslo_messaging/_drivers/amqpdriver.py:357
2025-12-15 00:39:48.575 154110 DEBUG oslo_service.periodic_task [req-797b9a88-483f-4972-a2cf-7db623c5521c - - - - -] Running periodic task SchedulerManager._discover_hosts_in_cells run_periodic_tasks /usr/lib/python3/dist-packages/oslo_service/periodic_task.py:210
2025-12-15 00:39:48.576 154110 DEBUG oslo_db.sqlalchemy.engines [req-797b9a88-483f-4972-a2cf-7db623c5521c - - - - -] Parent process 153777 forked (154110) with an open database connection, which is being discarded and recreated. checkout /usr/lib/python3/dist-packages/oslo_db/sqlalchemy/engines.py:413
2025-12-15 00:39:48.582 154110 DEBUG oslo_concurrency.lockutils [req-797b9a88-483f-4972-a2cf-7db623c5521c - - - - -] Lock "ba3f9837-f3f0-4076-96fc-201e098bb3c1" acquired by "nova.context.set_target_cell..get_or_set_cached_cell_and_set_connections" :: waited 0.000s inner /usr/lib/python3/dist-packages/oslo_concurrency/lockutils.py:386
2025-12-15 00:39:48.584 154110 DEBUG oslo_concurrency.lockutils [req-797b9a88-483f-4972-a2cf-7db623c5521c - - - - -] Lock "ba3f9837-f3f0-4076-96fc-201e098bb3c1" "released" by "nova.context.set_target_cell..get_or_set_cached_cell_and_set_connections" :: held 0.002s inner /usr/lib/python3/dist-packages/oslo_concurrency/lockutils.py:400
2025-12-15 00:39:48.589 154110 DEBUG oslo_db.sqlalchemy.engines [req-797b9a88-483f-4972-a2cf-7db623c5521c - - - - -] MySQL server mode set to STRICT_TRANS_TABLES,STRICT_ALL_TABLES,NO_ZERO_IN_DATE,NO_ZERO_DATE,ERROR_FOR_DIVISION_BY_ZERO,TRADITIONAL,NO_ENGINE_SUBSTITUTION _check_effective_sql_mode /usr/lib/python3/dist-packages/oslo_db/sqlalchemy/engines.py:314
2025-12-15 00:39:50.606 154111 DEBUG oslo_service.periodic_task [req-fc935013-d8f3-47e4-8107-8873e80f44a4 - - - - -] Running periodic task SchedulerManager._discover_hosts_in_cells run_periodic_tasks /usr/lib/python3/dist-packages/oslo_service/periodic_task.py:210
2025-12-15 00:39:50.611 154111 DEBUG oslo_concurrency.lockutils [req-a05f67e4-ea76-4b31-9886-bf3baad23b44 - - - - -] Lock "ba3f9837-f3f0-4076-96fc-201e098bb3c1" acquired by "nova.context.set_target_cell..get_or_set_cached_cell_and_set_connections" :: waited 0.000s inner /usr/lib/python3/dist-packages/oslo_concurrency/lockutils.py:386
2025-12-15 00:39:50.611 154111 DEBUG oslo_concurrency.lockutils [req-a05f67e4-ea76-4b31-9886-bf3baad23b44 - - - - -] Lock "ba3f9837-f3f0-4076-96fc-201e098bb3c1" "released" by "nova.context.set_target_cell..get_or_set_cached_cell_and_set_connections" :: held 0.000s inner /usr/lib/python3/dist-packages/oslo_concurrency/lockutils.py:400
2025-12-15 00:39:59.580 154112 DEBUG oslo_service.periodic_task [req-34e512a9-7466-4b3d-8cd4-0a330d677238 - - - - -] Running periodic task SchedulerManager._discover_hosts_in_cells run_periodic_tasks /usr/lib/python3/dist-packages/oslo_service/periodic_task.py:210
2025-12-15 00:39:59.581 154112 DEBUG oslo_db.sqlalchemy.engines [req-34e512a9-7466-4b3d-8cd4-0a330d677238 - - - - -] Parent process 153777 forked (154112) with an open database connection, which is being discarded and recreated. checkout /usr/lib/python3/dist-packages/oslo_db/sqlalchemy/engines.py:413
2025-12-15 00:39:59.587 154112 DEBUG oslo_concurrency.lockutils [req-34e512a9-7466-4b3d-8cd4-0a330d677238 - - - - -] Lock "ba3f9837-f3f0-4076-96fc-201e098bb3c1" acquired by "nova.context.set_target_cell..get_or_set_cached_cell_and_set_connections" :: waited 0.000s inner /usr/lib/python3/dist-packages/oslo_concurrency/lockutils.py:386
2025-12-15 00:39:59.589 154112 DEBUG oslo_concurrency.lockutils [req-34e512a9-7466-4b3d-8cd4-0a330d677238 - - - - -] Lock "ba3f9837-f3f0-4076-96fc-201e098bb3c1" "released" by "nova.context.set_target_cell..get_or_set_cached_cell_and_set_connections" :: held 0.002s inner /usr/lib/python3/dist-packages/oslo_concurrency/lockutils.py:400
2025-12-15 00:39:59.593 154112 DEBUG oslo_db.sqlalchemy.engines [req-34e512a9-7466-4b3d-8cd4-0a330d677238 - - - - -] MySQL server mode set to STRICT_TRANS_TABLES,STRICT_ALL_TABLES,NO_ZERO_IN_DATE,NO_ZERO_DATE,ERROR_FOR_DIVISION_BY_ZERO,TRADITIONAL,NO_ENGINE_SUBSTITUTION _check_effective_sql_mode /usr/lib/python3/dist-packages/oslo_db/sqlalchemy/engines.py:314
2025-12-15 00:40:01.588 154109 DEBUG oslo_service.periodic_task [req-77f8abb7-1bc2-4ebe-a6f2-910316b28f0d - - - - -] Running periodic task SchedulerManager._discover_hosts_in_cells run_periodic_tasks /usr/lib/python3/dist-packages/oslo_service/periodic_task.py:210
2025-12-15 00:40:01.589 154109 DEBUG oslo_db.sqlalchemy.engines [req-77f8abb7-1bc2-4ebe-a6f2-910316b28f0d - - - - -] Parent process 153777 forked (154109) with an open database connection, which is being discarded and recreated. checkout /usr/lib/python3/dist-packages/oslo_db/sqlalchemy/engines.py:413
2025-12-15 00:40:01.595 154109 DEBUG oslo_concurrency.lockutils [req-77f8abb7-1bc2-4ebe-a6f2-910316b28f0d - - - - -] Lock "ba3f9837-f3f0-4076-96fc-201e098bb3c1" acquired by "nova.context.set_target_cell..get_or_set_cached_cell_and_set_connections" :: waited 0.000s inner /usr/lib/python3/dist-packages/oslo_concurrency/lockutils.py:386
2025-12-15 00:40:01.597 154109 DEBUG oslo_concurrency.lockutils [req-77f8abb7-1bc2-4ebe-a6f2-910316b28f0d - - - - -] Lock "ba3f9837-f3f0-4076-96fc-201e098bb3c1" "released" by "nova.context.set_target_cell..get_or_set_cached_cell_and_set_connections" :: held 0.002s inner /usr/lib/python3/dist-packages/oslo_concurrency/lockutils.py:400
2025-12-15 00:40:01.604 154109 DEBUG oslo_db.sqlalchemy.engines [req-77f8abb7-1bc2-4ebe-a6f2-910316b28f0d - - - - -] MySQL server mode set to STRICT_TRANS_TABLES,STRICT_ALL_TABLES,NO_ZERO_IN_DATE,NO_ZERO_DATE,ERROR_FOR_DIVISION_BY_ZERO,TRADITIONAL,NO_ENGINE_SUBSTITUTION _check_effective_sql_mode /usr/lib/python3/dist-packages/oslo_db/sqlalchemy/engines.py:314
2025-12-15 00:40:04.558 154109 DEBUG oslo_messaging._drivers.amqpdriver [-] AMQPListener connection timeout poll /usr/lib/python3/dist-packages/oslo_messaging/_drivers/amqpdriver.py:360
2025-12-15 00:40:04.558 154109 DEBUG oslo_messaging._drivers.amqpdriver [-] Listener is running poll /usr/lib/python3/dist-packages/oslo_messaging/_drivers/amqpdriver.py:343
2025-12-15 00:40:04.558 154109 DEBUG oslo_messaging._drivers.amqpdriver [-] AMQPListener connection consume poll /usr/lib/python3/dist-packages/oslo_messaging/_drivers/amqpdriver.py:357
2025-12-15 00:40:04.565 154110 DEBUG oslo_messaging._drivers.amqpdriver [-] AMQPListener connection timeout poll /usr/lib/python3/dist-packages/oslo_messaging/_drivers/amqpdriver.py:360
2025-12-15 00:40:04.565 154110 DEBUG oslo_messaging._drivers.amqpdriver [-] Listener is running poll /usr/lib/python3/dist-packages/oslo_messaging/_drivers/amqpdriver.py:343
2025-12-15 00:40:04.565 154110 DEBUG oslo_messaging._drivers.amqpdriver [-] AMQPListener connection consume poll /usr/lib/python3/dist-packages/oslo_messaging/_drivers/amqpdriver.py:357
2025-12-15 00:40:04.572 154112 DEBUG oslo_messaging._drivers.amqpdriver [-] AMQPListener connection timeout poll /usr/lib/python3/dist-packages/oslo_messaging/_drivers/amqpdriver.py:360
2025-12-15 00:40:04.573 154112 DEBUG oslo_messaging._drivers.amqpdriver [-] Listener is running poll /usr/lib/python3/dist-packages/oslo_messaging/_drivers/amqpdriver.py:343
2025-12-15 00:40:04.573 154112 DEBUG oslo_messaging._drivers.amqpdriver [-] AMQPListener connection consume poll /usr/lib/python3/dist-packages/oslo_messaging/_drivers/amqpdriver.py:357
2025-12-15 00:40:04.575 154111 DEBUG oslo_messaging._drivers.amqpdriver [-] AMQPListener connection timeout poll /usr/lib/python3/dist-packages/oslo_messaging/_drivers/amqpdriver.py:360
2025-12-15 00:40:04.576 154111 DEBUG oslo_messaging._drivers.amqpdriver [-] Listener is running poll /usr/lib/python3/dist-packages/oslo_messaging/_drivers/amqpdriver.py:343
2025-12-15 00:40:04.576 154111 DEBUG oslo_messaging._drivers.amqpdriver [-] AMQPListener connection consume poll /usr/lib/python3/dist-packages/oslo_messaging/_drivers/amqpdriver.py:357
2025-12-15 00:40:18.603 154110 DEBUG oslo_service.periodic_task [req-797b9a88-483f-4972-a2cf-7db623c5521c - - - - -] Running periodic task SchedulerManager._discover_hosts_in_cells run_periodic_tasks /usr/lib/python3/dist-packages/oslo_service/periodic_task.py:210
2025-12-15 00:40:18.607 154110 DEBUG oslo_concurrency.lockutils [req-a4d92ce4-f262-4674-9601-461b214d3a61 - - - - -] Lock "ba3f9837-f3f0-4076-96fc-201e098bb3c1" acquired by "nova.context.set_target_cell..get_or_set_cached_cell_and_set_connections" :: waited 0.000s inner /usr/lib/python3/dist-packages/oslo_concurrency/lockutils.py:386
2025-12-15 00:40:18.607 154110 DEBUG oslo_concurrency.lockutils [req-a4d92ce4-f262-4674-9601-461b214d3a61 - - - - -] Lock "ba3f9837-f3f0-4076-96fc-201e098bb3c1" "released" by "nova.context.set_target_cell..get_or_set_cached_cell_and_set_connections" :: held 0.000s inner /usr/lib/python3/dist-packages/oslo_concurrency/lockutils.py:400
2025-12-15 00:40:21.576 154111 DEBUG oslo_service.periodic_task [req-a05f67e4-ea76-4b31-9886-bf3baad23b44 - - - - -] Running periodic task SchedulerManager._discover_hosts_in_cells run_periodic_tasks /usr/lib/python3/dist-packages/oslo_service/periodic_task.py:210
2025-12-15 00:40:21.581 154111 DEBUG oslo_concurrency.lockutils [req-9481e0e0-3fad-4292-9d54-ac362697feff - - - - -] Lock "ba3f9837-f3f0-4076-96fc-201e098bb3c1" acquired by "nova.context.set_target_cell..get_or_set_cached_cell_and_set_connections" :: waited 0.000s inner /usr/lib/python3/dist-packages/oslo_concurrency/lockutils.py:386
2025-12-15 00:40:21.581 154111 DEBUG oslo_concurrency.lockutils [req-9481e0e0-3fad-4292-9d54-ac362697feff - - - - -] Lock "ba3f9837-f3f0-4076-96fc-201e098bb3c1" "released" by "nova.context.set_target_cell..get_or_set_cached_cell_and_set_connections" :: held 0.000s inner /usr/lib/python3/dist-packages/oslo_concurrency/lockutils.py:400
2025-12-15 00:40:29.608 154112 DEBUG oslo_service.periodic_task [req-34e512a9-7466-4b3d-8cd4-0a330d677238 - - - - -] Running periodic task SchedulerManager._discover_hosts_in_cells run_periodic_tasks /usr/lib/python3/dist-packages/oslo_service/periodic_task.py:210
2025-12-15 00:40:29.612 154112 DEBUG oslo_concurrency.lockutils [req-4a84d968-bb50-47d9-93bb-6599ffc323c8 - - - - -] Lock "ba3f9837-f3f0-4076-96fc-201e098bb3c1" acquired by "nova.context.set_target_cell..get_or_set_cached_cell_and_set_connections" :: waited 0.000s inner /usr/lib/python3/dist-packages/oslo_concurrency/lockutils.py:386
2025-12-15 00:40:29.613 154112 DEBUG oslo_concurrency.lockutils [req-4a84d968-bb50-47d9-93bb-6599ffc323c8 - - - - -] Lock "ba3f9837-f3f0-4076-96fc-201e098bb3c1" "released" by "nova.context.set_target_cell..get_or_set_cached_cell_and_set_connections" :: held 0.000s inner /usr/lib/python3/dist-packages/oslo_concurrency/lockutils.py:400
2025-12-15 00:40:31.622 154109 DEBUG oslo_service.periodic_task [req-77f8abb7-1bc2-4ebe-a6f2-910316b28f0d - - - - -] Running periodic task SchedulerManager._discover_hosts_in_cells run_periodic_tasks /usr/lib/python3/dist-packages/oslo_service/periodic_task.py:210
2025-12-15 00:40:31.626 154109 DEBUG oslo_concurrency.lockutils [req-43d3eab4-19df-40c9-a820-b84130c013a2 - - - - -] Lock "ba3f9837-f3f0-4076-96fc-201e098bb3c1" acquired by "nova.context.set_target_cell..get_or_set_cached_cell_and_set_connections" :: waited 0.000s inner /usr/lib/python3/dist-packages/oslo_concurrency/lockutils.py:386
2025-12-15 00:40:31.627 154109 DEBUG oslo_concurrency.lockutils [req-43d3eab4-19df-40c9-a820-b84130c013a2 - - - - -] Lock "ba3f9837-f3f0-4076-96fc-201e098bb3c1" "released" by "nova.context.set_target_cell..get_or_set_cached_cell_and_set_connections" :: held 0.000s inner /usr/lib/python3/dist-packages/oslo_concurrency/lockutils.py:400
2025-12-15 00:40:36.561 154109 DEBUG oslo_messaging._drivers.amqpdriver [-] AMQPListener connection timeout poll /usr/lib/python3/dist-packages/oslo_messaging/_drivers/amqpdriver.py:360
2025-12-15 00:40:36.562 154109 DEBUG oslo_messaging._drivers.amqpdriver [-] Listener is running poll /usr/lib/python3/dist-packages/oslo_messaging/_drivers/amqpdriver.py:343
2025-12-15 00:40:36.562 154109 DEBUG oslo_messaging._drivers.amqpdriver [-] AMQPListener connection consume poll /usr/lib/python3/dist-packages/oslo_messaging/_drivers/amqpdriver.py:357
2025-12-15 00:40:36.567 154110 DEBUG oslo_messaging._drivers.amqpdriver [-] AMQPListener connection timeout poll /usr/lib/python3/dist-packages/oslo_messaging/_drivers/amqpdriver.py:360
2025-12-15 00:40:36.567 154110 DEBUG oslo_messaging._drivers.amqpdriver [-] Listener is running poll /usr/lib/python3/dist-packages/oslo_messaging/_drivers/amqpdriver.py:343
2025-12-15 00:40:36.567 154110 DEBUG oslo_messaging._drivers.amqpdriver [-] AMQPListener connection consume poll /usr/lib/python3/dist-packages/oslo_messaging/_drivers/amqpdriver.py:357
2025-12-15 00:40:36.575 154112 DEBUG oslo_messaging._drivers.amqpdriver [-] AMQPListener connection timeout poll /usr/lib/python3/dist-packages/oslo_messaging/_drivers/amqpdriver.py:360
2025-12-15 00:40:36.576 154112 DEBUG oslo_messaging._drivers.amqpdriver [-] Listener is running poll /usr/lib/python3/dist-packages/oslo_messaging/_drivers/amqpdriver.py:343
2025-12-15 00:40:36.576 154112 DEBUG oslo_messaging._drivers.amqpdriver [-] AMQPListener connection consume poll /usr/lib/python3/dist-packages/oslo_messaging/_drivers/amqpdriver.py:357
2025-12-15 00:40:36.577 154111 DEBUG oslo_messaging._drivers.amqpdriver [-] AMQPListener connection timeout poll /usr/lib/python3/dist-packages/oslo_messaging/_drivers/amqpdriver.py:360
2025-12-15 00:40:36.578 154111 DEBUG oslo_messaging._drivers.amqpdriver [-] Listener is running poll /usr/lib/python3/dist-packages/oslo_messaging/_drivers/amqpdriver.py:343
2025-12-15 00:40:36.578 154111 DEBUG oslo_messaging._drivers.amqpdriver [-] AMQPListener connection consume poll /usr/lib/python3/dist-packages/oslo_messaging/_drivers/amqpdriver.py:357
2025-12-15 00:40:47.059 153777 INFO oslo_service.service [req-14a0e151-4a33-4e06-9a07-c54d92683269 - - - - -] Caught SIGTERM, stopping children
2025-12-15 00:40:47.059 153777 DEBUG oslo_concurrency.lockutils [req-14a0e151-4a33-4e06-9a07-c54d92683269 - - - - -] Acquired lock "singleton_lock" lock /usr/lib/python3/dist-packages/oslo_concurrency/lockutils.py:294
2025-12-15 00:40:47.060 153777 DEBUG oslo_concurrency.lockutils [req-14a0e151-4a33-4e06-9a07-c54d92683269 - - - - -] Releasing lock "singleton_lock" lock /usr/lib/python3/dist-packages/oslo_concurrency/lockutils.py:312
2025-12-15 00:40:47.060 153777 DEBUG oslo_service.service [req-14a0e151-4a33-4e06-9a07-c54d92683269 - - - - -] Stop services. stop /usr/lib/python3/dist-packages/oslo_service/service.py:695
2025-12-15 00:40:47.060 153777 DEBUG oslo_service.service [req-14a0e151-4a33-4e06-9a07-c54d92683269 - - - - -] Killing children. stop /usr/lib/python3/dist-packages/oslo_service/service.py:700
2025-12-15 00:40:47.060 153777 INFO oslo_service.service [req-14a0e151-4a33-4e06-9a07-c54d92683269 - - - - -] Waiting on 4 children to exit
2025-12-15 00:40:47.068 153777 INFO oslo_service.service [req-14a0e151-4a33-4e06-9a07-c54d92683269 - - - - -] Child 154109 killed by signal 15
2025-12-15 00:40:47.069 153777 INFO oslo_service.service [req-14a0e151-4a33-4e06-9a07-c54d92683269 - - - - -] Child 154110 killed by signal 15
2025-12-15 00:40:47.069 153777 INFO oslo_service.service [req-14a0e151-4a33-4e06-9a07-c54d92683269 - - - - -] Child 154111 killed by signal 15
2025-12-15 00:40:47.069 153777 INFO oslo_service.service [req-14a0e151-4a33-4e06-9a07-c54d92683269 - - - - -] Child 154112 killed by signal 15
2025-12-15 00:40:48.681 165017 DEBUG oslo_db.sqlalchemy.engines [req-9e1d8290-6f13-49a4-9f92-1e4194ada5b8 - - - - -] MySQL server mode set to STRICT_TRANS_TABLES,STRICT_ALL_TABLES,NO_ZERO_IN_DATE,NO_ZERO_DATE,ERROR_FOR_DIVISION_BY_ZERO,TRADITIONAL,NO_ENGINE_SUBSTITUTION _check_effective_sql_mode /usr/lib/python3/dist-packages/oslo_db/sqlalchemy/engines.py:314
2025-12-15 00:40:48.714 165017 DEBUG nova.scheduler.host_manager [req-9e1d8290-6f13-49a4-9f92-1e4194ada5b8 - - - - -] Found 1 cells: ba3f9837-f3f0-4076-96fc-201e098bb3c1 refresh_cells_caches /usr/lib/python3/dist-packages/nova/scheduler/host_manager.py:730
2025-12-15 00:40:48.715 165017 DEBUG nova.scheduler.host_manager [req-9e1d8290-6f13-49a4-9f92-1e4194ada5b8 - - - - -] Found 0 disabled cells: refresh_cells_caches /usr/lib/python3/dist-packages/nova/scheduler/host_manager.py:742
2025-12-15 00:40:48.720 165017 WARNING nova.scheduler.filters.availability_zone_filter [req-9e1d8290-6f13-49a4-9f92-1e4194ada5b8 - - - - -] The 'AvailabilityZoneFilter' is deprecated since the 24.0.0 (Xena) release. Since the 18.0.0 (Rocky) release, nova has supported mapping AZs to placement aggregates. The feature is enabled by the 'query_placement_for_availability_zone' config option and is now enabled by default. As such, the 'AvailabilityZoneFilter' is no longer required. Nova is currently configured to use both placement and the AvailabilityZoneFilter for AZ enforcement.
2025-12-15 00:40:48.809 165017 DEBUG nova.scheduler.host_manager [req-9e1d8290-6f13-49a4-9f92-1e4194ada5b8 - - - - -] START:_async_init_instance_info _async_init_instance_info /usr/lib/python3/dist-packages/nova/scheduler/host_manager.py:411
2025-12-15 00:40:48.811 165017 DEBUG oslo_concurrency.lockutils [req-71c2e2b9-cc16-4e6f-8f45-54fda46d890c - - - - -] Lock "ba3f9837-f3f0-4076-96fc-201e098bb3c1" acquired by "nova.context.set_target_cell..get_or_set_cached_cell_and_set_connections" :: waited 0.000s inner /usr/lib/python3/dist-packages/oslo_concurrency/lockutils.py:386
2025-12-15 00:40:48.812 165017 DEBUG oslo_concurrency.lockutils [req-71c2e2b9-cc16-4e6f-8f45-54fda46d890c - - - - -] Lock "ba3f9837-f3f0-4076-96fc-201e098bb3c1" "released" by "nova.context.set_target_cell..get_or_set_cached_cell_and_set_connections" :: held 0.002s inner /usr/lib/python3/dist-packages/oslo_concurrency/lockutils.py:400
2025-12-15 00:40:48.818 165017 DEBUG oslo_db.sqlalchemy.engines [req-71c2e2b9-cc16-4e6f-8f45-54fda46d890c - - - - -] MySQL server mode set to STRICT_TRANS_TABLES,STRICT_ALL_TABLES,NO_ZERO_IN_DATE,NO_ZERO_DATE,ERROR_FOR_DIVISION_BY_ZERO,TRADITIONAL,NO_ENGINE_SUBSTITUTION _check_effective_sql_mode /usr/lib/python3/dist-packages/oslo_db/sqlalchemy/engines.py:314
2025-12-15 00:40:48.831 165017 DEBUG nova.scheduler.host_manager [req-71c2e2b9-cc16-4e6f-8f45-54fda46d890c - - - - -] Total number of compute nodes: 1 _async_init_instance_info /usr/lib/python3/dist-packages/nova/scheduler/host_manager.py:424
2025-12-15 00:40:48.831 165017 DEBUG oslo_concurrency.lockutils [req-71c2e2b9-cc16-4e6f-8f45-54fda46d890c - - - - -] Lock "ba3f9837-f3f0-4076-96fc-201e098bb3c1" acquired by "nova.context.set_target_cell..get_or_set_cached_cell_and_set_connections" :: waited 0.000s inner /usr/lib/python3/dist-packages/oslo_concurrency/lockutils.py:386
2025-12-15 00:40:48.832 165017 DEBUG oslo_concurrency.lockutils [req-71c2e2b9-cc16-4e6f-8f45-54fda46d890c - - - - -] Lock "ba3f9837-f3f0-4076-96fc-201e098bb3c1" "released" by "nova.context.set_target_cell..get_or_set_cached_cell_and_set_connections" :: held 0.000s inner /usr/lib/python3/dist-packages/oslo_concurrency/lockutils.py:400
2025-12-15 00:40:48.905 165017 DEBUG nova.scheduler.host_manager [req-71c2e2b9-cc16-4e6f-8f45-54fda46d890c - - - - -] Adding 0 instances for hosts 10-20 _async_init_instance_info /usr/lib/python3/dist-packages/nova/scheduler/host_manager.py:443
2025-12-15 00:40:48.905 165017 DEBUG nova.scheduler.host_manager [req-71c2e2b9-cc16-4e6f-8f45-54fda46d890c - - - - -] END:_async_init_instance_info _async_init_instance_info /usr/lib/python3/dist-packages/nova/scheduler/host_manager.py:454
2025-12-15 00:40:49.354 165017 DEBUG nova.context [req-9e1d8290-6f13-49a4-9f92-1e4194ada5b8 - - - - -] Found 2 cells: 00000000-0000-0000-0000-000000000000(cell0),ba3f9837-f3f0-4076-96fc-201e098bb3c1(cell1) load_cells /usr/lib/python3/dist-packages/nova/context.py:464
2025-12-15 00:40:49.355 165017 DEBUG oslo_concurrency.lockutils [req-ef674c2e-8d40-4bf0-a169-f2ce65f3dfa0 - - - - -] Lock "00000000-0000-0000-0000-000000000000" acquired by "nova.context.set_target_cell..get_or_set_cached_cell_and_set_connections" :: waited 0.000s inner /usr/lib/python3/dist-packages/oslo_concurrency/lockutils.py:386
2025-12-15 00:40:49.356 165017 DEBUG oslo_concurrency.lockutils [req-ef674c2e-8d40-4bf0-a169-f2ce65f3dfa0 - - - - -] Lock "00000000-0000-0000-0000-000000000000" "released" by "nova.context.set_target_cell..get_or_set_cached_cell_and_set_connections" :: held 0.001s inner /usr/lib/python3/dist-packages/oslo_concurrency/lockutils.py:400
2025-12-15 00:40:49.357 165017 DEBUG oslo_concurrency.lockutils [req-ef674c2e-8d40-4bf0-a169-f2ce65f3dfa0 - - - - -] Lock "ba3f9837-f3f0-4076-96fc-201e098bb3c1" acquired by "nova.context.set_target_cell..get_or_set_cached_cell_and_set_connections" :: waited 0.000s inner /usr/lib/python3/dist-packages/oslo_concurrency/lockutils.py:386
2025-12-15 00:40:49.357 165017 DEBUG oslo_concurrency.lockutils [req-ef674c2e-8d40-4bf0-a169-f2ce65f3dfa0 - - - - -] Lock "ba3f9837-f3f0-4076-96fc-201e098bb3c1" "released" by "nova.context.set_target_cell..get_or_set_cached_cell_and_set_connections" :: held 0.000s inner /usr/lib/python3/dist-packages/oslo_concurrency/lockutils.py:400
2025-12-15 00:40:49.370 165017 DEBUG oslo_db.sqlalchemy.engines [req-ef674c2e-8d40-4bf0-a169-f2ce65f3dfa0 - - - - -] MySQL server mode set to STRICT_TRANS_TABLES,STRICT_ALL_TABLES,NO_ZERO_IN_DATE,NO_ZERO_DATE,ERROR_FOR_DIVISION_BY_ZERO,TRADITIONAL,NO_ENGINE_SUBSTITUTION _check_effective_sql_mode /usr/lib/python3/dist-packages/oslo_db/sqlalchemy/engines.py:314
2025-12-15 00:40:49.380 165017 DEBUG oslo_concurrency.lockutils [req-ef674c2e-8d40-4bf0-a169-f2ce65f3dfa0 - - - - -] Acquired lock "singleton_lock" lock /usr/lib/python3/dist-packages/oslo_concurrency/lockutils.py:294
2025-12-15 00:40:49.380 165017 DEBUG oslo_concurrency.lockutils [req-ef674c2e-8d40-4bf0-a169-f2ce65f3dfa0 - - - - -] Releasing lock "singleton_lock" lock /usr/lib/python3/dist-packages/oslo_concurrency/lockutils.py:312
2025-12-15 00:40:49.380 165017 INFO oslo_service.service [req-ef674c2e-8d40-4bf0-a169-f2ce65f3dfa0 - - - - -] Starting 4 workers
2025-12-15 00:40:49.385 165017 DEBUG oslo_service.service [req-ef674c2e-8d40-4bf0-a169-f2ce65f3dfa0 - - - - -] Started child 165409 _start_child /usr/lib/python3/dist-packages/oslo_service/service.py:575
2025-12-15 00:40:49.389 165409 INFO nova.service [-] Starting scheduler node (version 25.2.1)
2025-12-15 00:40:49.390 165017 DEBUG oslo_service.service [req-ef674c2e-8d40-4bf0-a169-f2ce65f3dfa0 - - - - -] Started child 165410 _start_child /usr/lib/python3/dist-packages/oslo_service/service.py:575
2025-12-15 00:40:49.395 165410 INFO nova.service [-] Starting scheduler node (version 25.2.1)
2025-12-15 00:40:49.396 165017 DEBUG oslo_service.service [req-ef674c2e-8d40-4bf0-a169-f2ce65f3dfa0 - - - - -] Started child 165411 _start_child /usr/lib/python3/dist-packages/oslo_service/service.py:575
2025-12-15 00:40:49.401 165411 INFO nova.service [-] Starting scheduler node (version 25.2.1)
2025-12-15 00:40:49.400 165017 DEBUG oslo_service.service [req-ef674c2e-8d40-4bf0-a169-f2ce65f3dfa0 - - - - -] Started child 165412 _start_child /usr/lib/python3/dist-packages/oslo_service/service.py:575
2025-12-15 00:40:49.402 165017 DEBUG oslo_service.service [req-ef674c2e-8d40-4bf0-a169-f2ce65f3dfa0 - - - - -] Full set of CONF: wait /usr/lib/python3/dist-packages/oslo_service/service.py:649
2025-12-15 00:40:49.403 165017 DEBUG oslo_service.service [req-ef674c2e-8d40-4bf0-a169-f2ce65f3dfa0 - - - - -] ******************************************************************************** log_opt_values /usr/lib/python3/dist-packages/oslo_config/cfg.py:2589
2025-12-15 00:40:49.403 165017 DEBUG oslo_service.service [req-ef674c2e-8d40-4bf0-a169-f2ce65f3dfa0 - - - - -] Configuration options gathered from: log_opt_values /usr/lib/python3/dist-packages/oslo_config/cfg.py:2590
2025-12-15 00:40:49.403 165017 DEBUG oslo_service.service [req-ef674c2e-8d40-4bf0-a169-f2ce65f3dfa0 - - - - -] command line args: ['--config-file=/etc/nova/nova.conf', '--log-file=/var/log/nova/nova-scheduler.log'] log_opt_values /usr/lib/python3/dist-packages/oslo_config/cfg.py:2591
2025-12-15 00:40:49.404 165017 DEBUG oslo_service.service [req-ef674c2e-8d40-4bf0-a169-f2ce65f3dfa0 - - - - -] config files: ['/etc/nova/nova.conf'] log_opt_values /usr/lib/python3/dist-packages/oslo_config/cfg.py:2592
2025-12-15 00:40:49.404 165017 DEBUG oslo_service.service [req-ef674c2e-8d40-4bf0-a169-f2ce65f3dfa0 - - - - -] ================================================================================ log_opt_values /usr/lib/python3/dist-packages/oslo_config/cfg.py:2594
2025-12-15 00:40:49.404 165412 INFO nova.service [-] Starting scheduler node (version 25.2.1)
2025-12-15 00:40:49.405 165017 DEBUG oslo_service.service [req-ef674c2e-8d40-4bf0-a169-f2ce65f3dfa0 - - - - -] allow_resize_to_same_host = False log_opt_values /usr/lib/python3/dist-packages/oslo_config/cfg.py:2602
2025-12-15 00:40:49.405 165017 DEBUG oslo_service.service [req-ef674c2e-8d40-4bf0-a169-f2ce65f3dfa0 - - - - -] arq_binding_timeout = 300 log_opt_values /usr/lib/python3/dist-packages/oslo_config/cfg.py:2602
2025-12-15 00:40:49.405 165017 DEBUG oslo_service.service [req-ef674c2e-8d40-4bf0-a169-f2ce65f3dfa0 - - - - -] block_device_allocate_retries = 60 log_opt_values /usr/lib/python3/dist-packages/oslo_config/cfg.py:2602
2025-12-15 00:40:49.406 165017 DEBUG oslo_service.service [req-ef674c2e-8d40-4bf0-a169-f2ce65f3dfa0 - - - - -] block_device_allocate_retries_interval = 3 log_opt_values /usr/lib/python3/dist-packages/oslo_config/cfg.py:2602
2025-12-15 00:40:49.406 165017 DEBUG oslo_service.service [req-ef674c2e-8d40-4bf0-a169-f2ce65f3dfa0 - - - - -] cert = self.pem log_opt_values /usr/lib/python3/dist-packages/oslo_config/cfg.py:2602
2025-12-15 00:40:49.406 165017 DEBUG oslo_service.service [req-ef674c2e-8d40-4bf0-a169-f2ce65f3dfa0 - - - - -] compute_driver = libvirt.LibvirtDriver log_opt_values /usr/lib/python3/dist-packages/oslo_config/cfg.py:2602
2025-12-15 00:40:49.407 165017 DEBUG oslo_service.service [req-ef674c2e-8d40-4bf0-a169-f2ce65f3dfa0 - - - - -] compute_monitors = [] log_opt_values /usr/lib/python3/dist-packages/oslo_config/cfg.py:2602
2025-12-15 00:40:49.407 165017 DEBUG oslo_service.service [req-ef674c2e-8d40-4bf0-a169-f2ce65f3dfa0 - - - - -] config_dir = [] log_opt_values /usr/lib/python3/dist-packages/oslo_config/cfg.py:2602
2025-12-15 00:40:49.407 165017 DEBUG oslo_service.service [req-ef674c2e-8d40-4bf0-a169-f2ce65f3dfa0 - - - - -] config_drive_format = iso9660 log_opt_values /usr/lib/python3/dist-packages/oslo_config/cfg.py:2602
2025-12-15 00:40:49.407 165017 DEBUG oslo_service.service [req-ef674c2e-8d40-4bf0-a169-f2ce65f3dfa0 - - - - -] config_file = ['/etc/nova/nova.conf'] log_opt_values /usr/lib/python3/dist-packages/oslo_config/cfg.py:2602
2025-12-15 00:40:49.408 165017 DEBUG oslo_service.service [req-ef674c2e-8d40-4bf0-a169-f2ce65f3dfa0 - - - - -] config_source = [] log_opt_values /usr/lib/python3/dist-packages/oslo_config/cfg.py:2602
2025-12-15 00:40:49.408 165017 DEBUG oslo_service.service [req-ef674c2e-8d40-4bf0-a169-f2ce65f3dfa0 - - - - -] console_host = juju-9eba43-0-lxd-7 log_opt_values /usr/lib/python3/dist-packages/oslo_config/cfg.py:2602
2025-12-15 00:40:49.408 165017 DEBUG oslo_service.service [req-ef674c2e-8d40-4bf0-a169-f2ce65f3dfa0 - - - - -] control_exchange = nova log_opt_values /usr/lib/python3/dist-packages/oslo_config/cfg.py:2602
2025-12-15 00:40:49.409 165017 DEBUG oslo_service.service [req-ef674c2e-8d40-4bf0-a169-f2ce65f3dfa0 - - - - -] cpu_allocation_ratio = 2.0 log_opt_values /usr/lib/python3/dist-packages/oslo_config/cfg.py:2602
2025-12-15 00:40:49.409 165017 DEBUG oslo_service.service [req-ef674c2e-8d40-4bf0-a169-f2ce65f3dfa0 - - - - -] daemon = False log_opt_values /usr/lib/python3/dist-packages/oslo_config/cfg.py:2602
2025-12-15 00:40:49.409 165017 DEBUG oslo_service.service [req-ef674c2e-8d40-4bf0-a169-f2ce65f3dfa0 - - - - -] debug = True log_opt_values /usr/lib/python3/dist-packages/oslo_config/cfg.py:2602
2025-12-15 00:40:49.409 165017 DEBUG oslo_service.service [req-ef674c2e-8d40-4bf0-a169-f2ce65f3dfa0 - - - - -] default_access_ip_network_name = None log_opt_values /usr/lib/python3/dist-packages/oslo_config/cfg.py:2602
2025-12-15 00:40:49.410 165017 DEBUG oslo_service.service [req-ef674c2e-8d40-4bf0-a169-f2ce65f3dfa0 - - - - -] default_availability_zone = nova log_opt_values /usr/lib/python3/dist-packages/oslo_config/cfg.py:2602
2025-12-15 00:40:49.410 165017 DEBUG oslo_service.service [req-ef674c2e-8d40-4bf0-a169-f2ce65f3dfa0 - - - - -] default_ephemeral_format = None log_opt_values /usr/lib/python3/dist-packages/oslo_config/cfg.py:2602
2025-12-15 00:40:49.410 165017 DEBUG oslo_service.service [req-ef674c2e-8d40-4bf0-a169-f2ce65f3dfa0 - - - - -] default_log_levels = ['amqp=WARN', 'amqplib=WARN', 'boto=WARN', 'qpid=WARN', 'sqlalchemy=WARN', 'suds=INFO', 'oslo.messaging=INFO', 'oslo_messaging=DEBUG', 'iso8601=WARN', 'requests.packages.urllib3.connectionpool=WARN', 'urllib3.connectionpool=WARN', 'websocket=WARN', 'requests.packages.urllib3.util.retry=WARN', 'urllib3.util.retry=WARN', 'keystonemiddleware=WARN', 'routes.middleware=WARN', 'stevedore=WARN', 'taskflow=WARN', 'keystoneauth=WARN', 'oslo.cache=INFO', 'dogpile.core.dogpile=INFO', 'glanceclient=WARN', 'oslo.privsep.daemon=INFO'] log_opt_values /usr/lib/python3/dist-packages/oslo_config/cfg.py:2602
2025-12-15 00:40:49.411 165017 DEBUG oslo_service.service [req-ef674c2e-8d40-4bf0-a169-f2ce65f3dfa0 - - - - -] default_schedule_zone = None log_opt_values /usr/lib/python3/dist-packages/oslo_config/cfg.py:2602
2025-12-15 00:40:49.411 165017 DEBUG oslo_service.service [req-ef674c2e-8d40-4bf0-a169-f2ce65f3dfa0 - - - - -] disk_allocation_ratio = 1.0 log_opt_values /usr/lib/python3/dist-packages/oslo_config/cfg.py:2602
2025-12-15 00:40:49.411 165017 DEBUG oslo_service.service [req-ef674c2e-8d40-4bf0-a169-f2ce65f3dfa0 - - - - -] enable_new_services = True log_opt_values /usr/lib/python3/dist-packages/oslo_config/cfg.py:2602
2025-12-15 00:40:49.411 165017 DEBUG oslo_service.service [req-ef674c2e-8d40-4bf0-a169-f2ce65f3dfa0 - - - - -] enabled_apis = ['osapi_compute', 'metadata'] log_opt_values /usr/lib/python3/dist-packages/oslo_config/cfg.py:2602
2025-12-15 00:40:49.412 165017 DEBUG oslo_service.service [req-ef674c2e-8d40-4bf0-a169-f2ce65f3dfa0 - - - - -] enabled_ssl_apis = [] log_opt_values /usr/lib/python3/dist-packages/oslo_config/cfg.py:2602
2025-12-15 00:40:49.412 165017 DEBUG oslo_service.service [req-ef674c2e-8d40-4bf0-a169-f2ce65f3dfa0 - - - - -] fatal_deprecations = False log_opt_values /usr/lib/python3/dist-packages/oslo_config/cfg.py:2602
2025-12-15 00:40:49.412 165017 DEBUG oslo_service.service [req-ef674c2e-8d40-4bf0-a169-f2ce65f3dfa0 - - - - -] flat_injected = False log_opt_values /usr/lib/python3/dist-packages/oslo_config/cfg.py:2602
2025-12-15 00:40:49.412 165017 DEBUG oslo_service.service [req-ef674c2e-8d40-4bf0-a169-f2ce65f3dfa0 - - - - -] force_config_drive = False log_opt_values /usr/lib/python3/dist-packages/oslo_config/cfg.py:2602
2025-12-15 00:40:49.413 165017 DEBUG oslo_service.service [req-ef674c2e-8d40-4bf0-a169-f2ce65f3dfa0 - - - - -] force_raw_images = True log_opt_values /usr/lib/python3/dist-packages/oslo_config/cfg.py:2602
2025-12-15 00:40:49.413 165017 DEBUG oslo_service.service [req-ef674c2e-8d40-4bf0-a169-f2ce65f3dfa0 - - - - -] graceful_shutdown_timeout = 60 log_opt_values /usr/lib/python3/dist-packages/oslo_config/cfg.py:2602
2025-12-15 00:40:49.413 165411 DEBUG oslo_db.sqlalchemy.engines [req-fda6bf5e-30ac-4dc8-a563-64a6d9ac6a26 - - - - -] MySQL server mode set to STRICT_TRANS_TABLES,STRICT_ALL_TABLES,NO_ZERO_IN_DATE,NO_ZERO_DATE,ERROR_FOR_DIVISION_BY_ZERO,TRADITIONAL,NO_ENGINE_SUBSTITUTION _check_effective_sql_mode /usr/lib/python3/dist-packages/oslo_db/sqlalchemy/engines.py:314
2025-12-15 00:40:49.413 165017 DEBUG oslo_service.service [req-ef674c2e-8d40-4bf0-a169-f2ce65f3dfa0 - - - - -] heal_instance_info_cache_interval = 60 log_opt_values /usr/lib/python3/dist-packages/oslo_config/cfg.py:2602
2025-12-15 00:40:49.414 165017 DEBUG oslo_service.service [req-ef674c2e-8d40-4bf0-a169-f2ce65f3dfa0 - - - - -] host = juju-9eba43-0-lxd-7 log_opt_values /usr/lib/python3/dist-packages/oslo_config/cfg.py:2602
