2025-12-15 00:39:19.554 153777 DEBUG oslo_service.service [req-14a0e151-4a33-4e06-9a07-c54d92683269 - - - - -] web = /usr/share/spice-html5 log_opt_values /usr/lib/python3/dist-packages/oslo_config/cfg.py:2602
2025-12-15 00:39:19.554 153777 DEBUG oslo_service.service [req-14a0e151-4a33-4e06-9a07-c54d92683269 - - - - -] oslo_concurrency.disable_process_locking = False log_opt_values /usr/lib/python3/dist-packages/oslo_config/cfg.py:2609
2025-12-15 00:39:19.554 153777 DEBUG oslo_service.service [req-14a0e151-4a33-4e06-9a07-c54d92683269 - - - - -] oslo_concurrency.lock_path = /var/lock/nova log_opt_values /usr/lib/python3/dist-packages/oslo_config/cfg.py:2609
2025-12-15 00:39:19.554 153777 WARNING oslo_config.cfg [req-14a0e151-4a33-4e06-9a07-c54d92683269 - - - - -] Deprecated: Option "auth_strategy" from group "api" is deprecated for removal ( The only non-default choice, ``noauth2``, is for internal development and testing purposes only and should not be used in deployments. This option and its middleware, NoAuthMiddleware[V2_18], will be removed in a future release. ). Its value may be silently ignored in the future.
2025-12-15 00:39:19.555 153777 DEBUG oslo_service.service [req-14a0e151-4a33-4e06-9a07-c54d92683269 - - - - -] api.auth_strategy = keystone log_opt_values /usr/lib/python3/dist-packages/oslo_config/cfg.py:2609
2025-12-15 00:39:19.555 153777 DEBUG oslo_service.service [req-14a0e151-4a33-4e06-9a07-c54d92683269 - - - - -] api.compute_link_prefix = None log_opt_values /usr/lib/python3/dist-packages/oslo_config/cfg.py:2609
2025-12-15 00:39:19.555 153777 DEBUG oslo_service.service [req-14a0e151-4a33-4e06-9a07-c54d92683269 - - - - -] api.config_drive_skip_versions = 1.0 2007-01-19 2007-03-01 2007-08-29 2007-10-10 2007-12-15 2008-02-01 2008-09-01 log_opt_values /usr/lib/python3/dist-packages/oslo_config/cfg.py:2609
2025-12-15 00:39:19.555 153777 DEBUG oslo_service.service [req-14a0e151-4a33-4e06-9a07-c54d92683269 - - - - -] api.dhcp_domain = novalocal log_opt_values /usr/lib/python3/dist-packages/oslo_config/cfg.py:2609
2025-12-15 00:39:19.556 153777 DEBUG oslo_service.service [req-14a0e151-4a33-4e06-9a07-c54d92683269 - - - - -] api.enable_instance_password = True log_opt_values /usr/lib/python3/dist-packages/oslo_config/cfg.py:2609
2025-12-15 00:39:19.556 153777 DEBUG oslo_service.service [req-14a0e151-4a33-4e06-9a07-c54d92683269 - - - - -] api.glance_link_prefix = None log_opt_values /usr/lib/python3/dist-packages/oslo_config/cfg.py:2609
2025-12-15 00:39:19.556 153777 DEBUG oslo_service.service [req-14a0e151-4a33-4e06-9a07-c54d92683269 - - - - -] api.instance_list_cells_batch_fixed_size = 100 log_opt_values /usr/lib/python3/dist-packages/oslo_config/cfg.py:2609
2025-12-15 00:39:19.556 153777 DEBUG oslo_service.service [req-14a0e151-4a33-4e06-9a07-c54d92683269 - - - - -] api.instance_list_cells_batch_strategy = distributed log_opt_values /usr/lib/python3/dist-packages/oslo_config/cfg.py:2609
2025-12-15 00:39:19.557 153777 DEBUG oslo_service.service [req-14a0e151-4a33-4e06-9a07-c54d92683269 - - - - -] api.instance_list_per_project_cells = False log_opt_values /usr/lib/python3/dist-packages/oslo_config/cfg.py:2609
2025-12-15 00:39:19.557 153777 DEBUG oslo_service.service [req-14a0e151-4a33-4e06-9a07-c54d92683269 - - - - -] api.list_records_by_skipping_down_cells = True log_opt_values /usr/lib/python3/dist-packages/oslo_config/cfg.py:2609
2025-12-15 00:39:19.557 153777 DEBUG oslo_service.service [req-14a0e151-4a33-4e06-9a07-c54d92683269 - - - - -] api.local_metadata_per_cell = False log_opt_values /usr/lib/python3/dist-packages/oslo_config/cfg.py:2609
2025-12-15 00:39:19.557 153777 DEBUG oslo_service.service [req-14a0e151-4a33-4e06-9a07-c54d92683269 - - - - -] api.max_limit = 1000 log_opt_values /usr/lib/python3/dist-packages/oslo_config/cfg.py:2609
2025-12-15 00:39:19.557 153777 DEBUG oslo_service.service [req-14a0e151-4a33-4e06-9a07-c54d92683269 - - - - -] api.metadata_cache_expiration = 15 log_opt_values /usr/lib/python3/dist-packages/oslo_config/cfg.py:2609
2025-12-15 00:39:19.558 153777 DEBUG oslo_service.service [req-14a0e151-4a33-4e06-9a07-c54d92683269 - - - - -] api.neutron_default_tenant_id = default log_opt_values /usr/lib/python3/dist-packages/oslo_config/cfg.py:2609
2025-12-15 00:39:19.558 153777 DEBUG oslo_service.service [req-14a0e151-4a33-4e06-9a07-c54d92683269 - - - - -] api.use_forwarded_for = False log_opt_values /usr/lib/python3/dist-packages/oslo_config/cfg.py:2609
2025-12-15 00:39:19.558 153777 DEBUG oslo_service.service [req-14a0e151-4a33-4e06-9a07-c54d92683269 - - - - -] api.use_neutron_default_nets = False log_opt_values /usr/lib/python3/dist-packages/oslo_config/cfg.py:2609
2025-12-15 00:39:19.558 153777 DEBUG oslo_service.service [req-14a0e151-4a33-4e06-9a07-c54d92683269 - - - - -] api.vendordata_dynamic_connect_timeout = 5 log_opt_values /usr/lib/python3/dist-packages/oslo_config/cfg.py:2609
2025-12-15 00:39:19.559 153777 DEBUG oslo_service.service [req-14a0e151-4a33-4e06-9a07-c54d92683269 - - - - -] api.vendordata_dynamic_failure_fatal = False log_opt_values /usr/lib/python3/dist-packages/oslo_config/cfg.py:2609
2025-12-15 00:39:19.559 153777 DEBUG oslo_service.service [req-14a0e151-4a33-4e06-9a07-c54d92683269 - - - - -] api.vendordata_dynamic_read_timeout = 5 log_opt_values /usr/lib/python3/dist-packages/oslo_config/cfg.py:2609
2025-12-15 00:39:19.559 153777 DEBUG oslo_service.service [req-14a0e151-4a33-4e06-9a07-c54d92683269 - - - - -] api.vendordata_dynamic_ssl_certfile = log_opt_values /usr/lib/python3/dist-packages/oslo_config/cfg.py:2609
2025-12-15 00:39:19.559 153777 DEBUG oslo_service.service [req-14a0e151-4a33-4e06-9a07-c54d92683269 - - - - -] api.vendordata_dynamic_targets = [] log_opt_values /usr/lib/python3/dist-packages/oslo_config/cfg.py:2609
2025-12-15 00:39:19.559 153777 DEBUG oslo_service.service [req-14a0e151-4a33-4e06-9a07-c54d92683269 - - - - -] api.vendordata_jsonfile_path = None log_opt_values /usr/lib/python3/dist-packages/oslo_config/cfg.py:2609
2025-12-15 00:39:19.560 153777 DEBUG oslo_service.service [req-14a0e151-4a33-4e06-9a07-c54d92683269 - - - - -] api.vendordata_providers = ['StaticJSON'] log_opt_values /usr/lib/python3/dist-packages/oslo_config/cfg.py:2609
2025-12-15 00:39:19.560 153777 DEBUG oslo_service.service [req-14a0e151-4a33-4e06-9a07-c54d92683269 - - - - -] cache.backend = dogpile.cache.null log_opt_values /usr/lib/python3/dist-packages/oslo_config/cfg.py:2609
2025-12-15 00:39:19.560 153777 DEBUG oslo_service.service [req-14a0e151-4a33-4e06-9a07-c54d92683269 - - - - -] cache.backend_argument = **** log_opt_values /usr/lib/python3/dist-packages/oslo_config/cfg.py:2609
2025-12-15 00:39:19.560 153777 DEBUG oslo_service.service [req-14a0e151-4a33-4e06-9a07-c54d92683269 - - - - -] cache.config_prefix = cache.oslo log_opt_values /usr/lib/python3/dist-packages/oslo_config/cfg.py:2609
2025-12-15 00:39:19.560 153777 DEBUG oslo_service.service [req-14a0e151-4a33-4e06-9a07-c54d92683269 - - - - -] cache.debug_cache_backend = False log_opt_values /usr/lib/python3/dist-packages/oslo_config/cfg.py:2609
2025-12-15 00:39:19.560 153777 DEBUG oslo_service.service [req-14a0e151-4a33-4e06-9a07-c54d92683269 - - - - -] cache.enabled = False log_opt_values /usr/lib/python3/dist-packages/oslo_config/cfg.py:2609
2025-12-15 00:39:19.561 153777 DEBUG oslo_service.service [req-14a0e151-4a33-4e06-9a07-c54d92683269 - - - - -] cache.expiration_time = 600 log_opt_values /usr/lib/python3/dist-packages/oslo_config/cfg.py:2609
2025-12-15 00:39:19.561 153777 DEBUG oslo_service.service [req-14a0e151-4a33-4e06-9a07-c54d92683269 - - - - -] cache.memcache_dead_retry = 300 log_opt_values /usr/lib/python3/dist-packages/oslo_config/cfg.py:2609
2025-12-15 00:39:19.561 153777 DEBUG oslo_service.service [req-14a0e151-4a33-4e06-9a07-c54d92683269 - - - - -] cache.memcache_pool_connection_get_timeout = 10 log_opt_values /usr/lib/python3/dist-packages/oslo_config/cfg.py:2609
2025-12-15 00:39:19.561 153777 DEBUG oslo_service.service [req-14a0e151-4a33-4e06-9a07-c54d92683269 - - - - -] cache.memcache_pool_flush_on_reconnect = False log_opt_values /usr/lib/python3/dist-packages/oslo_config/cfg.py:2609
2025-12-15 00:39:19.561 153777 DEBUG oslo_service.service [req-14a0e151-4a33-4e06-9a07-c54d92683269 - - - - -] cache.memcache_pool_maxsize = 10 log_opt_values /usr/lib/python3/dist-packages/oslo_config/cfg.py:2609
2025-12-15 00:39:19.562 153777 DEBUG oslo_service.service [req-14a0e151-4a33-4e06-9a07-c54d92683269 - - - - -] cache.memcache_pool_unused_timeout = 60 log_opt_values /usr/lib/python3/dist-packages/oslo_config/cfg.py:2609
2025-12-15 00:39:19.562 153777 DEBUG oslo_service.service [req-14a0e151-4a33-4e06-9a07-c54d92683269 - - - - -] cache.memcache_servers = ['localhost:11211'] log_opt_values /usr/lib/python3/dist-packages/oslo_config/cfg.py:2609
2025-12-15 00:39:19.562 153777 DEBUG oslo_service.service [req-14a0e151-4a33-4e06-9a07-c54d92683269 - - - - -] cache.memcache_socket_timeout = 1.0 log_opt_values /usr/lib/python3/dist-packages/oslo_config/cfg.py:2609
2025-12-15 00:39:19.562 153777 DEBUG oslo_service.service [req-14a0e151-4a33-4e06-9a07-c54d92683269 - - - - -] cache.proxies = [] log_opt_values /usr/lib/python3/dist-packages/oslo_config/cfg.py:2609
2025-12-15 00:39:19.562 153777 DEBUG oslo_service.service [req-14a0e151-4a33-4e06-9a07-c54d92683269 - - - - -] cache.tls_allowed_ciphers = None log_opt_values /usr/lib/python3/dist-packages/oslo_config/cfg.py:2609
2025-12-15 00:39:19.562 153777 DEBUG oslo_service.service [req-14a0e151-4a33-4e06-9a07-c54d92683269 - - - - -] cache.tls_cafile = None log_opt_values /usr/lib/python3/dist-packages/oslo_config/cfg.py:2609
2025-12-15 00:39:19.563 153777 DEBUG oslo_service.service [req-14a0e151-4a33-4e06-9a07-c54d92683269 - - - - -] cache.tls_certfile = None log_opt_values /usr/lib/python3/dist-packages/oslo_config/cfg.py:2609
2025-12-15 00:39:19.563 153777 DEBUG oslo_service.service [req-14a0e151-4a33-4e06-9a07-c54d92683269 - - - - -] cache.tls_enabled = False log_opt_values /usr/lib/python3/dist-packages/oslo_config/cfg.py:2609
2025-12-15 00:39:19.563 153777 DEBUG oslo_service.service [req-14a0e151-4a33-4e06-9a07-c54d92683269 - - - - -] cache.tls_keyfile = None log_opt_values /usr/lib/python3/dist-packages/oslo_config/cfg.py:2609
2025-12-15 00:39:19.563 153777 DEBUG oslo_service.service [req-14a0e151-4a33-4e06-9a07-c54d92683269 - - - - -] cinder.auth_section = None log_opt_values /usr/lib/python3/dist-packages/oslo_config/cfg.py:2609
2025-12-15 00:39:19.563 153777 DEBUG oslo_service.service [req-14a0e151-4a33-4e06-9a07-c54d92683269 - - - - -] cinder.auth_type = None log_opt_values /usr/lib/python3/dist-packages/oslo_config/cfg.py:2609
2025-12-15 00:39:19.563 153777 DEBUG oslo_service.service [req-14a0e151-4a33-4e06-9a07-c54d92683269 - - - - -] cinder.cafile = None log_opt_values /usr/lib/python3/dist-packages/oslo_config/cfg.py:2609
2025-12-15 00:39:19.563 153777 DEBUG oslo_service.service [req-14a0e151-4a33-4e06-9a07-c54d92683269 - - - - -] cinder.catalog_info = volumev3::publicURL log_opt_values /usr/lib/python3/dist-packages/oslo_config/cfg.py:2609
2025-12-15 00:39:19.564 153777 DEBUG oslo_service.service [req-14a0e151-4a33-4e06-9a07-c54d92683269 - - - - -] cinder.certfile = None log_opt_values /usr/lib/python3/dist-packages/oslo_config/cfg.py:2609
2025-12-15 00:39:19.564 153777 DEBUG oslo_service.service [req-14a0e151-4a33-4e06-9a07-c54d92683269 - - - - -] cinder.collect_timing = False log_opt_values /usr/lib/python3/dist-packages/oslo_config/cfg.py:2609
2025-12-15 00:39:19.564 153777 DEBUG oslo_service.service [req-14a0e151-4a33-4e06-9a07-c54d92683269 - - - - -] cinder.cross_az_attach = True log_opt_values /usr/lib/python3/dist-packages/oslo_config/cfg.py:2609
2025-12-15 00:39:19.564 153777 DEBUG oslo_service.service [req-14a0e151-4a33-4e06-9a07-c54d92683269 - - - - -] cinder.debug = False log_opt_values /usr/lib/python3/dist-packages/oslo_config/cfg.py:2609
2025-12-15 00:39:19.564 153777 DEBUG oslo_service.service [req-14a0e151-4a33-4e06-9a07-c54d92683269 - - - - -] cinder.endpoint_template = None log_opt_values /usr/lib/python3/dist-packages/oslo_config/cfg.py:2609
2025-12-15 00:39:19.564 153777 DEBUG oslo_service.service [req-14a0e151-4a33-4e06-9a07-c54d92683269 - - - - -] cinder.http_retries = 3 log_opt_values /usr/lib/python3/dist-packages/oslo_config/cfg.py:2609
2025-12-15 00:39:19.565 153777 DEBUG oslo_service.service [req-14a0e151-4a33-4e06-9a07-c54d92683269 - - - - -] cinder.insecure = False log_opt_values /usr/lib/python3/dist-packages/oslo_config/cfg.py:2609
2025-12-15 00:39:19.565 153777 DEBUG oslo_service.service [req-14a0e151-4a33-4e06-9a07-c54d92683269 - - - - -] cinder.keyfile = None log_opt_values /usr/lib/python3/dist-packages/oslo_config/cfg.py:2609
2025-12-15 00:39:19.565 153777 DEBUG oslo_service.service [req-14a0e151-4a33-4e06-9a07-c54d92683269 - - - - -] cinder.os_region_name = None log_opt_values /usr/lib/python3/dist-packages/oslo_config/cfg.py:2609
2025-12-15 00:39:19.565 153777 DEBUG oslo_service.service [req-14a0e151-4a33-4e06-9a07-c54d92683269 - - - - -] cinder.split_loggers = False log_opt_values /usr/lib/python3/dist-packages/oslo_config/cfg.py:2609
2025-12-15 00:39:19.565 153777 DEBUG oslo_service.service [req-14a0e151-4a33-4e06-9a07-c54d92683269 - - - - -] cinder.timeout = None log_opt_values /usr/lib/python3/dist-packages/oslo_config/cfg.py:2609
2025-12-15 00:39:19.565 153777 DEBUG oslo_service.service [req-14a0e151-4a33-4e06-9a07-c54d92683269 - - - - -] compute.consecutive_build_service_disable_threshold = 10 log_opt_values /usr/lib/python3/dist-packages/oslo_config/cfg.py:2609
2025-12-15 00:39:19.566 153777 DEBUG oslo_service.service [req-14a0e151-4a33-4e06-9a07-c54d92683269 - - - - -] compute.cpu_dedicated_set = None log_opt_values /usr/lib/python3/dist-packages/oslo_config/cfg.py:2609
2025-12-15 00:39:19.566 153777 DEBUG oslo_service.service [req-14a0e151-4a33-4e06-9a07-c54d92683269 - - - - -] compute.cpu_shared_set = None log_opt_values /usr/lib/python3/dist-packages/oslo_config/cfg.py:2609
2025-12-15 00:39:19.566 153777 DEBUG oslo_service.service [req-14a0e151-4a33-4e06-9a07-c54d92683269 - - - - -] compute.image_type_exclude_list = [] log_opt_values /usr/lib/python3/dist-packages/oslo_config/cfg.py:2609
2025-12-15 00:39:19.566 153777 DEBUG oslo_service.service [req-14a0e151-4a33-4e06-9a07-c54d92683269 - - - - -] compute.live_migration_wait_for_vif_plug = True log_opt_values /usr/lib/python3/dist-packages/oslo_config/cfg.py:2609
2025-12-15 00:39:19.566 153777 DEBUG oslo_service.service [req-14a0e151-4a33-4e06-9a07-c54d92683269 - - - - -] compute.max_concurrent_disk_ops = 0 log_opt_values /usr/lib/python3/dist-packages/oslo_config/cfg.py:2609
2025-12-15 00:39:19.566 153777 DEBUG oslo_service.service [req-14a0e151-4a33-4e06-9a07-c54d92683269 - - - - -] compute.max_disk_devices_to_attach = -1 log_opt_values /usr/lib/python3/dist-packages/oslo_config/cfg.py:2609
2025-12-15 00:39:19.567 153777 DEBUG oslo_service.service [req-14a0e151-4a33-4e06-9a07-c54d92683269 - - - - -] compute.packing_host_numa_cells_allocation_strategy = True log_opt_values /usr/lib/python3/dist-packages/oslo_config/cfg.py:2609
2025-12-15 00:39:19.567 153777 DEBUG oslo_service.service [req-14a0e151-4a33-4e06-9a07-c54d92683269 - - - - -] compute.provider_config_location = /etc/nova/provider_config/ log_opt_values /usr/lib/python3/dist-packages/oslo_config/cfg.py:2609
2025-12-15 00:39:19.567 153777 DEBUG oslo_service.service [req-14a0e151-4a33-4e06-9a07-c54d92683269 - - - - -] compute.resource_provider_association_refresh = 300 log_opt_values /usr/lib/python3/dist-packages/oslo_config/cfg.py:2609
2025-12-15 00:39:19.567 153777 DEBUG oslo_service.service [req-14a0e151-4a33-4e06-9a07-c54d92683269 - - - - -] compute.shutdown_retry_interval = 10 log_opt_values /usr/lib/python3/dist-packages/oslo_config/cfg.py:2609
2025-12-15 00:39:19.567 153777 DEBUG oslo_service.service [req-14a0e151-4a33-4e06-9a07-c54d92683269 - - - - -] compute.vmdk_allowed_types = ['streamOptimized', 'monolithicSparse'] log_opt_values /usr/lib/python3/dist-packages/oslo_config/cfg.py:2609
2025-12-15 00:39:19.568 153777 DEBUG oslo_service.service [req-14a0e151-4a33-4e06-9a07-c54d92683269 - - - - -] conductor.workers = 4 log_opt_values /usr/lib/python3/dist-packages/oslo_config/cfg.py:2609
2025-12-15 00:39:19.568 154110 DEBUG oslo_messaging._drivers.amqpdriver [-] Listener is running poll /usr/lib/python3/dist-packages/oslo_messaging/_drivers/amqpdriver.py:343
2025-12-15 00:39:19.568 154110 DEBUG oslo_messaging._drivers.amqpdriver [-] AMQPListener connection consume poll /usr/lib/python3/dist-packages/oslo_messaging/_drivers/amqpdriver.py:357
2025-12-15 00:39:19.568 153777 DEBUG oslo_service.service [req-14a0e151-4a33-4e06-9a07-c54d92683269 - - - - -] console.allowed_origins = [] log_opt_values /usr/lib/python3/dist-packages/oslo_config/cfg.py:2609
2025-12-15 00:39:19.568 153777 DEBUG oslo_service.service [req-14a0e151-4a33-4e06-9a07-c54d92683269 - - - - -] console.ssl_ciphers = None log_opt_values /usr/lib/python3/dist-packages/oslo_config/cfg.py:2609
2025-12-15 00:39:19.568 153777 DEBUG oslo_service.service [req-14a0e151-4a33-4e06-9a07-c54d92683269 - - - - -] console.ssl_minimum_version = default log_opt_values /usr/lib/python3/dist-packages/oslo_config/cfg.py:2609
2025-12-15 00:39:19.568 153777 DEBUG oslo_service.service [req-14a0e151-4a33-4e06-9a07-c54d92683269 - - - - -] consoleauth.token_ttl = 600 log_opt_values /usr/lib/python3/dist-packages/oslo_config/cfg.py:2609
2025-12-15 00:39:19.569 153777 DEBUG oslo_service.service [req-14a0e151-4a33-4e06-9a07-c54d92683269 - - - - -] cyborg.cafile = None log_opt_values /usr/lib/python3/dist-packages/oslo_config/cfg.py:2609
2025-12-15 00:39:19.568 154110 DEBUG nova.service [req-429c2931-9492-4580-b1a3-10b15ef84f48 - - - - -] Join ServiceGroup membership for this service scheduler start /usr/lib/python3/dist-packages/nova/service.py:199
2025-12-15 00:39:19.569 153777 DEBUG oslo_service.service [req-14a0e151-4a33-4e06-9a07-c54d92683269 - - - - -] cyborg.certfile = None log_opt_values /usr/lib/python3/dist-packages/oslo_config/cfg.py:2609
2025-12-15 00:39:19.569 153777 DEBUG oslo_service.service [req-14a0e151-4a33-4e06-9a07-c54d92683269 - - - - -] cyborg.collect_timing = False log_opt_values /usr/lib/python3/dist-packages/oslo_config/cfg.py:2609
2025-12-15 00:39:19.569 154110 DEBUG nova.servicegroup.drivers.db [req-429c2931-9492-4580-b1a3-10b15ef84f48 - - - - -] DB_Driver: join new ServiceGroup member juju-9eba43-0-lxd-7 to the scheduler group, service = join /usr/lib/python3/dist-packages/nova/servicegroup/drivers/db.py:44
2025-12-15 00:39:19.569 153777 DEBUG oslo_service.service [req-14a0e151-4a33-4e06-9a07-c54d92683269 - - - - -] cyborg.connect_retries = None log_opt_values /usr/lib/python3/dist-packages/oslo_config/cfg.py:2609
2025-12-15 00:39:19.569 153777 DEBUG oslo_service.service [req-14a0e151-4a33-4e06-9a07-c54d92683269 - - - - -] cyborg.connect_retry_delay = None log_opt_values /usr/lib/python3/dist-packages/oslo_config/cfg.py:2609
2025-12-15 00:39:19.569 153777 DEBUG oslo_service.service [req-14a0e151-4a33-4e06-9a07-c54d92683269 - - - - -] cyborg.endpoint_override = None log_opt_values /usr/lib/python3/dist-packages/oslo_config/cfg.py:2609
2025-12-15 00:39:19.570 153777 DEBUG oslo_service.service [req-14a0e151-4a33-4e06-9a07-c54d92683269 - - - - -] cyborg.insecure = False log_opt_values /usr/lib/python3/dist-packages/oslo_config/cfg.py:2609
2025-12-15 00:39:19.570 153777 DEBUG oslo_service.service [req-14a0e151-4a33-4e06-9a07-c54d92683269 - - - - -] cyborg.keyfile = None log_opt_values /usr/lib/python3/dist-packages/oslo_config/cfg.py:2609
2025-12-15 00:39:19.570 153777 DEBUG oslo_service.service [req-14a0e151-4a33-4e06-9a07-c54d92683269 - - - - -] cyborg.max_version = None log_opt_values /usr/lib/python3/dist-packages/oslo_config/cfg.py:2609
2025-12-15 00:39:19.571 153777 DEBUG oslo_service.service [req-14a0e151-4a33-4e06-9a07-c54d92683269 - - - - -] cyborg.min_version = None log_opt_values /usr/lib/python3/dist-packages/oslo_config/cfg.py:2609
2025-12-15 00:39:19.571 153777 DEBUG oslo_service.service [req-14a0e151-4a33-4e06-9a07-c54d92683269 - - - - -] cyborg.region_name = None log_opt_values /usr/lib/python3/dist-packages/oslo_config/cfg.py:2609
2025-12-15 00:39:19.571 153777 DEBUG oslo_service.service [req-14a0e151-4a33-4e06-9a07-c54d92683269 - - - - -] cyborg.service_name = None log_opt_values /usr/lib/python3/dist-packages/oslo_config/cfg.py:2609
2025-12-15 00:39:19.571 153777 DEBUG oslo_service.service [req-14a0e151-4a33-4e06-9a07-c54d92683269 - - - - -] cyborg.service_type = accelerator log_opt_values /usr/lib/python3/dist-packages/oslo_config/cfg.py:2609
2025-12-15 00:39:19.571 153777 DEBUG oslo_service.service [req-14a0e151-4a33-4e06-9a07-c54d92683269 - - - - -] cyborg.split_loggers = False log_opt_values /usr/lib/python3/dist-packages/oslo_config/cfg.py:2609
2025-12-15 00:39:19.571 153777 DEBUG oslo_service.service [req-14a0e151-4a33-4e06-9a07-c54d92683269 - - - - -] cyborg.status_code_retries = None log_opt_values /usr/lib/python3/dist-packages/oslo_config/cfg.py:2609
2025-12-15 00:39:19.572 153777 DEBUG oslo_service.service [req-14a0e151-4a33-4e06-9a07-c54d92683269 - - - - -] cyborg.status_code_retry_delay = None log_opt_values /usr/lib/python3/dist-packages/oslo_config/cfg.py:2609
2025-12-15 00:39:19.572 154110 DEBUG oslo_messaging._drivers.amqpdriver [-] AMQPListener connection timeout poll /usr/lib/python3/dist-packages/oslo_messaging/_drivers/amqpdriver.py:360
2025-12-15 00:39:19.572 153777 DEBUG oslo_service.service [req-14a0e151-4a33-4e06-9a07-c54d92683269 - - - - -] cyborg.timeout = None log_opt_values /usr/lib/python3/dist-packages/oslo_config/cfg.py:2609
2025-12-15 00:39:19.572 154110 DEBUG oslo_messaging._drivers.amqpdriver [-] Listener is running poll /usr/lib/python3/dist-packages/oslo_messaging/_drivers/amqpdriver.py:343
2025-12-15 00:39:19.572 154110 DEBUG oslo_messaging._drivers.amqpdriver [-] AMQPListener connection consume poll /usr/lib/python3/dist-packages/oslo_messaging/_drivers/amqpdriver.py:357
2025-12-15 00:39:19.572 153777 DEBUG oslo_service.service [req-14a0e151-4a33-4e06-9a07-c54d92683269 - - - - -] cyborg.valid_interfaces = ['internal', 'public'] log_opt_values /usr/lib/python3/dist-packages/oslo_config/cfg.py:2609
2025-12-15 00:39:19.572 154111 DEBUG oslo_messaging._drivers.amqpdriver [-] Listener is running poll /usr/lib/python3/dist-packages/oslo_messaging/_drivers/amqpdriver.py:343
2025-12-15 00:39:19.572 153777 DEBUG oslo_service.service [req-14a0e151-4a33-4e06-9a07-c54d92683269 - - - - -] cyborg.version = None log_opt_values /usr/lib/python3/dist-packages/oslo_config/cfg.py:2609
2025-12-15 00:39:19.572 154111 DEBUG oslo_messaging._drivers.amqpdriver [-] AMQPListener connection consume poll /usr/lib/python3/dist-packages/oslo_messaging/_drivers/amqpdriver.py:357
2025-12-15 00:39:19.572 153777 DEBUG oslo_service.service [req-14a0e151-4a33-4e06-9a07-c54d92683269 - - - - -] database.backend = sqlalchemy log_opt_values /usr/lib/python3/dist-packages/oslo_config/cfg.py:2609
2025-12-15 00:39:19.573 153777 DEBUG oslo_service.service [req-14a0e151-4a33-4e06-9a07-c54d92683269 - - - - -] database.connection = **** log_opt_values /usr/lib/python3/dist-packages/oslo_config/cfg.py:2609
2025-12-15 00:39:19.573 154111 DEBUG nova.service [req-3ec9f473-ed73-4b4a-bd4c-b4333889fe7d - - - - -] Join ServiceGroup membership for this service scheduler start /usr/lib/python3/dist-packages/nova/service.py:199
2025-12-15 00:39:19.573 153777 DEBUG oslo_service.service [req-14a0e151-4a33-4e06-9a07-c54d92683269 - - - - -] database.connection_debug = 0 log_opt_values /usr/lib/python3/dist-packages/oslo_config/cfg.py:2609
2025-12-15 00:39:19.573 153777 DEBUG oslo_service.service [req-14a0e151-4a33-4e06-9a07-c54d92683269 - - - - -] database.connection_parameters = log_opt_values /usr/lib/python3/dist-packages/oslo_config/cfg.py:2609
2025-12-15 00:39:19.573 154111 DEBUG nova.servicegroup.drivers.db [req-3ec9f473-ed73-4b4a-bd4c-b4333889fe7d - - - - -] DB_Driver: join new ServiceGroup member juju-9eba43-0-lxd-7 to the scheduler group, service = join /usr/lib/python3/dist-packages/nova/servicegroup/drivers/db.py:44
2025-12-15 00:39:19.573 153777 DEBUG oslo_service.service [req-14a0e151-4a33-4e06-9a07-c54d92683269 - - - - -] database.connection_recycle_time = 3600 log_opt_values /usr/lib/python3/dist-packages/oslo_config/cfg.py:2609
2025-12-15 00:39:19.573 153777 DEBUG oslo_service.service [req-14a0e151-4a33-4e06-9a07-c54d92683269 - - - - -] database.connection_trace = False log_opt_values /usr/lib/python3/dist-packages/oslo_config/cfg.py:2609
2025-12-15 00:39:19.573 153777 DEBUG oslo_service.service [req-14a0e151-4a33-4e06-9a07-c54d92683269 - - - - -] database.db_inc_retry_interval = True log_opt_values /usr/lib/python3/dist-packages/oslo_config/cfg.py:2609
2025-12-15 00:39:19.573 154112 DEBUG oslo_messaging._drivers.amqpdriver [-] Listener is running poll /usr/lib/python3/dist-packages/oslo_messaging/_drivers/amqpdriver.py:343
2025-12-15 00:39:19.574 153777 DEBUG oslo_service.service [req-14a0e151-4a33-4e06-9a07-c54d92683269 - - - - -] database.db_max_retries = 20 log_opt_values /usr/lib/python3/dist-packages/oslo_config/cfg.py:2609
2025-12-15 00:39:19.574 153777 DEBUG oslo_service.service [req-14a0e151-4a33-4e06-9a07-c54d92683269 - - - - -] database.db_max_retry_interval = 10 log_opt_values /usr/lib/python3/dist-packages/oslo_config/cfg.py:2609
2025-12-15 00:39:19.574 154112 DEBUG oslo_messaging._drivers.amqpdriver [-] AMQPListener connection consume poll /usr/lib/python3/dist-packages/oslo_messaging/_drivers/amqpdriver.py:357
2025-12-15 00:39:19.574 153777 DEBUG oslo_service.service [req-14a0e151-4a33-4e06-9a07-c54d92683269 - - - - -] database.db_retry_interval = 1 log_opt_values /usr/lib/python3/dist-packages/oslo_config/cfg.py:2609
2025-12-15 00:39:19.574 153777 DEBUG oslo_service.service [req-14a0e151-4a33-4e06-9a07-c54d92683269 - - - - -] database.max_overflow = 50 log_opt_values /usr/lib/python3/dist-packages/oslo_config/cfg.py:2609
2025-12-15 00:39:19.574 153777 DEBUG oslo_service.service [req-14a0e151-4a33-4e06-9a07-c54d92683269 - - - - -] database.max_pool_size = 4 log_opt_values /usr/lib/python3/dist-packages/oslo_config/cfg.py:2609
2025-12-15 00:39:19.574 153777 DEBUG oslo_service.service [req-14a0e151-4a33-4e06-9a07-c54d92683269 - - - - -] database.max_retries = 10 log_opt_values /usr/lib/python3/dist-packages/oslo_config/cfg.py:2609
2025-12-15 00:39:19.575 153777 DEBUG oslo_service.service [req-14a0e151-4a33-4e06-9a07-c54d92683269 - - - - -] database.mysql_enable_ndb = False log_opt_values /usr/lib/python3/dist-packages/oslo_config/cfg.py:2609
2025-12-15 00:39:19.574 154112 DEBUG nova.service [req-f3dc603e-2afd-4e97-8112-cdcebd310829 - - - - -] Join ServiceGroup membership for this service scheduler start /usr/lib/python3/dist-packages/nova/service.py:199
2025-12-15 00:39:19.575 153777 DEBUG oslo_service.service [req-14a0e151-4a33-4e06-9a07-c54d92683269 - - - - -] database.mysql_sql_mode = TRADITIONAL log_opt_values /usr/lib/python3/dist-packages/oslo_config/cfg.py:2609
2025-12-15 00:39:19.575 153777 DEBUG oslo_service.service [req-14a0e151-4a33-4e06-9a07-c54d92683269 - - - - -] database.pool_timeout = None log_opt_values /usr/lib/python3/dist-packages/oslo_config/cfg.py:2609
2025-12-15 00:39:19.575 154112 DEBUG nova.servicegroup.drivers.db [req-f3dc603e-2afd-4e97-8112-cdcebd310829 - - - - -] DB_Driver: join new ServiceGroup member juju-9eba43-0-lxd-7 to the scheduler group, service = join /usr/lib/python3/dist-packages/nova/servicegroup/drivers/db.py:44
2025-12-15 00:39:19.575 153777 DEBUG oslo_service.service [req-14a0e151-4a33-4e06-9a07-c54d92683269 - - - - -] database.retry_interval = 10 log_opt_values /usr/lib/python3/dist-packages/oslo_config/cfg.py:2609
2025-12-15 00:39:19.575 153777 DEBUG oslo_service.service [req-14a0e151-4a33-4e06-9a07-c54d92683269 - - - - -] database.slave_connection = **** log_opt_values /usr/lib/python3/dist-packages/oslo_config/cfg.py:2609
2025-12-15 00:39:19.575 153777 DEBUG oslo_service.service [req-14a0e151-4a33-4e06-9a07-c54d92683269 - - - - -] database.sqlite_synchronous = True log_opt_values /usr/lib/python3/dist-packages/oslo_config/cfg.py:2609
2025-12-15 00:39:19.575 153777 DEBUG oslo_service.service [req-14a0e151-4a33-4e06-9a07-c54d92683269 - - - - -] database.use_db_reconnect = False log_opt_values /usr/lib/python3/dist-packages/oslo_config/cfg.py:2609
2025-12-15 00:39:19.575 154111 DEBUG oslo_messaging._drivers.amqpdriver [-] AMQPListener connection timeout poll /usr/lib/python3/dist-packages/oslo_messaging/_drivers/amqpdriver.py:360
2025-12-15 00:39:19.576 153777 DEBUG oslo_service.service [req-14a0e151-4a33-4e06-9a07-c54d92683269 - - - - -] api_database.backend = sqlalchemy log_opt_values /usr/lib/python3/dist-packages/oslo_config/cfg.py:2609
2025-12-15 00:39:19.576 154111 DEBUG oslo_messaging._drivers.amqpdriver [-] Listener is running poll /usr/lib/python3/dist-packages/oslo_messaging/_drivers/amqpdriver.py:343
2025-12-15 00:39:19.576 153777 DEBUG oslo_service.service [req-14a0e151-4a33-4e06-9a07-c54d92683269 - - - - -] api_database.connection = **** log_opt_values /usr/lib/python3/dist-packages/oslo_config/cfg.py:2609
2025-12-15 00:39:19.576 154111 DEBUG oslo_messaging._drivers.amqpdriver [-] AMQPListener connection consume poll /usr/lib/python3/dist-packages/oslo_messaging/_drivers/amqpdriver.py:357
2025-12-15 00:39:19.576 153777 DEBUG oslo_service.service [req-14a0e151-4a33-4e06-9a07-c54d92683269 - - - - -] api_database.connection_debug = 0 log_opt_values /usr/lib/python3/dist-packages/oslo_config/cfg.py:2609
2025-12-15 00:39:19.576 153777 DEBUG oslo_service.service [req-14a0e151-4a33-4e06-9a07-c54d92683269 - - - - -] api_database.connection_parameters = log_opt_values /usr/lib/python3/dist-packages/oslo_config/cfg.py:2609
2025-12-15 00:39:19.576 153777 DEBUG oslo_service.service [req-14a0e151-4a33-4e06-9a07-c54d92683269 - - - - -] api_database.connection_recycle_time = 3600 log_opt_values /usr/lib/python3/dist-packages/oslo_config/cfg.py:2609
2025-12-15 00:39:19.576 153777 DEBUG oslo_service.service [req-14a0e151-4a33-4e06-9a07-c54d92683269 - - - - -] api_database.connection_trace = False log_opt_values /usr/lib/python3/dist-packages/oslo_config/cfg.py:2609
2025-12-15 00:39:19.577 153777 DEBUG oslo_service.service [req-14a0e151-4a33-4e06-9a07-c54d92683269 - - - - -] api_database.db_inc_retry_interval = True log_opt_values /usr/lib/python3/dist-packages/oslo_config/cfg.py:2609
2025-12-15 00:39:19.577 153777 DEBUG oslo_service.service [req-14a0e151-4a33-4e06-9a07-c54d92683269 - - - - -] api_database.db_max_retries = 20 log_opt_values /usr/lib/python3/dist-packages/oslo_config/cfg.py:2609
2025-12-15 00:39:19.577 153777 DEBUG oslo_service.service [req-14a0e151-4a33-4e06-9a07-c54d92683269 - - - - -] api_database.db_max_retry_interval = 10 log_opt_values /usr/lib/python3/dist-packages/oslo_config/cfg.py:2609
2025-12-15 00:39:19.577 153777 DEBUG oslo_service.service [req-14a0e151-4a33-4e06-9a07-c54d92683269 - - - - -] api_database.db_retry_interval = 1 log_opt_values /usr/lib/python3/dist-packages/oslo_config/cfg.py:2609
2025-12-15 00:39:19.577 153777 DEBUG oslo_service.service [req-14a0e151-4a33-4e06-9a07-c54d92683269 - - - - -] api_database.max_overflow = 50 log_opt_values /usr/lib/python3/dist-packages/oslo_config/cfg.py:2609
2025-12-15 00:39:19.577 153777 DEBUG oslo_service.service [req-14a0e151-4a33-4e06-9a07-c54d92683269 - - - - -] api_database.max_pool_size = 4 log_opt_values /usr/lib/python3/dist-packages/oslo_config/cfg.py:2609
2025-12-15 00:39:19.577 154112 DEBUG oslo_messaging._drivers.amqpdriver [-] AMQPListener connection timeout poll /usr/lib/python3/dist-packages/oslo_messaging/_drivers/amqpdriver.py:360
2025-12-15 00:39:19.569 154109 DEBUG oslo_messaging._drivers.amqpdriver [-] Listener is running poll /usr/lib/python3/dist-packages/oslo_messaging/_drivers/amqpdriver.py:343
2025-12-15 00:39:19.577 153777 DEBUG oslo_service.service [req-14a0e151-4a33-4e06-9a07-c54d92683269 - - - - -] api_database.max_retries = 10 log_opt_values /usr/lib/python3/dist-packages/oslo_config/cfg.py:2609
2025-12-15 00:39:19.578 154112 DEBUG oslo_messaging._drivers.amqpdriver [-] Listener is running poll /usr/lib/python3/dist-packages/oslo_messaging/_drivers/amqpdriver.py:343
2025-12-15 00:39:19.578 153777 DEBUG oslo_service.service [req-14a0e151-4a33-4e06-9a07-c54d92683269 - - - - -] api_database.mysql_enable_ndb = False log_opt_values /usr/lib/python3/dist-packages/oslo_config/cfg.py:2609
2025-12-15 00:39:19.578 154112 DEBUG oslo_messaging._drivers.amqpdriver [-] AMQPListener connection consume poll /usr/lib/python3/dist-packages/oslo_messaging/_drivers/amqpdriver.py:357
2025-12-15 00:39:19.578 154109 DEBUG oslo_messaging._drivers.amqpdriver [-] AMQPListener connection consume poll /usr/lib/python3/dist-packages/oslo_messaging/_drivers/amqpdriver.py:357
2025-12-15 00:39:19.578 153777 DEBUG oslo_service.service [req-14a0e151-4a33-4e06-9a07-c54d92683269 - - - - -] api_database.mysql_sql_mode = TRADITIONAL log_opt_values /usr/lib/python3/dist-packages/oslo_config/cfg.py:2609
2025-12-15 00:39:19.578 153777 DEBUG oslo_service.service [req-14a0e151-4a33-4e06-9a07-c54d92683269 - - - - -] api_database.pool_timeout = None log_opt_values /usr/lib/python3/dist-packages/oslo_config/cfg.py:2609
2025-12-15 00:39:19.578 153777 DEBUG oslo_service.service [req-14a0e151-4a33-4e06-9a07-c54d92683269 - - - - -] api_database.retry_interval = 10 log_opt_values /usr/lib/python3/dist-packages/oslo_config/cfg.py:2609
2025-12-15 00:39:19.578 153777 DEBUG oslo_service.service [req-14a0e151-4a33-4e06-9a07-c54d92683269 - - - - -] api_database.slave_connection = **** log_opt_values /usr/lib/python3/dist-packages/oslo_config/cfg.py:2609
2025-12-15 00:39:19.579 153777 DEBUG oslo_service.service [req-14a0e151-4a33-4e06-9a07-c54d92683269 - - - - -] api_database.sqlite_synchronous = True log_opt_values /usr/lib/python3/dist-packages/oslo_config/cfg.py:2609
2025-12-15 00:39:19.579 153777 DEBUG oslo_service.service [req-14a0e151-4a33-4e06-9a07-c54d92683269 - - - - -] devices.enabled_mdev_types = [] log_opt_values /usr/lib/python3/dist-packages/oslo_config/cfg.py:2609
2025-12-15 00:39:19.579 153777 DEBUG oslo_service.service [req-14a0e151-4a33-4e06-9a07-c54d92683269 - - - - -] ephemeral_storage_encryption.cipher = aes-xts-plain64 log_opt_values /usr/lib/python3/dist-packages/oslo_config/cfg.py:2609
2025-12-15 00:39:19.579 154109 DEBUG nova.service [req-722fccab-5399-4297-8939-ac7bbd8a343b - - - - -] Join ServiceGroup membership for this service scheduler start /usr/lib/python3/dist-packages/nova/service.py:199
2025-12-15 00:39:19.579 153777 DEBUG oslo_service.service [req-14a0e151-4a33-4e06-9a07-c54d92683269 - - - - -] ephemeral_storage_encryption.enabled = False log_opt_values /usr/lib/python3/dist-packages/oslo_config/cfg.py:2609
2025-12-15 00:39:19.579 154109 DEBUG nova.servicegroup.drivers.db [req-722fccab-5399-4297-8939-ac7bbd8a343b - - - - -] DB_Driver: join new ServiceGroup member juju-9eba43-0-lxd-7 to the scheduler group, service = join /usr/lib/python3/dist-packages/nova/servicegroup/drivers/db.py:44
2025-12-15 00:39:19.579 153777 DEBUG oslo_service.service [req-14a0e151-4a33-4e06-9a07-c54d92683269 - - - - -] ephemeral_storage_encryption.key_size = 512 log_opt_values /usr/lib/python3/dist-packages/oslo_config/cfg.py:2609
2025-12-15 00:39:19.579 153777 WARNING oslo_config.cfg [req-14a0e151-4a33-4e06-9a07-c54d92683269 - - - - -] Deprecated: Option "api_servers" from group "glance" is deprecated for removal ( Support for image service configuration via standard keystoneauth1 Adapter options was added in the 17.0.0 Queens release. The api_servers option was retained temporarily to allow consumers time to cut over to a real load balancing solution. ). Its value may be silently ignored in the future.
2025-12-15 00:39:19.580 153777 DEBUG oslo_service.service [req-14a0e151-4a33-4e06-9a07-c54d92683269 - - - - -] glance.api_servers = ['http://252.129.237.204:9292'] log_opt_values /usr/lib/python3/dist-packages/oslo_config/cfg.py:2609
2025-12-15 00:39:19.580 153777 DEBUG oslo_service.service [req-14a0e151-4a33-4e06-9a07-c54d92683269 - - - - -] glance.cafile = None log_opt_values /usr/lib/python3/dist-packages/oslo_config/cfg.py:2609
2025-12-15 00:39:19.580 153777 DEBUG oslo_service.service [req-14a0e151-4a33-4e06-9a07-c54d92683269 - - - - -] glance.certfile = None log_opt_values /usr/lib/python3/dist-packages/oslo_config/cfg.py:2609
2025-12-15 00:39:19.580 153777 DEBUG oslo_service.service [req-14a0e151-4a33-4e06-9a07-c54d92683269 - - - - -] glance.collect_timing = False log_opt_values /usr/lib/python3/dist-packages/oslo_config/cfg.py:2609
2025-12-15 00:39:19.580 153777 DEBUG oslo_service.service [req-14a0e151-4a33-4e06-9a07-c54d92683269 - - - - -] glance.connect_retries = None log_opt_values /usr/lib/python3/dist-packages/oslo_config/cfg.py:2609
2025-12-15 00:39:19.581 153777 DEBUG oslo_service.service [req-14a0e151-4a33-4e06-9a07-c54d92683269 - - - - -] glance.connect_retry_delay = None log_opt_values /usr/lib/python3/dist-packages/oslo_config/cfg.py:2609
2025-12-15 00:39:19.581 153777 DEBUG oslo_service.service [req-14a0e151-4a33-4e06-9a07-c54d92683269 - - - - -] glance.debug = False log_opt_values /usr/lib/python3/dist-packages/oslo_config/cfg.py:2609
2025-12-15 00:39:19.581 153777 DEBUG oslo_service.service [req-14a0e151-4a33-4e06-9a07-c54d92683269 - - - - -] glance.default_trusted_certificate_ids = [] log_opt_values /usr/lib/python3/dist-packages/oslo_config/cfg.py:2609
2025-12-15 00:39:19.581 153777 DEBUG oslo_service.service [req-14a0e151-4a33-4e06-9a07-c54d92683269 - - - - -] glance.enable_certificate_validation = False log_opt_values /usr/lib/python3/dist-packages/oslo_config/cfg.py:2609
2025-12-15 00:39:19.581 153777 DEBUG oslo_service.service [req-14a0e151-4a33-4e06-9a07-c54d92683269 - - - - -] glance.enable_rbd_download = False log_opt_values /usr/lib/python3/dist-packages/oslo_config/cfg.py:2609
2025-12-15 00:39:19.581 153777 DEBUG oslo_service.service [req-14a0e151-4a33-4e06-9a07-c54d92683269 - - - - -] glance.endpoint_override = None log_opt_values /usr/lib/python3/dist-packages/oslo_config/cfg.py:2609
2025-12-15 00:39:19.581 154109 DEBUG oslo_messaging._drivers.amqpdriver [-] AMQPListener connection timeout poll /usr/lib/python3/dist-packages/oslo_messaging/_drivers/amqpdriver.py:360
2025-12-15 00:39:19.582 154109 DEBUG oslo_messaging._drivers.amqpdriver [-] Listener is running poll /usr/lib/python3/dist-packages/oslo_messaging/_drivers/amqpdriver.py:343
2025-12-15 00:39:19.582 153777 DEBUG oslo_service.service [req-14a0e151-4a33-4e06-9a07-c54d92683269 - - - - -] glance.insecure = False log_opt_values /usr/lib/python3/dist-packages/oslo_config/cfg.py:2609
2025-12-15 00:39:19.582 154109 DEBUG oslo_messaging._drivers.amqpdriver [-] AMQPListener connection consume poll /usr/lib/python3/dist-packages/oslo_messaging/_drivers/amqpdriver.py:357
2025-12-15 00:39:19.582 153777 DEBUG oslo_service.service [req-14a0e151-4a33-4e06-9a07-c54d92683269 - - - - -] glance.keyfile = None log_opt_values /usr/lib/python3/dist-packages/oslo_config/cfg.py:2609
2025-12-15 00:39:19.582 153777 DEBUG oslo_service.service [req-14a0e151-4a33-4e06-9a07-c54d92683269 - - - - -] glance.max_version = None log_opt_values /usr/lib/python3/dist-packages/oslo_config/cfg.py:2609
2025-12-15 00:39:19.582 153777 DEBUG oslo_service.service [req-14a0e151-4a33-4e06-9a07-c54d92683269 - - - - -] glance.min_version = None log_opt_values /usr/lib/python3/dist-packages/oslo_config/cfg.py:2609
2025-12-15 00:39:19.582 153777 DEBUG oslo_service.service [req-14a0e151-4a33-4e06-9a07-c54d92683269 - - - - -] glance.num_retries = 3 log_opt_values /usr/lib/python3/dist-packages/oslo_config/cfg.py:2609
2025-12-15 00:39:19.582 153777 DEBUG oslo_service.service [req-14a0e151-4a33-4e06-9a07-c54d92683269 - - - - -] glance.rbd_ceph_conf = log_opt_values /usr/lib/python3/dist-packages/oslo_config/cfg.py:2609
2025-12-15 00:39:19.582 153777 DEBUG oslo_service.service [req-14a0e151-4a33-4e06-9a07-c54d92683269 - - - - -] glance.rbd_connect_timeout = 5 log_opt_values /usr/lib/python3/dist-packages/oslo_config/cfg.py:2609
2025-12-15 00:39:19.583 153777 DEBUG oslo_service.service [req-14a0e151-4a33-4e06-9a07-c54d92683269 - - - - -] glance.rbd_pool = log_opt_values /usr/lib/python3/dist-packages/oslo_config/cfg.py:2609
2025-12-15 00:39:19.583 153777 DEBUG oslo_service.service [req-14a0e151-4a33-4e06-9a07-c54d92683269 - - - - -] glance.rbd_user = log_opt_values /usr/lib/python3/dist-packages/oslo_config/cfg.py:2609
2025-12-15 00:39:19.583 153777 DEBUG oslo_service.service [req-14a0e151-4a33-4e06-9a07-c54d92683269 - - - - -] glance.region_name = None log_opt_values /usr/lib/python3/dist-packages/oslo_config/cfg.py:2609
2025-12-15 00:39:19.583 153777 DEBUG oslo_service.service [req-14a0e151-4a33-4e06-9a07-c54d92683269 - - - - -] glance.service_name = None log_opt_values /usr/lib/python3/dist-packages/oslo_config/cfg.py:2609
2025-12-15 00:39:19.583 153777 DEBUG oslo_service.service [req-14a0e151-4a33-4e06-9a07-c54d92683269 - - - - -] glance.service_type = image log_opt_values /usr/lib/python3/dist-packages/oslo_config/cfg.py:2609
2025-12-15 00:39:19.583 153777 DEBUG oslo_service.service [req-14a0e151-4a33-4e06-9a07-c54d92683269 - - - - -] glance.split_loggers = False log_opt_values /usr/lib/python3/dist-packages/oslo_config/cfg.py:2609
2025-12-15 00:39:19.584 153777 DEBUG oslo_service.service [req-14a0e151-4a33-4e06-9a07-c54d92683269 - - - - -] glance.status_code_retries = None log_opt_values /usr/lib/python3/dist-packages/oslo_config/cfg.py:2609
2025-12-15 00:39:19.584 153777 DEBUG oslo_service.service [req-14a0e151-4a33-4e06-9a07-c54d92683269 - - - - -] glance.status_code_retry_delay = None log_opt_values /usr/lib/python3/dist-packages/oslo_config/cfg.py:2609
2025-12-15 00:39:19.584 153777 DEBUG oslo_service.service [req-14a0e151-4a33-4e06-9a07-c54d92683269 - - - - -] glance.timeout = None log_opt_values /usr/lib/python3/dist-packages/oslo_config/cfg.py:2609
2025-12-15 00:39:19.584 153777 DEBUG oslo_service.service [req-14a0e151-4a33-4e06-9a07-c54d92683269 - - - - -] glance.valid_interfaces = ['internal', 'public'] log_opt_values /usr/lib/python3/dist-packages/oslo_config/cfg.py:2609
2025-12-15 00:39:19.584 153777 DEBUG oslo_service.service [req-14a0e151-4a33-4e06-9a07-c54d92683269 - - - - -] glance.verify_glance_signatures = False log_opt_values /usr/lib/python3/dist-packages/oslo_config/cfg.py:2609
2025-12-15 00:39:19.584 153777 DEBUG oslo_service.service [req-14a0e151-4a33-4e06-9a07-c54d92683269 - - - - -] glance.version = None log_opt_values /usr/lib/python3/dist-packages/oslo_config/cfg.py:2609
2025-12-15 00:39:19.585 153777 DEBUG oslo_service.service [req-14a0e151-4a33-4e06-9a07-c54d92683269 - - - - -] guestfs.debug = False log_opt_values /usr/lib/python3/dist-packages/oslo_config/cfg.py:2609
2025-12-15 00:39:19.585 153777 DEBUG oslo_service.service [req-14a0e151-4a33-4e06-9a07-c54d92683269 - - - - -] hyperv.config_drive_cdrom = False log_opt_values /usr/lib/python3/dist-packages/oslo_config/cfg.py:2609
2025-12-15 00:39:19.585 153777 DEBUG oslo_service.service [req-14a0e151-4a33-4e06-9a07-c54d92683269 - - - - -] hyperv.config_drive_inject_password = False log_opt_values /usr/lib/python3/dist-packages/oslo_config/cfg.py:2609
2025-12-15 00:39:19.585 153777 DEBUG oslo_service.service [req-14a0e151-4a33-4e06-9a07-c54d92683269 - - - - -] hyperv.dynamic_memory_ratio = 1.0 log_opt_values /usr/lib/python3/dist-packages/oslo_config/cfg.py:2609
2025-12-15 00:39:19.585 153777 DEBUG oslo_service.service [req-14a0e151-4a33-4e06-9a07-c54d92683269 - - - - -] hyperv.enable_instance_metrics_collection = False log_opt_values /usr/lib/python3/dist-packages/oslo_config/cfg.py:2609
2025-12-15 00:39:19.585 153777 DEBUG oslo_service.service [req-14a0e151-4a33-4e06-9a07-c54d92683269 - - - - -] hyperv.enable_remotefx = False log_opt_values /usr/lib/python3/dist-packages/oslo_config/cfg.py:2609
2025-12-15 00:39:19.586 153777 DEBUG oslo_service.service [req-14a0e151-4a33-4e06-9a07-c54d92683269 - - - - -] hyperv.instances_path_share = log_opt_values /usr/lib/python3/dist-packages/oslo_config/cfg.py:2609
2025-12-15 00:39:19.586 153777 DEBUG oslo_service.service [req-14a0e151-4a33-4e06-9a07-c54d92683269 - - - - -] hyperv.iscsi_initiator_list = [] log_opt_values /usr/lib/python3/dist-packages/oslo_config/cfg.py:2609
2025-12-15 00:39:19.586 153777 DEBUG oslo_service.service [req-14a0e151-4a33-4e06-9a07-c54d92683269 - - - - -] hyperv.limit_cpu_features = False log_opt_values /usr/lib/python3/dist-packages/oslo_config/cfg.py:2609
2025-12-15 00:39:19.586 153777 DEBUG oslo_service.service [req-14a0e151-4a33-4e06-9a07-c54d92683269 - - - - -] hyperv.mounted_disk_query_retry_count = 10 log_opt_values /usr/lib/python3/dist-packages/oslo_config/cfg.py:2609
2025-12-15 00:39:19.586 153777 DEBUG oslo_service.service [req-14a0e151-4a33-4e06-9a07-c54d92683269 - - - - -] hyperv.mounted_disk_query_retry_interval = 5 log_opt_values /usr/lib/python3/dist-packages/oslo_config/cfg.py:2609
2025-12-15 00:39:19.586 153777 DEBUG oslo_service.service [req-14a0e151-4a33-4e06-9a07-c54d92683269 - - - - -] hyperv.power_state_check_timeframe = 60 log_opt_values /usr/lib/python3/dist-packages/oslo_config/cfg.py:2609
2025-12-15 00:39:19.587 153777 DEBUG oslo_service.service [req-14a0e151-4a33-4e06-9a07-c54d92683269 - - - - -] hyperv.power_state_event_polling_interval = 2 log_opt_values /usr/lib/python3/dist-packages/oslo_config/cfg.py:2609
2025-12-15 00:39:19.587 153777 DEBUG oslo_service.service [req-14a0e151-4a33-4e06-9a07-c54d92683269 - - - - -] hyperv.qemu_img_cmd = qemu-img.exe log_opt_values /usr/lib/python3/dist-packages/oslo_config/cfg.py:2609
2025-12-15 00:39:19.587 153777 DEBUG oslo_service.service [req-14a0e151-4a33-4e06-9a07-c54d92683269 - - - - -] hyperv.use_multipath_io = False log_opt_values /usr/lib/python3/dist-packages/oslo_config/cfg.py:2609
2025-12-15 00:39:19.587 153777 DEBUG oslo_service.service [req-14a0e151-4a33-4e06-9a07-c54d92683269 - - - - -] hyperv.volume_attach_retry_count = 10 log_opt_values /usr/lib/python3/dist-packages/oslo_config/cfg.py:2609
2025-12-15 00:39:19.587 153777 DEBUG oslo_service.service [req-14a0e151-4a33-4e06-9a07-c54d92683269 - - - - -] hyperv.volume_attach_retry_interval = 5 log_opt_values /usr/lib/python3/dist-packages/oslo_config/cfg.py:2609
2025-12-15 00:39:19.587 153777 DEBUG oslo_service.service [req-14a0e151-4a33-4e06-9a07-c54d92683269 - - - - -] hyperv.vswitch_name = None log_opt_values /usr/lib/python3/dist-packages/oslo_config/cfg.py:2609
2025-12-15 00:39:19.588 153777 DEBUG oslo_service.service [req-14a0e151-4a33-4e06-9a07-c54d92683269 - - - - -] hyperv.wait_soft_reboot_seconds = 60 log_opt_values /usr/lib/python3/dist-packages/oslo_config/cfg.py:2609
2025-12-15 00:39:19.588 153777 DEBUG oslo_service.service [req-14a0e151-4a33-4e06-9a07-c54d92683269 - - - - -] mks.enabled = False log_opt_values /usr/lib/python3/dist-packages/oslo_config/cfg.py:2609
2025-12-15 00:39:19.588 153777 DEBUG oslo_service.service [req-14a0e151-4a33-4e06-9a07-c54d92683269 - - - - -] mks.mksproxy_base_url = http://127.0.0.1:6090/ log_opt_values /usr/lib/python3/dist-packages/oslo_config/cfg.py:2609
2025-12-15 00:39:19.589 153777 DEBUG oslo_service.service [req-14a0e151-4a33-4e06-9a07-c54d92683269 - - - - -] image_cache.manager_interval = 2400 log_opt_values /usr/lib/python3/dist-packages/oslo_config/cfg.py:2609
2025-12-15 00:39:19.589 153777 DEBUG oslo_service.service [req-14a0e151-4a33-4e06-9a07-c54d92683269 - - - - -] image_cache.precache_concurrency = 1 log_opt_values /usr/lib/python3/dist-packages/oslo_config/cfg.py:2609
2025-12-15 00:39:19.589 153777 DEBUG oslo_service.service [req-14a0e151-4a33-4e06-9a07-c54d92683269 - - - - -] image_cache.remove_unused_base_images = True log_opt_values /usr/lib/python3/dist-packages/oslo_config/cfg.py:2609
2025-12-15 00:39:19.589 153777 DEBUG oslo_service.service [req-14a0e151-4a33-4e06-9a07-c54d92683269 - - - - -] image_cache.remove_unused_original_minimum_age_seconds = 86400 log_opt_values /usr/lib/python3/dist-packages/oslo_config/cfg.py:2609
2025-12-15 00:39:19.590 153777 DEBUG oslo_service.service [req-14a0e151-4a33-4e06-9a07-c54d92683269 - - - - -] image_cache.remove_unused_resized_minimum_age_seconds = 3600 log_opt_values /usr/lib/python3/dist-packages/oslo_config/cfg.py:2609
2025-12-15 00:39:19.590 153777 DEBUG oslo_service.service [req-14a0e151-4a33-4e06-9a07-c54d92683269 - - - - -] image_cache.subdirectory_name = _base log_opt_values /usr/lib/python3/dist-packages/oslo_config/cfg.py:2609
2025-12-15 00:39:19.590 153777 DEBUG oslo_service.service [req-14a0e151-4a33-4e06-9a07-c54d92683269 - - - - -] ironic.api_max_retries = 60 log_opt_values /usr/lib/python3/dist-packages/oslo_config/cfg.py:2609
2025-12-15 00:39:19.590 153777 DEBUG oslo_service.service [req-14a0e151-4a33-4e06-9a07-c54d92683269 - - - - -] ironic.api_retry_interval = 2 log_opt_values /usr/lib/python3/dist-packages/oslo_config/cfg.py:2609
2025-12-15 00:39:19.590 153777 DEBUG oslo_service.service [req-14a0e151-4a33-4e06-9a07-c54d92683269 - - - - -] ironic.auth_section = None log_opt_values /usr/lib/python3/dist-packages/oslo_config/cfg.py:2609
2025-12-15 00:39:19.590 153777 DEBUG oslo_service.service [req-14a0e151-4a33-4e06-9a07-c54d92683269 - - - - -] ironic.auth_type = None log_opt_values /usr/lib/python3/dist-packages/oslo_config/cfg.py:2609
2025-12-15 00:39:19.591 153777 DEBUG oslo_service.service [req-14a0e151-4a33-4e06-9a07-c54d92683269 - - - - -] ironic.cafile = None log_opt_values /usr/lib/python3/dist-packages/oslo_config/cfg.py:2609
