2025-12-15 00:38:42.934 139527 DEBUG nova.context [req-fd058ec0-774e-439d-b9be-7f31425860c3 - - - - -] Found 2 cells: 00000000-0000-0000-0000-000000000000(cell0),ba3f9837-f3f0-4076-96fc-201e098bb3c1(cell1) load_cells /usr/lib/python3/dist-packages/nova/context.py:464
2025-12-15 00:38:42.934 139527 DEBUG oslo_concurrency.lockutils [req-2e0e049a-ec01-4f89-9628-679753558f32 - - - - -] Lock "00000000-0000-0000-0000-000000000000" acquired by "nova.context.set_target_cell..get_or_set_cached_cell_and_set_connections" :: waited 0.000s inner /usr/lib/python3/dist-packages/oslo_concurrency/lockutils.py:386
2025-12-15 00:38:42.935 139527 DEBUG oslo_concurrency.lockutils [req-2e0e049a-ec01-4f89-9628-679753558f32 - - - - -] Lock "00000000-0000-0000-0000-000000000000" "released" by "nova.context.set_target_cell..get_or_set_cached_cell_and_set_connections" :: held 0.001s inner /usr/lib/python3/dist-packages/oslo_concurrency/lockutils.py:400
2025-12-15 00:38:42.936 139527 DEBUG oslo_concurrency.lockutils [req-2e0e049a-ec01-4f89-9628-679753558f32 - - - - -] Lock "ba3f9837-f3f0-4076-96fc-201e098bb3c1" acquired by "nova.context.set_target_cell..get_or_set_cached_cell_and_set_connections" :: waited 0.000s inner /usr/lib/python3/dist-packages/oslo_concurrency/lockutils.py:386
2025-12-15 00:38:42.936 139527 DEBUG oslo_concurrency.lockutils [req-2e0e049a-ec01-4f89-9628-679753558f32 - - - - -] Lock "ba3f9837-f3f0-4076-96fc-201e098bb3c1" "released" by "nova.context.set_target_cell..get_or_set_cached_cell_and_set_connections" :: held 0.000s inner /usr/lib/python3/dist-packages/oslo_concurrency/lockutils.py:400
2025-12-15 00:38:42.946 139527 DEBUG oslo_db.sqlalchemy.engines [req-2e0e049a-ec01-4f89-9628-679753558f32 - - - - -] MySQL server mode set to STRICT_TRANS_TABLES,STRICT_ALL_TABLES,NO_ZERO_IN_DATE,NO_ZERO_DATE,ERROR_FOR_DIVISION_BY_ZERO,TRADITIONAL,NO_ENGINE_SUBSTITUTION _check_effective_sql_mode /usr/lib/python3/dist-packages/oslo_db/sqlalchemy/engines.py:314
2025-12-15 00:38:42.955 139527 DEBUG oslo_concurrency.lockutils [req-2e0e049a-ec01-4f89-9628-679753558f32 - - - - -] Acquired lock "singleton_lock" lock /usr/lib/python3/dist-packages/oslo_concurrency/lockutils.py:294
2025-12-15 00:38:42.956 139527 DEBUG oslo_concurrency.lockutils [req-2e0e049a-ec01-4f89-9628-679753558f32 - - - - -] Releasing lock "singleton_lock" lock /usr/lib/python3/dist-packages/oslo_concurrency/lockutils.py:312
2025-12-15 00:38:42.956 139527 INFO oslo_service.service [req-2e0e049a-ec01-4f89-9628-679753558f32 - - - - -] Starting 4 workers
2025-12-15 00:38:42.960 139527 DEBUG oslo_service.service [req-2e0e049a-ec01-4f89-9628-679753558f32 - - - - -] Started child 140884 _start_child /usr/lib/python3/dist-packages/oslo_service/service.py:575
2025-12-15 00:38:42.965 140884 INFO nova.service [-] Starting scheduler node (version 25.2.1)
2025-12-15 00:38:42.967 139527 DEBUG oslo_service.service [req-2e0e049a-ec01-4f89-9628-679753558f32 - - - - -] Started child 140885 _start_child /usr/lib/python3/dist-packages/oslo_service/service.py:575
2025-12-15 00:38:42.972 140885 INFO nova.service [-] Starting scheduler node (version 25.2.1)
2025-12-15 00:38:42.973 139527 DEBUG oslo_service.service [req-2e0e049a-ec01-4f89-9628-679753558f32 - - - - -] Started child 140886 _start_child /usr/lib/python3/dist-packages/oslo_service/service.py:575
2025-12-15 00:38:42.978 140886 INFO nova.service [-] Starting scheduler node (version 25.2.1)
2025-12-15 00:38:42.978 140884 DEBUG oslo_db.sqlalchemy.engines [req-c67eea29-2a3a-4ee7-b50a-dd75b7e87b81 - - - - -] MySQL server mode set to STRICT_TRANS_TABLES,STRICT_ALL_TABLES,NO_ZERO_IN_DATE,NO_ZERO_DATE,ERROR_FOR_DIVISION_BY_ZERO,TRADITIONAL,NO_ENGINE_SUBSTITUTION _check_effective_sql_mode /usr/lib/python3/dist-packages/oslo_db/sqlalchemy/engines.py:314
2025-12-15 00:38:42.984 140885 DEBUG oslo_db.sqlalchemy.engines [req-6f6fd186-a16e-4748-8792-94f7d62452e7 - - - - -] MySQL server mode set to STRICT_TRANS_TABLES,STRICT_ALL_TABLES,NO_ZERO_IN_DATE,NO_ZERO_DATE,ERROR_FOR_DIVISION_BY_ZERO,TRADITIONAL,NO_ENGINE_SUBSTITUTION _check_effective_sql_mode /usr/lib/python3/dist-packages/oslo_db/sqlalchemy/engines.py:314
2025-12-15 00:38:42.982 139527 DEBUG oslo_service.service [req-2e0e049a-ec01-4f89-9628-679753558f32 - - - - -] Started child 140892 _start_child /usr/lib/python3/dist-packages/oslo_service/service.py:575
2025-12-15 00:38:42.987 139527 DEBUG oslo_service.service [req-2e0e049a-ec01-4f89-9628-679753558f32 - - - - -] Full set of CONF: wait /usr/lib/python3/dist-packages/oslo_service/service.py:649
2025-12-15 00:38:42.987 139527 DEBUG oslo_service.service [req-2e0e049a-ec01-4f89-9628-679753558f32 - - - - -] ******************************************************************************** log_opt_values /usr/lib/python3/dist-packages/oslo_config/cfg.py:2589
2025-12-15 00:38:42.987 139527 DEBUG oslo_service.service [req-2e0e049a-ec01-4f89-9628-679753558f32 - - - - -] Configuration options gathered from: log_opt_values /usr/lib/python3/dist-packages/oslo_config/cfg.py:2590
2025-12-15 00:38:42.988 139527 DEBUG oslo_service.service [req-2e0e049a-ec01-4f89-9628-679753558f32 - - - - -] command line args: ['--config-file=/etc/nova/nova.conf', '--log-file=/var/log/nova/nova-scheduler.log'] log_opt_values /usr/lib/python3/dist-packages/oslo_config/cfg.py:2591
2025-12-15 00:38:42.991 139527 DEBUG oslo_service.service [req-2e0e049a-ec01-4f89-9628-679753558f32 - - - - -] config files: ['/etc/nova/nova.conf'] log_opt_values /usr/lib/python3/dist-packages/oslo_config/cfg.py:2592
2025-12-15 00:38:42.992 139527 DEBUG oslo_service.service [req-2e0e049a-ec01-4f89-9628-679753558f32 - - - - -] ================================================================================ log_opt_values /usr/lib/python3/dist-packages/oslo_config/cfg.py:2594
2025-12-15 00:38:42.992 139527 DEBUG oslo_service.service [req-2e0e049a-ec01-4f89-9628-679753558f32 - - - - -] allow_resize_to_same_host = False log_opt_values /usr/lib/python3/dist-packages/oslo_config/cfg.py:2602
2025-12-15 00:38:42.992 140886 DEBUG oslo_db.sqlalchemy.engines [req-b6b6eb98-950a-4034-b030-f25d0a50b65f - - - - -] MySQL server mode set to STRICT_TRANS_TABLES,STRICT_ALL_TABLES,NO_ZERO_IN_DATE,NO_ZERO_DATE,ERROR_FOR_DIVISION_BY_ZERO,TRADITIONAL,NO_ENGINE_SUBSTITUTION _check_effective_sql_mode /usr/lib/python3/dist-packages/oslo_db/sqlalchemy/engines.py:314
2025-12-15 00:38:42.993 139527 DEBUG oslo_service.service [req-2e0e049a-ec01-4f89-9628-679753558f32 - - - - -] arq_binding_timeout = 300 log_opt_values /usr/lib/python3/dist-packages/oslo_config/cfg.py:2602
2025-12-15 00:38:42.993 139527 DEBUG oslo_service.service [req-2e0e049a-ec01-4f89-9628-679753558f32 - - - - -] block_device_allocate_retries = 60 log_opt_values /usr/lib/python3/dist-packages/oslo_config/cfg.py:2602
2025-12-15 00:38:42.993 139527 DEBUG oslo_service.service [req-2e0e049a-ec01-4f89-9628-679753558f32 - - - - -] block_device_allocate_retries_interval = 3 log_opt_values /usr/lib/python3/dist-packages/oslo_config/cfg.py:2602
2025-12-15 00:38:42.993 139527 DEBUG oslo_service.service [req-2e0e049a-ec01-4f89-9628-679753558f32 - - - - -] cert = self.pem log_opt_values /usr/lib/python3/dist-packages/oslo_config/cfg.py:2602
2025-12-15 00:38:42.993 139527 DEBUG oslo_service.service [req-2e0e049a-ec01-4f89-9628-679753558f32 - - - - -] compute_driver = libvirt.LibvirtDriver log_opt_values /usr/lib/python3/dist-packages/oslo_config/cfg.py:2602
2025-12-15 00:38:42.994 139527 DEBUG oslo_service.service [req-2e0e049a-ec01-4f89-9628-679753558f32 - - - - -] compute_monitors = [] log_opt_values /usr/lib/python3/dist-packages/oslo_config/cfg.py:2602
2025-12-15 00:38:42.994 139527 DEBUG oslo_service.service [req-2e0e049a-ec01-4f89-9628-679753558f32 - - - - -] config_dir = [] log_opt_values /usr/lib/python3/dist-packages/oslo_config/cfg.py:2602
2025-12-15 00:38:42.994 139527 DEBUG oslo_service.service [req-2e0e049a-ec01-4f89-9628-679753558f32 - - - - -] config_drive_format = iso9660 log_opt_values /usr/lib/python3/dist-packages/oslo_config/cfg.py:2602
2025-12-15 00:38:42.994 139527 DEBUG oslo_service.service [req-2e0e049a-ec01-4f89-9628-679753558f32 - - - - -] config_file = ['/etc/nova/nova.conf'] log_opt_values /usr/lib/python3/dist-packages/oslo_config/cfg.py:2602
2025-12-15 00:38:42.994 139527 DEBUG oslo_service.service [req-2e0e049a-ec01-4f89-9628-679753558f32 - - - - -] config_source = [] log_opt_values /usr/lib/python3/dist-packages/oslo_config/cfg.py:2602
2025-12-15 00:38:42.995 139527 DEBUG oslo_service.service [req-2e0e049a-ec01-4f89-9628-679753558f32 - - - - -] console_host = juju-9eba43-0-lxd-7 log_opt_values /usr/lib/python3/dist-packages/oslo_config/cfg.py:2602
2025-12-15 00:38:42.995 139527 DEBUG oslo_service.service [req-2e0e049a-ec01-4f89-9628-679753558f32 - - - - -] control_exchange = nova log_opt_values /usr/lib/python3/dist-packages/oslo_config/cfg.py:2602
2025-12-15 00:38:42.997 139527 DEBUG oslo_service.service [req-2e0e049a-ec01-4f89-9628-679753558f32 - - - - -] cpu_allocation_ratio = 2.0 log_opt_values /usr/lib/python3/dist-packages/oslo_config/cfg.py:2602
2025-12-15 00:38:42.997 139527 DEBUG oslo_service.service [req-2e0e049a-ec01-4f89-9628-679753558f32 - - - - -] daemon = False log_opt_values /usr/lib/python3/dist-packages/oslo_config/cfg.py:2602
2025-12-15 00:38:42.997 139527 DEBUG oslo_service.service [req-2e0e049a-ec01-4f89-9628-679753558f32 - - - - -] debug = True log_opt_values /usr/lib/python3/dist-packages/oslo_config/cfg.py:2602
2025-12-15 00:38:42.998 139527 DEBUG oslo_service.service [req-2e0e049a-ec01-4f89-9628-679753558f32 - - - - -] default_access_ip_network_name = None log_opt_values /usr/lib/python3/dist-packages/oslo_config/cfg.py:2602
2025-12-15 00:38:42.998 139527 DEBUG oslo_service.service [req-2e0e049a-ec01-4f89-9628-679753558f32 - - - - -] default_availability_zone = nova log_opt_values /usr/lib/python3/dist-packages/oslo_config/cfg.py:2602
2025-12-15 00:38:42.998 139527 DEBUG oslo_service.service [req-2e0e049a-ec01-4f89-9628-679753558f32 - - - - -] default_ephemeral_format = None log_opt_values /usr/lib/python3/dist-packages/oslo_config/cfg.py:2602
2025-12-15 00:38:42.998 139527 DEBUG oslo_service.service [req-2e0e049a-ec01-4f89-9628-679753558f32 - - - - -] default_log_levels = ['amqp=WARN', 'amqplib=WARN', 'boto=WARN', 'qpid=WARN', 'sqlalchemy=WARN', 'suds=INFO', 'oslo.messaging=INFO', 'oslo_messaging=DEBUG', 'iso8601=WARN', 'requests.packages.urllib3.connectionpool=WARN', 'urllib3.connectionpool=WARN', 'websocket=WARN', 'requests.packages.urllib3.util.retry=WARN', 'urllib3.util.retry=WARN', 'keystonemiddleware=WARN', 'routes.middleware=WARN', 'stevedore=WARN', 'taskflow=WARN', 'keystoneauth=WARN', 'oslo.cache=INFO', 'dogpile.core.dogpile=INFO', 'glanceclient=WARN', 'oslo.privsep.daemon=INFO'] log_opt_values /usr/lib/python3/dist-packages/oslo_config/cfg.py:2602
2025-12-15 00:38:42.998 139527 DEBUG oslo_service.service [req-2e0e049a-ec01-4f89-9628-679753558f32 - - - - -] default_schedule_zone = None log_opt_values /usr/lib/python3/dist-packages/oslo_config/cfg.py:2602
2025-12-15 00:38:42.999 139527 DEBUG oslo_service.service [req-2e0e049a-ec01-4f89-9628-679753558f32 - - - - -] disk_allocation_ratio = 1.0 log_opt_values /usr/lib/python3/dist-packages/oslo_config/cfg.py:2602
2025-12-15 00:38:42.997 140892 INFO nova.service [-] Starting scheduler node (version 25.2.1)
2025-12-15 00:38:42.999 139527 DEBUG oslo_service.service [req-2e0e049a-ec01-4f89-9628-679753558f32 - - - - -] enable_new_services = True log_opt_values /usr/lib/python3/dist-packages/oslo_config/cfg.py:2602
2025-12-15 00:38:43.001 139527 DEBUG oslo_service.service [req-2e0e049a-ec01-4f89-9628-679753558f32 - - - - -] enabled_apis = ['osapi_compute', 'metadata'] log_opt_values /usr/lib/python3/dist-packages/oslo_config/cfg.py:2602
2025-12-15 00:38:43.002 139527 DEBUG oslo_service.service [req-2e0e049a-ec01-4f89-9628-679753558f32 - - - - -] enabled_ssl_apis = [] log_opt_values /usr/lib/python3/dist-packages/oslo_config/cfg.py:2602
2025-12-15 00:38:43.002 139527 DEBUG oslo_service.service [req-2e0e049a-ec01-4f89-9628-679753558f32 - - - - -] fatal_deprecations = False log_opt_values /usr/lib/python3/dist-packages/oslo_config/cfg.py:2602
2025-12-15 00:38:43.002 139527 DEBUG oslo_service.service [req-2e0e049a-ec01-4f89-9628-679753558f32 - - - - -] flat_injected = False log_opt_values /usr/lib/python3/dist-packages/oslo_config/cfg.py:2602
2025-12-15 00:38:43.002 139527 DEBUG oslo_service.service [req-2e0e049a-ec01-4f89-9628-679753558f32 - - - - -] force_config_drive = False log_opt_values /usr/lib/python3/dist-packages/oslo_config/cfg.py:2602
2025-12-15 00:38:43.003 139527 DEBUG oslo_service.service [req-2e0e049a-ec01-4f89-9628-679753558f32 - - - - -] force_raw_images = True log_opt_values /usr/lib/python3/dist-packages/oslo_config/cfg.py:2602
2025-12-15 00:38:43.003 139527 DEBUG oslo_service.service [req-2e0e049a-ec01-4f89-9628-679753558f32 - - - - -] graceful_shutdown_timeout = 60 log_opt_values /usr/lib/python3/dist-packages/oslo_config/cfg.py:2602
2025-12-15 00:38:43.003 139527 DEBUG oslo_service.service [req-2e0e049a-ec01-4f89-9628-679753558f32 - - - - -] heal_instance_info_cache_interval = 60 log_opt_values /usr/lib/python3/dist-packages/oslo_config/cfg.py:2602
2025-12-15 00:38:43.003 139527 DEBUG oslo_service.service [req-2e0e049a-ec01-4f89-9628-679753558f32 - - - - -] host = juju-9eba43-0-lxd-7 log_opt_values /usr/lib/python3/dist-packages/oslo_config/cfg.py:2602
2025-12-15 00:38:43.004 139527 DEBUG oslo_service.service [req-2e0e049a-ec01-4f89-9628-679753558f32 - - - - -] initial_cpu_allocation_ratio = 16.0 log_opt_values /usr/lib/python3/dist-packages/oslo_config/cfg.py:2602
2025-12-15 00:38:43.004 139527 DEBUG oslo_service.service [req-2e0e049a-ec01-4f89-9628-679753558f32 - - - - -] initial_disk_allocation_ratio = 1.0 log_opt_values /usr/lib/python3/dist-packages/oslo_config/cfg.py:2602
2025-12-15 00:38:43.004 139527 DEBUG oslo_service.service [req-2e0e049a-ec01-4f89-9628-679753558f32 - - - - -] initial_ram_allocation_ratio = 1.5 log_opt_values /usr/lib/python3/dist-packages/oslo_config/cfg.py:2602
2025-12-15 00:38:43.004 139527 DEBUG oslo_service.service [req-2e0e049a-ec01-4f89-9628-679753558f32 - - - - -] injected_network_template = /usr/lib/python3/dist-packages/nova/virt/interfaces.template log_opt_values /usr/lib/python3/dist-packages/oslo_config/cfg.py:2602
2025-12-15 00:38:43.004 139527 DEBUG oslo_service.service [req-2e0e049a-ec01-4f89-9628-679753558f32 - - - - -] instance_build_timeout = 0 log_opt_values /usr/lib/python3/dist-packages/oslo_config/cfg.py:2602
2025-12-15 00:38:43.006 139527 DEBUG oslo_service.service [req-2e0e049a-ec01-4f89-9628-679753558f32 - - - - -] instance_delete_interval = 300 log_opt_values /usr/lib/python3/dist-packages/oslo_config/cfg.py:2602
2025-12-15 00:38:43.006 139527 DEBUG oslo_service.service [req-2e0e049a-ec01-4f89-9628-679753558f32 - - - - -] instance_format = [instance: %(uuid)s] log_opt_values /usr/lib/python3/dist-packages/oslo_config/cfg.py:2602
2025-12-15 00:38:43.007 139527 DEBUG oslo_service.service [req-2e0e049a-ec01-4f89-9628-679753558f32 - - - - -] instance_name_template = instance-%08x log_opt_values /usr/lib/python3/dist-packages/oslo_config/cfg.py:2602
2025-12-15 00:38:43.008 139527 DEBUG oslo_service.service [req-2e0e049a-ec01-4f89-9628-679753558f32 - - - - -] instance_usage_audit = False log_opt_values /usr/lib/python3/dist-packages/oslo_config/cfg.py:2602
2025-12-15 00:38:43.009 139527 DEBUG oslo_service.service [req-2e0e049a-ec01-4f89-9628-679753558f32 - - - - -] instance_usage_audit_period = month log_opt_values /usr/lib/python3/dist-packages/oslo_config/cfg.py:2602
2025-12-15 00:38:43.009 139527 DEBUG oslo_service.service [req-2e0e049a-ec01-4f89-9628-679753558f32 - - - - -] instance_uuid_format = [instance: %(uuid)s] log_opt_values /usr/lib/python3/dist-packages/oslo_config/cfg.py:2602
2025-12-15 00:38:43.010 139527 DEBUG oslo_service.service [req-2e0e049a-ec01-4f89-9628-679753558f32 - - - - -] instances_path = /var/lib/nova/instances log_opt_values /usr/lib/python3/dist-packages/oslo_config/cfg.py:2602
2025-12-15 00:38:43.010 139527 DEBUG oslo_service.service [req-2e0e049a-ec01-4f89-9628-679753558f32 - - - - -] internal_service_availability_zone = internal log_opt_values /usr/lib/python3/dist-packages/oslo_config/cfg.py:2602
2025-12-15 00:38:43.011 139527 DEBUG oslo_service.service [req-2e0e049a-ec01-4f89-9628-679753558f32 - - - - -] key = None log_opt_values /usr/lib/python3/dist-packages/oslo_config/cfg.py:2602
2025-12-15 00:38:43.012 139527 DEBUG oslo_service.service [req-2e0e049a-ec01-4f89-9628-679753558f32 - - - - -] live_migration_retry_count = 30 log_opt_values /usr/lib/python3/dist-packages/oslo_config/cfg.py:2602
2025-12-15 00:38:43.012 139527 DEBUG oslo_service.service [req-2e0e049a-ec01-4f89-9628-679753558f32 - - - - -] log_config_append = None log_opt_values /usr/lib/python3/dist-packages/oslo_config/cfg.py:2602
2025-12-15 00:38:43.012 139527 DEBUG oslo_service.service [req-2e0e049a-ec01-4f89-9628-679753558f32 - - - - -] log_date_format = %Y-%m-%d %H:%M:%S log_opt_values /usr/lib/python3/dist-packages/oslo_config/cfg.py:2602
2025-12-15 00:38:43.013 139527 DEBUG oslo_service.service [req-2e0e049a-ec01-4f89-9628-679753558f32 - - - - -] log_dir = /var/log/nova log_opt_values /usr/lib/python3/dist-packages/oslo_config/cfg.py:2602
2025-12-15 00:38:43.014 139527 DEBUG oslo_service.service [req-2e0e049a-ec01-4f89-9628-679753558f32 - - - - -] log_file = /var/log/nova/nova-scheduler.log log_opt_values /usr/lib/python3/dist-packages/oslo_config/cfg.py:2602
2025-12-15 00:38:43.014 139527 DEBUG oslo_service.service [req-2e0e049a-ec01-4f89-9628-679753558f32 - - - - -] log_options = True log_opt_values /usr/lib/python3/dist-packages/oslo_config/cfg.py:2602
2025-12-15 00:38:43.014 139527 DEBUG oslo_service.service [req-2e0e049a-ec01-4f89-9628-679753558f32 - - - - -] log_rotate_interval = 1 log_opt_values /usr/lib/python3/dist-packages/oslo_config/cfg.py:2602
2025-12-15 00:38:43.014 139527 DEBUG oslo_service.service [req-2e0e049a-ec01-4f89-9628-679753558f32 - - - - -] log_rotate_interval_type = days log_opt_values /usr/lib/python3/dist-packages/oslo_config/cfg.py:2602
2025-12-15 00:38:43.016 139527 DEBUG oslo_service.service [req-2e0e049a-ec01-4f89-9628-679753558f32 - - - - -] log_rotation_type = none log_opt_values /usr/lib/python3/dist-packages/oslo_config/cfg.py:2602
2025-12-15 00:38:43.016 140884 DEBUG nova.service [req-c67eea29-2a3a-4ee7-b50a-dd75b7e87b81 - - - - -] Creating RPC server for service scheduler start /usr/lib/python3/dist-packages/nova/service.py:182
2025-12-15 00:38:43.017 139527 DEBUG oslo_service.service [req-2e0e049a-ec01-4f89-9628-679753558f32 - - - - -] logging_context_format_string = %(asctime)s.%(msecs)03d %(process)d %(levelname)s %(name)s [%(request_id)s %(user_identity)s] %(instance)s%(message)s log_opt_values /usr/lib/python3/dist-packages/oslo_config/cfg.py:2602
2025-12-15 00:38:43.017 139527 DEBUG oslo_service.service [req-2e0e049a-ec01-4f89-9628-679753558f32 - - - - -] logging_debug_format_suffix = %(funcName)s %(pathname)s:%(lineno)d log_opt_values /usr/lib/python3/dist-packages/oslo_config/cfg.py:2602
2025-12-15 00:38:43.017 139527 DEBUG oslo_service.service [req-2e0e049a-ec01-4f89-9628-679753558f32 - - - - -] logging_default_format_string = %(asctime)s.%(msecs)03d %(process)d %(levelname)s %(name)s [-] %(instance)s%(message)s log_opt_values /usr/lib/python3/dist-packages/oslo_config/cfg.py:2602
2025-12-15 00:38:43.018 139527 DEBUG oslo_service.service [req-2e0e049a-ec01-4f89-9628-679753558f32 - - - - -] logging_exception_prefix = %(asctime)s.%(msecs)03d %(process)d ERROR %(name)s %(instance)s log_opt_values /usr/lib/python3/dist-packages/oslo_config/cfg.py:2602
2025-12-15 00:38:43.019 139527 DEBUG oslo_service.service [req-2e0e049a-ec01-4f89-9628-679753558f32 - - - - -] logging_user_identity_format = %(user)s %(project)s %(domain)s %(user_domain)s %(project_domain)s log_opt_values /usr/lib/python3/dist-packages/oslo_config/cfg.py:2602
2025-12-15 00:38:43.019 139527 DEBUG oslo_service.service [req-2e0e049a-ec01-4f89-9628-679753558f32 - - - - -] long_rpc_timeout = 1800 log_opt_values /usr/lib/python3/dist-packages/oslo_config/cfg.py:2602
2025-12-15 00:38:43.019 139527 DEBUG oslo_service.service [req-2e0e049a-ec01-4f89-9628-679753558f32 - - - - -] max_concurrent_builds = 10 log_opt_values /usr/lib/python3/dist-packages/oslo_config/cfg.py:2602
2025-12-15 00:38:43.020 139527 DEBUG oslo_service.service [req-2e0e049a-ec01-4f89-9628-679753558f32 - - - - -] max_concurrent_live_migrations = 1 log_opt_values /usr/lib/python3/dist-packages/oslo_config/cfg.py:2602
2025-12-15 00:38:43.021 139527 DEBUG oslo_service.service [req-2e0e049a-ec01-4f89-9628-679753558f32 - - - - -] max_concurrent_snapshots = 5 log_opt_values /usr/lib/python3/dist-packages/oslo_config/cfg.py:2602
2025-12-15 00:38:43.021 139527 DEBUG oslo_service.service [req-2e0e049a-ec01-4f89-9628-679753558f32 - - - - -] max_local_block_devices = 3 log_opt_values /usr/lib/python3/dist-packages/oslo_config/cfg.py:2602
2025-12-15 00:38:43.021 139527 DEBUG oslo_service.service [req-2e0e049a-ec01-4f89-9628-679753558f32 - - - - -] max_logfile_count = 30 log_opt_values /usr/lib/python3/dist-packages/oslo_config/cfg.py:2602
2025-12-15 00:38:43.021 139527 DEBUG oslo_service.service [req-2e0e049a-ec01-4f89-9628-679753558f32 - - - - -] max_logfile_size_mb = 200 log_opt_values /usr/lib/python3/dist-packages/oslo_config/cfg.py:2602
2025-12-15 00:38:43.022 139527 DEBUG oslo_service.service [req-2e0e049a-ec01-4f89-9628-679753558f32 - - - - -] maximum_instance_delete_attempts = 5 log_opt_values /usr/lib/python3/dist-packages/oslo_config/cfg.py:2602
2025-12-15 00:38:43.022 139527 DEBUG oslo_service.service [req-2e0e049a-ec01-4f89-9628-679753558f32 - - - - -] metadata_listen = 0.0.0.0 log_opt_values /usr/lib/python3/dist-packages/oslo_config/cfg.py:2602
2025-12-15 00:38:43.023 139527 DEBUG oslo_service.service [req-2e0e049a-ec01-4f89-9628-679753558f32 - - - - -] metadata_listen_port = 8765 log_opt_values /usr/lib/python3/dist-packages/oslo_config/cfg.py:2602
2025-12-15 00:38:43.023 139527 DEBUG oslo_service.service [req-2e0e049a-ec01-4f89-9628-679753558f32 - - - - -] metadata_workers = None log_opt_values /usr/lib/python3/dist-packages/oslo_config/cfg.py:2602
2025-12-15 00:38:43.024 139527 DEBUG oslo_service.service [req-2e0e049a-ec01-4f89-9628-679753558f32 - - - - -] migrate_max_retries = -1 log_opt_values /usr/lib/python3/dist-packages/oslo_config/cfg.py:2602
2025-12-15 00:38:43.024 139527 DEBUG oslo_service.service [req-2e0e049a-ec01-4f89-9628-679753558f32 - - - - -] mkisofs_cmd = genisoimage log_opt_values /usr/lib/python3/dist-packages/oslo_config/cfg.py:2602
2025-12-15 00:38:43.025 139527 DEBUG oslo_service.service [req-2e0e049a-ec01-4f89-9628-679753558f32 - - - - -] my_block_storage_ip = 252.129.124.70 log_opt_values /usr/lib/python3/dist-packages/oslo_config/cfg.py:2602
2025-12-15 00:38:43.025 139527 DEBUG oslo_service.service [req-2e0e049a-ec01-4f89-9628-679753558f32 - - - - -] my_ip = 252.129.124.70 log_opt_values /usr/lib/python3/dist-packages/oslo_config/cfg.py:2602
2025-12-15 00:38:43.025 139527 DEBUG oslo_service.service [req-2e0e049a-ec01-4f89-9628-679753558f32 - - - - -] network_allocate_retries = 0 log_opt_values /usr/lib/python3/dist-packages/oslo_config/cfg.py:2602
2025-12-15 00:38:43.025 139527 DEBUG oslo_service.service [req-2e0e049a-ec01-4f89-9628-679753558f32 - - - - -] non_inheritable_image_properties = ['cache_in_nova', 'bittorrent'] log_opt_values /usr/lib/python3/dist-packages/oslo_config/cfg.py:2602
2025-12-15 00:38:43.027 139527 DEBUG oslo_service.service [req-2e0e049a-ec01-4f89-9628-679753558f32 - - - - -] osapi_compute_listen = 0.0.0.0 log_opt_values /usr/lib/python3/dist-packages/oslo_config/cfg.py:2602
2025-12-15 00:38:43.027 139527 DEBUG oslo_service.service [req-2e0e049a-ec01-4f89-9628-679753558f32 - - - - -] osapi_compute_listen_port = 8764 log_opt_values /usr/lib/python3/dist-packages/oslo_config/cfg.py:2602
2025-12-15 00:38:43.027 139527 DEBUG oslo_service.service [req-2e0e049a-ec01-4f89-9628-679753558f32 - - - - -] osapi_compute_unique_server_name_scope = log_opt_values /usr/lib/python3/dist-packages/oslo_config/cfg.py:2602
2025-12-15 00:38:43.028 139527 DEBUG oslo_service.service [req-2e0e049a-ec01-4f89-9628-679753558f32 - - - - -] osapi_compute_workers = 4 log_opt_values /usr/lib/python3/dist-packages/oslo_config/cfg.py:2602
2025-12-15 00:38:43.028 139527 DEBUG oslo_service.service [req-2e0e049a-ec01-4f89-9628-679753558f32 - - - - -] password_length = 12 log_opt_values /usr/lib/python3/dist-packages/oslo_config/cfg.py:2602
2025-12-15 00:38:43.028 139527 DEBUG oslo_service.service [req-2e0e049a-ec01-4f89-9628-679753558f32 - - - - -] periodic_enable = True log_opt_values /usr/lib/python3/dist-packages/oslo_config/cfg.py:2602
2025-12-15 00:38:43.028 139527 DEBUG oslo_service.service [req-2e0e049a-ec01-4f89-9628-679753558f32 - - - - -] periodic_fuzzy_delay = 60 log_opt_values /usr/lib/python3/dist-packages/oslo_config/cfg.py:2602
2025-12-15 00:38:43.029 139527 DEBUG oslo_service.service [req-2e0e049a-ec01-4f89-9628-679753558f32 - - - - -] pointer_model = usbtablet log_opt_values /usr/lib/python3/dist-packages/oslo_config/cfg.py:2602
2025-12-15 00:38:43.030 139527 DEBUG oslo_service.service [req-2e0e049a-ec01-4f89-9628-679753558f32 - - - - -] preallocate_images = none log_opt_values /usr/lib/python3/dist-packages/oslo_config/cfg.py:2602
2025-12-15 00:38:43.030 139527 DEBUG oslo_service.service [req-2e0e049a-ec01-4f89-9628-679753558f32 - - - - -] publish_errors = False log_opt_values /usr/lib/python3/dist-packages/oslo_config/cfg.py:2602
2025-12-15 00:38:43.032 139527 DEBUG oslo_service.service [req-2e0e049a-ec01-4f89-9628-679753558f32 - - - - -] pybasedir = /usr/lib/python3/dist-packages log_opt_values /usr/lib/python3/dist-packages/oslo_config/cfg.py:2602
2025-12-15 00:38:43.032 139527 DEBUG oslo_service.service [req-2e0e049a-ec01-4f89-9628-679753558f32 - - - - -] ram_allocation_ratio = 0.98 log_opt_values /usr/lib/python3/dist-packages/oslo_config/cfg.py:2602
2025-12-15 00:38:43.032 139527 DEBUG oslo_service.service [req-2e0e049a-ec01-4f89-9628-679753558f32 - - - - -] rate_limit_burst = 0 log_opt_values /usr/lib/python3/dist-packages/oslo_config/cfg.py:2602
2025-12-15 00:38:43.034 139527 DEBUG oslo_service.service [req-2e0e049a-ec01-4f89-9628-679753558f32 - - - - -] rate_limit_except_level = CRITICAL log_opt_values /usr/lib/python3/dist-packages/oslo_config/cfg.py:2602
2025-12-15 00:38:43.034 139527 DEBUG oslo_service.service [req-2e0e049a-ec01-4f89-9628-679753558f32 - - - - -] rate_limit_interval = 0 log_opt_values /usr/lib/python3/dist-packages/oslo_config/cfg.py:2602
2025-12-15 00:38:43.034 139527 DEBUG oslo_service.service [req-2e0e049a-ec01-4f89-9628-679753558f32 - - - - -] reboot_timeout = 0 log_opt_values /usr/lib/python3/dist-packages/oslo_config/cfg.py:2602
2025-12-15 00:38:43.035 139527 DEBUG oslo_service.service [req-2e0e049a-ec01-4f89-9628-679753558f32 - - - - -] reclaim_instance_interval = 0 log_opt_values /usr/lib/python3/dist-packages/oslo_config/cfg.py:2602
2025-12-15 00:38:43.036 139527 DEBUG oslo_service.service [req-2e0e049a-ec01-4f89-9628-679753558f32 - - - - -] record = None log_opt_values /usr/lib/python3/dist-packages/oslo_config/cfg.py:2602
2025-12-15 00:38:43.036 139527 DEBUG oslo_service.service [req-2e0e049a-ec01-4f89-9628-679753558f32 - - - - -] report_interval = 10 log_opt_values /usr/lib/python3/dist-packages/oslo_config/cfg.py:2602
2025-12-15 00:38:43.037 139527 DEBUG oslo_service.service [req-2e0e049a-ec01-4f89-9628-679753558f32 - - - - -] rescue_timeout = 0 log_opt_values /usr/lib/python3/dist-packages/oslo_config/cfg.py:2602
2025-12-15 00:38:43.038 139527 DEBUG oslo_service.service [req-2e0e049a-ec01-4f89-9628-679753558f32 - - - - -] reserved_host_cpus = 0 log_opt_values /usr/lib/python3/dist-packages/oslo_config/cfg.py:2602
2025-12-15 00:38:43.038 140885 DEBUG nova.service [req-6f6fd186-a16e-4748-8792-94f7d62452e7 - - - - -] Creating RPC server for service scheduler start /usr/lib/python3/dist-packages/nova/service.py:182
2025-12-15 00:38:43.038 139527 DEBUG oslo_service.service [req-2e0e049a-ec01-4f89-9628-679753558f32 - - - - -] reserved_host_disk_mb = 0 log_opt_values /usr/lib/python3/dist-packages/oslo_config/cfg.py:2602
2025-12-15 00:38:43.038 140886 DEBUG nova.service [req-b6b6eb98-950a-4034-b030-f25d0a50b65f - - - - -] Creating RPC server for service scheduler start /usr/lib/python3/dist-packages/nova/service.py:182
2025-12-15 00:38:43.038 139527 DEBUG oslo_service.service [req-2e0e049a-ec01-4f89-9628-679753558f32 - - - - -] reserved_host_memory_mb = 512 log_opt_values /usr/lib/python3/dist-packages/oslo_config/cfg.py:2602
2025-12-15 00:38:43.040 139527 DEBUG oslo_service.service [req-2e0e049a-ec01-4f89-9628-679753558f32 - - - - -] reserved_huge_pages = None log_opt_values /usr/lib/python3/dist-packages/oslo_config/cfg.py:2602
2025-12-15 00:38:43.040 139527 DEBUG oslo_service.service [req-2e0e049a-ec01-4f89-9628-679753558f32 - - - - -] resize_confirm_window = 0 log_opt_values /usr/lib/python3/dist-packages/oslo_config/cfg.py:2602
2025-12-15 00:38:43.040 139527 DEBUG oslo_service.service [req-2e0e049a-ec01-4f89-9628-679753558f32 - - - - -] resize_fs_using_block_device = False log_opt_values /usr/lib/python3/dist-packages/oslo_config/cfg.py:2602
2025-12-15 00:38:43.041 139527 DEBUG oslo_service.service [req-2e0e049a-ec01-4f89-9628-679753558f32 - - - - -] resume_guests_state_on_host_boot = False log_opt_values /usr/lib/python3/dist-packages/oslo_config/cfg.py:2602
2025-12-15 00:38:43.041 139527 DEBUG oslo_service.service [req-2e0e049a-ec01-4f89-9628-679753558f32 - - - - -] rootwrap_config = /etc/nova/rootwrap.conf log_opt_values /usr/lib/python3/dist-packages/oslo_config/cfg.py:2602
2025-12-15 00:38:43.041 139527 DEBUG oslo_service.service [req-2e0e049a-ec01-4f89-9628-679753558f32 - - - - -] run_external_periodic_tasks = True log_opt_values /usr/lib/python3/dist-packages/oslo_config/cfg.py:2602
2025-12-15 00:38:43.043 139527 DEBUG oslo_service.service [req-2e0e049a-ec01-4f89-9628-679753558f32 - - - - -] running_deleted_instance_action = reap log_opt_values /usr/lib/python3/dist-packages/oslo_config/cfg.py:2602
2025-12-15 00:38:43.044 139527 DEBUG oslo_service.service [req-2e0e049a-ec01-4f89-9628-679753558f32 - - - - -] running_deleted_instance_poll_interval = 1800 log_opt_values /usr/lib/python3/dist-packages/oslo_config/cfg.py:2602
2025-12-15 00:38:43.045 139527 DEBUG oslo_service.service [req-2e0e049a-ec01-4f89-9628-679753558f32 - - - - -] running_deleted_instance_timeout = 0 log_opt_values /usr/lib/python3/dist-packages/oslo_config/cfg.py:2602
2025-12-15 00:38:43.047 139527 DEBUG oslo_service.service [req-2e0e049a-ec01-4f89-9628-679753558f32 - - - - -] scheduler_instance_sync_interval = 120 log_opt_values /usr/lib/python3/dist-packages/oslo_config/cfg.py:2602
2025-12-15 00:38:43.047 139527 DEBUG oslo_service.service [req-2e0e049a-ec01-4f89-9628-679753558f32 - - - - -] service_down_time = 60 log_opt_values /usr/lib/python3/dist-packages/oslo_config/cfg.py:2602
2025-12-15 00:38:43.048 139527 DEBUG oslo_service.service [req-2e0e049a-ec01-4f89-9628-679753558f32 - - - - -] servicegroup_driver = db log_opt_values /usr/lib/python3/dist-packages/oslo_config/cfg.py:2602
2025-12-15 00:38:43.048 139527 DEBUG oslo_service.service [req-2e0e049a-ec01-4f89-9628-679753558f32 - - - - -] shelved_offload_time = 0 log_opt_values /usr/lib/python3/dist-packages/oslo_config/cfg.py:2602
2025-12-15 00:38:43.053 139527 DEBUG oslo_service.service [req-2e0e049a-ec01-4f89-9628-679753558f32 - - - - -] shelved_poll_interval = 3600 log_opt_values /usr/lib/python3/dist-packages/oslo_config/cfg.py:2602
2025-12-15 00:38:43.053 139527 DEBUG oslo_service.service [req-2e0e049a-ec01-4f89-9628-679753558f32 - - - - -] shutdown_timeout = 60 log_opt_values /usr/lib/python3/dist-packages/oslo_config/cfg.py:2602
2025-12-15 00:38:43.055 139527 DEBUG oslo_service.service [req-2e0e049a-ec01-4f89-9628-679753558f32 - - - - -] source_is_ipv6 = False log_opt_values /usr/lib/python3/dist-packages/oslo_config/cfg.py:2602
2025-12-15 00:38:43.056 139527 DEBUG oslo_service.service [req-2e0e049a-ec01-4f89-9628-679753558f32 - - - - -] ssl_only = False log_opt_values /usr/lib/python3/dist-packages/oslo_config/cfg.py:2602
2025-12-15 00:38:43.056 139527 DEBUG oslo_service.service [req-2e0e049a-ec01-4f89-9628-679753558f32 - - - - -] state_path = /var/lib/nova log_opt_values /usr/lib/python3/dist-packages/oslo_config/cfg.py:2602
2025-12-15 00:38:43.056 139527 DEBUG oslo_service.service [req-2e0e049a-ec01-4f89-9628-679753558f32 - - - - -] sync_power_state_interval = 600 log_opt_values /usr/lib/python3/dist-packages/oslo_config/cfg.py:2602
2025-12-15 00:38:43.057 139527 DEBUG oslo_service.service [req-2e0e049a-ec01-4f89-9628-679753558f32 - - - - -] sync_power_state_pool_size = 1000 log_opt_values /usr/lib/python3/dist-packages/oslo_config/cfg.py:2602
2025-12-15 00:38:43.060 139527 DEBUG oslo_service.service [req-2e0e049a-ec01-4f89-9628-679753558f32 - - - - -] syslog_log_facility = LOG_USER log_opt_values /usr/lib/python3/dist-packages/oslo_config/cfg.py:2602
2025-12-15 00:38:43.061 140884 DEBUG oslo_messaging._drivers.amqpdriver [-] Listener is running poll /usr/lib/python3/dist-packages/oslo_messaging/_drivers/amqpdriver.py:343
2025-12-15 00:38:43.062 140884 DEBUG oslo_messaging._drivers.amqpdriver [-] AMQPListener connection consume poll /usr/lib/python3/dist-packages/oslo_messaging/_drivers/amqpdriver.py:357
2025-12-15 00:38:43.060 139527 DEBUG oslo_service.service [req-2e0e049a-ec01-4f89-9628-679753558f32 - - - - -] tempdir = None log_opt_values /usr/lib/python3/dist-packages/oslo_config/cfg.py:2602
2025-12-15 00:38:43.062 140884 DEBUG nova.service [req-c67eea29-2a3a-4ee7-b50a-dd75b7e87b81 - - - - -] Join ServiceGroup membership for this service scheduler start /usr/lib/python3/dist-packages/nova/service.py:199
2025-12-15 00:38:43.062 140884 DEBUG nova.servicegroup.drivers.db [req-c67eea29-2a3a-4ee7-b50a-dd75b7e87b81 - - - - -] DB_Driver: join new ServiceGroup member juju-9eba43-0-lxd-7 to the scheduler group, service = join /usr/lib/python3/dist-packages/nova/servicegroup/drivers/db.py:44
2025-12-15 00:38:43.063 139527 DEBUG oslo_service.service [req-2e0e049a-ec01-4f89-9628-679753558f32 - - - - -] timeout_nbd = 10 log_opt_values /usr/lib/python3/dist-packages/oslo_config/cfg.py:2602
2025-12-15 00:38:43.064 139527 DEBUG oslo_service.service [req-2e0e049a-ec01-4f89-9628-679753558f32 - - - - -] transport_url = **** log_opt_values /usr/lib/python3/dist-packages/oslo_config/cfg.py:2602
2025-12-15 00:38:43.065 139527 DEBUG oslo_service.service [req-2e0e049a-ec01-4f89-9628-679753558f32 - - - - -] update_resources_interval = 0 log_opt_values /usr/lib/python3/dist-packages/oslo_config/cfg.py:2602
2025-12-15 00:38:43.065 139527 DEBUG oslo_service.service [req-2e0e049a-ec01-4f89-9628-679753558f32 - - - - -] use_cow_images = True log_opt_values /usr/lib/python3/dist-packages/oslo_config/cfg.py:2602
2025-12-15 00:38:43.065 140884 DEBUG oslo_messaging._drivers.amqpdriver [-] AMQPListener connection timeout poll /usr/lib/python3/dist-packages/oslo_messaging/_drivers/amqpdriver.py:360
2025-12-15 00:38:43.065 139527 DEBUG oslo_service.service [req-2e0e049a-ec01-4f89-9628-679753558f32 - - - - -] use_eventlog = False log_opt_values /usr/lib/python3/dist-packages/oslo_config/cfg.py:2602
2025-12-15 00:38:43.065 140884 DEBUG oslo_messaging._drivers.amqpdriver [-] Listener is running poll /usr/lib/python3/dist-packages/oslo_messaging/_drivers/amqpdriver.py:343
2025-12-15 00:38:43.065 140884 DEBUG oslo_messaging._drivers.amqpdriver [-] AMQPListener connection consume poll /usr/lib/python3/dist-packages/oslo_messaging/_drivers/amqpdriver.py:357
2025-12-15 00:38:43.065 139527 DEBUG oslo_service.service [req-2e0e049a-ec01-4f89-9628-679753558f32 - - - - -] use_journal = False log_opt_values /usr/lib/python3/dist-packages/oslo_config/cfg.py:2602
2025-12-15 00:38:43.066 139527 DEBUG oslo_service.service [req-2e0e049a-ec01-4f89-9628-679753558f32 - - - - -] use_json = False log_opt_values /usr/lib/python3/dist-packages/oslo_config/cfg.py:2602
2025-12-15 00:38:43.069 140885 DEBUG oslo_messaging._drivers.amqpdriver [-] Listener is running poll /usr/lib/python3/dist-packages/oslo_messaging/_drivers/amqpdriver.py:343
2025-12-15 00:38:43.069 140885 DEBUG oslo_messaging._drivers.amqpdriver [-] AMQPListener connection consume poll /usr/lib/python3/dist-packages/oslo_messaging/_drivers/amqpdriver.py:357
2025-12-15 00:38:43.070 140885 DEBUG nova.service [req-6f6fd186-a16e-4748-8792-94f7d62452e7 - - - - -] Join ServiceGroup membership for this service scheduler start /usr/lib/python3/dist-packages/nova/service.py:199
2025-12-15 00:38:43.066 139527 DEBUG oslo_service.service [req-2e0e049a-ec01-4f89-9628-679753558f32 - - - - -] use_rootwrap_daemon = False log_opt_values /usr/lib/python3/dist-packages/oslo_config/cfg.py:2602
2025-12-15 00:38:43.070 140885 DEBUG nova.servicegroup.drivers.db [req-6f6fd186-a16e-4748-8792-94f7d62452e7 - - - - -] DB_Driver: join new ServiceGroup member juju-9eba43-0-lxd-7 to the scheduler group, service = join /usr/lib/python3/dist-packages/nova/servicegroup/drivers/db.py:44
2025-12-15 00:38:43.071 139527 DEBUG oslo_service.service [req-2e0e049a-ec01-4f89-9628-679753558f32 - - - - -] use_stderr = False log_opt_values /usr/lib/python3/dist-packages/oslo_config/cfg.py:2602
2025-12-15 00:38:43.073 139527 DEBUG oslo_service.service [req-2e0e049a-ec01-4f89-9628-679753558f32 - - - - -] use_syslog = False log_opt_values /usr/lib/python3/dist-packages/oslo_config/cfg.py:2602
2025-12-15 00:38:43.073 140886 DEBUG oslo_messaging._drivers.amqpdriver [-] Listener is running poll /usr/lib/python3/dist-packages/oslo_messaging/_drivers/amqpdriver.py:343
2025-12-15 00:38:43.074 140886 DEBUG oslo_messaging._drivers.amqpdriver [-] AMQPListener connection consume poll /usr/lib/python3/dist-packages/oslo_messaging/_drivers/amqpdriver.py:357
2025-12-15 00:38:43.074 139527 DEBUG oslo_service.service [req-2e0e049a-ec01-4f89-9628-679753558f32 - - - - -] vcpu_pin_set = None log_opt_values /usr/lib/python3/dist-packages/oslo_config/cfg.py:2602
2025-12-15 00:38:43.074 140885 DEBUG oslo_messaging._drivers.amqpdriver [-] AMQPListener connection timeout poll /usr/lib/python3/dist-packages/oslo_messaging/_drivers/amqpdriver.py:360
2025-12-15 00:38:43.074 140885 DEBUG oslo_messaging._drivers.amqpdriver [-] Listener is running poll /usr/lib/python3/dist-packages/oslo_messaging/_drivers/amqpdriver.py:343
2025-12-15 00:38:43.074 139527 DEBUG oslo_service.service [req-2e0e049a-ec01-4f89-9628-679753558f32 - - - - -] vif_plugging_is_fatal = True log_opt_values /usr/lib/python3/dist-packages/oslo_config/cfg.py:2602
2025-12-15 00:38:43.074 140885 DEBUG oslo_messaging._drivers.amqpdriver [-] AMQPListener connection consume poll /usr/lib/python3/dist-packages/oslo_messaging/_drivers/amqpdriver.py:357
2025-12-15 00:38:43.074 140886 DEBUG nova.service [req-b6b6eb98-950a-4034-b030-f25d0a50b65f - - - - -] Join ServiceGroup membership for this service scheduler start /usr/lib/python3/dist-packages/nova/service.py:199
2025-12-15 00:38:43.074 139527 DEBUG oslo_service.service [req-2e0e049a-ec01-4f89-9628-679753558f32 - - - - -] vif_plugging_timeout = 300 log_opt_values /usr/lib/python3/dist-packages/oslo_config/cfg.py:2602
2025-12-15 00:38:43.075 140886 DEBUG nova.servicegroup.drivers.db [req-b6b6eb98-950a-4034-b030-f25d0a50b65f - - - - -] DB_Driver: join new ServiceGroup member juju-9eba43-0-lxd-7 to the scheduler group, service = join /usr/lib/python3/dist-packages/nova/servicegroup/drivers/db.py:44
2025-12-15 00:38:43.075 139527 DEBUG oslo_service.service [req-2e0e049a-ec01-4f89-9628-679753558f32 - - - - -] virt_mkfs = [] log_opt_values /usr/lib/python3/dist-packages/oslo_config/cfg.py:2602
2025-12-15 00:38:43.075 139527 DEBUG oslo_service.service [req-2e0e049a-ec01-4f89-9628-679753558f32 - - - - -] volume_usage_poll_interval = 0 log_opt_values /usr/lib/python3/dist-packages/oslo_config/cfg.py:2602
2025-12-15 00:38:43.076 139527 DEBUG oslo_service.service [req-2e0e049a-ec01-4f89-9628-679753558f32 - - - - -] watch_log_file = False log_opt_values /usr/lib/python3/dist-packages/oslo_config/cfg.py:2602
2025-12-15 00:38:43.076 139527 DEBUG oslo_service.service [req-2e0e049a-ec01-4f89-9628-679753558f32 - - - - -] web = /usr/share/spice-html5 log_opt_values /usr/lib/python3/dist-packages/oslo_config/cfg.py:2602
2025-12-15 00:38:43.077 139527 DEBUG oslo_service.service [req-2e0e049a-ec01-4f89-9628-679753558f32 - - - - -] oslo_concurrency.disable_process_locking = False log_opt_values /usr/lib/python3/dist-packages/oslo_config/cfg.py:2609
2025-12-15 00:38:43.077 139527 DEBUG oslo_service.service [req-2e0e049a-ec01-4f89-9628-679753558f32 - - - - -] oslo_concurrency.lock_path = /var/lock/nova log_opt_values /usr/lib/python3/dist-packages/oslo_config/cfg.py:2609
2025-12-15 00:38:43.077 140886 DEBUG oslo_messaging._drivers.amqpdriver [-] AMQPListener connection timeout poll /usr/lib/python3/dist-packages/oslo_messaging/_drivers/amqpdriver.py:360
2025-12-15 00:38:43.077 140886 DEBUG oslo_messaging._drivers.amqpdriver [-] Listener is running poll /usr/lib/python3/dist-packages/oslo_messaging/_drivers/amqpdriver.py:343
2025-12-15 00:38:43.077 140886 DEBUG oslo_messaging._drivers.amqpdriver [-] AMQPListener connection consume poll /usr/lib/python3/dist-packages/oslo_messaging/_drivers/amqpdriver.py:357
2025-12-15 00:38:43.077 139527 WARNING oslo_config.cfg [req-2e0e049a-ec01-4f89-9628-679753558f32 - - - - -] Deprecated: Option "auth_strategy" from group "api" is deprecated for removal ( The only non-default choice, ``noauth2``, is for internal development and testing purposes only and should not be used in deployments. This option and its middleware, NoAuthMiddleware[V2_18], will be removed in a future release. ). Its value may be silently ignored in the future.
2025-12-15 00:38:43.079 139527 DEBUG oslo_service.service [req-2e0e049a-ec01-4f89-9628-679753558f32 - - - - -] api.auth_strategy = keystone log_opt_values /usr/lib/python3/dist-packages/oslo_config/cfg.py:2609
2025-12-15 00:38:43.079 139527 DEBUG oslo_service.service [req-2e0e049a-ec01-4f89-9628-679753558f32 - - - - -] api.compute_link_prefix = None log_opt_values /usr/lib/python3/dist-packages/oslo_config/cfg.py:2609
2025-12-15 00:38:43.080 139527 DEBUG oslo_service.service [req-2e0e049a-ec01-4f89-9628-679753558f32 - - - - -] api.config_drive_skip_versions = 1.0 2007-01-19 2007-03-01 2007-08-29 2007-10-10 2007-12-15 2008-02-01 2008-09-01 log_opt_values /usr/lib/python3/dist-packages/oslo_config/cfg.py:2609
2025-12-15 00:38:43.080 139527 DEBUG oslo_service.service [req-2e0e049a-ec01-4f89-9628-679753558f32 - - - - -] api.dhcp_domain = novalocal log_opt_values /usr/lib/python3/dist-packages/oslo_config/cfg.py:2609
2025-12-15 00:38:43.080 139527 DEBUG oslo_service.service [req-2e0e049a-ec01-4f89-9628-679753558f32 - - - - -] api.enable_instance_password = True log_opt_values /usr/lib/python3/dist-packages/oslo_config/cfg.py:2609
2025-12-15 00:38:43.080 139527 DEBUG oslo_service.service [req-2e0e049a-ec01-4f89-9628-679753558f32 - - - - -] api.glance_link_prefix = None log_opt_values /usr/lib/python3/dist-packages/oslo_config/cfg.py:2609
2025-12-15 00:38:43.080 139527 DEBUG oslo_service.service [req-2e0e049a-ec01-4f89-9628-679753558f32 - - - - -] api.instance_list_cells_batch_fixed_size = 100 log_opt_values /usr/lib/python3/dist-packages/oslo_config/cfg.py:2609
2025-12-15 00:38:43.081 139527 DEBUG oslo_service.service [req-2e0e049a-ec01-4f89-9628-679753558f32 - - - - -] api.instance_list_cells_batch_strategy = distributed log_opt_values /usr/lib/python3/dist-packages/oslo_config/cfg.py:2609
2025-12-15 00:38:43.081 139527 DEBUG oslo_service.service [req-2e0e049a-ec01-4f89-9628-679753558f32 - - - - -] api.instance_list_per_project_cells = False log_opt_values /usr/lib/python3/dist-packages/oslo_config/cfg.py:2609
2025-12-15 00:38:43.081 139527 DEBUG oslo_service.service [req-2e0e049a-ec01-4f89-9628-679753558f32 - - - - -] api.list_records_by_skipping_down_cells = True log_opt_values /usr/lib/python3/dist-packages/oslo_config/cfg.py:2609
2025-12-15 00:38:43.081 139527 DEBUG oslo_service.service [req-2e0e049a-ec01-4f89-9628-679753558f32 - - - - -] api.local_metadata_per_cell = False log_opt_values /usr/lib/python3/dist-packages/oslo_config/cfg.py:2609
2025-12-15 00:38:43.081 139527 DEBUG oslo_service.service [req-2e0e049a-ec01-4f89-9628-679753558f32 - - - - -] api.max_limit = 1000 log_opt_values /usr/lib/python3/dist-packages/oslo_config/cfg.py:2609
2025-12-15 00:38:43.082 139527 DEBUG oslo_service.service [req-2e0e049a-ec01-4f89-9628-679753558f32 - - - - -] api.metadata_cache_expiration = 15 log_opt_values /usr/lib/python3/dist-packages/oslo_config/cfg.py:2609
2025-12-15 00:38:43.082 139527 DEBUG oslo_service.service [req-2e0e049a-ec01-4f89-9628-679753558f32 - - - - -] api.neutron_default_tenant_id = default log_opt_values /usr/lib/python3/dist-packages/oslo_config/cfg.py:2609
2025-12-15 00:38:43.082 139527 DEBUG oslo_service.service [req-2e0e049a-ec01-4f89-9628-679753558f32 - - - - -] api.use_forwarded_for = False log_opt_values /usr/lib/python3/dist-packages/oslo_config/cfg.py:2609
2025-12-15 00:38:43.082 139527 DEBUG oslo_service.service [req-2e0e049a-ec01-4f89-9628-679753558f32 - - - - -] api.use_neutron_default_nets = False log_opt_values /usr/lib/python3/dist-packages/oslo_config/cfg.py:2609
2025-12-15 00:38:43.082 139527 DEBUG oslo_service.service [req-2e0e049a-ec01-4f89-9628-679753558f32 - - - - -] api.vendordata_dynamic_connect_timeout = 5 log_opt_values /usr/lib/python3/dist-packages/oslo_config/cfg.py:2609
2025-12-15 00:38:43.083 139527 DEBUG oslo_service.service [req-2e0e049a-ec01-4f89-9628-679753558f32 - - - - -] api.vendordata_dynamic_failure_fatal = False log_opt_values /usr/lib/python3/dist-packages/oslo_config/cfg.py:2609
2025-12-15 00:38:43.083 139527 DEBUG oslo_service.service [req-2e0e049a-ec01-4f89-9628-679753558f32 - - - - -] api.vendordata_dynamic_read_timeout = 5 log_opt_values /usr/lib/python3/dist-packages/oslo_config/cfg.py:2609
2025-12-15 00:38:43.083 139527 DEBUG oslo_service.service [req-2e0e049a-ec01-4f89-9628-679753558f32 - - - - -] api.vendordata_dynamic_ssl_certfile = log_opt_values /usr/lib/python3/dist-packages/oslo_config/cfg.py:2609
2025-12-15 00:38:43.083 139527 DEBUG oslo_service.service [req-2e0e049a-ec01-4f89-9628-679753558f32 - - - - -] api.vendordata_dynamic_targets = [] log_opt_values /usr/lib/python3/dist-packages/oslo_config/cfg.py:2609
2025-12-15 00:38:43.084 139527 DEBUG oslo_service.service [req-2e0e049a-ec01-4f89-9628-679753558f32 - - - - -] api.vendordata_jsonfile_path = None log_opt_values /usr/lib/python3/dist-packages/oslo_config/cfg.py:2609
2025-12-15 00:38:43.084 139527 DEBUG oslo_service.service [req-2e0e049a-ec01-4f89-9628-679753558f32 - - - - -] api.vendordata_providers = ['StaticJSON'] log_opt_values /usr/lib/python3/dist-packages/oslo_config/cfg.py:2609
2025-12-15 00:38:43.084 139527 DEBUG oslo_service.service [req-2e0e049a-ec01-4f89-9628-679753558f32 - - - - -] cache.backend = dogpile.cache.null log_opt_values /usr/lib/python3/dist-packages/oslo_config/cfg.py:2609
2025-12-15 00:38:43.084 139527 DEBUG oslo_service.service [req-2e0e049a-ec01-4f89-9628-679753558f32 - - - - -] cache.backend_argument = **** log_opt_values /usr/lib/python3/dist-packages/oslo_config/cfg.py:2609
2025-12-15 00:38:43.085 139527 DEBUG oslo_service.service [req-2e0e049a-ec01-4f89-9628-679753558f32 - - - - -] cache.config_prefix = cache.oslo log_opt_values /usr/lib/python3/dist-packages/oslo_config/cfg.py:2609
2025-12-15 00:38:43.085 139527 DEBUG oslo_service.service [req-2e0e049a-ec01-4f89-9628-679753558f32 - - - - -] cache.debug_cache_backend = False log_opt_values /usr/lib/python3/dist-packages/oslo_config/cfg.py:2609
2025-12-15 00:38:43.085 139527 DEBUG oslo_service.service [req-2e0e049a-ec01-4f89-9628-679753558f32 - - - - -] cache.enabled = False log_opt_values /usr/lib/python3/dist-packages/oslo_config/cfg.py:2609
2025-12-15 00:38:43.085 139527 DEBUG oslo_service.service [req-2e0e049a-ec01-4f89-9628-679753558f32 - - - - -] cache.expiration_time = 600 log_opt_values /usr/lib/python3/dist-packages/oslo_config/cfg.py:2609
2025-12-15 00:38:43.086 139527 DEBUG oslo_service.service [req-2e0e049a-ec01-4f89-9628-679753558f32 - - - - -] cache.memcache_dead_retry = 300 log_opt_values /usr/lib/python3/dist-packages/oslo_config/cfg.py:2609
2025-12-15 00:38:43.086 139527 DEBUG oslo_service.service [req-2e0e049a-ec01-4f89-9628-679753558f32 - - - - -] cache.memcache_pool_connection_get_timeout = 10 log_opt_values /usr/lib/python3/dist-packages/oslo_config/cfg.py:2609
2025-12-15 00:38:43.086 139527 DEBUG oslo_service.service [req-2e0e049a-ec01-4f89-9628-679753558f32 - - - - -] cache.memcache_pool_flush_on_reconnect = False log_opt_values /usr/lib/python3/dist-packages/oslo_config/cfg.py:2609
2025-12-15 00:38:43.086 139527 DEBUG oslo_service.service [req-2e0e049a-ec01-4f89-9628-679753558f32 - - - - -] cache.memcache_pool_maxsize = 10 log_opt_values /usr/lib/python3/dist-packages/oslo_config/cfg.py:2609
2025-12-15 00:38:43.086 139527 DEBUG oslo_service.service [req-2e0e049a-ec01-4f89-9628-679753558f32 - - - - -] cache.memcache_pool_unused_timeout = 60 log_opt_values /usr/lib/python3/dist-packages/oslo_config/cfg.py:2609
2025-12-15 00:38:43.087 139527 DEBUG oslo_service.service [req-2e0e049a-ec01-4f89-9628-679753558f32 - - - - -] cache.memcache_servers = ['localhost:11211'] log_opt_values /usr/lib/python3/dist-packages/oslo_config/cfg.py:2609
