2025-12-15 00:39:19.455 153786 DEBUG oslo_service.service [req-eea8c782-91f9-4b32-b8b1-d7074ab32e41 - - - - -] glance.cafile = None log_opt_values /usr/lib/python3/dist-packages/oslo_config/cfg.py:2609
2025-12-15 00:39:19.456 153786 DEBUG oslo_service.service [req-eea8c782-91f9-4b32-b8b1-d7074ab32e41 - - - - -] glance.certfile = None log_opt_values /usr/lib/python3/dist-packages/oslo_config/cfg.py:2609
2025-12-15 00:39:19.456 153786 DEBUG oslo_service.service [req-eea8c782-91f9-4b32-b8b1-d7074ab32e41 - - - - -] glance.collect_timing = False log_opt_values /usr/lib/python3/dist-packages/oslo_config/cfg.py:2609
2025-12-15 00:39:19.456 153786 DEBUG oslo_service.service [req-eea8c782-91f9-4b32-b8b1-d7074ab32e41 - - - - -] glance.connect_retries = None log_opt_values /usr/lib/python3/dist-packages/oslo_config/cfg.py:2609
2025-12-15 00:39:19.456 153786 DEBUG oslo_service.service [req-eea8c782-91f9-4b32-b8b1-d7074ab32e41 - - - - -] glance.connect_retry_delay = None log_opt_values /usr/lib/python3/dist-packages/oslo_config/cfg.py:2609
2025-12-15 00:39:19.457 153786 DEBUG oslo_service.service [req-eea8c782-91f9-4b32-b8b1-d7074ab32e41 - - - - -] glance.debug = False log_opt_values /usr/lib/python3/dist-packages/oslo_config/cfg.py:2609
2025-12-15 00:39:19.457 153786 DEBUG oslo_service.service [req-eea8c782-91f9-4b32-b8b1-d7074ab32e41 - - - - -] glance.default_trusted_certificate_ids = [] log_opt_values /usr/lib/python3/dist-packages/oslo_config/cfg.py:2609
2025-12-15 00:39:19.457 153786 DEBUG oslo_service.service [req-eea8c782-91f9-4b32-b8b1-d7074ab32e41 - - - - -] glance.enable_certificate_validation = False log_opt_values /usr/lib/python3/dist-packages/oslo_config/cfg.py:2609
2025-12-15 00:39:19.457 153786 DEBUG oslo_service.service [req-eea8c782-91f9-4b32-b8b1-d7074ab32e41 - - - - -] glance.enable_rbd_download = False log_opt_values /usr/lib/python3/dist-packages/oslo_config/cfg.py:2609
2025-12-15 00:39:19.458 153786 DEBUG oslo_service.service [req-eea8c782-91f9-4b32-b8b1-d7074ab32e41 - - - - -] glance.endpoint_override = None log_opt_values /usr/lib/python3/dist-packages/oslo_config/cfg.py:2609
2025-12-15 00:39:19.458 153786 DEBUG oslo_service.service [req-eea8c782-91f9-4b32-b8b1-d7074ab32e41 - - - - -] glance.insecure = False log_opt_values /usr/lib/python3/dist-packages/oslo_config/cfg.py:2609
2025-12-15 00:39:19.458 153786 DEBUG oslo_service.service [req-eea8c782-91f9-4b32-b8b1-d7074ab32e41 - - - - -] glance.keyfile = None log_opt_values /usr/lib/python3/dist-packages/oslo_config/cfg.py:2609
2025-12-15 00:39:19.458 153786 DEBUG oslo_service.service [req-eea8c782-91f9-4b32-b8b1-d7074ab32e41 - - - - -] glance.max_version = None log_opt_values /usr/lib/python3/dist-packages/oslo_config/cfg.py:2609
2025-12-15 00:39:19.458 153786 DEBUG oslo_service.service [req-eea8c782-91f9-4b32-b8b1-d7074ab32e41 - - - - -] glance.min_version = None log_opt_values /usr/lib/python3/dist-packages/oslo_config/cfg.py:2609
2025-12-15 00:39:19.458 153786 DEBUG oslo_service.service [req-eea8c782-91f9-4b32-b8b1-d7074ab32e41 - - - - -] glance.num_retries = 3 log_opt_values /usr/lib/python3/dist-packages/oslo_config/cfg.py:2609
2025-12-15 00:39:19.459 153786 DEBUG oslo_service.service [req-eea8c782-91f9-4b32-b8b1-d7074ab32e41 - - - - -] glance.rbd_ceph_conf = log_opt_values /usr/lib/python3/dist-packages/oslo_config/cfg.py:2609
2025-12-15 00:39:19.459 153786 DEBUG oslo_service.service [req-eea8c782-91f9-4b32-b8b1-d7074ab32e41 - - - - -] glance.rbd_connect_timeout = 5 log_opt_values /usr/lib/python3/dist-packages/oslo_config/cfg.py:2609
2025-12-15 00:39:19.459 153786 DEBUG oslo_service.service [req-eea8c782-91f9-4b32-b8b1-d7074ab32e41 - - - - -] glance.rbd_pool = log_opt_values /usr/lib/python3/dist-packages/oslo_config/cfg.py:2609
2025-12-15 00:39:19.460 153786 DEBUG oslo_service.service [req-eea8c782-91f9-4b32-b8b1-d7074ab32e41 - - - - -] glance.rbd_user = log_opt_values /usr/lib/python3/dist-packages/oslo_config/cfg.py:2609
2025-12-15 00:39:19.461 153786 DEBUG oslo_service.service [req-eea8c782-91f9-4b32-b8b1-d7074ab32e41 - - - - -] glance.region_name = None log_opt_values /usr/lib/python3/dist-packages/oslo_config/cfg.py:2609
2025-12-15 00:39:19.461 153786 DEBUG oslo_service.service [req-eea8c782-91f9-4b32-b8b1-d7074ab32e41 - - - - -] glance.service_name = None log_opt_values /usr/lib/python3/dist-packages/oslo_config/cfg.py:2609
2025-12-15 00:39:19.461 153786 DEBUG oslo_service.service [req-eea8c782-91f9-4b32-b8b1-d7074ab32e41 - - - - -] glance.service_type = image log_opt_values /usr/lib/python3/dist-packages/oslo_config/cfg.py:2609
2025-12-15 00:39:19.461 153786 DEBUG oslo_service.service [req-eea8c782-91f9-4b32-b8b1-d7074ab32e41 - - - - -] glance.split_loggers = False log_opt_values /usr/lib/python3/dist-packages/oslo_config/cfg.py:2609
2025-12-15 00:39:19.462 153786 DEBUG oslo_service.service [req-eea8c782-91f9-4b32-b8b1-d7074ab32e41 - - - - -] glance.status_code_retries = None log_opt_values /usr/lib/python3/dist-packages/oslo_config/cfg.py:2609
2025-12-15 00:39:19.463 153786 DEBUG oslo_service.service [req-eea8c782-91f9-4b32-b8b1-d7074ab32e41 - - - - -] glance.status_code_retry_delay = None log_opt_values /usr/lib/python3/dist-packages/oslo_config/cfg.py:2609
2025-12-15 00:39:19.464 153786 DEBUG oslo_service.service [req-eea8c782-91f9-4b32-b8b1-d7074ab32e41 - - - - -] glance.timeout = None log_opt_values /usr/lib/python3/dist-packages/oslo_config/cfg.py:2609
2025-12-15 00:39:19.464 153786 DEBUG oslo_service.service [req-eea8c782-91f9-4b32-b8b1-d7074ab32e41 - - - - -] glance.valid_interfaces = ['internal', 'public'] log_opt_values /usr/lib/python3/dist-packages/oslo_config/cfg.py:2609
2025-12-15 00:39:19.464 153786 DEBUG oslo_service.service [req-eea8c782-91f9-4b32-b8b1-d7074ab32e41 - - - - -] glance.verify_glance_signatures = False log_opt_values /usr/lib/python3/dist-packages/oslo_config/cfg.py:2609
2025-12-15 00:39:19.464 153786 DEBUG oslo_service.service [req-eea8c782-91f9-4b32-b8b1-d7074ab32e41 - - - - -] glance.version = None log_opt_values /usr/lib/python3/dist-packages/oslo_config/cfg.py:2609
2025-12-15 00:39:19.465 153786 DEBUG oslo_service.service [req-eea8c782-91f9-4b32-b8b1-d7074ab32e41 - - - - -] guestfs.debug = False log_opt_values /usr/lib/python3/dist-packages/oslo_config/cfg.py:2609
2025-12-15 00:39:19.465 153786 DEBUG oslo_service.service [req-eea8c782-91f9-4b32-b8b1-d7074ab32e41 - - - - -] hyperv.config_drive_cdrom = False log_opt_values /usr/lib/python3/dist-packages/oslo_config/cfg.py:2609
2025-12-15 00:39:19.465 153786 DEBUG oslo_service.service [req-eea8c782-91f9-4b32-b8b1-d7074ab32e41 - - - - -] hyperv.config_drive_inject_password = False log_opt_values /usr/lib/python3/dist-packages/oslo_config/cfg.py:2609
2025-12-15 00:39:19.465 153786 DEBUG oslo_service.service [req-eea8c782-91f9-4b32-b8b1-d7074ab32e41 - - - - -] hyperv.dynamic_memory_ratio = 1.0 log_opt_values /usr/lib/python3/dist-packages/oslo_config/cfg.py:2609
2025-12-15 00:39:19.465 153786 DEBUG oslo_service.service [req-eea8c782-91f9-4b32-b8b1-d7074ab32e41 - - - - -] hyperv.enable_instance_metrics_collection = False log_opt_values /usr/lib/python3/dist-packages/oslo_config/cfg.py:2609
2025-12-15 00:39:19.466 153786 DEBUG oslo_service.service [req-eea8c782-91f9-4b32-b8b1-d7074ab32e41 - - - - -] hyperv.enable_remotefx = False log_opt_values /usr/lib/python3/dist-packages/oslo_config/cfg.py:2609
2025-12-15 00:39:19.466 153786 DEBUG oslo_service.service [req-eea8c782-91f9-4b32-b8b1-d7074ab32e41 - - - - -] hyperv.instances_path_share = log_opt_values /usr/lib/python3/dist-packages/oslo_config/cfg.py:2609
2025-12-15 00:39:19.466 153786 DEBUG oslo_service.service [req-eea8c782-91f9-4b32-b8b1-d7074ab32e41 - - - - -] hyperv.iscsi_initiator_list = [] log_opt_values /usr/lib/python3/dist-packages/oslo_config/cfg.py:2609
2025-12-15 00:39:19.466 153786 DEBUG oslo_service.service [req-eea8c782-91f9-4b32-b8b1-d7074ab32e41 - - - - -] hyperv.limit_cpu_features = False log_opt_values /usr/lib/python3/dist-packages/oslo_config/cfg.py:2609
2025-12-15 00:39:19.466 153786 DEBUG oslo_service.service [req-eea8c782-91f9-4b32-b8b1-d7074ab32e41 - - - - -] hyperv.mounted_disk_query_retry_count = 10 log_opt_values /usr/lib/python3/dist-packages/oslo_config/cfg.py:2609
2025-12-15 00:39:19.467 153786 DEBUG oslo_service.service [req-eea8c782-91f9-4b32-b8b1-d7074ab32e41 - - - - -] hyperv.mounted_disk_query_retry_interval = 5 log_opt_values /usr/lib/python3/dist-packages/oslo_config/cfg.py:2609
2025-12-15 00:39:19.467 153786 DEBUG oslo_service.service [req-eea8c782-91f9-4b32-b8b1-d7074ab32e41 - - - - -] hyperv.power_state_check_timeframe = 60 log_opt_values /usr/lib/python3/dist-packages/oslo_config/cfg.py:2609
2025-12-15 00:39:19.467 153786 DEBUG oslo_service.service [req-eea8c782-91f9-4b32-b8b1-d7074ab32e41 - - - - -] hyperv.power_state_event_polling_interval = 2 log_opt_values /usr/lib/python3/dist-packages/oslo_config/cfg.py:2609
2025-12-15 00:39:19.467 153786 DEBUG oslo_service.service [req-eea8c782-91f9-4b32-b8b1-d7074ab32e41 - - - - -] hyperv.qemu_img_cmd = qemu-img.exe log_opt_values /usr/lib/python3/dist-packages/oslo_config/cfg.py:2609
2025-12-15 00:39:19.467 153786 DEBUG oslo_service.service [req-eea8c782-91f9-4b32-b8b1-d7074ab32e41 - - - - -] hyperv.use_multipath_io = False log_opt_values /usr/lib/python3/dist-packages/oslo_config/cfg.py:2609
2025-12-15 00:39:19.468 153786 DEBUG oslo_service.service [req-eea8c782-91f9-4b32-b8b1-d7074ab32e41 - - - - -] hyperv.volume_attach_retry_count = 10 log_opt_values /usr/lib/python3/dist-packages/oslo_config/cfg.py:2609
2025-12-15 00:39:19.468 153786 DEBUG oslo_service.service [req-eea8c782-91f9-4b32-b8b1-d7074ab32e41 - - - - -] hyperv.volume_attach_retry_interval = 5 log_opt_values /usr/lib/python3/dist-packages/oslo_config/cfg.py:2609
2025-12-15 00:39:19.468 153786 DEBUG oslo_service.service [req-eea8c782-91f9-4b32-b8b1-d7074ab32e41 - - - - -] hyperv.vswitch_name = None log_opt_values /usr/lib/python3/dist-packages/oslo_config/cfg.py:2609
2025-12-15 00:39:19.468 153786 DEBUG oslo_service.service [req-eea8c782-91f9-4b32-b8b1-d7074ab32e41 - - - - -] hyperv.wait_soft_reboot_seconds = 60 log_opt_values /usr/lib/python3/dist-packages/oslo_config/cfg.py:2609
2025-12-15 00:39:19.469 153786 DEBUG oslo_service.service [req-eea8c782-91f9-4b32-b8b1-d7074ab32e41 - - - - -] mks.enabled = False log_opt_values /usr/lib/python3/dist-packages/oslo_config/cfg.py:2609
2025-12-15 00:39:19.469 153786 DEBUG oslo_service.service [req-eea8c782-91f9-4b32-b8b1-d7074ab32e41 - - - - -] mks.mksproxy_base_url = http://127.0.0.1:6090/ log_opt_values /usr/lib/python3/dist-packages/oslo_config/cfg.py:2609
2025-12-15 00:39:19.469 154102 DEBUG nova.service [req-308da6c9-19d4-4db2-be77-6cf3c74b824d - - - - -] Creating RPC server for service conductor start /usr/lib/python3/dist-packages/nova/service.py:182
2025-12-15 00:39:19.469 153786 DEBUG oslo_service.service [req-eea8c782-91f9-4b32-b8b1-d7074ab32e41 - - - - -] image_cache.manager_interval = 2400 log_opt_values /usr/lib/python3/dist-packages/oslo_config/cfg.py:2609
2025-12-15 00:39:19.470 153786 DEBUG oslo_service.service [req-eea8c782-91f9-4b32-b8b1-d7074ab32e41 - - - - -] image_cache.precache_concurrency = 1 log_opt_values /usr/lib/python3/dist-packages/oslo_config/cfg.py:2609
2025-12-15 00:39:19.470 153786 DEBUG oslo_service.service [req-eea8c782-91f9-4b32-b8b1-d7074ab32e41 - - - - -] image_cache.remove_unused_base_images = True log_opt_values /usr/lib/python3/dist-packages/oslo_config/cfg.py:2609
2025-12-15 00:39:19.470 153786 DEBUG oslo_service.service [req-eea8c782-91f9-4b32-b8b1-d7074ab32e41 - - - - -] image_cache.remove_unused_original_minimum_age_seconds = 86400 log_opt_values /usr/lib/python3/dist-packages/oslo_config/cfg.py:2609
2025-12-15 00:39:19.470 153786 DEBUG oslo_service.service [req-eea8c782-91f9-4b32-b8b1-d7074ab32e41 - - - - -] image_cache.remove_unused_resized_minimum_age_seconds = 3600 log_opt_values /usr/lib/python3/dist-packages/oslo_config/cfg.py:2609
2025-12-15 00:39:19.470 153786 DEBUG oslo_service.service [req-eea8c782-91f9-4b32-b8b1-d7074ab32e41 - - - - -] image_cache.subdirectory_name = _base log_opt_values /usr/lib/python3/dist-packages/oslo_config/cfg.py:2609
2025-12-15 00:39:19.471 153786 DEBUG oslo_service.service [req-eea8c782-91f9-4b32-b8b1-d7074ab32e41 - - - - -] ironic.api_max_retries = 60 log_opt_values /usr/lib/python3/dist-packages/oslo_config/cfg.py:2609
2025-12-15 00:39:19.471 153786 DEBUG oslo_service.service [req-eea8c782-91f9-4b32-b8b1-d7074ab32e41 - - - - -] ironic.api_retry_interval = 2 log_opt_values /usr/lib/python3/dist-packages/oslo_config/cfg.py:2609
2025-12-15 00:39:19.471 153786 DEBUG oslo_service.service [req-eea8c782-91f9-4b32-b8b1-d7074ab32e41 - - - - -] ironic.auth_section = None log_opt_values /usr/lib/python3/dist-packages/oslo_config/cfg.py:2609
2025-12-15 00:39:19.471 153786 DEBUG oslo_service.service [req-eea8c782-91f9-4b32-b8b1-d7074ab32e41 - - - - -] ironic.auth_type = None log_opt_values /usr/lib/python3/dist-packages/oslo_config/cfg.py:2609
2025-12-15 00:39:19.468 154100 DEBUG nova.service [req-d0162b64-ea1a-4815-9b2e-db8520177dd6 - - - - -] Join ServiceGroup membership for this service conductor start /usr/lib/python3/dist-packages/nova/service.py:199
2025-12-15 00:39:19.471 153786 DEBUG oslo_service.service [req-eea8c782-91f9-4b32-b8b1-d7074ab32e41 - - - - -] ironic.cafile = None log_opt_values /usr/lib/python3/dist-packages/oslo_config/cfg.py:2609
2025-12-15 00:39:19.471 153786 DEBUG oslo_service.service [req-eea8c782-91f9-4b32-b8b1-d7074ab32e41 - - - - -] ironic.certfile = None log_opt_values /usr/lib/python3/dist-packages/oslo_config/cfg.py:2609
2025-12-15 00:39:19.472 153786 DEBUG oslo_service.service [req-eea8c782-91f9-4b32-b8b1-d7074ab32e41 - - - - -] ironic.collect_timing = False log_opt_values /usr/lib/python3/dist-packages/oslo_config/cfg.py:2609
2025-12-15 00:39:19.472 153786 DEBUG oslo_service.service [req-eea8c782-91f9-4b32-b8b1-d7074ab32e41 - - - - -] ironic.connect_retries = None log_opt_values /usr/lib/python3/dist-packages/oslo_config/cfg.py:2609
2025-12-15 00:39:19.472 154100 DEBUG nova.servicegroup.drivers.db [req-d0162b64-ea1a-4815-9b2e-db8520177dd6 - - - - -] DB_Driver: join new ServiceGroup member juju-9eba43-0-lxd-7 to the conductor group, service = join /usr/lib/python3/dist-packages/nova/servicegroup/drivers/db.py:44
2025-12-15 00:39:19.472 153786 DEBUG oslo_service.service [req-eea8c782-91f9-4b32-b8b1-d7074ab32e41 - - - - -] ironic.connect_retry_delay = None log_opt_values /usr/lib/python3/dist-packages/oslo_config/cfg.py:2609
2025-12-15 00:39:19.472 153786 DEBUG oslo_service.service [req-eea8c782-91f9-4b32-b8b1-d7074ab32e41 - - - - -] ironic.endpoint_override = None log_opt_values /usr/lib/python3/dist-packages/oslo_config/cfg.py:2609
2025-12-15 00:39:19.472 153786 DEBUG oslo_service.service [req-eea8c782-91f9-4b32-b8b1-d7074ab32e41 - - - - -] ironic.insecure = False log_opt_values /usr/lib/python3/dist-packages/oslo_config/cfg.py:2609
2025-12-15 00:39:19.473 153786 DEBUG oslo_service.service [req-eea8c782-91f9-4b32-b8b1-d7074ab32e41 - - - - -] ironic.keyfile = None log_opt_values /usr/lib/python3/dist-packages/oslo_config/cfg.py:2609
2025-12-15 00:39:19.473 153786 DEBUG oslo_service.service [req-eea8c782-91f9-4b32-b8b1-d7074ab32e41 - - - - -] ironic.max_version = None log_opt_values /usr/lib/python3/dist-packages/oslo_config/cfg.py:2609
2025-12-15 00:39:19.473 153786 DEBUG oslo_service.service [req-eea8c782-91f9-4b32-b8b1-d7074ab32e41 - - - - -] ironic.min_version = None log_opt_values /usr/lib/python3/dist-packages/oslo_config/cfg.py:2609
2025-12-15 00:39:19.473 153786 DEBUG oslo_service.service [req-eea8c782-91f9-4b32-b8b1-d7074ab32e41 - - - - -] ironic.partition_key = None log_opt_values /usr/lib/python3/dist-packages/oslo_config/cfg.py:2609
2025-12-15 00:39:19.473 153786 DEBUG oslo_service.service [req-eea8c782-91f9-4b32-b8b1-d7074ab32e41 - - - - -] ironic.peer_list = [] log_opt_values /usr/lib/python3/dist-packages/oslo_config/cfg.py:2609
2025-12-15 00:39:19.474 153786 DEBUG oslo_service.service [req-eea8c782-91f9-4b32-b8b1-d7074ab32e41 - - - - -] ironic.region_name = None log_opt_values /usr/lib/python3/dist-packages/oslo_config/cfg.py:2609
2025-12-15 00:39:19.472 154100 DEBUG oslo_messaging._drivers.amqpdriver [-] AMQPListener connection timeout poll /usr/lib/python3/dist-packages/oslo_messaging/_drivers/amqpdriver.py:360
2025-12-15 00:39:19.474 153786 DEBUG oslo_service.service [req-eea8c782-91f9-4b32-b8b1-d7074ab32e41 - - - - -] ironic.serial_console_state_timeout = 10 log_opt_values /usr/lib/python3/dist-packages/oslo_config/cfg.py:2609
2025-12-15 00:39:19.474 154100 DEBUG oslo_messaging._drivers.amqpdriver [-] Listener is running poll /usr/lib/python3/dist-packages/oslo_messaging/_drivers/amqpdriver.py:343
2025-12-15 00:39:19.474 153786 DEBUG oslo_service.service [req-eea8c782-91f9-4b32-b8b1-d7074ab32e41 - - - - -] ironic.service_name = None log_opt_values /usr/lib/python3/dist-packages/oslo_config/cfg.py:2609
2025-12-15 00:39:19.474 154100 DEBUG oslo_messaging._drivers.amqpdriver [-] AMQPListener connection consume poll /usr/lib/python3/dist-packages/oslo_messaging/_drivers/amqpdriver.py:357
2025-12-15 00:39:19.474 153786 DEBUG oslo_service.service [req-eea8c782-91f9-4b32-b8b1-d7074ab32e41 - - - - -] ironic.service_type = baremetal log_opt_values /usr/lib/python3/dist-packages/oslo_config/cfg.py:2609
2025-12-15 00:39:19.475 153786 DEBUG oslo_service.service [req-eea8c782-91f9-4b32-b8b1-d7074ab32e41 - - - - -] ironic.split_loggers = False log_opt_values /usr/lib/python3/dist-packages/oslo_config/cfg.py:2609
2025-12-15 00:39:19.475 153786 DEBUG oslo_service.service [req-eea8c782-91f9-4b32-b8b1-d7074ab32e41 - - - - -] ironic.status_code_retries = None log_opt_values /usr/lib/python3/dist-packages/oslo_config/cfg.py:2609
2025-12-15 00:39:19.475 153786 DEBUG oslo_service.service [req-eea8c782-91f9-4b32-b8b1-d7074ab32e41 - - - - -] ironic.status_code_retry_delay = None log_opt_values /usr/lib/python3/dist-packages/oslo_config/cfg.py:2609
2025-12-15 00:39:19.476 153786 DEBUG oslo_service.service [req-eea8c782-91f9-4b32-b8b1-d7074ab32e41 - - - - -] ironic.timeout = None log_opt_values /usr/lib/python3/dist-packages/oslo_config/cfg.py:2609
2025-12-15 00:39:19.476 153786 DEBUG oslo_service.service [req-eea8c782-91f9-4b32-b8b1-d7074ab32e41 - - - - -] ironic.valid_interfaces = ['internal', 'public'] log_opt_values /usr/lib/python3/dist-packages/oslo_config/cfg.py:2609
2025-12-15 00:39:19.476 153786 DEBUG oslo_service.service [req-eea8c782-91f9-4b32-b8b1-d7074ab32e41 - - - - -] ironic.version = None log_opt_values /usr/lib/python3/dist-packages/oslo_config/cfg.py:2609
2025-12-15 00:39:19.476 153786 DEBUG oslo_service.service [req-eea8c782-91f9-4b32-b8b1-d7074ab32e41 - - - - -] key_manager.backend = barbican log_opt_values /usr/lib/python3/dist-packages/oslo_config/cfg.py:2609
2025-12-15 00:39:19.477 153786 DEBUG oslo_service.service [req-eea8c782-91f9-4b32-b8b1-d7074ab32e41 - - - - -] key_manager.fixed_key = **** log_opt_values /usr/lib/python3/dist-packages/oslo_config/cfg.py:2609
2025-12-15 00:39:19.477 153786 DEBUG oslo_service.service [req-eea8c782-91f9-4b32-b8b1-d7074ab32e41 - - - - -] barbican.auth_endpoint = http://localhost/identity/v3 log_opt_values /usr/lib/python3/dist-packages/oslo_config/cfg.py:2609
2025-12-15 00:39:19.477 153786 DEBUG oslo_service.service [req-eea8c782-91f9-4b32-b8b1-d7074ab32e41 - - - - -] barbican.barbican_api_version = None log_opt_values /usr/lib/python3/dist-packages/oslo_config/cfg.py:2609
2025-12-15 00:39:19.478 153786 DEBUG oslo_service.service [req-eea8c782-91f9-4b32-b8b1-d7074ab32e41 - - - - -] barbican.barbican_endpoint = None log_opt_values /usr/lib/python3/dist-packages/oslo_config/cfg.py:2609
2025-12-15 00:39:19.478 153786 DEBUG oslo_service.service [req-eea8c782-91f9-4b32-b8b1-d7074ab32e41 - - - - -] barbican.barbican_endpoint_type = public log_opt_values /usr/lib/python3/dist-packages/oslo_config/cfg.py:2609
2025-12-15 00:39:19.478 153786 DEBUG oslo_service.service [req-eea8c782-91f9-4b32-b8b1-d7074ab32e41 - - - - -] barbican.barbican_region_name = None log_opt_values /usr/lib/python3/dist-packages/oslo_config/cfg.py:2609
2025-12-15 00:39:19.478 153786 DEBUG oslo_service.service [req-eea8c782-91f9-4b32-b8b1-d7074ab32e41 - - - - -] barbican.cafile = None log_opt_values /usr/lib/python3/dist-packages/oslo_config/cfg.py:2609
2025-12-15 00:39:19.478 153786 DEBUG oslo_service.service [req-eea8c782-91f9-4b32-b8b1-d7074ab32e41 - - - - -] barbican.certfile = None log_opt_values /usr/lib/python3/dist-packages/oslo_config/cfg.py:2609
2025-12-15 00:39:19.479 153786 DEBUG oslo_service.service [req-eea8c782-91f9-4b32-b8b1-d7074ab32e41 - - - - -] barbican.collect_timing = False log_opt_values /usr/lib/python3/dist-packages/oslo_config/cfg.py:2609
2025-12-15 00:39:19.479 153786 DEBUG oslo_service.service [req-eea8c782-91f9-4b32-b8b1-d7074ab32e41 - - - - -] barbican.insecure = False log_opt_values /usr/lib/python3/dist-packages/oslo_config/cfg.py:2609
2025-12-15 00:39:19.479 153786 DEBUG oslo_service.service [req-eea8c782-91f9-4b32-b8b1-d7074ab32e41 - - - - -] barbican.keyfile = None log_opt_values /usr/lib/python3/dist-packages/oslo_config/cfg.py:2609
2025-12-15 00:39:19.479 153786 DEBUG oslo_service.service [req-eea8c782-91f9-4b32-b8b1-d7074ab32e41 - - - - -] barbican.number_of_retries = 60 log_opt_values /usr/lib/python3/dist-packages/oslo_config/cfg.py:2609
2025-12-15 00:39:19.479 153786 DEBUG oslo_service.service [req-eea8c782-91f9-4b32-b8b1-d7074ab32e41 - - - - -] barbican.retry_delay = 1 log_opt_values /usr/lib/python3/dist-packages/oslo_config/cfg.py:2609
2025-12-15 00:39:19.480 153786 DEBUG oslo_service.service [req-eea8c782-91f9-4b32-b8b1-d7074ab32e41 - - - - -] barbican.send_service_user_token = False log_opt_values /usr/lib/python3/dist-packages/oslo_config/cfg.py:2609
2025-12-15 00:39:19.480 153786 DEBUG oslo_service.service [req-eea8c782-91f9-4b32-b8b1-d7074ab32e41 - - - - -] barbican.split_loggers = False log_opt_values /usr/lib/python3/dist-packages/oslo_config/cfg.py:2609
2025-12-15 00:39:19.480 153786 DEBUG oslo_service.service [req-eea8c782-91f9-4b32-b8b1-d7074ab32e41 - - - - -] barbican.timeout = None log_opt_values /usr/lib/python3/dist-packages/oslo_config/cfg.py:2609
2025-12-15 00:39:19.480 153786 DEBUG oslo_service.service [req-eea8c782-91f9-4b32-b8b1-d7074ab32e41 - - - - -] barbican.verify_ssl = True log_opt_values /usr/lib/python3/dist-packages/oslo_config/cfg.py:2609
2025-12-15 00:39:19.480 153786 DEBUG oslo_service.service [req-eea8c782-91f9-4b32-b8b1-d7074ab32e41 - - - - -] barbican.verify_ssl_path = None log_opt_values /usr/lib/python3/dist-packages/oslo_config/cfg.py:2609
2025-12-15 00:39:19.482 153786 DEBUG oslo_service.service [req-eea8c782-91f9-4b32-b8b1-d7074ab32e41 - - - - -] barbican_service_user.auth_section = None log_opt_values /usr/lib/python3/dist-packages/oslo_config/cfg.py:2609
2025-12-15 00:39:19.482 153786 DEBUG oslo_service.service [req-eea8c782-91f9-4b32-b8b1-d7074ab32e41 - - - - -] barbican_service_user.auth_type = None log_opt_values /usr/lib/python3/dist-packages/oslo_config/cfg.py:2609
2025-12-15 00:39:19.482 153786 DEBUG oslo_service.service [req-eea8c782-91f9-4b32-b8b1-d7074ab32e41 - - - - -] barbican_service_user.cafile = None log_opt_values /usr/lib/python3/dist-packages/oslo_config/cfg.py:2609
2025-12-15 00:39:19.482 153786 DEBUG oslo_service.service [req-eea8c782-91f9-4b32-b8b1-d7074ab32e41 - - - - -] barbican_service_user.certfile = None log_opt_values /usr/lib/python3/dist-packages/oslo_config/cfg.py:2609
2025-12-15 00:39:19.482 154103 DEBUG oslo_messaging._drivers.amqpdriver [-] Listener is running poll /usr/lib/python3/dist-packages/oslo_messaging/_drivers/amqpdriver.py:343
2025-12-15 00:39:19.483 154103 DEBUG oslo_messaging._drivers.amqpdriver [-] AMQPListener connection consume poll /usr/lib/python3/dist-packages/oslo_messaging/_drivers/amqpdriver.py:357
2025-12-15 00:39:19.483 153786 DEBUG oslo_service.service [req-eea8c782-91f9-4b32-b8b1-d7074ab32e41 - - - - -] barbican_service_user.collect_timing = False log_opt_values /usr/lib/python3/dist-packages/oslo_config/cfg.py:2609
2025-12-15 00:39:19.483 153786 DEBUG oslo_service.service [req-eea8c782-91f9-4b32-b8b1-d7074ab32e41 - - - - -] barbican_service_user.insecure = False log_opt_values /usr/lib/python3/dist-packages/oslo_config/cfg.py:2609
2025-12-15 00:39:19.483 153786 DEBUG oslo_service.service [req-eea8c782-91f9-4b32-b8b1-d7074ab32e41 - - - - -] barbican_service_user.keyfile = None log_opt_values /usr/lib/python3/dist-packages/oslo_config/cfg.py:2609
2025-12-15 00:39:19.483 154103 DEBUG nova.service [req-5ee852b5-37fe-4f99-b53f-100187190dee - - - - -] Join ServiceGroup membership for this service conductor start /usr/lib/python3/dist-packages/nova/service.py:199
2025-12-15 00:39:19.483 153786 DEBUG oslo_service.service [req-eea8c782-91f9-4b32-b8b1-d7074ab32e41 - - - - -] barbican_service_user.split_loggers = False log_opt_values /usr/lib/python3/dist-packages/oslo_config/cfg.py:2609
2025-12-15 00:39:19.484 153786 DEBUG oslo_service.service [req-eea8c782-91f9-4b32-b8b1-d7074ab32e41 - - - - -] barbican_service_user.timeout = None log_opt_values /usr/lib/python3/dist-packages/oslo_config/cfg.py:2609
2025-12-15 00:39:19.484 154103 DEBUG nova.servicegroup.drivers.db [req-5ee852b5-37fe-4f99-b53f-100187190dee - - - - -] DB_Driver: join new ServiceGroup member juju-9eba43-0-lxd-7 to the conductor group, service = join /usr/lib/python3/dist-packages/nova/servicegroup/drivers/db.py:44
2025-12-15 00:39:19.484 153786 DEBUG oslo_service.service [req-eea8c782-91f9-4b32-b8b1-d7074ab32e41 - - - - -] vault.approle_role_id = None log_opt_values /usr/lib/python3/dist-packages/oslo_config/cfg.py:2609
2025-12-15 00:39:19.484 153786 DEBUG oslo_service.service [req-eea8c782-91f9-4b32-b8b1-d7074ab32e41 - - - - -] vault.approle_secret_id = None log_opt_values /usr/lib/python3/dist-packages/oslo_config/cfg.py:2609
2025-12-15 00:39:19.484 153786 DEBUG oslo_service.service [req-eea8c782-91f9-4b32-b8b1-d7074ab32e41 - - - - -] vault.cafile = None log_opt_values /usr/lib/python3/dist-packages/oslo_config/cfg.py:2609
2025-12-15 00:39:19.485 153786 DEBUG oslo_service.service [req-eea8c782-91f9-4b32-b8b1-d7074ab32e41 - - - - -] vault.certfile = None log_opt_values /usr/lib/python3/dist-packages/oslo_config/cfg.py:2609
2025-12-15 00:39:19.485 153786 DEBUG oslo_service.service [req-eea8c782-91f9-4b32-b8b1-d7074ab32e41 - - - - -] vault.collect_timing = False log_opt_values /usr/lib/python3/dist-packages/oslo_config/cfg.py:2609
2025-12-15 00:39:19.485 153786 DEBUG oslo_service.service [req-eea8c782-91f9-4b32-b8b1-d7074ab32e41 - - - - -] vault.insecure = False log_opt_values /usr/lib/python3/dist-packages/oslo_config/cfg.py:2609
2025-12-15 00:39:19.485 153786 DEBUG oslo_service.service [req-eea8c782-91f9-4b32-b8b1-d7074ab32e41 - - - - -] vault.keyfile = None log_opt_values /usr/lib/python3/dist-packages/oslo_config/cfg.py:2609
2025-12-15 00:39:19.486 153786 DEBUG oslo_service.service [req-eea8c782-91f9-4b32-b8b1-d7074ab32e41 - - - - -] vault.kv_mountpoint = secret log_opt_values /usr/lib/python3/dist-packages/oslo_config/cfg.py:2609
2025-12-15 00:39:19.486 153786 DEBUG oslo_service.service [req-eea8c782-91f9-4b32-b8b1-d7074ab32e41 - - - - -] vault.kv_version = 2 log_opt_values /usr/lib/python3/dist-packages/oslo_config/cfg.py:2609
2025-12-15 00:39:19.486 153786 DEBUG oslo_service.service [req-eea8c782-91f9-4b32-b8b1-d7074ab32e41 - - - - -] vault.namespace = None log_opt_values /usr/lib/python3/dist-packages/oslo_config/cfg.py:2609
2025-12-15 00:39:19.486 153786 DEBUG oslo_service.service [req-eea8c782-91f9-4b32-b8b1-d7074ab32e41 - - - - -] vault.root_token_id = None log_opt_values /usr/lib/python3/dist-packages/oslo_config/cfg.py:2609
2025-12-15 00:39:19.487 153786 DEBUG oslo_service.service [req-eea8c782-91f9-4b32-b8b1-d7074ab32e41 - - - - -] vault.split_loggers = False log_opt_values /usr/lib/python3/dist-packages/oslo_config/cfg.py:2609
2025-12-15 00:39:19.487 154103 DEBUG oslo_messaging._drivers.amqpdriver [-] AMQPListener connection timeout poll /usr/lib/python3/dist-packages/oslo_messaging/_drivers/amqpdriver.py:360
2025-12-15 00:39:19.487 154103 DEBUG oslo_messaging._drivers.amqpdriver [-] Listener is running poll /usr/lib/python3/dist-packages/oslo_messaging/_drivers/amqpdriver.py:343
2025-12-15 00:39:19.487 153786 DEBUG oslo_service.service [req-eea8c782-91f9-4b32-b8b1-d7074ab32e41 - - - - -] vault.ssl_ca_crt_file = None log_opt_values /usr/lib/python3/dist-packages/oslo_config/cfg.py:2609
2025-12-15 00:39:19.487 154103 DEBUG oslo_messaging._drivers.amqpdriver [-] AMQPListener connection consume poll /usr/lib/python3/dist-packages/oslo_messaging/_drivers/amqpdriver.py:357
2025-12-15 00:39:19.487 153786 DEBUG oslo_service.service [req-eea8c782-91f9-4b32-b8b1-d7074ab32e41 - - - - -] vault.timeout = None log_opt_values /usr/lib/python3/dist-packages/oslo_config/cfg.py:2609
2025-12-15 00:39:19.487 153786 DEBUG oslo_service.service [req-eea8c782-91f9-4b32-b8b1-d7074ab32e41 - - - - -] vault.use_ssl = False log_opt_values /usr/lib/python3/dist-packages/oslo_config/cfg.py:2609
2025-12-15 00:39:19.487 153786 DEBUG oslo_service.service [req-eea8c782-91f9-4b32-b8b1-d7074ab32e41 - - - - -] vault.vault_url = http://127.0.0.1:8200 log_opt_values /usr/lib/python3/dist-packages/oslo_config/cfg.py:2609
2025-12-15 00:39:19.488 153786 DEBUG oslo_service.service [req-eea8c782-91f9-4b32-b8b1-d7074ab32e41 - - - - -] keystone.cafile = None log_opt_values /usr/lib/python3/dist-packages/oslo_config/cfg.py:2609
2025-12-15 00:39:19.488 153786 DEBUG oslo_service.service [req-eea8c782-91f9-4b32-b8b1-d7074ab32e41 - - - - -] keystone.certfile = None log_opt_values /usr/lib/python3/dist-packages/oslo_config/cfg.py:2609
2025-12-15 00:39:19.488 153786 DEBUG oslo_service.service [req-eea8c782-91f9-4b32-b8b1-d7074ab32e41 - - - - -] keystone.collect_timing = False log_opt_values /usr/lib/python3/dist-packages/oslo_config/cfg.py:2609
2025-12-15 00:39:19.488 153786 DEBUG oslo_service.service [req-eea8c782-91f9-4b32-b8b1-d7074ab32e41 - - - - -] keystone.connect_retries = None log_opt_values /usr/lib/python3/dist-packages/oslo_config/cfg.py:2609
2025-12-15 00:39:19.488 154101 DEBUG oslo_messaging._drivers.amqpdriver [-] Listener is running poll /usr/lib/python3/dist-packages/oslo_messaging/_drivers/amqpdriver.py:343
2025-12-15 00:39:19.489 153786 DEBUG oslo_service.service [req-eea8c782-91f9-4b32-b8b1-d7074ab32e41 - - - - -] keystone.connect_retry_delay = None log_opt_values /usr/lib/python3/dist-packages/oslo_config/cfg.py:2609
2025-12-15 00:39:19.489 154101 DEBUG oslo_messaging._drivers.amqpdriver [-] AMQPListener connection consume poll /usr/lib/python3/dist-packages/oslo_messaging/_drivers/amqpdriver.py:357
2025-12-15 00:39:19.489 153786 DEBUG oslo_service.service [req-eea8c782-91f9-4b32-b8b1-d7074ab32e41 - - - - -] keystone.endpoint_override = None log_opt_values /usr/lib/python3/dist-packages/oslo_config/cfg.py:2609
2025-12-15 00:39:19.489 153786 DEBUG oslo_service.service [req-eea8c782-91f9-4b32-b8b1-d7074ab32e41 - - - - -] keystone.insecure = False log_opt_values /usr/lib/python3/dist-packages/oslo_config/cfg.py:2609
2025-12-15 00:39:19.489 153786 DEBUG oslo_service.service [req-eea8c782-91f9-4b32-b8b1-d7074ab32e41 - - - - -] keystone.keyfile = None log_opt_values /usr/lib/python3/dist-packages/oslo_config/cfg.py:2609
2025-12-15 00:39:19.489 153786 DEBUG oslo_service.service [req-eea8c782-91f9-4b32-b8b1-d7074ab32e41 - - - - -] keystone.max_version = None log_opt_values /usr/lib/python3/dist-packages/oslo_config/cfg.py:2609
2025-12-15 00:39:19.489 153786 DEBUG oslo_service.service [req-eea8c782-91f9-4b32-b8b1-d7074ab32e41 - - - - -] keystone.min_version = None log_opt_values /usr/lib/python3/dist-packages/oslo_config/cfg.py:2609
2025-12-15 00:39:19.490 153786 DEBUG oslo_service.service [req-eea8c782-91f9-4b32-b8b1-d7074ab32e41 - - - - -] keystone.region_name = None log_opt_values /usr/lib/python3/dist-packages/oslo_config/cfg.py:2609
2025-12-15 00:39:19.490 153786 DEBUG oslo_service.service [req-eea8c782-91f9-4b32-b8b1-d7074ab32e41 - - - - -] keystone.service_name = None log_opt_values /usr/lib/python3/dist-packages/oslo_config/cfg.py:2609
2025-12-15 00:39:19.490 153786 DEBUG oslo_service.service [req-eea8c782-91f9-4b32-b8b1-d7074ab32e41 - - - - -] keystone.service_type = identity log_opt_values /usr/lib/python3/dist-packages/oslo_config/cfg.py:2609
2025-12-15 00:39:19.490 153786 DEBUG oslo_service.service [req-eea8c782-91f9-4b32-b8b1-d7074ab32e41 - - - - -] keystone.split_loggers = False log_opt_values /usr/lib/python3/dist-packages/oslo_config/cfg.py:2609
2025-12-15 00:39:19.490 154101 DEBUG nova.service [req-e19756eb-c439-402c-83b9-56bc08424fbb - - - - -] Join ServiceGroup membership for this service conductor start /usr/lib/python3/dist-packages/nova/service.py:199
2025-12-15 00:39:19.490 153786 DEBUG oslo_service.service [req-eea8c782-91f9-4b32-b8b1-d7074ab32e41 - - - - -] keystone.status_code_retries = None log_opt_values /usr/lib/python3/dist-packages/oslo_config/cfg.py:2609
2025-12-15 00:39:19.490 154101 DEBUG nova.servicegroup.drivers.db [req-e19756eb-c439-402c-83b9-56bc08424fbb - - - - -] DB_Driver: join new ServiceGroup member juju-9eba43-0-lxd-7 to the conductor group, service = join /usr/lib/python3/dist-packages/nova/servicegroup/drivers/db.py:44
2025-12-15 00:39:19.490 153786 DEBUG oslo_service.service [req-eea8c782-91f9-4b32-b8b1-d7074ab32e41 - - - - -] keystone.status_code_retry_delay = None log_opt_values /usr/lib/python3/dist-packages/oslo_config/cfg.py:2609
2025-12-15 00:39:19.491 153786 DEBUG oslo_service.service [req-eea8c782-91f9-4b32-b8b1-d7074ab32e41 - - - - -] keystone.timeout = None log_opt_values /usr/lib/python3/dist-packages/oslo_config/cfg.py:2609
2025-12-15 00:39:19.491 153786 DEBUG oslo_service.service [req-eea8c782-91f9-4b32-b8b1-d7074ab32e41 - - - - -] keystone.valid_interfaces = ['internal', 'public'] log_opt_values /usr/lib/python3/dist-packages/oslo_config/cfg.py:2609
2025-12-15 00:39:19.491 153786 DEBUG oslo_service.service [req-eea8c782-91f9-4b32-b8b1-d7074ab32e41 - - - - -] keystone.version = None log_opt_values /usr/lib/python3/dist-packages/oslo_config/cfg.py:2609
2025-12-15 00:39:19.491 153786 DEBUG oslo_service.service [req-eea8c782-91f9-4b32-b8b1-d7074ab32e41 - - - - -] libvirt.connection_uri = log_opt_values /usr/lib/python3/dist-packages/oslo_config/cfg.py:2609
2025-12-15 00:39:19.491 153786 DEBUG oslo_service.service [req-eea8c782-91f9-4b32-b8b1-d7074ab32e41 - - - - -] libvirt.cpu_mode = None log_opt_values /usr/lib/python3/dist-packages/oslo_config/cfg.py:2609
2025-12-15 00:39:19.492 153786 DEBUG oslo_service.service [req-eea8c782-91f9-4b32-b8b1-d7074ab32e41 - - - - -] libvirt.cpu_model_extra_flags = [] log_opt_values /usr/lib/python3/dist-packages/oslo_config/cfg.py:2609
2025-12-15 00:39:19.492 153786 DEBUG oslo_service.service [req-eea8c782-91f9-4b32-b8b1-d7074ab32e41 - - - - -] libvirt.cpu_models = [] log_opt_values /usr/lib/python3/dist-packages/oslo_config/cfg.py:2609
2025-12-15 00:39:19.492 153786 DEBUG oslo_service.service [req-eea8c782-91f9-4b32-b8b1-d7074ab32e41 - - - - -] libvirt.device_detach_attempts = 8 log_opt_values /usr/lib/python3/dist-packages/oslo_config/cfg.py:2609
2025-12-15 00:39:19.492 153786 DEBUG oslo_service.service [req-eea8c782-91f9-4b32-b8b1-d7074ab32e41 - - - - -] libvirt.device_detach_timeout = 20 log_opt_values /usr/lib/python3/dist-packages/oslo_config/cfg.py:2609
2025-12-15 00:39:19.492 153786 DEBUG oslo_service.service [req-eea8c782-91f9-4b32-b8b1-d7074ab32e41 - - - - -] libvirt.disk_cachemodes = [] log_opt_values /usr/lib/python3/dist-packages/oslo_config/cfg.py:2609
2025-12-15 00:39:19.492 153786 DEBUG oslo_service.service [req-eea8c782-91f9-4b32-b8b1-d7074ab32e41 - - - - -] libvirt.disk_prefix = None log_opt_values /usr/lib/python3/dist-packages/oslo_config/cfg.py:2609
2025-12-15 00:39:19.493 153786 DEBUG oslo_service.service [req-eea8c782-91f9-4b32-b8b1-d7074ab32e41 - - - - -] libvirt.enabled_perf_events = [] log_opt_values /usr/lib/python3/dist-packages/oslo_config/cfg.py:2609
2025-12-15 00:39:19.493 153786 DEBUG oslo_service.service [req-eea8c782-91f9-4b32-b8b1-d7074ab32e41 - - - - -] libvirt.file_backed_memory = 0 log_opt_values /usr/lib/python3/dist-packages/oslo_config/cfg.py:2609
2025-12-15 00:39:19.493 153786 DEBUG oslo_service.service [req-eea8c782-91f9-4b32-b8b1-d7074ab32e41 - - - - -] libvirt.gid_maps = [] log_opt_values /usr/lib/python3/dist-packages/oslo_config/cfg.py:2609
2025-12-15 00:39:19.493 153786 DEBUG oslo_service.service [req-eea8c782-91f9-4b32-b8b1-d7074ab32e41 - - - - -] libvirt.hw_disk_discard = None log_opt_values /usr/lib/python3/dist-packages/oslo_config/cfg.py:2609
2025-12-15 00:39:19.492 154101 DEBUG oslo_messaging._drivers.amqpdriver [-] AMQPListener connection timeout poll /usr/lib/python3/dist-packages/oslo_messaging/_drivers/amqpdriver.py:360
2025-12-15 00:39:19.493 153786 DEBUG oslo_service.service [req-eea8c782-91f9-4b32-b8b1-d7074ab32e41 - - - - -] libvirt.hw_machine_type = None log_opt_values /usr/lib/python3/dist-packages/oslo_config/cfg.py:2609
2025-12-15 00:39:19.493 153786 DEBUG oslo_service.service [req-eea8c782-91f9-4b32-b8b1-d7074ab32e41 - - - - -] libvirt.images_rbd_ceph_conf = log_opt_values /usr/lib/python3/dist-packages/oslo_config/cfg.py:2609
2025-12-15 00:39:19.494 153786 DEBUG oslo_service.service [req-eea8c782-91f9-4b32-b8b1-d7074ab32e41 - - - - -] libvirt.images_rbd_glance_copy_poll_interval = 15 log_opt_values /usr/lib/python3/dist-packages/oslo_config/cfg.py:2609
2025-12-15 00:39:19.494 153786 DEBUG oslo_service.service [req-eea8c782-91f9-4b32-b8b1-d7074ab32e41 - - - - -] libvirt.images_rbd_glance_copy_timeout = 600 log_opt_values /usr/lib/python3/dist-packages/oslo_config/cfg.py:2609
2025-12-15 00:39:19.494 153786 DEBUG oslo_service.service [req-eea8c782-91f9-4b32-b8b1-d7074ab32e41 - - - - -] libvirt.images_rbd_glance_store_name = log_opt_values /usr/lib/python3/dist-packages/oslo_config/cfg.py:2609
2025-12-15 00:39:19.494 153786 DEBUG oslo_service.service [req-eea8c782-91f9-4b32-b8b1-d7074ab32e41 - - - - -] libvirt.images_rbd_pool = rbd log_opt_values /usr/lib/python3/dist-packages/oslo_config/cfg.py:2609
2025-12-15 00:39:19.494 154101 DEBUG oslo_messaging._drivers.amqpdriver [-] Listener is running poll /usr/lib/python3/dist-packages/oslo_messaging/_drivers/amqpdriver.py:343
2025-12-15 00:39:19.494 153786 DEBUG oslo_service.service [req-eea8c782-91f9-4b32-b8b1-d7074ab32e41 - - - - -] libvirt.images_type = default log_opt_values /usr/lib/python3/dist-packages/oslo_config/cfg.py:2609
2025-12-15 00:39:19.495 153786 DEBUG oslo_service.service [req-eea8c782-91f9-4b32-b8b1-d7074ab32e41 - - - - -] libvirt.images_volume_group = None log_opt_values /usr/lib/python3/dist-packages/oslo_config/cfg.py:2609
2025-12-15 00:39:19.495 153786 DEBUG oslo_service.service [req-eea8c782-91f9-4b32-b8b1-d7074ab32e41 - - - - -] libvirt.inject_key = False log_opt_values /usr/lib/python3/dist-packages/oslo_config/cfg.py:2609
2025-12-15 00:39:19.494 154101 DEBUG oslo_messaging._drivers.amqpdriver [-] AMQPListener connection consume poll /usr/lib/python3/dist-packages/oslo_messaging/_drivers/amqpdriver.py:357
2025-12-15 00:39:19.495 153786 DEBUG oslo_service.service [req-eea8c782-91f9-4b32-b8b1-d7074ab32e41 - - - - -] libvirt.inject_partition = -2 log_opt_values /usr/lib/python3/dist-packages/oslo_config/cfg.py:2609
2025-12-15 00:39:19.495 153786 DEBUG oslo_service.service [req-eea8c782-91f9-4b32-b8b1-d7074ab32e41 - - - - -] libvirt.inject_password = False log_opt_values /usr/lib/python3/dist-packages/oslo_config/cfg.py:2609
2025-12-15 00:39:19.495 153786 DEBUG oslo_service.service [req-eea8c782-91f9-4b32-b8b1-d7074ab32e41 - - - - -] libvirt.iscsi_iface = None log_opt_values /usr/lib/python3/dist-packages/oslo_config/cfg.py:2609
2025-12-15 00:39:19.495 154102 DEBUG oslo_messaging._drivers.amqpdriver [-] Listener is running poll /usr/lib/python3/dist-packages/oslo_messaging/_drivers/amqpdriver.py:343
2025-12-15 00:39:19.495 153786 DEBUG oslo_service.service [req-eea8c782-91f9-4b32-b8b1-d7074ab32e41 - - - - -] libvirt.iser_use_multipath = False log_opt_values /usr/lib/python3/dist-packages/oslo_config/cfg.py:2609
2025-12-15 00:39:19.495 154102 DEBUG oslo_messaging._drivers.amqpdriver [-] AMQPListener connection consume poll /usr/lib/python3/dist-packages/oslo_messaging/_drivers/amqpdriver.py:357
2025-12-15 00:39:19.496 153786 DEBUG oslo_service.service [req-eea8c782-91f9-4b32-b8b1-d7074ab32e41 - - - - -] libvirt.live_migration_bandwidth = 0 log_opt_values /usr/lib/python3/dist-packages/oslo_config/cfg.py:2609
2025-12-15 00:39:19.496 153786 DEBUG oslo_service.service [req-eea8c782-91f9-4b32-b8b1-d7074ab32e41 - - - - -] libvirt.live_migration_completion_timeout = 800 log_opt_values /usr/lib/python3/dist-packages/oslo_config/cfg.py:2609
2025-12-15 00:39:19.496 153786 DEBUG oslo_service.service [req-eea8c782-91f9-4b32-b8b1-d7074ab32e41 - - - - -] libvirt.live_migration_downtime = 500 log_opt_values /usr/lib/python3/dist-packages/oslo_config/cfg.py:2609
2025-12-15 00:39:19.496 153786 DEBUG oslo_service.service [req-eea8c782-91f9-4b32-b8b1-d7074ab32e41 - - - - -] libvirt.live_migration_downtime_delay = 75 log_opt_values /usr/lib/python3/dist-packages/oslo_config/cfg.py:2609
2025-12-15 00:39:19.496 153786 DEBUG oslo_service.service [req-eea8c782-91f9-4b32-b8b1-d7074ab32e41 - - - - -] libvirt.live_migration_downtime_steps = 10 log_opt_values /usr/lib/python3/dist-packages/oslo_config/cfg.py:2609
2025-12-15 00:39:19.496 153786 DEBUG oslo_service.service [req-eea8c782-91f9-4b32-b8b1-d7074ab32e41 - - - - -] libvirt.live_migration_inbound_addr = None log_opt_values /usr/lib/python3/dist-packages/oslo_config/cfg.py:2609
2025-12-15 00:39:19.496 154102 DEBUG nova.service [req-308da6c9-19d4-4db2-be77-6cf3c74b824d - - - - -] Join ServiceGroup membership for this service conductor start /usr/lib/python3/dist-packages/nova/service.py:199
2025-12-15 00:39:19.497 153786 DEBUG oslo_service.service [req-eea8c782-91f9-4b32-b8b1-d7074ab32e41 - - - - -] libvirt.live_migration_permit_auto_converge = False log_opt_values /usr/lib/python3/dist-packages/oslo_config/cfg.py:2609
2025-12-15 00:39:19.497 154102 DEBUG nova.servicegroup.drivers.db [req-308da6c9-19d4-4db2-be77-6cf3c74b824d - - - - -] DB_Driver: join new ServiceGroup member juju-9eba43-0-lxd-7 to the conductor group, service = join /usr/lib/python3/dist-packages/nova/servicegroup/drivers/db.py:44
2025-12-15 00:39:19.497 153786 DEBUG oslo_service.service [req-eea8c782-91f9-4b32-b8b1-d7074ab32e41 - - - - -] libvirt.live_migration_permit_post_copy = False log_opt_values /usr/lib/python3/dist-packages/oslo_config/cfg.py:2609
2025-12-15 00:39:19.497 153786 DEBUG oslo_service.service [req-eea8c782-91f9-4b32-b8b1-d7074ab32e41 - - - - -] libvirt.live_migration_scheme = None log_opt_values /usr/lib/python3/dist-packages/oslo_config/cfg.py:2609
2025-12-15 00:39:19.497 153786 DEBUG oslo_service.service [req-eea8c782-91f9-4b32-b8b1-d7074ab32e41 - - - - -] libvirt.live_migration_timeout_action = abort log_opt_values /usr/lib/python3/dist-packages/oslo_config/cfg.py:2609
2025-12-15 00:39:19.497 153786 DEBUG oslo_service.service [req-eea8c782-91f9-4b32-b8b1-d7074ab32e41 - - - - -] libvirt.live_migration_tunnelled = False log_opt_values /usr/lib/python3/dist-packages/oslo_config/cfg.py:2609
2025-12-15 00:39:19.498 153786 DEBUG oslo_service.service [req-eea8c782-91f9-4b32-b8b1-d7074ab32e41 - - - - -] libvirt.live_migration_uri = None log_opt_values /usr/lib/python3/dist-packages/oslo_config/cfg.py:2609
2025-12-15 00:39:19.498 153786 DEBUG oslo_service.service [req-eea8c782-91f9-4b32-b8b1-d7074ab32e41 - - - - -] libvirt.live_migration_with_native_tls = False log_opt_values /usr/lib/python3/dist-packages/oslo_config/cfg.py:2609
2025-12-15 00:39:19.498 153786 DEBUG oslo_service.service [req-eea8c782-91f9-4b32-b8b1-d7074ab32e41 - - - - -] libvirt.max_queues = None log_opt_values /usr/lib/python3/dist-packages/oslo_config/cfg.py:2609
2025-12-15 00:39:19.498 153786 DEBUG oslo_service.service [req-eea8c782-91f9-4b32-b8b1-d7074ab32e41 - - - - -] libvirt.mem_stats_period_seconds = 10 log_opt_values /usr/lib/python3/dist-packages/oslo_config/cfg.py:2609
2025-12-15 00:39:19.498 153786 DEBUG oslo_service.service [req-eea8c782-91f9-4b32-b8b1-d7074ab32e41 - - - - -] libvirt.nfs_mount_options = None log_opt_values /usr/lib/python3/dist-packages/oslo_config/cfg.py:2609
2025-12-15 00:39:19.499 153786 DEBUG oslo_service.service [req-eea8c782-91f9-4b32-b8b1-d7074ab32e41 - - - - -] libvirt.nfs_mount_point_base = /var/lib/nova/mnt log_opt_values /usr/lib/python3/dist-packages/oslo_config/cfg.py:2609
2025-12-15 00:39:19.499 153786 DEBUG oslo_service.service [req-eea8c782-91f9-4b32-b8b1-d7074ab32e41 - - - - -] libvirt.num_aoe_discover_tries = 3 log_opt_values /usr/lib/python3/dist-packages/oslo_config/cfg.py:2609
2025-12-15 00:39:19.499 153786 DEBUG oslo_service.service [req-eea8c782-91f9-4b32-b8b1-d7074ab32e41 - - - - -] libvirt.num_iser_scan_tries = 5 log_opt_values /usr/lib/python3/dist-packages/oslo_config/cfg.py:2609
2025-12-15 00:39:19.499 153786 DEBUG oslo_service.service [req-eea8c782-91f9-4b32-b8b1-d7074ab32e41 - - - - -] libvirt.num_memory_encrypted_guests = None log_opt_values /usr/lib/python3/dist-packages/oslo_config/cfg.py:2609
2025-12-15 00:39:19.499 153786 DEBUG oslo_service.service [req-eea8c782-91f9-4b32-b8b1-d7074ab32e41 - - - - -] libvirt.num_nvme_discover_tries = 5 log_opt_values /usr/lib/python3/dist-packages/oslo_config/cfg.py:2609
2025-12-15 00:39:19.500 153786 DEBUG oslo_service.service [req-eea8c782-91f9-4b32-b8b1-d7074ab32e41 - - - - -] libvirt.num_pcie_ports = 0 log_opt_values /usr/lib/python3/dist-packages/oslo_config/cfg.py:2609
2025-12-15 00:39:19.500 154102 DEBUG oslo_messaging._drivers.amqpdriver [-] AMQPListener connection timeout poll /usr/lib/python3/dist-packages/oslo_messaging/_drivers/amqpdriver.py:360
2025-12-15 00:39:19.500 153786 DEBUG oslo_service.service [req-eea8c782-91f9-4b32-b8b1-d7074ab32e41 - - - - -] libvirt.num_volume_scan_tries = 5 log_opt_values /usr/lib/python3/dist-packages/oslo_config/cfg.py:2609
2025-12-15 00:39:19.500 154102 DEBUG oslo_messaging._drivers.amqpdriver [-] Listener is running poll /usr/lib/python3/dist-packages/oslo_messaging/_drivers/amqpdriver.py:343
2025-12-15 00:39:19.500 154102 DEBUG oslo_messaging._drivers.amqpdriver [-] AMQPListener connection consume poll /usr/lib/python3/dist-packages/oslo_messaging/_drivers/amqpdriver.py:357
2025-12-15 00:39:19.500 153786 DEBUG oslo_service.service [req-eea8c782-91f9-4b32-b8b1-d7074ab32e41 - - - - -] libvirt.pmem_namespaces = [] log_opt_values /usr/lib/python3/dist-packages/oslo_config/cfg.py:2609
2025-12-15 00:39:19.500 153786 DEBUG oslo_service.service [req-eea8c782-91f9-4b32-b8b1-d7074ab32e41 - - - - -] libvirt.quobyte_client_cfg = None log_opt_values /usr/lib/python3/dist-packages/oslo_config/cfg.py:2609
2025-12-15 00:39:19.500 153786 DEBUG oslo_service.service [req-eea8c782-91f9-4b32-b8b1-d7074ab32e41 - - - - -] libvirt.quobyte_mount_point_base = /var/lib/nova/mnt log_opt_values /usr/lib/python3/dist-packages/oslo_config/cfg.py:2609
2025-12-15 00:39:19.501 153786 DEBUG oslo_service.service [req-eea8c782-91f9-4b32-b8b1-d7074ab32e41 - - - - -] libvirt.rbd_connect_timeout = 5 log_opt_values /usr/lib/python3/dist-packages/oslo_config/cfg.py:2609
2025-12-15 00:39:19.501 153786 DEBUG oslo_service.service [req-eea8c782-91f9-4b32-b8b1-d7074ab32e41 - - - - -] libvirt.rbd_destroy_volume_retries = 12 log_opt_values /usr/lib/python3/dist-packages/oslo_config/cfg.py:2609
2025-12-15 00:39:19.501 153786 DEBUG oslo_service.service [req-eea8c782-91f9-4b32-b8b1-d7074ab32e41 - - - - -] libvirt.rbd_destroy_volume_retry_interval = 5 log_opt_values /usr/lib/python3/dist-packages/oslo_config/cfg.py:2609
2025-12-15 00:39:19.501 153786 DEBUG oslo_service.service [req-eea8c782-91f9-4b32-b8b1-d7074ab32e41 - - - - -] libvirt.rbd_secret_uuid = None log_opt_values /usr/lib/python3/dist-packages/oslo_config/cfg.py:2609
2025-12-15 00:39:19.501 153786 DEBUG oslo_service.service [req-eea8c782-91f9-4b32-b8b1-d7074ab32e41 - - - - -] libvirt.rbd_user = None log_opt_values /usr/lib/python3/dist-packages/oslo_config/cfg.py:2609
2025-12-15 00:39:19.501 153786 DEBUG oslo_service.service [req-eea8c782-91f9-4b32-b8b1-d7074ab32e41 - - - - -] libvirt.realtime_scheduler_priority = 1 log_opt_values /usr/lib/python3/dist-packages/oslo_config/cfg.py:2609
2025-12-15 00:39:19.502 153786 DEBUG oslo_service.service [req-eea8c782-91f9-4b32-b8b1-d7074ab32e41 - - - - -] libvirt.remote_filesystem_transport = ssh log_opt_values /usr/lib/python3/dist-packages/oslo_config/cfg.py:2609
2025-12-15 00:39:19.502 153786 DEBUG oslo_service.service [req-eea8c782-91f9-4b32-b8b1-d7074ab32e41 - - - - -] libvirt.rescue_image_id = None log_opt_values /usr/lib/python3/dist-packages/oslo_config/cfg.py:2609
2025-12-15 00:39:19.502 153786 DEBUG oslo_service.service [req-eea8c782-91f9-4b32-b8b1-d7074ab32e41 - - - - -] libvirt.rescue_kernel_id = None log_opt_values /usr/lib/python3/dist-packages/oslo_config/cfg.py:2609
2025-12-15 00:39:19.502 153786 DEBUG oslo_service.service [req-eea8c782-91f9-4b32-b8b1-d7074ab32e41 - - - - -] libvirt.rescue_ramdisk_id = None log_opt_values /usr/lib/python3/dist-packages/oslo_config/cfg.py:2609
2025-12-15 00:39:19.502 153786 DEBUG oslo_service.service [req-eea8c782-91f9-4b32-b8b1-d7074ab32e41 - - - - -] libvirt.rng_dev_path = /dev/urandom log_opt_values /usr/lib/python3/dist-packages/oslo_config/cfg.py:2609
2025-12-15 00:39:19.502 153786 DEBUG oslo_service.service [req-eea8c782-91f9-4b32-b8b1-d7074ab32e41 - - - - -] libvirt.rx_queue_size = None log_opt_values /usr/lib/python3/dist-packages/oslo_config/cfg.py:2609
