2025-12-15 00:37:30.611 38412 DEBUG oslo_service.service [-] database.db_max_retries = 20 log_opt_values /usr/lib/python3/dist-packages/oslo_config/cfg.py:2609
2025-12-15 00:37:30.612 38412 DEBUG oslo_service.service [-] database.db_max_retry_interval = 10 log_opt_values /usr/lib/python3/dist-packages/oslo_config/cfg.py:2609
2025-12-15 00:37:30.612 38412 DEBUG oslo_service.service [-] database.db_retry_interval = 1 log_opt_values /usr/lib/python3/dist-packages/oslo_config/cfg.py:2609
2025-12-15 00:37:30.612 38412 DEBUG oslo_service.service [-] database.max_overflow = 50 log_opt_values /usr/lib/python3/dist-packages/oslo_config/cfg.py:2609
2025-12-15 00:37:30.612 38412 DEBUG oslo_service.service [-] database.max_pool_size = 5 log_opt_values /usr/lib/python3/dist-packages/oslo_config/cfg.py:2609
2025-12-15 00:37:30.612 38412 DEBUG oslo_service.service [-] database.max_retries = 10 log_opt_values /usr/lib/python3/dist-packages/oslo_config/cfg.py:2609
2025-12-15 00:37:30.613 38412 DEBUG oslo_service.service [-] database.mysql_enable_ndb = False log_opt_values /usr/lib/python3/dist-packages/oslo_config/cfg.py:2609
2025-12-15 00:37:30.613 38412 DEBUG oslo_service.service [-] database.mysql_sql_mode = TRADITIONAL log_opt_values /usr/lib/python3/dist-packages/oslo_config/cfg.py:2609
2025-12-15 00:37:30.613 38412 DEBUG oslo_service.service [-] database.pool_timeout = None log_opt_values /usr/lib/python3/dist-packages/oslo_config/cfg.py:2609
2025-12-15 00:37:30.613 38412 DEBUG oslo_service.service [-] database.retry_interval = 10 log_opt_values /usr/lib/python3/dist-packages/oslo_config/cfg.py:2609
2025-12-15 00:37:30.613 38412 DEBUG oslo_service.service [-] database.slave_connection = **** log_opt_values /usr/lib/python3/dist-packages/oslo_config/cfg.py:2609
2025-12-15 00:37:30.613 38412 DEBUG oslo_service.service [-] database.sqlite_synchronous = True log_opt_values /usr/lib/python3/dist-packages/oslo_config/cfg.py:2609
2025-12-15 00:37:30.613 38412 DEBUG oslo_service.service [-] database.use_db_reconnect = False log_opt_values /usr/lib/python3/dist-packages/oslo_config/cfg.py:2609
2025-12-15 00:37:30.613 38412 DEBUG oslo_service.service [-] oslo_messaging_metrics.metrics_buffer_size = 1000 log_opt_values /usr/lib/python3/dist-packages/oslo_config/cfg.py:2609
2025-12-15 00:37:30.613 38412 DEBUG oslo_service.service [-] oslo_messaging_metrics.metrics_enabled = False log_opt_values /usr/lib/python3/dist-packages/oslo_config/cfg.py:2609
2025-12-15 00:37:30.614 38412 DEBUG oslo_service.service [-] oslo_messaging_metrics.metrics_process_name = log_opt_values /usr/lib/python3/dist-packages/oslo_config/cfg.py:2609
2025-12-15 00:37:30.614 38412 DEBUG oslo_service.service [-] oslo_messaging_metrics.metrics_socket_file = /var/tmp/metrics_collector.sock log_opt_values /usr/lib/python3/dist-packages/oslo_config/cfg.py:2609
2025-12-15 00:37:30.614 38412 DEBUG oslo_service.service [-] oslo_messaging_metrics.metrics_thread_stop_timeout = 10 log_opt_values /usr/lib/python3/dist-packages/oslo_config/cfg.py:2609
2025-12-15 00:37:30.614 38412 DEBUG oslo_service.service [-] oslo_policy.enforce_new_defaults = False log_opt_values /usr/lib/python3/dist-packages/oslo_config/cfg.py:2609
2025-12-15 00:37:30.616 38412 DEBUG oslo_service.service [-] oslo_policy.enforce_scope = False log_opt_values /usr/lib/python3/dist-packages/oslo_config/cfg.py:2609
2025-12-15 00:37:30.617 38412 DEBUG oslo_service.service [-] oslo_policy.policy_default_rule = default log_opt_values /usr/lib/python3/dist-packages/oslo_config/cfg.py:2609
2025-12-15 00:37:30.617 38412 DEBUG oslo_service.service [-] oslo_policy.policy_dirs = ['policy.d'] log_opt_values /usr/lib/python3/dist-packages/oslo_config/cfg.py:2609
2025-12-15 00:37:30.617 38412 DEBUG oslo_service.service [-] oslo_policy.policy_file = policy.yaml log_opt_values /usr/lib/python3/dist-packages/oslo_config/cfg.py:2609
2025-12-15 00:37:30.617 38412 DEBUG oslo_service.service [-] oslo_policy.remote_content_type = application/x-www-form-urlencoded log_opt_values /usr/lib/python3/dist-packages/oslo_config/cfg.py:2609
2025-12-15 00:37:30.617 38412 DEBUG oslo_service.service [-] oslo_policy.remote_ssl_ca_crt_file = None log_opt_values /usr/lib/python3/dist-packages/oslo_config/cfg.py:2609
2025-12-15 00:37:30.617 38412 DEBUG oslo_service.service [-] oslo_policy.remote_ssl_client_crt_file = None log_opt_values /usr/lib/python3/dist-packages/oslo_config/cfg.py:2609
2025-12-15 00:37:30.618 38412 DEBUG oslo_service.service [-] oslo_policy.remote_ssl_client_key_file = None log_opt_values /usr/lib/python3/dist-packages/oslo_config/cfg.py:2609
2025-12-15 00:37:30.618 38412 DEBUG oslo_service.service [-] oslo_policy.remote_ssl_verify_server_crt = False log_opt_values /usr/lib/python3/dist-packages/oslo_config/cfg.py:2609
2025-12-15 00:37:30.618 38412 DEBUG oslo_service.service [-] trustee.auth_section = None log_opt_values /usr/lib/python3/dist-packages/oslo_config/cfg.py:2609
2025-12-15 00:37:30.618 38412 WARNING oslo_config.cfg [-] Deprecated: Option "auth_plugin" from group "trustee" is deprecated. Use option "auth_type" from group "trustee".
2025-12-15 00:37:30.618 38412 DEBUG oslo_service.service [-] trustee.auth_type = password log_opt_values /usr/lib/python3/dist-packages/oslo_config/cfg.py:2609
2025-12-15 00:37:30.619 38412 DEBUG oslo_service.service [-] oslo_versionedobjects.fatal_exception_format_errors = False log_opt_values /usr/lib/python3/dist-packages/oslo_config/cfg.py:2609
2025-12-15 00:37:30.619 38412 DEBUG oslo_service.service [-] oslo_messaging_rabbit.amqp_auto_delete = False log_opt_values /usr/lib/python3/dist-packages/oslo_config/cfg.py:2609
2025-12-15 00:37:30.619 38412 DEBUG oslo_service.service [-] oslo_messaging_rabbit.amqp_durable_queues = False log_opt_values /usr/lib/python3/dist-packages/oslo_config/cfg.py:2609
2025-12-15 00:37:30.619 38412 DEBUG oslo_service.service [-] oslo_messaging_rabbit.conn_pool_min_size = 2 log_opt_values /usr/lib/python3/dist-packages/oslo_config/cfg.py:2609
2025-12-15 00:37:30.619 38412 DEBUG oslo_service.service [-] oslo_messaging_rabbit.conn_pool_ttl = 1200 log_opt_values /usr/lib/python3/dist-packages/oslo_config/cfg.py:2609
2025-12-15 00:37:30.619 38412 DEBUG oslo_service.service [-] oslo_messaging_rabbit.direct_mandatory_flag = True log_opt_values /usr/lib/python3/dist-packages/oslo_config/cfg.py:2609
2025-12-15 00:37:30.619 38412 DEBUG oslo_service.service [-] oslo_messaging_rabbit.enable_cancel_on_failover = False log_opt_values /usr/lib/python3/dist-packages/oslo_config/cfg.py:2609
2025-12-15 00:37:30.620 38412 DEBUG oslo_service.service [-] oslo_messaging_rabbit.heartbeat_in_pthread = False log_opt_values /usr/lib/python3/dist-packages/oslo_config/cfg.py:2609
2025-12-15 00:37:30.621 38412 DEBUG oslo_service.service [-] oslo_messaging_rabbit.heartbeat_rate = 2 log_opt_values /usr/lib/python3/dist-packages/oslo_config/cfg.py:2609
2025-12-15 00:37:30.621 38412 DEBUG oslo_service.service [-] oslo_messaging_rabbit.heartbeat_timeout_threshold = 60 log_opt_values /usr/lib/python3/dist-packages/oslo_config/cfg.py:2609
2025-12-15 00:37:30.621 38412 DEBUG oslo_service.service [-] oslo_messaging_rabbit.kombu_compression = None log_opt_values /usr/lib/python3/dist-packages/oslo_config/cfg.py:2609
2025-12-15 00:37:30.621 38412 DEBUG oslo_service.service [-] oslo_messaging_rabbit.kombu_failover_strategy = round-robin log_opt_values /usr/lib/python3/dist-packages/oslo_config/cfg.py:2609
2025-12-15 00:37:30.622 38412 DEBUG oslo_service.service [-] oslo_messaging_rabbit.kombu_missing_consumer_retry_timeout = 60 log_opt_values /usr/lib/python3/dist-packages/oslo_config/cfg.py:2609
2025-12-15 00:37:30.622 38412 DEBUG oslo_service.service [-] oslo_messaging_rabbit.kombu_reconnect_delay = 1.0 log_opt_values /usr/lib/python3/dist-packages/oslo_config/cfg.py:2609
2025-12-15 00:37:30.622 38412 DEBUG oslo_service.service [-] oslo_messaging_rabbit.rabbit_ha_queues = False log_opt_values /usr/lib/python3/dist-packages/oslo_config/cfg.py:2609
2025-12-15 00:37:30.622 38412 DEBUG oslo_service.service [-] oslo_messaging_rabbit.rabbit_interval_max = 30 log_opt_values /usr/lib/python3/dist-packages/oslo_config/cfg.py:2609
2025-12-15 00:37:30.622 38412 DEBUG oslo_service.service [-] oslo_messaging_rabbit.rabbit_login_method = AMQPLAIN log_opt_values /usr/lib/python3/dist-packages/oslo_config/cfg.py:2609
2025-12-15 00:37:30.623 38412 DEBUG oslo_service.service [-] oslo_messaging_rabbit.rabbit_qos_prefetch_count = 0 log_opt_values /usr/lib/python3/dist-packages/oslo_config/cfg.py:2609
2025-12-15 00:37:30.623 38412 DEBUG oslo_service.service [-] oslo_messaging_rabbit.rabbit_quorum_queue = False log_opt_values /usr/lib/python3/dist-packages/oslo_config/cfg.py:2609
2025-12-15 00:37:30.623 38412 DEBUG oslo_service.service [-] oslo_messaging_rabbit.rabbit_retry_backoff = 2 log_opt_values /usr/lib/python3/dist-packages/oslo_config/cfg.py:2609
2025-12-15 00:37:30.623 38412 DEBUG oslo_service.service [-] oslo_messaging_rabbit.rabbit_retry_interval = 1 log_opt_values /usr/lib/python3/dist-packages/oslo_config/cfg.py:2609
2025-12-15 00:37:30.623 38412 DEBUG oslo_service.service [-] oslo_messaging_rabbit.rabbit_transient_queues_ttl = 1800 log_opt_values /usr/lib/python3/dist-packages/oslo_config/cfg.py:2609
2025-12-15 00:37:30.623 38412 DEBUG oslo_service.service [-] oslo_messaging_rabbit.rpc_conn_pool_size = 30 log_opt_values /usr/lib/python3/dist-packages/oslo_config/cfg.py:2609
2025-12-15 00:37:30.623 38412 DEBUG oslo_service.service [-] oslo_messaging_rabbit.ssl = False log_opt_values /usr/lib/python3/dist-packages/oslo_config/cfg.py:2609
2025-12-15 00:37:30.624 38412 DEBUG oslo_service.service [-] oslo_messaging_rabbit.ssl_ca_file = log_opt_values /usr/lib/python3/dist-packages/oslo_config/cfg.py:2609
2025-12-15 00:37:30.624 38412 DEBUG oslo_service.service [-] oslo_messaging_rabbit.ssl_cert_file = log_opt_values /usr/lib/python3/dist-packages/oslo_config/cfg.py:2609
2025-12-15 00:37:30.625 38412 DEBUG oslo_service.service [-] oslo_messaging_rabbit.ssl_key_file = log_opt_values /usr/lib/python3/dist-packages/oslo_config/cfg.py:2609
2025-12-15 00:37:30.625 38412 DEBUG oslo_service.service [-] oslo_messaging_rabbit.ssl_version = log_opt_values /usr/lib/python3/dist-packages/oslo_config/cfg.py:2609
2025-12-15 00:37:30.625 38412 DEBUG oslo_service.service [-] oslo_messaging_notifications.driver = [] log_opt_values /usr/lib/python3/dist-packages/oslo_config/cfg.py:2609
2025-12-15 00:37:30.626 38412 DEBUG oslo_service.service [-] oslo_messaging_notifications.retry = -1 log_opt_values /usr/lib/python3/dist-packages/oslo_config/cfg.py:2609
2025-12-15 00:37:30.626 38412 DEBUG oslo_service.service [-] oslo_messaging_notifications.topics = ['notifications'] log_opt_values /usr/lib/python3/dist-packages/oslo_config/cfg.py:2609
2025-12-15 00:37:30.626 38412 DEBUG oslo_service.service [-] oslo_messaging_notifications.transport_url = **** log_opt_values /usr/lib/python3/dist-packages/oslo_config/cfg.py:2609
2025-12-15 00:37:30.626 38412 DEBUG oslo_service.service [-] cache.backend = dogpile.cache.null log_opt_values /usr/lib/python3/dist-packages/oslo_config/cfg.py:2609
2025-12-15 00:37:30.627 38412 DEBUG oslo_service.service [-] cache.backend_argument = **** log_opt_values /usr/lib/python3/dist-packages/oslo_config/cfg.py:2609
2025-12-15 00:37:30.627 38412 DEBUG oslo_service.service [-] cache.config_prefix = cache.oslo log_opt_values /usr/lib/python3/dist-packages/oslo_config/cfg.py:2609
2025-12-15 00:37:30.627 38412 DEBUG oslo_service.service [-] cache.debug_cache_backend = False log_opt_values /usr/lib/python3/dist-packages/oslo_config/cfg.py:2609
2025-12-15 00:37:30.627 38412 DEBUG oslo_service.service [-] cache.enabled = False log_opt_values /usr/lib/python3/dist-packages/oslo_config/cfg.py:2609
2025-12-15 00:37:30.627 38412 DEBUG oslo_service.service [-] cache.expiration_time = 600 log_opt_values /usr/lib/python3/dist-packages/oslo_config/cfg.py:2609
2025-12-15 00:37:30.628 38412 DEBUG oslo_service.service [-] cache.memcache_dead_retry = 300 log_opt_values /usr/lib/python3/dist-packages/oslo_config/cfg.py:2609
2025-12-15 00:37:30.628 38412 DEBUG oslo_service.service [-] cache.memcache_pool_connection_get_timeout = 10 log_opt_values /usr/lib/python3/dist-packages/oslo_config/cfg.py:2609
2025-12-15 00:37:30.628 38412 DEBUG oslo_service.service [-] cache.memcache_pool_flush_on_reconnect = False log_opt_values /usr/lib/python3/dist-packages/oslo_config/cfg.py:2609
2025-12-15 00:37:30.628 38412 DEBUG oslo_service.service [-] cache.memcache_pool_maxsize = 10 log_opt_values /usr/lib/python3/dist-packages/oslo_config/cfg.py:2609
2025-12-15 00:37:30.628 38412 DEBUG oslo_service.service [-] cache.memcache_pool_unused_timeout = 60 log_opt_values /usr/lib/python3/dist-packages/oslo_config/cfg.py:2609
2025-12-15 00:37:30.628 38412 DEBUG oslo_service.service [-] cache.memcache_servers = ['localhost:11211'] log_opt_values /usr/lib/python3/dist-packages/oslo_config/cfg.py:2609
2025-12-15 00:37:30.628 38412 DEBUG oslo_service.service [-] cache.memcache_socket_timeout = 1.0 log_opt_values /usr/lib/python3/dist-packages/oslo_config/cfg.py:2609
2025-12-15 00:37:30.629 38412 DEBUG oslo_service.service [-] cache.proxies = [] log_opt_values /usr/lib/python3/dist-packages/oslo_config/cfg.py:2609
2025-12-15 00:37:30.629 38412 DEBUG oslo_service.service [-] cache.tls_allowed_ciphers = None log_opt_values /usr/lib/python3/dist-packages/oslo_config/cfg.py:2609
2025-12-15 00:37:30.629 38412 DEBUG oslo_service.service [-] cache.tls_cafile = None log_opt_values /usr/lib/python3/dist-packages/oslo_config/cfg.py:2609
2025-12-15 00:37:30.629 38412 DEBUG oslo_service.service [-] cache.tls_certfile = None log_opt_values /usr/lib/python3/dist-packages/oslo_config/cfg.py:2609
2025-12-15 00:37:30.629 38412 DEBUG oslo_service.service [-] cache.tls_enabled = False log_opt_values /usr/lib/python3/dist-packages/oslo_config/cfg.py:2609
2025-12-15 00:37:30.629 38412 DEBUG oslo_service.service [-] cache.tls_keyfile = None log_opt_values /usr/lib/python3/dist-packages/oslo_config/cfg.py:2609
2025-12-15 00:37:30.629 38412 DEBUG oslo_service.service [-] constraint_validation_cache.caching = True log_opt_values /usr/lib/python3/dist-packages/oslo_config/cfg.py:2609
2025-12-15 00:37:30.629 38412 DEBUG oslo_service.service [-] constraint_validation_cache.expiration_time = 60 log_opt_values /usr/lib/python3/dist-packages/oslo_config/cfg.py:2609
2025-12-15 00:37:30.630 38412 DEBUG oslo_service.service [-] service_extension_cache.caching = True log_opt_values /usr/lib/python3/dist-packages/oslo_config/cfg.py:2609
2025-12-15 00:37:30.630 38412 DEBUG oslo_service.service [-] service_extension_cache.expiration_time = 3600 log_opt_values /usr/lib/python3/dist-packages/oslo_config/cfg.py:2609
2025-12-15 00:37:30.630 38412 DEBUG oslo_service.service [-] resource_finder_cache.caching = True log_opt_values /usr/lib/python3/dist-packages/oslo_config/cfg.py:2609
2025-12-15 00:37:30.630 38412 DEBUG oslo_service.service [-] resource_finder_cache.expiration_time = 3600 log_opt_values /usr/lib/python3/dist-packages/oslo_config/cfg.py:2609
2025-12-15 00:37:30.630 38412 DEBUG oslo_service.service [-] yaql.limit_iterators = 200 log_opt_values /usr/lib/python3/dist-packages/oslo_config/cfg.py:2609
2025-12-15 00:37:30.630 38412 DEBUG oslo_service.service [-] yaql.memory_quota = 10000 log_opt_values /usr/lib/python3/dist-packages/oslo_config/cfg.py:2609
2025-12-15 00:37:30.630 38412 DEBUG oslo_service.service [-] ******************************************************************************** log_opt_values /usr/lib/python3/dist-packages/oslo_config/cfg.py:2613
2025-12-15 00:37:30.658 38636 INFO heat.engine.worker [-] Starting engine_worker (1.4) in engine 83506b40-6786-4b38-8526-d1e739d91c8e.
2025-12-15 00:37:30.696 38634 DEBUG oslo_db.sqlalchemy.engines [req-d2ad766e-c33c-44fa-a70b-76ecaa5a18ac - - - - -] MySQL server mode set to STRICT_TRANS_TABLES,STRICT_ALL_TABLES,NO_ZERO_IN_DATE,NO_ZERO_DATE,ERROR_FOR_DIVISION_BY_ZERO,TRADITIONAL,NO_ENGINE_SUBSTITUTION _check_effective_sql_mode /usr/lib/python3/dist-packages/oslo_db/sqlalchemy/engines.py:314
2025-12-15 00:37:30.703 38637 DEBUG oslo_db.sqlalchemy.engines [req-09bcf585-04a9-42d8-99e3-c8e7a40fdc05 - - - - -] MySQL server mode set to STRICT_TRANS_TABLES,STRICT_ALL_TABLES,NO_ZERO_IN_DATE,NO_ZERO_DATE,ERROR_FOR_DIVISION_BY_ZERO,TRADITIONAL,NO_ENGINE_SUBSTITUTION _check_effective_sql_mode /usr/lib/python3/dist-packages/oslo_db/sqlalchemy/engines.py:314
2025-12-15 00:37:30.710 38635 DEBUG oslo_db.sqlalchemy.engines [req-36fa80e7-5d6a-4391-93c8-b514df0e085b - - - - -] MySQL server mode set to STRICT_TRANS_TABLES,STRICT_ALL_TABLES,NO_ZERO_IN_DATE,NO_ZERO_DATE,ERROR_FOR_DIVISION_BY_ZERO,TRADITIONAL,NO_ENGINE_SUBSTITUTION _check_effective_sql_mode /usr/lib/python3/dist-packages/oslo_db/sqlalchemy/engines.py:314
2025-12-15 00:37:30.753 38636 DEBUG oslo_db.sqlalchemy.engines [req-1cd3d2b6-3b6a-4bb6-808c-4d16dc6a936b - - - - -] MySQL server mode set to STRICT_TRANS_TABLES,STRICT_ALL_TABLES,NO_ZERO_IN_DATE,NO_ZERO_DATE,ERROR_FOR_DIVISION_BY_ZERO,TRADITIONAL,NO_ENGINE_SUBSTITUTION _check_effective_sql_mode /usr/lib/python3/dist-packages/oslo_db/sqlalchemy/engines.py:314
2025-12-15 00:37:30.863 38637 DEBUG heat.engine.service [req-30d9a990-14f8-47c3-ad52-797fb6032935 - - - - -] Service daca27e3-ca85-4b18-a2c3-f0e1c43d40e6 is started service_manage_report /usr/lib/python3/dist-packages/heat/engine/service.py:2363
2025-12-15 00:37:30.900 38635 DEBUG heat.engine.service [req-4ea9c384-2c63-46a9-a5df-fe062207aa4b - - - - -] Service 6d53b129-2ee5-4196-a87c-0a46e379379f is started service_manage_report /usr/lib/python3/dist-packages/heat/engine/service.py:2363
2025-12-15 00:37:30.918 38634 DEBUG heat.engine.service [req-0a93f144-7038-4fc6-88af-177273bcc0d7 - - - - -] Service 4347f610-2adc-4838-9646-d9f099486cef is started service_manage_report /usr/lib/python3/dist-packages/heat/engine/service.py:2363
2025-12-15 00:37:30.928 38637 DEBUG heat.engine.service [req-30d9a990-14f8-47c3-ad52-797fb6032935 - - - - -] Service daca27e3-ca85-4b18-a2c3-f0e1c43d40e6 is updated service_manage_report /usr/lib/python3/dist-packages/heat/engine/service.py:2370
2025-12-15 00:37:30.936 38635 DEBUG heat.engine.service [req-4ea9c384-2c63-46a9-a5df-fe062207aa4b - - - - -] Service 6d53b129-2ee5-4196-a87c-0a46e379379f is updated service_manage_report /usr/lib/python3/dist-packages/heat/engine/service.py:2370
2025-12-15 00:37:30.963 38634 DEBUG heat.engine.service [req-0a93f144-7038-4fc6-88af-177273bcc0d7 - - - - -] Service 4347f610-2adc-4838-9646-d9f099486cef is updated service_manage_report /usr/lib/python3/dist-packages/heat/engine/service.py:2370
2025-12-15 00:37:30.982 38636 DEBUG heat.engine.service [req-b2b52e6c-12da-413d-981a-f882a0bd2ad7 - - - - -] Service f35d65a5-396b-4f9f-ad9b-39f27e7b73cb is started service_manage_report /usr/lib/python3/dist-packages/heat/engine/service.py:2363
2025-12-15 00:37:31.013 38636 DEBUG heat.engine.service [req-b2b52e6c-12da-413d-981a-f882a0bd2ad7 - - - - -] Service f35d65a5-396b-4f9f-ad9b-39f27e7b73cb is updated service_manage_report /usr/lib/python3/dist-packages/heat/engine/service.py:2370
2025-12-15 00:38:30.825 38634 DEBUG heat.engine.service [req-da8e080f-d3df-40b9-85fd-b2d3d5bb7abf - - - - -] Service 4347f610-2adc-4838-9646-d9f099486cef is updated service_manage_report /usr/lib/python3/dist-packages/heat/engine/service.py:2370
2025-12-15 00:38:30.841 38635 DEBUG heat.engine.service [req-13111b98-e2fc-40ac-86e6-94bbfff5b3bc - - - - -] Service 6d53b129-2ee5-4196-a87c-0a46e379379f is updated service_manage_report /usr/lib/python3/dist-packages/heat/engine/service.py:2370
2025-12-15 00:38:30.855 38637 DEBUG heat.engine.service [req-78b14301-050a-42bc-8aeb-584739ddabca - - - - -] Service daca27e3-ca85-4b18-a2c3-f0e1c43d40e6 is updated service_manage_report /usr/lib/python3/dist-packages/heat/engine/service.py:2370
2025-12-15 00:38:30.950 38636 DEBUG heat.engine.service [req-ecd6618c-fe6d-46eb-aa32-3fabe4216ffe - - - - -] Service f35d65a5-396b-4f9f-ad9b-39f27e7b73cb is updated service_manage_report /usr/lib/python3/dist-packages/heat/engine/service.py:2370
2025-12-15 00:39:30.820 38634 DEBUG heat.engine.service [req-ffdc1834-d38d-444e-b1c8-0679b4b779ee - - - - -] Service 4347f610-2adc-4838-9646-d9f099486cef is updated service_manage_report /usr/lib/python3/dist-packages/heat/engine/service.py:2370
2025-12-15 00:39:30.851 38637 DEBUG heat.engine.service [req-26f5c87e-5812-47d1-82da-a84755c751db - - - - -] Service daca27e3-ca85-4b18-a2c3-f0e1c43d40e6 is updated service_manage_report /usr/lib/python3/dist-packages/heat/engine/service.py:2370
2025-12-15 00:39:30.854 38635 DEBUG heat.engine.service [req-83007ac9-26e5-45a3-b46a-72bc347c1058 - - - - -] Service 6d53b129-2ee5-4196-a87c-0a46e379379f is updated service_manage_report /usr/lib/python3/dist-packages/heat/engine/service.py:2370
2025-12-15 00:39:30.955 38636 DEBUG heat.engine.service [req-3b7b9434-fa73-442d-907a-e5aba1cd8e10 - - - - -] Service f35d65a5-396b-4f9f-ad9b-39f27e7b73cb is updated service_manage_report /usr/lib/python3/dist-packages/heat/engine/service.py:2370
2025-12-15 00:40:30.826 38634 DEBUG heat.engine.service [req-fb9829ee-f15c-4fc3-ab2c-99fa74598828 - - - - -] Service 4347f610-2adc-4838-9646-d9f099486cef is updated service_manage_report /usr/lib/python3/dist-packages/heat/engine/service.py:2370
2025-12-15 00:40:30.847 38637 DEBUG heat.engine.service [req-6f27e875-e620-455e-a191-88da66e9993d - - - - -] Service daca27e3-ca85-4b18-a2c3-f0e1c43d40e6 is updated service_manage_report /usr/lib/python3/dist-packages/heat/engine/service.py:2370
2025-12-15 00:40:30.851 38635 DEBUG heat.engine.service [req-3c0cb292-98ee-4f0e-b34c-a7d4173883e5 - - - - -] Service 6d53b129-2ee5-4196-a87c-0a46e379379f is updated service_manage_report /usr/lib/python3/dist-packages/heat/engine/service.py:2370
2025-12-15 00:40:30.959 38636 DEBUG heat.engine.service [req-1300663f-bd71-4e05-9055-1d611a44fd3b - - - - -] Service f35d65a5-396b-4f9f-ad9b-39f27e7b73cb is updated service_manage_report /usr/lib/python3/dist-packages/heat/engine/service.py:2370
2025-12-15 00:41:30.821 38634 DEBUG heat.engine.service [req-7aeb528f-86e9-4530-bfe4-57c4a58e75ca - - - - -] Service 4347f610-2adc-4838-9646-d9f099486cef is updated service_manage_report /usr/lib/python3/dist-packages/heat/engine/service.py:2370
2025-12-15 00:41:30.845 38637 DEBUG heat.engine.service [req-30a3cd83-2bbe-45fe-8555-be7862da133c - - - - -] Service daca27e3-ca85-4b18-a2c3-f0e1c43d40e6 is updated service_manage_report /usr/lib/python3/dist-packages/heat/engine/service.py:2370
2025-12-15 00:41:30.847 38635 DEBUG heat.engine.service [req-46e985cb-4272-4edd-a31e-dfcbf4b05886 - - - - -] Service 6d53b129-2ee5-4196-a87c-0a46e379379f is updated service_manage_report /usr/lib/python3/dist-packages/heat/engine/service.py:2370
2025-12-15 00:41:30.963 38636 DEBUG heat.engine.service [req-75f12e67-7771-45cd-a496-089c81fe5901 - - - - -] Service f35d65a5-396b-4f9f-ad9b-39f27e7b73cb is updated service_manage_report /usr/lib/python3/dist-packages/heat/engine/service.py:2370
2025-12-15 00:42:30.827 38634 DEBUG heat.engine.service [req-bfff7737-c44a-410a-bf3a-44f4a5d05687 - - - - -] Service 4347f610-2adc-4838-9646-d9f099486cef is updated service_manage_report /usr/lib/python3/dist-packages/heat/engine/service.py:2370
2025-12-15 00:42:30.838 38637 DEBUG heat.engine.service [req-f8bf5b66-af8a-45c3-b93d-b449db5e8d95 - - - - -] Service daca27e3-ca85-4b18-a2c3-f0e1c43d40e6 is updated service_manage_report /usr/lib/python3/dist-packages/heat/engine/service.py:2370
2025-12-15 00:42:30.842 38635 DEBUG heat.engine.service [req-6f5c636e-6251-472c-af6c-df4e9a03e133 - - - - -] Service 6d53b129-2ee5-4196-a87c-0a46e379379f is updated service_manage_report /usr/lib/python3/dist-packages/heat/engine/service.py:2370
2025-12-15 00:42:30.967 38636 DEBUG heat.engine.service [req-b0d7a4c3-45ba-4360-b772-1c5bb6a977eb - - - - -] Service f35d65a5-396b-4f9f-ad9b-39f27e7b73cb is updated service_manage_report /usr/lib/python3/dist-packages/heat/engine/service.py:2370
2025-12-15 00:43:30.831 38634 DEBUG heat.engine.service [req-3783cfa3-37e7-49b8-a2f6-94eb41367807 - - - - -] Service 4347f610-2adc-4838-9646-d9f099486cef is updated service_manage_report /usr/lib/python3/dist-packages/heat/engine/service.py:2370
2025-12-15 00:43:30.842 38637 DEBUG heat.engine.service [req-8325cb8c-8a95-459e-9e14-20b61e85762f - - - - -] Service daca27e3-ca85-4b18-a2c3-f0e1c43d40e6 is updated service_manage_report /usr/lib/python3/dist-packages/heat/engine/service.py:2370
2025-12-15 00:43:30.847 38635 DEBUG heat.engine.service [req-03962d67-971b-4e57-be97-69dcf4778cc7 - - - - -] Service 6d53b129-2ee5-4196-a87c-0a46e379379f is updated service_manage_report /usr/lib/python3/dist-packages/heat/engine/service.py:2370
2025-12-15 00:43:30.970 38636 DEBUG heat.engine.service [req-7fc9ff18-de61-4617-b1aa-08054a7eb60a - - - - -] Service f35d65a5-396b-4f9f-ad9b-39f27e7b73cb is updated service_manage_report /usr/lib/python3/dist-packages/heat/engine/service.py:2370
2025-12-15 00:44:30.838 38634 DEBUG heat.engine.service [req-0ac82020-b80d-4acf-99a1-52e82c13be80 - - - - -] Service 4347f610-2adc-4838-9646-d9f099486cef is updated service_manage_report /usr/lib/python3/dist-packages/heat/engine/service.py:2370
2025-12-15 00:44:30.849 38637 DEBUG heat.engine.service [req-7afebbe8-621e-4e26-a93a-c005d65eed64 - - - - -] Service daca27e3-ca85-4b18-a2c3-f0e1c43d40e6 is updated service_manage_report /usr/lib/python3/dist-packages/heat/engine/service.py:2370
2025-12-15 00:44:30.853 38635 DEBUG heat.engine.service [req-ad3fcde4-1291-4840-8950-2cacc090c484 - - - - -] Service 6d53b129-2ee5-4196-a87c-0a46e379379f is updated service_manage_report /usr/lib/python3/dist-packages/heat/engine/service.py:2370
2025-12-15 00:44:30.974 38636 DEBUG heat.engine.service [req-7cb4e69c-bb43-4d33-95e6-61c9411770a0 - - - - -] Service f35d65a5-396b-4f9f-ad9b-39f27e7b73cb is updated service_manage_report /usr/lib/python3/dist-packages/heat/engine/service.py:2370
2025-12-15 00:45:30.833 38634 DEBUG heat.engine.service [req-bbaddb69-257d-4d68-a9e5-3bd60589b59d - - - - -] Service 4347f610-2adc-4838-9646-d9f099486cef is updated service_manage_report /usr/lib/python3/dist-packages/heat/engine/service.py:2370
2025-12-15 00:45:30.843 38637 DEBUG heat.engine.service [req-6c9f3a31-333c-45fe-8a9e-2ff8cb7f62da - - - - -] Service daca27e3-ca85-4b18-a2c3-f0e1c43d40e6 is updated service_manage_report /usr/lib/python3/dist-packages/heat/engine/service.py:2370
2025-12-15 00:45:30.846 38635 DEBUG heat.engine.service [req-7d62d1fc-d90c-4ce4-8a0a-53e3aa7027ee - - - - -] Service 6d53b129-2ee5-4196-a87c-0a46e379379f is updated service_manage_report /usr/lib/python3/dist-packages/heat/engine/service.py:2370
2025-12-15 00:45:30.977 38636 DEBUG heat.engine.service [req-4b52fec4-bba6-448f-bd3f-820770ef9ad1 - - - - -] Service f35d65a5-396b-4f9f-ad9b-39f27e7b73cb is updated service_manage_report /usr/lib/python3/dist-packages/heat/engine/service.py:2370
2025-12-15 00:46:30.840 38634 DEBUG heat.engine.service [req-18f2a093-637d-44ae-8497-77a5827a4ba2 - - - - -] Service 4347f610-2adc-4838-9646-d9f099486cef is updated service_manage_report /usr/lib/python3/dist-packages/heat/engine/service.py:2370
2025-12-15 00:46:30.850 38637 DEBUG heat.engine.service [req-e50ac6a8-e483-4b86-8d34-02aedcf80477 - - - - -] Service daca27e3-ca85-4b18-a2c3-f0e1c43d40e6 is updated service_manage_report /usr/lib/python3/dist-packages/heat/engine/service.py:2370
2025-12-15 00:46:30.856 38635 DEBUG heat.engine.service [req-bab75d35-916b-47e9-a551-75b6f4bd46fd - - - - -] Service 6d53b129-2ee5-4196-a87c-0a46e379379f is updated service_manage_report /usr/lib/python3/dist-packages/heat/engine/service.py:2370
2025-12-15 00:46:30.983 38636 DEBUG heat.engine.service [req-e39df771-4b09-4185-b5eb-aad51c30e048 - - - - -] Service f35d65a5-396b-4f9f-ad9b-39f27e7b73cb is updated service_manage_report /usr/lib/python3/dist-packages/heat/engine/service.py:2370
2025-12-15 00:47:30.835 38634 DEBUG heat.engine.service [req-2a12c70b-8a1a-49dd-9754-de1fc4abf2cd - - - - -] Service 4347f610-2adc-4838-9646-d9f099486cef is updated service_manage_report /usr/lib/python3/dist-packages/heat/engine/service.py:2370
2025-12-15 00:47:30.844 38637 DEBUG heat.engine.service [req-98ec7046-b711-4322-9f22-c7c047d3d8cf - - - - -] Service daca27e3-ca85-4b18-a2c3-f0e1c43d40e6 is updated service_manage_report /usr/lib/python3/dist-packages/heat/engine/service.py:2370
2025-12-15 00:47:30.848 38635 DEBUG heat.engine.service [req-f83a031a-6d56-44e3-a1ce-da4bf1940155 - - - - -] Service 6d53b129-2ee5-4196-a87c-0a46e379379f is updated service_manage_report /usr/lib/python3/dist-packages/heat/engine/service.py:2370
2025-12-15 00:47:30.987 38636 DEBUG heat.engine.service [req-0b6cccc7-2c29-4959-a131-a5256582a2bf - - - - -] Service f35d65a5-396b-4f9f-ad9b-39f27e7b73cb is updated service_manage_report /usr/lib/python3/dist-packages/heat/engine/service.py:2370
2025-12-15 00:48:30.841 38634 DEBUG heat.engine.service [req-e6d4656d-2497-4d2f-897a-a305da9e7871 - - - - -] Service 4347f610-2adc-4838-9646-d9f099486cef is updated service_manage_report /usr/lib/python3/dist-packages/heat/engine/service.py:2370
2025-12-15 00:48:30.848 38637 DEBUG heat.engine.service [req-f5d92f88-5ddd-468b-9639-e9c3db5fe946 - - - - -] Service daca27e3-ca85-4b18-a2c3-f0e1c43d40e6 is updated service_manage_report /usr/lib/python3/dist-packages/heat/engine/service.py:2370
2025-12-15 00:48:30.854 38635 DEBUG heat.engine.service [req-a013be7e-5471-43e4-a61e-ba39864fc890 - - - - -] Service 6d53b129-2ee5-4196-a87c-0a46e379379f is updated service_manage_report /usr/lib/python3/dist-packages/heat/engine/service.py:2370
2025-12-15 00:48:30.993 38636 DEBUG heat.engine.service [req-929c1ef4-8bfc-4c5e-b606-03492340f0f9 - - - - -] Service f35d65a5-396b-4f9f-ad9b-39f27e7b73cb is updated service_manage_report /usr/lib/python3/dist-packages/heat/engine/service.py:2370
2025-12-15 00:49:30.835 38634 DEBUG heat.engine.service [req-8ea0790f-86f8-4681-8b26-35e55471d9b4 - - - - -] Service 4347f610-2adc-4838-9646-d9f099486cef is updated service_manage_report /usr/lib/python3/dist-packages/heat/engine/service.py:2370
2025-12-15 00:49:30.847 38635 DEBUG heat.engine.service [req-aea2a289-d0e2-4bb6-84f4-76201b9ed5a2 - - - - -] Service 6d53b129-2ee5-4196-a87c-0a46e379379f is updated service_manage_report /usr/lib/python3/dist-packages/heat/engine/service.py:2370
2025-12-15 00:49:30.851 38637 DEBUG heat.engine.service [req-df26815e-9cda-4aab-b34f-1179f526bfd9 - - - - -] Service daca27e3-ca85-4b18-a2c3-f0e1c43d40e6 is updated service_manage_report /usr/lib/python3/dist-packages/heat/engine/service.py:2370
2025-12-15 00:49:30.997 38636 DEBUG heat.engine.service [req-00643a30-b075-4a12-bad4-af4f1a224a39 - - - - -] Service f35d65a5-396b-4f9f-ad9b-39f27e7b73cb is updated service_manage_report /usr/lib/python3/dist-packages/heat/engine/service.py:2370
2025-12-15 00:50:30.839 38634 DEBUG heat.engine.service [req-ca7eba52-7598-478c-8657-d34cba66b5cf - - - - -] Service 4347f610-2adc-4838-9646-d9f099486cef is updated service_manage_report /usr/lib/python3/dist-packages/heat/engine/service.py:2370
2025-12-15 00:50:30.849 38635 DEBUG heat.engine.service [req-281c3a81-0d8f-4729-901b-a6d79924ab9b - - - - -] Service 6d53b129-2ee5-4196-a87c-0a46e379379f is updated service_manage_report /usr/lib/python3/dist-packages/heat/engine/service.py:2370
2025-12-15 00:50:30.854 38637 DEBUG heat.engine.service [req-0a5bcf31-bd8f-41c5-943b-ecb0e025a7c7 - - - - -] Service daca27e3-ca85-4b18-a2c3-f0e1c43d40e6 is updated service_manage_report /usr/lib/python3/dist-packages/heat/engine/service.py:2370
2025-12-15 00:50:31.005 38636 DEBUG heat.engine.service [req-5d790472-3d86-4143-96ea-dbf6e750120a - - - - -] Service f35d65a5-396b-4f9f-ad9b-39f27e7b73cb is updated service_manage_report /usr/lib/python3/dist-packages/heat/engine/service.py:2370
2025-12-15 00:51:30.844 38634 DEBUG heat.engine.service [req-fa739ada-5154-46ff-8797-c48af7894bb1 - - - - -] Service 4347f610-2adc-4838-9646-d9f099486cef is updated service_manage_report /usr/lib/python3/dist-packages/heat/engine/service.py:2370
2025-12-15 00:51:30.851 38635 DEBUG heat.engine.service [req-221da8e8-68ef-4d75-ba76-ca6eda108916 - - - - -] Service 6d53b129-2ee5-4196-a87c-0a46e379379f is updated service_manage_report /usr/lib/python3/dist-packages/heat/engine/service.py:2370
2025-12-15 00:51:30.856 38637 DEBUG heat.engine.service [req-416fa481-6b80-45b3-b59d-2c86df643866 - - - - -] Service daca27e3-ca85-4b18-a2c3-f0e1c43d40e6 is updated service_manage_report /usr/lib/python3/dist-packages/heat/engine/service.py:2370
2025-12-15 00:51:31.002 38636 DEBUG heat.engine.service [req-87b75942-255d-438a-8fae-159a4adcad54 - - - - -] Service f35d65a5-396b-4f9f-ad9b-39f27e7b73cb is updated service_manage_report /usr/lib/python3/dist-packages/heat/engine/service.py:2370
2025-12-15 00:52:30.851 38634 DEBUG heat.engine.service [req-abf43664-4c2d-495e-a1ef-3ac7f512922b - - - - -] Service 4347f610-2adc-4838-9646-d9f099486cef is updated service_manage_report /usr/lib/python3/dist-packages/heat/engine/service.py:2370
2025-12-15 00:52:30.856 38635 DEBUG heat.engine.service [req-693fc68c-1822-46b5-b1b9-b58fc3ce0de7 - - - - -] Service 6d53b129-2ee5-4196-a87c-0a46e379379f is updated service_manage_report /usr/lib/python3/dist-packages/heat/engine/service.py:2370
2025-12-15 00:52:30.862 38637 DEBUG heat.engine.service [req-16eed23e-afc3-4b8e-be5c-646a40fed410 - - - - -] Service daca27e3-ca85-4b18-a2c3-f0e1c43d40e6 is updated service_manage_report /usr/lib/python3/dist-packages/heat/engine/service.py:2370
2025-12-15 00:52:30.996 38636 DEBUG heat.engine.service [req-1025a28e-43c3-4718-9453-bfeba94e935f - - - - -] Service f35d65a5-396b-4f9f-ad9b-39f27e7b73cb is updated service_manage_report /usr/lib/python3/dist-packages/heat/engine/service.py:2370
2025-12-15 00:53:30.844 38634 DEBUG heat.engine.service [req-8ad10ca7-10f9-4597-ad5a-0759133674e3 - - - - -] Service 4347f610-2adc-4838-9646-d9f099486cef is updated service_manage_report /usr/lib/python3/dist-packages/heat/engine/service.py:2370
2025-12-15 00:53:30.858 38635 DEBUG heat.engine.service [req-2e47afa1-9d82-43f5-a76f-4baaa0b7d7e2 - - - - -] Service 6d53b129-2ee5-4196-a87c-0a46e379379f is updated service_manage_report /usr/lib/python3/dist-packages/heat/engine/service.py:2370
2025-12-15 00:53:30.865 38637 DEBUG heat.engine.service [req-bb0225ec-f295-46bc-ab50-be4bd02e4a68 - - - - -] Service daca27e3-ca85-4b18-a2c3-f0e1c43d40e6 is updated service_manage_report /usr/lib/python3/dist-packages/heat/engine/service.py:2370
2025-12-15 00:53:30.999 38636 DEBUG heat.engine.service [req-a529ef16-9bec-48b0-b474-311e9e6985e9 - - - - -] Service f35d65a5-396b-4f9f-ad9b-39f27e7b73cb is updated service_manage_report /usr/lib/python3/dist-packages/heat/engine/service.py:2370
2025-12-15 00:54:30.848 38634 DEBUG heat.engine.service [req-621d5684-94f8-4d99-b193-0cfb8c914c7c - - - - -] Service 4347f610-2adc-4838-9646-d9f099486cef is updated service_manage_report /usr/lib/python3/dist-packages/heat/engine/service.py:2370
2025-12-15 00:54:30.862 38635 DEBUG heat.engine.service [req-5a8f3f6e-e34a-4d33-9caf-351e5e03db2e - - - - -] Service 6d53b129-2ee5-4196-a87c-0a46e379379f is updated service_manage_report /usr/lib/python3/dist-packages/heat/engine/service.py:2370
2025-12-15 00:54:30.867 38637 DEBUG heat.engine.service [req-220575fe-6ef6-4e72-8d2f-a397c6d836bb - - - - -] Service daca27e3-ca85-4b18-a2c3-f0e1c43d40e6 is updated service_manage_report /usr/lib/python3/dist-packages/heat/engine/service.py:2370
2025-12-15 00:54:31.002 38636 DEBUG heat.engine.service [req-101360fe-a70c-49ce-a53e-3f8ef9470fc2 - - - - -] Service f35d65a5-396b-4f9f-ad9b-39f27e7b73cb is updated service_manage_report /usr/lib/python3/dist-packages/heat/engine/service.py:2370
2025-12-15 00:55:30.852 38634 DEBUG heat.engine.service [req-93cdfaad-8a99-44bc-bd02-ed14c1cfe3c0 - - - - -] Service 4347f610-2adc-4838-9646-d9f099486cef is updated service_manage_report /usr/lib/python3/dist-packages/heat/engine/service.py:2370
2025-12-15 00:55:30.866 38635 DEBUG heat.engine.service [req-2a25c66c-9ed1-4ab3-b74c-c891d013d25b - - - - -] Service 6d53b129-2ee5-4196-a87c-0a46e379379f is updated service_manage_report /usr/lib/python3/dist-packages/heat/engine/service.py:2370
2025-12-15 00:55:30.871 38637 DEBUG heat.engine.service [req-8c459bfd-8f06-439e-aa2e-6135eeeaf095 - - - - -] Service daca27e3-ca85-4b18-a2c3-f0e1c43d40e6 is updated service_manage_report /usr/lib/python3/dist-packages/heat/engine/service.py:2370
2025-12-15 00:55:31.006 38636 DEBUG heat.engine.service [req-567c3ab3-fe8e-4cb1-9b55-ac04b2038e0a - - - - -] Service f35d65a5-396b-4f9f-ad9b-39f27e7b73cb is updated service_manage_report /usr/lib/python3/dist-packages/heat/engine/service.py:2370
2025-12-15 00:56:30.856 38634 DEBUG heat.engine.service [req-b7dad214-1186-474f-949a-5d8dc5c6563f - - - - -] Service 4347f610-2adc-4838-9646-d9f099486cef is updated service_manage_report /usr/lib/python3/dist-packages/heat/engine/service.py:2370
2025-12-15 00:56:30.870 38635 DEBUG heat.engine.service [req-95310268-8a0c-4cab-980c-3645c73b1dc2 - - - - -] Service 6d53b129-2ee5-4196-a87c-0a46e379379f is updated service_manage_report /usr/lib/python3/dist-packages/heat/engine/service.py:2370
2025-12-15 00:56:30.876 38637 DEBUG heat.engine.service [req-9943aa31-eb1a-44c1-b5d7-ee1587ecb2aa - - - - -] Service daca27e3-ca85-4b18-a2c3-f0e1c43d40e6 is updated service_manage_report /usr/lib/python3/dist-packages/heat/engine/service.py:2370
2025-12-15 00:56:31.010 38636 DEBUG heat.engine.service [req-a3b42827-32c4-4382-8f2e-38ef698350fb - - - - -] Service f35d65a5-396b-4f9f-ad9b-39f27e7b73cb is updated service_manage_report /usr/lib/python3/dist-packages/heat/engine/service.py:2370
2025-12-15 00:57:30.863 38634 DEBUG heat.engine.service [req-d381661a-3c50-423c-a70a-b36ff98d66d2 - - - - -] Service 4347f610-2adc-4838-9646-d9f099486cef is updated service_manage_report /usr/lib/python3/dist-packages/heat/engine/service.py:2370
2025-12-15 00:57:30.875 38635 DEBUG heat.engine.service [req-5d48292c-9740-47e8-b1ee-1c25c24f0c77 - - - - -] Service 6d53b129-2ee5-4196-a87c-0a46e379379f is updated service_manage_report /usr/lib/python3/dist-packages/heat/engine/service.py:2370
2025-12-15 00:57:30.878 38637 DEBUG heat.engine.service [req-ddb730e4-4db0-4b63-9581-148e1633f33a - - - - -] Service daca27e3-ca85-4b18-a2c3-f0e1c43d40e6 is updated service_manage_report /usr/lib/python3/dist-packages/heat/engine/service.py:2370
2025-12-15 00:57:31.016 38636 DEBUG heat.engine.service [req-57373edb-180f-48a3-a18b-dea77836ca70 - - - - -] Service f35d65a5-396b-4f9f-ad9b-39f27e7b73cb is updated service_manage_report /usr/lib/python3/dist-packages/heat/engine/service.py:2370
2025-12-15 00:58:30.857 38634 DEBUG heat.engine.service [req-7cebb757-432b-4195-9029-dd57d02e05d2 - - - - -] Service 4347f610-2adc-4838-9646-d9f099486cef is updated service_manage_report /usr/lib/python3/dist-packages/heat/engine/service.py:2370
2025-12-15 00:58:30.882 38635 DEBUG heat.engine.service [req-7844ee49-1e3c-477e-a2ff-4caf5eaac03a - - - - -] Service 6d53b129-2ee5-4196-a87c-0a46e379379f is updated service_manage_report /usr/lib/python3/dist-packages/heat/engine/service.py:2370
2025-12-15 00:58:30.884 38637 DEBUG heat.engine.service [req-893d84e2-62cf-448e-ac91-98fc2e216cd6 - - - - -] Service daca27e3-ca85-4b18-a2c3-f0e1c43d40e6 is updated service_manage_report /usr/lib/python3/dist-packages/heat/engine/service.py:2370
2025-12-15 00:58:31.011 38636 DEBUG heat.engine.service [req-e6c201b6-7053-477e-9a18-6bc1c5442d90 - - - - -] Service f35d65a5-396b-4f9f-ad9b-39f27e7b73cb is updated service_manage_report /usr/lib/python3/dist-packages/heat/engine/service.py:2370
2025-12-15 00:59:30.864 38634 DEBUG heat.engine.service [req-4cb62aa0-d402-4440-81f9-d982a47db359 - - - - -] Service 4347f610-2adc-4838-9646-d9f099486cef is updated service_manage_report /usr/lib/python3/dist-packages/heat/engine/service.py:2370
2025-12-15 00:59:30.875 38635 DEBUG heat.engine.service [req-6489bd8c-d667-4d1b-aa65-5ad1e8794f90 - - - - -] Service 6d53b129-2ee5-4196-a87c-0a46e379379f is updated service_manage_report /usr/lib/python3/dist-packages/heat/engine/service.py:2370
2025-12-15 00:59:30.884 38637 DEBUG heat.engine.service [req-554635ae-ec45-4b42-8c72-88d74a4de840 - - - - -] Service daca27e3-ca85-4b18-a2c3-f0e1c43d40e6 is updated service_manage_report /usr/lib/python3/dist-packages/heat/engine/service.py:2370
2025-12-15 00:59:31.016 38636 DEBUG heat.engine.service [req-df276fe9-8c8b-4020-b3a6-f5715f8bc608 - - - - -] Service f35d65a5-396b-4f9f-ad9b-39f27e7b73cb is updated service_manage_report /usr/lib/python3/dist-packages/heat/engine/service.py:2370
2025-12-15 01:00:30.860 38634 DEBUG heat.engine.service [req-4a92f318-6050-4dba-b456-7b27892dee57 - - - - -] Service 4347f610-2adc-4838-9646-d9f099486cef is updated service_manage_report /usr/lib/python3/dist-packages/heat/engine/service.py:2370
2025-12-15 01:00:30.877 38637 DEBUG heat.engine.service [req-4629c97f-be7c-4d3e-b9e7-6a1d37880b32 - - - - -] Service daca27e3-ca85-4b18-a2c3-f0e1c43d40e6 is updated service_manage_report /usr/lib/python3/dist-packages/heat/engine/service.py:2370
2025-12-15 01:00:30.882 38635 DEBUG heat.engine.service [req-27801a1f-240b-4ce9-8ddf-88020dec9132 - - - - -] Service 6d53b129-2ee5-4196-a87c-0a46e379379f is updated service_manage_report /usr/lib/python3/dist-packages/heat/engine/service.py:2370
2025-12-15 01:00:31.022 38636 DEBUG heat.engine.service [req-17587516-553b-4035-8d24-dce76b571874 - - - - -] Service f35d65a5-396b-4f9f-ad9b-39f27e7b73cb is updated service_manage_report /usr/lib/python3/dist-packages/heat/engine/service.py:2370
2025-12-15 01:01:30.854 38634 DEBUG heat.engine.service [req-18f4ad07-d848-417a-9d04-b954a18b85e2 - - - - -] Service 4347f610-2adc-4838-9646-d9f099486cef is updated service_manage_report /usr/lib/python3/dist-packages/heat/engine/service.py:2370
2025-12-15 01:01:30.875 38635 DEBUG heat.engine.service [req-91ea2aff-9c6f-4e60-be90-ba1a3b88c0a0 - - - - -] Service 6d53b129-2ee5-4196-a87c-0a46e379379f is updated service_manage_report /usr/lib/python3/dist-packages/heat/engine/service.py:2370
2025-12-15 01:01:30.879 38637 DEBUG heat.engine.service [req-64e882b0-dc99-4127-b484-f6321f0315c7 - - - - -] Service daca27e3-ca85-4b18-a2c3-f0e1c43d40e6 is updated service_manage_report /usr/lib/python3/dist-packages/heat/engine/service.py:2370
2025-12-15 01:01:31.017 38636 DEBUG heat.engine.service [req-7b69c53c-7d9d-4ceb-92e6-0a2435b2ebf2 - - - - -] Service f35d65a5-396b-4f9f-ad9b-39f27e7b73cb is updated service_manage_report /usr/lib/python3/dist-packages/heat/engine/service.py:2370
2025-12-15 01:02:30.859 38634 DEBUG heat.engine.service [req-8171bcf5-0656-49d2-a5e3-2036779c96d8 - - - - -] Service 4347f610-2adc-4838-9646-d9f099486cef is updated service_manage_report /usr/lib/python3/dist-packages/heat/engine/service.py:2370
2025-12-15 01:02:30.879 38635 DEBUG heat.engine.service [req-07cbec9c-0b20-413b-ae01-8d5a1d797477 - - - - -] Service 6d53b129-2ee5-4196-a87c-0a46e379379f is updated service_manage_report /usr/lib/python3/dist-packages/heat/engine/service.py:2370
2025-12-15 01:02:30.882 38637 DEBUG heat.engine.service [req-ffca7e75-a688-42ae-ad33-429ccfa2a158 - - - - -] Service daca27e3-ca85-4b18-a2c3-f0e1c43d40e6 is updated service_manage_report /usr/lib/python3/dist-packages/heat/engine/service.py:2370
2025-12-15 01:02:31.026 38636 DEBUG heat.engine.service [req-17b8b11a-708b-4180-82ef-42f12daff6f0 - - - - -] Service f35d65a5-396b-4f9f-ad9b-39f27e7b73cb is updated service_manage_report /usr/lib/python3/dist-packages/heat/engine/service.py:2370
2025-12-15 01:03:30.864 38634 DEBUG heat.engine.service [req-1e159ccb-0059-4b55-9e21-4db9908ac8ea - - - - -] Service 4347f610-2adc-4838-9646-d9f099486cef is updated service_manage_report /usr/lib/python3/dist-packages/heat/engine/service.py:2370
2025-12-15 01:03:30.882 38635 DEBUG heat.engine.service [req-247da40f-29dd-41ed-898a-4c2c8d665b83 - - - - -] Service 6d53b129-2ee5-4196-a87c-0a46e379379f is updated service_manage_report /usr/lib/python3/dist-packages/heat/engine/service.py:2370
2025-12-15 01:03:30.887 38637 DEBUG heat.engine.service [req-54c46a90-76d4-4ceb-ac33-0bbad0f13f6b - - - - -] Service daca27e3-ca85-4b18-a2c3-f0e1c43d40e6 is updated service_manage_report /usr/lib/python3/dist-packages/heat/engine/service.py:2370
2025-12-15 01:03:31.020 38636 DEBUG heat.engine.service [req-3119a43e-2c59-41ce-900f-2f6f5db569d7 - - - - -] Service f35d65a5-396b-4f9f-ad9b-39f27e7b73cb is updated service_manage_report /usr/lib/python3/dist-packages/heat/engine/service.py:2370
2025-12-15 01:04:30.870 38634 DEBUG heat.engine.service [req-93e202fe-00f0-4425-9745-aa7936164ca1 - - - - -] Service 4347f610-2adc-4838-9646-d9f099486cef is updated service_manage_report /usr/lib/python3/dist-packages/heat/engine/service.py:2370
2025-12-15 01:04:30.893 38635 DEBUG heat.engine.service [req-9574c732-0009-46b8-bee6-283733e68b5a - - - - -] Service 6d53b129-2ee5-4196-a87c-0a46e379379f is updated service_manage_report /usr/lib/python3/dist-packages/heat/engine/service.py:2370
2025-12-15 01:04:30.896 38637 DEBUG heat.engine.service [req-b508873c-061f-4fcc-8aac-6f5a93878bb5 - - - - -] Service daca27e3-ca85-4b18-a2c3-f0e1c43d40e6 is updated service_manage_report /usr/lib/python3/dist-packages/heat/engine/service.py:2370
2025-12-15 01:04:31.023 38636 DEBUG heat.engine.service [req-0be71c4a-30e2-4a48-9c03-9e816d1f163d - - - - -] Service f35d65a5-396b-4f9f-ad9b-39f27e7b73cb is updated service_manage_report /usr/lib/python3/dist-packages/heat/engine/service.py:2370
2025-12-15 01:05:30.864 38634 DEBUG heat.engine.service [req-2c5d6787-156c-4011-a852-195f1095bd4d - - - - -] Service 4347f610-2adc-4838-9646-d9f099486cef is updated service_manage_report /usr/lib/python3/dist-packages/heat/engine/service.py:2370
2025-12-15 01:05:30.888 38635 DEBUG heat.engine.service [req-0d27db17-674c-4e83-af2a-16720b529bc6 - - - - -] Service 6d53b129-2ee5-4196-a87c-0a46e379379f is updated service_manage_report /usr/lib/python3/dist-packages/heat/engine/service.py:2370
2025-12-15 01:05:30.891 38637 DEBUG heat.engine.service [req-514730fb-2978-44fb-8a32-f52569446d82 - - - - -] Service daca27e3-ca85-4b18-a2c3-f0e1c43d40e6 is updated service_manage_report /usr/lib/python3/dist-packages/heat/engine/service.py:2370
2025-12-15 01:05:31.028 38636 DEBUG heat.engine.service [req-0f8750e0-3d64-4b57-be1e-a79b7b27c1cb - - - - -] Service f35d65a5-396b-4f9f-ad9b-39f27e7b73cb is updated service_manage_report /usr/lib/python3/dist-packages/heat/engine/service.py:2370
2025-12-15 01:06:30.869 38634 DEBUG heat.engine.service [req-01f227d0-3678-4b78-a1e9-eaafd0eae498 - - - - -] Service 4347f610-2adc-4838-9646-d9f099486cef is updated service_manage_report /usr/lib/python3/dist-packages/heat/engine/service.py:2370
2025-12-15 01:06:30.890 38635 DEBUG heat.engine.service [req-2600dcf6-d060-46b9-ae99-2a067597b4ec - - - - -] Service 6d53b129-2ee5-4196-a87c-0a46e379379f is updated service_manage_report /usr/lib/python3/dist-packages/heat/engine/service.py:2370
2025-12-15 01:06:30.892 38637 DEBUG heat.engine.service [req-e843b68b-4ddb-46e0-8978-5ad09a8ee33d - - - - -] Service daca27e3-ca85-4b18-a2c3-f0e1c43d40e6 is updated service_manage_report /usr/lib/python3/dist-packages/heat/engine/service.py:2370
2025-12-15 01:06:31.032 38636 DEBUG heat.engine.service [req-8162a2e5-012a-434e-a206-412a889255b2 - - - - -] Service f35d65a5-396b-4f9f-ad9b-39f27e7b73cb is updated service_manage_report /usr/lib/python3/dist-packages/heat/engine/service.py:2370
2025-12-15 01:07:30.914 38634 DEBUG heat.engine.service [req-866d9c12-035c-4e88-8b7c-6d6121f27dce - - - - -] Service 4347f610-2adc-4838-9646-d9f099486cef is updated service_manage_report /usr/lib/python3/dist-packages/heat/engine/service.py:2370
2025-12-15 01:07:30.917 38635 DEBUG heat.engine.service [req-4faacf7b-d44c-492e-bd12-3498ec16a68d - - - - -] Service 6d53b129-2ee5-4196-a87c-0a46e379379f is updated service_manage_report /usr/lib/python3/dist-packages/heat/engine/service.py:2370
2025-12-15 01:07:30.917 38637 DEBUG heat.engine.service [req-653ebea7-d5ed-4cfb-8e0a-9448cd78bb5e - - - - -] Service daca27e3-ca85-4b18-a2c3-f0e1c43d40e6 is updated service_manage_report /usr/lib/python3/dist-packages/heat/engine/service.py:2370
2025-12-15 01:07:31.037 38636 DEBUG heat.engine.service [req-6be74358-2c41-4126-923d-3bb970047f6d - - - - -] Service f35d65a5-396b-4f9f-ad9b-39f27e7b73cb is updated service_manage_report /usr/lib/python3/dist-packages/heat/engine/service.py:2370
2025-12-15 01:08:30.869 38634 DEBUG heat.engine.service [req-58f8212d-8bb9-4709-a09e-70ce8535a3ff - - - - -] Service 4347f610-2adc-4838-9646-d9f099486cef is updated service_manage_report /usr/lib/python3/dist-packages/heat/engine/service.py:2370
2025-12-15 01:08:30.892 38635 DEBUG heat.engine.service [req-a920670b-0601-4fd3-a221-f58ac5432265 - - - - -] Service 6d53b129-2ee5-4196-a87c-0a46e379379f is updated service_manage_report /usr/lib/python3/dist-packages/heat/engine/service.py:2370
2025-12-15 01:08:30.900 38637 DEBUG heat.engine.service [req-8463b5cd-d597-42c4-89f5-98c2140d50e4 - - - - -] Service daca27e3-ca85-4b18-a2c3-f0e1c43d40e6 is updated service_manage_report /usr/lib/python3/dist-packages/heat/engine/service.py:2370
2025-12-15 01:08:31.042 38636 DEBUG heat.engine.service [req-97418c5e-d45e-4560-b55f-beee98106499 - - - - -] Service f35d65a5-396b-4f9f-ad9b-39f27e7b73cb is updated service_manage_report /usr/lib/python3/dist-packages/heat/engine/service.py:2370
2025-12-15 01:09:30.872 38634 DEBUG heat.engine.service [req-e136213d-6809-4ee9-90aa-fcb3076a4432 - - - - -] Service 4347f610-2adc-4838-9646-d9f099486cef is updated service_manage_report /usr/lib/python3/dist-packages/heat/engine/service.py:2370
