2025-12-15 02:02:04.772 7 DEBUG oslo_service.service [-] ml2_type_gre.tunnel_id_ranges = [] log_opt_values /var/lib/kolla/venv/lib/python3.6/site-packages/oslo_config/cfg.py:2611
2025-12-15 02:02:04.772 7 DEBUG oslo_service.service [-] ml2_type_vlan.network_vlan_ranges = [] log_opt_values /var/lib/kolla/venv/lib/python3.6/site-packages/oslo_config/cfg.py:2611
2025-12-15 02:02:04.772 7 DEBUG oslo_service.service [-] ml2_type_vxlan.vni_ranges = [] log_opt_values /var/lib/kolla/venv/lib/python3.6/site-packages/oslo_config/cfg.py:2611
2025-12-15 02:02:04.772 7 DEBUG oslo_service.service [-] ml2_type_vxlan.vxlan_group = None log_opt_values /var/lib/kolla/venv/lib/python3.6/site-packages/oslo_config/cfg.py:2611
2025-12-15 02:02:04.772 7 DEBUG oslo_service.service [-] database.backend = sqlalchemy log_opt_values /var/lib/kolla/venv/lib/python3.6/site-packages/oslo_config/cfg.py:2611
2025-12-15 02:02:04.773 7 DEBUG oslo_service.service [-] database.connection = **** log_opt_values /var/lib/kolla/venv/lib/python3.6/site-packages/oslo_config/cfg.py:2611
2025-12-15 02:02:04.773 7 DEBUG oslo_service.service [-] database.connection_debug = 0 log_opt_values /var/lib/kolla/venv/lib/python3.6/site-packages/oslo_config/cfg.py:2611
2025-12-15 02:02:04.773 7 DEBUG oslo_service.service [-] database.connection_parameters = log_opt_values /var/lib/kolla/venv/lib/python3.6/site-packages/oslo_config/cfg.py:2611
2025-12-15 02:02:04.773 7 DEBUG oslo_service.service [-] database.connection_recycle_time = 10 log_opt_values /var/lib/kolla/venv/lib/python3.6/site-packages/oslo_config/cfg.py:2611
2025-12-15 02:02:04.773 7 DEBUG oslo_service.service [-] database.connection_trace = False log_opt_values /var/lib/kolla/venv/lib/python3.6/site-packages/oslo_config/cfg.py:2611
2025-12-15 02:02:04.773 7 DEBUG oslo_service.service [-] database.db_inc_retry_interval = True log_opt_values /var/lib/kolla/venv/lib/python3.6/site-packages/oslo_config/cfg.py:2611
2025-12-15 02:02:04.773 7 DEBUG oslo_service.service [-] database.db_max_retries = 20 log_opt_values /var/lib/kolla/venv/lib/python3.6/site-packages/oslo_config/cfg.py:2611
2025-12-15 02:02:04.773 7 DEBUG oslo_service.service [-] database.db_max_retry_interval = 10 log_opt_values /var/lib/kolla/venv/lib/python3.6/site-packages/oslo_config/cfg.py:2611
2025-12-15 02:02:04.773 7 DEBUG oslo_service.service [-] database.db_retry_interval = 1 log_opt_values /var/lib/kolla/venv/lib/python3.6/site-packages/oslo_config/cfg.py:2611
2025-12-15 02:02:04.773 7 DEBUG oslo_service.service [-] database.max_overflow = 50 log_opt_values /var/lib/kolla/venv/lib/python3.6/site-packages/oslo_config/cfg.py:2611
2025-12-15 02:02:04.773 7 DEBUG oslo_service.service [-] database.max_pool_size = 1 log_opt_values /var/lib/kolla/venv/lib/python3.6/site-packages/oslo_config/cfg.py:2611
2025-12-15 02:02:04.773 7 DEBUG oslo_service.service [-] database.max_retries = -1 log_opt_values /var/lib/kolla/venv/lib/python3.6/site-packages/oslo_config/cfg.py:2611
2025-12-15 02:02:04.773 7 DEBUG oslo_service.service [-] database.mysql_enable_ndb = False log_opt_values /var/lib/kolla/venv/lib/python3.6/site-packages/oslo_config/cfg.py:2611
2025-12-15 02:02:04.773 7 DEBUG oslo_service.service [-] database.mysql_sql_mode = TRADITIONAL log_opt_values /var/lib/kolla/venv/lib/python3.6/site-packages/oslo_config/cfg.py:2611
2025-12-15 02:02:04.773 7 DEBUG oslo_service.service [-] database.pool_timeout = None log_opt_values /var/lib/kolla/venv/lib/python3.6/site-packages/oslo_config/cfg.py:2611
2025-12-15 02:02:04.773 7 DEBUG oslo_service.service [-] database.retry_interval = 10 log_opt_values /var/lib/kolla/venv/lib/python3.6/site-packages/oslo_config/cfg.py:2611
2025-12-15 02:02:04.773 7 DEBUG oslo_service.service [-] database.slave_connection = **** log_opt_values /var/lib/kolla/venv/lib/python3.6/site-packages/oslo_config/cfg.py:2611
2025-12-15 02:02:04.774 7 DEBUG oslo_service.service [-] database.sqlite_synchronous = True log_opt_values /var/lib/kolla/venv/lib/python3.6/site-packages/oslo_config/cfg.py:2611
2025-12-15 02:02:04.774 7 DEBUG oslo_service.service [-] database.use_db_reconnect = False log_opt_values /var/lib/kolla/venv/lib/python3.6/site-packages/oslo_config/cfg.py:2611
2025-12-15 02:02:04.774 7 DEBUG oslo_service.service [-] ******************************************************************************** log_opt_values /var/lib/kolla/venv/lib/python3.6/site-packages/oslo_config/cfg.py:2613
2025-12-15 02:02:05.795 22 DEBUG neutron.wsgi [-] (22) accepted ('10.0.0.249', 38238) server /var/lib/kolla/venv/lib/python3.6/site-packages/eventlet/wsgi.py:1004
2025-12-15 02:02:05.802 22 INFO neutron.wsgi [-] 10.0.0.249 "GET / HTTP/1.1" status: 200 len: 228 time: 0.0053763
2025-12-15 02:02:08.778 25 DEBUG neutron.api.rpc.handlers.dhcp_rpc [req-093544a0-a956-4e04-b19a-f42b0c87f087 - - - - -] get_active_networks_info from cn-jenkins-deploy-platform-ansible-os-4893-1 get_active_networks_info /var/lib/kolla/venv/lib/python3.6/site-packages/neutron/api/rpc/handlers/dhcp_rpc.py:159
2025-12-15 02:02:08.793 27 DEBUG neutron_lib.callbacks.manager [req-7b779147-472f-45b8-a33a-678d01d797c4 - - - - -] Publish callbacks ['neutron.services.segments.db._update_segment_host_mapping_for_agent-8747916976960', 'neutron.services.l3_router.l3_router_plugin.DVRResourceOperationHandler.create_fip_agent_gw_ports--9223372036854190107'] for agent (61c69e07-877e-4600-b48d-87435396c873), after_create _notify_loop /var/lib/kolla/venv/lib/python3.6/site-packages/neutron_lib/callbacks/manager.py:177
2025-12-15 02:02:08.817 25 DEBUG neutron.scheduler.dhcp_agent_scheduler [req-093544a0-a956-4e04-b19a-f42b0c87f087 - - - - -] No non-hosted networks auto_schedule_networks /var/lib/kolla/venv/lib/python3.6/site-packages/neutron/scheduler/dhcp_agent_scheduler.py:60
2025-12-15 02:02:25.541 28 DEBUG neutron_lib.callbacks.manager [req-99c37778-b579-4306-bcf7-4543943c35dc - - - - -] Publish callbacks ['neutron.services.segments.db._update_segment_host_mapping_for_agent-8747916976960', 'neutron.services.l3_router.l3_router_plugin.DVRResourceOperationHandler.create_fip_agent_gw_ports--9223372036854190107'] for agent (3b1cc690-8e33-417d-9ab6-00610da35b5b), after_create _notify_loop /var/lib/kolla/venv/lib/python3.6/site-packages/neutron_lib/callbacks/manager.py:177
2025-12-15 02:02:35.845 22 DEBUG neutron.wsgi [-] (22) accepted ('10.0.0.249', 37116) server /var/lib/kolla/venv/lib/python3.6/site-packages/eventlet/wsgi.py:1004
2025-12-15 02:02:35.849 22 INFO neutron.wsgi [-] 10.0.0.249 "GET / HTTP/1.1" status: 200 len: 228 time: 0.0032201
2025-12-15 02:02:38.776 26 DEBUG neutron_lib.callbacks.manager [req-2ed5e1c4-f132-47c8-937c-ec6ab5857ac1 - - - - -] Publish callbacks ['neutron.services.segments.db._update_segment_host_mapping_for_agent-8747916976960', 'neutron.plugins.ml2.plugin.Ml2Plugin._retry_binding_revived_agents--9223372036838245609'] for agent (61c69e07-877e-4600-b48d-87435396c873), after_update _notify_loop /var/lib/kolla/venv/lib/python3.6/site-packages/neutron_lib/callbacks/manager.py:177
2025-12-15 02:02:55.494 25 DEBUG neutron_lib.callbacks.manager [req-99c37778-b579-4306-bcf7-4543943c35dc - - - - -] Publish callbacks ['neutron.services.segments.db._update_segment_host_mapping_for_agent-8747916976960', 'neutron.plugins.ml2.plugin.Ml2Plugin._retry_binding_revived_agents--9223372036838245609'] for agent (3b1cc690-8e33-417d-9ab6-00610da35b5b), after_update _notify_loop /var/lib/kolla/venv/lib/python3.6/site-packages/neutron_lib/callbacks/manager.py:177
2025-12-15 02:03:05.897 22 DEBUG neutron.wsgi [-] (22) accepted ('10.0.0.249', 53752) server /var/lib/kolla/venv/lib/python3.6/site-packages/eventlet/wsgi.py:1004
2025-12-15 02:03:05.902 22 INFO neutron.wsgi [-] 10.0.0.249 "GET / HTTP/1.1" status: 200 len: 228 time: 0.0032310
2025-12-15 02:03:08.788 23 DEBUG neutron_lib.callbacks.manager [req-cc0495c3-8782-4851-aa53-87a6fcdc46f5 - - - - -] Publish callbacks ['neutron.services.segments.db._update_segment_host_mapping_for_agent-8747916976960', 'neutron.plugins.ml2.plugin.Ml2Plugin._retry_binding_revived_agents--9223372036838245609'] for agent (61c69e07-877e-4600-b48d-87435396c873), after_update _notify_loop /var/lib/kolla/venv/lib/python3.6/site-packages/neutron_lib/callbacks/manager.py:177
2025-12-15 02:03:17.756 29 DEBUG neutron.db.agents_db [req-b517925c-c970-4829-a272-1c266bef861e - - - - -] Agent healthcheck: found 2 active agents agent_health_check /var/lib/kolla/venv/lib/python3.6/site-packages/neutron/db/agents_db.py:318
2025-12-15 02:03:25.505 24 DEBUG neutron_lib.callbacks.manager [req-99c37778-b579-4306-bcf7-4543943c35dc - - - - -] Publish callbacks ['neutron.services.segments.db._update_segment_host_mapping_for_agent-8747916976960', 'neutron.plugins.ml2.plugin.Ml2Plugin._retry_binding_revived_agents--9223372036838245609'] for agent (3b1cc690-8e33-417d-9ab6-00610da35b5b), after_update _notify_loop /var/lib/kolla/venv/lib/python3.6/site-packages/neutron_lib/callbacks/manager.py:177
2025-12-15 02:03:35.954 22 DEBUG neutron.wsgi [-] (22) accepted ('10.0.0.249', 43534) server /var/lib/kolla/venv/lib/python3.6/site-packages/eventlet/wsgi.py:1004
2025-12-15 02:03:35.964 22 INFO neutron.wsgi [-] 10.0.0.249 "GET / HTTP/1.1" status: 200 len: 228 time: 0.0031750
2025-12-15 02:03:38.770 27 DEBUG neutron_lib.callbacks.manager [req-6c5c0bbe-ef83-4e7d-a649-0326b891716d - - - - -] Publish callbacks ['neutron.services.segments.db._update_segment_host_mapping_for_agent-8747916976960', 'neutron.plugins.ml2.plugin.Ml2Plugin._retry_binding_revived_agents--9223372036838245609'] for agent (61c69e07-877e-4600-b48d-87435396c873), after_update _notify_loop /var/lib/kolla/venv/lib/python3.6/site-packages/neutron_lib/callbacks/manager.py:177
2025-12-15 02:03:54.754 29 DEBUG neutron.db.agents_db [req-b517925c-c970-4829-a272-1c266bef861e - - - - -] Agent healthcheck: found 2 active agents agent_health_check /var/lib/kolla/venv/lib/python3.6/site-packages/neutron/db/agents_db.py:318
2025-12-15 02:03:55.497 28 DEBUG neutron_lib.callbacks.manager [req-99c37778-b579-4306-bcf7-4543943c35dc - - - - -] Publish callbacks ['neutron.services.segments.db._update_segment_host_mapping_for_agent-8747916976960', 'neutron.plugins.ml2.plugin.Ml2Plugin._retry_binding_revived_agents--9223372036838245609'] for agent (3b1cc690-8e33-417d-9ab6-00610da35b5b), after_update _notify_loop /var/lib/kolla/venv/lib/python3.6/site-packages/neutron_lib/callbacks/manager.py:177
2025-12-15 02:04:06.043 22 DEBUG neutron.wsgi [-] (22) accepted ('10.0.0.249', 54864) server /var/lib/kolla/venv/lib/python3.6/site-packages/eventlet/wsgi.py:1004
2025-12-15 02:04:06.047 22 INFO neutron.wsgi [-] 10.0.0.249 "GET / HTTP/1.1" status: 200 len: 228 time: 0.0027728
2025-12-15 02:04:08.760 26 DEBUG neutron_lib.callbacks.manager [req-aebf1cc4-0848-4a18-a1a1-3c95cab337d5 - - - - -] Publish callbacks ['neutron.services.segments.db._update_segment_host_mapping_for_agent-8747916976960', 'neutron.plugins.ml2.plugin.Ml2Plugin._retry_binding_revived_agents--9223372036838245609'] for agent (61c69e07-877e-4600-b48d-87435396c873), after_update _notify_loop /var/lib/kolla/venv/lib/python3.6/site-packages/neutron_lib/callbacks/manager.py:177
2025-12-15 02:04:25.499 25 DEBUG neutron_lib.callbacks.manager [req-99c37778-b579-4306-bcf7-4543943c35dc - - - - -] Publish callbacks ['neutron.services.segments.db._update_segment_host_mapping_for_agent-8747916976960', 'neutron.plugins.ml2.plugin.Ml2Plugin._retry_binding_revived_agents--9223372036838245609'] for agent (3b1cc690-8e33-417d-9ab6-00610da35b5b), after_update _notify_loop /var/lib/kolla/venv/lib/python3.6/site-packages/neutron_lib/callbacks/manager.py:177
2025-12-15 02:04:31.761 29 DEBUG neutron.db.agents_db [req-b517925c-c970-4829-a272-1c266bef861e - - - - -] Agent healthcheck: found 2 active agents agent_health_check /var/lib/kolla/venv/lib/python3.6/site-packages/neutron/db/agents_db.py:318
2025-12-15 02:04:36.096 22 DEBUG neutron.wsgi [-] (22) accepted ('10.0.0.249', 55704) server /var/lib/kolla/venv/lib/python3.6/site-packages/eventlet/wsgi.py:1004
2025-12-15 02:04:36.102 22 INFO neutron.wsgi [-] 10.0.0.249 "GET / HTTP/1.1" status: 200 len: 228 time: 0.0047262
2025-12-15 02:04:38.763 23 DEBUG neutron_lib.callbacks.manager [req-022e36b8-2af9-43dc-ba04-11fd07a82bd0 - - - - -] Publish callbacks ['neutron.services.segments.db._update_segment_host_mapping_for_agent-8747916976960', 'neutron.plugins.ml2.plugin.Ml2Plugin._retry_binding_revived_agents--9223372036838245609'] for agent (61c69e07-877e-4600-b48d-87435396c873), after_update _notify_loop /var/lib/kolla/venv/lib/python3.6/site-packages/neutron_lib/callbacks/manager.py:177
2025-12-15 02:04:55.497 24 DEBUG neutron_lib.callbacks.manager [req-99c37778-b579-4306-bcf7-4543943c35dc - - - - -] Publish callbacks ['neutron.services.segments.db._update_segment_host_mapping_for_agent-8747916976960', 'neutron.plugins.ml2.plugin.Ml2Plugin._retry_binding_revived_agents--9223372036838245609'] for agent (3b1cc690-8e33-417d-9ab6-00610da35b5b), after_update _notify_loop /var/lib/kolla/venv/lib/python3.6/site-packages/neutron_lib/callbacks/manager.py:177
2025-12-15 02:05:06.149 22 DEBUG neutron.wsgi [-] (22) accepted ('10.0.0.249', 52524) server /var/lib/kolla/venv/lib/python3.6/site-packages/eventlet/wsgi.py:1004
2025-12-15 02:05:06.153 22 INFO neutron.wsgi [-] 10.0.0.249 "GET / HTTP/1.1" status: 200 len: 228 time: 0.0027497
2025-12-15 02:05:08.761 27 DEBUG neutron_lib.callbacks.manager [req-c5bd2b5b-94a4-4b3c-b1b2-dacf2135554a - - - - -] Publish callbacks ['neutron.services.segments.db._update_segment_host_mapping_for_agent-8747916976960', 'neutron.plugins.ml2.plugin.Ml2Plugin._retry_binding_revived_agents--9223372036838245609'] for agent (61c69e07-877e-4600-b48d-87435396c873), after_update _notify_loop /var/lib/kolla/venv/lib/python3.6/site-packages/neutron_lib/callbacks/manager.py:177
2025-12-15 02:05:08.770 29 DEBUG neutron.db.agents_db [req-b517925c-c970-4829-a272-1c266bef861e - - - - -] Agent healthcheck: found 2 active agents agent_health_check /var/lib/kolla/venv/lib/python3.6/site-packages/neutron/db/agents_db.py:318
2025-12-15 02:05:25.501 28 DEBUG neutron_lib.callbacks.manager [req-99c37778-b579-4306-bcf7-4543943c35dc - - - - -] Publish callbacks ['neutron.services.segments.db._update_segment_host_mapping_for_agent-8747916976960', 'neutron.plugins.ml2.plugin.Ml2Plugin._retry_binding_revived_agents--9223372036838245609'] for agent (3b1cc690-8e33-417d-9ab6-00610da35b5b), after_update _notify_loop /var/lib/kolla/venv/lib/python3.6/site-packages/neutron_lib/callbacks/manager.py:177
2025-12-15 02:05:36.195 22 DEBUG neutron.wsgi [-] (22) accepted ('10.0.0.249', 57886) server /var/lib/kolla/venv/lib/python3.6/site-packages/eventlet/wsgi.py:1004
2025-12-15 02:05:36.200 22 INFO neutron.wsgi [-] 10.0.0.249 "GET / HTTP/1.1" status: 200 len: 228 time: 0.0036161
2025-12-15 02:05:38.760 26 DEBUG neutron_lib.callbacks.manager [req-e69e2eda-bdba-443e-848b-cd86d037d86a - - - - -] Publish callbacks ['neutron.services.segments.db._update_segment_host_mapping_for_agent-8747916976960', 'neutron.plugins.ml2.plugin.Ml2Plugin._retry_binding_revived_agents--9223372036838245609'] for agent (61c69e07-877e-4600-b48d-87435396c873), after_update _notify_loop /var/lib/kolla/venv/lib/python3.6/site-packages/neutron_lib/callbacks/manager.py:177
2025-12-15 02:05:45.778 29 DEBUG neutron.db.agents_db [req-b517925c-c970-4829-a272-1c266bef861e - - - - -] Agent healthcheck: found 2 active agents agent_health_check /var/lib/kolla/venv/lib/python3.6/site-packages/neutron/db/agents_db.py:318
2025-12-15 02:05:59.117 25 DEBUG neutron_lib.callbacks.manager [req-99c37778-b579-4306-bcf7-4543943c35dc - - - - -] Publish callbacks ['neutron.services.segments.db._update_segment_host_mapping_for_agent-8747916976960', 'neutron.plugins.ml2.plugin.Ml2Plugin._retry_binding_revived_agents--9223372036838245609'] for agent (3b1cc690-8e33-417d-9ab6-00610da35b5b), after_update _notify_loop /var/lib/kolla/venv/lib/python3.6/site-packages/neutron_lib/callbacks/manager.py:177
2025-12-15 02:06:06.252 22 DEBUG neutron.wsgi [-] (22) accepted ('10.0.0.249', 36770) server /var/lib/kolla/venv/lib/python3.6/site-packages/eventlet/wsgi.py:1004
2025-12-15 02:06:06.255 22 INFO neutron.wsgi [-] 10.0.0.249 "GET / HTTP/1.1" status: 200 len: 228 time: 0.0027585
2025-12-15 02:06:08.761 23 DEBUG neutron_lib.callbacks.manager [req-4564eabb-386e-4396-9912-91644c1a4434 - - - - -] Publish callbacks ['neutron.services.segments.db._update_segment_host_mapping_for_agent-8747916976960', 'neutron.plugins.ml2.plugin.Ml2Plugin._retry_binding_revived_agents--9223372036838245609'] for agent (61c69e07-877e-4600-b48d-87435396c873), after_update _notify_loop /var/lib/kolla/venv/lib/python3.6/site-packages/neutron_lib/callbacks/manager.py:177
2025-12-15 02:06:22.779 29 DEBUG neutron.db.agents_db [req-b517925c-c970-4829-a272-1c266bef861e - - - - -] Agent healthcheck: found 2 active agents agent_health_check /var/lib/kolla/venv/lib/python3.6/site-packages/neutron/db/agents_db.py:318
2025-12-15 02:06:25.516 24 DEBUG neutron_lib.callbacks.manager [req-99c37778-b579-4306-bcf7-4543943c35dc - - - - -] Publish callbacks ['neutron.services.segments.db._update_segment_host_mapping_for_agent-8747916976960', 'neutron.plugins.ml2.plugin.Ml2Plugin._retry_binding_revived_agents--9223372036838245609'] for agent (3b1cc690-8e33-417d-9ab6-00610da35b5b), after_update _notify_loop /var/lib/kolla/venv/lib/python3.6/site-packages/neutron_lib/callbacks/manager.py:177
2025-12-15 02:06:36.308 22 DEBUG neutron.wsgi [-] (22) accepted ('10.0.0.249', 35176) server /var/lib/kolla/venv/lib/python3.6/site-packages/eventlet/wsgi.py:1004
2025-12-15 02:06:36.313 22 INFO neutron.wsgi [-] 10.0.0.249 "GET / HTTP/1.1" status: 200 len: 228 time: 0.0029836
2025-12-15 02:06:38.813 27 DEBUG neutron_lib.callbacks.manager [req-4f26c8b2-859e-4c55-824c-d6e1f365e57c - - - - -] Publish callbacks ['neutron.services.segments.db._update_segment_host_mapping_for_agent-8747916976960', 'neutron.plugins.ml2.plugin.Ml2Plugin._retry_binding_revived_agents--9223372036838245609'] for agent (61c69e07-877e-4600-b48d-87435396c873), after_update _notify_loop /var/lib/kolla/venv/lib/python3.6/site-packages/neutron_lib/callbacks/manager.py:177
2025-12-15 02:06:55.510 28 DEBUG neutron_lib.callbacks.manager [req-99c37778-b579-4306-bcf7-4543943c35dc - - - - -] Publish callbacks ['neutron.services.segments.db._update_segment_host_mapping_for_agent-8747916976960', 'neutron.plugins.ml2.plugin.Ml2Plugin._retry_binding_revived_agents--9223372036838245609'] for agent (3b1cc690-8e33-417d-9ab6-00610da35b5b), after_update _notify_loop /var/lib/kolla/venv/lib/python3.6/site-packages/neutron_lib/callbacks/manager.py:177
2025-12-15 02:06:59.779 29 DEBUG neutron.db.agents_db [req-b517925c-c970-4829-a272-1c266bef861e - - - - -] Agent healthcheck: found 2 active agents agent_health_check /var/lib/kolla/venv/lib/python3.6/site-packages/neutron/db/agents_db.py:318
2025-12-15 02:07:06.773 22 DEBUG neutron.wsgi [-] (22) accepted ('10.0.0.249', 50534) server /var/lib/kolla/venv/lib/python3.6/site-packages/eventlet/wsgi.py:1004
2025-12-15 02:07:06.777 22 INFO neutron.wsgi [-] 10.0.0.249 "GET / HTTP/1.1" status: 200 len: 228 time: 0.0028989
2025-12-15 02:07:08.799 26 DEBUG neutron_lib.callbacks.manager [req-f41f5ea3-b360-416f-80b3-97696f4c8c7a - - - - -] Publish callbacks ['neutron.services.segments.db._update_segment_host_mapping_for_agent-8747916976960', 'neutron.plugins.ml2.plugin.Ml2Plugin._retry_binding_revived_agents--9223372036838245609'] for agent (61c69e07-877e-4600-b48d-87435396c873), after_update _notify_loop /var/lib/kolla/venv/lib/python3.6/site-packages/neutron_lib/callbacks/manager.py:177
2025-12-15 02:07:25.514 25 DEBUG neutron_lib.callbacks.manager [req-99c37778-b579-4306-bcf7-4543943c35dc - - - - -] Publish callbacks ['neutron.services.segments.db._update_segment_host_mapping_for_agent-8747916976960', 'neutron.plugins.ml2.plugin.Ml2Plugin._retry_binding_revived_agents--9223372036838245609'] for agent (3b1cc690-8e33-417d-9ab6-00610da35b5b), after_update _notify_loop /var/lib/kolla/venv/lib/python3.6/site-packages/neutron_lib/callbacks/manager.py:177
2025-12-15 02:07:36.778 29 DEBUG neutron.db.agents_db [req-b517925c-c970-4829-a272-1c266bef861e - - - - -] Agent healthcheck: found 2 active agents agent_health_check /var/lib/kolla/venv/lib/python3.6/site-packages/neutron/db/agents_db.py:318
2025-12-15 02:07:36.831 22 DEBUG neutron.wsgi [-] (22) accepted ('10.0.0.249', 46752) server /var/lib/kolla/venv/lib/python3.6/site-packages/eventlet/wsgi.py:1004
2025-12-15 02:07:36.835 22 INFO neutron.wsgi [-] 10.0.0.249 "GET / HTTP/1.1" status: 200 len: 228 time: 0.0027227
2025-12-15 02:07:38.756 23 DEBUG neutron_lib.callbacks.manager [req-a8aae928-a69e-4d93-a28f-a729948aeac7 - - - - -] Publish callbacks ['neutron.services.segments.db._update_segment_host_mapping_for_agent-8747916976960', 'neutron.plugins.ml2.plugin.Ml2Plugin._retry_binding_revived_agents--9223372036838245609'] for agent (61c69e07-877e-4600-b48d-87435396c873), after_update _notify_loop /var/lib/kolla/venv/lib/python3.6/site-packages/neutron_lib/callbacks/manager.py:177
2025-12-15 02:07:55.521 24 DEBUG neutron_lib.callbacks.manager [req-99c37778-b579-4306-bcf7-4543943c35dc - - - - -] Publish callbacks ['neutron.services.segments.db._update_segment_host_mapping_for_agent-8747916976960', 'neutron.plugins.ml2.plugin.Ml2Plugin._retry_binding_revived_agents--9223372036838245609'] for agent (3b1cc690-8e33-417d-9ab6-00610da35b5b), after_update _notify_loop /var/lib/kolla/venv/lib/python3.6/site-packages/neutron_lib/callbacks/manager.py:177
2025-12-15 02:08:06.892 22 DEBUG neutron.wsgi [-] (22) accepted ('10.0.0.249', 34756) server /var/lib/kolla/venv/lib/python3.6/site-packages/eventlet/wsgi.py:1004
2025-12-15 02:08:06.895 22 INFO neutron.wsgi [-] 10.0.0.249 "GET / HTTP/1.1" status: 200 len: 228 time: 0.0026646
2025-12-15 02:08:08.758 27 DEBUG neutron_lib.callbacks.manager [req-5a51ea29-8d00-43c3-8c70-cb763cfa0f7f - - - - -] Publish callbacks ['neutron.services.segments.db._update_segment_host_mapping_for_agent-8747916976960', 'neutron.plugins.ml2.plugin.Ml2Plugin._retry_binding_revived_agents--9223372036838245609'] for agent (61c69e07-877e-4600-b48d-87435396c873), after_update _notify_loop /var/lib/kolla/venv/lib/python3.6/site-packages/neutron_lib/callbacks/manager.py:177
2025-12-15 02:08:13.774 29 DEBUG neutron.db.agents_db [req-b517925c-c970-4829-a272-1c266bef861e - - - - -] Agent healthcheck: found 2 active agents agent_health_check /var/lib/kolla/venv/lib/python3.6/site-packages/neutron/db/agents_db.py:318
2025-12-15 02:08:25.519 28 DEBUG neutron_lib.callbacks.manager [req-99c37778-b579-4306-bcf7-4543943c35dc - - - - -] Publish callbacks ['neutron.services.segments.db._update_segment_host_mapping_for_agent-8747916976960', 'neutron.plugins.ml2.plugin.Ml2Plugin._retry_binding_revived_agents--9223372036838245609'] for agent (3b1cc690-8e33-417d-9ab6-00610da35b5b), after_update _notify_loop /var/lib/kolla/venv/lib/python3.6/site-packages/neutron_lib/callbacks/manager.py:177
2025-12-15 02:08:36.946 22 DEBUG neutron.wsgi [-] (22) accepted ('10.0.0.249', 51386) server /var/lib/kolla/venv/lib/python3.6/site-packages/eventlet/wsgi.py:1004
2025-12-15 02:08:36.951 22 INFO neutron.wsgi [-] 10.0.0.249 "GET / HTTP/1.1" status: 200 len: 228 time: 0.0030518
2025-12-15 02:08:38.756 26 DEBUG neutron_lib.callbacks.manager [req-e5abc8f0-6495-4b4f-9004-c3ba1d39a482 - - - - -] Publish callbacks ['neutron.services.segments.db._update_segment_host_mapping_for_agent-8747916976960', 'neutron.plugins.ml2.plugin.Ml2Plugin._retry_binding_revived_agents--9223372036838245609'] for agent (61c69e07-877e-4600-b48d-87435396c873), after_update _notify_loop /var/lib/kolla/venv/lib/python3.6/site-packages/neutron_lib/callbacks/manager.py:177
2025-12-15 02:08:50.781 29 DEBUG neutron.db.agents_db [req-b517925c-c970-4829-a272-1c266bef861e - - - - -] Agent healthcheck: found 2 active agents agent_health_check /var/lib/kolla/venv/lib/python3.6/site-packages/neutron/db/agents_db.py:318
2025-12-15 02:08:55.523 25 DEBUG neutron_lib.callbacks.manager [req-99c37778-b579-4306-bcf7-4543943c35dc - - - - -] Publish callbacks ['neutron.services.segments.db._update_segment_host_mapping_for_agent-8747916976960', 'neutron.plugins.ml2.plugin.Ml2Plugin._retry_binding_revived_agents--9223372036838245609'] for agent (3b1cc690-8e33-417d-9ab6-00610da35b5b), after_update _notify_loop /var/lib/kolla/venv/lib/python3.6/site-packages/neutron_lib/callbacks/manager.py:177
2025-12-15 02:09:07.206 22 DEBUG neutron.wsgi [-] (22) accepted ('10.0.0.249', 44808) server /var/lib/kolla/venv/lib/python3.6/site-packages/eventlet/wsgi.py:1004
2025-12-15 02:09:07.209 22 INFO neutron.wsgi [-] 10.0.0.249 "GET / HTTP/1.1" status: 200 len: 228 time: 0.0026300
2025-12-15 02:09:08.755 23 DEBUG neutron_lib.callbacks.manager [req-ffcc050d-c46e-4ad0-8c80-c8c4fd9cae05 - - - - -] Publish callbacks ['neutron.services.segments.db._update_segment_host_mapping_for_agent-8747916976960', 'neutron.plugins.ml2.plugin.Ml2Plugin._retry_binding_revived_agents--9223372036838245609'] for agent (61c69e07-877e-4600-b48d-87435396c873), after_update _notify_loop /var/lib/kolla/venv/lib/python3.6/site-packages/neutron_lib/callbacks/manager.py:177
2025-12-15 02:09:25.525 24 DEBUG neutron_lib.callbacks.manager [req-99c37778-b579-4306-bcf7-4543943c35dc - - - - -] Publish callbacks ['neutron.services.segments.db._update_segment_host_mapping_for_agent-8747916976960', 'neutron.plugins.ml2.plugin.Ml2Plugin._retry_binding_revived_agents--9223372036838245609'] for agent (3b1cc690-8e33-417d-9ab6-00610da35b5b), after_update _notify_loop /var/lib/kolla/venv/lib/python3.6/site-packages/neutron_lib/callbacks/manager.py:177
2025-12-15 02:09:27.778 29 DEBUG neutron.db.agents_db [req-b517925c-c970-4829-a272-1c266bef861e - - - - -] Agent healthcheck: found 2 active agents agent_health_check /var/lib/kolla/venv/lib/python3.6/site-packages/neutron/db/agents_db.py:318
2025-12-15 02:09:37.279 22 DEBUG neutron.wsgi [-] (22) accepted ('10.0.0.249', 41376) server /var/lib/kolla/venv/lib/python3.6/site-packages/eventlet/wsgi.py:1004
2025-12-15 02:09:37.285 22 INFO neutron.wsgi [-] 10.0.0.249 "GET / HTTP/1.1" status: 200 len: 228 time: 0.0034368
2025-12-15 02:09:38.753 27 DEBUG neutron_lib.callbacks.manager [req-99c5acdd-3335-4733-9248-5bd4d09f5440 - - - - -] Publish callbacks ['neutron.services.segments.db._update_segment_host_mapping_for_agent-8747916976960', 'neutron.plugins.ml2.plugin.Ml2Plugin._retry_binding_revived_agents--9223372036838245609'] for agent (61c69e07-877e-4600-b48d-87435396c873), after_update _notify_loop /var/lib/kolla/venv/lib/python3.6/site-packages/neutron_lib/callbacks/manager.py:177
2025-12-15 02:09:55.547 28 DEBUG neutron_lib.callbacks.manager [req-99c37778-b579-4306-bcf7-4543943c35dc - - - - -] Publish callbacks ['neutron.services.segments.db._update_segment_host_mapping_for_agent-8747916976960', 'neutron.plugins.ml2.plugin.Ml2Plugin._retry_binding_revived_agents--9223372036838245609'] for agent (3b1cc690-8e33-417d-9ab6-00610da35b5b), after_update _notify_loop /var/lib/kolla/venv/lib/python3.6/site-packages/neutron_lib/callbacks/manager.py:177
2025-12-15 02:10:04.777 29 DEBUG neutron.db.agents_db [req-b517925c-c970-4829-a272-1c266bef861e - - - - -] Agent healthcheck: found 2 active agents agent_health_check /var/lib/kolla/venv/lib/python3.6/site-packages/neutron/db/agents_db.py:318
2025-12-15 02:10:07.340 22 DEBUG neutron.wsgi [-] (22) accepted ('10.0.0.249', 38954) server /var/lib/kolla/venv/lib/python3.6/site-packages/eventlet/wsgi.py:1004
2025-12-15 02:10:07.344 22 INFO neutron.wsgi [-] 10.0.0.249 "GET / HTTP/1.1" status: 200 len: 228 time: 0.0028014
2025-12-15 02:10:08.752 26 DEBUG neutron_lib.callbacks.manager [req-11855cb1-2370-43ce-b1f8-50081ad9cf02 - - - - -] Publish callbacks ['neutron.services.segments.db._update_segment_host_mapping_for_agent-8747916976960', 'neutron.plugins.ml2.plugin.Ml2Plugin._retry_binding_revived_agents--9223372036838245609'] for agent (61c69e07-877e-4600-b48d-87435396c873), after_update _notify_loop /var/lib/kolla/venv/lib/python3.6/site-packages/neutron_lib/callbacks/manager.py:177
2025-12-15 02:10:25.535 25 DEBUG neutron_lib.callbacks.manager [req-99c37778-b579-4306-bcf7-4543943c35dc - - - - -] Publish callbacks ['neutron.services.segments.db._update_segment_host_mapping_for_agent-8747916976960', 'neutron.plugins.ml2.plugin.Ml2Plugin._retry_binding_revived_agents--9223372036838245609'] for agent (3b1cc690-8e33-417d-9ab6-00610da35b5b), after_update _notify_loop /var/lib/kolla/venv/lib/python3.6/site-packages/neutron_lib/callbacks/manager.py:177
2025-12-15 02:10:37.484 22 DEBUG neutron.wsgi [-] (22) accepted ('10.0.0.249', 60270) server /var/lib/kolla/venv/lib/python3.6/site-packages/eventlet/wsgi.py:1004
2025-12-15 02:10:37.493 22 INFO neutron.wsgi [-] 10.0.0.249 "GET / HTTP/1.1" status: 200 len: 228 time: 0.0043919
2025-12-15 02:10:38.752 23 DEBUG neutron_lib.callbacks.manager [req-a3c96ed1-a91a-4225-b2e4-87982a060a24 - - - - -] Publish callbacks ['neutron.services.segments.db._update_segment_host_mapping_for_agent-8747916976960', 'neutron.plugins.ml2.plugin.Ml2Plugin._retry_binding_revived_agents--9223372036838245609'] for agent (61c69e07-877e-4600-b48d-87435396c873), after_update _notify_loop /var/lib/kolla/venv/lib/python3.6/site-packages/neutron_lib/callbacks/manager.py:177
2025-12-15 02:10:41.774 29 DEBUG neutron.db.agents_db [req-b517925c-c970-4829-a272-1c266bef861e - - - - -] Agent healthcheck: found 2 active agents agent_health_check /var/lib/kolla/venv/lib/python3.6/site-packages/neutron/db/agents_db.py:318
2025-12-15 02:10:55.535 24 DEBUG neutron_lib.callbacks.manager [req-99c37778-b579-4306-bcf7-4543943c35dc - - - - -] Publish callbacks ['neutron.services.segments.db._update_segment_host_mapping_for_agent-8747916976960', 'neutron.plugins.ml2.plugin.Ml2Plugin._retry_binding_revived_agents--9223372036838245609'] for agent (3b1cc690-8e33-417d-9ab6-00610da35b5b), after_update _notify_loop /var/lib/kolla/venv/lib/python3.6/site-packages/neutron_lib/callbacks/manager.py:177
2025-12-15 02:11:07.541 22 DEBUG neutron.wsgi [-] (22) accepted ('10.0.0.249', 54196) server /var/lib/kolla/venv/lib/python3.6/site-packages/eventlet/wsgi.py:1004
2025-12-15 02:11:07.545 22 INFO neutron.wsgi [-] 10.0.0.249 "GET / HTTP/1.1" status: 200 len: 228 time: 0.0031784
2025-12-15 02:11:08.751 27 DEBUG neutron_lib.callbacks.manager [req-c449f4ec-a19a-45c4-b652-1290a8524692 - - - - -] Publish callbacks ['neutron.services.segments.db._update_segment_host_mapping_for_agent-8747916976960', 'neutron.plugins.ml2.plugin.Ml2Plugin._retry_binding_revived_agents--9223372036838245609'] for agent (61c69e07-877e-4600-b48d-87435396c873), after_update _notify_loop /var/lib/kolla/venv/lib/python3.6/site-packages/neutron_lib/callbacks/manager.py:177
2025-12-15 02:11:18.784 29 DEBUG neutron.db.agents_db [req-b517925c-c970-4829-a272-1c266bef861e - - - - -] Agent healthcheck: found 2 active agents agent_health_check /var/lib/kolla/venv/lib/python3.6/site-packages/neutron/db/agents_db.py:318
2025-12-15 02:11:25.538 28 DEBUG neutron_lib.callbacks.manager [req-99c37778-b579-4306-bcf7-4543943c35dc - - - - -] Publish callbacks ['neutron.services.segments.db._update_segment_host_mapping_for_agent-8747916976960', 'neutron.plugins.ml2.plugin.Ml2Plugin._retry_binding_revived_agents--9223372036838245609'] for agent (3b1cc690-8e33-417d-9ab6-00610da35b5b), after_update _notify_loop /var/lib/kolla/venv/lib/python3.6/site-packages/neutron_lib/callbacks/manager.py:177
2025-12-15 02:11:36.322 7 INFO oslo_service.service [-] Caught SIGTERM, stopping children
2025-12-15 02:11:36.323 7 DEBUG oslo_concurrency.lockutils [-] Acquired lock "singleton_lock" lock /var/lib/kolla/venv/lib/python3.6/site-packages/oslo_concurrency/lockutils.py:294
2025-12-15 02:11:36.323 7 DEBUG oslo_concurrency.lockutils [-] Releasing lock "singleton_lock" lock /var/lib/kolla/venv/lib/python3.6/site-packages/oslo_concurrency/lockutils.py:312
2025-12-15 02:11:36.323 7 DEBUG oslo_service.service [-] Stop services. stop /var/lib/kolla/venv/lib/python3.6/site-packages/oslo_service/service.py:695
2025-12-15 02:11:36.323 7 DEBUG neutron.service [-] calling RpcWorker stop() stop /var/lib/kolla/venv/lib/python3.6/site-packages/neutron/service.py:138
2025-12-15 02:11:36.323 7 DEBUG neutron.service [-] calling RpcWorker stop() stop /var/lib/kolla/venv/lib/python3.6/site-packages/neutron/service.py:138
2025-12-15 02:11:36.323 7 DEBUG oslo_service.service [-] Killing children. stop /var/lib/kolla/venv/lib/python3.6/site-packages/oslo_service/service.py:700
2025-12-15 02:11:36.324 7 INFO oslo_service.service [-] Waiting on 8 children to exit
2025-12-15 02:11:36.324 29 DEBUG neutron.service [-] calling RpcWorker stop() stop /var/lib/kolla/venv/lib/python3.6/site-packages/neutron/service.py:138
2025-12-15 02:11:36.324 26 DEBUG neutron.service [-] calling RpcWorker stop() stop /var/lib/kolla/venv/lib/python3.6/site-packages/neutron/service.py:138
2025-12-15 02:11:36.325 22 INFO neutron.wsgi [-] (22) wsgi exited, is_accepting=True
2025-12-15 02:11:36.325 29 DEBUG neutron.service [-] calling stop on stop /var/lib/kolla/venv/lib/python3.6/site-packages/neutron/service.py:141
2025-12-15 02:11:36.325 22 DEBUG oslo_concurrency.lockutils [req-9a41c503-f385-44a8-b4aa-ab31680fcd68 - - - - -] Acquired lock "singleton_lock" lock /var/lib/kolla/venv/lib/python3.6/site-packages/oslo_concurrency/lockutils.py:294
2025-12-15 02:11:36.325 24 DEBUG neutron.service [-] calling RpcWorker stop() stop /var/lib/kolla/venv/lib/python3.6/site-packages/neutron/service.py:138
2025-12-15 02:11:36.326 22 DEBUG oslo_concurrency.lockutils [req-9a41c503-f385-44a8-b4aa-ab31680fcd68 - - - - -] Releasing lock "singleton_lock" lock /var/lib/kolla/venv/lib/python3.6/site-packages/oslo_concurrency/lockutils.py:312
2025-12-15 02:11:36.326 23 DEBUG neutron.service [-] calling RpcWorker stop() stop /var/lib/kolla/venv/lib/python3.6/site-packages/neutron/service.py:138
2025-12-15 02:11:36.325 26 DEBUG neutron.service [-] calling stop on stop /var/lib/kolla/venv/lib/python3.6/site-packages/neutron/service.py:141
2025-12-15 02:11:36.326 23 DEBUG neutron.service [-] calling stop on stop /var/lib/kolla/venv/lib/python3.6/site-packages/neutron/service.py:141
2025-12-15 02:11:36.330 7 INFO oslo_service.service [-] Child 22 exited with status 0
2025-12-15 02:11:36.326 24 DEBUG neutron.service [-] calling stop on stop /var/lib/kolla/venv/lib/python3.6/site-packages/neutron/service.py:141
2025-12-15 02:11:36.334 27 DEBUG neutron.service [-] calling RpcWorker stop() stop /var/lib/kolla/venv/lib/python3.6/site-packages/neutron/service.py:138
2025-12-15 02:11:36.335 25 DEBUG neutron.service [-] calling RpcWorker stop() stop /var/lib/kolla/venv/lib/python3.6/site-packages/neutron/service.py:138
2025-12-15 02:11:36.335 25 DEBUG neutron.service [-] calling stop on stop /var/lib/kolla/venv/lib/python3.6/site-packages/neutron/service.py:141
2025-12-15 02:11:36.337 28 DEBUG neutron.service [-] calling RpcWorker stop() stop /var/lib/kolla/venv/lib/python3.6/site-packages/neutron/service.py:138
2025-12-15 02:11:36.336 27 DEBUG neutron.service [-] calling stop on stop /var/lib/kolla/venv/lib/python3.6/site-packages/neutron/service.py:141
2025-12-15 02:11:36.337 28 DEBUG neutron.service [-] calling stop on stop /var/lib/kolla/venv/lib/python3.6/site-packages/neutron/service.py:141
2025-12-15 02:11:36.946 27 DEBUG oslo_concurrency.lockutils [req-9a41c503-f385-44a8-b4aa-ab31680fcd68 - - - - -] Acquired lock "singleton_lock" lock /var/lib/kolla/venv/lib/python3.6/site-packages/oslo_concurrency/lockutils.py:294
2025-12-15 02:11:36.949 27 DEBUG oslo_concurrency.lockutils [req-9a41c503-f385-44a8-b4aa-ab31680fcd68 - - - - -] Releasing lock "singleton_lock" lock /var/lib/kolla/venv/lib/python3.6/site-packages/oslo_concurrency/lockutils.py:312
2025-12-15 02:11:36.949 27 DEBUG neutron.service [req-9a41c503-f385-44a8-b4aa-ab31680fcd68 - - - - -] calling RpcWorker wait() _wait /var/lib/kolla/venv/lib/python3.6/site-packages/neutron/service.py:128
2025-12-15 02:11:36.949 27 DEBUG neutron.service [req-9a41c503-f385-44a8-b4aa-ab31680fcd68 - - - - -] calling wait on _wait /var/lib/kolla/venv/lib/python3.6/site-packages/neutron/service.py:131
2025-12-15 02:11:36.961 27 WARNING amqp [req-9a41c503-f385-44a8-b4aa-ab31680fcd68 - - - - -] Received method (60, 30) during closing channel 1. This method will be ignored
2025-12-15 02:11:36.968 27 DEBUG neutron.service [req-9a41c503-f385-44a8-b4aa-ab31680fcd68 - - - - -] returning from RpcWorker wait() _wait /var/lib/kolla/venv/lib/python3.6/site-packages/neutron/service.py:135
2025-12-15 02:11:36.975 7 INFO oslo_service.service [-] Child 27 exited with status 0
2025-12-15 02:11:38.730 28 DEBUG oslo_concurrency.lockutils [req-9a41c503-f385-44a8-b4aa-ab31680fcd68 - - - - -] Acquired lock "singleton_lock" lock /var/lib/kolla/venv/lib/python3.6/site-packages/oslo_concurrency/lockutils.py:294
2025-12-15 02:11:38.730 28 DEBUG oslo_concurrency.lockutils [req-9a41c503-f385-44a8-b4aa-ab31680fcd68 - - - - -] Releasing lock "singleton_lock" lock /var/lib/kolla/venv/lib/python3.6/site-packages/oslo_concurrency/lockutils.py:312
2025-12-15 02:11:38.731 28 DEBUG neutron.service [req-9a41c503-f385-44a8-b4aa-ab31680fcd68 - - - - -] calling RpcWorker wait() _wait /var/lib/kolla/venv/lib/python3.6/site-packages/neutron/service.py:128
2025-12-15 02:11:38.731 28 DEBUG neutron.service [req-9a41c503-f385-44a8-b4aa-ab31680fcd68 - - - - -] calling wait on _wait /var/lib/kolla/venv/lib/python3.6/site-packages/neutron/service.py:131
2025-12-15 02:11:38.745 28 WARNING amqp [req-9a41c503-f385-44a8-b4aa-ab31680fcd68 - - - - -] Received method (60, 30) during closing channel 1. This method will be ignored
2025-12-15 02:11:38.748 28 DEBUG neutron.service [req-9a41c503-f385-44a8-b4aa-ab31680fcd68 - - - - -] returning from RpcWorker wait() _wait /var/lib/kolla/venv/lib/python3.6/site-packages/neutron/service.py:135
2025-12-15 02:11:38.753 26 DEBUG oslo_concurrency.lockutils [req-9a41c503-f385-44a8-b4aa-ab31680fcd68 - - - - -] Acquired lock "singleton_lock" lock /var/lib/kolla/venv/lib/python3.6/site-packages/oslo_concurrency/lockutils.py:294
2025-12-15 02:11:38.754 26 DEBUG oslo_concurrency.lockutils [req-9a41c503-f385-44a8-b4aa-ab31680fcd68 - - - - -] Releasing lock "singleton_lock" lock /var/lib/kolla/venv/lib/python3.6/site-packages/oslo_concurrency/lockutils.py:312
2025-12-15 02:11:38.755 26 DEBUG neutron.service [req-9a41c503-f385-44a8-b4aa-ab31680fcd68 - - - - -] calling RpcWorker wait() _wait /var/lib/kolla/venv/lib/python3.6/site-packages/neutron/service.py:128
2025-12-15 02:11:38.755 26 DEBUG neutron.service [req-9a41c503-f385-44a8-b4aa-ab31680fcd68 - - - - -] calling wait on _wait /var/lib/kolla/venv/lib/python3.6/site-packages/neutron/service.py:131
2025-12-15 02:11:38.755 7 INFO oslo_service.service [-] Child 28 exited with status 0
2025-12-15 02:11:38.756 26 DEBUG neutron_lib.callbacks.manager [req-7dee0981-a859-43de-b125-98bf3c04dfff - - - - -] Publish callbacks ['neutron.services.segments.db._update_segment_host_mapping_for_agent-8747916976960', 'neutron.plugins.ml2.plugin.Ml2Plugin._retry_binding_revived_agents--9223372036838245609'] for agent (61c69e07-877e-4600-b48d-87435396c873), after_update _notify_loop /var/lib/kolla/venv/lib/python3.6/site-packages/neutron_lib/callbacks/manager.py:177
2025-12-15 02:11:38.766 26 WARNING amqp [req-9a41c503-f385-44a8-b4aa-ab31680fcd68 - - - - -] Received method (60, 30) during closing channel 1. This method will be ignored
2025-12-15 02:11:38.769 26 DEBUG neutron.service [req-9a41c503-f385-44a8-b4aa-ab31680fcd68 - - - - -] returning from RpcWorker wait() _wait /var/lib/kolla/venv/lib/python3.6/site-packages/neutron/service.py:135
2025-12-15 02:11:38.778 7 INFO oslo_service.service [-] Child 26 exited with status 0
2025-12-15 02:11:39.756 23 DEBUG neutron.service [-] calling stop on stop /var/lib/kolla/venv/lib/python3.6/site-packages/neutron/service.py:141
2025-12-15 02:11:39.757 24 DEBUG neutron.service [-] calling stop on stop /var/lib/kolla/venv/lib/python3.6/site-packages/neutron/service.py:141
2025-12-15 02:11:39.757 25 DEBUG neutron.service [-] calling stop on stop /var/lib/kolla/venv/lib/python3.6/site-packages/neutron/service.py:141
2025-12-15 02:11:39.833 23 DEBUG neutron.service [-] calling stop on stop /var/lib/kolla/venv/lib/python3.6/site-packages/neutron/service.py:141
2025-12-15 02:11:39.838 29 DEBUG oslo_concurrency.lockutils [req-9a41c503-f385-44a8-b4aa-ab31680fcd68 - - - - -] Acquired lock "singleton_lock" lock /var/lib/kolla/venv/lib/python3.6/site-packages/oslo_concurrency/lockutils.py:294
2025-12-15 02:11:39.838 29 DEBUG oslo_concurrency.lockutils [req-9a41c503-f385-44a8-b4aa-ab31680fcd68 - - - - -] Releasing lock "singleton_lock" lock /var/lib/kolla/venv/lib/python3.6/site-packages/oslo_concurrency/lockutils.py:312
2025-12-15 02:11:39.839 29 DEBUG neutron.service [req-9a41c503-f385-44a8-b4aa-ab31680fcd68 - - - - -] calling RpcWorker wait() _wait /var/lib/kolla/venv/lib/python3.6/site-packages/neutron/service.py:128
2025-12-15 02:11:39.839 29 DEBUG neutron.service [req-9a41c503-f385-44a8-b4aa-ab31680fcd68 - - - - -] calling wait on _wait /var/lib/kolla/venv/lib/python3.6/site-packages/neutron/service.py:131
2025-12-15 02:11:39.848 29 WARNING amqp [req-9a41c503-f385-44a8-b4aa-ab31680fcd68 - - - - -] Received method (60, 30) during closing channel 1. This method will be ignored
2025-12-15 02:11:39.855 29 DEBUG neutron.service [req-9a41c503-f385-44a8-b4aa-ab31680fcd68 - - - - -] returning from RpcWorker wait() _wait /var/lib/kolla/venv/lib/python3.6/site-packages/neutron/service.py:135
2025-12-15 02:11:39.866 7 INFO oslo_service.service [-] Child 29 exited with status 0
2025-12-15 02:11:39.927 24 DEBUG neutron.service [-] calling stop on stop /var/lib/kolla/venv/lib/python3.6/site-packages/neutron/service.py:141
2025-12-15 02:11:39.928 25 DEBUG neutron.service [-] calling stop on stop /var/lib/kolla/venv/lib/python3.6/site-packages/neutron/service.py:141
2025-12-15 02:11:44.833 24 DEBUG neutron.service [-] calling stop on stop /var/lib/kolla/venv/lib/python3.6/site-packages/neutron/service.py:141
2025-12-15 02:11:44.833 23 DEBUG neutron.service [-] calling stop on stop /var/lib/kolla/venv/lib/python3.6/site-packages/neutron/service.py:141
2025-12-15 02:11:44.833 25 DEBUG neutron.service [-] calling stop on stop /var/lib/kolla/venv/lib/python3.6/site-packages/neutron/service.py:141
2025-12-15 02:11:50.306 7 INFO neutron.common.config [-] Logging enabled!
2025-12-15 02:11:50.306 7 INFO neutron.common.config [-] /var/lib/kolla/venv/bin/neutron-server version 20.5.1.dev23
2025-12-15 02:11:50.307 7 DEBUG neutron.common.config [-] command line: /var/lib/kolla/venv/bin/neutron-server --config-file /etc/neutron/neutron.conf --config-file /etc/neutron/ContrailPlugin.ini --config-file /etc/neutron/api-paste.ini setup_logging /var/lib/kolla/venv/lib/python3.6/site-packages/neutron/common/config.py:115
2025-12-15 02:11:50.311 7 INFO neutron.common.config [-] Logging enabled!
2025-12-15 02:11:50.311 7 INFO neutron.common.config [-] /var/lib/kolla/venv/bin/neutron-server version 20.5.1.dev23
2025-12-15 02:11:50.311 7 DEBUG neutron.common.config [-] command line: /var/lib/kolla/venv/bin/neutron-server --config-file /etc/neutron/neutron.conf --config-file /etc/neutron/ContrailPlugin.ini --config-file /etc/neutron/api-paste.ini setup_logging /var/lib/kolla/venv/lib/python3.6/site-packages/neutron/common/config.py:115
2025-12-15 02:11:50.311 7 DEBUG neutron.common.config [-] ******************************************************************************** log_opt_values /var/lib/kolla/venv/lib/python3.6/site-packages/oslo_config/cfg.py:2589
2025-12-15 02:11:50.312 7 DEBUG neutron.common.config [-] Configuration options gathered from: log_opt_values /var/lib/kolla/venv/lib/python3.6/site-packages/oslo_config/cfg.py:2590
2025-12-15 02:11:50.312 7 DEBUG neutron.common.config [-] command line args: ['--config-file', '/etc/neutron/neutron.conf', '--config-file', '/etc/neutron/ContrailPlugin.ini', '--config-file', '/etc/neutron/api-paste.ini'] log_opt_values /var/lib/kolla/venv/lib/python3.6/site-packages/oslo_config/cfg.py:2591
2025-12-15 02:11:50.313 7 DEBUG neutron.common.config [-] config files: ['/etc/neutron/neutron.conf', '/etc/neutron/ContrailPlugin.ini', '/etc/neutron/api-paste.ini'] log_opt_values /var/lib/kolla/venv/lib/python3.6/site-packages/oslo_config/cfg.py:2593
2025-12-15 02:11:50.313 7 DEBUG neutron.common.config [-] ================================================================================ log_opt_values /var/lib/kolla/venv/lib/python3.6/site-packages/oslo_config/cfg.py:2594
2025-12-15 02:11:50.313 7 DEBUG neutron.common.config [-] allow_bulk = True log_opt_values /var/lib/kolla/venv/lib/python3.6/site-packages/oslo_config/cfg.py:2603
2025-12-15 02:11:50.314 7 WARNING oslo_config.cfg [-] Deprecated: Option "allow_overlapping_ips" from group "DEFAULT" is deprecated for removal. Its value may be silently ignored in the future.
2025-12-15 02:11:50.314 7 DEBUG neutron.common.config [-] allow_overlapping_ips = True log_opt_values /var/lib/kolla/venv/lib/python3.6/site-packages/oslo_config/cfg.py:2603
2025-12-15 02:11:50.314 7 DEBUG neutron.common.config [-] api_extensions_path = /opt/plugin/site-packages/neutron_plugin_contrail/extensions:/opt/plugin/site-packages/neutron_lbaas/extensions log_opt_values /var/lib/kolla/venv/lib/python3.6/site-packages/oslo_config/cfg.py:2603
2025-12-15 02:11:50.314 7 DEBUG neutron.common.config [-] api_paste_config = /etc/neutron/api-paste.ini log_opt_values /var/lib/kolla/venv/lib/python3.6/site-packages/oslo_config/cfg.py:2603
2025-12-15 02:11:50.314 7 DEBUG neutron.common.config [-] api_workers = 1 log_opt_values /var/lib/kolla/venv/lib/python3.6/site-packages/oslo_config/cfg.py:2603
2025-12-15 02:11:50.314 7 DEBUG neutron.common.config [-] auth_strategy = keystone log_opt_values /var/lib/kolla/venv/lib/python3.6/site-packages/oslo_config/cfg.py:2603
2025-12-15 02:11:50.315 7 DEBUG neutron.common.config [-] backlog = 4096 log_opt_values /var/lib/kolla/venv/lib/python3.6/site-packages/oslo_config/cfg.py:2603
2025-12-15 02:11:50.315 7 DEBUG neutron.common.config [-] base_mac = fa:16:3e:00:00:00 log_opt_values /var/lib/kolla/venv/lib/python3.6/site-packages/oslo_config/cfg.py:2603
2025-12-15 02:11:50.315 7 DEBUG neutron.common.config [-] bind_host = 10.0.0.249 log_opt_values /var/lib/kolla/venv/lib/python3.6/site-packages/oslo_config/cfg.py:2603
2025-12-15 02:11:50.315 7 DEBUG neutron.common.config [-] bind_port = 9696 log_opt_values /var/lib/kolla/venv/lib/python3.6/site-packages/oslo_config/cfg.py:2603
2025-12-15 02:11:50.315 7 DEBUG neutron.common.config [-] client_socket_timeout = 900 log_opt_values /var/lib/kolla/venv/lib/python3.6/site-packages/oslo_config/cfg.py:2603
2025-12-15 02:11:50.315 7 DEBUG neutron.common.config [-] config_dir = [] log_opt_values /var/lib/kolla/venv/lib/python3.6/site-packages/oslo_config/cfg.py:2603
2025-12-15 02:11:50.315 7 DEBUG neutron.common.config [-] config_file = ['/etc/neutron/neutron.conf', '/etc/neutron/ContrailPlugin.ini', '/etc/neutron/api-paste.ini'] log_opt_values /var/lib/kolla/venv/lib/python3.6/site-packages/oslo_config/cfg.py:2603
2025-12-15 02:11:50.315 7 DEBUG neutron.common.config [-] config_source = [] log_opt_values /var/lib/kolla/venv/lib/python3.6/site-packages/oslo_config/cfg.py:2603
2025-12-15 02:11:50.315 7 DEBUG neutron.common.config [-] control_exchange = neutron log_opt_values /var/lib/kolla/venv/lib/python3.6/site-packages/oslo_config/cfg.py:2603
2025-12-15 02:11:50.316 7 DEBUG neutron.common.config [-] core_plugin = neutron_plugin_contrail.plugins.opencontrail.contrail_plugin.NeutronPluginContrailCoreV2 log_opt_values /var/lib/kolla/venv/lib/python3.6/site-packages/oslo_config/cfg.py:2603
2025-12-15 02:11:50.316 7 DEBUG neutron.common.config [-] debug = True log_opt_values /var/lib/kolla/venv/lib/python3.6/site-packages/oslo_config/cfg.py:2603
2025-12-15 02:11:50.316 7 DEBUG neutron.common.config [-] default_availability_zones = [] log_opt_values /var/lib/kolla/venv/lib/python3.6/site-packages/oslo_config/cfg.py:2603
2025-12-15 02:11:50.316 7 DEBUG neutron.common.config [-] default_log_levels = ['amqp=WARN', 'amqplib=WARN', 'boto=WARN', 'qpid=WARN', 'sqlalchemy=WARN', 'suds=INFO', 'oslo.messaging=INFO', 'oslo_messaging=INFO', 'iso8601=WARN', 'requests.packages.urllib3.connectionpool=WARN', 'urllib3.connectionpool=WARN', 'websocket=WARN', 'requests.packages.urllib3.util.retry=WARN', 'urllib3.util.retry=WARN', 'keystonemiddleware=WARN', 'routes.middleware=WARN', 'stevedore=WARN', 'taskflow=WARN', 'keystoneauth=WARN', 'oslo.cache=INFO', 'oslo_policy=INFO', 'dogpile.core.dogpile=INFO', 'OFPHandler=INFO', 'OfctlService=INFO', 'os_ken.base.app_manager=INFO', 'os_ken.controller.controller=INFO'] log_opt_values /var/lib/kolla/venv/lib/python3.6/site-packages/oslo_config/cfg.py:2603
2025-12-15 02:11:50.316 7 DEBUG neutron.common.config [-] dhcp_agent_notification = True log_opt_values /var/lib/kolla/venv/lib/python3.6/site-packages/oslo_config/cfg.py:2603
2025-12-15 02:11:50.316 7 DEBUG neutron.common.config [-] dhcp_lease_duration = 86400 log_opt_values /var/lib/kolla/venv/lib/python3.6/site-packages/oslo_config/cfg.py:2603
2025-12-15 02:11:50.316 7 DEBUG neutron.common.config [-] dns_domain = openstacklocal log_opt_values /var/lib/kolla/venv/lib/python3.6/site-packages/oslo_config/cfg.py:2603
2025-12-15 02:11:50.316 7 DEBUG neutron.common.config [-] enable_traditional_dhcp = True log_opt_values /var/lib/kolla/venv/lib/python3.6/site-packages/oslo_config/cfg.py:2603
