2025-12-04 00:34:52.843 41285 DEBUG oslo_service.service [-] clients_neutron.endpoint_type = None log_opt_values /usr/lib/python3/dist-packages/oslo_config/cfg.py:2609
2025-12-04 00:34:52.843 41285 DEBUG oslo_service.service [-] clients_neutron.insecure = None log_opt_values /usr/lib/python3/dist-packages/oslo_config/cfg.py:2609
2025-12-04 00:34:52.844 41285 DEBUG oslo_service.service [-] clients_neutron.key_file = None log_opt_values /usr/lib/python3/dist-packages/oslo_config/cfg.py:2609
2025-12-04 00:34:52.846 41285 DEBUG oslo_service.service [-] clients_nova.ca_file = None log_opt_values /usr/lib/python3/dist-packages/oslo_config/cfg.py:2609
2025-12-04 00:34:52.846 41285 DEBUG oslo_service.service [-] clients_nova.cert_file = None log_opt_values /usr/lib/python3/dist-packages/oslo_config/cfg.py:2609
2025-12-04 00:34:52.846 41285 DEBUG oslo_service.service [-] clients_nova.endpoint_type = None log_opt_values /usr/lib/python3/dist-packages/oslo_config/cfg.py:2609
2025-12-04 00:34:52.847 41285 DEBUG oslo_service.service [-] clients_nova.http_log_debug = False log_opt_values /usr/lib/python3/dist-packages/oslo_config/cfg.py:2609
2025-12-04 00:34:52.847 41285 DEBUG oslo_service.service [-] clients_nova.insecure = None log_opt_values /usr/lib/python3/dist-packages/oslo_config/cfg.py:2609
2025-12-04 00:34:52.847 41285 DEBUG oslo_service.service [-] clients_nova.key_file = None log_opt_values /usr/lib/python3/dist-packages/oslo_config/cfg.py:2609
2025-12-04 00:34:52.847 41285 DEBUG oslo_service.service [-] clients_octavia.ca_file = None log_opt_values /usr/lib/python3/dist-packages/oslo_config/cfg.py:2609
2025-12-04 00:34:52.847 41285 DEBUG oslo_service.service [-] clients_octavia.cert_file = None log_opt_values /usr/lib/python3/dist-packages/oslo_config/cfg.py:2609
2025-12-04 00:34:52.847 41285 DEBUG oslo_service.service [-] clients_octavia.endpoint_type = None log_opt_values /usr/lib/python3/dist-packages/oslo_config/cfg.py:2609
2025-12-04 00:34:52.847 41285 DEBUG oslo_service.service [-] clients_octavia.insecure = None log_opt_values /usr/lib/python3/dist-packages/oslo_config/cfg.py:2609
2025-12-04 00:34:52.847 41285 DEBUG oslo_service.service [-] clients_octavia.key_file = None log_opt_values /usr/lib/python3/dist-packages/oslo_config/cfg.py:2609
2025-12-04 00:34:52.847 41285 DEBUG oslo_service.service [-] clients_sahara.ca_file = None log_opt_values /usr/lib/python3/dist-packages/oslo_config/cfg.py:2609
2025-12-04 00:34:52.848 41285 DEBUG oslo_service.service [-] clients_sahara.cert_file = None log_opt_values /usr/lib/python3/dist-packages/oslo_config/cfg.py:2609
2025-12-04 00:34:52.848 41285 DEBUG oslo_service.service [-] clients_sahara.endpoint_type = None log_opt_values /usr/lib/python3/dist-packages/oslo_config/cfg.py:2609
2025-12-04 00:34:52.848 41285 DEBUG oslo_service.service [-] clients_sahara.insecure = None log_opt_values /usr/lib/python3/dist-packages/oslo_config/cfg.py:2609
2025-12-04 00:34:52.848 41285 DEBUG oslo_service.service [-] clients_sahara.key_file = None log_opt_values /usr/lib/python3/dist-packages/oslo_config/cfg.py:2609
2025-12-04 00:34:52.848 41285 DEBUG oslo_service.service [-] clients_senlin.ca_file = None log_opt_values /usr/lib/python3/dist-packages/oslo_config/cfg.py:2609
2025-12-04 00:34:52.848 41285 DEBUG oslo_service.service [-] clients_senlin.cert_file = None log_opt_values /usr/lib/python3/dist-packages/oslo_config/cfg.py:2609
2025-12-04 00:34:52.848 41285 DEBUG oslo_service.service [-] clients_senlin.endpoint_type = None log_opt_values /usr/lib/python3/dist-packages/oslo_config/cfg.py:2609
2025-12-04 00:34:52.848 41285 DEBUG oslo_service.service [-] clients_senlin.insecure = None log_opt_values /usr/lib/python3/dist-packages/oslo_config/cfg.py:2609
2025-12-04 00:34:52.848 41285 DEBUG oslo_service.service [-] clients_senlin.key_file = None log_opt_values /usr/lib/python3/dist-packages/oslo_config/cfg.py:2609
2025-12-04 00:34:52.848 41285 DEBUG oslo_service.service [-] clients_swift.ca_file = None log_opt_values /usr/lib/python3/dist-packages/oslo_config/cfg.py:2609
2025-12-04 00:34:52.849 41285 DEBUG oslo_service.service [-] clients_swift.cert_file = None log_opt_values /usr/lib/python3/dist-packages/oslo_config/cfg.py:2609
2025-12-04 00:34:52.849 41285 DEBUG oslo_service.service [-] clients_swift.endpoint_type = None log_opt_values /usr/lib/python3/dist-packages/oslo_config/cfg.py:2609
2025-12-04 00:34:52.849 41285 DEBUG oslo_service.service [-] clients_swift.insecure = None log_opt_values /usr/lib/python3/dist-packages/oslo_config/cfg.py:2609
2025-12-04 00:34:52.849 41285 DEBUG oslo_service.service [-] clients_swift.key_file = None log_opt_values /usr/lib/python3/dist-packages/oslo_config/cfg.py:2609
2025-12-04 00:34:52.850 41285 DEBUG oslo_service.service [-] clients_trove.ca_file = None log_opt_values /usr/lib/python3/dist-packages/oslo_config/cfg.py:2609
2025-12-04 00:34:52.851 41285 DEBUG oslo_service.service [-] clients_trove.cert_file = None log_opt_values /usr/lib/python3/dist-packages/oslo_config/cfg.py:2609
2025-12-04 00:34:52.852 41285 DEBUG oslo_service.service [-] clients_trove.endpoint_type = None log_opt_values /usr/lib/python3/dist-packages/oslo_config/cfg.py:2609
2025-12-04 00:34:52.856 41285 DEBUG oslo_service.service [-] clients_trove.insecure = None log_opt_values /usr/lib/python3/dist-packages/oslo_config/cfg.py:2609
2025-12-04 00:34:52.856 41285 DEBUG oslo_service.service [-] clients_trove.key_file = None log_opt_values /usr/lib/python3/dist-packages/oslo_config/cfg.py:2609
2025-12-04 00:34:52.857 41285 DEBUG oslo_service.service [-] clients_vitrage.ca_file = None log_opt_values /usr/lib/python3/dist-packages/oslo_config/cfg.py:2609
2025-12-04 00:34:52.857 41285 DEBUG oslo_service.service [-] clients_vitrage.cert_file = None log_opt_values /usr/lib/python3/dist-packages/oslo_config/cfg.py:2609
2025-12-04 00:34:52.857 41285 DEBUG oslo_service.service [-] clients_vitrage.endpoint_type = None log_opt_values /usr/lib/python3/dist-packages/oslo_config/cfg.py:2609
2025-12-04 00:34:52.857 41285 DEBUG oslo_service.service [-] clients_vitrage.insecure = None log_opt_values /usr/lib/python3/dist-packages/oslo_config/cfg.py:2609
2025-12-04 00:34:52.857 41285 DEBUG oslo_service.service [-] clients_vitrage.key_file = None log_opt_values /usr/lib/python3/dist-packages/oslo_config/cfg.py:2609
2025-12-04 00:34:52.857 41285 DEBUG oslo_service.service [-] clients_zaqar.ca_file = None log_opt_values /usr/lib/python3/dist-packages/oslo_config/cfg.py:2609
2025-12-04 00:34:52.857 41285 DEBUG oslo_service.service [-] clients_zaqar.cert_file = None log_opt_values /usr/lib/python3/dist-packages/oslo_config/cfg.py:2609
2025-12-04 00:34:52.857 41285 DEBUG oslo_service.service [-] clients_zaqar.endpoint_type = None log_opt_values /usr/lib/python3/dist-packages/oslo_config/cfg.py:2609
2025-12-04 00:34:52.857 41285 DEBUG oslo_service.service [-] clients_zaqar.insecure = None log_opt_values /usr/lib/python3/dist-packages/oslo_config/cfg.py:2609
2025-12-04 00:34:52.858 41285 DEBUG oslo_service.service [-] clients_zaqar.key_file = None log_opt_values /usr/lib/python3/dist-packages/oslo_config/cfg.py:2609
2025-12-04 00:34:52.862 41285 DEBUG oslo_service.service [-] database.backend = sqlalchemy log_opt_values /usr/lib/python3/dist-packages/oslo_config/cfg.py:2609
2025-12-04 00:34:52.862 41285 DEBUG oslo_service.service [-] database.connection = **** log_opt_values /usr/lib/python3/dist-packages/oslo_config/cfg.py:2609
2025-12-04 00:34:52.862 41285 DEBUG oslo_service.service [-] database.connection_debug = 0 log_opt_values /usr/lib/python3/dist-packages/oslo_config/cfg.py:2609
2025-12-04 00:34:52.862 41285 DEBUG oslo_service.service [-] database.connection_parameters = log_opt_values /usr/lib/python3/dist-packages/oslo_config/cfg.py:2609
2025-12-04 00:34:52.862 41285 DEBUG oslo_service.service [-] database.connection_recycle_time = 3600 log_opt_values /usr/lib/python3/dist-packages/oslo_config/cfg.py:2609
2025-12-04 00:34:52.862 41285 DEBUG oslo_service.service [-] database.connection_trace = False log_opt_values /usr/lib/python3/dist-packages/oslo_config/cfg.py:2609
2025-12-04 00:34:52.863 41285 DEBUG oslo_service.service [-] database.db_inc_retry_interval = True log_opt_values /usr/lib/python3/dist-packages/oslo_config/cfg.py:2609
2025-12-04 00:34:52.863 41285 DEBUG oslo_service.service [-] database.db_max_retries = 20 log_opt_values /usr/lib/python3/dist-packages/oslo_config/cfg.py:2609
2025-12-04 00:34:52.863 41285 DEBUG oslo_service.service [-] database.db_max_retry_interval = 10 log_opt_values /usr/lib/python3/dist-packages/oslo_config/cfg.py:2609
2025-12-04 00:34:52.863 41285 DEBUG oslo_service.service [-] database.db_retry_interval = 1 log_opt_values /usr/lib/python3/dist-packages/oslo_config/cfg.py:2609
2025-12-04 00:34:52.863 41285 DEBUG oslo_service.service [-] database.max_overflow = 50 log_opt_values /usr/lib/python3/dist-packages/oslo_config/cfg.py:2609
2025-12-04 00:34:52.863 41285 DEBUG oslo_service.service [-] database.max_pool_size = 5 log_opt_values /usr/lib/python3/dist-packages/oslo_config/cfg.py:2609
2025-12-04 00:34:52.863 41285 DEBUG oslo_service.service [-] database.max_retries = 10 log_opt_values /usr/lib/python3/dist-packages/oslo_config/cfg.py:2609
2025-12-04 00:34:52.863 41285 DEBUG oslo_service.service [-] database.mysql_enable_ndb = False log_opt_values /usr/lib/python3/dist-packages/oslo_config/cfg.py:2609
2025-12-04 00:34:52.864 41285 DEBUG oslo_service.service [-] database.mysql_sql_mode = TRADITIONAL log_opt_values /usr/lib/python3/dist-packages/oslo_config/cfg.py:2609
2025-12-04 00:34:52.864 41285 DEBUG oslo_service.service [-] database.pool_timeout = None log_opt_values /usr/lib/python3/dist-packages/oslo_config/cfg.py:2609
2025-12-04 00:34:52.864 41285 DEBUG oslo_service.service [-] database.retry_interval = 10 log_opt_values /usr/lib/python3/dist-packages/oslo_config/cfg.py:2609
2025-12-04 00:34:52.864 41285 DEBUG oslo_service.service [-] database.slave_connection = **** log_opt_values /usr/lib/python3/dist-packages/oslo_config/cfg.py:2609
2025-12-04 00:34:52.864 41285 DEBUG oslo_service.service [-] database.sqlite_synchronous = True log_opt_values /usr/lib/python3/dist-packages/oslo_config/cfg.py:2609
2025-12-04 00:34:52.864 41285 DEBUG oslo_service.service [-] database.use_db_reconnect = False log_opt_values /usr/lib/python3/dist-packages/oslo_config/cfg.py:2609
2025-12-04 00:34:52.864 41285 DEBUG oslo_service.service [-] oslo_messaging_metrics.metrics_buffer_size = 1000 log_opt_values /usr/lib/python3/dist-packages/oslo_config/cfg.py:2609
2025-12-04 00:34:52.864 41285 DEBUG oslo_service.service [-] oslo_messaging_metrics.metrics_enabled = False log_opt_values /usr/lib/python3/dist-packages/oslo_config/cfg.py:2609
2025-12-04 00:34:52.864 41285 DEBUG oslo_service.service [-] oslo_messaging_metrics.metrics_process_name = log_opt_values /usr/lib/python3/dist-packages/oslo_config/cfg.py:2609
2025-12-04 00:34:52.865 41285 DEBUG oslo_service.service [-] oslo_messaging_metrics.metrics_socket_file = /var/tmp/metrics_collector.sock log_opt_values /usr/lib/python3/dist-packages/oslo_config/cfg.py:2609
2025-12-04 00:34:52.865 41285 DEBUG oslo_service.service [-] oslo_messaging_metrics.metrics_thread_stop_timeout = 10 log_opt_values /usr/lib/python3/dist-packages/oslo_config/cfg.py:2609
2025-12-04 00:34:52.867 41285 DEBUG oslo_service.service [-] oslo_policy.enforce_new_defaults = False log_opt_values /usr/lib/python3/dist-packages/oslo_config/cfg.py:2609
2025-12-04 00:34:52.868 41285 DEBUG oslo_service.service [-] oslo_policy.enforce_scope = False log_opt_values /usr/lib/python3/dist-packages/oslo_config/cfg.py:2609
2025-12-04 00:34:52.868 41285 DEBUG oslo_service.service [-] oslo_policy.policy_default_rule = default log_opt_values /usr/lib/python3/dist-packages/oslo_config/cfg.py:2609
2025-12-04 00:34:52.868 41285 DEBUG oslo_service.service [-] oslo_policy.policy_dirs = ['policy.d'] log_opt_values /usr/lib/python3/dist-packages/oslo_config/cfg.py:2609
2025-12-04 00:34:52.868 41285 DEBUG oslo_service.service [-] oslo_policy.policy_file = policy.yaml log_opt_values /usr/lib/python3/dist-packages/oslo_config/cfg.py:2609
2025-12-04 00:34:52.868 41285 DEBUG oslo_service.service [-] oslo_policy.remote_content_type = application/x-www-form-urlencoded log_opt_values /usr/lib/python3/dist-packages/oslo_config/cfg.py:2609
2025-12-04 00:34:52.868 41285 DEBUG oslo_service.service [-] oslo_policy.remote_ssl_ca_crt_file = None log_opt_values /usr/lib/python3/dist-packages/oslo_config/cfg.py:2609
2025-12-04 00:34:52.868 41285 DEBUG oslo_service.service [-] oslo_policy.remote_ssl_client_crt_file = None log_opt_values /usr/lib/python3/dist-packages/oslo_config/cfg.py:2609
2025-12-04 00:34:52.869 41285 DEBUG oslo_service.service [-] oslo_policy.remote_ssl_client_key_file = None log_opt_values /usr/lib/python3/dist-packages/oslo_config/cfg.py:2609
2025-12-04 00:34:52.869 41285 DEBUG oslo_service.service [-] oslo_policy.remote_ssl_verify_server_crt = False log_opt_values /usr/lib/python3/dist-packages/oslo_config/cfg.py:2609
2025-12-04 00:34:52.869 41285 DEBUG oslo_service.service [-] trustee.auth_section = None log_opt_values /usr/lib/python3/dist-packages/oslo_config/cfg.py:2609
2025-12-04 00:34:52.869 41285 WARNING oslo_config.cfg [-] Deprecated: Option "auth_plugin" from group "trustee" is deprecated. Use option "auth_type" from group "trustee".
2025-12-04 00:34:52.869 41285 DEBUG oslo_service.service [-] trustee.auth_type = password log_opt_values /usr/lib/python3/dist-packages/oslo_config/cfg.py:2609
2025-12-04 00:34:52.869 41285 DEBUG oslo_service.service [-] oslo_versionedobjects.fatal_exception_format_errors = False log_opt_values /usr/lib/python3/dist-packages/oslo_config/cfg.py:2609
2025-12-04 00:34:52.870 41285 DEBUG oslo_service.service [-] oslo_messaging_rabbit.amqp_auto_delete = False log_opt_values /usr/lib/python3/dist-packages/oslo_config/cfg.py:2609
2025-12-04 00:34:52.870 41285 DEBUG oslo_service.service [-] oslo_messaging_rabbit.amqp_durable_queues = False log_opt_values /usr/lib/python3/dist-packages/oslo_config/cfg.py:2609
2025-12-04 00:34:52.872 41285 DEBUG oslo_service.service [-] oslo_messaging_rabbit.conn_pool_min_size = 2 log_opt_values /usr/lib/python3/dist-packages/oslo_config/cfg.py:2609
2025-12-04 00:34:52.872 41285 DEBUG oslo_service.service [-] oslo_messaging_rabbit.conn_pool_ttl = 1200 log_opt_values /usr/lib/python3/dist-packages/oslo_config/cfg.py:2609
2025-12-04 00:34:52.872 41285 DEBUG oslo_service.service [-] oslo_messaging_rabbit.direct_mandatory_flag = True log_opt_values /usr/lib/python3/dist-packages/oslo_config/cfg.py:2609
2025-12-04 00:34:52.873 41285 DEBUG oslo_service.service [-] oslo_messaging_rabbit.enable_cancel_on_failover = False log_opt_values /usr/lib/python3/dist-packages/oslo_config/cfg.py:2609
2025-12-04 00:34:52.873 41285 DEBUG oslo_service.service [-] oslo_messaging_rabbit.heartbeat_in_pthread = False log_opt_values /usr/lib/python3/dist-packages/oslo_config/cfg.py:2609
2025-12-04 00:34:52.873 41285 DEBUG oslo_service.service [-] oslo_messaging_rabbit.heartbeat_rate = 2 log_opt_values /usr/lib/python3/dist-packages/oslo_config/cfg.py:2609
2025-12-04 00:34:52.873 41285 DEBUG oslo_service.service [-] oslo_messaging_rabbit.heartbeat_timeout_threshold = 60 log_opt_values /usr/lib/python3/dist-packages/oslo_config/cfg.py:2609
2025-12-04 00:34:52.873 41285 DEBUG oslo_service.service [-] oslo_messaging_rabbit.kombu_compression = None log_opt_values /usr/lib/python3/dist-packages/oslo_config/cfg.py:2609
2025-12-04 00:34:52.873 41285 DEBUG oslo_service.service [-] oslo_messaging_rabbit.kombu_failover_strategy = round-robin log_opt_values /usr/lib/python3/dist-packages/oslo_config/cfg.py:2609
2025-12-04 00:34:52.874 41285 DEBUG oslo_service.service [-] oslo_messaging_rabbit.kombu_missing_consumer_retry_timeout = 60 log_opt_values /usr/lib/python3/dist-packages/oslo_config/cfg.py:2609
2025-12-04 00:34:52.874 41285 DEBUG oslo_service.service [-] oslo_messaging_rabbit.kombu_reconnect_delay = 1.0 log_opt_values /usr/lib/python3/dist-packages/oslo_config/cfg.py:2609
2025-12-04 00:34:52.874 41285 DEBUG oslo_service.service [-] oslo_messaging_rabbit.rabbit_ha_queues = False log_opt_values /usr/lib/python3/dist-packages/oslo_config/cfg.py:2609
2025-12-04 00:34:52.875 41285 DEBUG oslo_service.service [-] oslo_messaging_rabbit.rabbit_interval_max = 30 log_opt_values /usr/lib/python3/dist-packages/oslo_config/cfg.py:2609
2025-12-04 00:34:52.875 41285 DEBUG oslo_service.service [-] oslo_messaging_rabbit.rabbit_login_method = AMQPLAIN log_opt_values /usr/lib/python3/dist-packages/oslo_config/cfg.py:2609
2025-12-04 00:34:52.877 41285 DEBUG oslo_service.service [-] oslo_messaging_rabbit.rabbit_qos_prefetch_count = 0 log_opt_values /usr/lib/python3/dist-packages/oslo_config/cfg.py:2609
2025-12-04 00:34:52.877 41285 DEBUG oslo_service.service [-] oslo_messaging_rabbit.rabbit_quorum_queue = False log_opt_values /usr/lib/python3/dist-packages/oslo_config/cfg.py:2609
2025-12-04 00:34:52.877 41285 DEBUG oslo_service.service [-] oslo_messaging_rabbit.rabbit_retry_backoff = 2 log_opt_values /usr/lib/python3/dist-packages/oslo_config/cfg.py:2609
2025-12-04 00:34:52.877 41285 DEBUG oslo_service.service [-] oslo_messaging_rabbit.rabbit_retry_interval = 1 log_opt_values /usr/lib/python3/dist-packages/oslo_config/cfg.py:2609
2025-12-04 00:34:52.878 41285 DEBUG oslo_service.service [-] oslo_messaging_rabbit.rabbit_transient_queues_ttl = 1800 log_opt_values /usr/lib/python3/dist-packages/oslo_config/cfg.py:2609
2025-12-04 00:34:52.878 41285 DEBUG oslo_service.service [-] oslo_messaging_rabbit.rpc_conn_pool_size = 30 log_opt_values /usr/lib/python3/dist-packages/oslo_config/cfg.py:2609
2025-12-04 00:34:52.878 41285 DEBUG oslo_service.service [-] oslo_messaging_rabbit.ssl = False log_opt_values /usr/lib/python3/dist-packages/oslo_config/cfg.py:2609
2025-12-04 00:34:52.881 41510 INFO heat.engine.worker [-] Starting engine_worker (1.4) in engine 11da55f3-25f7-4211-b208-288e4f024e3b.
2025-12-04 00:34:52.879 41285 DEBUG oslo_service.service [-] oslo_messaging_rabbit.ssl_ca_file = log_opt_values /usr/lib/python3/dist-packages/oslo_config/cfg.py:2609
2025-12-04 00:34:52.884 41285 DEBUG oslo_service.service [-] oslo_messaging_rabbit.ssl_cert_file = log_opt_values /usr/lib/python3/dist-packages/oslo_config/cfg.py:2609
2025-12-04 00:34:52.884 41285 DEBUG oslo_service.service [-] oslo_messaging_rabbit.ssl_key_file = log_opt_values /usr/lib/python3/dist-packages/oslo_config/cfg.py:2609
2025-12-04 00:34:52.884 41285 DEBUG oslo_service.service [-] oslo_messaging_rabbit.ssl_version = log_opt_values /usr/lib/python3/dist-packages/oslo_config/cfg.py:2609
2025-12-04 00:34:52.884 41285 DEBUG oslo_service.service [-] oslo_messaging_notifications.driver = [] log_opt_values /usr/lib/python3/dist-packages/oslo_config/cfg.py:2609
2025-12-04 00:34:52.884 41285 DEBUG oslo_service.service [-] oslo_messaging_notifications.retry = -1 log_opt_values /usr/lib/python3/dist-packages/oslo_config/cfg.py:2609
2025-12-04 00:34:52.884 41285 DEBUG oslo_service.service [-] oslo_messaging_notifications.topics = ['notifications'] log_opt_values /usr/lib/python3/dist-packages/oslo_config/cfg.py:2609
2025-12-04 00:34:52.884 41285 DEBUG oslo_service.service [-] oslo_messaging_notifications.transport_url = **** log_opt_values /usr/lib/python3/dist-packages/oslo_config/cfg.py:2609
2025-12-04 00:34:52.885 41285 DEBUG oslo_service.service [-] cache.backend = dogpile.cache.null log_opt_values /usr/lib/python3/dist-packages/oslo_config/cfg.py:2609
2025-12-04 00:34:52.885 41285 DEBUG oslo_service.service [-] cache.backend_argument = **** log_opt_values /usr/lib/python3/dist-packages/oslo_config/cfg.py:2609
2025-12-04 00:34:52.885 41285 DEBUG oslo_service.service [-] cache.config_prefix = cache.oslo log_opt_values /usr/lib/python3/dist-packages/oslo_config/cfg.py:2609
2025-12-04 00:34:52.885 41285 DEBUG oslo_service.service [-] cache.debug_cache_backend = False log_opt_values /usr/lib/python3/dist-packages/oslo_config/cfg.py:2609
2025-12-04 00:34:52.885 41285 DEBUG oslo_service.service [-] cache.enabled = False log_opt_values /usr/lib/python3/dist-packages/oslo_config/cfg.py:2609
2025-12-04 00:34:52.889 41285 DEBUG oslo_service.service [-] cache.expiration_time = 600 log_opt_values /usr/lib/python3/dist-packages/oslo_config/cfg.py:2609
2025-12-04 00:34:52.890 41285 DEBUG oslo_service.service [-] cache.memcache_dead_retry = 300 log_opt_values /usr/lib/python3/dist-packages/oslo_config/cfg.py:2609
2025-12-04 00:34:52.890 41285 DEBUG oslo_service.service [-] cache.memcache_pool_connection_get_timeout = 10 log_opt_values /usr/lib/python3/dist-packages/oslo_config/cfg.py:2609
2025-12-04 00:34:52.890 41285 DEBUG oslo_service.service [-] cache.memcache_pool_flush_on_reconnect = False log_opt_values /usr/lib/python3/dist-packages/oslo_config/cfg.py:2609
2025-12-04 00:34:52.890 41285 DEBUG oslo_service.service [-] cache.memcache_pool_maxsize = 10 log_opt_values /usr/lib/python3/dist-packages/oslo_config/cfg.py:2609
2025-12-04 00:34:52.890 41285 DEBUG oslo_service.service [-] cache.memcache_pool_unused_timeout = 60 log_opt_values /usr/lib/python3/dist-packages/oslo_config/cfg.py:2609
2025-12-04 00:34:52.891 41285 DEBUG oslo_service.service [-] cache.memcache_servers = ['localhost:11211'] log_opt_values /usr/lib/python3/dist-packages/oslo_config/cfg.py:2609
2025-12-04 00:34:52.892 41285 DEBUG oslo_service.service [-] cache.memcache_socket_timeout = 1.0 log_opt_values /usr/lib/python3/dist-packages/oslo_config/cfg.py:2609
2025-12-04 00:34:52.892 41285 DEBUG oslo_service.service [-] cache.proxies = [] log_opt_values /usr/lib/python3/dist-packages/oslo_config/cfg.py:2609
2025-12-04 00:34:52.892 41285 DEBUG oslo_service.service [-] cache.tls_allowed_ciphers = None log_opt_values /usr/lib/python3/dist-packages/oslo_config/cfg.py:2609
2025-12-04 00:34:52.893 41285 DEBUG oslo_service.service [-] cache.tls_cafile = None log_opt_values /usr/lib/python3/dist-packages/oslo_config/cfg.py:2609
2025-12-04 00:34:52.893 41285 DEBUG oslo_service.service [-] cache.tls_certfile = None log_opt_values /usr/lib/python3/dist-packages/oslo_config/cfg.py:2609
2025-12-04 00:34:52.893 41285 DEBUG oslo_service.service [-] cache.tls_enabled = False log_opt_values /usr/lib/python3/dist-packages/oslo_config/cfg.py:2609
2025-12-04 00:34:52.893 41285 DEBUG oslo_service.service [-] cache.tls_keyfile = None log_opt_values /usr/lib/python3/dist-packages/oslo_config/cfg.py:2609
2025-12-04 00:34:52.893 41285 DEBUG oslo_service.service [-] constraint_validation_cache.caching = True log_opt_values /usr/lib/python3/dist-packages/oslo_config/cfg.py:2609
2025-12-04 00:34:52.893 41285 DEBUG oslo_service.service [-] constraint_validation_cache.expiration_time = 60 log_opt_values /usr/lib/python3/dist-packages/oslo_config/cfg.py:2609
2025-12-04 00:34:52.894 41285 DEBUG oslo_service.service [-] service_extension_cache.caching = True log_opt_values /usr/lib/python3/dist-packages/oslo_config/cfg.py:2609
2025-12-04 00:34:52.894 41285 DEBUG oslo_service.service [-] service_extension_cache.expiration_time = 3600 log_opt_values /usr/lib/python3/dist-packages/oslo_config/cfg.py:2609
2025-12-04 00:34:52.894 41285 DEBUG oslo_service.service [-] resource_finder_cache.caching = True log_opt_values /usr/lib/python3/dist-packages/oslo_config/cfg.py:2609
2025-12-04 00:34:52.894 41285 DEBUG oslo_service.service [-] resource_finder_cache.expiration_time = 3600 log_opt_values /usr/lib/python3/dist-packages/oslo_config/cfg.py:2609
2025-12-04 00:34:52.894 41285 DEBUG oslo_service.service [-] yaql.limit_iterators = 200 log_opt_values /usr/lib/python3/dist-packages/oslo_config/cfg.py:2609
2025-12-04 00:34:52.894 41285 DEBUG oslo_service.service [-] yaql.memory_quota = 10000 log_opt_values /usr/lib/python3/dist-packages/oslo_config/cfg.py:2609
2025-12-04 00:34:52.894 41285 DEBUG oslo_service.service [-] ******************************************************************************** log_opt_values /usr/lib/python3/dist-packages/oslo_config/cfg.py:2613
2025-12-04 00:34:52.912 41505 DEBUG oslo_db.sqlalchemy.engines [req-0a1d138e-8500-4184-8dea-35ebe199b28b - - - - -] MySQL server mode set to STRICT_TRANS_TABLES,STRICT_ALL_TABLES,NO_ZERO_IN_DATE,NO_ZERO_DATE,ERROR_FOR_DIVISION_BY_ZERO,TRADITIONAL,NO_ENGINE_SUBSTITUTION _check_effective_sql_mode /usr/lib/python3/dist-packages/oslo_db/sqlalchemy/engines.py:314
2025-12-04 00:34:52.924 41509 DEBUG oslo_db.sqlalchemy.engines [req-763a077d-43f3-4c96-836e-f07fdeb15bcc - - - - -] MySQL server mode set to STRICT_TRANS_TABLES,STRICT_ALL_TABLES,NO_ZERO_IN_DATE,NO_ZERO_DATE,ERROR_FOR_DIVISION_BY_ZERO,TRADITIONAL,NO_ENGINE_SUBSTITUTION _check_effective_sql_mode /usr/lib/python3/dist-packages/oslo_db/sqlalchemy/engines.py:314
2025-12-04 00:34:52.931 41508 DEBUG oslo_db.sqlalchemy.engines [req-fbea54a3-0cde-4b06-b719-ca003f4cbffe - - - - -] MySQL server mode set to STRICT_TRANS_TABLES,STRICT_ALL_TABLES,NO_ZERO_IN_DATE,NO_ZERO_DATE,ERROR_FOR_DIVISION_BY_ZERO,TRADITIONAL,NO_ENGINE_SUBSTITUTION _check_effective_sql_mode /usr/lib/python3/dist-packages/oslo_db/sqlalchemy/engines.py:314
2025-12-04 00:34:52.980 41510 DEBUG oslo_db.sqlalchemy.engines [req-5d880f2a-e8f9-4adc-a4c9-9a8eec3ef96e - - - - -] MySQL server mode set to STRICT_TRANS_TABLES,STRICT_ALL_TABLES,NO_ZERO_IN_DATE,NO_ZERO_DATE,ERROR_FOR_DIVISION_BY_ZERO,TRADITIONAL,NO_ENGINE_SUBSTITUTION _check_effective_sql_mode /usr/lib/python3/dist-packages/oslo_db/sqlalchemy/engines.py:314
2025-12-04 00:34:53.001 41505 DEBUG heat.engine.service [req-72f2bc9f-7806-4054-b2e8-1b81334a45ff - - - - -] Service 22c0ed22-bcab-46b2-b497-f00f7b0c68c3 is started service_manage_report /usr/lib/python3/dist-packages/heat/engine/service.py:2363
2025-12-04 00:34:53.007 41509 DEBUG heat.engine.service [req-a2c33e36-2a5e-40e4-b0a5-2d3bac7adcf7 - - - - -] Service 34720c89-bd4b-4f5f-afa0-9cac6818e19b is started service_manage_report /usr/lib/python3/dist-packages/heat/engine/service.py:2363
2025-12-04 00:34:53.019 41505 DEBUG heat.engine.service [req-72f2bc9f-7806-4054-b2e8-1b81334a45ff - - - - -] Service 22c0ed22-bcab-46b2-b497-f00f7b0c68c3 is updated service_manage_report /usr/lib/python3/dist-packages/heat/engine/service.py:2370
2025-12-04 00:34:53.037 41509 DEBUG heat.engine.service [req-a2c33e36-2a5e-40e4-b0a5-2d3bac7adcf7 - - - - -] Service 34720c89-bd4b-4f5f-afa0-9cac6818e19b is updated service_manage_report /usr/lib/python3/dist-packages/heat/engine/service.py:2370
2025-12-04 00:34:53.044 41508 DEBUG heat.engine.service [req-b4a11f51-9499-4183-a3a1-14258c337b36 - - - - -] Service 63ff6501-8224-4863-90ad-f8d8f0e78439 is started service_manage_report /usr/lib/python3/dist-packages/heat/engine/service.py:2363
2025-12-04 00:34:53.059 41508 DEBUG heat.engine.service [req-b4a11f51-9499-4183-a3a1-14258c337b36 - - - - -] Service 63ff6501-8224-4863-90ad-f8d8f0e78439 is updated service_manage_report /usr/lib/python3/dist-packages/heat/engine/service.py:2370
2025-12-04 00:34:53.088 41510 DEBUG heat.engine.service [req-00994d24-afd1-4547-a383-5b16f4ed167a - - - - -] Service c4c2bfae-a231-48fb-8d2c-ae2a6abe0575 is started service_manage_report /usr/lib/python3/dist-packages/heat/engine/service.py:2363
2025-12-04 00:34:53.107 41510 DEBUG heat.engine.service [req-00994d24-afd1-4547-a383-5b16f4ed167a - - - - -] Service c4c2bfae-a231-48fb-8d2c-ae2a6abe0575 is updated service_manage_report /usr/lib/python3/dist-packages/heat/engine/service.py:2370
2025-12-04 00:35:52.997 41505 DEBUG heat.engine.service [req-8f5851a4-9f08-4dec-b0e1-b611a35b0570 - - - - -] Service 22c0ed22-bcab-46b2-b497-f00f7b0c68c3 is updated service_manage_report /usr/lib/python3/dist-packages/heat/engine/service.py:2370
2025-12-04 00:35:53.002 41509 DEBUG heat.engine.service [req-7029f0c9-4345-4ec7-a1ed-8ac7b3cc3698 - - - - -] Service 34720c89-bd4b-4f5f-afa0-9cac6818e19b is updated service_manage_report /usr/lib/python3/dist-packages/heat/engine/service.py:2370
2025-12-04 00:35:53.022 41508 DEBUG heat.engine.service [req-aa6092be-cf05-41e2-96f0-a9164c5f05cf - - - - -] Service 63ff6501-8224-4863-90ad-f8d8f0e78439 is updated service_manage_report /usr/lib/python3/dist-packages/heat/engine/service.py:2370
2025-12-04 00:35:53.069 41510 DEBUG heat.engine.service [req-c5cb4251-293a-465e-a393-6cc3fa9f62b8 - - - - -] Service c4c2bfae-a231-48fb-8d2c-ae2a6abe0575 is updated service_manage_report /usr/lib/python3/dist-packages/heat/engine/service.py:2370
2025-12-04 00:36:52.990 41505 DEBUG heat.engine.service [req-f1cd8020-914e-4567-b41d-351d9f1de1da - - - - -] Service 22c0ed22-bcab-46b2-b497-f00f7b0c68c3 is updated service_manage_report /usr/lib/python3/dist-packages/heat/engine/service.py:2370
2025-12-04 00:36:53.005 41509 DEBUG heat.engine.service [req-5cc5a947-035d-4f90-aa44-781f533b81e9 - - - - -] Service 34720c89-bd4b-4f5f-afa0-9cac6818e19b is updated service_manage_report /usr/lib/python3/dist-packages/heat/engine/service.py:2370
2025-12-04 00:36:53.024 41508 DEBUG heat.engine.service [req-7a3adf88-22e3-46fb-91cd-14ab3cf9f1ef - - - - -] Service 63ff6501-8224-4863-90ad-f8d8f0e78439 is updated service_manage_report /usr/lib/python3/dist-packages/heat/engine/service.py:2370
2025-12-04 00:36:53.072 41510 DEBUG heat.engine.service [req-9e64c3a7-1611-436b-a6a4-fd7006bb26b5 - - - - -] Service c4c2bfae-a231-48fb-8d2c-ae2a6abe0575 is updated service_manage_report /usr/lib/python3/dist-packages/heat/engine/service.py:2370
2025-12-04 00:37:52.991 41505 DEBUG heat.engine.service [req-de314fc7-fba9-4d52-b872-05677f2c03d7 - - - - -] Service 22c0ed22-bcab-46b2-b497-f00f7b0c68c3 is updated service_manage_report /usr/lib/python3/dist-packages/heat/engine/service.py:2370
2025-12-04 00:37:53.010 41509 DEBUG heat.engine.service [req-2423471d-1d2d-4e0a-9c4b-660d94560f0b - - - - -] Service 34720c89-bd4b-4f5f-afa0-9cac6818e19b is updated service_manage_report /usr/lib/python3/dist-packages/heat/engine/service.py:2370
2025-12-04 00:37:53.027 41508 DEBUG heat.engine.service [req-ebe21897-493a-4720-a5ff-fcb412fb6767 - - - - -] Service 63ff6501-8224-4863-90ad-f8d8f0e78439 is updated service_manage_report /usr/lib/python3/dist-packages/heat/engine/service.py:2370
2025-12-04 00:37:53.076 41510 DEBUG heat.engine.service [req-2970e8f9-b120-401f-8140-5f53c03b26e9 - - - - -] Service c4c2bfae-a231-48fb-8d2c-ae2a6abe0575 is updated service_manage_report /usr/lib/python3/dist-packages/heat/engine/service.py:2370
2025-12-04 00:38:52.994 41505 DEBUG heat.engine.service [req-0b7e205e-3cbf-4d48-b427-f9492ddc6de1 - - - - -] Service 22c0ed22-bcab-46b2-b497-f00f7b0c68c3 is updated service_manage_report /usr/lib/python3/dist-packages/heat/engine/service.py:2370
2025-12-04 00:38:53.013 41509 DEBUG heat.engine.service [req-a33c7c05-b7c0-49a6-b2d5-8c0a6b61c7d5 - - - - -] Service 34720c89-bd4b-4f5f-afa0-9cac6818e19b is updated service_manage_report /usr/lib/python3/dist-packages/heat/engine/service.py:2370
2025-12-04 00:38:53.032 41508 DEBUG heat.engine.service [req-a34f7012-4c38-4dd5-bfc8-a8c22f44990b - - - - -] Service 63ff6501-8224-4863-90ad-f8d8f0e78439 is updated service_manage_report /usr/lib/python3/dist-packages/heat/engine/service.py:2370
2025-12-04 00:38:53.079 41510 DEBUG heat.engine.service [req-bfcdea75-87aa-427f-ba69-9f10fbd01cfd - - - - -] Service c4c2bfae-a231-48fb-8d2c-ae2a6abe0575 is updated service_manage_report /usr/lib/python3/dist-packages/heat/engine/service.py:2370
2025-12-04 00:39:52.997 41505 DEBUG heat.engine.service [req-728c723c-f6e9-40d9-a35a-99f66d760423 - - - - -] Service 22c0ed22-bcab-46b2-b497-f00f7b0c68c3 is updated service_manage_report /usr/lib/python3/dist-packages/heat/engine/service.py:2370
2025-12-04 00:39:53.018 41509 DEBUG heat.engine.service [req-7d56b7c8-2c9e-4377-b721-7694f49d80b5 - - - - -] Service 34720c89-bd4b-4f5f-afa0-9cac6818e19b is updated service_manage_report /usr/lib/python3/dist-packages/heat/engine/service.py:2370
2025-12-04 00:39:53.036 41508 DEBUG heat.engine.service [req-10c6bb3b-b84e-4047-aae2-3c0a7608fa53 - - - - -] Service 63ff6501-8224-4863-90ad-f8d8f0e78439 is updated service_manage_report /usr/lib/python3/dist-packages/heat/engine/service.py:2370
2025-12-04 00:39:53.085 41510 DEBUG heat.engine.service [req-49d2e6da-6f05-4674-a35c-f5581d47fe4a - - - - -] Service c4c2bfae-a231-48fb-8d2c-ae2a6abe0575 is updated service_manage_report /usr/lib/python3/dist-packages/heat/engine/service.py:2370
2025-12-04 00:40:53.003 41505 DEBUG heat.engine.service [req-d11fc608-f19e-4f9d-a13b-0e0ef20fcce6 - - - - -] Service 22c0ed22-bcab-46b2-b497-f00f7b0c68c3 is updated service_manage_report /usr/lib/python3/dist-packages/heat/engine/service.py:2370
2025-12-04 00:40:53.021 41509 DEBUG heat.engine.service [req-56c375e0-3fe5-4dfe-91a4-f89c6f61949b - - - - -] Service 34720c89-bd4b-4f5f-afa0-9cac6818e19b is updated service_manage_report /usr/lib/python3/dist-packages/heat/engine/service.py:2370
2025-12-04 00:40:53.038 41508 DEBUG heat.engine.service [req-f41c97ae-3c44-4e3c-a7a7-5cf79fbbb0d2 - - - - -] Service 63ff6501-8224-4863-90ad-f8d8f0e78439 is updated service_manage_report /usr/lib/python3/dist-packages/heat/engine/service.py:2370
2025-12-04 00:40:53.088 41510 DEBUG heat.engine.service [req-40fc1190-8817-4e86-91f2-e6b558b90c44 - - - - -] Service c4c2bfae-a231-48fb-8d2c-ae2a6abe0575 is updated service_manage_report /usr/lib/python3/dist-packages/heat/engine/service.py:2370
2025-12-04 00:41:52.999 41505 DEBUG heat.engine.service [req-73a3f49a-bd38-40d2-a132-5a8caf67589a - - - - -] Service 22c0ed22-bcab-46b2-b497-f00f7b0c68c3 is updated service_manage_report /usr/lib/python3/dist-packages/heat/engine/service.py:2370
2025-12-04 00:41:53.024 41509 DEBUG heat.engine.service [req-fc6ca54e-b4e3-4949-9e12-daf195a53e49 - - - - -] Service 34720c89-bd4b-4f5f-afa0-9cac6818e19b is updated service_manage_report /usr/lib/python3/dist-packages/heat/engine/service.py:2370
2025-12-04 00:41:53.042 41508 DEBUG heat.engine.service [req-04318989-b905-4f27-9c21-d19a90d0b011 - - - - -] Service 63ff6501-8224-4863-90ad-f8d8f0e78439 is updated service_manage_report /usr/lib/python3/dist-packages/heat/engine/service.py:2370
2025-12-04 00:41:53.091 41510 DEBUG heat.engine.service [req-4635f2ce-f7fe-4e8c-ac0a-1e51b4df09e8 - - - - -] Service c4c2bfae-a231-48fb-8d2c-ae2a6abe0575 is updated service_manage_report /usr/lib/python3/dist-packages/heat/engine/service.py:2370
2025-12-04 00:42:53.004 41505 DEBUG heat.engine.service [req-a2554d0a-308e-42f9-abbc-5b0003007034 - - - - -] Service 22c0ed22-bcab-46b2-b497-f00f7b0c68c3 is updated service_manage_report /usr/lib/python3/dist-packages/heat/engine/service.py:2370
2025-12-04 00:42:53.027 41509 DEBUG heat.engine.service [req-d0cc5fc4-7e73-4d2d-b2e9-12ccfe7993a6 - - - - -] Service 34720c89-bd4b-4f5f-afa0-9cac6818e19b is updated service_manage_report /usr/lib/python3/dist-packages/heat/engine/service.py:2370
2025-12-04 00:42:53.045 41508 DEBUG heat.engine.service [req-1cc49958-a12b-410e-9a0f-adafa91be18b - - - - -] Service 63ff6501-8224-4863-90ad-f8d8f0e78439 is updated service_manage_report /usr/lib/python3/dist-packages/heat/engine/service.py:2370
2025-12-04 00:42:53.094 41510 DEBUG heat.engine.service [req-ada611e8-2c96-4a23-99ef-bee5bac5ef74 - - - - -] Service c4c2bfae-a231-48fb-8d2c-ae2a6abe0575 is updated service_manage_report /usr/lib/python3/dist-packages/heat/engine/service.py:2370
2025-12-04 00:43:53.008 41505 DEBUG heat.engine.service [req-ab4b1dfe-c85a-4c30-8d7f-7c343fe6bbc4 - - - - -] Service 22c0ed22-bcab-46b2-b497-f00f7b0c68c3 is updated service_manage_report /usr/lib/python3/dist-packages/heat/engine/service.py:2370
2025-12-04 00:43:53.029 41509 DEBUG heat.engine.service [req-42d8533b-c04e-47b4-8186-98be1a9188ed - - - - -] Service 34720c89-bd4b-4f5f-afa0-9cac6818e19b is updated service_manage_report /usr/lib/python3/dist-packages/heat/engine/service.py:2370
2025-12-04 00:43:53.047 41508 DEBUG heat.engine.service [req-cbbc2767-07ac-49af-809e-68e540f898e8 - - - - -] Service 63ff6501-8224-4863-90ad-f8d8f0e78439 is updated service_manage_report /usr/lib/python3/dist-packages/heat/engine/service.py:2370
2025-12-04 00:43:53.097 41510 DEBUG heat.engine.service [req-88776cbf-7deb-40ef-bc50-0b73f9069459 - - - - -] Service c4c2bfae-a231-48fb-8d2c-ae2a6abe0575 is updated service_manage_report /usr/lib/python3/dist-packages/heat/engine/service.py:2370
2025-12-04 00:44:53.012 41505 DEBUG heat.engine.service [req-bc02068d-8185-4161-a2c2-c4f4d85241b8 - - - - -] Service 22c0ed22-bcab-46b2-b497-f00f7b0c68c3 is updated service_manage_report /usr/lib/python3/dist-packages/heat/engine/service.py:2370
2025-12-04 00:44:53.032 41509 DEBUG heat.engine.service [req-89469117-7228-4f89-916d-ecfab95605de - - - - -] Service 34720c89-bd4b-4f5f-afa0-9cac6818e19b is updated service_manage_report /usr/lib/python3/dist-packages/heat/engine/service.py:2370
2025-12-04 00:44:53.052 41508 DEBUG heat.engine.service [req-9e360b9b-81ac-4b5c-b938-d87ccc5f3890 - - - - -] Service 63ff6501-8224-4863-90ad-f8d8f0e78439 is updated service_manage_report /usr/lib/python3/dist-packages/heat/engine/service.py:2370
2025-12-04 00:44:53.099 41510 DEBUG heat.engine.service [req-ad8b69a5-42a2-4ae3-8b7a-e4a3fd86c4a5 - - - - -] Service c4c2bfae-a231-48fb-8d2c-ae2a6abe0575 is updated service_manage_report /usr/lib/python3/dist-packages/heat/engine/service.py:2370
2025-12-04 00:45:53.016 41505 DEBUG heat.engine.service [req-0a0a9f81-49a6-4393-9b12-961e158c44a7 - - - - -] Service 22c0ed22-bcab-46b2-b497-f00f7b0c68c3 is updated service_manage_report /usr/lib/python3/dist-packages/heat/engine/service.py:2370
2025-12-04 00:45:53.036 41509 DEBUG heat.engine.service [req-554cd743-5dbc-4736-921a-5115be66e23c - - - - -] Service 34720c89-bd4b-4f5f-afa0-9cac6818e19b is updated service_manage_report /usr/lib/python3/dist-packages/heat/engine/service.py:2370
2025-12-04 00:45:53.055 41508 DEBUG heat.engine.service [req-a9d3e459-ae09-4523-b51e-cdc96e12d398 - - - - -] Service 63ff6501-8224-4863-90ad-f8d8f0e78439 is updated service_manage_report /usr/lib/python3/dist-packages/heat/engine/service.py:2370
2025-12-04 00:45:53.102 41510 DEBUG heat.engine.service [req-570a7eb4-0392-4f31-b911-5599047511d6 - - - - -] Service c4c2bfae-a231-48fb-8d2c-ae2a6abe0575 is updated service_manage_report /usr/lib/python3/dist-packages/heat/engine/service.py:2370
2025-12-04 00:46:53.020 41505 DEBUG heat.engine.service [req-a11e6604-47da-4efa-b4dc-0510920f0a5a - - - - -] Service 22c0ed22-bcab-46b2-b497-f00f7b0c68c3 is updated service_manage_report /usr/lib/python3/dist-packages/heat/engine/service.py:2370
2025-12-04 00:46:53.039 41509 DEBUG heat.engine.service [req-6229baf9-ee80-4ba5-bf0f-492ccf3d0b9b - - - - -] Service 34720c89-bd4b-4f5f-afa0-9cac6818e19b is updated service_manage_report /usr/lib/python3/dist-packages/heat/engine/service.py:2370
2025-12-04 00:46:53.058 41508 DEBUG heat.engine.service [req-d04a6234-9eb5-4b80-8f6f-133f8bc0dda0 - - - - -] Service 63ff6501-8224-4863-90ad-f8d8f0e78439 is updated service_manage_report /usr/lib/python3/dist-packages/heat/engine/service.py:2370
2025-12-04 00:46:53.105 41510 DEBUG heat.engine.service [req-ce717b69-81a7-4172-bae9-1be9374a2bc5 - - - - -] Service c4c2bfae-a231-48fb-8d2c-ae2a6abe0575 is updated service_manage_report /usr/lib/python3/dist-packages/heat/engine/service.py:2370
2025-12-04 00:47:53.026 41505 DEBUG heat.engine.service [req-de106cdd-af32-486a-991d-887c7004ce36 - - - - -] Service 22c0ed22-bcab-46b2-b497-f00f7b0c68c3 is updated service_manage_report /usr/lib/python3/dist-packages/heat/engine/service.py:2370
2025-12-04 00:47:53.042 41509 DEBUG heat.engine.service [req-bac8bee0-03dd-4b47-b125-73fa568e9ca2 - - - - -] Service 34720c89-bd4b-4f5f-afa0-9cac6818e19b is updated service_manage_report /usr/lib/python3/dist-packages/heat/engine/service.py:2370
2025-12-04 00:47:53.061 41508 DEBUG heat.engine.service [req-ab3ea80e-7135-464e-a14a-4a3b9205af98 - - - - -] Service 63ff6501-8224-4863-90ad-f8d8f0e78439 is updated service_manage_report /usr/lib/python3/dist-packages/heat/engine/service.py:2370
2025-12-04 00:47:53.108 41510 DEBUG heat.engine.service [req-f9558494-2d21-47b1-8e49-11da194d9fac - - - - -] Service c4c2bfae-a231-48fb-8d2c-ae2a6abe0575 is updated service_manage_report /usr/lib/python3/dist-packages/heat/engine/service.py:2370
2025-12-04 00:48:53.022 41505 DEBUG heat.engine.service [req-f5e96d34-1ccc-4f57-9c8d-7a123632aff0 - - - - -] Service 22c0ed22-bcab-46b2-b497-f00f7b0c68c3 is updated service_manage_report /usr/lib/python3/dist-packages/heat/engine/service.py:2370
2025-12-04 00:48:53.043 41509 DEBUG heat.engine.service [req-b6a9ada3-261c-468c-a856-17ba2dd39624 - - - - -] Service 34720c89-bd4b-4f5f-afa0-9cac6818e19b is updated service_manage_report /usr/lib/python3/dist-packages/heat/engine/service.py:2370
2025-12-04 00:48:53.064 41508 DEBUG heat.engine.service [req-bb52368b-8e62-4f6e-878b-0f58d323dccc - - - - -] Service 63ff6501-8224-4863-90ad-f8d8f0e78439 is updated service_manage_report /usr/lib/python3/dist-packages/heat/engine/service.py:2370
2025-12-04 00:48:53.111 41510 DEBUG heat.engine.service [req-5ceebefb-eb40-4871-be1d-734bcf141cd6 - - - - -] Service c4c2bfae-a231-48fb-8d2c-ae2a6abe0575 is updated service_manage_report /usr/lib/python3/dist-packages/heat/engine/service.py:2370
2025-12-04 00:49:53.025 41505 DEBUG heat.engine.service [req-e3fb24f5-52c2-4e87-8836-b44d808a8096 - - - - -] Service 22c0ed22-bcab-46b2-b497-f00f7b0c68c3 is updated service_manage_report /usr/lib/python3/dist-packages/heat/engine/service.py:2370
2025-12-04 00:49:53.046 41509 DEBUG heat.engine.service [req-a631aad9-8539-41c7-bb16-89fda8460f7b - - - - -] Service 34720c89-bd4b-4f5f-afa0-9cac6818e19b is updated service_manage_report /usr/lib/python3/dist-packages/heat/engine/service.py:2370
2025-12-04 00:49:53.066 41508 DEBUG heat.engine.service [req-30266550-1322-44e5-9194-b16c5c8a90b1 - - - - -] Service 63ff6501-8224-4863-90ad-f8d8f0e78439 is updated service_manage_report /usr/lib/python3/dist-packages/heat/engine/service.py:2370
2025-12-04 00:49:53.118 41510 DEBUG heat.engine.service [req-ced5e942-3e63-4c39-8170-bb997857efda - - - - -] Service c4c2bfae-a231-48fb-8d2c-ae2a6abe0575 is updated service_manage_report /usr/lib/python3/dist-packages/heat/engine/service.py:2370
2025-12-04 00:50:53.030 41505 DEBUG heat.engine.service [req-0e2f3bf4-d752-4cf2-a89c-65b22057ffcb - - - - -] Service 22c0ed22-bcab-46b2-b497-f00f7b0c68c3 is updated service_manage_report /usr/lib/python3/dist-packages/heat/engine/service.py:2370
2025-12-04 00:50:53.054 41509 DEBUG heat.engine.service [req-84e209fd-0871-460b-9beb-ca9c7472933a - - - - -] Service 34720c89-bd4b-4f5f-afa0-9cac6818e19b is updated service_manage_report /usr/lib/python3/dist-packages/heat/engine/service.py:2370
2025-12-04 00:50:53.072 41508 DEBUG heat.engine.service [req-256c2697-eec7-4b22-b416-c42cb3d29f4d - - - - -] Service 63ff6501-8224-4863-90ad-f8d8f0e78439 is updated service_manage_report /usr/lib/python3/dist-packages/heat/engine/service.py:2370
2025-12-04 00:50:53.113 41510 DEBUG heat.engine.service [req-e6a70603-5040-4c00-a95a-a6f0ab4aa8a4 - - - - -] Service c4c2bfae-a231-48fb-8d2c-ae2a6abe0575 is updated service_manage_report /usr/lib/python3/dist-packages/heat/engine/service.py:2370
2025-12-04 00:51:53.033 41505 DEBUG heat.engine.service [req-c7a4e2a6-33f7-4aab-815a-3a85391c93ed - - - - -] Service 22c0ed22-bcab-46b2-b497-f00f7b0c68c3 is updated service_manage_report /usr/lib/python3/dist-packages/heat/engine/service.py:2370
2025-12-04 00:51:53.046 41509 DEBUG heat.engine.service [req-8016feb6-9910-4496-a420-76f64bc30af8 - - - - -] Service 34720c89-bd4b-4f5f-afa0-9cac6818e19b is updated service_manage_report /usr/lib/python3/dist-packages/heat/engine/service.py:2370
2025-12-04 00:51:53.069 41508 DEBUG heat.engine.service [req-e2005502-371d-455e-8ec0-024d0689eef0 - - - - -] Service 63ff6501-8224-4863-90ad-f8d8f0e78439 is updated service_manage_report /usr/lib/python3/dist-packages/heat/engine/service.py:2370
2025-12-04 00:51:53.119 41510 DEBUG heat.engine.service [req-a3e8dea0-cc5b-4833-ba5b-82a62bf42ce9 - - - - -] Service c4c2bfae-a231-48fb-8d2c-ae2a6abe0575 is updated service_manage_report /usr/lib/python3/dist-packages/heat/engine/service.py:2370
2025-12-04 00:52:53.036 41505 DEBUG heat.engine.service [req-b8995cdc-b1d9-47de-b22a-5877d7579823 - - - - -] Service 22c0ed22-bcab-46b2-b497-f00f7b0c68c3 is updated service_manage_report /usr/lib/python3/dist-packages/heat/engine/service.py:2370
2025-12-04 00:52:53.049 41509 DEBUG heat.engine.service [req-2bc5a767-d13c-4540-9e64-f402c33c96d9 - - - - -] Service 34720c89-bd4b-4f5f-afa0-9cac6818e19b is updated service_manage_report /usr/lib/python3/dist-packages/heat/engine/service.py:2370
2025-12-04 00:52:53.060 41508 DEBUG heat.engine.service [req-c7d54f5c-a555-446f-b962-d08085ce99ec - - - - -] Service 63ff6501-8224-4863-90ad-f8d8f0e78439 is updated service_manage_report /usr/lib/python3/dist-packages/heat/engine/service.py:2370
2025-12-04 00:52:53.113 41510 DEBUG heat.engine.service [req-50844250-5405-4274-9874-9cb24ae33fea - - - - -] Service c4c2bfae-a231-48fb-8d2c-ae2a6abe0575 is updated service_manage_report /usr/lib/python3/dist-packages/heat/engine/service.py:2370
2025-12-04 00:53:53.039 41505 DEBUG heat.engine.service [req-362fecbb-c33b-46b7-bc02-f2f66b5c454b - - - - -] Service 22c0ed22-bcab-46b2-b497-f00f7b0c68c3 is updated service_manage_report /usr/lib/python3/dist-packages/heat/engine/service.py:2370
2025-12-04 00:53:53.052 41509 DEBUG heat.engine.service [req-f39fe507-b156-4478-aea6-183460abe185 - - - - -] Service 34720c89-bd4b-4f5f-afa0-9cac6818e19b is updated service_manage_report /usr/lib/python3/dist-packages/heat/engine/service.py:2370
2025-12-04 00:53:53.063 41508 DEBUG heat.engine.service [req-92c4a391-aae2-4e56-9818-7526eeaf0ad7 - - - - -] Service 63ff6501-8224-4863-90ad-f8d8f0e78439 is updated service_manage_report /usr/lib/python3/dist-packages/heat/engine/service.py:2370
2025-12-04 00:53:53.117 41510 DEBUG heat.engine.service [req-3ee3a298-d365-47fe-8c78-15611c06c5c5 - - - - -] Service c4c2bfae-a231-48fb-8d2c-ae2a6abe0575 is updated service_manage_report /usr/lib/python3/dist-packages/heat/engine/service.py:2370
2025-12-04 00:54:53.044 41505 DEBUG heat.engine.service [req-73e1e693-e70f-4667-984a-aabf854182d0 - - - - -] Service 22c0ed22-bcab-46b2-b497-f00f7b0c68c3 is updated service_manage_report /usr/lib/python3/dist-packages/heat/engine/service.py:2370
2025-12-04 00:54:53.057 41509 DEBUG heat.engine.service [req-cb8c625f-a6af-4ca5-8c04-5e40bddffa4d - - - - -] Service 34720c89-bd4b-4f5f-afa0-9cac6818e19b is updated service_manage_report /usr/lib/python3/dist-packages/heat/engine/service.py:2370
2025-12-04 00:54:53.065 41508 DEBUG heat.engine.service [req-b982e240-c89d-4144-b3b8-1049114fad62 - - - - -] Service 63ff6501-8224-4863-90ad-f8d8f0e78439 is updated service_manage_report /usr/lib/python3/dist-packages/heat/engine/service.py:2370
2025-12-04 00:54:53.121 41510 DEBUG heat.engine.service [req-6a232d64-5975-4897-bdf1-6dda2b69c357 - - - - -] Service c4c2bfae-a231-48fb-8d2c-ae2a6abe0575 is updated service_manage_report /usr/lib/python3/dist-packages/heat/engine/service.py:2370
2025-12-04 00:55:53.048 41505 DEBUG heat.engine.service [req-ffccdb4c-9cec-4fc4-89d7-4d833db324fd - - - - -] Service 22c0ed22-bcab-46b2-b497-f00f7b0c68c3 is updated service_manage_report /usr/lib/python3/dist-packages/heat/engine/service.py:2370
2025-12-04 00:55:53.060 41509 DEBUG heat.engine.service [req-ef77ccb4-0c61-4d40-8802-f663499881c9 - - - - -] Service 34720c89-bd4b-4f5f-afa0-9cac6818e19b is updated service_manage_report /usr/lib/python3/dist-packages/heat/engine/service.py:2370
2025-12-04 00:55:53.070 41508 DEBUG heat.engine.service [req-cbbbe13f-4eff-4458-a034-ee419639b4a9 - - - - -] Service 63ff6501-8224-4863-90ad-f8d8f0e78439 is updated service_manage_report /usr/lib/python3/dist-packages/heat/engine/service.py:2370
2025-12-04 00:55:53.127 41510 DEBUG heat.engine.service [req-86cc6fc8-b3f5-4ad2-a595-f386391bf921 - - - - -] Service c4c2bfae-a231-48fb-8d2c-ae2a6abe0575 is updated service_manage_report /usr/lib/python3/dist-packages/heat/engine/service.py:2370
2025-12-04 00:56:53.052 41505 DEBUG heat.engine.service [req-1046954e-51a5-4d7c-ba7d-c85a7ecd9d5f - - - - -] Service 22c0ed22-bcab-46b2-b497-f00f7b0c68c3 is updated service_manage_report /usr/lib/python3/dist-packages/heat/engine/service.py:2370
2025-12-04 00:56:53.064 41509 DEBUG heat.engine.service [req-9a697701-487b-4856-b349-4e9101038cb0 - - - - -] Service 34720c89-bd4b-4f5f-afa0-9cac6818e19b is updated service_manage_report /usr/lib/python3/dist-packages/heat/engine/service.py:2370
2025-12-04 00:56:53.074 41508 DEBUG heat.engine.service [req-89fefe86-ef0d-4a22-bca2-03d2831bb52e - - - - -] Service 63ff6501-8224-4863-90ad-f8d8f0e78439 is updated service_manage_report /usr/lib/python3/dist-packages/heat/engine/service.py:2370
2025-12-04 00:56:53.131 41510 DEBUG heat.engine.service [req-b792a50b-b4b4-4c43-9507-e953f8e20052 - - - - -] Service c4c2bfae-a231-48fb-8d2c-ae2a6abe0575 is updated service_manage_report /usr/lib/python3/dist-packages/heat/engine/service.py:2370
2025-12-04 00:57:53.060 41505 DEBUG heat.engine.service [req-c0db7b36-d800-46f8-92e4-4dba1fa13a74 - - - - -] Service 22c0ed22-bcab-46b2-b497-f00f7b0c68c3 is updated service_manage_report /usr/lib/python3/dist-packages/heat/engine/service.py:2370
2025-12-04 00:57:53.068 41509 DEBUG heat.engine.service [req-560561c6-fb97-407e-b2a0-282c5140a99b - - - - -] Service 34720c89-bd4b-4f5f-afa0-9cac6818e19b is updated service_manage_report /usr/lib/python3/dist-packages/heat/engine/service.py:2370
2025-12-04 00:57:53.076 41508 DEBUG heat.engine.service [req-6da4c1c0-0a9d-48c3-81f2-f7992ac84bfd - - - - -] Service 63ff6501-8224-4863-90ad-f8d8f0e78439 is updated service_manage_report /usr/lib/python3/dist-packages/heat/engine/service.py:2370
