2025-11-24 00:40:41.288 165960 DEBUG nova.service [req-fb9216c7-fff4-4fe9-8f5f-35e9cd8ac3da - - - - -] Creating RPC server for service scheduler start /usr/lib/python3/dist-packages/nova/service.py:182
2025-11-24 00:40:41.288 165644 DEBUG oslo_service.service [req-1337a054-fe9f-4853-b70b-b85878bde308 - - - - -] use_json = False log_opt_values /usr/lib/python3/dist-packages/oslo_config/cfg.py:2602
2025-11-24 00:40:41.289 165644 DEBUG oslo_service.service [req-1337a054-fe9f-4853-b70b-b85878bde308 - - - - -] use_rootwrap_daemon = False log_opt_values /usr/lib/python3/dist-packages/oslo_config/cfg.py:2602
2025-11-24 00:40:41.289 165644 DEBUG oslo_service.service [req-1337a054-fe9f-4853-b70b-b85878bde308 - - - - -] use_stderr = False log_opt_values /usr/lib/python3/dist-packages/oslo_config/cfg.py:2602
2025-11-24 00:40:41.289 165644 DEBUG oslo_service.service [req-1337a054-fe9f-4853-b70b-b85878bde308 - - - - -] use_syslog = False log_opt_values /usr/lib/python3/dist-packages/oslo_config/cfg.py:2602
2025-11-24 00:40:41.289 165644 DEBUG oslo_service.service [req-1337a054-fe9f-4853-b70b-b85878bde308 - - - - -] vcpu_pin_set = None log_opt_values /usr/lib/python3/dist-packages/oslo_config/cfg.py:2602
2025-11-24 00:40:41.289 165644 DEBUG oslo_service.service [req-1337a054-fe9f-4853-b70b-b85878bde308 - - - - -] vif_plugging_is_fatal = True log_opt_values /usr/lib/python3/dist-packages/oslo_config/cfg.py:2602
2025-11-24 00:40:41.289 165644 DEBUG oslo_service.service [req-1337a054-fe9f-4853-b70b-b85878bde308 - - - - -] vif_plugging_timeout = 300 log_opt_values /usr/lib/python3/dist-packages/oslo_config/cfg.py:2602
2025-11-24 00:40:41.290 165644 DEBUG oslo_service.service [req-1337a054-fe9f-4853-b70b-b85878bde308 - - - - -] virt_mkfs = [] log_opt_values /usr/lib/python3/dist-packages/oslo_config/cfg.py:2602
2025-11-24 00:40:41.290 165644 DEBUG oslo_service.service [req-1337a054-fe9f-4853-b70b-b85878bde308 - - - - -] volume_usage_poll_interval = 0 log_opt_values /usr/lib/python3/dist-packages/oslo_config/cfg.py:2602
2025-11-24 00:40:41.290 165644 DEBUG oslo_service.service [req-1337a054-fe9f-4853-b70b-b85878bde308 - - - - -] watch_log_file = False log_opt_values /usr/lib/python3/dist-packages/oslo_config/cfg.py:2602
2025-11-24 00:40:41.290 165644 DEBUG oslo_service.service [req-1337a054-fe9f-4853-b70b-b85878bde308 - - - - -] web = /usr/share/spice-html5 log_opt_values /usr/lib/python3/dist-packages/oslo_config/cfg.py:2602
2025-11-24 00:40:41.290 165644 DEBUG oslo_service.service [req-1337a054-fe9f-4853-b70b-b85878bde308 - - - - -] oslo_concurrency.disable_process_locking = False log_opt_values /usr/lib/python3/dist-packages/oslo_config/cfg.py:2609
2025-11-24 00:40:41.291 165644 DEBUG oslo_service.service [req-1337a054-fe9f-4853-b70b-b85878bde308 - - - - -] oslo_concurrency.lock_path = /var/lock/nova log_opt_values /usr/lib/python3/dist-packages/oslo_config/cfg.py:2609
2025-11-24 00:40:41.291 165644 WARNING oslo_config.cfg [req-1337a054-fe9f-4853-b70b-b85878bde308 - - - - -] Deprecated: Option "auth_strategy" from group "api" is deprecated for removal ( The only non-default choice, ``noauth2``, is for internal development and testing purposes only and should not be used in deployments. This option and its middleware, NoAuthMiddleware[V2_18], will be removed in a future release. ). Its value may be silently ignored in the future.
2025-11-24 00:40:41.291 165644 DEBUG oslo_service.service [req-1337a054-fe9f-4853-b70b-b85878bde308 - - - - -] api.auth_strategy = keystone log_opt_values /usr/lib/python3/dist-packages/oslo_config/cfg.py:2609
2025-11-24 00:40:41.292 165644 DEBUG oslo_service.service [req-1337a054-fe9f-4853-b70b-b85878bde308 - - - - -] api.compute_link_prefix = None log_opt_values /usr/lib/python3/dist-packages/oslo_config/cfg.py:2609
2025-11-24 00:40:41.292 165644 DEBUG oslo_service.service [req-1337a054-fe9f-4853-b70b-b85878bde308 - - - - -] api.config_drive_skip_versions = 1.0 2007-01-19 2007-03-01 2007-08-29 2007-10-10 2007-12-15 2008-02-01 2008-09-01 log_opt_values /usr/lib/python3/dist-packages/oslo_config/cfg.py:2609
2025-11-24 00:40:41.292 165644 DEBUG oslo_service.service [req-1337a054-fe9f-4853-b70b-b85878bde308 - - - - -] api.dhcp_domain = novalocal log_opt_values /usr/lib/python3/dist-packages/oslo_config/cfg.py:2609
2025-11-24 00:40:41.292 165644 DEBUG oslo_service.service [req-1337a054-fe9f-4853-b70b-b85878bde308 - - - - -] api.enable_instance_password = True log_opt_values /usr/lib/python3/dist-packages/oslo_config/cfg.py:2609
2025-11-24 00:40:41.292 165644 DEBUG oslo_service.service [req-1337a054-fe9f-4853-b70b-b85878bde308 - - - - -] api.glance_link_prefix = None log_opt_values /usr/lib/python3/dist-packages/oslo_config/cfg.py:2609
2025-11-24 00:40:41.293 165644 DEBUG oslo_service.service [req-1337a054-fe9f-4853-b70b-b85878bde308 - - - - -] api.instance_list_cells_batch_fixed_size = 100 log_opt_values /usr/lib/python3/dist-packages/oslo_config/cfg.py:2609
2025-11-24 00:40:41.293 165644 DEBUG oslo_service.service [req-1337a054-fe9f-4853-b70b-b85878bde308 - - - - -] api.instance_list_cells_batch_strategy = distributed log_opt_values /usr/lib/python3/dist-packages/oslo_config/cfg.py:2609
2025-11-24 00:40:41.293 165644 DEBUG oslo_service.service [req-1337a054-fe9f-4853-b70b-b85878bde308 - - - - -] api.instance_list_per_project_cells = False log_opt_values /usr/lib/python3/dist-packages/oslo_config/cfg.py:2609
2025-11-24 00:40:41.293 165644 DEBUG oslo_service.service [req-1337a054-fe9f-4853-b70b-b85878bde308 - - - - -] api.list_records_by_skipping_down_cells = True log_opt_values /usr/lib/python3/dist-packages/oslo_config/cfg.py:2609
2025-11-24 00:40:41.293 165644 DEBUG oslo_service.service [req-1337a054-fe9f-4853-b70b-b85878bde308 - - - - -] api.local_metadata_per_cell = False log_opt_values /usr/lib/python3/dist-packages/oslo_config/cfg.py:2609
2025-11-24 00:40:41.294 165644 DEBUG oslo_service.service [req-1337a054-fe9f-4853-b70b-b85878bde308 - - - - -] api.max_limit = 1000 log_opt_values /usr/lib/python3/dist-packages/oslo_config/cfg.py:2609
2025-11-24 00:40:41.294 165644 DEBUG oslo_service.service [req-1337a054-fe9f-4853-b70b-b85878bde308 - - - - -] api.metadata_cache_expiration = 15 log_opt_values /usr/lib/python3/dist-packages/oslo_config/cfg.py:2609
2025-11-24 00:40:41.294 165644 DEBUG oslo_service.service [req-1337a054-fe9f-4853-b70b-b85878bde308 - - - - -] api.neutron_default_tenant_id = default log_opt_values /usr/lib/python3/dist-packages/oslo_config/cfg.py:2609
2025-11-24 00:40:41.294 165644 DEBUG oslo_service.service [req-1337a054-fe9f-4853-b70b-b85878bde308 - - - - -] api.use_forwarded_for = False log_opt_values /usr/lib/python3/dist-packages/oslo_config/cfg.py:2609
2025-11-24 00:40:41.295 165644 DEBUG oslo_service.service [req-1337a054-fe9f-4853-b70b-b85878bde308 - - - - -] api.use_neutron_default_nets = False log_opt_values /usr/lib/python3/dist-packages/oslo_config/cfg.py:2609
2025-11-24 00:40:41.295 165962 DEBUG nova.service [req-efd8d2e9-6f3b-4462-bfa1-1ea6216b031b - - - - -] Creating RPC server for service scheduler start /usr/lib/python3/dist-packages/nova/service.py:182
2025-11-24 00:40:41.295 165644 DEBUG oslo_service.service [req-1337a054-fe9f-4853-b70b-b85878bde308 - - - - -] api.vendordata_dynamic_connect_timeout = 5 log_opt_values /usr/lib/python3/dist-packages/oslo_config/cfg.py:2609
2025-11-24 00:40:41.295 165644 DEBUG oslo_service.service [req-1337a054-fe9f-4853-b70b-b85878bde308 - - - - -] api.vendordata_dynamic_failure_fatal = False log_opt_values /usr/lib/python3/dist-packages/oslo_config/cfg.py:2609
2025-11-24 00:40:41.295 165644 DEBUG oslo_service.service [req-1337a054-fe9f-4853-b70b-b85878bde308 - - - - -] api.vendordata_dynamic_read_timeout = 5 log_opt_values /usr/lib/python3/dist-packages/oslo_config/cfg.py:2609
2025-11-24 00:40:41.296 165644 DEBUG oslo_service.service [req-1337a054-fe9f-4853-b70b-b85878bde308 - - - - -] api.vendordata_dynamic_ssl_certfile = log_opt_values /usr/lib/python3/dist-packages/oslo_config/cfg.py:2609
2025-11-24 00:40:41.296 165644 DEBUG oslo_service.service [req-1337a054-fe9f-4853-b70b-b85878bde308 - - - - -] api.vendordata_dynamic_targets = [] log_opt_values /usr/lib/python3/dist-packages/oslo_config/cfg.py:2609
2025-11-24 00:40:41.296 165644 DEBUG oslo_service.service [req-1337a054-fe9f-4853-b70b-b85878bde308 - - - - -] api.vendordata_jsonfile_path = None log_opt_values /usr/lib/python3/dist-packages/oslo_config/cfg.py:2609
2025-11-24 00:40:41.296 165644 DEBUG oslo_service.service [req-1337a054-fe9f-4853-b70b-b85878bde308 - - - - -] api.vendordata_providers = ['StaticJSON'] log_opt_values /usr/lib/python3/dist-packages/oslo_config/cfg.py:2609
2025-11-24 00:40:41.296 165644 DEBUG oslo_service.service [req-1337a054-fe9f-4853-b70b-b85878bde308 - - - - -] cache.backend = dogpile.cache.null log_opt_values /usr/lib/python3/dist-packages/oslo_config/cfg.py:2609
2025-11-24 00:40:41.297 165644 DEBUG oslo_service.service [req-1337a054-fe9f-4853-b70b-b85878bde308 - - - - -] cache.backend_argument = **** log_opt_values /usr/lib/python3/dist-packages/oslo_config/cfg.py:2609
2025-11-24 00:40:41.297 165644 DEBUG oslo_service.service [req-1337a054-fe9f-4853-b70b-b85878bde308 - - - - -] cache.config_prefix = cache.oslo log_opt_values /usr/lib/python3/dist-packages/oslo_config/cfg.py:2609
2025-11-24 00:40:41.297 165644 DEBUG oslo_service.service [req-1337a054-fe9f-4853-b70b-b85878bde308 - - - - -] cache.debug_cache_backend = False log_opt_values /usr/lib/python3/dist-packages/oslo_config/cfg.py:2609
2025-11-24 00:40:41.297 165644 DEBUG oslo_service.service [req-1337a054-fe9f-4853-b70b-b85878bde308 - - - - -] cache.enabled = False log_opt_values /usr/lib/python3/dist-packages/oslo_config/cfg.py:2609
2025-11-24 00:40:41.297 165644 DEBUG oslo_service.service [req-1337a054-fe9f-4853-b70b-b85878bde308 - - - - -] cache.expiration_time = 600 log_opt_values /usr/lib/python3/dist-packages/oslo_config/cfg.py:2609
2025-11-24 00:40:41.298 165644 DEBUG oslo_service.service [req-1337a054-fe9f-4853-b70b-b85878bde308 - - - - -] cache.memcache_dead_retry = 300 log_opt_values /usr/lib/python3/dist-packages/oslo_config/cfg.py:2609
2025-11-24 00:40:41.298 165644 DEBUG oslo_service.service [req-1337a054-fe9f-4853-b70b-b85878bde308 - - - - -] cache.memcache_pool_connection_get_timeout = 10 log_opt_values /usr/lib/python3/dist-packages/oslo_config/cfg.py:2609
2025-11-24 00:40:41.298 165644 DEBUG oslo_service.service [req-1337a054-fe9f-4853-b70b-b85878bde308 - - - - -] cache.memcache_pool_flush_on_reconnect = False log_opt_values /usr/lib/python3/dist-packages/oslo_config/cfg.py:2609
2025-11-24 00:40:41.299 165644 DEBUG oslo_service.service [req-1337a054-fe9f-4853-b70b-b85878bde308 - - - - -] cache.memcache_pool_maxsize = 10 log_opt_values /usr/lib/python3/dist-packages/oslo_config/cfg.py:2609
2025-11-24 00:40:41.299 165644 DEBUG oslo_service.service [req-1337a054-fe9f-4853-b70b-b85878bde308 - - - - -] cache.memcache_pool_unused_timeout = 60 log_opt_values /usr/lib/python3/dist-packages/oslo_config/cfg.py:2609
2025-11-24 00:40:41.299 165644 DEBUG oslo_service.service [req-1337a054-fe9f-4853-b70b-b85878bde308 - - - - -] cache.memcache_servers = ['localhost:11211'] log_opt_values /usr/lib/python3/dist-packages/oslo_config/cfg.py:2609
2025-11-24 00:40:41.299 165644 DEBUG oslo_service.service [req-1337a054-fe9f-4853-b70b-b85878bde308 - - - - -] cache.memcache_socket_timeout = 1.0 log_opt_values /usr/lib/python3/dist-packages/oslo_config/cfg.py:2609
2025-11-24 00:40:41.299 165644 DEBUG oslo_service.service [req-1337a054-fe9f-4853-b70b-b85878bde308 - - - - -] cache.proxies = [] log_opt_values /usr/lib/python3/dist-packages/oslo_config/cfg.py:2609
2025-11-24 00:40:41.300 165644 DEBUG oslo_service.service [req-1337a054-fe9f-4853-b70b-b85878bde308 - - - - -] cache.tls_allowed_ciphers = None log_opt_values /usr/lib/python3/dist-packages/oslo_config/cfg.py:2609
2025-11-24 00:40:41.300 165644 DEBUG oslo_service.service [req-1337a054-fe9f-4853-b70b-b85878bde308 - - - - -] cache.tls_cafile = None log_opt_values /usr/lib/python3/dist-packages/oslo_config/cfg.py:2609
2025-11-24 00:40:41.300 165644 DEBUG oslo_service.service [req-1337a054-fe9f-4853-b70b-b85878bde308 - - - - -] cache.tls_certfile = None log_opt_values /usr/lib/python3/dist-packages/oslo_config/cfg.py:2609
2025-11-24 00:40:41.300 165644 DEBUG oslo_service.service [req-1337a054-fe9f-4853-b70b-b85878bde308 - - - - -] cache.tls_enabled = False log_opt_values /usr/lib/python3/dist-packages/oslo_config/cfg.py:2609
2025-11-24 00:40:41.300 165644 DEBUG oslo_service.service [req-1337a054-fe9f-4853-b70b-b85878bde308 - - - - -] cache.tls_keyfile = None log_opt_values /usr/lib/python3/dist-packages/oslo_config/cfg.py:2609
2025-11-24 00:40:41.301 165644 DEBUG oslo_service.service [req-1337a054-fe9f-4853-b70b-b85878bde308 - - - - -] cinder.auth_section = None log_opt_values /usr/lib/python3/dist-packages/oslo_config/cfg.py:2609
2025-11-24 00:40:41.301 165644 DEBUG oslo_service.service [req-1337a054-fe9f-4853-b70b-b85878bde308 - - - - -] cinder.auth_type = None log_opt_values /usr/lib/python3/dist-packages/oslo_config/cfg.py:2609
2025-11-24 00:40:41.301 165644 DEBUG oslo_service.service [req-1337a054-fe9f-4853-b70b-b85878bde308 - - - - -] cinder.cafile = None log_opt_values /usr/lib/python3/dist-packages/oslo_config/cfg.py:2609
2025-11-24 00:40:41.301 165644 DEBUG oslo_service.service [req-1337a054-fe9f-4853-b70b-b85878bde308 - - - - -] cinder.catalog_info = volumev3::publicURL log_opt_values /usr/lib/python3/dist-packages/oslo_config/cfg.py:2609
2025-11-24 00:40:41.301 165644 DEBUG oslo_service.service [req-1337a054-fe9f-4853-b70b-b85878bde308 - - - - -] cinder.certfile = None log_opt_values /usr/lib/python3/dist-packages/oslo_config/cfg.py:2609
2025-11-24 00:40:41.302 165644 DEBUG oslo_service.service [req-1337a054-fe9f-4853-b70b-b85878bde308 - - - - -] cinder.collect_timing = False log_opt_values /usr/lib/python3/dist-packages/oslo_config/cfg.py:2609
2025-11-24 00:40:41.302 165644 DEBUG oslo_service.service [req-1337a054-fe9f-4853-b70b-b85878bde308 - - - - -] cinder.cross_az_attach = True log_opt_values /usr/lib/python3/dist-packages/oslo_config/cfg.py:2609
2025-11-24 00:40:41.302 165644 DEBUG oslo_service.service [req-1337a054-fe9f-4853-b70b-b85878bde308 - - - - -] cinder.debug = False log_opt_values /usr/lib/python3/dist-packages/oslo_config/cfg.py:2609
2025-11-24 00:40:41.302 165644 DEBUG oslo_service.service [req-1337a054-fe9f-4853-b70b-b85878bde308 - - - - -] cinder.endpoint_template = None log_opt_values /usr/lib/python3/dist-packages/oslo_config/cfg.py:2609
2025-11-24 00:40:41.302 165644 DEBUG oslo_service.service [req-1337a054-fe9f-4853-b70b-b85878bde308 - - - - -] cinder.http_retries = 3 log_opt_values /usr/lib/python3/dist-packages/oslo_config/cfg.py:2609
2025-11-24 00:40:41.303 165644 DEBUG oslo_service.service [req-1337a054-fe9f-4853-b70b-b85878bde308 - - - - -] cinder.insecure = False log_opt_values /usr/lib/python3/dist-packages/oslo_config/cfg.py:2609
2025-11-24 00:40:41.303 165644 DEBUG oslo_service.service [req-1337a054-fe9f-4853-b70b-b85878bde308 - - - - -] cinder.keyfile = None log_opt_values /usr/lib/python3/dist-packages/oslo_config/cfg.py:2609
2025-11-24 00:40:41.303 165644 DEBUG oslo_service.service [req-1337a054-fe9f-4853-b70b-b85878bde308 - - - - -] cinder.os_region_name = None log_opt_values /usr/lib/python3/dist-packages/oslo_config/cfg.py:2609
2025-11-24 00:40:41.304 165644 DEBUG oslo_service.service [req-1337a054-fe9f-4853-b70b-b85878bde308 - - - - -] cinder.split_loggers = False log_opt_values /usr/lib/python3/dist-packages/oslo_config/cfg.py:2609
2025-11-24 00:40:41.304 165644 DEBUG oslo_service.service [req-1337a054-fe9f-4853-b70b-b85878bde308 - - - - -] cinder.timeout = None log_opt_values /usr/lib/python3/dist-packages/oslo_config/cfg.py:2609
2025-11-24 00:40:41.304 165644 DEBUG oslo_service.service [req-1337a054-fe9f-4853-b70b-b85878bde308 - - - - -] compute.consecutive_build_service_disable_threshold = 10 log_opt_values /usr/lib/python3/dist-packages/oslo_config/cfg.py:2609
2025-11-24 00:40:41.304 165644 DEBUG oslo_service.service [req-1337a054-fe9f-4853-b70b-b85878bde308 - - - - -] compute.cpu_dedicated_set = None log_opt_values /usr/lib/python3/dist-packages/oslo_config/cfg.py:2609
2025-11-24 00:40:41.304 165644 DEBUG oslo_service.service [req-1337a054-fe9f-4853-b70b-b85878bde308 - - - - -] compute.cpu_shared_set = None log_opt_values /usr/lib/python3/dist-packages/oslo_config/cfg.py:2609
2025-11-24 00:40:41.305 165644 DEBUG oslo_service.service [req-1337a054-fe9f-4853-b70b-b85878bde308 - - - - -] compute.image_type_exclude_list = [] log_opt_values /usr/lib/python3/dist-packages/oslo_config/cfg.py:2609
2025-11-24 00:40:41.305 165644 DEBUG oslo_service.service [req-1337a054-fe9f-4853-b70b-b85878bde308 - - - - -] compute.live_migration_wait_for_vif_plug = True log_opt_values /usr/lib/python3/dist-packages/oslo_config/cfg.py:2609
2025-11-24 00:40:41.305 165644 DEBUG oslo_service.service [req-1337a054-fe9f-4853-b70b-b85878bde308 - - - - -] compute.max_concurrent_disk_ops = 0 log_opt_values /usr/lib/python3/dist-packages/oslo_config/cfg.py:2609
2025-11-24 00:40:41.305 165644 DEBUG oslo_service.service [req-1337a054-fe9f-4853-b70b-b85878bde308 - - - - -] compute.max_disk_devices_to_attach = -1 log_opt_values /usr/lib/python3/dist-packages/oslo_config/cfg.py:2609
2025-11-24 00:40:41.305 165644 DEBUG oslo_service.service [req-1337a054-fe9f-4853-b70b-b85878bde308 - - - - -] compute.packing_host_numa_cells_allocation_strategy = True log_opt_values /usr/lib/python3/dist-packages/oslo_config/cfg.py:2609
2025-11-24 00:40:41.305 165644 DEBUG oslo_service.service [req-1337a054-fe9f-4853-b70b-b85878bde308 - - - - -] compute.provider_config_location = /etc/nova/provider_config/ log_opt_values /usr/lib/python3/dist-packages/oslo_config/cfg.py:2609
2025-11-24 00:40:41.306 165644 DEBUG oslo_service.service [req-1337a054-fe9f-4853-b70b-b85878bde308 - - - - -] compute.resource_provider_association_refresh = 300 log_opt_values /usr/lib/python3/dist-packages/oslo_config/cfg.py:2609
2025-11-24 00:40:41.306 165644 DEBUG oslo_service.service [req-1337a054-fe9f-4853-b70b-b85878bde308 - - - - -] compute.shutdown_retry_interval = 10 log_opt_values /usr/lib/python3/dist-packages/oslo_config/cfg.py:2609
2025-11-24 00:40:41.306 165644 DEBUG oslo_service.service [req-1337a054-fe9f-4853-b70b-b85878bde308 - - - - -] compute.vmdk_allowed_types = ['streamOptimized', 'monolithicSparse'] log_opt_values /usr/lib/python3/dist-packages/oslo_config/cfg.py:2609
2025-11-24 00:40:41.306 165644 DEBUG oslo_service.service [req-1337a054-fe9f-4853-b70b-b85878bde308 - - - - -] conductor.workers = 4 log_opt_values /usr/lib/python3/dist-packages/oslo_config/cfg.py:2609
2025-11-24 00:40:41.307 165644 DEBUG oslo_service.service [req-1337a054-fe9f-4853-b70b-b85878bde308 - - - - -] console.allowed_origins = [] log_opt_values /usr/lib/python3/dist-packages/oslo_config/cfg.py:2609
2025-11-24 00:40:41.306 165959 DEBUG oslo_messaging._drivers.amqpdriver [-] Listener is running poll /usr/lib/python3/dist-packages/oslo_messaging/_drivers/amqpdriver.py:343
2025-11-24 00:40:41.307 165644 DEBUG oslo_service.service [req-1337a054-fe9f-4853-b70b-b85878bde308 - - - - -] console.ssl_ciphers = None log_opt_values /usr/lib/python3/dist-packages/oslo_config/cfg.py:2609
2025-11-24 00:40:41.308 165644 DEBUG oslo_service.service [req-1337a054-fe9f-4853-b70b-b85878bde308 - - - - -] console.ssl_minimum_version = default log_opt_values /usr/lib/python3/dist-packages/oslo_config/cfg.py:2609
2025-11-24 00:40:41.307 165959 DEBUG oslo_messaging._drivers.amqpdriver [-] AMQPListener connection consume poll /usr/lib/python3/dist-packages/oslo_messaging/_drivers/amqpdriver.py:357
2025-11-24 00:40:41.308 165644 DEBUG oslo_service.service [req-1337a054-fe9f-4853-b70b-b85878bde308 - - - - -] consoleauth.token_ttl = 600 log_opt_values /usr/lib/python3/dist-packages/oslo_config/cfg.py:2609
2025-11-24 00:40:41.308 165644 DEBUG oslo_service.service [req-1337a054-fe9f-4853-b70b-b85878bde308 - - - - -] cyborg.cafile = None log_opt_values /usr/lib/python3/dist-packages/oslo_config/cfg.py:2609
2025-11-24 00:40:41.308 165644 DEBUG oslo_service.service [req-1337a054-fe9f-4853-b70b-b85878bde308 - - - - -] cyborg.certfile = None log_opt_values /usr/lib/python3/dist-packages/oslo_config/cfg.py:2609
2025-11-24 00:40:41.308 165644 DEBUG oslo_service.service [req-1337a054-fe9f-4853-b70b-b85878bde308 - - - - -] cyborg.collect_timing = False log_opt_values /usr/lib/python3/dist-packages/oslo_config/cfg.py:2609
2025-11-24 00:40:41.308 165644 DEBUG oslo_service.service [req-1337a054-fe9f-4853-b70b-b85878bde308 - - - - -] cyborg.connect_retries = None log_opt_values /usr/lib/python3/dist-packages/oslo_config/cfg.py:2609
2025-11-24 00:40:41.309 165644 DEBUG oslo_service.service [req-1337a054-fe9f-4853-b70b-b85878bde308 - - - - -] cyborg.connect_retry_delay = None log_opt_values /usr/lib/python3/dist-packages/oslo_config/cfg.py:2609
2025-11-24 00:40:41.308 165959 DEBUG nova.service [req-b4896989-0a3b-46b3-827b-fe090a622d23 - - - - -] Join ServiceGroup membership for this service scheduler start /usr/lib/python3/dist-packages/nova/service.py:199
2025-11-24 00:40:41.309 165644 DEBUG oslo_service.service [req-1337a054-fe9f-4853-b70b-b85878bde308 - - - - -] cyborg.endpoint_override = None log_opt_values /usr/lib/python3/dist-packages/oslo_config/cfg.py:2609
2025-11-24 00:40:41.309 165644 DEBUG oslo_service.service [req-1337a054-fe9f-4853-b70b-b85878bde308 - - - - -] cyborg.insecure = False log_opt_values /usr/lib/python3/dist-packages/oslo_config/cfg.py:2609
2025-11-24 00:40:41.309 165961 DEBUG oslo_messaging._drivers.amqpdriver [-] Listener is running poll /usr/lib/python3/dist-packages/oslo_messaging/_drivers/amqpdriver.py:343
2025-11-24 00:40:41.309 165959 DEBUG nova.servicegroup.drivers.db [req-b4896989-0a3b-46b3-827b-fe090a622d23 - - - - -] DB_Driver: join new ServiceGroup member juju-5bb440-0-lxd-7 to the scheduler group, service = join /usr/lib/python3/dist-packages/nova/servicegroup/drivers/db.py:44
2025-11-24 00:40:41.309 165644 DEBUG oslo_service.service [req-1337a054-fe9f-4853-b70b-b85878bde308 - - - - -] cyborg.keyfile = None log_opt_values /usr/lib/python3/dist-packages/oslo_config/cfg.py:2609
2025-11-24 00:40:41.309 165961 DEBUG oslo_messaging._drivers.amqpdriver [-] AMQPListener connection consume poll /usr/lib/python3/dist-packages/oslo_messaging/_drivers/amqpdriver.py:357
2025-11-24 00:40:41.309 165644 DEBUG oslo_service.service [req-1337a054-fe9f-4853-b70b-b85878bde308 - - - - -] cyborg.max_version = None log_opt_values /usr/lib/python3/dist-packages/oslo_config/cfg.py:2609
2025-11-24 00:40:41.309 165644 DEBUG oslo_service.service [req-1337a054-fe9f-4853-b70b-b85878bde308 - - - - -] cyborg.min_version = None log_opt_values /usr/lib/python3/dist-packages/oslo_config/cfg.py:2609
2025-11-24 00:40:41.310 165644 DEBUG oslo_service.service [req-1337a054-fe9f-4853-b70b-b85878bde308 - - - - -] cyborg.region_name = None log_opt_values /usr/lib/python3/dist-packages/oslo_config/cfg.py:2609
2025-11-24 00:40:41.310 165644 DEBUG oslo_service.service [req-1337a054-fe9f-4853-b70b-b85878bde308 - - - - -] cyborg.service_name = None log_opt_values /usr/lib/python3/dist-packages/oslo_config/cfg.py:2609
2025-11-24 00:40:41.310 165644 DEBUG oslo_service.service [req-1337a054-fe9f-4853-b70b-b85878bde308 - - - - -] cyborg.service_type = accelerator log_opt_values /usr/lib/python3/dist-packages/oslo_config/cfg.py:2609
2025-11-24 00:40:41.310 165644 DEBUG oslo_service.service [req-1337a054-fe9f-4853-b70b-b85878bde308 - - - - -] cyborg.split_loggers = False log_opt_values /usr/lib/python3/dist-packages/oslo_config/cfg.py:2609
2025-11-24 00:40:41.310 165961 DEBUG nova.service [req-6949f19a-395a-4025-b31d-9cf6d38ddf8f - - - - -] Join ServiceGroup membership for this service scheduler start /usr/lib/python3/dist-packages/nova/service.py:199
2025-11-24 00:40:41.310 165644 DEBUG oslo_service.service [req-1337a054-fe9f-4853-b70b-b85878bde308 - - - - -] cyborg.status_code_retries = None log_opt_values /usr/lib/python3/dist-packages/oslo_config/cfg.py:2609
2025-11-24 00:40:41.311 165644 DEBUG oslo_service.service [req-1337a054-fe9f-4853-b70b-b85878bde308 - - - - -] cyborg.status_code_retry_delay = None log_opt_values /usr/lib/python3/dist-packages/oslo_config/cfg.py:2609
2025-11-24 00:40:41.311 165961 DEBUG nova.servicegroup.drivers.db [req-6949f19a-395a-4025-b31d-9cf6d38ddf8f - - - - -] DB_Driver: join new ServiceGroup member juju-5bb440-0-lxd-7 to the scheduler group, service = join /usr/lib/python3/dist-packages/nova/servicegroup/drivers/db.py:44
2025-11-24 00:40:41.311 165644 DEBUG oslo_service.service [req-1337a054-fe9f-4853-b70b-b85878bde308 - - - - -] cyborg.timeout = None log_opt_values /usr/lib/python3/dist-packages/oslo_config/cfg.py:2609
2025-11-24 00:40:41.311 165644 DEBUG oslo_service.service [req-1337a054-fe9f-4853-b70b-b85878bde308 - - - - -] cyborg.valid_interfaces = ['internal', 'public'] log_opt_values /usr/lib/python3/dist-packages/oslo_config/cfg.py:2609
2025-11-24 00:40:41.311 165644 DEBUG oslo_service.service [req-1337a054-fe9f-4853-b70b-b85878bde308 - - - - -] cyborg.version = None log_opt_values /usr/lib/python3/dist-packages/oslo_config/cfg.py:2609
2025-11-24 00:40:41.312 165644 DEBUG oslo_service.service [req-1337a054-fe9f-4853-b70b-b85878bde308 - - - - -] database.backend = sqlalchemy log_opt_values /usr/lib/python3/dist-packages/oslo_config/cfg.py:2609
2025-11-24 00:40:41.312 165959 DEBUG oslo_messaging._drivers.amqpdriver [-] AMQPListener connection timeout poll /usr/lib/python3/dist-packages/oslo_messaging/_drivers/amqpdriver.py:360
2025-11-24 00:40:41.312 165644 DEBUG oslo_service.service [req-1337a054-fe9f-4853-b70b-b85878bde308 - - - - -] database.connection = **** log_opt_values /usr/lib/python3/dist-packages/oslo_config/cfg.py:2609
2025-11-24 00:40:41.312 165959 DEBUG oslo_messaging._drivers.amqpdriver [-] Listener is running poll /usr/lib/python3/dist-packages/oslo_messaging/_drivers/amqpdriver.py:343
2025-11-24 00:40:41.312 165959 DEBUG oslo_messaging._drivers.amqpdriver [-] AMQPListener connection consume poll /usr/lib/python3/dist-packages/oslo_messaging/_drivers/amqpdriver.py:357
2025-11-24 00:40:41.312 165644 DEBUG oslo_service.service [req-1337a054-fe9f-4853-b70b-b85878bde308 - - - - -] database.connection_debug = 0 log_opt_values /usr/lib/python3/dist-packages/oslo_config/cfg.py:2609
2025-11-24 00:40:41.312 165644 DEBUG oslo_service.service [req-1337a054-fe9f-4853-b70b-b85878bde308 - - - - -] database.connection_parameters = log_opt_values /usr/lib/python3/dist-packages/oslo_config/cfg.py:2609
2025-11-24 00:40:41.313 165644 DEBUG oslo_service.service [req-1337a054-fe9f-4853-b70b-b85878bde308 - - - - -] database.connection_recycle_time = 3600 log_opt_values /usr/lib/python3/dist-packages/oslo_config/cfg.py:2609
2025-11-24 00:40:41.313 165644 DEBUG oslo_service.service [req-1337a054-fe9f-4853-b70b-b85878bde308 - - - - -] database.connection_trace = False log_opt_values /usr/lib/python3/dist-packages/oslo_config/cfg.py:2609
2025-11-24 00:40:41.313 165644 DEBUG oslo_service.service [req-1337a054-fe9f-4853-b70b-b85878bde308 - - - - -] database.db_inc_retry_interval = True log_opt_values /usr/lib/python3/dist-packages/oslo_config/cfg.py:2609
2025-11-24 00:40:41.313 165644 DEBUG oslo_service.service [req-1337a054-fe9f-4853-b70b-b85878bde308 - - - - -] database.db_max_retries = 20 log_opt_values /usr/lib/python3/dist-packages/oslo_config/cfg.py:2609
2025-11-24 00:40:41.313 165644 DEBUG oslo_service.service [req-1337a054-fe9f-4853-b70b-b85878bde308 - - - - -] database.db_max_retry_interval = 10 log_opt_values /usr/lib/python3/dist-packages/oslo_config/cfg.py:2609
2025-11-24 00:40:41.313 165961 DEBUG oslo_messaging._drivers.amqpdriver [-] AMQPListener connection timeout poll /usr/lib/python3/dist-packages/oslo_messaging/_drivers/amqpdriver.py:360
2025-11-24 00:40:41.314 165644 DEBUG oslo_service.service [req-1337a054-fe9f-4853-b70b-b85878bde308 - - - - -] database.db_retry_interval = 1 log_opt_values /usr/lib/python3/dist-packages/oslo_config/cfg.py:2609
2025-11-24 00:40:41.314 165961 DEBUG oslo_messaging._drivers.amqpdriver [-] Listener is running poll /usr/lib/python3/dist-packages/oslo_messaging/_drivers/amqpdriver.py:343
2025-11-24 00:40:41.314 165644 DEBUG oslo_service.service [req-1337a054-fe9f-4853-b70b-b85878bde308 - - - - -] database.max_overflow = 50 log_opt_values /usr/lib/python3/dist-packages/oslo_config/cfg.py:2609
2025-11-24 00:40:41.314 165961 DEBUG oslo_messaging._drivers.amqpdriver [-] AMQPListener connection consume poll /usr/lib/python3/dist-packages/oslo_messaging/_drivers/amqpdriver.py:357
2025-11-24 00:40:41.314 165644 DEBUG oslo_service.service [req-1337a054-fe9f-4853-b70b-b85878bde308 - - - - -] database.max_pool_size = 4 log_opt_values /usr/lib/python3/dist-packages/oslo_config/cfg.py:2609
2025-11-24 00:40:41.314 165644 DEBUG oslo_service.service [req-1337a054-fe9f-4853-b70b-b85878bde308 - - - - -] database.max_retries = 10 log_opt_values /usr/lib/python3/dist-packages/oslo_config/cfg.py:2609
2025-11-24 00:40:41.314 165644 DEBUG oslo_service.service [req-1337a054-fe9f-4853-b70b-b85878bde308 - - - - -] database.mysql_enable_ndb = False log_opt_values /usr/lib/python3/dist-packages/oslo_config/cfg.py:2609
2025-11-24 00:40:41.315 165644 DEBUG oslo_service.service [req-1337a054-fe9f-4853-b70b-b85878bde308 - - - - -] database.mysql_sql_mode = TRADITIONAL log_opt_values /usr/lib/python3/dist-packages/oslo_config/cfg.py:2609
2025-11-24 00:40:41.315 165644 DEBUG oslo_service.service [req-1337a054-fe9f-4853-b70b-b85878bde308 - - - - -] database.pool_timeout = None log_opt_values /usr/lib/python3/dist-packages/oslo_config/cfg.py:2609
2025-11-24 00:40:41.315 165644 DEBUG oslo_service.service [req-1337a054-fe9f-4853-b70b-b85878bde308 - - - - -] database.retry_interval = 10 log_opt_values /usr/lib/python3/dist-packages/oslo_config/cfg.py:2609
2025-11-24 00:40:41.315 165644 DEBUG oslo_service.service [req-1337a054-fe9f-4853-b70b-b85878bde308 - - - - -] database.slave_connection = **** log_opt_values /usr/lib/python3/dist-packages/oslo_config/cfg.py:2609
2025-11-24 00:40:41.315 165644 DEBUG oslo_service.service [req-1337a054-fe9f-4853-b70b-b85878bde308 - - - - -] database.sqlite_synchronous = True log_opt_values /usr/lib/python3/dist-packages/oslo_config/cfg.py:2609
2025-11-24 00:40:41.315 165644 DEBUG oslo_service.service [req-1337a054-fe9f-4853-b70b-b85878bde308 - - - - -] database.use_db_reconnect = False log_opt_values /usr/lib/python3/dist-packages/oslo_config/cfg.py:2609
2025-11-24 00:40:41.316 165644 DEBUG oslo_service.service [req-1337a054-fe9f-4853-b70b-b85878bde308 - - - - -] api_database.backend = sqlalchemy log_opt_values /usr/lib/python3/dist-packages/oslo_config/cfg.py:2609
2025-11-24 00:40:41.316 165644 DEBUG oslo_service.service [req-1337a054-fe9f-4853-b70b-b85878bde308 - - - - -] api_database.connection = **** log_opt_values /usr/lib/python3/dist-packages/oslo_config/cfg.py:2609
2025-11-24 00:40:41.316 165644 DEBUG oslo_service.service [req-1337a054-fe9f-4853-b70b-b85878bde308 - - - - -] api_database.connection_debug = 0 log_opt_values /usr/lib/python3/dist-packages/oslo_config/cfg.py:2609
2025-11-24 00:40:41.316 165644 DEBUG oslo_service.service [req-1337a054-fe9f-4853-b70b-b85878bde308 - - - - -] api_database.connection_parameters = log_opt_values /usr/lib/python3/dist-packages/oslo_config/cfg.py:2609
2025-11-24 00:40:41.317 165644 DEBUG oslo_service.service [req-1337a054-fe9f-4853-b70b-b85878bde308 - - - - -] api_database.connection_recycle_time = 3600 log_opt_values /usr/lib/python3/dist-packages/oslo_config/cfg.py:2609
2025-11-24 00:40:41.317 165644 DEBUG oslo_service.service [req-1337a054-fe9f-4853-b70b-b85878bde308 - - - - -] api_database.connection_trace = False log_opt_values /usr/lib/python3/dist-packages/oslo_config/cfg.py:2609
2025-11-24 00:40:41.317 165644 DEBUG oslo_service.service [req-1337a054-fe9f-4853-b70b-b85878bde308 - - - - -] api_database.db_inc_retry_interval = True log_opt_values /usr/lib/python3/dist-packages/oslo_config/cfg.py:2609
2025-11-24 00:40:41.317 165644 DEBUG oslo_service.service [req-1337a054-fe9f-4853-b70b-b85878bde308 - - - - -] api_database.db_max_retries = 20 log_opt_values /usr/lib/python3/dist-packages/oslo_config/cfg.py:2609
2025-11-24 00:40:41.317 165644 DEBUG oslo_service.service [req-1337a054-fe9f-4853-b70b-b85878bde308 - - - - -] api_database.db_max_retry_interval = 10 log_opt_values /usr/lib/python3/dist-packages/oslo_config/cfg.py:2609
2025-11-24 00:40:41.317 165644 DEBUG oslo_service.service [req-1337a054-fe9f-4853-b70b-b85878bde308 - - - - -] api_database.db_retry_interval = 1 log_opt_values /usr/lib/python3/dist-packages/oslo_config/cfg.py:2609
2025-11-24 00:40:41.318 165644 DEBUG oslo_service.service [req-1337a054-fe9f-4853-b70b-b85878bde308 - - - - -] api_database.max_overflow = 50 log_opt_values /usr/lib/python3/dist-packages/oslo_config/cfg.py:2609
2025-11-24 00:40:41.318 165644 DEBUG oslo_service.service [req-1337a054-fe9f-4853-b70b-b85878bde308 - - - - -] api_database.max_pool_size = 4 log_opt_values /usr/lib/python3/dist-packages/oslo_config/cfg.py:2609
2025-11-24 00:40:41.318 165644 DEBUG oslo_service.service [req-1337a054-fe9f-4853-b70b-b85878bde308 - - - - -] api_database.max_retries = 10 log_opt_values /usr/lib/python3/dist-packages/oslo_config/cfg.py:2609
2025-11-24 00:40:41.318 165644 DEBUG oslo_service.service [req-1337a054-fe9f-4853-b70b-b85878bde308 - - - - -] api_database.mysql_enable_ndb = False log_opt_values /usr/lib/python3/dist-packages/oslo_config/cfg.py:2609
2025-11-24 00:40:41.318 165644 DEBUG oslo_service.service [req-1337a054-fe9f-4853-b70b-b85878bde308 - - - - -] api_database.mysql_sql_mode = TRADITIONAL log_opt_values /usr/lib/python3/dist-packages/oslo_config/cfg.py:2609
2025-11-24 00:40:41.319 165644 DEBUG oslo_service.service [req-1337a054-fe9f-4853-b70b-b85878bde308 - - - - -] api_database.pool_timeout = None log_opt_values /usr/lib/python3/dist-packages/oslo_config/cfg.py:2609
2025-11-24 00:40:41.319 165644 DEBUG oslo_service.service [req-1337a054-fe9f-4853-b70b-b85878bde308 - - - - -] api_database.retry_interval = 10 log_opt_values /usr/lib/python3/dist-packages/oslo_config/cfg.py:2609
2025-11-24 00:40:41.319 165644 DEBUG oslo_service.service [req-1337a054-fe9f-4853-b70b-b85878bde308 - - - - -] api_database.slave_connection = **** log_opt_values /usr/lib/python3/dist-packages/oslo_config/cfg.py:2609
2025-11-24 00:40:41.319 165644 DEBUG oslo_service.service [req-1337a054-fe9f-4853-b70b-b85878bde308 - - - - -] api_database.sqlite_synchronous = True log_opt_values /usr/lib/python3/dist-packages/oslo_config/cfg.py:2609
2025-11-24 00:40:41.319 165644 DEBUG oslo_service.service [req-1337a054-fe9f-4853-b70b-b85878bde308 - - - - -] devices.enabled_mdev_types = [] log_opt_values /usr/lib/python3/dist-packages/oslo_config/cfg.py:2609
2025-11-24 00:40:41.319 165644 DEBUG oslo_service.service [req-1337a054-fe9f-4853-b70b-b85878bde308 - - - - -] ephemeral_storage_encryption.cipher = aes-xts-plain64 log_opt_values /usr/lib/python3/dist-packages/oslo_config/cfg.py:2609
2025-11-24 00:40:41.320 165644 DEBUG oslo_service.service [req-1337a054-fe9f-4853-b70b-b85878bde308 - - - - -] ephemeral_storage_encryption.enabled = False log_opt_values /usr/lib/python3/dist-packages/oslo_config/cfg.py:2609
2025-11-24 00:40:41.320 165644 DEBUG oslo_service.service [req-1337a054-fe9f-4853-b70b-b85878bde308 - - - - -] ephemeral_storage_encryption.key_size = 512 log_opt_values /usr/lib/python3/dist-packages/oslo_config/cfg.py:2609
2025-11-24 00:40:41.320 165644 WARNING oslo_config.cfg [req-1337a054-fe9f-4853-b70b-b85878bde308 - - - - -] Deprecated: Option "api_servers" from group "glance" is deprecated for removal ( Support for image service configuration via standard keystoneauth1 Adapter options was added in the 17.0.0 Queens release. The api_servers option was retained temporarily to allow consumers time to cut over to a real load balancing solution. ). Its value may be silently ignored in the future.
2025-11-24 00:40:41.321 165644 DEBUG oslo_service.service [req-1337a054-fe9f-4853-b70b-b85878bde308 - - - - -] glance.api_servers = ['http://252.129.120.105:9292'] log_opt_values /usr/lib/python3/dist-packages/oslo_config/cfg.py:2609
2025-11-24 00:40:41.321 165644 DEBUG oslo_service.service [req-1337a054-fe9f-4853-b70b-b85878bde308 - - - - -] glance.cafile = None log_opt_values /usr/lib/python3/dist-packages/oslo_config/cfg.py:2609
2025-11-24 00:40:41.321 165644 DEBUG oslo_service.service [req-1337a054-fe9f-4853-b70b-b85878bde308 - - - - -] glance.certfile = None log_opt_values /usr/lib/python3/dist-packages/oslo_config/cfg.py:2609
2025-11-24 00:40:41.322 165644 DEBUG oslo_service.service [req-1337a054-fe9f-4853-b70b-b85878bde308 - - - - -] glance.collect_timing = False log_opt_values /usr/lib/python3/dist-packages/oslo_config/cfg.py:2609
2025-11-24 00:40:41.322 165644 DEBUG oslo_service.service [req-1337a054-fe9f-4853-b70b-b85878bde308 - - - - -] glance.connect_retries = None log_opt_values /usr/lib/python3/dist-packages/oslo_config/cfg.py:2609
2025-11-24 00:40:41.322 165644 DEBUG oslo_service.service [req-1337a054-fe9f-4853-b70b-b85878bde308 - - - - -] glance.connect_retry_delay = None log_opt_values /usr/lib/python3/dist-packages/oslo_config/cfg.py:2609
2025-11-24 00:40:41.322 165644 DEBUG oslo_service.service [req-1337a054-fe9f-4853-b70b-b85878bde308 - - - - -] glance.debug = False log_opt_values /usr/lib/python3/dist-packages/oslo_config/cfg.py:2609
2025-11-24 00:40:41.322 165644 DEBUG oslo_service.service [req-1337a054-fe9f-4853-b70b-b85878bde308 - - - - -] glance.default_trusted_certificate_ids = [] log_opt_values /usr/lib/python3/dist-packages/oslo_config/cfg.py:2609
2025-11-24 00:40:41.323 165644 DEBUG oslo_service.service [req-1337a054-fe9f-4853-b70b-b85878bde308 - - - - -] glance.enable_certificate_validation = False log_opt_values /usr/lib/python3/dist-packages/oslo_config/cfg.py:2609
2025-11-24 00:40:41.323 165644 DEBUG oslo_service.service [req-1337a054-fe9f-4853-b70b-b85878bde308 - - - - -] glance.enable_rbd_download = False log_opt_values /usr/lib/python3/dist-packages/oslo_config/cfg.py:2609
2025-11-24 00:40:41.323 165644 DEBUG oslo_service.service [req-1337a054-fe9f-4853-b70b-b85878bde308 - - - - -] glance.endpoint_override = None log_opt_values /usr/lib/python3/dist-packages/oslo_config/cfg.py:2609
2025-11-24 00:40:41.323 165644 DEBUG oslo_service.service [req-1337a054-fe9f-4853-b70b-b85878bde308 - - - - -] glance.insecure = False log_opt_values /usr/lib/python3/dist-packages/oslo_config/cfg.py:2609
2025-11-24 00:40:41.323 165962 DEBUG oslo_messaging._drivers.amqpdriver [-] Listener is running poll /usr/lib/python3/dist-packages/oslo_messaging/_drivers/amqpdriver.py:343
2025-11-24 00:40:41.323 165644 DEBUG oslo_service.service [req-1337a054-fe9f-4853-b70b-b85878bde308 - - - - -] glance.keyfile = None log_opt_values /usr/lib/python3/dist-packages/oslo_config/cfg.py:2609
2025-11-24 00:40:41.323 165960 DEBUG oslo_messaging._drivers.amqpdriver [-] Listener is running poll /usr/lib/python3/dist-packages/oslo_messaging/_drivers/amqpdriver.py:343
2025-11-24 00:40:41.323 165644 DEBUG oslo_service.service [req-1337a054-fe9f-4853-b70b-b85878bde308 - - - - -] glance.max_version = None log_opt_values /usr/lib/python3/dist-packages/oslo_config/cfg.py:2609
2025-11-24 00:40:41.323 165962 DEBUG oslo_messaging._drivers.amqpdriver [-] AMQPListener connection consume poll /usr/lib/python3/dist-packages/oslo_messaging/_drivers/amqpdriver.py:357
2025-11-24 00:40:41.323 165960 DEBUG oslo_messaging._drivers.amqpdriver [-] AMQPListener connection consume poll /usr/lib/python3/dist-packages/oslo_messaging/_drivers/amqpdriver.py:357
2025-11-24 00:40:41.324 165644 DEBUG oslo_service.service [req-1337a054-fe9f-4853-b70b-b85878bde308 - - - - -] glance.min_version = None log_opt_values /usr/lib/python3/dist-packages/oslo_config/cfg.py:2609
2025-11-24 00:40:41.324 165644 DEBUG oslo_service.service [req-1337a054-fe9f-4853-b70b-b85878bde308 - - - - -] glance.num_retries = 3 log_opt_values /usr/lib/python3/dist-packages/oslo_config/cfg.py:2609
2025-11-24 00:40:41.324 165644 DEBUG oslo_service.service [req-1337a054-fe9f-4853-b70b-b85878bde308 - - - - -] glance.rbd_ceph_conf = log_opt_values /usr/lib/python3/dist-packages/oslo_config/cfg.py:2609
2025-11-24 00:40:41.324 165644 DEBUG oslo_service.service [req-1337a054-fe9f-4853-b70b-b85878bde308 - - - - -] glance.rbd_connect_timeout = 5 log_opt_values /usr/lib/python3/dist-packages/oslo_config/cfg.py:2609
2025-11-24 00:40:41.324 165644 DEBUG oslo_service.service [req-1337a054-fe9f-4853-b70b-b85878bde308 - - - - -] glance.rbd_pool = log_opt_values /usr/lib/python3/dist-packages/oslo_config/cfg.py:2609
2025-11-24 00:40:41.324 165960 DEBUG nova.service [req-fb9216c7-fff4-4fe9-8f5f-35e9cd8ac3da - - - - -] Join ServiceGroup membership for this service scheduler start /usr/lib/python3/dist-packages/nova/service.py:199
2025-11-24 00:40:41.325 165644 DEBUG oslo_service.service [req-1337a054-fe9f-4853-b70b-b85878bde308 - - - - -] glance.rbd_user = log_opt_values /usr/lib/python3/dist-packages/oslo_config/cfg.py:2609
2025-11-24 00:40:41.325 165644 DEBUG oslo_service.service [req-1337a054-fe9f-4853-b70b-b85878bde308 - - - - -] glance.region_name = None log_opt_values /usr/lib/python3/dist-packages/oslo_config/cfg.py:2609
2025-11-24 00:40:41.325 165960 DEBUG nova.servicegroup.drivers.db [req-fb9216c7-fff4-4fe9-8f5f-35e9cd8ac3da - - - - -] DB_Driver: join new ServiceGroup member juju-5bb440-0-lxd-7 to the scheduler group, service = join /usr/lib/python3/dist-packages/nova/servicegroup/drivers/db.py:44
2025-11-24 00:40:41.324 165962 DEBUG nova.service [req-efd8d2e9-6f3b-4462-bfa1-1ea6216b031b - - - - -] Join ServiceGroup membership for this service scheduler start /usr/lib/python3/dist-packages/nova/service.py:199
2025-11-24 00:40:41.325 165644 DEBUG oslo_service.service [req-1337a054-fe9f-4853-b70b-b85878bde308 - - - - -] glance.service_name = None log_opt_values /usr/lib/python3/dist-packages/oslo_config/cfg.py:2609
2025-11-24 00:40:41.325 165644 DEBUG oslo_service.service [req-1337a054-fe9f-4853-b70b-b85878bde308 - - - - -] glance.service_type = image log_opt_values /usr/lib/python3/dist-packages/oslo_config/cfg.py:2609
2025-11-24 00:40:41.325 165962 DEBUG nova.servicegroup.drivers.db [req-efd8d2e9-6f3b-4462-bfa1-1ea6216b031b - - - - -] DB_Driver: join new ServiceGroup member juju-5bb440-0-lxd-7 to the scheduler group, service = join /usr/lib/python3/dist-packages/nova/servicegroup/drivers/db.py:44
2025-11-24 00:40:41.325 165644 DEBUG oslo_service.service [req-1337a054-fe9f-4853-b70b-b85878bde308 - - - - -] glance.split_loggers = False log_opt_values /usr/lib/python3/dist-packages/oslo_config/cfg.py:2609
2025-11-24 00:40:41.326 165644 DEBUG oslo_service.service [req-1337a054-fe9f-4853-b70b-b85878bde308 - - - - -] glance.status_code_retries = None log_opt_values /usr/lib/python3/dist-packages/oslo_config/cfg.py:2609
2025-11-24 00:40:41.326 165644 DEBUG oslo_service.service [req-1337a054-fe9f-4853-b70b-b85878bde308 - - - - -] glance.status_code_retry_delay = None log_opt_values /usr/lib/python3/dist-packages/oslo_config/cfg.py:2609
2025-11-24 00:40:41.326 165644 DEBUG oslo_service.service [req-1337a054-fe9f-4853-b70b-b85878bde308 - - - - -] glance.timeout = None log_opt_values /usr/lib/python3/dist-packages/oslo_config/cfg.py:2609
2025-11-24 00:40:41.326 165644 DEBUG oslo_service.service [req-1337a054-fe9f-4853-b70b-b85878bde308 - - - - -] glance.valid_interfaces = ['internal', 'public'] log_opt_values /usr/lib/python3/dist-packages/oslo_config/cfg.py:2609
2025-11-24 00:40:41.326 165644 DEBUG oslo_service.service [req-1337a054-fe9f-4853-b70b-b85878bde308 - - - - -] glance.verify_glance_signatures = False log_opt_values /usr/lib/python3/dist-packages/oslo_config/cfg.py:2609
2025-11-24 00:40:41.326 165644 DEBUG oslo_service.service [req-1337a054-fe9f-4853-b70b-b85878bde308 - - - - -] glance.version = None log_opt_values /usr/lib/python3/dist-packages/oslo_config/cfg.py:2609
2025-11-24 00:40:41.327 165644 DEBUG oslo_service.service [req-1337a054-fe9f-4853-b70b-b85878bde308 - - - - -] guestfs.debug = False log_opt_values /usr/lib/python3/dist-packages/oslo_config/cfg.py:2609
2025-11-24 00:40:41.327 165644 DEBUG oslo_service.service [req-1337a054-fe9f-4853-b70b-b85878bde308 - - - - -] hyperv.config_drive_cdrom = False log_opt_values /usr/lib/python3/dist-packages/oslo_config/cfg.py:2609
2025-11-24 00:40:41.327 165644 DEBUG oslo_service.service [req-1337a054-fe9f-4853-b70b-b85878bde308 - - - - -] hyperv.config_drive_inject_password = False log_opt_values /usr/lib/python3/dist-packages/oslo_config/cfg.py:2609
2025-11-24 00:40:41.327 165644 DEBUG oslo_service.service [req-1337a054-fe9f-4853-b70b-b85878bde308 - - - - -] hyperv.dynamic_memory_ratio = 1.0 log_opt_values /usr/lib/python3/dist-packages/oslo_config/cfg.py:2609
2025-11-24 00:40:41.327 165962 DEBUG oslo_messaging._drivers.amqpdriver [-] AMQPListener connection timeout poll /usr/lib/python3/dist-packages/oslo_messaging/_drivers/amqpdriver.py:360
2025-11-24 00:40:41.327 165960 DEBUG oslo_messaging._drivers.amqpdriver [-] AMQPListener connection timeout poll /usr/lib/python3/dist-packages/oslo_messaging/_drivers/amqpdriver.py:360
2025-11-24 00:40:41.327 165644 DEBUG oslo_service.service [req-1337a054-fe9f-4853-b70b-b85878bde308 - - - - -] hyperv.enable_instance_metrics_collection = False log_opt_values /usr/lib/python3/dist-packages/oslo_config/cfg.py:2609
2025-11-24 00:40:41.327 165962 DEBUG oslo_messaging._drivers.amqpdriver [-] Listener is running poll /usr/lib/python3/dist-packages/oslo_messaging/_drivers/amqpdriver.py:343
2025-11-24 00:40:41.327 165960 DEBUG oslo_messaging._drivers.amqpdriver [-] Listener is running poll /usr/lib/python3/dist-packages/oslo_messaging/_drivers/amqpdriver.py:343
2025-11-24 00:40:41.328 165962 DEBUG oslo_messaging._drivers.amqpdriver [-] AMQPListener connection consume poll /usr/lib/python3/dist-packages/oslo_messaging/_drivers/amqpdriver.py:357
2025-11-24 00:40:41.328 165644 DEBUG oslo_service.service [req-1337a054-fe9f-4853-b70b-b85878bde308 - - - - -] hyperv.enable_remotefx = False log_opt_values /usr/lib/python3/dist-packages/oslo_config/cfg.py:2609
2025-11-24 00:40:41.328 165960 DEBUG oslo_messaging._drivers.amqpdriver [-] AMQPListener connection consume poll /usr/lib/python3/dist-packages/oslo_messaging/_drivers/amqpdriver.py:357
2025-11-24 00:40:41.328 165644 DEBUG oslo_service.service [req-1337a054-fe9f-4853-b70b-b85878bde308 - - - - -] hyperv.instances_path_share = log_opt_values /usr/lib/python3/dist-packages/oslo_config/cfg.py:2609
2025-11-24 00:40:41.328 165644 DEBUG oslo_service.service [req-1337a054-fe9f-4853-b70b-b85878bde308 - - - - -] hyperv.iscsi_initiator_list = [] log_opt_values /usr/lib/python3/dist-packages/oslo_config/cfg.py:2609
2025-11-24 00:40:41.328 165644 DEBUG oslo_service.service [req-1337a054-fe9f-4853-b70b-b85878bde308 - - - - -] hyperv.limit_cpu_features = False log_opt_values /usr/lib/python3/dist-packages/oslo_config/cfg.py:2609
2025-11-24 00:40:41.328 165644 DEBUG oslo_service.service [req-1337a054-fe9f-4853-b70b-b85878bde308 - - - - -] hyperv.mounted_disk_query_retry_count = 10 log_opt_values /usr/lib/python3/dist-packages/oslo_config/cfg.py:2609
2025-11-24 00:40:41.328 165644 DEBUG oslo_service.service [req-1337a054-fe9f-4853-b70b-b85878bde308 - - - - -] hyperv.mounted_disk_query_retry_interval = 5 log_opt_values /usr/lib/python3/dist-packages/oslo_config/cfg.py:2609
2025-11-24 00:40:41.329 165644 DEBUG oslo_service.service [req-1337a054-fe9f-4853-b70b-b85878bde308 - - - - -] hyperv.power_state_check_timeframe = 60 log_opt_values /usr/lib/python3/dist-packages/oslo_config/cfg.py:2609
2025-11-24 00:40:41.329 165644 DEBUG oslo_service.service [req-1337a054-fe9f-4853-b70b-b85878bde308 - - - - -] hyperv.power_state_event_polling_interval = 2 log_opt_values /usr/lib/python3/dist-packages/oslo_config/cfg.py:2609
2025-11-24 00:40:41.329 165644 DEBUG oslo_service.service [req-1337a054-fe9f-4853-b70b-b85878bde308 - - - - -] hyperv.qemu_img_cmd = qemu-img.exe log_opt_values /usr/lib/python3/dist-packages/oslo_config/cfg.py:2609
2025-11-24 00:40:41.329 165644 DEBUG oslo_service.service [req-1337a054-fe9f-4853-b70b-b85878bde308 - - - - -] hyperv.use_multipath_io = False log_opt_values /usr/lib/python3/dist-packages/oslo_config/cfg.py:2609
2025-11-24 00:40:41.329 165644 DEBUG oslo_service.service [req-1337a054-fe9f-4853-b70b-b85878bde308 - - - - -] hyperv.volume_attach_retry_count = 10 log_opt_values /usr/lib/python3/dist-packages/oslo_config/cfg.py:2609
2025-11-24 00:40:41.330 165644 DEBUG oslo_service.service [req-1337a054-fe9f-4853-b70b-b85878bde308 - - - - -] hyperv.volume_attach_retry_interval = 5 log_opt_values /usr/lib/python3/dist-packages/oslo_config/cfg.py:2609
2025-11-24 00:40:41.330 165644 DEBUG oslo_service.service [req-1337a054-fe9f-4853-b70b-b85878bde308 - - - - -] hyperv.vswitch_name = None log_opt_values /usr/lib/python3/dist-packages/oslo_config/cfg.py:2609
2025-11-24 00:40:41.330 165644 DEBUG oslo_service.service [req-1337a054-fe9f-4853-b70b-b85878bde308 - - - - -] hyperv.wait_soft_reboot_seconds = 60 log_opt_values /usr/lib/python3/dist-packages/oslo_config/cfg.py:2609
2025-11-24 00:40:41.330 165644 DEBUG oslo_service.service [req-1337a054-fe9f-4853-b70b-b85878bde308 - - - - -] mks.enabled = False log_opt_values /usr/lib/python3/dist-packages/oslo_config/cfg.py:2609
2025-11-24 00:40:41.331 165644 DEBUG oslo_service.service [req-1337a054-fe9f-4853-b70b-b85878bde308 - - - - -] mks.mksproxy_base_url = http://127.0.0.1:6090/ log_opt_values /usr/lib/python3/dist-packages/oslo_config/cfg.py:2609
