2025-11-24 00:40:24.465 159916 DEBUG oslo_service.service [req-4cadc37a-32bd-4041-ae3f-e5daa83f7db1 - - - - -] api.vendordata_providers = ['StaticJSON'] log_opt_values /usr/lib/python3/dist-packages/oslo_config/cfg.py:2609
2025-11-24 00:40:24.465 160532 DEBUG oslo_messaging._drivers.amqpdriver [-] Listener is running poll /usr/lib/python3/dist-packages/oslo_messaging/_drivers/amqpdriver.py:343
2025-11-24 00:40:24.465 159916 DEBUG oslo_service.service [req-4cadc37a-32bd-4041-ae3f-e5daa83f7db1 - - - - -] cache.backend = dogpile.cache.null log_opt_values /usr/lib/python3/dist-packages/oslo_config/cfg.py:2609
2025-11-24 00:40:24.465 160532 DEBUG oslo_messaging._drivers.amqpdriver [-] AMQPListener connection consume poll /usr/lib/python3/dist-packages/oslo_messaging/_drivers/amqpdriver.py:357
2025-11-24 00:40:24.466 159916 DEBUG oslo_service.service [req-4cadc37a-32bd-4041-ae3f-e5daa83f7db1 - - - - -] cache.backend_argument = **** log_opt_values /usr/lib/python3/dist-packages/oslo_config/cfg.py:2609
2025-11-24 00:40:24.466 159916 DEBUG oslo_service.service [req-4cadc37a-32bd-4041-ae3f-e5daa83f7db1 - - - - -] cache.config_prefix = cache.oslo log_opt_values /usr/lib/python3/dist-packages/oslo_config/cfg.py:2609
2025-11-24 00:40:24.466 159916 DEBUG oslo_service.service [req-4cadc37a-32bd-4041-ae3f-e5daa83f7db1 - - - - -] cache.debug_cache_backend = False log_opt_values /usr/lib/python3/dist-packages/oslo_config/cfg.py:2609
2025-11-24 00:40:24.466 159916 DEBUG oslo_service.service [req-4cadc37a-32bd-4041-ae3f-e5daa83f7db1 - - - - -] cache.enabled = False log_opt_values /usr/lib/python3/dist-packages/oslo_config/cfg.py:2609
2025-11-24 00:40:24.467 159916 DEBUG oslo_service.service [req-4cadc37a-32bd-4041-ae3f-e5daa83f7db1 - - - - -] cache.expiration_time = 600 log_opt_values /usr/lib/python3/dist-packages/oslo_config/cfg.py:2609
2025-11-24 00:40:24.467 159916 DEBUG oslo_service.service [req-4cadc37a-32bd-4041-ae3f-e5daa83f7db1 - - - - -] cache.memcache_dead_retry = 300 log_opt_values /usr/lib/python3/dist-packages/oslo_config/cfg.py:2609
2025-11-24 00:40:24.467 159916 DEBUG oslo_service.service [req-4cadc37a-32bd-4041-ae3f-e5daa83f7db1 - - - - -] cache.memcache_pool_connection_get_timeout = 10 log_opt_values /usr/lib/python3/dist-packages/oslo_config/cfg.py:2609
2025-11-24 00:40:24.467 159916 DEBUG oslo_service.service [req-4cadc37a-32bd-4041-ae3f-e5daa83f7db1 - - - - -] cache.memcache_pool_flush_on_reconnect = False log_opt_values /usr/lib/python3/dist-packages/oslo_config/cfg.py:2609
2025-11-24 00:40:24.467 159916 DEBUG oslo_service.service [req-4cadc37a-32bd-4041-ae3f-e5daa83f7db1 - - - - -] cache.memcache_pool_maxsize = 10 log_opt_values /usr/lib/python3/dist-packages/oslo_config/cfg.py:2609
2025-11-24 00:40:24.467 159916 DEBUG oslo_service.service [req-4cadc37a-32bd-4041-ae3f-e5daa83f7db1 - - - - -] cache.memcache_pool_unused_timeout = 60 log_opt_values /usr/lib/python3/dist-packages/oslo_config/cfg.py:2609
2025-11-24 00:40:24.468 160532 DEBUG nova.service [req-aac78cfd-3116-4fcd-a1ae-e41b187192f1 - - - - -] Join ServiceGroup membership for this service scheduler start /usr/lib/python3/dist-packages/nova/service.py:199
2025-11-24 00:40:24.468 159916 DEBUG oslo_service.service [req-4cadc37a-32bd-4041-ae3f-e5daa83f7db1 - - - - -] cache.memcache_servers = ['localhost:11211'] log_opt_values /usr/lib/python3/dist-packages/oslo_config/cfg.py:2609
2025-11-24 00:40:24.468 159916 DEBUG oslo_service.service [req-4cadc37a-32bd-4041-ae3f-e5daa83f7db1 - - - - -] cache.memcache_socket_timeout = 1.0 log_opt_values /usr/lib/python3/dist-packages/oslo_config/cfg.py:2609
2025-11-24 00:40:24.468 159916 DEBUG oslo_service.service [req-4cadc37a-32bd-4041-ae3f-e5daa83f7db1 - - - - -] cache.proxies = [] log_opt_values /usr/lib/python3/dist-packages/oslo_config/cfg.py:2609
2025-11-24 00:40:24.468 160532 DEBUG nova.servicegroup.drivers.db [req-aac78cfd-3116-4fcd-a1ae-e41b187192f1 - - - - -] DB_Driver: join new ServiceGroup member juju-5bb440-0-lxd-7 to the scheduler group, service = join /usr/lib/python3/dist-packages/nova/servicegroup/drivers/db.py:44
2025-11-24 00:40:24.469 159916 DEBUG oslo_service.service [req-4cadc37a-32bd-4041-ae3f-e5daa83f7db1 - - - - -] cache.tls_allowed_ciphers = None log_opt_values /usr/lib/python3/dist-packages/oslo_config/cfg.py:2609
2025-11-24 00:40:24.468 160550 DEBUG oslo_messaging._drivers.amqpdriver [-] Listener is running poll /usr/lib/python3/dist-packages/oslo_messaging/_drivers/amqpdriver.py:343
2025-11-24 00:40:24.469 159916 DEBUG oslo_service.service [req-4cadc37a-32bd-4041-ae3f-e5daa83f7db1 - - - - -] cache.tls_cafile = None log_opt_values /usr/lib/python3/dist-packages/oslo_config/cfg.py:2609
2025-11-24 00:40:24.469 160550 DEBUG oslo_messaging._drivers.amqpdriver [-] AMQPListener connection consume poll /usr/lib/python3/dist-packages/oslo_messaging/_drivers/amqpdriver.py:357
2025-11-24 00:40:24.469 159916 DEBUG oslo_service.service [req-4cadc37a-32bd-4041-ae3f-e5daa83f7db1 - - - - -] cache.tls_certfile = None log_opt_values /usr/lib/python3/dist-packages/oslo_config/cfg.py:2609
2025-11-24 00:40:24.469 159916 DEBUG oslo_service.service [req-4cadc37a-32bd-4041-ae3f-e5daa83f7db1 - - - - -] cache.tls_enabled = False log_opt_values /usr/lib/python3/dist-packages/oslo_config/cfg.py:2609
2025-11-24 00:40:24.469 159916 DEBUG oslo_service.service [req-4cadc37a-32bd-4041-ae3f-e5daa83f7db1 - - - - -] cache.tls_keyfile = None log_opt_values /usr/lib/python3/dist-packages/oslo_config/cfg.py:2609
2025-11-24 00:40:24.470 159916 DEBUG oslo_service.service [req-4cadc37a-32bd-4041-ae3f-e5daa83f7db1 - - - - -] cinder.auth_section = None log_opt_values /usr/lib/python3/dist-packages/oslo_config/cfg.py:2609
2025-11-24 00:40:24.470 159916 DEBUG oslo_service.service [req-4cadc37a-32bd-4041-ae3f-e5daa83f7db1 - - - - -] cinder.auth_type = None log_opt_values /usr/lib/python3/dist-packages/oslo_config/cfg.py:2609
2025-11-24 00:40:24.470 159916 DEBUG oslo_service.service [req-4cadc37a-32bd-4041-ae3f-e5daa83f7db1 - - - - -] cinder.cafile = None log_opt_values /usr/lib/python3/dist-packages/oslo_config/cfg.py:2609
2025-11-24 00:40:24.469 160550 DEBUG nova.service [req-7a467758-46c9-41a1-b836-abf683bd20e8 - - - - -] Join ServiceGroup membership for this service scheduler start /usr/lib/python3/dist-packages/nova/service.py:199
2025-11-24 00:40:24.470 159916 DEBUG oslo_service.service [req-4cadc37a-32bd-4041-ae3f-e5daa83f7db1 - - - - -] cinder.catalog_info = volumev3::publicURL log_opt_values /usr/lib/python3/dist-packages/oslo_config/cfg.py:2609
2025-11-24 00:40:24.471 159916 DEBUG oslo_service.service [req-4cadc37a-32bd-4041-ae3f-e5daa83f7db1 - - - - -] cinder.certfile = None log_opt_values /usr/lib/python3/dist-packages/oslo_config/cfg.py:2609
2025-11-24 00:40:24.470 160550 DEBUG nova.servicegroup.drivers.db [req-7a467758-46c9-41a1-b836-abf683bd20e8 - - - - -] DB_Driver: join new ServiceGroup member juju-5bb440-0-lxd-7 to the scheduler group, service = join /usr/lib/python3/dist-packages/nova/servicegroup/drivers/db.py:44
2025-11-24 00:40:24.471 159916 DEBUG oslo_service.service [req-4cadc37a-32bd-4041-ae3f-e5daa83f7db1 - - - - -] cinder.collect_timing = False log_opt_values /usr/lib/python3/dist-packages/oslo_config/cfg.py:2609
2025-11-24 00:40:24.471 159916 DEBUG oslo_service.service [req-4cadc37a-32bd-4041-ae3f-e5daa83f7db1 - - - - -] cinder.cross_az_attach = True log_opt_values /usr/lib/python3/dist-packages/oslo_config/cfg.py:2609
2025-11-24 00:40:24.471 159916 DEBUG oslo_service.service [req-4cadc37a-32bd-4041-ae3f-e5daa83f7db1 - - - - -] cinder.debug = False log_opt_values /usr/lib/python3/dist-packages/oslo_config/cfg.py:2609
2025-11-24 00:40:24.471 159916 DEBUG oslo_service.service [req-4cadc37a-32bd-4041-ae3f-e5daa83f7db1 - - - - -] cinder.endpoint_template = None log_opt_values /usr/lib/python3/dist-packages/oslo_config/cfg.py:2609
2025-11-24 00:40:24.472 159916 DEBUG oslo_service.service [req-4cadc37a-32bd-4041-ae3f-e5daa83f7db1 - - - - -] cinder.http_retries = 3 log_opt_values /usr/lib/python3/dist-packages/oslo_config/cfg.py:2609
2025-11-24 00:40:24.471 160532 DEBUG oslo_messaging._drivers.amqpdriver [-] AMQPListener connection timeout poll /usr/lib/python3/dist-packages/oslo_messaging/_drivers/amqpdriver.py:360
2025-11-24 00:40:24.472 159916 DEBUG oslo_service.service [req-4cadc37a-32bd-4041-ae3f-e5daa83f7db1 - - - - -] cinder.insecure = False log_opt_values /usr/lib/python3/dist-packages/oslo_config/cfg.py:2609
2025-11-24 00:40:24.472 160532 DEBUG oslo_messaging._drivers.amqpdriver [-] Listener is running poll /usr/lib/python3/dist-packages/oslo_messaging/_drivers/amqpdriver.py:343
2025-11-24 00:40:24.472 159916 DEBUG oslo_service.service [req-4cadc37a-32bd-4041-ae3f-e5daa83f7db1 - - - - -] cinder.keyfile = None log_opt_values /usr/lib/python3/dist-packages/oslo_config/cfg.py:2609
2025-11-24 00:40:24.472 160532 DEBUG oslo_messaging._drivers.amqpdriver [-] AMQPListener connection consume poll /usr/lib/python3/dist-packages/oslo_messaging/_drivers/amqpdriver.py:357
2025-11-24 00:40:24.472 159916 DEBUG oslo_service.service [req-4cadc37a-32bd-4041-ae3f-e5daa83f7db1 - - - - -] cinder.os_region_name = None log_opt_values /usr/lib/python3/dist-packages/oslo_config/cfg.py:2609
2025-11-24 00:40:24.472 159916 DEBUG oslo_service.service [req-4cadc37a-32bd-4041-ae3f-e5daa83f7db1 - - - - -] cinder.split_loggers = False log_opt_values /usr/lib/python3/dist-packages/oslo_config/cfg.py:2609
2025-11-24 00:40:24.473 159916 DEBUG oslo_service.service [req-4cadc37a-32bd-4041-ae3f-e5daa83f7db1 - - - - -] cinder.timeout = None log_opt_values /usr/lib/python3/dist-packages/oslo_config/cfg.py:2609
2025-11-24 00:40:24.473 159916 DEBUG oslo_service.service [req-4cadc37a-32bd-4041-ae3f-e5daa83f7db1 - - - - -] compute.consecutive_build_service_disable_threshold = 10 log_opt_values /usr/lib/python3/dist-packages/oslo_config/cfg.py:2609
2025-11-24 00:40:24.473 160550 DEBUG oslo_messaging._drivers.amqpdriver [-] AMQPListener connection timeout poll /usr/lib/python3/dist-packages/oslo_messaging/_drivers/amqpdriver.py:360
2025-11-24 00:40:24.473 159916 DEBUG oslo_service.service [req-4cadc37a-32bd-4041-ae3f-e5daa83f7db1 - - - - -] compute.cpu_dedicated_set = None log_opt_values /usr/lib/python3/dist-packages/oslo_config/cfg.py:2609
2025-11-24 00:40:24.473 160550 DEBUG oslo_messaging._drivers.amqpdriver [-] Listener is running poll /usr/lib/python3/dist-packages/oslo_messaging/_drivers/amqpdriver.py:343
2025-11-24 00:40:24.473 159916 DEBUG oslo_service.service [req-4cadc37a-32bd-4041-ae3f-e5daa83f7db1 - - - - -] compute.cpu_shared_set = None log_opt_values /usr/lib/python3/dist-packages/oslo_config/cfg.py:2609
2025-11-24 00:40:24.473 160550 DEBUG oslo_messaging._drivers.amqpdriver [-] AMQPListener connection consume poll /usr/lib/python3/dist-packages/oslo_messaging/_drivers/amqpdriver.py:357
2025-11-24 00:40:24.474 159916 DEBUG oslo_service.service [req-4cadc37a-32bd-4041-ae3f-e5daa83f7db1 - - - - -] compute.image_type_exclude_list = [] log_opt_values /usr/lib/python3/dist-packages/oslo_config/cfg.py:2609
2025-11-24 00:40:24.474 159916 DEBUG oslo_service.service [req-4cadc37a-32bd-4041-ae3f-e5daa83f7db1 - - - - -] compute.live_migration_wait_for_vif_plug = True log_opt_values /usr/lib/python3/dist-packages/oslo_config/cfg.py:2609
2025-11-24 00:40:24.474 159916 DEBUG oslo_service.service [req-4cadc37a-32bd-4041-ae3f-e5daa83f7db1 - - - - -] compute.max_concurrent_disk_ops = 0 log_opt_values /usr/lib/python3/dist-packages/oslo_config/cfg.py:2609
2025-11-24 00:40:24.474 159916 DEBUG oslo_service.service [req-4cadc37a-32bd-4041-ae3f-e5daa83f7db1 - - - - -] compute.max_disk_devices_to_attach = -1 log_opt_values /usr/lib/python3/dist-packages/oslo_config/cfg.py:2609
2025-11-24 00:40:24.475 159916 DEBUG oslo_service.service [req-4cadc37a-32bd-4041-ae3f-e5daa83f7db1 - - - - -] compute.packing_host_numa_cells_allocation_strategy = True log_opt_values /usr/lib/python3/dist-packages/oslo_config/cfg.py:2609
2025-11-24 00:40:24.475 159916 DEBUG oslo_service.service [req-4cadc37a-32bd-4041-ae3f-e5daa83f7db1 - - - - -] compute.provider_config_location = /etc/nova/provider_config/ log_opt_values /usr/lib/python3/dist-packages/oslo_config/cfg.py:2609
2025-11-24 00:40:24.475 159916 DEBUG oslo_service.service [req-4cadc37a-32bd-4041-ae3f-e5daa83f7db1 - - - - -] compute.resource_provider_association_refresh = 300 log_opt_values /usr/lib/python3/dist-packages/oslo_config/cfg.py:2609
2025-11-24 00:40:24.475 159916 DEBUG oslo_service.service [req-4cadc37a-32bd-4041-ae3f-e5daa83f7db1 - - - - -] compute.shutdown_retry_interval = 10 log_opt_values /usr/lib/python3/dist-packages/oslo_config/cfg.py:2609
2025-11-24 00:40:24.475 159916 DEBUG oslo_service.service [req-4cadc37a-32bd-4041-ae3f-e5daa83f7db1 - - - - -] compute.vmdk_allowed_types = ['streamOptimized', 'monolithicSparse'] log_opt_values /usr/lib/python3/dist-packages/oslo_config/cfg.py:2609
2025-11-24 00:40:24.476 159916 DEBUG oslo_service.service [req-4cadc37a-32bd-4041-ae3f-e5daa83f7db1 - - - - -] conductor.workers = 4 log_opt_values /usr/lib/python3/dist-packages/oslo_config/cfg.py:2609
2025-11-24 00:40:24.476 160526 DEBUG oslo_messaging._drivers.amqpdriver [-] Listener is running poll /usr/lib/python3/dist-packages/oslo_messaging/_drivers/amqpdriver.py:343
2025-11-24 00:40:24.476 159916 DEBUG oslo_service.service [req-4cadc37a-32bd-4041-ae3f-e5daa83f7db1 - - - - -] console.allowed_origins = [] log_opt_values /usr/lib/python3/dist-packages/oslo_config/cfg.py:2609
2025-11-24 00:40:24.476 160526 DEBUG oslo_messaging._drivers.amqpdriver [-] AMQPListener connection consume poll /usr/lib/python3/dist-packages/oslo_messaging/_drivers/amqpdriver.py:357
2025-11-24 00:40:24.476 159916 DEBUG oslo_service.service [req-4cadc37a-32bd-4041-ae3f-e5daa83f7db1 - - - - -] console.ssl_ciphers = None log_opt_values /usr/lib/python3/dist-packages/oslo_config/cfg.py:2609
2025-11-24 00:40:24.476 159916 DEBUG oslo_service.service [req-4cadc37a-32bd-4041-ae3f-e5daa83f7db1 - - - - -] console.ssl_minimum_version = default log_opt_values /usr/lib/python3/dist-packages/oslo_config/cfg.py:2609
2025-11-24 00:40:24.477 159916 DEBUG oslo_service.service [req-4cadc37a-32bd-4041-ae3f-e5daa83f7db1 - - - - -] consoleauth.token_ttl = 600 log_opt_values /usr/lib/python3/dist-packages/oslo_config/cfg.py:2609
2025-11-24 00:40:24.477 159916 DEBUG oslo_service.service [req-4cadc37a-32bd-4041-ae3f-e5daa83f7db1 - - - - -] cyborg.cafile = None log_opt_values /usr/lib/python3/dist-packages/oslo_config/cfg.py:2609
2025-11-24 00:40:24.477 160526 DEBUG nova.service [req-d2b9f1f5-1b84-4b48-a4a8-70652b1e5bc7 - - - - -] Join ServiceGroup membership for this service scheduler start /usr/lib/python3/dist-packages/nova/service.py:199
2025-11-24 00:40:24.477 159916 DEBUG oslo_service.service [req-4cadc37a-32bd-4041-ae3f-e5daa83f7db1 - - - - -] cyborg.certfile = None log_opt_values /usr/lib/python3/dist-packages/oslo_config/cfg.py:2609
2025-11-24 00:40:24.477 160526 DEBUG nova.servicegroup.drivers.db [req-d2b9f1f5-1b84-4b48-a4a8-70652b1e5bc7 - - - - -] DB_Driver: join new ServiceGroup member juju-5bb440-0-lxd-7 to the scheduler group, service = join /usr/lib/python3/dist-packages/nova/servicegroup/drivers/db.py:44
2025-11-24 00:40:24.477 159916 DEBUG oslo_service.service [req-4cadc37a-32bd-4041-ae3f-e5daa83f7db1 - - - - -] cyborg.collect_timing = False log_opt_values /usr/lib/python3/dist-packages/oslo_config/cfg.py:2609
2025-11-24 00:40:24.477 159916 DEBUG oslo_service.service [req-4cadc37a-32bd-4041-ae3f-e5daa83f7db1 - - - - -] cyborg.connect_retries = None log_opt_values /usr/lib/python3/dist-packages/oslo_config/cfg.py:2609
2025-11-24 00:40:24.477 159916 DEBUG oslo_service.service [req-4cadc37a-32bd-4041-ae3f-e5daa83f7db1 - - - - -] cyborg.connect_retry_delay = None log_opt_values /usr/lib/python3/dist-packages/oslo_config/cfg.py:2609
2025-11-24 00:40:24.478 159916 DEBUG oslo_service.service [req-4cadc37a-32bd-4041-ae3f-e5daa83f7db1 - - - - -] cyborg.endpoint_override = None log_opt_values /usr/lib/python3/dist-packages/oslo_config/cfg.py:2609
2025-11-24 00:40:24.478 159916 DEBUG oslo_service.service [req-4cadc37a-32bd-4041-ae3f-e5daa83f7db1 - - - - -] cyborg.insecure = False log_opt_values /usr/lib/python3/dist-packages/oslo_config/cfg.py:2609
2025-11-24 00:40:24.478 159916 DEBUG oslo_service.service [req-4cadc37a-32bd-4041-ae3f-e5daa83f7db1 - - - - -] cyborg.keyfile = None log_opt_values /usr/lib/python3/dist-packages/oslo_config/cfg.py:2609
2025-11-24 00:40:24.478 159916 DEBUG oslo_service.service [req-4cadc37a-32bd-4041-ae3f-e5daa83f7db1 - - - - -] cyborg.max_version = None log_opt_values /usr/lib/python3/dist-packages/oslo_config/cfg.py:2609
2025-11-24 00:40:24.478 159916 DEBUG oslo_service.service [req-4cadc37a-32bd-4041-ae3f-e5daa83f7db1 - - - - -] cyborg.min_version = None log_opt_values /usr/lib/python3/dist-packages/oslo_config/cfg.py:2609
2025-11-24 00:40:24.479 159916 DEBUG oslo_service.service [req-4cadc37a-32bd-4041-ae3f-e5daa83f7db1 - - - - -] cyborg.region_name = None log_opt_values /usr/lib/python3/dist-packages/oslo_config/cfg.py:2609
2025-11-24 00:40:24.479 159916 DEBUG oslo_service.service [req-4cadc37a-32bd-4041-ae3f-e5daa83f7db1 - - - - -] cyborg.service_name = None log_opt_values /usr/lib/python3/dist-packages/oslo_config/cfg.py:2609
2025-11-24 00:40:24.479 159916 DEBUG oslo_service.service [req-4cadc37a-32bd-4041-ae3f-e5daa83f7db1 - - - - -] cyborg.service_type = accelerator log_opt_values /usr/lib/python3/dist-packages/oslo_config/cfg.py:2609
2025-11-24 00:40:24.479 159916 DEBUG oslo_service.service [req-4cadc37a-32bd-4041-ae3f-e5daa83f7db1 - - - - -] cyborg.split_loggers = False log_opt_values /usr/lib/python3/dist-packages/oslo_config/cfg.py:2609
2025-11-24 00:40:24.479 160526 DEBUG oslo_messaging._drivers.amqpdriver [-] AMQPListener connection timeout poll /usr/lib/python3/dist-packages/oslo_messaging/_drivers/amqpdriver.py:360
2025-11-24 00:40:24.480 160526 DEBUG oslo_messaging._drivers.amqpdriver [-] Listener is running poll /usr/lib/python3/dist-packages/oslo_messaging/_drivers/amqpdriver.py:343
2025-11-24 00:40:24.480 159916 DEBUG oslo_service.service [req-4cadc37a-32bd-4041-ae3f-e5daa83f7db1 - - - - -] cyborg.status_code_retries = None log_opt_values /usr/lib/python3/dist-packages/oslo_config/cfg.py:2609
2025-11-24 00:40:24.480 160526 DEBUG oslo_messaging._drivers.amqpdriver [-] AMQPListener connection consume poll /usr/lib/python3/dist-packages/oslo_messaging/_drivers/amqpdriver.py:357
2025-11-24 00:40:24.480 159916 DEBUG oslo_service.service [req-4cadc37a-32bd-4041-ae3f-e5daa83f7db1 - - - - -] cyborg.status_code_retry_delay = None log_opt_values /usr/lib/python3/dist-packages/oslo_config/cfg.py:2609
2025-11-24 00:40:24.480 159916 DEBUG oslo_service.service [req-4cadc37a-32bd-4041-ae3f-e5daa83f7db1 - - - - -] cyborg.timeout = None log_opt_values /usr/lib/python3/dist-packages/oslo_config/cfg.py:2609
2025-11-24 00:40:24.480 159916 DEBUG oslo_service.service [req-4cadc37a-32bd-4041-ae3f-e5daa83f7db1 - - - - -] cyborg.valid_interfaces = ['internal', 'public'] log_opt_values /usr/lib/python3/dist-packages/oslo_config/cfg.py:2609
2025-11-24 00:40:24.480 159916 DEBUG oslo_service.service [req-4cadc37a-32bd-4041-ae3f-e5daa83f7db1 - - - - -] cyborg.version = None log_opt_values /usr/lib/python3/dist-packages/oslo_config/cfg.py:2609
2025-11-24 00:40:24.481 159916 DEBUG oslo_service.service [req-4cadc37a-32bd-4041-ae3f-e5daa83f7db1 - - - - -] database.backend = sqlalchemy log_opt_values /usr/lib/python3/dist-packages/oslo_config/cfg.py:2609
2025-11-24 00:40:24.481 160555 DEBUG oslo_messaging._drivers.amqpdriver [-] Listener is running poll /usr/lib/python3/dist-packages/oslo_messaging/_drivers/amqpdriver.py:343
2025-11-24 00:40:24.481 159916 DEBUG oslo_service.service [req-4cadc37a-32bd-4041-ae3f-e5daa83f7db1 - - - - -] database.connection = **** log_opt_values /usr/lib/python3/dist-packages/oslo_config/cfg.py:2609
2025-11-24 00:40:24.481 160555 DEBUG oslo_messaging._drivers.amqpdriver [-] AMQPListener connection consume poll /usr/lib/python3/dist-packages/oslo_messaging/_drivers/amqpdriver.py:357
2025-11-24 00:40:24.481 159916 DEBUG oslo_service.service [req-4cadc37a-32bd-4041-ae3f-e5daa83f7db1 - - - - -] database.connection_debug = 0 log_opt_values /usr/lib/python3/dist-packages/oslo_config/cfg.py:2609
2025-11-24 00:40:24.481 159916 DEBUG oslo_service.service [req-4cadc37a-32bd-4041-ae3f-e5daa83f7db1 - - - - -] database.connection_parameters = log_opt_values /usr/lib/python3/dist-packages/oslo_config/cfg.py:2609
2025-11-24 00:40:24.481 159916 DEBUG oslo_service.service [req-4cadc37a-32bd-4041-ae3f-e5daa83f7db1 - - - - -] database.connection_recycle_time = 3600 log_opt_values /usr/lib/python3/dist-packages/oslo_config/cfg.py:2609
2025-11-24 00:40:24.482 159916 DEBUG oslo_service.service [req-4cadc37a-32bd-4041-ae3f-e5daa83f7db1 - - - - -] database.connection_trace = False log_opt_values /usr/lib/python3/dist-packages/oslo_config/cfg.py:2609
2025-11-24 00:40:24.482 159916 DEBUG oslo_service.service [req-4cadc37a-32bd-4041-ae3f-e5daa83f7db1 - - - - -] database.db_inc_retry_interval = True log_opt_values /usr/lib/python3/dist-packages/oslo_config/cfg.py:2609
2025-11-24 00:40:24.482 159916 DEBUG oslo_service.service [req-4cadc37a-32bd-4041-ae3f-e5daa83f7db1 - - - - -] database.db_max_retries = 20 log_opt_values /usr/lib/python3/dist-packages/oslo_config/cfg.py:2609
2025-11-24 00:40:24.482 160555 DEBUG nova.service [req-7aab5747-86f0-40f1-8f79-f1ad8ae9afbc - - - - -] Join ServiceGroup membership for this service scheduler start /usr/lib/python3/dist-packages/nova/service.py:199
2025-11-24 00:40:24.482 159916 DEBUG oslo_service.service [req-4cadc37a-32bd-4041-ae3f-e5daa83f7db1 - - - - -] database.db_max_retry_interval = 10 log_opt_values /usr/lib/python3/dist-packages/oslo_config/cfg.py:2609
2025-11-24 00:40:24.483 159916 DEBUG oslo_service.service [req-4cadc37a-32bd-4041-ae3f-e5daa83f7db1 - - - - -] database.db_retry_interval = 1 log_opt_values /usr/lib/python3/dist-packages/oslo_config/cfg.py:2609
2025-11-24 00:40:24.483 160555 DEBUG nova.servicegroup.drivers.db [req-7aab5747-86f0-40f1-8f79-f1ad8ae9afbc - - - - -] DB_Driver: join new ServiceGroup member juju-5bb440-0-lxd-7 to the scheduler group, service = join /usr/lib/python3/dist-packages/nova/servicegroup/drivers/db.py:44
2025-11-24 00:40:24.483 159916 DEBUG oslo_service.service [req-4cadc37a-32bd-4041-ae3f-e5daa83f7db1 - - - - -] database.max_overflow = 50 log_opt_values /usr/lib/python3/dist-packages/oslo_config/cfg.py:2609
2025-11-24 00:40:24.483 159916 DEBUG oslo_service.service [req-4cadc37a-32bd-4041-ae3f-e5daa83f7db1 - - - - -] database.max_pool_size = 4 log_opt_values /usr/lib/python3/dist-packages/oslo_config/cfg.py:2609
2025-11-24 00:40:24.483 159916 DEBUG oslo_service.service [req-4cadc37a-32bd-4041-ae3f-e5daa83f7db1 - - - - -] database.max_retries = 10 log_opt_values /usr/lib/python3/dist-packages/oslo_config/cfg.py:2609
2025-11-24 00:40:24.483 159916 DEBUG oslo_service.service [req-4cadc37a-32bd-4041-ae3f-e5daa83f7db1 - - - - -] database.mysql_enable_ndb = False log_opt_values /usr/lib/python3/dist-packages/oslo_config/cfg.py:2609
2025-11-24 00:40:24.484 159916 DEBUG oslo_service.service [req-4cadc37a-32bd-4041-ae3f-e5daa83f7db1 - - - - -] database.mysql_sql_mode = TRADITIONAL log_opt_values /usr/lib/python3/dist-packages/oslo_config/cfg.py:2609
2025-11-24 00:40:24.484 159916 DEBUG oslo_service.service [req-4cadc37a-32bd-4041-ae3f-e5daa83f7db1 - - - - -] database.pool_timeout = None log_opt_values /usr/lib/python3/dist-packages/oslo_config/cfg.py:2609
2025-11-24 00:40:24.484 159916 DEBUG oslo_service.service [req-4cadc37a-32bd-4041-ae3f-e5daa83f7db1 - - - - -] database.retry_interval = 10 log_opt_values /usr/lib/python3/dist-packages/oslo_config/cfg.py:2609
2025-11-24 00:40:24.484 159916 DEBUG oslo_service.service [req-4cadc37a-32bd-4041-ae3f-e5daa83f7db1 - - - - -] database.slave_connection = **** log_opt_values /usr/lib/python3/dist-packages/oslo_config/cfg.py:2609
2025-11-24 00:40:24.485 159916 DEBUG oslo_service.service [req-4cadc37a-32bd-4041-ae3f-e5daa83f7db1 - - - - -] database.sqlite_synchronous = True log_opt_values /usr/lib/python3/dist-packages/oslo_config/cfg.py:2609
2025-11-24 00:40:24.485 160555 DEBUG oslo_messaging._drivers.amqpdriver [-] AMQPListener connection timeout poll /usr/lib/python3/dist-packages/oslo_messaging/_drivers/amqpdriver.py:360
2025-11-24 00:40:24.485 159916 DEBUG oslo_service.service [req-4cadc37a-32bd-4041-ae3f-e5daa83f7db1 - - - - -] database.use_db_reconnect = False log_opt_values /usr/lib/python3/dist-packages/oslo_config/cfg.py:2609
2025-11-24 00:40:24.485 160555 DEBUG oslo_messaging._drivers.amqpdriver [-] Listener is running poll /usr/lib/python3/dist-packages/oslo_messaging/_drivers/amqpdriver.py:343
2025-11-24 00:40:24.485 160555 DEBUG oslo_messaging._drivers.amqpdriver [-] AMQPListener connection consume poll /usr/lib/python3/dist-packages/oslo_messaging/_drivers/amqpdriver.py:357
2025-11-24 00:40:24.485 159916 DEBUG oslo_service.service [req-4cadc37a-32bd-4041-ae3f-e5daa83f7db1 - - - - -] api_database.backend = sqlalchemy log_opt_values /usr/lib/python3/dist-packages/oslo_config/cfg.py:2609
2025-11-24 00:40:24.485 159916 DEBUG oslo_service.service [req-4cadc37a-32bd-4041-ae3f-e5daa83f7db1 - - - - -] api_database.connection = **** log_opt_values /usr/lib/python3/dist-packages/oslo_config/cfg.py:2609
2025-11-24 00:40:24.486 159916 DEBUG oslo_service.service [req-4cadc37a-32bd-4041-ae3f-e5daa83f7db1 - - - - -] api_database.connection_debug = 0 log_opt_values /usr/lib/python3/dist-packages/oslo_config/cfg.py:2609
2025-11-24 00:40:24.486 159916 DEBUG oslo_service.service [req-4cadc37a-32bd-4041-ae3f-e5daa83f7db1 - - - - -] api_database.connection_parameters = log_opt_values /usr/lib/python3/dist-packages/oslo_config/cfg.py:2609
2025-11-24 00:40:24.486 159916 DEBUG oslo_service.service [req-4cadc37a-32bd-4041-ae3f-e5daa83f7db1 - - - - -] api_database.connection_recycle_time = 3600 log_opt_values /usr/lib/python3/dist-packages/oslo_config/cfg.py:2609
2025-11-24 00:40:24.486 159916 DEBUG oslo_service.service [req-4cadc37a-32bd-4041-ae3f-e5daa83f7db1 - - - - -] api_database.connection_trace = False log_opt_values /usr/lib/python3/dist-packages/oslo_config/cfg.py:2609
2025-11-24 00:40:24.487 159916 DEBUG oslo_service.service [req-4cadc37a-32bd-4041-ae3f-e5daa83f7db1 - - - - -] api_database.db_inc_retry_interval = True log_opt_values /usr/lib/python3/dist-packages/oslo_config/cfg.py:2609
2025-11-24 00:40:24.487 159916 DEBUG oslo_service.service [req-4cadc37a-32bd-4041-ae3f-e5daa83f7db1 - - - - -] api_database.db_max_retries = 20 log_opt_values /usr/lib/python3/dist-packages/oslo_config/cfg.py:2609
2025-11-24 00:40:24.487 159916 DEBUG oslo_service.service [req-4cadc37a-32bd-4041-ae3f-e5daa83f7db1 - - - - -] api_database.db_max_retry_interval = 10 log_opt_values /usr/lib/python3/dist-packages/oslo_config/cfg.py:2609
2025-11-24 00:40:24.487 159916 DEBUG oslo_service.service [req-4cadc37a-32bd-4041-ae3f-e5daa83f7db1 - - - - -] api_database.db_retry_interval = 1 log_opt_values /usr/lib/python3/dist-packages/oslo_config/cfg.py:2609
2025-11-24 00:40:24.488 159916 DEBUG oslo_service.service [req-4cadc37a-32bd-4041-ae3f-e5daa83f7db1 - - - - -] api_database.max_overflow = 50 log_opt_values /usr/lib/python3/dist-packages/oslo_config/cfg.py:2609
2025-11-24 00:40:24.488 159916 DEBUG oslo_service.service [req-4cadc37a-32bd-4041-ae3f-e5daa83f7db1 - - - - -] api_database.max_pool_size = 4 log_opt_values /usr/lib/python3/dist-packages/oslo_config/cfg.py:2609
2025-11-24 00:40:24.488 159916 DEBUG oslo_service.service [req-4cadc37a-32bd-4041-ae3f-e5daa83f7db1 - - - - -] api_database.max_retries = 10 log_opt_values /usr/lib/python3/dist-packages/oslo_config/cfg.py:2609
2025-11-24 00:40:24.488 159916 DEBUG oslo_service.service [req-4cadc37a-32bd-4041-ae3f-e5daa83f7db1 - - - - -] api_database.mysql_enable_ndb = False log_opt_values /usr/lib/python3/dist-packages/oslo_config/cfg.py:2609
2025-11-24 00:40:24.488 159916 DEBUG oslo_service.service [req-4cadc37a-32bd-4041-ae3f-e5daa83f7db1 - - - - -] api_database.mysql_sql_mode = TRADITIONAL log_opt_values /usr/lib/python3/dist-packages/oslo_config/cfg.py:2609
2025-11-24 00:40:24.489 159916 DEBUG oslo_service.service [req-4cadc37a-32bd-4041-ae3f-e5daa83f7db1 - - - - -] api_database.pool_timeout = None log_opt_values /usr/lib/python3/dist-packages/oslo_config/cfg.py:2609
2025-11-24 00:40:24.489 159916 DEBUG oslo_service.service [req-4cadc37a-32bd-4041-ae3f-e5daa83f7db1 - - - - -] api_database.retry_interval = 10 log_opt_values /usr/lib/python3/dist-packages/oslo_config/cfg.py:2609
2025-11-24 00:40:24.489 159916 DEBUG oslo_service.service [req-4cadc37a-32bd-4041-ae3f-e5daa83f7db1 - - - - -] api_database.slave_connection = **** log_opt_values /usr/lib/python3/dist-packages/oslo_config/cfg.py:2609
2025-11-24 00:40:24.489 159916 DEBUG oslo_service.service [req-4cadc37a-32bd-4041-ae3f-e5daa83f7db1 - - - - -] api_database.sqlite_synchronous = True log_opt_values /usr/lib/python3/dist-packages/oslo_config/cfg.py:2609
2025-11-24 00:40:24.489 159916 DEBUG oslo_service.service [req-4cadc37a-32bd-4041-ae3f-e5daa83f7db1 - - - - -] devices.enabled_mdev_types = [] log_opt_values /usr/lib/python3/dist-packages/oslo_config/cfg.py:2609
2025-11-24 00:40:24.490 159916 DEBUG oslo_service.service [req-4cadc37a-32bd-4041-ae3f-e5daa83f7db1 - - - - -] ephemeral_storage_encryption.cipher = aes-xts-plain64 log_opt_values /usr/lib/python3/dist-packages/oslo_config/cfg.py:2609
2025-11-24 00:40:24.490 159916 DEBUG oslo_service.service [req-4cadc37a-32bd-4041-ae3f-e5daa83f7db1 - - - - -] ephemeral_storage_encryption.enabled = False log_opt_values /usr/lib/python3/dist-packages/oslo_config/cfg.py:2609
2025-11-24 00:40:24.490 159916 DEBUG oslo_service.service [req-4cadc37a-32bd-4041-ae3f-e5daa83f7db1 - - - - -] ephemeral_storage_encryption.key_size = 512 log_opt_values /usr/lib/python3/dist-packages/oslo_config/cfg.py:2609
2025-11-24 00:40:24.490 159916 WARNING oslo_config.cfg [req-4cadc37a-32bd-4041-ae3f-e5daa83f7db1 - - - - -] Deprecated: Option "api_servers" from group "glance" is deprecated for removal ( Support for image service configuration via standard keystoneauth1 Adapter options was added in the 17.0.0 Queens release. The api_servers option was retained temporarily to allow consumers time to cut over to a real load balancing solution. ). Its value may be silently ignored in the future.
2025-11-24 00:40:24.491 159916 DEBUG oslo_service.service [req-4cadc37a-32bd-4041-ae3f-e5daa83f7db1 - - - - -] glance.api_servers = ['http://252.129.120.105:9292'] log_opt_values /usr/lib/python3/dist-packages/oslo_config/cfg.py:2609
2025-11-24 00:40:24.491 159916 DEBUG oslo_service.service [req-4cadc37a-32bd-4041-ae3f-e5daa83f7db1 - - - - -] glance.cafile = None log_opt_values /usr/lib/python3/dist-packages/oslo_config/cfg.py:2609
2025-11-24 00:40:24.491 159916 DEBUG oslo_service.service [req-4cadc37a-32bd-4041-ae3f-e5daa83f7db1 - - - - -] glance.certfile = None log_opt_values /usr/lib/python3/dist-packages/oslo_config/cfg.py:2609
2025-11-24 00:40:24.491 159916 DEBUG oslo_service.service [req-4cadc37a-32bd-4041-ae3f-e5daa83f7db1 - - - - -] glance.collect_timing = False log_opt_values /usr/lib/python3/dist-packages/oslo_config/cfg.py:2609
2025-11-24 00:40:24.492 159916 DEBUG oslo_service.service [req-4cadc37a-32bd-4041-ae3f-e5daa83f7db1 - - - - -] glance.connect_retries = None log_opt_values /usr/lib/python3/dist-packages/oslo_config/cfg.py:2609
2025-11-24 00:40:24.492 159916 DEBUG oslo_service.service [req-4cadc37a-32bd-4041-ae3f-e5daa83f7db1 - - - - -] glance.connect_retry_delay = None log_opt_values /usr/lib/python3/dist-packages/oslo_config/cfg.py:2609
2025-11-24 00:40:24.492 159916 DEBUG oslo_service.service [req-4cadc37a-32bd-4041-ae3f-e5daa83f7db1 - - - - -] glance.debug = False log_opt_values /usr/lib/python3/dist-packages/oslo_config/cfg.py:2609
2025-11-24 00:40:24.492 159916 DEBUG oslo_service.service [req-4cadc37a-32bd-4041-ae3f-e5daa83f7db1 - - - - -] glance.default_trusted_certificate_ids = [] log_opt_values /usr/lib/python3/dist-packages/oslo_config/cfg.py:2609
2025-11-24 00:40:24.492 159916 DEBUG oslo_service.service [req-4cadc37a-32bd-4041-ae3f-e5daa83f7db1 - - - - -] glance.enable_certificate_validation = False log_opt_values /usr/lib/python3/dist-packages/oslo_config/cfg.py:2609
2025-11-24 00:40:24.493 159916 DEBUG oslo_service.service [req-4cadc37a-32bd-4041-ae3f-e5daa83f7db1 - - - - -] glance.enable_rbd_download = False log_opt_values /usr/lib/python3/dist-packages/oslo_config/cfg.py:2609
2025-11-24 00:40:24.493 159916 DEBUG oslo_service.service [req-4cadc37a-32bd-4041-ae3f-e5daa83f7db1 - - - - -] glance.endpoint_override = None log_opt_values /usr/lib/python3/dist-packages/oslo_config/cfg.py:2609
2025-11-24 00:40:24.493 159916 DEBUG oslo_service.service [req-4cadc37a-32bd-4041-ae3f-e5daa83f7db1 - - - - -] glance.insecure = False log_opt_values /usr/lib/python3/dist-packages/oslo_config/cfg.py:2609
2025-11-24 00:40:24.493 159916 DEBUG oslo_service.service [req-4cadc37a-32bd-4041-ae3f-e5daa83f7db1 - - - - -] glance.keyfile = None log_opt_values /usr/lib/python3/dist-packages/oslo_config/cfg.py:2609
2025-11-24 00:40:24.493 159916 DEBUG oslo_service.service [req-4cadc37a-32bd-4041-ae3f-e5daa83f7db1 - - - - -] glance.max_version = None log_opt_values /usr/lib/python3/dist-packages/oslo_config/cfg.py:2609
2025-11-24 00:40:24.493 159916 DEBUG oslo_service.service [req-4cadc37a-32bd-4041-ae3f-e5daa83f7db1 - - - - -] glance.min_version = None log_opt_values /usr/lib/python3/dist-packages/oslo_config/cfg.py:2609
2025-11-24 00:40:24.494 159916 DEBUG oslo_service.service [req-4cadc37a-32bd-4041-ae3f-e5daa83f7db1 - - - - -] glance.num_retries = 3 log_opt_values /usr/lib/python3/dist-packages/oslo_config/cfg.py:2609
2025-11-24 00:40:24.494 159916 DEBUG oslo_service.service [req-4cadc37a-32bd-4041-ae3f-e5daa83f7db1 - - - - -] glance.rbd_ceph_conf = log_opt_values /usr/lib/python3/dist-packages/oslo_config/cfg.py:2609
2025-11-24 00:40:24.494 159916 DEBUG oslo_service.service [req-4cadc37a-32bd-4041-ae3f-e5daa83f7db1 - - - - -] glance.rbd_connect_timeout = 5 log_opt_values /usr/lib/python3/dist-packages/oslo_config/cfg.py:2609
2025-11-24 00:40:24.494 159916 DEBUG oslo_service.service [req-4cadc37a-32bd-4041-ae3f-e5daa83f7db1 - - - - -] glance.rbd_pool = log_opt_values /usr/lib/python3/dist-packages/oslo_config/cfg.py:2609
2025-11-24 00:40:24.494 159916 DEBUG oslo_service.service [req-4cadc37a-32bd-4041-ae3f-e5daa83f7db1 - - - - -] glance.rbd_user = log_opt_values /usr/lib/python3/dist-packages/oslo_config/cfg.py:2609
2025-11-24 00:40:24.495 159916 DEBUG oslo_service.service [req-4cadc37a-32bd-4041-ae3f-e5daa83f7db1 - - - - -] glance.region_name = None log_opt_values /usr/lib/python3/dist-packages/oslo_config/cfg.py:2609
2025-11-24 00:40:24.495 159916 DEBUG oslo_service.service [req-4cadc37a-32bd-4041-ae3f-e5daa83f7db1 - - - - -] glance.service_name = None log_opt_values /usr/lib/python3/dist-packages/oslo_config/cfg.py:2609
2025-11-24 00:40:24.495 159916 DEBUG oslo_service.service [req-4cadc37a-32bd-4041-ae3f-e5daa83f7db1 - - - - -] glance.service_type = image log_opt_values /usr/lib/python3/dist-packages/oslo_config/cfg.py:2609
2025-11-24 00:40:24.495 159916 DEBUG oslo_service.service [req-4cadc37a-32bd-4041-ae3f-e5daa83f7db1 - - - - -] glance.split_loggers = False log_opt_values /usr/lib/python3/dist-packages/oslo_config/cfg.py:2609
2025-11-24 00:40:24.495 159916 DEBUG oslo_service.service [req-4cadc37a-32bd-4041-ae3f-e5daa83f7db1 - - - - -] glance.status_code_retries = None log_opt_values /usr/lib/python3/dist-packages/oslo_config/cfg.py:2609
2025-11-24 00:40:24.496 159916 DEBUG oslo_service.service [req-4cadc37a-32bd-4041-ae3f-e5daa83f7db1 - - - - -] glance.status_code_retry_delay = None log_opt_values /usr/lib/python3/dist-packages/oslo_config/cfg.py:2609
2025-11-24 00:40:24.496 159916 DEBUG oslo_service.service [req-4cadc37a-32bd-4041-ae3f-e5daa83f7db1 - - - - -] glance.timeout = None log_opt_values /usr/lib/python3/dist-packages/oslo_config/cfg.py:2609
2025-11-24 00:40:24.496 159916 DEBUG oslo_service.service [req-4cadc37a-32bd-4041-ae3f-e5daa83f7db1 - - - - -] glance.valid_interfaces = ['internal', 'public'] log_opt_values /usr/lib/python3/dist-packages/oslo_config/cfg.py:2609
2025-11-24 00:40:24.496 159916 DEBUG oslo_service.service [req-4cadc37a-32bd-4041-ae3f-e5daa83f7db1 - - - - -] glance.verify_glance_signatures = False log_opt_values /usr/lib/python3/dist-packages/oslo_config/cfg.py:2609
2025-11-24 00:40:24.496 159916 DEBUG oslo_service.service [req-4cadc37a-32bd-4041-ae3f-e5daa83f7db1 - - - - -] glance.version = None log_opt_values /usr/lib/python3/dist-packages/oslo_config/cfg.py:2609
2025-11-24 00:40:24.497 159916 DEBUG oslo_service.service [req-4cadc37a-32bd-4041-ae3f-e5daa83f7db1 - - - - -] guestfs.debug = False log_opt_values /usr/lib/python3/dist-packages/oslo_config/cfg.py:2609
2025-11-24 00:40:24.497 159916 DEBUG oslo_service.service [req-4cadc37a-32bd-4041-ae3f-e5daa83f7db1 - - - - -] hyperv.config_drive_cdrom = False log_opt_values /usr/lib/python3/dist-packages/oslo_config/cfg.py:2609
2025-11-24 00:40:24.497 159916 DEBUG oslo_service.service [req-4cadc37a-32bd-4041-ae3f-e5daa83f7db1 - - - - -] hyperv.config_drive_inject_password = False log_opt_values /usr/lib/python3/dist-packages/oslo_config/cfg.py:2609
2025-11-24 00:40:24.497 159916 DEBUG oslo_service.service [req-4cadc37a-32bd-4041-ae3f-e5daa83f7db1 - - - - -] hyperv.dynamic_memory_ratio = 1.0 log_opt_values /usr/lib/python3/dist-packages/oslo_config/cfg.py:2609
2025-11-24 00:40:24.497 159916 DEBUG oslo_service.service [req-4cadc37a-32bd-4041-ae3f-e5daa83f7db1 - - - - -] hyperv.enable_instance_metrics_collection = False log_opt_values /usr/lib/python3/dist-packages/oslo_config/cfg.py:2609
2025-11-24 00:40:24.498 159916 DEBUG oslo_service.service [req-4cadc37a-32bd-4041-ae3f-e5daa83f7db1 - - - - -] hyperv.enable_remotefx = False log_opt_values /usr/lib/python3/dist-packages/oslo_config/cfg.py:2609
2025-11-24 00:40:24.498 159916 DEBUG oslo_service.service [req-4cadc37a-32bd-4041-ae3f-e5daa83f7db1 - - - - -] hyperv.instances_path_share = log_opt_values /usr/lib/python3/dist-packages/oslo_config/cfg.py:2609
2025-11-24 00:40:24.498 159916 DEBUG oslo_service.service [req-4cadc37a-32bd-4041-ae3f-e5daa83f7db1 - - - - -] hyperv.iscsi_initiator_list = [] log_opt_values /usr/lib/python3/dist-packages/oslo_config/cfg.py:2609
2025-11-24 00:40:24.498 159916 DEBUG oslo_service.service [req-4cadc37a-32bd-4041-ae3f-e5daa83f7db1 - - - - -] hyperv.limit_cpu_features = False log_opt_values /usr/lib/python3/dist-packages/oslo_config/cfg.py:2609
2025-11-24 00:40:24.498 159916 DEBUG oslo_service.service [req-4cadc37a-32bd-4041-ae3f-e5daa83f7db1 - - - - -] hyperv.mounted_disk_query_retry_count = 10 log_opt_values /usr/lib/python3/dist-packages/oslo_config/cfg.py:2609
2025-11-24 00:40:24.499 159916 DEBUG oslo_service.service [req-4cadc37a-32bd-4041-ae3f-e5daa83f7db1 - - - - -] hyperv.mounted_disk_query_retry_interval = 5 log_opt_values /usr/lib/python3/dist-packages/oslo_config/cfg.py:2609
2025-11-24 00:40:24.499 159916 DEBUG oslo_service.service [req-4cadc37a-32bd-4041-ae3f-e5daa83f7db1 - - - - -] hyperv.power_state_check_timeframe = 60 log_opt_values /usr/lib/python3/dist-packages/oslo_config/cfg.py:2609
2025-11-24 00:40:24.499 159916 DEBUG oslo_service.service [req-4cadc37a-32bd-4041-ae3f-e5daa83f7db1 - - - - -] hyperv.power_state_event_polling_interval = 2 log_opt_values /usr/lib/python3/dist-packages/oslo_config/cfg.py:2609
2025-11-24 00:40:24.499 159916 DEBUG oslo_service.service [req-4cadc37a-32bd-4041-ae3f-e5daa83f7db1 - - - - -] hyperv.qemu_img_cmd = qemu-img.exe log_opt_values /usr/lib/python3/dist-packages/oslo_config/cfg.py:2609
2025-11-24 00:40:24.499 159916 DEBUG oslo_service.service [req-4cadc37a-32bd-4041-ae3f-e5daa83f7db1 - - - - -] hyperv.use_multipath_io = False log_opt_values /usr/lib/python3/dist-packages/oslo_config/cfg.py:2609
2025-11-24 00:40:24.499 159916 DEBUG oslo_service.service [req-4cadc37a-32bd-4041-ae3f-e5daa83f7db1 - - - - -] hyperv.volume_attach_retry_count = 10 log_opt_values /usr/lib/python3/dist-packages/oslo_config/cfg.py:2609
2025-11-24 00:40:24.500 159916 DEBUG oslo_service.service [req-4cadc37a-32bd-4041-ae3f-e5daa83f7db1 - - - - -] hyperv.volume_attach_retry_interval = 5 log_opt_values /usr/lib/python3/dist-packages/oslo_config/cfg.py:2609
2025-11-24 00:40:24.500 159916 DEBUG oslo_service.service [req-4cadc37a-32bd-4041-ae3f-e5daa83f7db1 - - - - -] hyperv.vswitch_name = None log_opt_values /usr/lib/python3/dist-packages/oslo_config/cfg.py:2609
2025-11-24 00:40:24.500 159916 DEBUG oslo_service.service [req-4cadc37a-32bd-4041-ae3f-e5daa83f7db1 - - - - -] hyperv.wait_soft_reboot_seconds = 60 log_opt_values /usr/lib/python3/dist-packages/oslo_config/cfg.py:2609
2025-11-24 00:40:24.500 159916 DEBUG oslo_service.service [req-4cadc37a-32bd-4041-ae3f-e5daa83f7db1 - - - - -] mks.enabled = False log_opt_values /usr/lib/python3/dist-packages/oslo_config/cfg.py:2609
2025-11-24 00:40:24.501 159916 DEBUG oslo_service.service [req-4cadc37a-32bd-4041-ae3f-e5daa83f7db1 - - - - -] mks.mksproxy_base_url = http://127.0.0.1:6090/ log_opt_values /usr/lib/python3/dist-packages/oslo_config/cfg.py:2609
2025-11-24 00:40:24.501 159916 DEBUG oslo_service.service [req-4cadc37a-32bd-4041-ae3f-e5daa83f7db1 - - - - -] image_cache.manager_interval = 2400 log_opt_values /usr/lib/python3/dist-packages/oslo_config/cfg.py:2609
2025-11-24 00:40:24.501 159916 DEBUG oslo_service.service [req-4cadc37a-32bd-4041-ae3f-e5daa83f7db1 - - - - -] image_cache.precache_concurrency = 1 log_opt_values /usr/lib/python3/dist-packages/oslo_config/cfg.py:2609
2025-11-24 00:40:24.502 159916 DEBUG oslo_service.service [req-4cadc37a-32bd-4041-ae3f-e5daa83f7db1 - - - - -] image_cache.remove_unused_base_images = True log_opt_values /usr/lib/python3/dist-packages/oslo_config/cfg.py:2609
2025-11-24 00:40:24.502 159916 DEBUG oslo_service.service [req-4cadc37a-32bd-4041-ae3f-e5daa83f7db1 - - - - -] image_cache.remove_unused_original_minimum_age_seconds = 86400 log_opt_values /usr/lib/python3/dist-packages/oslo_config/cfg.py:2609
2025-11-24 00:40:24.502 159916 DEBUG oslo_service.service [req-4cadc37a-32bd-4041-ae3f-e5daa83f7db1 - - - - -] image_cache.remove_unused_resized_minimum_age_seconds = 3600 log_opt_values /usr/lib/python3/dist-packages/oslo_config/cfg.py:2609
2025-11-24 00:40:24.502 159916 DEBUG oslo_service.service [req-4cadc37a-32bd-4041-ae3f-e5daa83f7db1 - - - - -] image_cache.subdirectory_name = _base log_opt_values /usr/lib/python3/dist-packages/oslo_config/cfg.py:2609
2025-11-24 00:40:24.503 159916 DEBUG oslo_service.service [req-4cadc37a-32bd-4041-ae3f-e5daa83f7db1 - - - - -] ironic.api_max_retries = 60 log_opt_values /usr/lib/python3/dist-packages/oslo_config/cfg.py:2609
2025-11-24 00:40:24.503 159916 DEBUG oslo_service.service [req-4cadc37a-32bd-4041-ae3f-e5daa83f7db1 - - - - -] ironic.api_retry_interval = 2 log_opt_values /usr/lib/python3/dist-packages/oslo_config/cfg.py:2609
2025-11-24 00:40:24.503 159916 DEBUG oslo_service.service [req-4cadc37a-32bd-4041-ae3f-e5daa83f7db1 - - - - -] ironic.auth_section = None log_opt_values /usr/lib/python3/dist-packages/oslo_config/cfg.py:2609
2025-11-24 00:40:24.503 159916 DEBUG oslo_service.service [req-4cadc37a-32bd-4041-ae3f-e5daa83f7db1 - - - - -] ironic.auth_type = None log_opt_values /usr/lib/python3/dist-packages/oslo_config/cfg.py:2609
2025-11-24 00:40:24.503 159916 DEBUG oslo_service.service [req-4cadc37a-32bd-4041-ae3f-e5daa83f7db1 - - - - -] ironic.cafile = None log_opt_values /usr/lib/python3/dist-packages/oslo_config/cfg.py:2609
2025-11-24 00:40:24.503 159916 DEBUG oslo_service.service [req-4cadc37a-32bd-4041-ae3f-e5daa83f7db1 - - - - -] ironic.certfile = None log_opt_values /usr/lib/python3/dist-packages/oslo_config/cfg.py:2609
2025-11-24 00:40:24.504 159916 DEBUG oslo_service.service [req-4cadc37a-32bd-4041-ae3f-e5daa83f7db1 - - - - -] ironic.collect_timing = False log_opt_values /usr/lib/python3/dist-packages/oslo_config/cfg.py:2609
2025-11-24 00:40:24.504 159916 DEBUG oslo_service.service [req-4cadc37a-32bd-4041-ae3f-e5daa83f7db1 - - - - -] ironic.connect_retries = None log_opt_values /usr/lib/python3/dist-packages/oslo_config/cfg.py:2609
2025-11-24 00:40:24.504 159916 DEBUG oslo_service.service [req-4cadc37a-32bd-4041-ae3f-e5daa83f7db1 - - - - -] ironic.connect_retry_delay = None log_opt_values /usr/lib/python3/dist-packages/oslo_config/cfg.py:2609
2025-11-24 00:40:24.504 159916 DEBUG oslo_service.service [req-4cadc37a-32bd-4041-ae3f-e5daa83f7db1 - - - - -] ironic.endpoint_override = None log_opt_values /usr/lib/python3/dist-packages/oslo_config/cfg.py:2609
2025-11-24 00:40:24.504 159916 DEBUG oslo_service.service [req-4cadc37a-32bd-4041-ae3f-e5daa83f7db1 - - - - -] ironic.insecure = False log_opt_values /usr/lib/python3/dist-packages/oslo_config/cfg.py:2609
2025-11-24 00:40:24.505 159916 DEBUG oslo_service.service [req-4cadc37a-32bd-4041-ae3f-e5daa83f7db1 - - - - -] ironic.keyfile = None log_opt_values /usr/lib/python3/dist-packages/oslo_config/cfg.py:2609
2025-11-24 00:40:24.505 159916 DEBUG oslo_service.service [req-4cadc37a-32bd-4041-ae3f-e5daa83f7db1 - - - - -] ironic.max_version = None log_opt_values /usr/lib/python3/dist-packages/oslo_config/cfg.py:2609
2025-11-24 00:40:24.505 159916 DEBUG oslo_service.service [req-4cadc37a-32bd-4041-ae3f-e5daa83f7db1 - - - - -] ironic.min_version = None log_opt_values /usr/lib/python3/dist-packages/oslo_config/cfg.py:2609
2025-11-24 00:40:24.505 159916 DEBUG oslo_service.service [req-4cadc37a-32bd-4041-ae3f-e5daa83f7db1 - - - - -] ironic.partition_key = None log_opt_values /usr/lib/python3/dist-packages/oslo_config/cfg.py:2609
2025-11-24 00:40:24.505 159916 DEBUG oslo_service.service [req-4cadc37a-32bd-4041-ae3f-e5daa83f7db1 - - - - -] ironic.peer_list = [] log_opt_values /usr/lib/python3/dist-packages/oslo_config/cfg.py:2609
2025-11-24 00:40:24.506 159916 DEBUG oslo_service.service [req-4cadc37a-32bd-4041-ae3f-e5daa83f7db1 - - - - -] ironic.region_name = None log_opt_values /usr/lib/python3/dist-packages/oslo_config/cfg.py:2609
2025-11-24 00:40:24.506 159916 DEBUG oslo_service.service [req-4cadc37a-32bd-4041-ae3f-e5daa83f7db1 - - - - -] ironic.serial_console_state_timeout = 10 log_opt_values /usr/lib/python3/dist-packages/oslo_config/cfg.py:2609
2025-11-24 00:40:24.506 159916 DEBUG oslo_service.service [req-4cadc37a-32bd-4041-ae3f-e5daa83f7db1 - - - - -] ironic.service_name = None log_opt_values /usr/lib/python3/dist-packages/oslo_config/cfg.py:2609
2025-11-24 00:40:24.506 159916 DEBUG oslo_service.service [req-4cadc37a-32bd-4041-ae3f-e5daa83f7db1 - - - - -] ironic.service_type = baremetal log_opt_values /usr/lib/python3/dist-packages/oslo_config/cfg.py:2609
2025-11-24 00:40:24.506 159916 DEBUG oslo_service.service [req-4cadc37a-32bd-4041-ae3f-e5daa83f7db1 - - - - -] ironic.split_loggers = False log_opt_values /usr/lib/python3/dist-packages/oslo_config/cfg.py:2609
2025-11-24 00:40:24.507 159916 DEBUG oslo_service.service [req-4cadc37a-32bd-4041-ae3f-e5daa83f7db1 - - - - -] ironic.status_code_retries = None log_opt_values /usr/lib/python3/dist-packages/oslo_config/cfg.py:2609
2025-11-24 00:40:24.507 159916 DEBUG oslo_service.service [req-4cadc37a-32bd-4041-ae3f-e5daa83f7db1 - - - - -] ironic.status_code_retry_delay = None log_opt_values /usr/lib/python3/dist-packages/oslo_config/cfg.py:2609
2025-11-24 00:40:24.507 159916 DEBUG oslo_service.service [req-4cadc37a-32bd-4041-ae3f-e5daa83f7db1 - - - - -] ironic.timeout = None log_opt_values /usr/lib/python3/dist-packages/oslo_config/cfg.py:2609
2025-11-24 00:40:24.507 159916 DEBUG oslo_service.service [req-4cadc37a-32bd-4041-ae3f-e5daa83f7db1 - - - - -] ironic.valid_interfaces = ['internal', 'public'] log_opt_values /usr/lib/python3/dist-packages/oslo_config/cfg.py:2609
2025-11-24 00:40:24.508 159916 DEBUG oslo_service.service [req-4cadc37a-32bd-4041-ae3f-e5daa83f7db1 - - - - -] ironic.version = None log_opt_values /usr/lib/python3/dist-packages/oslo_config/cfg.py:2609
2025-11-24 00:40:24.508 159916 DEBUG oslo_service.service [req-4cadc37a-32bd-4041-ae3f-e5daa83f7db1 - - - - -] key_manager.backend = barbican log_opt_values /usr/lib/python3/dist-packages/oslo_config/cfg.py:2609
2025-11-24 00:40:24.508 159916 DEBUG oslo_service.service [req-4cadc37a-32bd-4041-ae3f-e5daa83f7db1 - - - - -] key_manager.fixed_key = **** log_opt_values /usr/lib/python3/dist-packages/oslo_config/cfg.py:2609
2025-11-24 00:40:24.508 159916 DEBUG oslo_service.service [req-4cadc37a-32bd-4041-ae3f-e5daa83f7db1 - - - - -] barbican.auth_endpoint = http://localhost/identity/v3 log_opt_values /usr/lib/python3/dist-packages/oslo_config/cfg.py:2609
2025-11-24 00:40:24.508 159916 DEBUG oslo_service.service [req-4cadc37a-32bd-4041-ae3f-e5daa83f7db1 - - - - -] barbican.barbican_api_version = None log_opt_values /usr/lib/python3/dist-packages/oslo_config/cfg.py:2609
2025-11-24 00:40:24.509 159916 DEBUG oslo_service.service [req-4cadc37a-32bd-4041-ae3f-e5daa83f7db1 - - - - -] barbican.barbican_endpoint = None log_opt_values /usr/lib/python3/dist-packages/oslo_config/cfg.py:2609
2025-11-24 00:40:24.509 159916 DEBUG oslo_service.service [req-4cadc37a-32bd-4041-ae3f-e5daa83f7db1 - - - - -] barbican.barbican_endpoint_type = public log_opt_values /usr/lib/python3/dist-packages/oslo_config/cfg.py:2609
2025-11-24 00:40:24.509 159916 DEBUG oslo_service.service [req-4cadc37a-32bd-4041-ae3f-e5daa83f7db1 - - - - -] barbican.barbican_region_name = None log_opt_values /usr/lib/python3/dist-packages/oslo_config/cfg.py:2609
2025-11-24 00:40:24.509 159916 DEBUG oslo_service.service [req-4cadc37a-32bd-4041-ae3f-e5daa83f7db1 - - - - -] barbican.cafile = None log_opt_values /usr/lib/python3/dist-packages/oslo_config/cfg.py:2609
