2025-11-24 00:37:57.698 129172 DEBUG oslo_service.service [req-1de93bfc-994d-4369-b4d0-8c8f4610aafa - - - - -] cinder.cafile = None log_opt_values /usr/lib/python3/dist-packages/oslo_config/cfg.py:2609
2025-11-24 00:37:57.698 129172 DEBUG oslo_service.service [req-1de93bfc-994d-4369-b4d0-8c8f4610aafa - - - - -] cinder.catalog_info = volumev3::publicURL log_opt_values /usr/lib/python3/dist-packages/oslo_config/cfg.py:2609
2025-11-24 00:37:57.699 129172 DEBUG oslo_service.service [req-1de93bfc-994d-4369-b4d0-8c8f4610aafa - - - - -] cinder.certfile = None log_opt_values /usr/lib/python3/dist-packages/oslo_config/cfg.py:2609
2025-11-24 00:37:57.699 129172 DEBUG oslo_service.service [req-1de93bfc-994d-4369-b4d0-8c8f4610aafa - - - - -] cinder.collect_timing = False log_opt_values /usr/lib/python3/dist-packages/oslo_config/cfg.py:2609
2025-11-24 00:37:57.699 129172 DEBUG oslo_service.service [req-1de93bfc-994d-4369-b4d0-8c8f4610aafa - - - - -] cinder.cross_az_attach = True log_opt_values /usr/lib/python3/dist-packages/oslo_config/cfg.py:2609
2025-11-24 00:37:57.700 129172 DEBUG oslo_service.service [req-1de93bfc-994d-4369-b4d0-8c8f4610aafa - - - - -] cinder.debug = False log_opt_values /usr/lib/python3/dist-packages/oslo_config/cfg.py:2609
2025-11-24 00:37:57.700 129172 DEBUG oslo_service.service [req-1de93bfc-994d-4369-b4d0-8c8f4610aafa - - - - -] cinder.endpoint_template = None log_opt_values /usr/lib/python3/dist-packages/oslo_config/cfg.py:2609
2025-11-24 00:37:57.700 129172 DEBUG oslo_service.service [req-1de93bfc-994d-4369-b4d0-8c8f4610aafa - - - - -] cinder.http_retries = 3 log_opt_values /usr/lib/python3/dist-packages/oslo_config/cfg.py:2609
2025-11-24 00:37:57.700 130255 DEBUG nova.service [req-790c6d9f-e568-442d-b266-90462d9ca53c - - - - -] Creating RPC server for service scheduler start /usr/lib/python3/dist-packages/nova/service.py:182
2025-11-24 00:37:57.702 129172 DEBUG oslo_service.service [req-1de93bfc-994d-4369-b4d0-8c8f4610aafa - - - - -] cinder.insecure = False log_opt_values /usr/lib/python3/dist-packages/oslo_config/cfg.py:2609
2025-11-24 00:37:57.702 129172 DEBUG oslo_service.service [req-1de93bfc-994d-4369-b4d0-8c8f4610aafa - - - - -] cinder.keyfile = None log_opt_values /usr/lib/python3/dist-packages/oslo_config/cfg.py:2609
2025-11-24 00:37:57.707 129172 DEBUG oslo_service.service [req-1de93bfc-994d-4369-b4d0-8c8f4610aafa - - - - -] cinder.os_region_name = None log_opt_values /usr/lib/python3/dist-packages/oslo_config/cfg.py:2609
2025-11-24 00:37:57.707 129172 DEBUG oslo_service.service [req-1de93bfc-994d-4369-b4d0-8c8f4610aafa - - - - -] cinder.split_loggers = False log_opt_values /usr/lib/python3/dist-packages/oslo_config/cfg.py:2609
2025-11-24 00:37:57.709 129172 DEBUG oslo_service.service [req-1de93bfc-994d-4369-b4d0-8c8f4610aafa - - - - -] cinder.timeout = None log_opt_values /usr/lib/python3/dist-packages/oslo_config/cfg.py:2609
2025-11-24 00:37:57.709 129172 DEBUG oslo_service.service [req-1de93bfc-994d-4369-b4d0-8c8f4610aafa - - - - -] compute.consecutive_build_service_disable_threshold = 10 log_opt_values /usr/lib/python3/dist-packages/oslo_config/cfg.py:2609
2025-11-24 00:37:57.709 129172 DEBUG oslo_service.service [req-1de93bfc-994d-4369-b4d0-8c8f4610aafa - - - - -] compute.cpu_dedicated_set = None log_opt_values /usr/lib/python3/dist-packages/oslo_config/cfg.py:2609
2025-11-24 00:37:57.710 129172 DEBUG oslo_service.service [req-1de93bfc-994d-4369-b4d0-8c8f4610aafa - - - - -] compute.cpu_shared_set = None log_opt_values /usr/lib/python3/dist-packages/oslo_config/cfg.py:2609
2025-11-24 00:37:57.711 129172 DEBUG oslo_service.service [req-1de93bfc-994d-4369-b4d0-8c8f4610aafa - - - - -] compute.image_type_exclude_list = [] log_opt_values /usr/lib/python3/dist-packages/oslo_config/cfg.py:2609
2025-11-24 00:37:57.711 129172 DEBUG oslo_service.service [req-1de93bfc-994d-4369-b4d0-8c8f4610aafa - - - - -] compute.live_migration_wait_for_vif_plug = True log_opt_values /usr/lib/python3/dist-packages/oslo_config/cfg.py:2609
2025-11-24 00:37:57.712 129172 DEBUG oslo_service.service [req-1de93bfc-994d-4369-b4d0-8c8f4610aafa - - - - -] compute.max_concurrent_disk_ops = 0 log_opt_values /usr/lib/python3/dist-packages/oslo_config/cfg.py:2609
2025-11-24 00:37:57.712 129172 DEBUG oslo_service.service [req-1de93bfc-994d-4369-b4d0-8c8f4610aafa - - - - -] compute.max_disk_devices_to_attach = -1 log_opt_values /usr/lib/python3/dist-packages/oslo_config/cfg.py:2609
2025-11-24 00:37:57.712 129172 DEBUG oslo_service.service [req-1de93bfc-994d-4369-b4d0-8c8f4610aafa - - - - -] compute.packing_host_numa_cells_allocation_strategy = True log_opt_values /usr/lib/python3/dist-packages/oslo_config/cfg.py:2609
2025-11-24 00:37:57.713 129172 DEBUG oslo_service.service [req-1de93bfc-994d-4369-b4d0-8c8f4610aafa - - - - -] compute.provider_config_location = /etc/nova/provider_config/ log_opt_values /usr/lib/python3/dist-packages/oslo_config/cfg.py:2609
2025-11-24 00:37:57.714 129172 DEBUG oslo_service.service [req-1de93bfc-994d-4369-b4d0-8c8f4610aafa - - - - -] compute.resource_provider_association_refresh = 300 log_opt_values /usr/lib/python3/dist-packages/oslo_config/cfg.py:2609
2025-11-24 00:37:57.714 129172 DEBUG oslo_service.service [req-1de93bfc-994d-4369-b4d0-8c8f4610aafa - - - - -] compute.shutdown_retry_interval = 10 log_opt_values /usr/lib/python3/dist-packages/oslo_config/cfg.py:2609
2025-11-24 00:37:57.714 129172 DEBUG oslo_service.service [req-1de93bfc-994d-4369-b4d0-8c8f4610aafa - - - - -] compute.vmdk_allowed_types = ['streamOptimized', 'monolithicSparse'] log_opt_values /usr/lib/python3/dist-packages/oslo_config/cfg.py:2609
2025-11-24 00:37:57.715 129172 DEBUG oslo_service.service [req-1de93bfc-994d-4369-b4d0-8c8f4610aafa - - - - -] conductor.workers = 4 log_opt_values /usr/lib/python3/dist-packages/oslo_config/cfg.py:2609
2025-11-24 00:37:57.715 129172 DEBUG oslo_service.service [req-1de93bfc-994d-4369-b4d0-8c8f4610aafa - - - - -] console.allowed_origins = [] log_opt_values /usr/lib/python3/dist-packages/oslo_config/cfg.py:2609
2025-11-24 00:37:57.715 129172 DEBUG oslo_service.service [req-1de93bfc-994d-4369-b4d0-8c8f4610aafa - - - - -] console.ssl_ciphers = None log_opt_values /usr/lib/python3/dist-packages/oslo_config/cfg.py:2609
2025-11-24 00:37:57.716 129172 DEBUG oslo_service.service [req-1de93bfc-994d-4369-b4d0-8c8f4610aafa - - - - -] console.ssl_minimum_version = default log_opt_values /usr/lib/python3/dist-packages/oslo_config/cfg.py:2609
2025-11-24 00:37:57.716 129172 DEBUG oslo_service.service [req-1de93bfc-994d-4369-b4d0-8c8f4610aafa - - - - -] consoleauth.token_ttl = 600 log_opt_values /usr/lib/python3/dist-packages/oslo_config/cfg.py:2609
2025-11-24 00:37:57.718 129172 DEBUG oslo_service.service [req-1de93bfc-994d-4369-b4d0-8c8f4610aafa - - - - -] cyborg.cafile = None log_opt_values /usr/lib/python3/dist-packages/oslo_config/cfg.py:2609
2025-11-24 00:37:57.718 129172 DEBUG oslo_service.service [req-1de93bfc-994d-4369-b4d0-8c8f4610aafa - - - - -] cyborg.certfile = None log_opt_values /usr/lib/python3/dist-packages/oslo_config/cfg.py:2609
2025-11-24 00:37:57.719 129172 DEBUG oslo_service.service [req-1de93bfc-994d-4369-b4d0-8c8f4610aafa - - - - -] cyborg.collect_timing = False log_opt_values /usr/lib/python3/dist-packages/oslo_config/cfg.py:2609
2025-11-24 00:37:57.720 129172 DEBUG oslo_service.service [req-1de93bfc-994d-4369-b4d0-8c8f4610aafa - - - - -] cyborg.connect_retries = None log_opt_values /usr/lib/python3/dist-packages/oslo_config/cfg.py:2609
2025-11-24 00:37:57.720 129172 DEBUG oslo_service.service [req-1de93bfc-994d-4369-b4d0-8c8f4610aafa - - - - -] cyborg.connect_retry_delay = None log_opt_values /usr/lib/python3/dist-packages/oslo_config/cfg.py:2609
2025-11-24 00:37:57.721 129172 DEBUG oslo_service.service [req-1de93bfc-994d-4369-b4d0-8c8f4610aafa - - - - -] cyborg.endpoint_override = None log_opt_values /usr/lib/python3/dist-packages/oslo_config/cfg.py:2609
2025-11-24 00:37:57.721 129172 DEBUG oslo_service.service [req-1de93bfc-994d-4369-b4d0-8c8f4610aafa - - - - -] cyborg.insecure = False log_opt_values /usr/lib/python3/dist-packages/oslo_config/cfg.py:2609
2025-11-24 00:37:57.721 129172 DEBUG oslo_service.service [req-1de93bfc-994d-4369-b4d0-8c8f4610aafa - - - - -] cyborg.keyfile = None log_opt_values /usr/lib/python3/dist-packages/oslo_config/cfg.py:2609
2025-11-24 00:37:57.722 129172 DEBUG oslo_service.service [req-1de93bfc-994d-4369-b4d0-8c8f4610aafa - - - - -] cyborg.max_version = None log_opt_values /usr/lib/python3/dist-packages/oslo_config/cfg.py:2609
2025-11-24 00:37:57.722 129172 DEBUG oslo_service.service [req-1de93bfc-994d-4369-b4d0-8c8f4610aafa - - - - -] cyborg.min_version = None log_opt_values /usr/lib/python3/dist-packages/oslo_config/cfg.py:2609
2025-11-24 00:37:57.722 129172 DEBUG oslo_service.service [req-1de93bfc-994d-4369-b4d0-8c8f4610aafa - - - - -] cyborg.region_name = None log_opt_values /usr/lib/python3/dist-packages/oslo_config/cfg.py:2609
2025-11-24 00:37:57.722 129172 DEBUG oslo_service.service [req-1de93bfc-994d-4369-b4d0-8c8f4610aafa - - - - -] cyborg.service_name = None log_opt_values /usr/lib/python3/dist-packages/oslo_config/cfg.py:2609
2025-11-24 00:37:57.723 129172 DEBUG oslo_service.service [req-1de93bfc-994d-4369-b4d0-8c8f4610aafa - - - - -] cyborg.service_type = accelerator log_opt_values /usr/lib/python3/dist-packages/oslo_config/cfg.py:2609
2025-11-24 00:37:57.723 129172 DEBUG oslo_service.service [req-1de93bfc-994d-4369-b4d0-8c8f4610aafa - - - - -] cyborg.split_loggers = False log_opt_values /usr/lib/python3/dist-packages/oslo_config/cfg.py:2609
2025-11-24 00:37:57.724 129172 DEBUG oslo_service.service [req-1de93bfc-994d-4369-b4d0-8c8f4610aafa - - - - -] cyborg.status_code_retries = None log_opt_values /usr/lib/python3/dist-packages/oslo_config/cfg.py:2609
2025-11-24 00:37:57.724 129172 DEBUG oslo_service.service [req-1de93bfc-994d-4369-b4d0-8c8f4610aafa - - - - -] cyborg.status_code_retry_delay = None log_opt_values /usr/lib/python3/dist-packages/oslo_config/cfg.py:2609
2025-11-24 00:37:57.724 129172 DEBUG oslo_service.service [req-1de93bfc-994d-4369-b4d0-8c8f4610aafa - - - - -] cyborg.timeout = None log_opt_values /usr/lib/python3/dist-packages/oslo_config/cfg.py:2609
2025-11-24 00:37:57.725 129172 DEBUG oslo_service.service [req-1de93bfc-994d-4369-b4d0-8c8f4610aafa - - - - -] cyborg.valid_interfaces = ['internal', 'public'] log_opt_values /usr/lib/python3/dist-packages/oslo_config/cfg.py:2609
2025-11-24 00:37:57.725 129172 DEBUG oslo_service.service [req-1de93bfc-994d-4369-b4d0-8c8f4610aafa - - - - -] cyborg.version = None log_opt_values /usr/lib/python3/dist-packages/oslo_config/cfg.py:2609
2025-11-24 00:37:57.725 129172 DEBUG oslo_service.service [req-1de93bfc-994d-4369-b4d0-8c8f4610aafa - - - - -] database.backend = sqlalchemy log_opt_values /usr/lib/python3/dist-packages/oslo_config/cfg.py:2609
2025-11-24 00:37:57.726 129172 DEBUG oslo_service.service [req-1de93bfc-994d-4369-b4d0-8c8f4610aafa - - - - -] database.connection = **** log_opt_values /usr/lib/python3/dist-packages/oslo_config/cfg.py:2609
2025-11-24 00:37:57.726 129172 DEBUG oslo_service.service [req-1de93bfc-994d-4369-b4d0-8c8f4610aafa - - - - -] database.connection_debug = 0 log_opt_values /usr/lib/python3/dist-packages/oslo_config/cfg.py:2609
2025-11-24 00:37:57.726 129172 DEBUG oslo_service.service [req-1de93bfc-994d-4369-b4d0-8c8f4610aafa - - - - -] database.connection_parameters = log_opt_values /usr/lib/python3/dist-packages/oslo_config/cfg.py:2609
2025-11-24 00:37:57.726 129172 DEBUG oslo_service.service [req-1de93bfc-994d-4369-b4d0-8c8f4610aafa - - - - -] database.connection_recycle_time = 3600 log_opt_values /usr/lib/python3/dist-packages/oslo_config/cfg.py:2609
2025-11-24 00:37:57.727 129172 DEBUG oslo_service.service [req-1de93bfc-994d-4369-b4d0-8c8f4610aafa - - - - -] database.connection_trace = False log_opt_values /usr/lib/python3/dist-packages/oslo_config/cfg.py:2609
2025-11-24 00:37:57.727 129172 DEBUG oslo_service.service [req-1de93bfc-994d-4369-b4d0-8c8f4610aafa - - - - -] database.db_inc_retry_interval = True log_opt_values /usr/lib/python3/dist-packages/oslo_config/cfg.py:2609
2025-11-24 00:37:57.725 130254 DEBUG oslo_messaging._drivers.amqpdriver [-] Listener is running poll /usr/lib/python3/dist-packages/oslo_messaging/_drivers/amqpdriver.py:343
2025-11-24 00:37:57.727 129172 DEBUG oslo_service.service [req-1de93bfc-994d-4369-b4d0-8c8f4610aafa - - - - -] database.db_max_retries = 20 log_opt_values /usr/lib/python3/dist-packages/oslo_config/cfg.py:2609
2025-11-24 00:37:57.729 129172 DEBUG oslo_service.service [req-1de93bfc-994d-4369-b4d0-8c8f4610aafa - - - - -] database.db_max_retry_interval = 10 log_opt_values /usr/lib/python3/dist-packages/oslo_config/cfg.py:2609
2025-11-24 00:37:57.729 129172 DEBUG oslo_service.service [req-1de93bfc-994d-4369-b4d0-8c8f4610aafa - - - - -] database.db_retry_interval = 1 log_opt_values /usr/lib/python3/dist-packages/oslo_config/cfg.py:2609
2025-11-24 00:37:57.728 130254 DEBUG oslo_messaging._drivers.amqpdriver [-] AMQPListener connection consume poll /usr/lib/python3/dist-packages/oslo_messaging/_drivers/amqpdriver.py:357
2025-11-24 00:37:57.729 129172 DEBUG oslo_service.service [req-1de93bfc-994d-4369-b4d0-8c8f4610aafa - - - - -] database.max_overflow = 50 log_opt_values /usr/lib/python3/dist-packages/oslo_config/cfg.py:2609
2025-11-24 00:37:57.729 129172 DEBUG oslo_service.service [req-1de93bfc-994d-4369-b4d0-8c8f4610aafa - - - - -] database.max_pool_size = 4 log_opt_values /usr/lib/python3/dist-packages/oslo_config/cfg.py:2609
2025-11-24 00:37:57.729 129172 DEBUG oslo_service.service [req-1de93bfc-994d-4369-b4d0-8c8f4610aafa - - - - -] database.max_retries = 10 log_opt_values /usr/lib/python3/dist-packages/oslo_config/cfg.py:2609
2025-11-24 00:37:57.730 129172 DEBUG oslo_service.service [req-1de93bfc-994d-4369-b4d0-8c8f4610aafa - - - - -] database.mysql_enable_ndb = False log_opt_values /usr/lib/python3/dist-packages/oslo_config/cfg.py:2609
2025-11-24 00:37:57.730 129172 DEBUG oslo_service.service [req-1de93bfc-994d-4369-b4d0-8c8f4610aafa - - - - -] database.mysql_sql_mode = TRADITIONAL log_opt_values /usr/lib/python3/dist-packages/oslo_config/cfg.py:2609
2025-11-24 00:37:57.730 130254 DEBUG nova.service [req-8d1c293d-86f0-43a6-91fc-7b4c128b90a7 - - - - -] Join ServiceGroup membership for this service scheduler start /usr/lib/python3/dist-packages/nova/service.py:199
2025-11-24 00:37:57.731 130256 DEBUG oslo_messaging._drivers.amqpdriver [-] Listener is running poll /usr/lib/python3/dist-packages/oslo_messaging/_drivers/amqpdriver.py:343
2025-11-24 00:37:57.731 130254 DEBUG nova.servicegroup.drivers.db [req-8d1c293d-86f0-43a6-91fc-7b4c128b90a7 - - - - -] DB_Driver: join new ServiceGroup member juju-5bb440-0-lxd-7 to the scheduler group, service = join /usr/lib/python3/dist-packages/nova/servicegroup/drivers/db.py:44
2025-11-24 00:37:57.731 129172 DEBUG oslo_service.service [req-1de93bfc-994d-4369-b4d0-8c8f4610aafa - - - - -] database.pool_timeout = None log_opt_values /usr/lib/python3/dist-packages/oslo_config/cfg.py:2609
2025-11-24 00:37:57.731 129172 DEBUG oslo_service.service [req-1de93bfc-994d-4369-b4d0-8c8f4610aafa - - - - -] database.retry_interval = 10 log_opt_values /usr/lib/python3/dist-packages/oslo_config/cfg.py:2609
2025-11-24 00:37:57.732 130256 DEBUG oslo_messaging._drivers.amqpdriver [-] AMQPListener connection consume poll /usr/lib/python3/dist-packages/oslo_messaging/_drivers/amqpdriver.py:357
2025-11-24 00:37:57.732 129172 DEBUG oslo_service.service [req-1de93bfc-994d-4369-b4d0-8c8f4610aafa - - - - -] database.slave_connection = **** log_opt_values /usr/lib/python3/dist-packages/oslo_config/cfg.py:2609
2025-11-24 00:37:57.734 129172 DEBUG oslo_service.service [req-1de93bfc-994d-4369-b4d0-8c8f4610aafa - - - - -] database.sqlite_synchronous = True log_opt_values /usr/lib/python3/dist-packages/oslo_config/cfg.py:2609
2025-11-24 00:37:57.734 129172 DEBUG oslo_service.service [req-1de93bfc-994d-4369-b4d0-8c8f4610aafa - - - - -] database.use_db_reconnect = False log_opt_values /usr/lib/python3/dist-packages/oslo_config/cfg.py:2609
2025-11-24 00:37:57.734 129172 DEBUG oslo_service.service [req-1de93bfc-994d-4369-b4d0-8c8f4610aafa - - - - -] api_database.backend = sqlalchemy log_opt_values /usr/lib/python3/dist-packages/oslo_config/cfg.py:2609
2025-11-24 00:37:57.734 130254 DEBUG oslo_messaging._drivers.amqpdriver [-] AMQPListener connection timeout poll /usr/lib/python3/dist-packages/oslo_messaging/_drivers/amqpdriver.py:360
2025-11-24 00:37:57.734 130254 DEBUG oslo_messaging._drivers.amqpdriver [-] Listener is running poll /usr/lib/python3/dist-packages/oslo_messaging/_drivers/amqpdriver.py:343
2025-11-24 00:37:57.734 129172 DEBUG oslo_service.service [req-1de93bfc-994d-4369-b4d0-8c8f4610aafa - - - - -] api_database.connection = **** log_opt_values /usr/lib/python3/dist-packages/oslo_config/cfg.py:2609
2025-11-24 00:37:57.734 130254 DEBUG oslo_messaging._drivers.amqpdriver [-] AMQPListener connection consume poll /usr/lib/python3/dist-packages/oslo_messaging/_drivers/amqpdriver.py:357
2025-11-24 00:37:57.734 129172 DEBUG oslo_service.service [req-1de93bfc-994d-4369-b4d0-8c8f4610aafa - - - - -] api_database.connection_debug = 0 log_opt_values /usr/lib/python3/dist-packages/oslo_config/cfg.py:2609
2025-11-24 00:37:57.735 129172 DEBUG oslo_service.service [req-1de93bfc-994d-4369-b4d0-8c8f4610aafa - - - - -] api_database.connection_parameters = log_opt_values /usr/lib/python3/dist-packages/oslo_config/cfg.py:2609
2025-11-24 00:37:57.735 129172 DEBUG oslo_service.service [req-1de93bfc-994d-4369-b4d0-8c8f4610aafa - - - - -] api_database.connection_recycle_time = 3600 log_opt_values /usr/lib/python3/dist-packages/oslo_config/cfg.py:2609
2025-11-24 00:37:57.735 129172 DEBUG oslo_service.service [req-1de93bfc-994d-4369-b4d0-8c8f4610aafa - - - - -] api_database.connection_trace = False log_opt_values /usr/lib/python3/dist-packages/oslo_config/cfg.py:2609
2025-11-24 00:37:57.735 129172 DEBUG oslo_service.service [req-1de93bfc-994d-4369-b4d0-8c8f4610aafa - - - - -] api_database.db_inc_retry_interval = True log_opt_values /usr/lib/python3/dist-packages/oslo_config/cfg.py:2609
2025-11-24 00:37:57.735 129172 DEBUG oslo_service.service [req-1de93bfc-994d-4369-b4d0-8c8f4610aafa - - - - -] api_database.db_max_retries = 20 log_opt_values /usr/lib/python3/dist-packages/oslo_config/cfg.py:2609
2025-11-24 00:37:57.735 130257 DEBUG oslo_messaging._drivers.amqpdriver [-] Listener is running poll /usr/lib/python3/dist-packages/oslo_messaging/_drivers/amqpdriver.py:343
2025-11-24 00:37:57.736 129172 DEBUG oslo_service.service [req-1de93bfc-994d-4369-b4d0-8c8f4610aafa - - - - -] api_database.db_max_retry_interval = 10 log_opt_values /usr/lib/python3/dist-packages/oslo_config/cfg.py:2609
2025-11-24 00:37:57.736 130257 DEBUG oslo_messaging._drivers.amqpdriver [-] AMQPListener connection consume poll /usr/lib/python3/dist-packages/oslo_messaging/_drivers/amqpdriver.py:357
2025-11-24 00:37:57.736 129172 DEBUG oslo_service.service [req-1de93bfc-994d-4369-b4d0-8c8f4610aafa - - - - -] api_database.db_retry_interval = 1 log_opt_values /usr/lib/python3/dist-packages/oslo_config/cfg.py:2609
2025-11-24 00:37:57.736 129172 DEBUG oslo_service.service [req-1de93bfc-994d-4369-b4d0-8c8f4610aafa - - - - -] api_database.max_overflow = 50 log_opt_values /usr/lib/python3/dist-packages/oslo_config/cfg.py:2609
2025-11-24 00:37:57.735 130256 DEBUG nova.service [req-bd20c20b-4c17-482f-9a54-f2f36e0c7605 - - - - -] Join ServiceGroup membership for this service scheduler start /usr/lib/python3/dist-packages/nova/service.py:199
2025-11-24 00:37:57.737 130256 DEBUG nova.servicegroup.drivers.db [req-bd20c20b-4c17-482f-9a54-f2f36e0c7605 - - - - -] DB_Driver: join new ServiceGroup member juju-5bb440-0-lxd-7 to the scheduler group, service = join /usr/lib/python3/dist-packages/nova/servicegroup/drivers/db.py:44
2025-11-24 00:37:57.737 129172 DEBUG oslo_service.service [req-1de93bfc-994d-4369-b4d0-8c8f4610aafa - - - - -] api_database.max_pool_size = 4 log_opt_values /usr/lib/python3/dist-packages/oslo_config/cfg.py:2609
2025-11-24 00:37:57.737 129172 DEBUG oslo_service.service [req-1de93bfc-994d-4369-b4d0-8c8f4610aafa - - - - -] api_database.max_retries = 10 log_opt_values /usr/lib/python3/dist-packages/oslo_config/cfg.py:2609
2025-11-24 00:37:57.737 130256 DEBUG oslo_messaging._drivers.amqpdriver [-] AMQPListener connection timeout poll /usr/lib/python3/dist-packages/oslo_messaging/_drivers/amqpdriver.py:360
2025-11-24 00:37:57.737 129172 DEBUG oslo_service.service [req-1de93bfc-994d-4369-b4d0-8c8f4610aafa - - - - -] api_database.mysql_enable_ndb = False log_opt_values /usr/lib/python3/dist-packages/oslo_config/cfg.py:2609
2025-11-24 00:37:57.737 130257 DEBUG nova.service [req-b404ed2c-b1ed-4fb2-b244-da0978583354 - - - - -] Join ServiceGroup membership for this service scheduler start /usr/lib/python3/dist-packages/nova/service.py:199
2025-11-24 00:37:57.738 130256 DEBUG oslo_messaging._drivers.amqpdriver [-] Listener is running poll /usr/lib/python3/dist-packages/oslo_messaging/_drivers/amqpdriver.py:343
2025-11-24 00:37:57.738 129172 DEBUG oslo_service.service [req-1de93bfc-994d-4369-b4d0-8c8f4610aafa - - - - -] api_database.mysql_sql_mode = TRADITIONAL log_opt_values /usr/lib/python3/dist-packages/oslo_config/cfg.py:2609
2025-11-24 00:37:57.738 130256 DEBUG oslo_messaging._drivers.amqpdriver [-] AMQPListener connection consume poll /usr/lib/python3/dist-packages/oslo_messaging/_drivers/amqpdriver.py:357
2025-11-24 00:37:57.738 130257 DEBUG nova.servicegroup.drivers.db [req-b404ed2c-b1ed-4fb2-b244-da0978583354 - - - - -] DB_Driver: join new ServiceGroup member juju-5bb440-0-lxd-7 to the scheduler group, service = join /usr/lib/python3/dist-packages/nova/servicegroup/drivers/db.py:44
2025-11-24 00:37:57.738 129172 DEBUG oslo_service.service [req-1de93bfc-994d-4369-b4d0-8c8f4610aafa - - - - -] api_database.pool_timeout = None log_opt_values /usr/lib/python3/dist-packages/oslo_config/cfg.py:2609
2025-11-24 00:37:57.738 129172 DEBUG oslo_service.service [req-1de93bfc-994d-4369-b4d0-8c8f4610aafa - - - - -] api_database.retry_interval = 10 log_opt_values /usr/lib/python3/dist-packages/oslo_config/cfg.py:2609
2025-11-24 00:37:57.738 129172 DEBUG oslo_service.service [req-1de93bfc-994d-4369-b4d0-8c8f4610aafa - - - - -] api_database.slave_connection = **** log_opt_values /usr/lib/python3/dist-packages/oslo_config/cfg.py:2609
2025-11-24 00:37:57.738 129172 DEBUG oslo_service.service [req-1de93bfc-994d-4369-b4d0-8c8f4610aafa - - - - -] api_database.sqlite_synchronous = True log_opt_values /usr/lib/python3/dist-packages/oslo_config/cfg.py:2609
2025-11-24 00:37:57.739 129172 DEBUG oslo_service.service [req-1de93bfc-994d-4369-b4d0-8c8f4610aafa - - - - -] devices.enabled_mdev_types = [] log_opt_values /usr/lib/python3/dist-packages/oslo_config/cfg.py:2609
2025-11-24 00:37:57.739 129172 DEBUG oslo_service.service [req-1de93bfc-994d-4369-b4d0-8c8f4610aafa - - - - -] ephemeral_storage_encryption.cipher = aes-xts-plain64 log_opt_values /usr/lib/python3/dist-packages/oslo_config/cfg.py:2609
2025-11-24 00:37:57.739 129172 DEBUG oslo_service.service [req-1de93bfc-994d-4369-b4d0-8c8f4610aafa - - - - -] ephemeral_storage_encryption.enabled = False log_opt_values /usr/lib/python3/dist-packages/oslo_config/cfg.py:2609
2025-11-24 00:37:57.739 129172 DEBUG oslo_service.service [req-1de93bfc-994d-4369-b4d0-8c8f4610aafa - - - - -] ephemeral_storage_encryption.key_size = 512 log_opt_values /usr/lib/python3/dist-packages/oslo_config/cfg.py:2609
2025-11-24 00:37:57.740 129172 WARNING oslo_config.cfg [req-1de93bfc-994d-4369-b4d0-8c8f4610aafa - - - - -] Deprecated: Option "api_servers" from group "glance" is deprecated for removal ( Support for image service configuration via standard keystoneauth1 Adapter options was added in the 17.0.0 Queens release. The api_servers option was retained temporarily to allow consumers time to cut over to a real load balancing solution. ). Its value may be silently ignored in the future.
2025-11-24 00:37:57.740 129172 DEBUG oslo_service.service [req-1de93bfc-994d-4369-b4d0-8c8f4610aafa - - - - -] glance.api_servers = ['http://252.129.120.105:9292'] log_opt_values /usr/lib/python3/dist-packages/oslo_config/cfg.py:2609
2025-11-24 00:37:57.740 129172 DEBUG oslo_service.service [req-1de93bfc-994d-4369-b4d0-8c8f4610aafa - - - - -] glance.cafile = None log_opt_values /usr/lib/python3/dist-packages/oslo_config/cfg.py:2609
2025-11-24 00:37:57.740 129172 DEBUG oslo_service.service [req-1de93bfc-994d-4369-b4d0-8c8f4610aafa - - - - -] glance.certfile = None log_opt_values /usr/lib/python3/dist-packages/oslo_config/cfg.py:2609
2025-11-24 00:37:57.741 129172 DEBUG oslo_service.service [req-1de93bfc-994d-4369-b4d0-8c8f4610aafa - - - - -] glance.collect_timing = False log_opt_values /usr/lib/python3/dist-packages/oslo_config/cfg.py:2609
2025-11-24 00:37:57.741 129172 DEBUG oslo_service.service [req-1de93bfc-994d-4369-b4d0-8c8f4610aafa - - - - -] glance.connect_retries = None log_opt_values /usr/lib/python3/dist-packages/oslo_config/cfg.py:2609
2025-11-24 00:37:57.742 129172 DEBUG oslo_service.service [req-1de93bfc-994d-4369-b4d0-8c8f4610aafa - - - - -] glance.connect_retry_delay = None log_opt_values /usr/lib/python3/dist-packages/oslo_config/cfg.py:2609
2025-11-24 00:37:57.742 130257 DEBUG oslo_messaging._drivers.amqpdriver [-] AMQPListener connection timeout poll /usr/lib/python3/dist-packages/oslo_messaging/_drivers/amqpdriver.py:360
2025-11-24 00:37:57.743 129172 DEBUG oslo_service.service [req-1de93bfc-994d-4369-b4d0-8c8f4610aafa - - - - -] glance.debug = False log_opt_values /usr/lib/python3/dist-packages/oslo_config/cfg.py:2609
2025-11-24 00:37:57.744 129172 DEBUG oslo_service.service [req-1de93bfc-994d-4369-b4d0-8c8f4610aafa - - - - -] glance.default_trusted_certificate_ids = [] log_opt_values /usr/lib/python3/dist-packages/oslo_config/cfg.py:2609
2025-11-24 00:37:57.744 129172 DEBUG oslo_service.service [req-1de93bfc-994d-4369-b4d0-8c8f4610aafa - - - - -] glance.enable_certificate_validation = False log_opt_values /usr/lib/python3/dist-packages/oslo_config/cfg.py:2609
2025-11-24 00:37:57.744 129172 DEBUG oslo_service.service [req-1de93bfc-994d-4369-b4d0-8c8f4610aafa - - - - -] glance.enable_rbd_download = False log_opt_values /usr/lib/python3/dist-packages/oslo_config/cfg.py:2609
2025-11-24 00:37:57.743 130257 DEBUG oslo_messaging._drivers.amqpdriver [-] Listener is running poll /usr/lib/python3/dist-packages/oslo_messaging/_drivers/amqpdriver.py:343
2025-11-24 00:37:57.745 129172 DEBUG oslo_service.service [req-1de93bfc-994d-4369-b4d0-8c8f4610aafa - - - - -] glance.endpoint_override = None log_opt_values /usr/lib/python3/dist-packages/oslo_config/cfg.py:2609
2025-11-24 00:37:57.746 130257 DEBUG oslo_messaging._drivers.amqpdriver [-] AMQPListener connection consume poll /usr/lib/python3/dist-packages/oslo_messaging/_drivers/amqpdriver.py:357
2025-11-24 00:37:57.747 129172 DEBUG oslo_service.service [req-1de93bfc-994d-4369-b4d0-8c8f4610aafa - - - - -] glance.insecure = False log_opt_values /usr/lib/python3/dist-packages/oslo_config/cfg.py:2609
2025-11-24 00:37:57.747 129172 DEBUG oslo_service.service [req-1de93bfc-994d-4369-b4d0-8c8f4610aafa - - - - -] glance.keyfile = None log_opt_values /usr/lib/python3/dist-packages/oslo_config/cfg.py:2609
2025-11-24 00:37:57.747 129172 DEBUG oslo_service.service [req-1de93bfc-994d-4369-b4d0-8c8f4610aafa - - - - -] glance.max_version = None log_opt_values /usr/lib/python3/dist-packages/oslo_config/cfg.py:2609
2025-11-24 00:37:57.748 129172 DEBUG oslo_service.service [req-1de93bfc-994d-4369-b4d0-8c8f4610aafa - - - - -] glance.min_version = None log_opt_values /usr/lib/python3/dist-packages/oslo_config/cfg.py:2609
2025-11-24 00:37:57.748 129172 DEBUG oslo_service.service [req-1de93bfc-994d-4369-b4d0-8c8f4610aafa - - - - -] glance.num_retries = 3 log_opt_values /usr/lib/python3/dist-packages/oslo_config/cfg.py:2609
2025-11-24 00:37:57.748 129172 DEBUG oslo_service.service [req-1de93bfc-994d-4369-b4d0-8c8f4610aafa - - - - -] glance.rbd_ceph_conf = log_opt_values /usr/lib/python3/dist-packages/oslo_config/cfg.py:2609
2025-11-24 00:37:57.748 129172 DEBUG oslo_service.service [req-1de93bfc-994d-4369-b4d0-8c8f4610aafa - - - - -] glance.rbd_connect_timeout = 5 log_opt_values /usr/lib/python3/dist-packages/oslo_config/cfg.py:2609
2025-11-24 00:37:57.749 129172 DEBUG oslo_service.service [req-1de93bfc-994d-4369-b4d0-8c8f4610aafa - - - - -] glance.rbd_pool = log_opt_values /usr/lib/python3/dist-packages/oslo_config/cfg.py:2609
2025-11-24 00:37:57.749 129172 DEBUG oslo_service.service [req-1de93bfc-994d-4369-b4d0-8c8f4610aafa - - - - -] glance.rbd_user = log_opt_values /usr/lib/python3/dist-packages/oslo_config/cfg.py:2609
2025-11-24 00:37:57.749 130255 DEBUG oslo_messaging._drivers.amqpdriver [-] Listener is running poll /usr/lib/python3/dist-packages/oslo_messaging/_drivers/amqpdriver.py:343
2025-11-24 00:37:57.750 130255 DEBUG oslo_messaging._drivers.amqpdriver [-] AMQPListener connection consume poll /usr/lib/python3/dist-packages/oslo_messaging/_drivers/amqpdriver.py:357
2025-11-24 00:37:57.750 129172 DEBUG oslo_service.service [req-1de93bfc-994d-4369-b4d0-8c8f4610aafa - - - - -] glance.region_name = None log_opt_values /usr/lib/python3/dist-packages/oslo_config/cfg.py:2609
2025-11-24 00:37:57.750 129172 DEBUG oslo_service.service [req-1de93bfc-994d-4369-b4d0-8c8f4610aafa - - - - -] glance.service_name = None log_opt_values /usr/lib/python3/dist-packages/oslo_config/cfg.py:2609
2025-11-24 00:37:57.750 130255 DEBUG nova.service [req-790c6d9f-e568-442d-b266-90462d9ca53c - - - - -] Join ServiceGroup membership for this service scheduler start /usr/lib/python3/dist-packages/nova/service.py:199
2025-11-24 00:37:57.751 129172 DEBUG oslo_service.service [req-1de93bfc-994d-4369-b4d0-8c8f4610aafa - - - - -] glance.service_type = image log_opt_values /usr/lib/python3/dist-packages/oslo_config/cfg.py:2609
2025-11-24 00:37:57.751 130255 DEBUG nova.servicegroup.drivers.db [req-790c6d9f-e568-442d-b266-90462d9ca53c - - - - -] DB_Driver: join new ServiceGroup member juju-5bb440-0-lxd-7 to the scheduler group, service = join /usr/lib/python3/dist-packages/nova/servicegroup/drivers/db.py:44
2025-11-24 00:37:57.751 129172 DEBUG oslo_service.service [req-1de93bfc-994d-4369-b4d0-8c8f4610aafa - - - - -] glance.split_loggers = False log_opt_values /usr/lib/python3/dist-packages/oslo_config/cfg.py:2609
2025-11-24 00:37:57.751 129172 DEBUG oslo_service.service [req-1de93bfc-994d-4369-b4d0-8c8f4610aafa - - - - -] glance.status_code_retries = None log_opt_values /usr/lib/python3/dist-packages/oslo_config/cfg.py:2609
2025-11-24 00:37:57.752 129172 DEBUG oslo_service.service [req-1de93bfc-994d-4369-b4d0-8c8f4610aafa - - - - -] glance.status_code_retry_delay = None log_opt_values /usr/lib/python3/dist-packages/oslo_config/cfg.py:2609
2025-11-24 00:37:57.752 129172 DEBUG oslo_service.service [req-1de93bfc-994d-4369-b4d0-8c8f4610aafa - - - - -] glance.timeout = None log_opt_values /usr/lib/python3/dist-packages/oslo_config/cfg.py:2609
2025-11-24 00:37:57.753 129172 DEBUG oslo_service.service [req-1de93bfc-994d-4369-b4d0-8c8f4610aafa - - - - -] glance.valid_interfaces = ['internal', 'public'] log_opt_values /usr/lib/python3/dist-packages/oslo_config/cfg.py:2609
2025-11-24 00:37:57.753 129172 DEBUG oslo_service.service [req-1de93bfc-994d-4369-b4d0-8c8f4610aafa - - - - -] glance.verify_glance_signatures = False log_opt_values /usr/lib/python3/dist-packages/oslo_config/cfg.py:2609
2025-11-24 00:37:57.753 129172 DEBUG oslo_service.service [req-1de93bfc-994d-4369-b4d0-8c8f4610aafa - - - - -] glance.version = None log_opt_values /usr/lib/python3/dist-packages/oslo_config/cfg.py:2609
2025-11-24 00:37:57.753 129172 DEBUG oslo_service.service [req-1de93bfc-994d-4369-b4d0-8c8f4610aafa - - - - -] guestfs.debug = False log_opt_values /usr/lib/python3/dist-packages/oslo_config/cfg.py:2609
2025-11-24 00:37:57.754 129172 DEBUG oslo_service.service [req-1de93bfc-994d-4369-b4d0-8c8f4610aafa - - - - -] hyperv.config_drive_cdrom = False log_opt_values /usr/lib/python3/dist-packages/oslo_config/cfg.py:2609
2025-11-24 00:37:57.754 129172 DEBUG oslo_service.service [req-1de93bfc-994d-4369-b4d0-8c8f4610aafa - - - - -] hyperv.config_drive_inject_password = False log_opt_values /usr/lib/python3/dist-packages/oslo_config/cfg.py:2609
2025-11-24 00:37:57.754 129172 DEBUG oslo_service.service [req-1de93bfc-994d-4369-b4d0-8c8f4610aafa - - - - -] hyperv.dynamic_memory_ratio = 1.0 log_opt_values /usr/lib/python3/dist-packages/oslo_config/cfg.py:2609
2025-11-24 00:37:57.755 129172 DEBUG oslo_service.service [req-1de93bfc-994d-4369-b4d0-8c8f4610aafa - - - - -] hyperv.enable_instance_metrics_collection = False log_opt_values /usr/lib/python3/dist-packages/oslo_config/cfg.py:2609
2025-11-24 00:37:57.755 129172 DEBUG oslo_service.service [req-1de93bfc-994d-4369-b4d0-8c8f4610aafa - - - - -] hyperv.enable_remotefx = False log_opt_values /usr/lib/python3/dist-packages/oslo_config/cfg.py:2609
2025-11-24 00:37:57.755 129172 DEBUG oslo_service.service [req-1de93bfc-994d-4369-b4d0-8c8f4610aafa - - - - -] hyperv.instances_path_share = log_opt_values /usr/lib/python3/dist-packages/oslo_config/cfg.py:2609
2025-11-24 00:37:57.756 129172 DEBUG oslo_service.service [req-1de93bfc-994d-4369-b4d0-8c8f4610aafa - - - - -] hyperv.iscsi_initiator_list = [] log_opt_values /usr/lib/python3/dist-packages/oslo_config/cfg.py:2609
2025-11-24 00:37:57.756 129172 DEBUG oslo_service.service [req-1de93bfc-994d-4369-b4d0-8c8f4610aafa - - - - -] hyperv.limit_cpu_features = False log_opt_values /usr/lib/python3/dist-packages/oslo_config/cfg.py:2609
2025-11-24 00:37:57.756 129172 DEBUG oslo_service.service [req-1de93bfc-994d-4369-b4d0-8c8f4610aafa - - - - -] hyperv.mounted_disk_query_retry_count = 10 log_opt_values /usr/lib/python3/dist-packages/oslo_config/cfg.py:2609
2025-11-24 00:37:57.757 129172 DEBUG oslo_service.service [req-1de93bfc-994d-4369-b4d0-8c8f4610aafa - - - - -] hyperv.mounted_disk_query_retry_interval = 5 log_opt_values /usr/lib/python3/dist-packages/oslo_config/cfg.py:2609
2025-11-24 00:37:57.757 129172 DEBUG oslo_service.service [req-1de93bfc-994d-4369-b4d0-8c8f4610aafa - - - - -] hyperv.power_state_check_timeframe = 60 log_opt_values /usr/lib/python3/dist-packages/oslo_config/cfg.py:2609
2025-11-24 00:37:57.757 129172 DEBUG oslo_service.service [req-1de93bfc-994d-4369-b4d0-8c8f4610aafa - - - - -] hyperv.power_state_event_polling_interval = 2 log_opt_values /usr/lib/python3/dist-packages/oslo_config/cfg.py:2609
2025-11-24 00:37:57.758 129172 DEBUG oslo_service.service [req-1de93bfc-994d-4369-b4d0-8c8f4610aafa - - - - -] hyperv.qemu_img_cmd = qemu-img.exe log_opt_values /usr/lib/python3/dist-packages/oslo_config/cfg.py:2609
2025-11-24 00:37:57.758 129172 DEBUG oslo_service.service [req-1de93bfc-994d-4369-b4d0-8c8f4610aafa - - - - -] hyperv.use_multipath_io = False log_opt_values /usr/lib/python3/dist-packages/oslo_config/cfg.py:2609
2025-11-24 00:37:57.759 129172 DEBUG oslo_service.service [req-1de93bfc-994d-4369-b4d0-8c8f4610aafa - - - - -] hyperv.volume_attach_retry_count = 10 log_opt_values /usr/lib/python3/dist-packages/oslo_config/cfg.py:2609
2025-11-24 00:37:57.759 129172 DEBUG oslo_service.service [req-1de93bfc-994d-4369-b4d0-8c8f4610aafa - - - - -] hyperv.volume_attach_retry_interval = 5 log_opt_values /usr/lib/python3/dist-packages/oslo_config/cfg.py:2609
2025-11-24 00:37:57.759 129172 DEBUG oslo_service.service [req-1de93bfc-994d-4369-b4d0-8c8f4610aafa - - - - -] hyperv.vswitch_name = None log_opt_values /usr/lib/python3/dist-packages/oslo_config/cfg.py:2609
2025-11-24 00:37:57.759 130255 DEBUG oslo_messaging._drivers.amqpdriver [-] AMQPListener connection timeout poll /usr/lib/python3/dist-packages/oslo_messaging/_drivers/amqpdriver.py:360
2025-11-24 00:37:57.760 129172 DEBUG oslo_service.service [req-1de93bfc-994d-4369-b4d0-8c8f4610aafa - - - - -] hyperv.wait_soft_reboot_seconds = 60 log_opt_values /usr/lib/python3/dist-packages/oslo_config/cfg.py:2609
2025-11-24 00:37:57.760 130255 DEBUG oslo_messaging._drivers.amqpdriver [-] Listener is running poll /usr/lib/python3/dist-packages/oslo_messaging/_drivers/amqpdriver.py:343
2025-11-24 00:37:57.760 130255 DEBUG oslo_messaging._drivers.amqpdriver [-] AMQPListener connection consume poll /usr/lib/python3/dist-packages/oslo_messaging/_drivers/amqpdriver.py:357
2025-11-24 00:37:57.760 129172 DEBUG oslo_service.service [req-1de93bfc-994d-4369-b4d0-8c8f4610aafa - - - - -] mks.enabled = False log_opt_values /usr/lib/python3/dist-packages/oslo_config/cfg.py:2609
2025-11-24 00:37:57.761 129172 DEBUG oslo_service.service [req-1de93bfc-994d-4369-b4d0-8c8f4610aafa - - - - -] mks.mksproxy_base_url = http://127.0.0.1:6090/ log_opt_values /usr/lib/python3/dist-packages/oslo_config/cfg.py:2609
2025-11-24 00:37:57.761 129172 DEBUG oslo_service.service [req-1de93bfc-994d-4369-b4d0-8c8f4610aafa - - - - -] image_cache.manager_interval = 2400 log_opt_values /usr/lib/python3/dist-packages/oslo_config/cfg.py:2609
2025-11-24 00:37:57.762 129172 DEBUG oslo_service.service [req-1de93bfc-994d-4369-b4d0-8c8f4610aafa - - - - -] image_cache.precache_concurrency = 1 log_opt_values /usr/lib/python3/dist-packages/oslo_config/cfg.py:2609
2025-11-24 00:37:57.762 129172 DEBUG oslo_service.service [req-1de93bfc-994d-4369-b4d0-8c8f4610aafa - - - - -] image_cache.remove_unused_base_images = True log_opt_values /usr/lib/python3/dist-packages/oslo_config/cfg.py:2609
2025-11-24 00:37:57.762 129172 DEBUG oslo_service.service [req-1de93bfc-994d-4369-b4d0-8c8f4610aafa - - - - -] image_cache.remove_unused_original_minimum_age_seconds = 86400 log_opt_values /usr/lib/python3/dist-packages/oslo_config/cfg.py:2609
2025-11-24 00:37:57.763 129172 DEBUG oslo_service.service [req-1de93bfc-994d-4369-b4d0-8c8f4610aafa - - - - -] image_cache.remove_unused_resized_minimum_age_seconds = 3600 log_opt_values /usr/lib/python3/dist-packages/oslo_config/cfg.py:2609
2025-11-24 00:37:57.763 129172 DEBUG oslo_service.service [req-1de93bfc-994d-4369-b4d0-8c8f4610aafa - - - - -] image_cache.subdirectory_name = _base log_opt_values /usr/lib/python3/dist-packages/oslo_config/cfg.py:2609
2025-11-24 00:37:57.764 129172 DEBUG oslo_service.service [req-1de93bfc-994d-4369-b4d0-8c8f4610aafa - - - - -] ironic.api_max_retries = 60 log_opt_values /usr/lib/python3/dist-packages/oslo_config/cfg.py:2609
2025-11-24 00:37:57.764 129172 DEBUG oslo_service.service [req-1de93bfc-994d-4369-b4d0-8c8f4610aafa - - - - -] ironic.api_retry_interval = 2 log_opt_values /usr/lib/python3/dist-packages/oslo_config/cfg.py:2609
2025-11-24 00:37:57.764 129172 DEBUG oslo_service.service [req-1de93bfc-994d-4369-b4d0-8c8f4610aafa - - - - -] ironic.auth_section = None log_opt_values /usr/lib/python3/dist-packages/oslo_config/cfg.py:2609
2025-11-24 00:37:57.764 129172 DEBUG oslo_service.service [req-1de93bfc-994d-4369-b4d0-8c8f4610aafa - - - - -] ironic.auth_type = None log_opt_values /usr/lib/python3/dist-packages/oslo_config/cfg.py:2609
2025-11-24 00:37:57.765 129172 DEBUG oslo_service.service [req-1de93bfc-994d-4369-b4d0-8c8f4610aafa - - - - -] ironic.cafile = None log_opt_values /usr/lib/python3/dist-packages/oslo_config/cfg.py:2609
2025-11-24 00:37:57.765 129172 DEBUG oslo_service.service [req-1de93bfc-994d-4369-b4d0-8c8f4610aafa - - - - -] ironic.certfile = None log_opt_values /usr/lib/python3/dist-packages/oslo_config/cfg.py:2609
2025-11-24 00:37:57.765 129172 DEBUG oslo_service.service [req-1de93bfc-994d-4369-b4d0-8c8f4610aafa - - - - -] ironic.collect_timing = False log_opt_values /usr/lib/python3/dist-packages/oslo_config/cfg.py:2609
2025-11-24 00:37:57.766 129172 DEBUG oslo_service.service [req-1de93bfc-994d-4369-b4d0-8c8f4610aafa - - - - -] ironic.connect_retries = None log_opt_values /usr/lib/python3/dist-packages/oslo_config/cfg.py:2609
2025-11-24 00:37:57.766 129172 DEBUG oslo_service.service [req-1de93bfc-994d-4369-b4d0-8c8f4610aafa - - - - -] ironic.connect_retry_delay = None log_opt_values /usr/lib/python3/dist-packages/oslo_config/cfg.py:2609
2025-11-24 00:37:57.767 129172 DEBUG oslo_service.service [req-1de93bfc-994d-4369-b4d0-8c8f4610aafa - - - - -] ironic.endpoint_override = None log_opt_values /usr/lib/python3/dist-packages/oslo_config/cfg.py:2609
2025-11-24 00:37:57.768 129172 DEBUG oslo_service.service [req-1de93bfc-994d-4369-b4d0-8c8f4610aafa - - - - -] ironic.insecure = False log_opt_values /usr/lib/python3/dist-packages/oslo_config/cfg.py:2609
2025-11-24 00:37:57.773 129172 DEBUG oslo_service.service [req-1de93bfc-994d-4369-b4d0-8c8f4610aafa - - - - -] ironic.keyfile = None log_opt_values /usr/lib/python3/dist-packages/oslo_config/cfg.py:2609
2025-11-24 00:37:57.775 129172 DEBUG oslo_service.service [req-1de93bfc-994d-4369-b4d0-8c8f4610aafa - - - - -] ironic.max_version = None log_opt_values /usr/lib/python3/dist-packages/oslo_config/cfg.py:2609
2025-11-24 00:37:57.775 129172 DEBUG oslo_service.service [req-1de93bfc-994d-4369-b4d0-8c8f4610aafa - - - - -] ironic.min_version = None log_opt_values /usr/lib/python3/dist-packages/oslo_config/cfg.py:2609
2025-11-24 00:37:57.776 129172 DEBUG oslo_service.service [req-1de93bfc-994d-4369-b4d0-8c8f4610aafa - - - - -] ironic.partition_key = None log_opt_values /usr/lib/python3/dist-packages/oslo_config/cfg.py:2609
2025-11-24 00:37:57.776 129172 DEBUG oslo_service.service [req-1de93bfc-994d-4369-b4d0-8c8f4610aafa - - - - -] ironic.peer_list = [] log_opt_values /usr/lib/python3/dist-packages/oslo_config/cfg.py:2609
2025-11-24 00:37:57.777 129172 DEBUG oslo_service.service [req-1de93bfc-994d-4369-b4d0-8c8f4610aafa - - - - -] ironic.region_name = None log_opt_values /usr/lib/python3/dist-packages/oslo_config/cfg.py:2609
2025-11-24 00:37:57.777 129172 DEBUG oslo_service.service [req-1de93bfc-994d-4369-b4d0-8c8f4610aafa - - - - -] ironic.serial_console_state_timeout = 10 log_opt_values /usr/lib/python3/dist-packages/oslo_config/cfg.py:2609
2025-11-24 00:37:57.777 129172 DEBUG oslo_service.service [req-1de93bfc-994d-4369-b4d0-8c8f4610aafa - - - - -] ironic.service_name = None log_opt_values /usr/lib/python3/dist-packages/oslo_config/cfg.py:2609
2025-11-24 00:37:57.778 129172 DEBUG oslo_service.service [req-1de93bfc-994d-4369-b4d0-8c8f4610aafa - - - - -] ironic.service_type = baremetal log_opt_values /usr/lib/python3/dist-packages/oslo_config/cfg.py:2609
2025-11-24 00:37:57.779 129172 DEBUG oslo_service.service [req-1de93bfc-994d-4369-b4d0-8c8f4610aafa - - - - -] ironic.split_loggers = False log_opt_values /usr/lib/python3/dist-packages/oslo_config/cfg.py:2609
2025-11-24 00:37:57.779 129172 DEBUG oslo_service.service [req-1de93bfc-994d-4369-b4d0-8c8f4610aafa - - - - -] ironic.status_code_retries = None log_opt_values /usr/lib/python3/dist-packages/oslo_config/cfg.py:2609
2025-11-24 00:37:57.779 129172 DEBUG oslo_service.service [req-1de93bfc-994d-4369-b4d0-8c8f4610aafa - - - - -] ironic.status_code_retry_delay = None log_opt_values /usr/lib/python3/dist-packages/oslo_config/cfg.py:2609
2025-11-24 00:37:57.780 129172 DEBUG oslo_service.service [req-1de93bfc-994d-4369-b4d0-8c8f4610aafa - - - - -] ironic.timeout = None log_opt_values /usr/lib/python3/dist-packages/oslo_config/cfg.py:2609
2025-11-24 00:37:57.780 129172 DEBUG oslo_service.service [req-1de93bfc-994d-4369-b4d0-8c8f4610aafa - - - - -] ironic.valid_interfaces = ['internal', 'public'] log_opt_values /usr/lib/python3/dist-packages/oslo_config/cfg.py:2609
2025-11-24 00:37:57.780 129172 DEBUG oslo_service.service [req-1de93bfc-994d-4369-b4d0-8c8f4610aafa - - - - -] ironic.version = None log_opt_values /usr/lib/python3/dist-packages/oslo_config/cfg.py:2609
2025-11-24 00:37:57.780 129172 DEBUG oslo_service.service [req-1de93bfc-994d-4369-b4d0-8c8f4610aafa - - - - -] key_manager.backend = barbican log_opt_values /usr/lib/python3/dist-packages/oslo_config/cfg.py:2609
2025-11-24 00:37:57.781 129172 DEBUG oslo_service.service [req-1de93bfc-994d-4369-b4d0-8c8f4610aafa - - - - -] key_manager.fixed_key = **** log_opt_values /usr/lib/python3/dist-packages/oslo_config/cfg.py:2609
2025-11-24 00:37:57.781 129172 DEBUG oslo_service.service [req-1de93bfc-994d-4369-b4d0-8c8f4610aafa - - - - -] barbican.auth_endpoint = http://localhost/identity/v3 log_opt_values /usr/lib/python3/dist-packages/oslo_config/cfg.py:2609
2025-11-24 00:37:57.781 129172 DEBUG oslo_service.service [req-1de93bfc-994d-4369-b4d0-8c8f4610aafa - - - - -] barbican.barbican_api_version = None log_opt_values /usr/lib/python3/dist-packages/oslo_config/cfg.py:2609
2025-11-24 00:37:57.781 129172 DEBUG oslo_service.service [req-1de93bfc-994d-4369-b4d0-8c8f4610aafa - - - - -] barbican.barbican_endpoint = None log_opt_values /usr/lib/python3/dist-packages/oslo_config/cfg.py:2609
2025-11-24 00:37:57.782 129172 DEBUG oslo_service.service [req-1de93bfc-994d-4369-b4d0-8c8f4610aafa - - - - -] barbican.barbican_endpoint_type = public log_opt_values /usr/lib/python3/dist-packages/oslo_config/cfg.py:2609
2025-11-24 00:37:57.783 129172 DEBUG oslo_service.service [req-1de93bfc-994d-4369-b4d0-8c8f4610aafa - - - - -] barbican.barbican_region_name = None log_opt_values /usr/lib/python3/dist-packages/oslo_config/cfg.py:2609
2025-11-24 00:37:57.783 129172 DEBUG oslo_service.service [req-1de93bfc-994d-4369-b4d0-8c8f4610aafa - - - - -] barbican.cafile = None log_opt_values /usr/lib/python3/dist-packages/oslo_config/cfg.py:2609
2025-11-24 00:37:57.783 129172 DEBUG oslo_service.service [req-1de93bfc-994d-4369-b4d0-8c8f4610aafa - - - - -] barbican.certfile = None log_opt_values /usr/lib/python3/dist-packages/oslo_config/cfg.py:2609
2025-11-24 00:37:57.783 129172 DEBUG oslo_service.service [req-1de93bfc-994d-4369-b4d0-8c8f4610aafa - - - - -] barbican.collect_timing = False log_opt_values /usr/lib/python3/dist-packages/oslo_config/cfg.py:2609
2025-11-24 00:37:57.784 129172 DEBUG oslo_service.service [req-1de93bfc-994d-4369-b4d0-8c8f4610aafa - - - - -] barbican.insecure = False log_opt_values /usr/lib/python3/dist-packages/oslo_config/cfg.py:2609
2025-11-24 00:37:57.784 129172 DEBUG oslo_service.service [req-1de93bfc-994d-4369-b4d0-8c8f4610aafa - - - - -] barbican.keyfile = None log_opt_values /usr/lib/python3/dist-packages/oslo_config/cfg.py:2609
2025-11-24 00:37:57.784 129172 DEBUG oslo_service.service [req-1de93bfc-994d-4369-b4d0-8c8f4610aafa - - - - -] barbican.number_of_retries = 60 log_opt_values /usr/lib/python3/dist-packages/oslo_config/cfg.py:2609
2025-11-24 00:37:57.784 129172 DEBUG oslo_service.service [req-1de93bfc-994d-4369-b4d0-8c8f4610aafa - - - - -] barbican.retry_delay = 1 log_opt_values /usr/lib/python3/dist-packages/oslo_config/cfg.py:2609
2025-11-24 00:37:57.784 129172 DEBUG oslo_service.service [req-1de93bfc-994d-4369-b4d0-8c8f4610aafa - - - - -] barbican.send_service_user_token = False log_opt_values /usr/lib/python3/dist-packages/oslo_config/cfg.py:2609
2025-11-24 00:37:57.785 129172 DEBUG oslo_service.service [req-1de93bfc-994d-4369-b4d0-8c8f4610aafa - - - - -] barbican.split_loggers = False log_opt_values /usr/lib/python3/dist-packages/oslo_config/cfg.py:2609
2025-11-24 00:37:57.785 129172 DEBUG oslo_service.service [req-1de93bfc-994d-4369-b4d0-8c8f4610aafa - - - - -] barbican.timeout = None log_opt_values /usr/lib/python3/dist-packages/oslo_config/cfg.py:2609
2025-11-24 00:37:57.786 129172 DEBUG oslo_service.service [req-1de93bfc-994d-4369-b4d0-8c8f4610aafa - - - - -] barbican.verify_ssl = True log_opt_values /usr/lib/python3/dist-packages/oslo_config/cfg.py:2609
2025-11-24 00:37:57.786 129172 DEBUG oslo_service.service [req-1de93bfc-994d-4369-b4d0-8c8f4610aafa - - - - -] barbican.verify_ssl_path = None log_opt_values /usr/lib/python3/dist-packages/oslo_config/cfg.py:2609
2025-11-24 00:37:57.786 129172 DEBUG oslo_service.service [req-1de93bfc-994d-4369-b4d0-8c8f4610aafa - - - - -] barbican_service_user.auth_section = None log_opt_values /usr/lib/python3/dist-packages/oslo_config/cfg.py:2609
2025-11-24 00:37:57.786 129172 DEBUG oslo_service.service [req-1de93bfc-994d-4369-b4d0-8c8f4610aafa - - - - -] barbican_service_user.auth_type = None log_opt_values /usr/lib/python3/dist-packages/oslo_config/cfg.py:2609
2025-11-24 00:37:57.787 129172 DEBUG oslo_service.service [req-1de93bfc-994d-4369-b4d0-8c8f4610aafa - - - - -] barbican_service_user.cafile = None log_opt_values /usr/lib/python3/dist-packages/oslo_config/cfg.py:2609
2025-11-24 00:37:57.787 129172 DEBUG oslo_service.service [req-1de93bfc-994d-4369-b4d0-8c8f4610aafa - - - - -] barbican_service_user.certfile = None log_opt_values /usr/lib/python3/dist-packages/oslo_config/cfg.py:2609
2025-11-24 00:37:57.788 129172 DEBUG oslo_service.service [req-1de93bfc-994d-4369-b4d0-8c8f4610aafa - - - - -] barbican_service_user.collect_timing = False log_opt_values /usr/lib/python3/dist-packages/oslo_config/cfg.py:2609
2025-11-24 00:37:57.788 129172 DEBUG oslo_service.service [req-1de93bfc-994d-4369-b4d0-8c8f4610aafa - - - - -] barbican_service_user.insecure = False log_opt_values /usr/lib/python3/dist-packages/oslo_config/cfg.py:2609
2025-11-24 00:37:57.788 129172 DEBUG oslo_service.service [req-1de93bfc-994d-4369-b4d0-8c8f4610aafa - - - - -] barbican_service_user.keyfile = None log_opt_values /usr/lib/python3/dist-packages/oslo_config/cfg.py:2609
2025-11-24 00:37:57.788 129172 DEBUG oslo_service.service [req-1de93bfc-994d-4369-b4d0-8c8f4610aafa - - - - -] barbican_service_user.split_loggers = False log_opt_values /usr/lib/python3/dist-packages/oslo_config/cfg.py:2609
2025-11-24 00:37:57.789 129172 DEBUG oslo_service.service [req-1de93bfc-994d-4369-b4d0-8c8f4610aafa - - - - -] barbican_service_user.timeout = None log_opt_values /usr/lib/python3/dist-packages/oslo_config/cfg.py:2609
