2025-11-24 00:40:24.311 159922 DEBUG oslo_service.service [req-f7eb7c70-45c8-4ce0-8360-00654afa58df - - - - -] command line args: ['--config-file=/etc/nova/nova.conf', '--log-file=/var/log/nova/nova-conductor.log'] log_opt_values /usr/lib/python3/dist-packages/oslo_config/cfg.py:2591
2025-11-24 00:40:24.312 159922 DEBUG oslo_service.service [req-f7eb7c70-45c8-4ce0-8360-00654afa58df - - - - -] config files: ['/etc/nova/nova.conf'] log_opt_values /usr/lib/python3/dist-packages/oslo_config/cfg.py:2592
2025-11-24 00:40:24.312 159922 DEBUG oslo_service.service [req-f7eb7c70-45c8-4ce0-8360-00654afa58df - - - - -] ================================================================================ log_opt_values /usr/lib/python3/dist-packages/oslo_config/cfg.py:2594
2025-11-24 00:40:24.313 159922 DEBUG oslo_service.service [req-f7eb7c70-45c8-4ce0-8360-00654afa58df - - - - -] allow_resize_to_same_host = False log_opt_values /usr/lib/python3/dist-packages/oslo_config/cfg.py:2602
2025-11-24 00:40:24.313 160511 INFO nova.service [-] Starting conductor node (version 25.2.1)
2025-11-24 00:40:24.313 159922 DEBUG oslo_service.service [req-f7eb7c70-45c8-4ce0-8360-00654afa58df - - - - -] arq_binding_timeout = 300 log_opt_values /usr/lib/python3/dist-packages/oslo_config/cfg.py:2602
2025-11-24 00:40:24.313 159922 DEBUG oslo_service.service [req-f7eb7c70-45c8-4ce0-8360-00654afa58df - - - - -] block_device_allocate_retries = 60 log_opt_values /usr/lib/python3/dist-packages/oslo_config/cfg.py:2602
2025-11-24 00:40:24.314 159922 DEBUG oslo_service.service [req-f7eb7c70-45c8-4ce0-8360-00654afa58df - - - - -] block_device_allocate_retries_interval = 3 log_opt_values /usr/lib/python3/dist-packages/oslo_config/cfg.py:2602
2025-11-24 00:40:24.314 159922 DEBUG oslo_service.service [req-f7eb7c70-45c8-4ce0-8360-00654afa58df - - - - -] cert = self.pem log_opt_values /usr/lib/python3/dist-packages/oslo_config/cfg.py:2602
2025-11-24 00:40:24.314 159922 DEBUG oslo_service.service [req-f7eb7c70-45c8-4ce0-8360-00654afa58df - - - - -] compute_driver = libvirt.LibvirtDriver log_opt_values /usr/lib/python3/dist-packages/oslo_config/cfg.py:2602
2025-11-24 00:40:24.314 159922 DEBUG oslo_service.service [req-f7eb7c70-45c8-4ce0-8360-00654afa58df - - - - -] compute_monitors = [] log_opt_values /usr/lib/python3/dist-packages/oslo_config/cfg.py:2602
2025-11-24 00:40:24.315 159922 DEBUG oslo_service.service [req-f7eb7c70-45c8-4ce0-8360-00654afa58df - - - - -] config_dir = [] log_opt_values /usr/lib/python3/dist-packages/oslo_config/cfg.py:2602
2025-11-24 00:40:24.315 159922 DEBUG oslo_service.service [req-f7eb7c70-45c8-4ce0-8360-00654afa58df - - - - -] config_drive_format = iso9660 log_opt_values /usr/lib/python3/dist-packages/oslo_config/cfg.py:2602
2025-11-24 00:40:24.315 159922 DEBUG oslo_service.service [req-f7eb7c70-45c8-4ce0-8360-00654afa58df - - - - -] config_file = ['/etc/nova/nova.conf'] log_opt_values /usr/lib/python3/dist-packages/oslo_config/cfg.py:2602
2025-11-24 00:40:24.315 160508 DEBUG oslo_db.sqlalchemy.engines [req-316c5a69-dcd2-45d5-8395-92d2ebf63488 - - - - -] MySQL server mode set to STRICT_TRANS_TABLES,STRICT_ALL_TABLES,NO_ZERO_IN_DATE,NO_ZERO_DATE,ERROR_FOR_DIVISION_BY_ZERO,TRADITIONAL,NO_ENGINE_SUBSTITUTION _check_effective_sql_mode /usr/lib/python3/dist-packages/oslo_db/sqlalchemy/engines.py:314
2025-11-24 00:40:24.315 159922 DEBUG oslo_service.service [req-f7eb7c70-45c8-4ce0-8360-00654afa58df - - - - -] config_source = [] log_opt_values /usr/lib/python3/dist-packages/oslo_config/cfg.py:2602
2025-11-24 00:40:24.316 159922 DEBUG oslo_service.service [req-f7eb7c70-45c8-4ce0-8360-00654afa58df - - - - -] console_host = juju-5bb440-0-lxd-7 log_opt_values /usr/lib/python3/dist-packages/oslo_config/cfg.py:2602
2025-11-24 00:40:24.316 159922 DEBUG oslo_service.service [req-f7eb7c70-45c8-4ce0-8360-00654afa58df - - - - -] control_exchange = nova log_opt_values /usr/lib/python3/dist-packages/oslo_config/cfg.py:2602
2025-11-24 00:40:24.317 159922 DEBUG oslo_service.service [req-f7eb7c70-45c8-4ce0-8360-00654afa58df - - - - -] cpu_allocation_ratio = 2.0 log_opt_values /usr/lib/python3/dist-packages/oslo_config/cfg.py:2602
2025-11-24 00:40:24.317 159922 DEBUG oslo_service.service [req-f7eb7c70-45c8-4ce0-8360-00654afa58df - - - - -] daemon = False log_opt_values /usr/lib/python3/dist-packages/oslo_config/cfg.py:2602
2025-11-24 00:40:24.317 159922 DEBUG oslo_service.service [req-f7eb7c70-45c8-4ce0-8360-00654afa58df - - - - -] debug = True log_opt_values /usr/lib/python3/dist-packages/oslo_config/cfg.py:2602
2025-11-24 00:40:24.318 159922 DEBUG oslo_service.service [req-f7eb7c70-45c8-4ce0-8360-00654afa58df - - - - -] default_access_ip_network_name = None log_opt_values /usr/lib/python3/dist-packages/oslo_config/cfg.py:2602
2025-11-24 00:40:24.318 159922 DEBUG oslo_service.service [req-f7eb7c70-45c8-4ce0-8360-00654afa58df - - - - -] default_availability_zone = nova log_opt_values /usr/lib/python3/dist-packages/oslo_config/cfg.py:2602
2025-11-24 00:40:24.319 159922 DEBUG oslo_service.service [req-f7eb7c70-45c8-4ce0-8360-00654afa58df - - - - -] default_ephemeral_format = None log_opt_values /usr/lib/python3/dist-packages/oslo_config/cfg.py:2602
2025-11-24 00:40:24.319 159922 DEBUG oslo_service.service [req-f7eb7c70-45c8-4ce0-8360-00654afa58df - - - - -] default_log_levels = ['amqp=WARN', 'amqplib=WARN', 'boto=WARN', 'qpid=WARN', 'sqlalchemy=WARN', 'suds=INFO', 'oslo.messaging=INFO', 'oslo_messaging=DEBUG', 'iso8601=WARN', 'requests.packages.urllib3.connectionpool=WARN', 'urllib3.connectionpool=WARN', 'websocket=WARN', 'requests.packages.urllib3.util.retry=WARN', 'urllib3.util.retry=WARN', 'keystonemiddleware=WARN', 'routes.middleware=WARN', 'stevedore=WARN', 'taskflow=WARN', 'keystoneauth=WARN', 'oslo.cache=INFO', 'dogpile.core.dogpile=INFO', 'glanceclient=WARN', 'oslo.privsep.daemon=INFO'] log_opt_values /usr/lib/python3/dist-packages/oslo_config/cfg.py:2602
2025-11-24 00:40:24.319 159922 DEBUG oslo_service.service [req-f7eb7c70-45c8-4ce0-8360-00654afa58df - - - - -] default_schedule_zone = None log_opt_values /usr/lib/python3/dist-packages/oslo_config/cfg.py:2602
2025-11-24 00:40:24.319 159922 DEBUG oslo_service.service [req-f7eb7c70-45c8-4ce0-8360-00654afa58df - - - - -] disk_allocation_ratio = 1.0 log_opt_values /usr/lib/python3/dist-packages/oslo_config/cfg.py:2602
2025-11-24 00:40:24.320 159922 DEBUG oslo_service.service [req-f7eb7c70-45c8-4ce0-8360-00654afa58df - - - - -] enable_new_services = True log_opt_values /usr/lib/python3/dist-packages/oslo_config/cfg.py:2602
2025-11-24 00:40:24.320 159922 DEBUG oslo_service.service [req-f7eb7c70-45c8-4ce0-8360-00654afa58df - - - - -] enabled_apis = ['osapi_compute', 'metadata'] log_opt_values /usr/lib/python3/dist-packages/oslo_config/cfg.py:2602
2025-11-24 00:40:24.320 159922 DEBUG oslo_service.service [req-f7eb7c70-45c8-4ce0-8360-00654afa58df - - - - -] enabled_ssl_apis = [] log_opt_values /usr/lib/python3/dist-packages/oslo_config/cfg.py:2602
2025-11-24 00:40:24.321 159922 DEBUG oslo_service.service [req-f7eb7c70-45c8-4ce0-8360-00654afa58df - - - - -] fatal_deprecations = False log_opt_values /usr/lib/python3/dist-packages/oslo_config/cfg.py:2602
2025-11-24 00:40:24.321 159922 DEBUG oslo_service.service [req-f7eb7c70-45c8-4ce0-8360-00654afa58df - - - - -] flat_injected = False log_opt_values /usr/lib/python3/dist-packages/oslo_config/cfg.py:2602
2025-11-24 00:40:24.321 159922 DEBUG oslo_service.service [req-f7eb7c70-45c8-4ce0-8360-00654afa58df - - - - -] force_config_drive = False log_opt_values /usr/lib/python3/dist-packages/oslo_config/cfg.py:2602
2025-11-24 00:40:24.322 160509 DEBUG oslo_db.sqlalchemy.engines [req-401c0a70-a928-4570-974b-ae5a33dcb339 - - - - -] MySQL server mode set to STRICT_TRANS_TABLES,STRICT_ALL_TABLES,NO_ZERO_IN_DATE,NO_ZERO_DATE,ERROR_FOR_DIVISION_BY_ZERO,TRADITIONAL,NO_ENGINE_SUBSTITUTION _check_effective_sql_mode /usr/lib/python3/dist-packages/oslo_db/sqlalchemy/engines.py:314
2025-11-24 00:40:24.321 159922 DEBUG oslo_service.service [req-f7eb7c70-45c8-4ce0-8360-00654afa58df - - - - -] force_raw_images = True log_opt_values /usr/lib/python3/dist-packages/oslo_config/cfg.py:2602
2025-11-24 00:40:24.326 159922 DEBUG oslo_service.service [req-f7eb7c70-45c8-4ce0-8360-00654afa58df - - - - -] graceful_shutdown_timeout = 60 log_opt_values /usr/lib/python3/dist-packages/oslo_config/cfg.py:2602
2025-11-24 00:40:24.326 159922 DEBUG oslo_service.service [req-f7eb7c70-45c8-4ce0-8360-00654afa58df - - - - -] heal_instance_info_cache_interval = 60 log_opt_values /usr/lib/python3/dist-packages/oslo_config/cfg.py:2602
2025-11-24 00:40:24.326 159922 DEBUG oslo_service.service [req-f7eb7c70-45c8-4ce0-8360-00654afa58df - - - - -] host = juju-5bb440-0-lxd-7 log_opt_values /usr/lib/python3/dist-packages/oslo_config/cfg.py:2602
2025-11-24 00:40:24.327 159922 DEBUG oslo_service.service [req-f7eb7c70-45c8-4ce0-8360-00654afa58df - - - - -] initial_cpu_allocation_ratio = 16.0 log_opt_values /usr/lib/python3/dist-packages/oslo_config/cfg.py:2602
2025-11-24 00:40:24.327 159922 DEBUG oslo_service.service [req-f7eb7c70-45c8-4ce0-8360-00654afa58df - - - - -] initial_disk_allocation_ratio = 1.0 log_opt_values /usr/lib/python3/dist-packages/oslo_config/cfg.py:2602
2025-11-24 00:40:24.327 159922 DEBUG oslo_service.service [req-f7eb7c70-45c8-4ce0-8360-00654afa58df - - - - -] initial_ram_allocation_ratio = 1.5 log_opt_values /usr/lib/python3/dist-packages/oslo_config/cfg.py:2602
2025-11-24 00:40:24.328 159922 DEBUG oslo_service.service [req-f7eb7c70-45c8-4ce0-8360-00654afa58df - - - - -] injected_network_template = /usr/lib/python3/dist-packages/nova/virt/interfaces.template log_opt_values /usr/lib/python3/dist-packages/oslo_config/cfg.py:2602
2025-11-24 00:40:24.328 160511 DEBUG oslo_db.sqlalchemy.engines [req-7cf29fc9-0e9c-40d8-a763-e455093e0d08 - - - - -] MySQL server mode set to STRICT_TRANS_TABLES,STRICT_ALL_TABLES,NO_ZERO_IN_DATE,NO_ZERO_DATE,ERROR_FOR_DIVISION_BY_ZERO,TRADITIONAL,NO_ENGINE_SUBSTITUTION _check_effective_sql_mode /usr/lib/python3/dist-packages/oslo_db/sqlalchemy/engines.py:314
2025-11-24 00:40:24.333 159922 DEBUG oslo_service.service [req-f7eb7c70-45c8-4ce0-8360-00654afa58df - - - - -] instance_build_timeout = 0 log_opt_values /usr/lib/python3/dist-packages/oslo_config/cfg.py:2602
2025-11-24 00:40:24.334 159922 DEBUG oslo_service.service [req-f7eb7c70-45c8-4ce0-8360-00654afa58df - - - - -] instance_delete_interval = 300 log_opt_values /usr/lib/python3/dist-packages/oslo_config/cfg.py:2602
2025-11-24 00:40:24.334 159922 DEBUG oslo_service.service [req-f7eb7c70-45c8-4ce0-8360-00654afa58df - - - - -] instance_format = [instance: %(uuid)s] log_opt_values /usr/lib/python3/dist-packages/oslo_config/cfg.py:2602
2025-11-24 00:40:24.335 160497 DEBUG oslo_db.sqlalchemy.engines [req-58bf5537-ca8c-42cf-aa7c-60507a94373b - - - - -] MySQL server mode set to STRICT_TRANS_TABLES,STRICT_ALL_TABLES,NO_ZERO_IN_DATE,NO_ZERO_DATE,ERROR_FOR_DIVISION_BY_ZERO,TRADITIONAL,NO_ENGINE_SUBSTITUTION _check_effective_sql_mode /usr/lib/python3/dist-packages/oslo_db/sqlalchemy/engines.py:314
2025-11-24 00:40:24.334 159922 DEBUG oslo_service.service [req-f7eb7c70-45c8-4ce0-8360-00654afa58df - - - - -] instance_name_template = instance-%08x log_opt_values /usr/lib/python3/dist-packages/oslo_config/cfg.py:2602
2025-11-24 00:40:24.338 159922 DEBUG oslo_service.service [req-f7eb7c70-45c8-4ce0-8360-00654afa58df - - - - -] instance_usage_audit = False log_opt_values /usr/lib/python3/dist-packages/oslo_config/cfg.py:2602
2025-11-24 00:40:24.338 159922 DEBUG oslo_service.service [req-f7eb7c70-45c8-4ce0-8360-00654afa58df - - - - -] instance_usage_audit_period = month log_opt_values /usr/lib/python3/dist-packages/oslo_config/cfg.py:2602
2025-11-24 00:40:24.339 159922 DEBUG oslo_service.service [req-f7eb7c70-45c8-4ce0-8360-00654afa58df - - - - -] instance_uuid_format = [instance: %(uuid)s] log_opt_values /usr/lib/python3/dist-packages/oslo_config/cfg.py:2602
2025-11-24 00:40:24.339 159922 DEBUG oslo_service.service [req-f7eb7c70-45c8-4ce0-8360-00654afa58df - - - - -] instances_path = /var/lib/nova/instances log_opt_values /usr/lib/python3/dist-packages/oslo_config/cfg.py:2602
2025-11-24 00:40:24.339 159922 DEBUG oslo_service.service [req-f7eb7c70-45c8-4ce0-8360-00654afa58df - - - - -] internal_service_availability_zone = internal log_opt_values /usr/lib/python3/dist-packages/oslo_config/cfg.py:2602
2025-11-24 00:40:24.339 159922 DEBUG oslo_service.service [req-f7eb7c70-45c8-4ce0-8360-00654afa58df - - - - -] key = None log_opt_values /usr/lib/python3/dist-packages/oslo_config/cfg.py:2602
2025-11-24 00:40:24.339 159922 DEBUG oslo_service.service [req-f7eb7c70-45c8-4ce0-8360-00654afa58df - - - - -] live_migration_retry_count = 30 log_opt_values /usr/lib/python3/dist-packages/oslo_config/cfg.py:2602
2025-11-24 00:40:24.340 159922 DEBUG oslo_service.service [req-f7eb7c70-45c8-4ce0-8360-00654afa58df - - - - -] log_config_append = None log_opt_values /usr/lib/python3/dist-packages/oslo_config/cfg.py:2602
2025-11-24 00:40:24.340 159922 DEBUG oslo_service.service [req-f7eb7c70-45c8-4ce0-8360-00654afa58df - - - - -] log_date_format = %Y-%m-%d %H:%M:%S log_opt_values /usr/lib/python3/dist-packages/oslo_config/cfg.py:2602
2025-11-24 00:40:24.340 159922 DEBUG oslo_service.service [req-f7eb7c70-45c8-4ce0-8360-00654afa58df - - - - -] log_dir = /var/log/nova log_opt_values /usr/lib/python3/dist-packages/oslo_config/cfg.py:2602
2025-11-24 00:40:24.340 159922 DEBUG oslo_service.service [req-f7eb7c70-45c8-4ce0-8360-00654afa58df - - - - -] log_file = /var/log/nova/nova-conductor.log log_opt_values /usr/lib/python3/dist-packages/oslo_config/cfg.py:2602
2025-11-24 00:40:24.340 159922 DEBUG oslo_service.service [req-f7eb7c70-45c8-4ce0-8360-00654afa58df - - - - -] log_options = True log_opt_values /usr/lib/python3/dist-packages/oslo_config/cfg.py:2602
2025-11-24 00:40:24.341 159922 DEBUG oslo_service.service [req-f7eb7c70-45c8-4ce0-8360-00654afa58df - - - - -] log_rotate_interval = 1 log_opt_values /usr/lib/python3/dist-packages/oslo_config/cfg.py:2602
2025-11-24 00:40:24.341 159922 DEBUG oslo_service.service [req-f7eb7c70-45c8-4ce0-8360-00654afa58df - - - - -] log_rotate_interval_type = days log_opt_values /usr/lib/python3/dist-packages/oslo_config/cfg.py:2602
2025-11-24 00:40:24.341 159922 DEBUG oslo_service.service [req-f7eb7c70-45c8-4ce0-8360-00654afa58df - - - - -] log_rotation_type = none log_opt_values /usr/lib/python3/dist-packages/oslo_config/cfg.py:2602
2025-11-24 00:40:24.341 159922 DEBUG oslo_service.service [req-f7eb7c70-45c8-4ce0-8360-00654afa58df - - - - -] logging_context_format_string = %(asctime)s.%(msecs)03d %(process)d %(levelname)s %(name)s [%(request_id)s %(user_identity)s] %(instance)s%(message)s log_opt_values /usr/lib/python3/dist-packages/oslo_config/cfg.py:2602
2025-11-24 00:40:24.341 159922 DEBUG oslo_service.service [req-f7eb7c70-45c8-4ce0-8360-00654afa58df - - - - -] logging_debug_format_suffix = %(funcName)s %(pathname)s:%(lineno)d log_opt_values /usr/lib/python3/dist-packages/oslo_config/cfg.py:2602
2025-11-24 00:40:24.341 159922 DEBUG oslo_service.service [req-f7eb7c70-45c8-4ce0-8360-00654afa58df - - - - -] logging_default_format_string = %(asctime)s.%(msecs)03d %(process)d %(levelname)s %(name)s [-] %(instance)s%(message)s log_opt_values /usr/lib/python3/dist-packages/oslo_config/cfg.py:2602
2025-11-24 00:40:24.342 159922 DEBUG oslo_service.service [req-f7eb7c70-45c8-4ce0-8360-00654afa58df - - - - -] logging_exception_prefix = %(asctime)s.%(msecs)03d %(process)d ERROR %(name)s %(instance)s log_opt_values /usr/lib/python3/dist-packages/oslo_config/cfg.py:2602
2025-11-24 00:40:24.342 159922 DEBUG oslo_service.service [req-f7eb7c70-45c8-4ce0-8360-00654afa58df - - - - -] logging_user_identity_format = %(user)s %(project)s %(domain)s %(user_domain)s %(project_domain)s log_opt_values /usr/lib/python3/dist-packages/oslo_config/cfg.py:2602
2025-11-24 00:40:24.342 159922 DEBUG oslo_service.service [req-f7eb7c70-45c8-4ce0-8360-00654afa58df - - - - -] long_rpc_timeout = 1800 log_opt_values /usr/lib/python3/dist-packages/oslo_config/cfg.py:2602
2025-11-24 00:40:24.342 159922 DEBUG oslo_service.service [req-f7eb7c70-45c8-4ce0-8360-00654afa58df - - - - -] max_concurrent_builds = 10 log_opt_values /usr/lib/python3/dist-packages/oslo_config/cfg.py:2602
2025-11-24 00:40:24.342 159922 DEBUG oslo_service.service [req-f7eb7c70-45c8-4ce0-8360-00654afa58df - - - - -] max_concurrent_live_migrations = 1 log_opt_values /usr/lib/python3/dist-packages/oslo_config/cfg.py:2602
2025-11-24 00:40:24.343 159922 DEBUG oslo_service.service [req-f7eb7c70-45c8-4ce0-8360-00654afa58df - - - - -] max_concurrent_snapshots = 5 log_opt_values /usr/lib/python3/dist-packages/oslo_config/cfg.py:2602
2025-11-24 00:40:24.343 159922 DEBUG oslo_service.service [req-f7eb7c70-45c8-4ce0-8360-00654afa58df - - - - -] max_local_block_devices = 3 log_opt_values /usr/lib/python3/dist-packages/oslo_config/cfg.py:2602
2025-11-24 00:40:24.343 159922 DEBUG oslo_service.service [req-f7eb7c70-45c8-4ce0-8360-00654afa58df - - - - -] max_logfile_count = 30 log_opt_values /usr/lib/python3/dist-packages/oslo_config/cfg.py:2602
2025-11-24 00:40:24.343 159922 DEBUG oslo_service.service [req-f7eb7c70-45c8-4ce0-8360-00654afa58df - - - - -] max_logfile_size_mb = 200 log_opt_values /usr/lib/python3/dist-packages/oslo_config/cfg.py:2602
2025-11-24 00:40:24.343 159922 DEBUG oslo_service.service [req-f7eb7c70-45c8-4ce0-8360-00654afa58df - - - - -] maximum_instance_delete_attempts = 5 log_opt_values /usr/lib/python3/dist-packages/oslo_config/cfg.py:2602
2025-11-24 00:40:24.344 159922 DEBUG oslo_service.service [req-f7eb7c70-45c8-4ce0-8360-00654afa58df - - - - -] metadata_listen = 0.0.0.0 log_opt_values /usr/lib/python3/dist-packages/oslo_config/cfg.py:2602
2025-11-24 00:40:24.344 159922 DEBUG oslo_service.service [req-f7eb7c70-45c8-4ce0-8360-00654afa58df - - - - -] metadata_listen_port = 8765 log_opt_values /usr/lib/python3/dist-packages/oslo_config/cfg.py:2602
2025-11-24 00:40:24.344 159922 DEBUG oslo_service.service [req-f7eb7c70-45c8-4ce0-8360-00654afa58df - - - - -] metadata_workers = None log_opt_values /usr/lib/python3/dist-packages/oslo_config/cfg.py:2602
2025-11-24 00:40:24.344 159922 DEBUG oslo_service.service [req-f7eb7c70-45c8-4ce0-8360-00654afa58df - - - - -] migrate_max_retries = -1 log_opt_values /usr/lib/python3/dist-packages/oslo_config/cfg.py:2602
2025-11-24 00:40:24.344 159922 DEBUG oslo_service.service [req-f7eb7c70-45c8-4ce0-8360-00654afa58df - - - - -] mkisofs_cmd = genisoimage log_opt_values /usr/lib/python3/dist-packages/oslo_config/cfg.py:2602
2025-11-24 00:40:24.345 159922 DEBUG oslo_service.service [req-f7eb7c70-45c8-4ce0-8360-00654afa58df - - - - -] my_block_storage_ip = 252.129.18.230 log_opt_values /usr/lib/python3/dist-packages/oslo_config/cfg.py:2602
2025-11-24 00:40:24.345 159922 DEBUG oslo_service.service [req-f7eb7c70-45c8-4ce0-8360-00654afa58df - - - - -] my_ip = 252.129.18.230 log_opt_values /usr/lib/python3/dist-packages/oslo_config/cfg.py:2602
2025-11-24 00:40:24.345 159922 DEBUG oslo_service.service [req-f7eb7c70-45c8-4ce0-8360-00654afa58df - - - - -] network_allocate_retries = 0 log_opt_values /usr/lib/python3/dist-packages/oslo_config/cfg.py:2602
2025-11-24 00:40:24.345 159922 DEBUG oslo_service.service [req-f7eb7c70-45c8-4ce0-8360-00654afa58df - - - - -] non_inheritable_image_properties = ['cache_in_nova', 'bittorrent'] log_opt_values /usr/lib/python3/dist-packages/oslo_config/cfg.py:2602
2025-11-24 00:40:24.345 159922 DEBUG oslo_service.service [req-f7eb7c70-45c8-4ce0-8360-00654afa58df - - - - -] osapi_compute_listen = 0.0.0.0 log_opt_values /usr/lib/python3/dist-packages/oslo_config/cfg.py:2602
2025-11-24 00:40:24.346 159922 DEBUG oslo_service.service [req-f7eb7c70-45c8-4ce0-8360-00654afa58df - - - - -] osapi_compute_listen_port = 8764 log_opt_values /usr/lib/python3/dist-packages/oslo_config/cfg.py:2602
2025-11-24 00:40:24.346 159922 DEBUG oslo_service.service [req-f7eb7c70-45c8-4ce0-8360-00654afa58df - - - - -] osapi_compute_unique_server_name_scope = log_opt_values /usr/lib/python3/dist-packages/oslo_config/cfg.py:2602
2025-11-24 00:40:24.346 159922 DEBUG oslo_service.service [req-f7eb7c70-45c8-4ce0-8360-00654afa58df - - - - -] osapi_compute_workers = 4 log_opt_values /usr/lib/python3/dist-packages/oslo_config/cfg.py:2602
2025-11-24 00:40:24.346 159922 DEBUG oslo_service.service [req-f7eb7c70-45c8-4ce0-8360-00654afa58df - - - - -] password_length = 12 log_opt_values /usr/lib/python3/dist-packages/oslo_config/cfg.py:2602
2025-11-24 00:40:24.346 159922 DEBUG oslo_service.service [req-f7eb7c70-45c8-4ce0-8360-00654afa58df - - - - -] periodic_enable = True log_opt_values /usr/lib/python3/dist-packages/oslo_config/cfg.py:2602
2025-11-24 00:40:24.347 159922 DEBUG oslo_service.service [req-f7eb7c70-45c8-4ce0-8360-00654afa58df - - - - -] periodic_fuzzy_delay = 60 log_opt_values /usr/lib/python3/dist-packages/oslo_config/cfg.py:2602
2025-11-24 00:40:24.347 159922 DEBUG oslo_service.service [req-f7eb7c70-45c8-4ce0-8360-00654afa58df - - - - -] pointer_model = usbtablet log_opt_values /usr/lib/python3/dist-packages/oslo_config/cfg.py:2602
2025-11-24 00:40:24.347 159922 DEBUG oslo_service.service [req-f7eb7c70-45c8-4ce0-8360-00654afa58df - - - - -] preallocate_images = none log_opt_values /usr/lib/python3/dist-packages/oslo_config/cfg.py:2602
2025-11-24 00:40:24.347 159922 DEBUG oslo_service.service [req-f7eb7c70-45c8-4ce0-8360-00654afa58df - - - - -] publish_errors = False log_opt_values /usr/lib/python3/dist-packages/oslo_config/cfg.py:2602
2025-11-24 00:40:24.347 159922 DEBUG oslo_service.service [req-f7eb7c70-45c8-4ce0-8360-00654afa58df - - - - -] pybasedir = /usr/lib/python3/dist-packages log_opt_values /usr/lib/python3/dist-packages/oslo_config/cfg.py:2602
2025-11-24 00:40:24.347 160511 DEBUG nova.service [req-7cf29fc9-0e9c-40d8-a763-e455093e0d08 - - - - -] Creating RPC server for service conductor start /usr/lib/python3/dist-packages/nova/service.py:182
2025-11-24 00:40:24.349 160509 DEBUG nova.service [req-401c0a70-a928-4570-974b-ae5a33dcb339 - - - - -] Creating RPC server for service conductor start /usr/lib/python3/dist-packages/nova/service.py:182
2025-11-24 00:40:24.350 160508 DEBUG nova.service [req-316c5a69-dcd2-45d5-8395-92d2ebf63488 - - - - -] Creating RPC server for service conductor start /usr/lib/python3/dist-packages/nova/service.py:182
2025-11-24 00:40:24.359 159922 DEBUG oslo_service.service [req-f7eb7c70-45c8-4ce0-8360-00654afa58df - - - - -] ram_allocation_ratio = 0.98 log_opt_values /usr/lib/python3/dist-packages/oslo_config/cfg.py:2602
2025-11-24 00:40:24.359 159922 DEBUG oslo_service.service [req-f7eb7c70-45c8-4ce0-8360-00654afa58df - - - - -] rate_limit_burst = 0 log_opt_values /usr/lib/python3/dist-packages/oslo_config/cfg.py:2602
2025-11-24 00:40:24.359 159922 DEBUG oslo_service.service [req-f7eb7c70-45c8-4ce0-8360-00654afa58df - - - - -] rate_limit_except_level = CRITICAL log_opt_values /usr/lib/python3/dist-packages/oslo_config/cfg.py:2602
2025-11-24 00:40:24.359 159922 DEBUG oslo_service.service [req-f7eb7c70-45c8-4ce0-8360-00654afa58df - - - - -] rate_limit_interval = 0 log_opt_values /usr/lib/python3/dist-packages/oslo_config/cfg.py:2602
2025-11-24 00:40:24.360 159922 DEBUG oslo_service.service [req-f7eb7c70-45c8-4ce0-8360-00654afa58df - - - - -] reboot_timeout = 0 log_opt_values /usr/lib/python3/dist-packages/oslo_config/cfg.py:2602
2025-11-24 00:40:24.360 159922 DEBUG oslo_service.service [req-f7eb7c70-45c8-4ce0-8360-00654afa58df - - - - -] reclaim_instance_interval = 0 log_opt_values /usr/lib/python3/dist-packages/oslo_config/cfg.py:2602
2025-11-24 00:40:24.360 159922 DEBUG oslo_service.service [req-f7eb7c70-45c8-4ce0-8360-00654afa58df - - - - -] record = None log_opt_values /usr/lib/python3/dist-packages/oslo_config/cfg.py:2602
2025-11-24 00:40:24.360 159922 DEBUG oslo_service.service [req-f7eb7c70-45c8-4ce0-8360-00654afa58df - - - - -] report_interval = 10 log_opt_values /usr/lib/python3/dist-packages/oslo_config/cfg.py:2602
2025-11-24 00:40:24.360 159922 DEBUG oslo_service.service [req-f7eb7c70-45c8-4ce0-8360-00654afa58df - - - - -] rescue_timeout = 0 log_opt_values /usr/lib/python3/dist-packages/oslo_config/cfg.py:2602
2025-11-24 00:40:24.361 159922 DEBUG oslo_service.service [req-f7eb7c70-45c8-4ce0-8360-00654afa58df - - - - -] reserved_host_cpus = 0 log_opt_values /usr/lib/python3/dist-packages/oslo_config/cfg.py:2602
2025-11-24 00:40:24.361 159922 DEBUG oslo_service.service [req-f7eb7c70-45c8-4ce0-8360-00654afa58df - - - - -] reserved_host_disk_mb = 0 log_opt_values /usr/lib/python3/dist-packages/oslo_config/cfg.py:2602
2025-11-24 00:40:24.361 159922 DEBUG oslo_service.service [req-f7eb7c70-45c8-4ce0-8360-00654afa58df - - - - -] reserved_host_memory_mb = 512 log_opt_values /usr/lib/python3/dist-packages/oslo_config/cfg.py:2602
2025-11-24 00:40:24.362 159922 DEBUG oslo_service.service [req-f7eb7c70-45c8-4ce0-8360-00654afa58df - - - - -] reserved_huge_pages = None log_opt_values /usr/lib/python3/dist-packages/oslo_config/cfg.py:2602
2025-11-24 00:40:24.366 159922 DEBUG oslo_service.service [req-f7eb7c70-45c8-4ce0-8360-00654afa58df - - - - -] resize_confirm_window = 0 log_opt_values /usr/lib/python3/dist-packages/oslo_config/cfg.py:2602
2025-11-24 00:40:24.366 159922 DEBUG oslo_service.service [req-f7eb7c70-45c8-4ce0-8360-00654afa58df - - - - -] resize_fs_using_block_device = False log_opt_values /usr/lib/python3/dist-packages/oslo_config/cfg.py:2602
2025-11-24 00:40:24.366 159922 DEBUG oslo_service.service [req-f7eb7c70-45c8-4ce0-8360-00654afa58df - - - - -] resume_guests_state_on_host_boot = False log_opt_values /usr/lib/python3/dist-packages/oslo_config/cfg.py:2602
2025-11-24 00:40:24.367 159922 DEBUG oslo_service.service [req-f7eb7c70-45c8-4ce0-8360-00654afa58df - - - - -] rootwrap_config = /etc/nova/rootwrap.conf log_opt_values /usr/lib/python3/dist-packages/oslo_config/cfg.py:2602
2025-11-24 00:40:24.367 159922 DEBUG oslo_service.service [req-f7eb7c70-45c8-4ce0-8360-00654afa58df - - - - -] rpc_response_timeout = 60 log_opt_values /usr/lib/python3/dist-packages/oslo_config/cfg.py:2602
2025-11-24 00:40:24.367 159922 DEBUG oslo_service.service [req-f7eb7c70-45c8-4ce0-8360-00654afa58df - - - - -] run_external_periodic_tasks = True log_opt_values /usr/lib/python3/dist-packages/oslo_config/cfg.py:2602
2025-11-24 00:40:24.368 159922 DEBUG oslo_service.service [req-f7eb7c70-45c8-4ce0-8360-00654afa58df - - - - -] running_deleted_instance_action = reap log_opt_values /usr/lib/python3/dist-packages/oslo_config/cfg.py:2602
2025-11-24 00:40:24.368 159922 DEBUG oslo_service.service [req-f7eb7c70-45c8-4ce0-8360-00654afa58df - - - - -] running_deleted_instance_poll_interval = 1800 log_opt_values /usr/lib/python3/dist-packages/oslo_config/cfg.py:2602
2025-11-24 00:40:24.368 159922 DEBUG oslo_service.service [req-f7eb7c70-45c8-4ce0-8360-00654afa58df - - - - -] running_deleted_instance_timeout = 0 log_opt_values /usr/lib/python3/dist-packages/oslo_config/cfg.py:2602
2025-11-24 00:40:24.368 159922 DEBUG oslo_service.service [req-f7eb7c70-45c8-4ce0-8360-00654afa58df - - - - -] scheduler_instance_sync_interval = 120 log_opt_values /usr/lib/python3/dist-packages/oslo_config/cfg.py:2602
2025-11-24 00:40:24.369 159922 DEBUG oslo_service.service [req-f7eb7c70-45c8-4ce0-8360-00654afa58df - - - - -] service_down_time = 60 log_opt_values /usr/lib/python3/dist-packages/oslo_config/cfg.py:2602
2025-11-24 00:40:24.369 159922 DEBUG oslo_service.service [req-f7eb7c70-45c8-4ce0-8360-00654afa58df - - - - -] servicegroup_driver = db log_opt_values /usr/lib/python3/dist-packages/oslo_config/cfg.py:2602
2025-11-24 00:40:24.369 159922 DEBUG oslo_service.service [req-f7eb7c70-45c8-4ce0-8360-00654afa58df - - - - -] shelved_offload_time = 0 log_opt_values /usr/lib/python3/dist-packages/oslo_config/cfg.py:2602
2025-11-24 00:40:24.369 159922 DEBUG oslo_service.service [req-f7eb7c70-45c8-4ce0-8360-00654afa58df - - - - -] shelved_poll_interval = 3600 log_opt_values /usr/lib/python3/dist-packages/oslo_config/cfg.py:2602
2025-11-24 00:40:24.370 159922 DEBUG oslo_service.service [req-f7eb7c70-45c8-4ce0-8360-00654afa58df - - - - -] shutdown_timeout = 60 log_opt_values /usr/lib/python3/dist-packages/oslo_config/cfg.py:2602
2025-11-24 00:40:24.370 159922 DEBUG oslo_service.service [req-f7eb7c70-45c8-4ce0-8360-00654afa58df - - - - -] source_is_ipv6 = False log_opt_values /usr/lib/python3/dist-packages/oslo_config/cfg.py:2602
2025-11-24 00:40:24.370 159922 DEBUG oslo_service.service [req-f7eb7c70-45c8-4ce0-8360-00654afa58df - - - - -] ssl_only = False log_opt_values /usr/lib/python3/dist-packages/oslo_config/cfg.py:2602
2025-11-24 00:40:24.370 159922 DEBUG oslo_service.service [req-f7eb7c70-45c8-4ce0-8360-00654afa58df - - - - -] state_path = /var/lib/nova log_opt_values /usr/lib/python3/dist-packages/oslo_config/cfg.py:2602
2025-11-24 00:40:24.371 159922 DEBUG oslo_service.service [req-f7eb7c70-45c8-4ce0-8360-00654afa58df - - - - -] sync_power_state_interval = 600 log_opt_values /usr/lib/python3/dist-packages/oslo_config/cfg.py:2602
2025-11-24 00:40:24.373 159922 DEBUG oslo_service.service [req-f7eb7c70-45c8-4ce0-8360-00654afa58df - - - - -] sync_power_state_pool_size = 1000 log_opt_values /usr/lib/python3/dist-packages/oslo_config/cfg.py:2602
2025-11-24 00:40:24.374 159922 DEBUG oslo_service.service [req-f7eb7c70-45c8-4ce0-8360-00654afa58df - - - - -] syslog_log_facility = LOG_USER log_opt_values /usr/lib/python3/dist-packages/oslo_config/cfg.py:2602
2025-11-24 00:40:24.374 159922 DEBUG oslo_service.service [req-f7eb7c70-45c8-4ce0-8360-00654afa58df - - - - -] tempdir = None log_opt_values /usr/lib/python3/dist-packages/oslo_config/cfg.py:2602
2025-11-24 00:40:24.374 159922 DEBUG oslo_service.service [req-f7eb7c70-45c8-4ce0-8360-00654afa58df - - - - -] timeout_nbd = 10 log_opt_values /usr/lib/python3/dist-packages/oslo_config/cfg.py:2602
2025-11-24 00:40:24.374 159922 DEBUG oslo_service.service [req-f7eb7c70-45c8-4ce0-8360-00654afa58df - - - - -] transport_url = **** log_opt_values /usr/lib/python3/dist-packages/oslo_config/cfg.py:2602
2025-11-24 00:40:24.375 159922 DEBUG oslo_service.service [req-f7eb7c70-45c8-4ce0-8360-00654afa58df - - - - -] update_resources_interval = 0 log_opt_values /usr/lib/python3/dist-packages/oslo_config/cfg.py:2602
2025-11-24 00:40:24.375 159922 DEBUG oslo_service.service [req-f7eb7c70-45c8-4ce0-8360-00654afa58df - - - - -] use_cow_images = True log_opt_values /usr/lib/python3/dist-packages/oslo_config/cfg.py:2602
2025-11-24 00:40:24.375 159922 DEBUG oslo_service.service [req-f7eb7c70-45c8-4ce0-8360-00654afa58df - - - - -] use_eventlog = False log_opt_values /usr/lib/python3/dist-packages/oslo_config/cfg.py:2602
2025-11-24 00:40:24.376 159922 DEBUG oslo_service.service [req-f7eb7c70-45c8-4ce0-8360-00654afa58df - - - - -] use_journal = False log_opt_values /usr/lib/python3/dist-packages/oslo_config/cfg.py:2602
2025-11-24 00:40:24.377 159922 DEBUG oslo_service.service [req-f7eb7c70-45c8-4ce0-8360-00654afa58df - - - - -] use_json = False log_opt_values /usr/lib/python3/dist-packages/oslo_config/cfg.py:2602
2025-11-24 00:40:24.378 159922 DEBUG oslo_service.service [req-f7eb7c70-45c8-4ce0-8360-00654afa58df - - - - -] use_rootwrap_daemon = False log_opt_values /usr/lib/python3/dist-packages/oslo_config/cfg.py:2602
2025-11-24 00:40:24.378 159922 DEBUG oslo_service.service [req-f7eb7c70-45c8-4ce0-8360-00654afa58df - - - - -] use_stderr = False log_opt_values /usr/lib/python3/dist-packages/oslo_config/cfg.py:2602
2025-11-24 00:40:24.379 159922 DEBUG oslo_service.service [req-f7eb7c70-45c8-4ce0-8360-00654afa58df - - - - -] use_syslog = False log_opt_values /usr/lib/python3/dist-packages/oslo_config/cfg.py:2602
2025-11-24 00:40:24.380 159922 DEBUG oslo_service.service [req-f7eb7c70-45c8-4ce0-8360-00654afa58df - - - - -] vcpu_pin_set = None log_opt_values /usr/lib/python3/dist-packages/oslo_config/cfg.py:2602
2025-11-24 00:40:24.380 159922 DEBUG oslo_service.service [req-f7eb7c70-45c8-4ce0-8360-00654afa58df - - - - -] vif_plugging_is_fatal = True log_opt_values /usr/lib/python3/dist-packages/oslo_config/cfg.py:2602
2025-11-24 00:40:24.380 159922 DEBUG oslo_service.service [req-f7eb7c70-45c8-4ce0-8360-00654afa58df - - - - -] vif_plugging_timeout = 300 log_opt_values /usr/lib/python3/dist-packages/oslo_config/cfg.py:2602
2025-11-24 00:40:24.380 159922 DEBUG oslo_service.service [req-f7eb7c70-45c8-4ce0-8360-00654afa58df - - - - -] virt_mkfs = [] log_opt_values /usr/lib/python3/dist-packages/oslo_config/cfg.py:2602
2025-11-24 00:40:24.381 159922 DEBUG oslo_service.service [req-f7eb7c70-45c8-4ce0-8360-00654afa58df - - - - -] volume_usage_poll_interval = 0 log_opt_values /usr/lib/python3/dist-packages/oslo_config/cfg.py:2602
2025-11-24 00:40:24.381 159922 DEBUG oslo_service.service [req-f7eb7c70-45c8-4ce0-8360-00654afa58df - - - - -] watch_log_file = False log_opt_values /usr/lib/python3/dist-packages/oslo_config/cfg.py:2602
2025-11-24 00:40:24.381 159922 DEBUG oslo_service.service [req-f7eb7c70-45c8-4ce0-8360-00654afa58df - - - - -] web = /usr/share/spice-html5 log_opt_values /usr/lib/python3/dist-packages/oslo_config/cfg.py:2602
2025-11-24 00:40:24.382 160511 DEBUG oslo_messaging._drivers.amqpdriver [-] Listener is running poll /usr/lib/python3/dist-packages/oslo_messaging/_drivers/amqpdriver.py:343
2025-11-24 00:40:24.382 159922 DEBUG oslo_service.service [req-f7eb7c70-45c8-4ce0-8360-00654afa58df - - - - -] oslo_concurrency.disable_process_locking = False log_opt_values /usr/lib/python3/dist-packages/oslo_config/cfg.py:2609
2025-11-24 00:40:24.382 160511 DEBUG oslo_messaging._drivers.amqpdriver [-] AMQPListener connection consume poll /usr/lib/python3/dist-packages/oslo_messaging/_drivers/amqpdriver.py:357
2025-11-24 00:40:24.383 159922 DEBUG oslo_service.service [req-f7eb7c70-45c8-4ce0-8360-00654afa58df - - - - -] oslo_concurrency.lock_path = /var/lock/nova log_opt_values /usr/lib/python3/dist-packages/oslo_config/cfg.py:2609
2025-11-24 00:40:24.383 159922 DEBUG oslo_service.service [req-f7eb7c70-45c8-4ce0-8360-00654afa58df - - - - -] oslo_messaging_metrics.metrics_buffer_size = 1000 log_opt_values /usr/lib/python3/dist-packages/oslo_config/cfg.py:2609
2025-11-24 00:40:24.383 159922 DEBUG oslo_service.service [req-f7eb7c70-45c8-4ce0-8360-00654afa58df - - - - -] oslo_messaging_metrics.metrics_enabled = False log_opt_values /usr/lib/python3/dist-packages/oslo_config/cfg.py:2609
2025-11-24 00:40:24.383 160511 DEBUG nova.service [req-7cf29fc9-0e9c-40d8-a763-e455093e0d08 - - - - -] Join ServiceGroup membership for this service conductor start /usr/lib/python3/dist-packages/nova/service.py:199
2025-11-24 00:40:24.383 159922 DEBUG oslo_service.service [req-f7eb7c70-45c8-4ce0-8360-00654afa58df - - - - -] oslo_messaging_metrics.metrics_process_name = log_opt_values /usr/lib/python3/dist-packages/oslo_config/cfg.py:2609
2025-11-24 00:40:24.383 160511 DEBUG nova.servicegroup.drivers.db [req-7cf29fc9-0e9c-40d8-a763-e455093e0d08 - - - - -] DB_Driver: join new ServiceGroup member juju-5bb440-0-lxd-7 to the conductor group, service = join /usr/lib/python3/dist-packages/nova/servicegroup/drivers/db.py:44
2025-11-24 00:40:24.383 159922 DEBUG oslo_service.service [req-f7eb7c70-45c8-4ce0-8360-00654afa58df - - - - -] oslo_messaging_metrics.metrics_socket_file = /var/tmp/metrics_collector.sock log_opt_values /usr/lib/python3/dist-packages/oslo_config/cfg.py:2609
2025-11-24 00:40:24.384 159922 DEBUG oslo_service.service [req-f7eb7c70-45c8-4ce0-8360-00654afa58df - - - - -] oslo_messaging_metrics.metrics_thread_stop_timeout = 10 log_opt_values /usr/lib/python3/dist-packages/oslo_config/cfg.py:2609
2025-11-24 00:40:24.384 159922 WARNING oslo_config.cfg [req-f7eb7c70-45c8-4ce0-8360-00654afa58df - - - - -] Deprecated: Option "auth_strategy" from group "api" is deprecated for removal ( The only non-default choice, ``noauth2``, is for internal development and testing purposes only and should not be used in deployments. This option and its middleware, NoAuthMiddleware[V2_18], will be removed in a future release. ). Its value may be silently ignored in the future.
2025-11-24 00:40:24.384 159922 DEBUG oslo_service.service [req-f7eb7c70-45c8-4ce0-8360-00654afa58df - - - - -] api.auth_strategy = keystone log_opt_values /usr/lib/python3/dist-packages/oslo_config/cfg.py:2609
2025-11-24 00:40:24.385 159922 DEBUG oslo_service.service [req-f7eb7c70-45c8-4ce0-8360-00654afa58df - - - - -] api.compute_link_prefix = None log_opt_values /usr/lib/python3/dist-packages/oslo_config/cfg.py:2609
2025-11-24 00:40:24.385 159922 DEBUG oslo_service.service [req-f7eb7c70-45c8-4ce0-8360-00654afa58df - - - - -] api.config_drive_skip_versions = 1.0 2007-01-19 2007-03-01 2007-08-29 2007-10-10 2007-12-15 2008-02-01 2008-09-01 log_opt_values /usr/lib/python3/dist-packages/oslo_config/cfg.py:2609
2025-11-24 00:40:24.385 160509 DEBUG oslo_messaging._drivers.amqpdriver [-] Listener is running poll /usr/lib/python3/dist-packages/oslo_messaging/_drivers/amqpdriver.py:343
2025-11-24 00:40:24.385 159922 DEBUG oslo_service.service [req-f7eb7c70-45c8-4ce0-8360-00654afa58df - - - - -] api.dhcp_domain = novalocal log_opt_values /usr/lib/python3/dist-packages/oslo_config/cfg.py:2609
2025-11-24 00:40:24.385 160509 DEBUG oslo_messaging._drivers.amqpdriver [-] AMQPListener connection consume poll /usr/lib/python3/dist-packages/oslo_messaging/_drivers/amqpdriver.py:357
2025-11-24 00:40:24.385 160508 DEBUG oslo_messaging._drivers.amqpdriver [-] Listener is running poll /usr/lib/python3/dist-packages/oslo_messaging/_drivers/amqpdriver.py:343
2025-11-24 00:40:24.385 159922 DEBUG oslo_service.service [req-f7eb7c70-45c8-4ce0-8360-00654afa58df - - - - -] api.enable_instance_password = True log_opt_values /usr/lib/python3/dist-packages/oslo_config/cfg.py:2609
2025-11-24 00:40:24.385 160508 DEBUG oslo_messaging._drivers.amqpdriver [-] AMQPListener connection consume poll /usr/lib/python3/dist-packages/oslo_messaging/_drivers/amqpdriver.py:357
2025-11-24 00:40:24.386 159922 DEBUG oslo_service.service [req-f7eb7c70-45c8-4ce0-8360-00654afa58df - - - - -] api.glance_link_prefix = None log_opt_values /usr/lib/python3/dist-packages/oslo_config/cfg.py:2609
2025-11-24 00:40:24.386 159922 DEBUG oslo_service.service [req-f7eb7c70-45c8-4ce0-8360-00654afa58df - - - - -] api.instance_list_cells_batch_fixed_size = 100 log_opt_values /usr/lib/python3/dist-packages/oslo_config/cfg.py:2609
2025-11-24 00:40:24.386 160511 DEBUG oslo_messaging._drivers.amqpdriver [-] AMQPListener connection timeout poll /usr/lib/python3/dist-packages/oslo_messaging/_drivers/amqpdriver.py:360
2025-11-24 00:40:24.386 159922 DEBUG oslo_service.service [req-f7eb7c70-45c8-4ce0-8360-00654afa58df - - - - -] api.instance_list_cells_batch_strategy = distributed log_opt_values /usr/lib/python3/dist-packages/oslo_config/cfg.py:2609
2025-11-24 00:40:24.386 160511 DEBUG oslo_messaging._drivers.amqpdriver [-] Listener is running poll /usr/lib/python3/dist-packages/oslo_messaging/_drivers/amqpdriver.py:343
2025-11-24 00:40:24.386 159922 DEBUG oslo_service.service [req-f7eb7c70-45c8-4ce0-8360-00654afa58df - - - - -] api.instance_list_per_project_cells = False log_opt_values /usr/lib/python3/dist-packages/oslo_config/cfg.py:2609
2025-11-24 00:40:24.387 160511 DEBUG oslo_messaging._drivers.amqpdriver [-] AMQPListener connection consume poll /usr/lib/python3/dist-packages/oslo_messaging/_drivers/amqpdriver.py:357
2025-11-24 00:40:24.387 159922 DEBUG oslo_service.service [req-f7eb7c70-45c8-4ce0-8360-00654afa58df - - - - -] api.list_records_by_skipping_down_cells = True log_opt_values /usr/lib/python3/dist-packages/oslo_config/cfg.py:2609
2025-11-24 00:40:24.387 159922 DEBUG oslo_service.service [req-f7eb7c70-45c8-4ce0-8360-00654afa58df - - - - -] api.local_metadata_per_cell = False log_opt_values /usr/lib/python3/dist-packages/oslo_config/cfg.py:2609
2025-11-24 00:40:24.387 159922 DEBUG oslo_service.service [req-f7eb7c70-45c8-4ce0-8360-00654afa58df - - - - -] api.max_limit = 1000 log_opt_values /usr/lib/python3/dist-packages/oslo_config/cfg.py:2609
2025-11-24 00:40:24.387 160509 DEBUG nova.service [req-401c0a70-a928-4570-974b-ae5a33dcb339 - - - - -] Join ServiceGroup membership for this service conductor start /usr/lib/python3/dist-packages/nova/service.py:199
2025-11-24 00:40:24.387 160509 DEBUG nova.servicegroup.drivers.db [req-401c0a70-a928-4570-974b-ae5a33dcb339 - - - - -] DB_Driver: join new ServiceGroup member juju-5bb440-0-lxd-7 to the conductor group, service = join /usr/lib/python3/dist-packages/nova/servicegroup/drivers/db.py:44
2025-11-24 00:40:24.388 159922 DEBUG oslo_service.service [req-f7eb7c70-45c8-4ce0-8360-00654afa58df - - - - -] api.metadata_cache_expiration = 15 log_opt_values /usr/lib/python3/dist-packages/oslo_config/cfg.py:2609
2025-11-24 00:40:24.387 160508 DEBUG nova.service [req-316c5a69-dcd2-45d5-8395-92d2ebf63488 - - - - -] Join ServiceGroup membership for this service conductor start /usr/lib/python3/dist-packages/nova/service.py:199
2025-11-24 00:40:24.388 159922 DEBUG oslo_service.service [req-f7eb7c70-45c8-4ce0-8360-00654afa58df - - - - -] api.neutron_default_tenant_id = default log_opt_values /usr/lib/python3/dist-packages/oslo_config/cfg.py:2609
2025-11-24 00:40:24.388 160508 DEBUG nova.servicegroup.drivers.db [req-316c5a69-dcd2-45d5-8395-92d2ebf63488 - - - - -] DB_Driver: join new ServiceGroup member juju-5bb440-0-lxd-7 to the conductor group, service = join /usr/lib/python3/dist-packages/nova/servicegroup/drivers/db.py:44
2025-11-24 00:40:24.388 159922 DEBUG oslo_service.service [req-f7eb7c70-45c8-4ce0-8360-00654afa58df - - - - -] api.use_forwarded_for = False log_opt_values /usr/lib/python3/dist-packages/oslo_config/cfg.py:2609
2025-11-24 00:40:24.388 159922 DEBUG oslo_service.service [req-f7eb7c70-45c8-4ce0-8360-00654afa58df - - - - -] api.use_neutron_default_nets = False log_opt_values /usr/lib/python3/dist-packages/oslo_config/cfg.py:2609
2025-11-24 00:40:24.388 159922 DEBUG oslo_service.service [req-f7eb7c70-45c8-4ce0-8360-00654afa58df - - - - -] api.vendordata_dynamic_connect_timeout = 5 log_opt_values /usr/lib/python3/dist-packages/oslo_config/cfg.py:2609
2025-11-24 00:40:24.389 159922 DEBUG oslo_service.service [req-f7eb7c70-45c8-4ce0-8360-00654afa58df - - - - -] api.vendordata_dynamic_failure_fatal = False log_opt_values /usr/lib/python3/dist-packages/oslo_config/cfg.py:2609
2025-11-24 00:40:24.389 159922 DEBUG oslo_service.service [req-f7eb7c70-45c8-4ce0-8360-00654afa58df - - - - -] api.vendordata_dynamic_read_timeout = 5 log_opt_values /usr/lib/python3/dist-packages/oslo_config/cfg.py:2609
2025-11-24 00:40:24.389 159922 DEBUG oslo_service.service [req-f7eb7c70-45c8-4ce0-8360-00654afa58df - - - - -] api.vendordata_dynamic_ssl_certfile = log_opt_values /usr/lib/python3/dist-packages/oslo_config/cfg.py:2609
2025-11-24 00:40:24.389 159922 DEBUG oslo_service.service [req-f7eb7c70-45c8-4ce0-8360-00654afa58df - - - - -] api.vendordata_dynamic_targets = [] log_opt_values /usr/lib/python3/dist-packages/oslo_config/cfg.py:2609
2025-11-24 00:40:24.389 160509 DEBUG oslo_messaging._drivers.amqpdriver [-] AMQPListener connection timeout poll /usr/lib/python3/dist-packages/oslo_messaging/_drivers/amqpdriver.py:360
2025-11-24 00:40:24.389 159922 DEBUG oslo_service.service [req-f7eb7c70-45c8-4ce0-8360-00654afa58df - - - - -] api.vendordata_jsonfile_path = None log_opt_values /usr/lib/python3/dist-packages/oslo_config/cfg.py:2609
2025-11-24 00:40:24.390 160509 DEBUG oslo_messaging._drivers.amqpdriver [-] Listener is running poll /usr/lib/python3/dist-packages/oslo_messaging/_drivers/amqpdriver.py:343
2025-11-24 00:40:24.390 160509 DEBUG oslo_messaging._drivers.amqpdriver [-] AMQPListener connection consume poll /usr/lib/python3/dist-packages/oslo_messaging/_drivers/amqpdriver.py:357
2025-11-24 00:40:24.390 159922 DEBUG oslo_service.service [req-f7eb7c70-45c8-4ce0-8360-00654afa58df - - - - -] api.vendordata_providers = ['StaticJSON'] log_opt_values /usr/lib/python3/dist-packages/oslo_config/cfg.py:2609
2025-11-24 00:40:24.390 159922 DEBUG oslo_service.service [req-f7eb7c70-45c8-4ce0-8360-00654afa58df - - - - -] cache.backend = dogpile.cache.null log_opt_values /usr/lib/python3/dist-packages/oslo_config/cfg.py:2609
2025-11-24 00:40:24.390 159922 DEBUG oslo_service.service [req-f7eb7c70-45c8-4ce0-8360-00654afa58df - - - - -] cache.backend_argument = **** log_opt_values /usr/lib/python3/dist-packages/oslo_config/cfg.py:2609
2025-11-24 00:40:24.390 159922 DEBUG oslo_service.service [req-f7eb7c70-45c8-4ce0-8360-00654afa58df - - - - -] cache.config_prefix = cache.oslo log_opt_values /usr/lib/python3/dist-packages/oslo_config/cfg.py:2609
2025-11-24 00:40:24.390 159922 DEBUG oslo_service.service [req-f7eb7c70-45c8-4ce0-8360-00654afa58df - - - - -] cache.debug_cache_backend = False log_opt_values /usr/lib/python3/dist-packages/oslo_config/cfg.py:2609
2025-11-24 00:40:24.391 160508 DEBUG oslo_messaging._drivers.amqpdriver [-] AMQPListener connection timeout poll /usr/lib/python3/dist-packages/oslo_messaging/_drivers/amqpdriver.py:360
2025-11-24 00:40:24.391 159922 DEBUG oslo_service.service [req-f7eb7c70-45c8-4ce0-8360-00654afa58df - - - - -] cache.enabled = False log_opt_values /usr/lib/python3/dist-packages/oslo_config/cfg.py:2609
2025-11-24 00:40:24.391 160508 DEBUG oslo_messaging._drivers.amqpdriver [-] Listener is running poll /usr/lib/python3/dist-packages/oslo_messaging/_drivers/amqpdriver.py:343
2025-11-24 00:40:24.391 159922 DEBUG oslo_service.service [req-f7eb7c70-45c8-4ce0-8360-00654afa58df - - - - -] cache.expiration_time = 600 log_opt_values /usr/lib/python3/dist-packages/oslo_config/cfg.py:2609
2025-11-24 00:40:24.391 160508 DEBUG oslo_messaging._drivers.amqpdriver [-] AMQPListener connection consume poll /usr/lib/python3/dist-packages/oslo_messaging/_drivers/amqpdriver.py:357
2025-11-24 00:40:24.391 159922 DEBUG oslo_service.service [req-f7eb7c70-45c8-4ce0-8360-00654afa58df - - - - -] cache.memcache_dead_retry = 300 log_opt_values /usr/lib/python3/dist-packages/oslo_config/cfg.py:2609
2025-11-24 00:40:24.391 159922 DEBUG oslo_service.service [req-f7eb7c70-45c8-4ce0-8360-00654afa58df - - - - -] cache.memcache_pool_connection_get_timeout = 10 log_opt_values /usr/lib/python3/dist-packages/oslo_config/cfg.py:2609
2025-11-24 00:40:24.391 159922 DEBUG oslo_service.service [req-f7eb7c70-45c8-4ce0-8360-00654afa58df - - - - -] cache.memcache_pool_flush_on_reconnect = False log_opt_values /usr/lib/python3/dist-packages/oslo_config/cfg.py:2609
2025-11-24 00:40:24.392 159922 DEBUG oslo_service.service [req-f7eb7c70-45c8-4ce0-8360-00654afa58df - - - - -] cache.memcache_pool_maxsize = 10 log_opt_values /usr/lib/python3/dist-packages/oslo_config/cfg.py:2609
2025-11-24 00:40:24.392 159922 DEBUG oslo_service.service [req-f7eb7c70-45c8-4ce0-8360-00654afa58df - - - - -] cache.memcache_pool_unused_timeout = 60 log_opt_values /usr/lib/python3/dist-packages/oslo_config/cfg.py:2609
2025-11-24 00:40:24.392 159922 DEBUG oslo_service.service [req-f7eb7c70-45c8-4ce0-8360-00654afa58df - - - - -] cache.memcache_servers = ['localhost:11211'] log_opt_values /usr/lib/python3/dist-packages/oslo_config/cfg.py:2609
2025-11-24 00:40:24.392 159922 DEBUG oslo_service.service [req-f7eb7c70-45c8-4ce0-8360-00654afa58df - - - - -] cache.memcache_socket_timeout = 1.0 log_opt_values /usr/lib/python3/dist-packages/oslo_config/cfg.py:2609
2025-11-24 00:40:24.392 159922 DEBUG oslo_service.service [req-f7eb7c70-45c8-4ce0-8360-00654afa58df - - - - -] cache.proxies = [] log_opt_values /usr/lib/python3/dist-packages/oslo_config/cfg.py:2609
2025-11-24 00:40:24.393 159922 DEBUG oslo_service.service [req-f7eb7c70-45c8-4ce0-8360-00654afa58df - - - - -] cache.tls_allowed_ciphers = None log_opt_values /usr/lib/python3/dist-packages/oslo_config/cfg.py:2609
2025-11-24 00:40:24.393 159922 DEBUG oslo_service.service [req-f7eb7c70-45c8-4ce0-8360-00654afa58df - - - - -] cache.tls_cafile = None log_opt_values /usr/lib/python3/dist-packages/oslo_config/cfg.py:2609
2025-11-24 00:40:24.393 159922 DEBUG oslo_service.service [req-f7eb7c70-45c8-4ce0-8360-00654afa58df - - - - -] cache.tls_certfile = None log_opt_values /usr/lib/python3/dist-packages/oslo_config/cfg.py:2609
2025-11-24 00:40:24.394 159922 DEBUG oslo_service.service [req-f7eb7c70-45c8-4ce0-8360-00654afa58df - - - - -] cache.tls_enabled = False log_opt_values /usr/lib/python3/dist-packages/oslo_config/cfg.py:2609
2025-11-24 00:40:24.394 159922 DEBUG oslo_service.service [req-f7eb7c70-45c8-4ce0-8360-00654afa58df - - - - -] cache.tls_keyfile = None log_opt_values /usr/lib/python3/dist-packages/oslo_config/cfg.py:2609
2025-11-24 00:40:24.394 159922 DEBUG oslo_service.service [req-f7eb7c70-45c8-4ce0-8360-00654afa58df - - - - -] cinder.auth_section = None log_opt_values /usr/lib/python3/dist-packages/oslo_config/cfg.py:2609
2025-11-24 00:40:24.394 159922 DEBUG oslo_service.service [req-f7eb7c70-45c8-4ce0-8360-00654afa58df - - - - -] cinder.auth_type = None log_opt_values /usr/lib/python3/dist-packages/oslo_config/cfg.py:2609
2025-11-24 00:40:24.394 159922 DEBUG oslo_service.service [req-f7eb7c70-45c8-4ce0-8360-00654afa58df - - - - -] cinder.cafile = None log_opt_values /usr/lib/python3/dist-packages/oslo_config/cfg.py:2609
2025-11-24 00:40:24.395 159922 DEBUG oslo_service.service [req-f7eb7c70-45c8-4ce0-8360-00654afa58df - - - - -] cinder.catalog_info = volumev3::publicURL log_opt_values /usr/lib/python3/dist-packages/oslo_config/cfg.py:2609
2025-11-24 00:40:24.395 159922 DEBUG oslo_service.service [req-f7eb7c70-45c8-4ce0-8360-00654afa58df - - - - -] cinder.certfile = None log_opt_values /usr/lib/python3/dist-packages/oslo_config/cfg.py:2609
2025-11-24 00:40:24.395 159922 DEBUG oslo_service.service [req-f7eb7c70-45c8-4ce0-8360-00654afa58df - - - - -] cinder.collect_timing = False log_opt_values /usr/lib/python3/dist-packages/oslo_config/cfg.py:2609
