2025-11-24 00:40:42.360 165663 DEBUG oslo_service.service [req-381086dc-33ff-4389-87c6-0c66f23b3b05 - - - - -] tempdir = None log_opt_values /usr/lib/python3/dist-packages/oslo_config/cfg.py:2602
2025-11-24 00:40:42.360 165663 DEBUG oslo_service.service [req-381086dc-33ff-4389-87c6-0c66f23b3b05 - - - - -] timeout_nbd = 10 log_opt_values /usr/lib/python3/dist-packages/oslo_config/cfg.py:2602
2025-11-24 00:40:42.360 165663 DEBUG oslo_service.service [req-381086dc-33ff-4389-87c6-0c66f23b3b05 - - - - -] transport_url = **** log_opt_values /usr/lib/python3/dist-packages/oslo_config/cfg.py:2602
2025-11-24 00:40:42.360 165663 DEBUG oslo_service.service [req-381086dc-33ff-4389-87c6-0c66f23b3b05 - - - - -] update_resources_interval = 0 log_opt_values /usr/lib/python3/dist-packages/oslo_config/cfg.py:2602
2025-11-24 00:40:42.361 165663 DEBUG oslo_service.service [req-381086dc-33ff-4389-87c6-0c66f23b3b05 - - - - -] use_cow_images = True log_opt_values /usr/lib/python3/dist-packages/oslo_config/cfg.py:2602
2025-11-24 00:40:42.361 165663 DEBUG oslo_service.service [req-381086dc-33ff-4389-87c6-0c66f23b3b05 - - - - -] use_eventlog = False log_opt_values /usr/lib/python3/dist-packages/oslo_config/cfg.py:2602
2025-11-24 00:40:42.361 165663 DEBUG oslo_service.service [req-381086dc-33ff-4389-87c6-0c66f23b3b05 - - - - -] use_journal = False log_opt_values /usr/lib/python3/dist-packages/oslo_config/cfg.py:2602
2025-11-24 00:40:42.361 165663 DEBUG oslo_service.service [req-381086dc-33ff-4389-87c6-0c66f23b3b05 - - - - -] use_json = False log_opt_values /usr/lib/python3/dist-packages/oslo_config/cfg.py:2602
2025-11-24 00:40:42.361 165663 DEBUG oslo_service.service [req-381086dc-33ff-4389-87c6-0c66f23b3b05 - - - - -] use_rootwrap_daemon = False log_opt_values /usr/lib/python3/dist-packages/oslo_config/cfg.py:2602
2025-11-24 00:40:42.362 165663 DEBUG oslo_service.service [req-381086dc-33ff-4389-87c6-0c66f23b3b05 - - - - -] use_stderr = False log_opt_values /usr/lib/python3/dist-packages/oslo_config/cfg.py:2602
2025-11-24 00:40:42.362 165663 DEBUG oslo_service.service [req-381086dc-33ff-4389-87c6-0c66f23b3b05 - - - - -] use_syslog = False log_opt_values /usr/lib/python3/dist-packages/oslo_config/cfg.py:2602
2025-11-24 00:40:42.362 165663 DEBUG oslo_service.service [req-381086dc-33ff-4389-87c6-0c66f23b3b05 - - - - -] vcpu_pin_set = None log_opt_values /usr/lib/python3/dist-packages/oslo_config/cfg.py:2602
2025-11-24 00:40:42.362 165663 DEBUG oslo_service.service [req-381086dc-33ff-4389-87c6-0c66f23b3b05 - - - - -] vif_plugging_is_fatal = True log_opt_values /usr/lib/python3/dist-packages/oslo_config/cfg.py:2602
2025-11-24 00:40:42.362 165663 DEBUG oslo_service.service [req-381086dc-33ff-4389-87c6-0c66f23b3b05 - - - - -] vif_plugging_timeout = 300 log_opt_values /usr/lib/python3/dist-packages/oslo_config/cfg.py:2602
2025-11-24 00:40:42.363 165663 DEBUG oslo_service.service [req-381086dc-33ff-4389-87c6-0c66f23b3b05 - - - - -] virt_mkfs = [] log_opt_values /usr/lib/python3/dist-packages/oslo_config/cfg.py:2602
2025-11-24 00:40:42.363 165663 DEBUG oslo_service.service [req-381086dc-33ff-4389-87c6-0c66f23b3b05 - - - - -] volume_usage_poll_interval = 0 log_opt_values /usr/lib/python3/dist-packages/oslo_config/cfg.py:2602
2025-11-24 00:40:42.363 165663 DEBUG oslo_service.service [req-381086dc-33ff-4389-87c6-0c66f23b3b05 - - - - -] watch_log_file = False log_opt_values /usr/lib/python3/dist-packages/oslo_config/cfg.py:2602
2025-11-24 00:40:42.364 165663 DEBUG oslo_service.service [req-381086dc-33ff-4389-87c6-0c66f23b3b05 - - - - -] web = /usr/share/spice-html5 log_opt_values /usr/lib/python3/dist-packages/oslo_config/cfg.py:2602
2025-11-24 00:40:42.364 165663 DEBUG oslo_service.service [req-381086dc-33ff-4389-87c6-0c66f23b3b05 - - - - -] oslo_concurrency.disable_process_locking = False log_opt_values /usr/lib/python3/dist-packages/oslo_config/cfg.py:2609
2025-11-24 00:40:42.365 165663 DEBUG oslo_service.service [req-381086dc-33ff-4389-87c6-0c66f23b3b05 - - - - -] oslo_concurrency.lock_path = /var/lock/nova log_opt_values /usr/lib/python3/dist-packages/oslo_config/cfg.py:2609
2025-11-24 00:40:42.365 165663 DEBUG oslo_service.service [req-381086dc-33ff-4389-87c6-0c66f23b3b05 - - - - -] oslo_messaging_metrics.metrics_buffer_size = 1000 log_opt_values /usr/lib/python3/dist-packages/oslo_config/cfg.py:2609
2025-11-24 00:40:42.365 165663 DEBUG oslo_service.service [req-381086dc-33ff-4389-87c6-0c66f23b3b05 - - - - -] oslo_messaging_metrics.metrics_enabled = False log_opt_values /usr/lib/python3/dist-packages/oslo_config/cfg.py:2609
2025-11-24 00:40:42.365 165663 DEBUG oslo_service.service [req-381086dc-33ff-4389-87c6-0c66f23b3b05 - - - - -] oslo_messaging_metrics.metrics_process_name = log_opt_values /usr/lib/python3/dist-packages/oslo_config/cfg.py:2609
2025-11-24 00:40:42.365 165663 DEBUG oslo_service.service [req-381086dc-33ff-4389-87c6-0c66f23b3b05 - - - - -] oslo_messaging_metrics.metrics_socket_file = /var/tmp/metrics_collector.sock log_opt_values /usr/lib/python3/dist-packages/oslo_config/cfg.py:2609
2025-11-24 00:40:42.366 165663 DEBUG oslo_service.service [req-381086dc-33ff-4389-87c6-0c66f23b3b05 - - - - -] oslo_messaging_metrics.metrics_thread_stop_timeout = 10 log_opt_values /usr/lib/python3/dist-packages/oslo_config/cfg.py:2609
2025-11-24 00:40:42.366 165663 WARNING oslo_config.cfg [req-381086dc-33ff-4389-87c6-0c66f23b3b05 - - - - -] Deprecated: Option "auth_strategy" from group "api" is deprecated for removal ( The only non-default choice, ``noauth2``, is for internal development and testing purposes only and should not be used in deployments. This option and its middleware, NoAuthMiddleware[V2_18], will be removed in a future release. ). Its value may be silently ignored in the future.
2025-11-24 00:40:42.366 165966 DEBUG nova.service [req-4ecf4e9c-2aff-411e-9a41-36f0b319fb4c - - - - -] Creating RPC server for service conductor start /usr/lib/python3/dist-packages/nova/service.py:182
2025-11-24 00:40:42.366 165663 DEBUG oslo_service.service [req-381086dc-33ff-4389-87c6-0c66f23b3b05 - - - - -] api.auth_strategy = keystone log_opt_values /usr/lib/python3/dist-packages/oslo_config/cfg.py:2609
2025-11-24 00:40:42.367 165663 DEBUG oslo_service.service [req-381086dc-33ff-4389-87c6-0c66f23b3b05 - - - - -] api.compute_link_prefix = None log_opt_values /usr/lib/python3/dist-packages/oslo_config/cfg.py:2609
2025-11-24 00:40:42.367 165663 DEBUG oslo_service.service [req-381086dc-33ff-4389-87c6-0c66f23b3b05 - - - - -] api.config_drive_skip_versions = 1.0 2007-01-19 2007-03-01 2007-08-29 2007-10-10 2007-12-15 2008-02-01 2008-09-01 log_opt_values /usr/lib/python3/dist-packages/oslo_config/cfg.py:2609
2025-11-24 00:40:42.367 165663 DEBUG oslo_service.service [req-381086dc-33ff-4389-87c6-0c66f23b3b05 - - - - -] api.dhcp_domain = novalocal log_opt_values /usr/lib/python3/dist-packages/oslo_config/cfg.py:2609
2025-11-24 00:40:42.367 165663 DEBUG oslo_service.service [req-381086dc-33ff-4389-87c6-0c66f23b3b05 - - - - -] api.enable_instance_password = True log_opt_values /usr/lib/python3/dist-packages/oslo_config/cfg.py:2609
2025-11-24 00:40:42.368 165663 DEBUG oslo_service.service [req-381086dc-33ff-4389-87c6-0c66f23b3b05 - - - - -] api.glance_link_prefix = None log_opt_values /usr/lib/python3/dist-packages/oslo_config/cfg.py:2609
2025-11-24 00:40:42.368 165663 DEBUG oslo_service.service [req-381086dc-33ff-4389-87c6-0c66f23b3b05 - - - - -] api.instance_list_cells_batch_fixed_size = 100 log_opt_values /usr/lib/python3/dist-packages/oslo_config/cfg.py:2609
2025-11-24 00:40:42.371 165663 DEBUG oslo_service.service [req-381086dc-33ff-4389-87c6-0c66f23b3b05 - - - - -] api.instance_list_cells_batch_strategy = distributed log_opt_values /usr/lib/python3/dist-packages/oslo_config/cfg.py:2609
2025-11-24 00:40:42.372 165663 DEBUG oslo_service.service [req-381086dc-33ff-4389-87c6-0c66f23b3b05 - - - - -] api.instance_list_per_project_cells = False log_opt_values /usr/lib/python3/dist-packages/oslo_config/cfg.py:2609
2025-11-24 00:40:42.372 165663 DEBUG oslo_service.service [req-381086dc-33ff-4389-87c6-0c66f23b3b05 - - - - -] api.list_records_by_skipping_down_cells = True log_opt_values /usr/lib/python3/dist-packages/oslo_config/cfg.py:2609
2025-11-24 00:40:42.373 165663 DEBUG oslo_service.service [req-381086dc-33ff-4389-87c6-0c66f23b3b05 - - - - -] api.local_metadata_per_cell = False log_opt_values /usr/lib/python3/dist-packages/oslo_config/cfg.py:2609
2025-11-24 00:40:42.375 165963 DEBUG oslo_messaging._drivers.amqpdriver [-] Listener is running poll /usr/lib/python3/dist-packages/oslo_messaging/_drivers/amqpdriver.py:343
2025-11-24 00:40:42.375 165963 DEBUG oslo_messaging._drivers.amqpdriver [-] AMQPListener connection consume poll /usr/lib/python3/dist-packages/oslo_messaging/_drivers/amqpdriver.py:357
2025-11-24 00:40:42.376 165963 DEBUG nova.service [req-9a2dd958-6f22-4071-b99d-e6df3d11bdcc - - - - -] Join ServiceGroup membership for this service conductor start /usr/lib/python3/dist-packages/nova/service.py:199
2025-11-24 00:40:42.376 165963 DEBUG nova.servicegroup.drivers.db [req-9a2dd958-6f22-4071-b99d-e6df3d11bdcc - - - - -] DB_Driver: join new ServiceGroup member juju-5bb440-0-lxd-7 to the conductor group, service = join /usr/lib/python3/dist-packages/nova/servicegroup/drivers/db.py:44
2025-11-24 00:40:42.375 165663 DEBUG oslo_service.service [req-381086dc-33ff-4389-87c6-0c66f23b3b05 - - - - -] api.max_limit = 1000 log_opt_values /usr/lib/python3/dist-packages/oslo_config/cfg.py:2609
2025-11-24 00:40:42.379 165963 DEBUG oslo_messaging._drivers.amqpdriver [-] AMQPListener connection timeout poll /usr/lib/python3/dist-packages/oslo_messaging/_drivers/amqpdriver.py:360
2025-11-24 00:40:42.379 165963 DEBUG oslo_messaging._drivers.amqpdriver [-] Listener is running poll /usr/lib/python3/dist-packages/oslo_messaging/_drivers/amqpdriver.py:343
2025-11-24 00:40:42.379 165963 DEBUG oslo_messaging._drivers.amqpdriver [-] AMQPListener connection consume poll /usr/lib/python3/dist-packages/oslo_messaging/_drivers/amqpdriver.py:357
2025-11-24 00:40:42.377 165663 DEBUG oslo_service.service [req-381086dc-33ff-4389-87c6-0c66f23b3b05 - - - - -] api.metadata_cache_expiration = 15 log_opt_values /usr/lib/python3/dist-packages/oslo_config/cfg.py:2609
2025-11-24 00:40:42.380 165663 DEBUG oslo_service.service [req-381086dc-33ff-4389-87c6-0c66f23b3b05 - - - - -] api.neutron_default_tenant_id = default log_opt_values /usr/lib/python3/dist-packages/oslo_config/cfg.py:2609
2025-11-24 00:40:42.380 165663 DEBUG oslo_service.service [req-381086dc-33ff-4389-87c6-0c66f23b3b05 - - - - -] api.use_forwarded_for = False log_opt_values /usr/lib/python3/dist-packages/oslo_config/cfg.py:2609
2025-11-24 00:40:42.380 165663 DEBUG oslo_service.service [req-381086dc-33ff-4389-87c6-0c66f23b3b05 - - - - -] api.use_neutron_default_nets = False log_opt_values /usr/lib/python3/dist-packages/oslo_config/cfg.py:2609
2025-11-24 00:40:42.380 165965 DEBUG oslo_messaging._drivers.amqpdriver [-] Listener is running poll /usr/lib/python3/dist-packages/oslo_messaging/_drivers/amqpdriver.py:343
2025-11-24 00:40:42.381 165663 DEBUG oslo_service.service [req-381086dc-33ff-4389-87c6-0c66f23b3b05 - - - - -] api.vendordata_dynamic_connect_timeout = 5 log_opt_values /usr/lib/python3/dist-packages/oslo_config/cfg.py:2609
2025-11-24 00:40:42.380 165964 DEBUG oslo_messaging._drivers.amqpdriver [-] Listener is running poll /usr/lib/python3/dist-packages/oslo_messaging/_drivers/amqpdriver.py:343
2025-11-24 00:40:42.381 165965 DEBUG oslo_messaging._drivers.amqpdriver [-] AMQPListener connection consume poll /usr/lib/python3/dist-packages/oslo_messaging/_drivers/amqpdriver.py:357
2025-11-24 00:40:42.381 165663 DEBUG oslo_service.service [req-381086dc-33ff-4389-87c6-0c66f23b3b05 - - - - -] api.vendordata_dynamic_failure_fatal = False log_opt_values /usr/lib/python3/dist-packages/oslo_config/cfg.py:2609
2025-11-24 00:40:42.381 165964 DEBUG oslo_messaging._drivers.amqpdriver [-] AMQPListener connection consume poll /usr/lib/python3/dist-packages/oslo_messaging/_drivers/amqpdriver.py:357
2025-11-24 00:40:42.381 165663 DEBUG oslo_service.service [req-381086dc-33ff-4389-87c6-0c66f23b3b05 - - - - -] api.vendordata_dynamic_read_timeout = 5 log_opt_values /usr/lib/python3/dist-packages/oslo_config/cfg.py:2609
2025-11-24 00:40:42.381 165663 DEBUG oslo_service.service [req-381086dc-33ff-4389-87c6-0c66f23b3b05 - - - - -] api.vendordata_dynamic_ssl_certfile = log_opt_values /usr/lib/python3/dist-packages/oslo_config/cfg.py:2609
2025-11-24 00:40:42.381 165965 DEBUG nova.service [req-a7529203-ef0a-4a4b-be89-6fe5f7bcae50 - - - - -] Join ServiceGroup membership for this service conductor start /usr/lib/python3/dist-packages/nova/service.py:199
2025-11-24 00:40:42.382 165663 DEBUG oslo_service.service [req-381086dc-33ff-4389-87c6-0c66f23b3b05 - - - - -] api.vendordata_dynamic_targets = [] log_opt_values /usr/lib/python3/dist-packages/oslo_config/cfg.py:2609
2025-11-24 00:40:42.382 165964 DEBUG nova.service [req-bf2e1437-c3df-45b4-ac0d-763266e56a78 - - - - -] Join ServiceGroup membership for this service conductor start /usr/lib/python3/dist-packages/nova/service.py:199
2025-11-24 00:40:42.382 165965 DEBUG nova.servicegroup.drivers.db [req-a7529203-ef0a-4a4b-be89-6fe5f7bcae50 - - - - -] DB_Driver: join new ServiceGroup member juju-5bb440-0-lxd-7 to the conductor group, service = join /usr/lib/python3/dist-packages/nova/servicegroup/drivers/db.py:44
2025-11-24 00:40:42.382 165663 DEBUG oslo_service.service [req-381086dc-33ff-4389-87c6-0c66f23b3b05 - - - - -] api.vendordata_jsonfile_path = None log_opt_values /usr/lib/python3/dist-packages/oslo_config/cfg.py:2609
2025-11-24 00:40:42.382 165663 DEBUG oslo_service.service [req-381086dc-33ff-4389-87c6-0c66f23b3b05 - - - - -] api.vendordata_providers = ['StaticJSON'] log_opt_values /usr/lib/python3/dist-packages/oslo_config/cfg.py:2609
2025-11-24 00:40:42.382 165964 DEBUG nova.servicegroup.drivers.db [req-bf2e1437-c3df-45b4-ac0d-763266e56a78 - - - - -] DB_Driver: join new ServiceGroup member juju-5bb440-0-lxd-7 to the conductor group, service = join /usr/lib/python3/dist-packages/nova/servicegroup/drivers/db.py:44
2025-11-24 00:40:42.382 165663 DEBUG oslo_service.service [req-381086dc-33ff-4389-87c6-0c66f23b3b05 - - - - -] cache.backend = dogpile.cache.null log_opt_values /usr/lib/python3/dist-packages/oslo_config/cfg.py:2609
2025-11-24 00:40:42.383 165663 DEBUG oslo_service.service [req-381086dc-33ff-4389-87c6-0c66f23b3b05 - - - - -] cache.backend_argument = **** log_opt_values /usr/lib/python3/dist-packages/oslo_config/cfg.py:2609
2025-11-24 00:40:42.384 165663 DEBUG oslo_service.service [req-381086dc-33ff-4389-87c6-0c66f23b3b05 - - - - -] cache.config_prefix = cache.oslo log_opt_values /usr/lib/python3/dist-packages/oslo_config/cfg.py:2609
2025-11-24 00:40:42.384 165663 DEBUG oslo_service.service [req-381086dc-33ff-4389-87c6-0c66f23b3b05 - - - - -] cache.debug_cache_backend = False log_opt_values /usr/lib/python3/dist-packages/oslo_config/cfg.py:2609
2025-11-24 00:40:42.384 165965 DEBUG oslo_messaging._drivers.amqpdriver [-] AMQPListener connection timeout poll /usr/lib/python3/dist-packages/oslo_messaging/_drivers/amqpdriver.py:360
2025-11-24 00:40:42.384 165663 DEBUG oslo_service.service [req-381086dc-33ff-4389-87c6-0c66f23b3b05 - - - - -] cache.enabled = False log_opt_values /usr/lib/python3/dist-packages/oslo_config/cfg.py:2609
2025-11-24 00:40:42.385 165965 DEBUG oslo_messaging._drivers.amqpdriver [-] Listener is running poll /usr/lib/python3/dist-packages/oslo_messaging/_drivers/amqpdriver.py:343
2025-11-24 00:40:42.385 165965 DEBUG oslo_messaging._drivers.amqpdriver [-] AMQPListener connection consume poll /usr/lib/python3/dist-packages/oslo_messaging/_drivers/amqpdriver.py:357
2025-11-24 00:40:42.385 165964 DEBUG oslo_messaging._drivers.amqpdriver [-] AMQPListener connection timeout poll /usr/lib/python3/dist-packages/oslo_messaging/_drivers/amqpdriver.py:360
2025-11-24 00:40:42.385 165964 DEBUG oslo_messaging._drivers.amqpdriver [-] Listener is running poll /usr/lib/python3/dist-packages/oslo_messaging/_drivers/amqpdriver.py:343
2025-11-24 00:40:42.385 165663 DEBUG oslo_service.service [req-381086dc-33ff-4389-87c6-0c66f23b3b05 - - - - -] cache.expiration_time = 600 log_opt_values /usr/lib/python3/dist-packages/oslo_config/cfg.py:2609
2025-11-24 00:40:42.385 165964 DEBUG oslo_messaging._drivers.amqpdriver [-] AMQPListener connection consume poll /usr/lib/python3/dist-packages/oslo_messaging/_drivers/amqpdriver.py:357
2025-11-24 00:40:42.385 165663 DEBUG oslo_service.service [req-381086dc-33ff-4389-87c6-0c66f23b3b05 - - - - -] cache.memcache_dead_retry = 300 log_opt_values /usr/lib/python3/dist-packages/oslo_config/cfg.py:2609
2025-11-24 00:40:42.385 165663 DEBUG oslo_service.service [req-381086dc-33ff-4389-87c6-0c66f23b3b05 - - - - -] cache.memcache_pool_connection_get_timeout = 10 log_opt_values /usr/lib/python3/dist-packages/oslo_config/cfg.py:2609
2025-11-24 00:40:42.386 165663 DEBUG oslo_service.service [req-381086dc-33ff-4389-87c6-0c66f23b3b05 - - - - -] cache.memcache_pool_flush_on_reconnect = False log_opt_values /usr/lib/python3/dist-packages/oslo_config/cfg.py:2609
2025-11-24 00:40:42.386 165663 DEBUG oslo_service.service [req-381086dc-33ff-4389-87c6-0c66f23b3b05 - - - - -] cache.memcache_pool_maxsize = 10 log_opt_values /usr/lib/python3/dist-packages/oslo_config/cfg.py:2609
2025-11-24 00:40:42.386 165663 DEBUG oslo_service.service [req-381086dc-33ff-4389-87c6-0c66f23b3b05 - - - - -] cache.memcache_pool_unused_timeout = 60 log_opt_values /usr/lib/python3/dist-packages/oslo_config/cfg.py:2609
2025-11-24 00:40:42.386 165663 DEBUG oslo_service.service [req-381086dc-33ff-4389-87c6-0c66f23b3b05 - - - - -] cache.memcache_servers = ['localhost:11211'] log_opt_values /usr/lib/python3/dist-packages/oslo_config/cfg.py:2609
2025-11-24 00:40:42.387 165663 DEBUG oslo_service.service [req-381086dc-33ff-4389-87c6-0c66f23b3b05 - - - - -] cache.memcache_socket_timeout = 1.0 log_opt_values /usr/lib/python3/dist-packages/oslo_config/cfg.py:2609
2025-11-24 00:40:42.387 165663 DEBUG oslo_service.service [req-381086dc-33ff-4389-87c6-0c66f23b3b05 - - - - -] cache.proxies = [] log_opt_values /usr/lib/python3/dist-packages/oslo_config/cfg.py:2609
2025-11-24 00:40:42.387 165663 DEBUG oslo_service.service [req-381086dc-33ff-4389-87c6-0c66f23b3b05 - - - - -] cache.tls_allowed_ciphers = None log_opt_values /usr/lib/python3/dist-packages/oslo_config/cfg.py:2609
2025-11-24 00:40:42.387 165663 DEBUG oslo_service.service [req-381086dc-33ff-4389-87c6-0c66f23b3b05 - - - - -] cache.tls_cafile = None log_opt_values /usr/lib/python3/dist-packages/oslo_config/cfg.py:2609
2025-11-24 00:40:42.387 165663 DEBUG oslo_service.service [req-381086dc-33ff-4389-87c6-0c66f23b3b05 - - - - -] cache.tls_certfile = None log_opt_values /usr/lib/python3/dist-packages/oslo_config/cfg.py:2609
2025-11-24 00:40:42.388 165663 DEBUG oslo_service.service [req-381086dc-33ff-4389-87c6-0c66f23b3b05 - - - - -] cache.tls_enabled = False log_opt_values /usr/lib/python3/dist-packages/oslo_config/cfg.py:2609
2025-11-24 00:40:42.388 165663 DEBUG oslo_service.service [req-381086dc-33ff-4389-87c6-0c66f23b3b05 - - - - -] cache.tls_keyfile = None log_opt_values /usr/lib/python3/dist-packages/oslo_config/cfg.py:2609
2025-11-24 00:40:42.388 165663 DEBUG oslo_service.service [req-381086dc-33ff-4389-87c6-0c66f23b3b05 - - - - -] cinder.auth_section = None log_opt_values /usr/lib/python3/dist-packages/oslo_config/cfg.py:2609
2025-11-24 00:40:42.388 165663 DEBUG oslo_service.service [req-381086dc-33ff-4389-87c6-0c66f23b3b05 - - - - -] cinder.auth_type = None log_opt_values /usr/lib/python3/dist-packages/oslo_config/cfg.py:2609
2025-11-24 00:40:42.388 165663 DEBUG oslo_service.service [req-381086dc-33ff-4389-87c6-0c66f23b3b05 - - - - -] cinder.cafile = None log_opt_values /usr/lib/python3/dist-packages/oslo_config/cfg.py:2609
2025-11-24 00:40:42.389 165663 DEBUG oslo_service.service [req-381086dc-33ff-4389-87c6-0c66f23b3b05 - - - - -] cinder.catalog_info = volumev3::publicURL log_opt_values /usr/lib/python3/dist-packages/oslo_config/cfg.py:2609
2025-11-24 00:40:42.389 165663 DEBUG oslo_service.service [req-381086dc-33ff-4389-87c6-0c66f23b3b05 - - - - -] cinder.certfile = None log_opt_values /usr/lib/python3/dist-packages/oslo_config/cfg.py:2609
2025-11-24 00:40:42.389 165663 DEBUG oslo_service.service [req-381086dc-33ff-4389-87c6-0c66f23b3b05 - - - - -] cinder.collect_timing = False log_opt_values /usr/lib/python3/dist-packages/oslo_config/cfg.py:2609
2025-11-24 00:40:42.389 165663 DEBUG oslo_service.service [req-381086dc-33ff-4389-87c6-0c66f23b3b05 - - - - -] cinder.cross_az_attach = True log_opt_values /usr/lib/python3/dist-packages/oslo_config/cfg.py:2609
2025-11-24 00:40:42.389 165663 DEBUG oslo_service.service [req-381086dc-33ff-4389-87c6-0c66f23b3b05 - - - - -] cinder.debug = False log_opt_values /usr/lib/python3/dist-packages/oslo_config/cfg.py:2609
2025-11-24 00:40:42.389 165663 DEBUG oslo_service.service [req-381086dc-33ff-4389-87c6-0c66f23b3b05 - - - - -] cinder.endpoint_template = None log_opt_values /usr/lib/python3/dist-packages/oslo_config/cfg.py:2609
2025-11-24 00:40:42.390 165663 DEBUG oslo_service.service [req-381086dc-33ff-4389-87c6-0c66f23b3b05 - - - - -] cinder.http_retries = 3 log_opt_values /usr/lib/python3/dist-packages/oslo_config/cfg.py:2609
2025-11-24 00:40:42.390 165663 DEBUG oslo_service.service [req-381086dc-33ff-4389-87c6-0c66f23b3b05 - - - - -] cinder.insecure = False log_opt_values /usr/lib/python3/dist-packages/oslo_config/cfg.py:2609
2025-11-24 00:40:42.390 165663 DEBUG oslo_service.service [req-381086dc-33ff-4389-87c6-0c66f23b3b05 - - - - -] cinder.keyfile = None log_opt_values /usr/lib/python3/dist-packages/oslo_config/cfg.py:2609
2025-11-24 00:40:42.390 165663 DEBUG oslo_service.service [req-381086dc-33ff-4389-87c6-0c66f23b3b05 - - - - -] cinder.os_region_name = None log_opt_values /usr/lib/python3/dist-packages/oslo_config/cfg.py:2609
2025-11-24 00:40:42.390 165663 DEBUG oslo_service.service [req-381086dc-33ff-4389-87c6-0c66f23b3b05 - - - - -] cinder.split_loggers = False log_opt_values /usr/lib/python3/dist-packages/oslo_config/cfg.py:2609
2025-11-24 00:40:42.391 165663 DEBUG oslo_service.service [req-381086dc-33ff-4389-87c6-0c66f23b3b05 - - - - -] cinder.timeout = None log_opt_values /usr/lib/python3/dist-packages/oslo_config/cfg.py:2609
2025-11-24 00:40:42.391 165663 DEBUG oslo_service.service [req-381086dc-33ff-4389-87c6-0c66f23b3b05 - - - - -] compute.consecutive_build_service_disable_threshold = 10 log_opt_values /usr/lib/python3/dist-packages/oslo_config/cfg.py:2609
2025-11-24 00:40:42.391 165663 DEBUG oslo_service.service [req-381086dc-33ff-4389-87c6-0c66f23b3b05 - - - - -] compute.cpu_dedicated_set = None log_opt_values /usr/lib/python3/dist-packages/oslo_config/cfg.py:2609
2025-11-24 00:40:42.392 165663 DEBUG oslo_service.service [req-381086dc-33ff-4389-87c6-0c66f23b3b05 - - - - -] compute.cpu_shared_set = None log_opt_values /usr/lib/python3/dist-packages/oslo_config/cfg.py:2609
2025-11-24 00:40:42.392 165663 DEBUG oslo_service.service [req-381086dc-33ff-4389-87c6-0c66f23b3b05 - - - - -] compute.image_type_exclude_list = [] log_opt_values /usr/lib/python3/dist-packages/oslo_config/cfg.py:2609
2025-11-24 00:40:42.393 165663 DEBUG oslo_service.service [req-381086dc-33ff-4389-87c6-0c66f23b3b05 - - - - -] compute.live_migration_wait_for_vif_plug = True log_opt_values /usr/lib/python3/dist-packages/oslo_config/cfg.py:2609
2025-11-24 00:40:42.393 165663 DEBUG oslo_service.service [req-381086dc-33ff-4389-87c6-0c66f23b3b05 - - - - -] compute.max_concurrent_disk_ops = 0 log_opt_values /usr/lib/python3/dist-packages/oslo_config/cfg.py:2609
2025-11-24 00:40:42.393 165663 DEBUG oslo_service.service [req-381086dc-33ff-4389-87c6-0c66f23b3b05 - - - - -] compute.max_disk_devices_to_attach = -1 log_opt_values /usr/lib/python3/dist-packages/oslo_config/cfg.py:2609
2025-11-24 00:40:42.393 165663 DEBUG oslo_service.service [req-381086dc-33ff-4389-87c6-0c66f23b3b05 - - - - -] compute.packing_host_numa_cells_allocation_strategy = True log_opt_values /usr/lib/python3/dist-packages/oslo_config/cfg.py:2609
2025-11-24 00:40:42.394 165663 DEBUG oslo_service.service [req-381086dc-33ff-4389-87c6-0c66f23b3b05 - - - - -] compute.provider_config_location = /etc/nova/provider_config/ log_opt_values /usr/lib/python3/dist-packages/oslo_config/cfg.py:2609
2025-11-24 00:40:42.394 165663 DEBUG oslo_service.service [req-381086dc-33ff-4389-87c6-0c66f23b3b05 - - - - -] compute.resource_provider_association_refresh = 300 log_opt_values /usr/lib/python3/dist-packages/oslo_config/cfg.py:2609
2025-11-24 00:40:42.394 165663 DEBUG oslo_service.service [req-381086dc-33ff-4389-87c6-0c66f23b3b05 - - - - -] compute.shutdown_retry_interval = 10 log_opt_values /usr/lib/python3/dist-packages/oslo_config/cfg.py:2609
2025-11-24 00:40:42.394 165663 DEBUG oslo_service.service [req-381086dc-33ff-4389-87c6-0c66f23b3b05 - - - - -] compute.vmdk_allowed_types = ['streamOptimized', 'monolithicSparse'] log_opt_values /usr/lib/python3/dist-packages/oslo_config/cfg.py:2609
2025-11-24 00:40:42.395 165663 DEBUG oslo_service.service [req-381086dc-33ff-4389-87c6-0c66f23b3b05 - - - - -] conductor.workers = 4 log_opt_values /usr/lib/python3/dist-packages/oslo_config/cfg.py:2609
2025-11-24 00:40:42.395 165663 DEBUG oslo_service.service [req-381086dc-33ff-4389-87c6-0c66f23b3b05 - - - - -] console.allowed_origins = [] log_opt_values /usr/lib/python3/dist-packages/oslo_config/cfg.py:2609
2025-11-24 00:40:42.395 165663 DEBUG oslo_service.service [req-381086dc-33ff-4389-87c6-0c66f23b3b05 - - - - -] console.ssl_ciphers = None log_opt_values /usr/lib/python3/dist-packages/oslo_config/cfg.py:2609
2025-11-24 00:40:42.395 165663 DEBUG oslo_service.service [req-381086dc-33ff-4389-87c6-0c66f23b3b05 - - - - -] console.ssl_minimum_version = default log_opt_values /usr/lib/python3/dist-packages/oslo_config/cfg.py:2609
2025-11-24 00:40:42.395 165663 DEBUG oslo_service.service [req-381086dc-33ff-4389-87c6-0c66f23b3b05 - - - - -] consoleauth.token_ttl = 600 log_opt_values /usr/lib/python3/dist-packages/oslo_config/cfg.py:2609
2025-11-24 00:40:42.396 165663 DEBUG oslo_service.service [req-381086dc-33ff-4389-87c6-0c66f23b3b05 - - - - -] cyborg.cafile = None log_opt_values /usr/lib/python3/dist-packages/oslo_config/cfg.py:2609
2025-11-24 00:40:42.396 165663 DEBUG oslo_service.service [req-381086dc-33ff-4389-87c6-0c66f23b3b05 - - - - -] cyborg.certfile = None log_opt_values /usr/lib/python3/dist-packages/oslo_config/cfg.py:2609
2025-11-24 00:40:42.397 165663 DEBUG oslo_service.service [req-381086dc-33ff-4389-87c6-0c66f23b3b05 - - - - -] cyborg.collect_timing = False log_opt_values /usr/lib/python3/dist-packages/oslo_config/cfg.py:2609
2025-11-24 00:40:42.397 165663 DEBUG oslo_service.service [req-381086dc-33ff-4389-87c6-0c66f23b3b05 - - - - -] cyborg.connect_retries = None log_opt_values /usr/lib/python3/dist-packages/oslo_config/cfg.py:2609
2025-11-24 00:40:42.397 165663 DEBUG oslo_service.service [req-381086dc-33ff-4389-87c6-0c66f23b3b05 - - - - -] cyborg.connect_retry_delay = None log_opt_values /usr/lib/python3/dist-packages/oslo_config/cfg.py:2609
2025-11-24 00:40:42.398 165663 DEBUG oslo_service.service [req-381086dc-33ff-4389-87c6-0c66f23b3b05 - - - - -] cyborg.endpoint_override = None log_opt_values /usr/lib/python3/dist-packages/oslo_config/cfg.py:2609
2025-11-24 00:40:42.398 165663 DEBUG oslo_service.service [req-381086dc-33ff-4389-87c6-0c66f23b3b05 - - - - -] cyborg.insecure = False log_opt_values /usr/lib/python3/dist-packages/oslo_config/cfg.py:2609
2025-11-24 00:40:42.398 165663 DEBUG oslo_service.service [req-381086dc-33ff-4389-87c6-0c66f23b3b05 - - - - -] cyborg.keyfile = None log_opt_values /usr/lib/python3/dist-packages/oslo_config/cfg.py:2609
2025-11-24 00:40:42.398 165663 DEBUG oslo_service.service [req-381086dc-33ff-4389-87c6-0c66f23b3b05 - - - - -] cyborg.max_version = None log_opt_values /usr/lib/python3/dist-packages/oslo_config/cfg.py:2609
2025-11-24 00:40:42.398 165663 DEBUG oslo_service.service [req-381086dc-33ff-4389-87c6-0c66f23b3b05 - - - - -] cyborg.min_version = None log_opt_values /usr/lib/python3/dist-packages/oslo_config/cfg.py:2609
2025-11-24 00:40:42.399 165663 DEBUG oslo_service.service [req-381086dc-33ff-4389-87c6-0c66f23b3b05 - - - - -] cyborg.region_name = None log_opt_values /usr/lib/python3/dist-packages/oslo_config/cfg.py:2609
2025-11-24 00:40:42.399 165663 DEBUG oslo_service.service [req-381086dc-33ff-4389-87c6-0c66f23b3b05 - - - - -] cyborg.service_name = None log_opt_values /usr/lib/python3/dist-packages/oslo_config/cfg.py:2609
2025-11-24 00:40:42.399 165663 DEBUG oslo_service.service [req-381086dc-33ff-4389-87c6-0c66f23b3b05 - - - - -] cyborg.service_type = accelerator log_opt_values /usr/lib/python3/dist-packages/oslo_config/cfg.py:2609
2025-11-24 00:40:42.400 165663 DEBUG oslo_service.service [req-381086dc-33ff-4389-87c6-0c66f23b3b05 - - - - -] cyborg.split_loggers = False log_opt_values /usr/lib/python3/dist-packages/oslo_config/cfg.py:2609
2025-11-24 00:40:42.400 165663 DEBUG oslo_service.service [req-381086dc-33ff-4389-87c6-0c66f23b3b05 - - - - -] cyborg.status_code_retries = None log_opt_values /usr/lib/python3/dist-packages/oslo_config/cfg.py:2609
2025-11-24 00:40:42.401 165663 DEBUG oslo_service.service [req-381086dc-33ff-4389-87c6-0c66f23b3b05 - - - - -] cyborg.status_code_retry_delay = None log_opt_values /usr/lib/python3/dist-packages/oslo_config/cfg.py:2609
2025-11-24 00:40:42.401 165663 DEBUG oslo_service.service [req-381086dc-33ff-4389-87c6-0c66f23b3b05 - - - - -] cyborg.timeout = None log_opt_values /usr/lib/python3/dist-packages/oslo_config/cfg.py:2609
2025-11-24 00:40:42.401 165663 DEBUG oslo_service.service [req-381086dc-33ff-4389-87c6-0c66f23b3b05 - - - - -] cyborg.valid_interfaces = ['internal', 'public'] log_opt_values /usr/lib/python3/dist-packages/oslo_config/cfg.py:2609
2025-11-24 00:40:42.401 165663 DEBUG oslo_service.service [req-381086dc-33ff-4389-87c6-0c66f23b3b05 - - - - -] cyborg.version = None log_opt_values /usr/lib/python3/dist-packages/oslo_config/cfg.py:2609
2025-11-24 00:40:42.401 165663 DEBUG oslo_service.service [req-381086dc-33ff-4389-87c6-0c66f23b3b05 - - - - -] database.backend = sqlalchemy log_opt_values /usr/lib/python3/dist-packages/oslo_config/cfg.py:2609
2025-11-24 00:40:42.402 165663 DEBUG oslo_service.service [req-381086dc-33ff-4389-87c6-0c66f23b3b05 - - - - -] database.connection = **** log_opt_values /usr/lib/python3/dist-packages/oslo_config/cfg.py:2609
2025-11-24 00:40:42.402 165663 DEBUG oslo_service.service [req-381086dc-33ff-4389-87c6-0c66f23b3b05 - - - - -] database.connection_debug = 0 log_opt_values /usr/lib/python3/dist-packages/oslo_config/cfg.py:2609
2025-11-24 00:40:42.402 165966 DEBUG oslo_messaging._drivers.amqpdriver [-] Listener is running poll /usr/lib/python3/dist-packages/oslo_messaging/_drivers/amqpdriver.py:343
2025-11-24 00:40:42.402 165663 DEBUG oslo_service.service [req-381086dc-33ff-4389-87c6-0c66f23b3b05 - - - - -] database.connection_parameters = log_opt_values /usr/lib/python3/dist-packages/oslo_config/cfg.py:2609
2025-11-24 00:40:42.402 165966 DEBUG oslo_messaging._drivers.amqpdriver [-] AMQPListener connection consume poll /usr/lib/python3/dist-packages/oslo_messaging/_drivers/amqpdriver.py:357
2025-11-24 00:40:42.402 165663 DEBUG oslo_service.service [req-381086dc-33ff-4389-87c6-0c66f23b3b05 - - - - -] database.connection_recycle_time = 3600 log_opt_values /usr/lib/python3/dist-packages/oslo_config/cfg.py:2609
2025-11-24 00:40:42.402 165663 DEBUG oslo_service.service [req-381086dc-33ff-4389-87c6-0c66f23b3b05 - - - - -] database.connection_trace = False log_opt_values /usr/lib/python3/dist-packages/oslo_config/cfg.py:2609
2025-11-24 00:40:42.403 165663 DEBUG oslo_service.service [req-381086dc-33ff-4389-87c6-0c66f23b3b05 - - - - -] database.db_inc_retry_interval = True log_opt_values /usr/lib/python3/dist-packages/oslo_config/cfg.py:2609
2025-11-24 00:40:42.403 165663 DEBUG oslo_service.service [req-381086dc-33ff-4389-87c6-0c66f23b3b05 - - - - -] database.db_max_retries = 20 log_opt_values /usr/lib/python3/dist-packages/oslo_config/cfg.py:2609
2025-11-24 00:40:42.403 165966 DEBUG nova.service [req-4ecf4e9c-2aff-411e-9a41-36f0b319fb4c - - - - -] Join ServiceGroup membership for this service conductor start /usr/lib/python3/dist-packages/nova/service.py:199
2025-11-24 00:40:42.403 165663 DEBUG oslo_service.service [req-381086dc-33ff-4389-87c6-0c66f23b3b05 - - - - -] database.db_max_retry_interval = 10 log_opt_values /usr/lib/python3/dist-packages/oslo_config/cfg.py:2609
2025-11-24 00:40:42.403 165663 DEBUG oslo_service.service [req-381086dc-33ff-4389-87c6-0c66f23b3b05 - - - - -] database.db_retry_interval = 1 log_opt_values /usr/lib/python3/dist-packages/oslo_config/cfg.py:2609
2025-11-24 00:40:42.403 165966 DEBUG nova.servicegroup.drivers.db [req-4ecf4e9c-2aff-411e-9a41-36f0b319fb4c - - - - -] DB_Driver: join new ServiceGroup member juju-5bb440-0-lxd-7 to the conductor group, service = join /usr/lib/python3/dist-packages/nova/servicegroup/drivers/db.py:44
2025-11-24 00:40:42.403 165663 DEBUG oslo_service.service [req-381086dc-33ff-4389-87c6-0c66f23b3b05 - - - - -] database.max_overflow = 50 log_opt_values /usr/lib/python3/dist-packages/oslo_config/cfg.py:2609
2025-11-24 00:40:42.404 165663 DEBUG oslo_service.service [req-381086dc-33ff-4389-87c6-0c66f23b3b05 - - - - -] database.max_pool_size = 4 log_opt_values /usr/lib/python3/dist-packages/oslo_config/cfg.py:2609
2025-11-24 00:40:42.404 165663 DEBUG oslo_service.service [req-381086dc-33ff-4389-87c6-0c66f23b3b05 - - - - -] database.max_retries = 10 log_opt_values /usr/lib/python3/dist-packages/oslo_config/cfg.py:2609
2025-11-24 00:40:42.404 165663 DEBUG oslo_service.service [req-381086dc-33ff-4389-87c6-0c66f23b3b05 - - - - -] database.mysql_enable_ndb = False log_opt_values /usr/lib/python3/dist-packages/oslo_config/cfg.py:2609
2025-11-24 00:40:42.404 165663 DEBUG oslo_service.service [req-381086dc-33ff-4389-87c6-0c66f23b3b05 - - - - -] database.mysql_sql_mode = TRADITIONAL log_opt_values /usr/lib/python3/dist-packages/oslo_config/cfg.py:2609
2025-11-24 00:40:42.404 165663 DEBUG oslo_service.service [req-381086dc-33ff-4389-87c6-0c66f23b3b05 - - - - -] database.pool_timeout = None log_opt_values /usr/lib/python3/dist-packages/oslo_config/cfg.py:2609
2025-11-24 00:40:42.405 165663 DEBUG oslo_service.service [req-381086dc-33ff-4389-87c6-0c66f23b3b05 - - - - -] database.retry_interval = 10 log_opt_values /usr/lib/python3/dist-packages/oslo_config/cfg.py:2609
2025-11-24 00:40:42.405 165663 DEBUG oslo_service.service [req-381086dc-33ff-4389-87c6-0c66f23b3b05 - - - - -] database.slave_connection = **** log_opt_values /usr/lib/python3/dist-packages/oslo_config/cfg.py:2609
2025-11-24 00:40:42.405 165663 DEBUG oslo_service.service [req-381086dc-33ff-4389-87c6-0c66f23b3b05 - - - - -] database.sqlite_synchronous = True log_opt_values /usr/lib/python3/dist-packages/oslo_config/cfg.py:2609
2025-11-24 00:40:42.405 165663 DEBUG oslo_service.service [req-381086dc-33ff-4389-87c6-0c66f23b3b05 - - - - -] database.use_db_reconnect = False log_opt_values /usr/lib/python3/dist-packages/oslo_config/cfg.py:2609
2025-11-24 00:40:42.405 165663 DEBUG oslo_service.service [req-381086dc-33ff-4389-87c6-0c66f23b3b05 - - - - -] api_database.backend = sqlalchemy log_opt_values /usr/lib/python3/dist-packages/oslo_config/cfg.py:2609
2025-11-24 00:40:42.405 165663 DEBUG oslo_service.service [req-381086dc-33ff-4389-87c6-0c66f23b3b05 - - - - -] api_database.connection = **** log_opt_values /usr/lib/python3/dist-packages/oslo_config/cfg.py:2609
2025-11-24 00:40:42.406 165663 DEBUG oslo_service.service [req-381086dc-33ff-4389-87c6-0c66f23b3b05 - - - - -] api_database.connection_debug = 0 log_opt_values /usr/lib/python3/dist-packages/oslo_config/cfg.py:2609
2025-11-24 00:40:42.406 165966 DEBUG oslo_messaging._drivers.amqpdriver [-] AMQPListener connection timeout poll /usr/lib/python3/dist-packages/oslo_messaging/_drivers/amqpdriver.py:360
2025-11-24 00:40:42.406 165663 DEBUG oslo_service.service [req-381086dc-33ff-4389-87c6-0c66f23b3b05 - - - - -] api_database.connection_parameters = log_opt_values /usr/lib/python3/dist-packages/oslo_config/cfg.py:2609
2025-11-24 00:40:42.406 165966 DEBUG oslo_messaging._drivers.amqpdriver [-] Listener is running poll /usr/lib/python3/dist-packages/oslo_messaging/_drivers/amqpdriver.py:343
2025-11-24 00:40:42.406 165966 DEBUG oslo_messaging._drivers.amqpdriver [-] AMQPListener connection consume poll /usr/lib/python3/dist-packages/oslo_messaging/_drivers/amqpdriver.py:357
2025-11-24 00:40:42.406 165663 DEBUG oslo_service.service [req-381086dc-33ff-4389-87c6-0c66f23b3b05 - - - - -] api_database.connection_recycle_time = 3600 log_opt_values /usr/lib/python3/dist-packages/oslo_config/cfg.py:2609
2025-11-24 00:40:42.406 165663 DEBUG oslo_service.service [req-381086dc-33ff-4389-87c6-0c66f23b3b05 - - - - -] api_database.connection_trace = False log_opt_values /usr/lib/python3/dist-packages/oslo_config/cfg.py:2609
2025-11-24 00:40:42.406 165663 DEBUG oslo_service.service [req-381086dc-33ff-4389-87c6-0c66f23b3b05 - - - - -] api_database.db_inc_retry_interval = True log_opt_values /usr/lib/python3/dist-packages/oslo_config/cfg.py:2609
2025-11-24 00:40:42.407 165663 DEBUG oslo_service.service [req-381086dc-33ff-4389-87c6-0c66f23b3b05 - - - - -] api_database.db_max_retries = 20 log_opt_values /usr/lib/python3/dist-packages/oslo_config/cfg.py:2609
2025-11-24 00:40:42.407 165663 DEBUG oslo_service.service [req-381086dc-33ff-4389-87c6-0c66f23b3b05 - - - - -] api_database.db_max_retry_interval = 10 log_opt_values /usr/lib/python3/dist-packages/oslo_config/cfg.py:2609
2025-11-24 00:40:42.407 165663 DEBUG oslo_service.service [req-381086dc-33ff-4389-87c6-0c66f23b3b05 - - - - -] api_database.db_retry_interval = 1 log_opt_values /usr/lib/python3/dist-packages/oslo_config/cfg.py:2609
2025-11-24 00:40:42.407 165663 DEBUG oslo_service.service [req-381086dc-33ff-4389-87c6-0c66f23b3b05 - - - - -] api_database.max_overflow = 50 log_opt_values /usr/lib/python3/dist-packages/oslo_config/cfg.py:2609
2025-11-24 00:40:42.407 165663 DEBUG oslo_service.service [req-381086dc-33ff-4389-87c6-0c66f23b3b05 - - - - -] api_database.max_pool_size = 4 log_opt_values /usr/lib/python3/dist-packages/oslo_config/cfg.py:2609
2025-11-24 00:40:42.407 165663 DEBUG oslo_service.service [req-381086dc-33ff-4389-87c6-0c66f23b3b05 - - - - -] api_database.max_retries = 10 log_opt_values /usr/lib/python3/dist-packages/oslo_config/cfg.py:2609
2025-11-24 00:40:42.408 165663 DEBUG oslo_service.service [req-381086dc-33ff-4389-87c6-0c66f23b3b05 - - - - -] api_database.mysql_enable_ndb = False log_opt_values /usr/lib/python3/dist-packages/oslo_config/cfg.py:2609
2025-11-24 00:40:42.408 165663 DEBUG oslo_service.service [req-381086dc-33ff-4389-87c6-0c66f23b3b05 - - - - -] api_database.mysql_sql_mode = TRADITIONAL log_opt_values /usr/lib/python3/dist-packages/oslo_config/cfg.py:2609
2025-11-24 00:40:42.408 165663 DEBUG oslo_service.service [req-381086dc-33ff-4389-87c6-0c66f23b3b05 - - - - -] api_database.pool_timeout = None log_opt_values /usr/lib/python3/dist-packages/oslo_config/cfg.py:2609
2025-11-24 00:40:42.408 165663 DEBUG oslo_service.service [req-381086dc-33ff-4389-87c6-0c66f23b3b05 - - - - -] api_database.retry_interval = 10 log_opt_values /usr/lib/python3/dist-packages/oslo_config/cfg.py:2609
2025-11-24 00:40:42.408 165663 DEBUG oslo_service.service [req-381086dc-33ff-4389-87c6-0c66f23b3b05 - - - - -] api_database.slave_connection = **** log_opt_values /usr/lib/python3/dist-packages/oslo_config/cfg.py:2609
2025-11-24 00:40:42.409 165663 DEBUG oslo_service.service [req-381086dc-33ff-4389-87c6-0c66f23b3b05 - - - - -] api_database.sqlite_synchronous = True log_opt_values /usr/lib/python3/dist-packages/oslo_config/cfg.py:2609
2025-11-24 00:40:42.409 165663 DEBUG oslo_service.service [req-381086dc-33ff-4389-87c6-0c66f23b3b05 - - - - -] devices.enabled_mdev_types = [] log_opt_values /usr/lib/python3/dist-packages/oslo_config/cfg.py:2609
2025-11-24 00:40:42.409 165663 DEBUG oslo_service.service [req-381086dc-33ff-4389-87c6-0c66f23b3b05 - - - - -] ephemeral_storage_encryption.cipher = aes-xts-plain64 log_opt_values /usr/lib/python3/dist-packages/oslo_config/cfg.py:2609
2025-11-24 00:40:42.409 165663 DEBUG oslo_service.service [req-381086dc-33ff-4389-87c6-0c66f23b3b05 - - - - -] ephemeral_storage_encryption.enabled = False log_opt_values /usr/lib/python3/dist-packages/oslo_config/cfg.py:2609
2025-11-24 00:40:42.409 165663 DEBUG oslo_service.service [req-381086dc-33ff-4389-87c6-0c66f23b3b05 - - - - -] ephemeral_storage_encryption.key_size = 512 log_opt_values /usr/lib/python3/dist-packages/oslo_config/cfg.py:2609
2025-11-24 00:40:42.410 165663 WARNING oslo_config.cfg [req-381086dc-33ff-4389-87c6-0c66f23b3b05 - - - - -] Deprecated: Option "api_servers" from group "glance" is deprecated for removal ( Support for image service configuration via standard keystoneauth1 Adapter options was added in the 17.0.0 Queens release. The api_servers option was retained temporarily to allow consumers time to cut over to a real load balancing solution. ). Its value may be silently ignored in the future.
2025-11-24 00:40:42.410 165663 DEBUG oslo_service.service [req-381086dc-33ff-4389-87c6-0c66f23b3b05 - - - - -] glance.api_servers = ['http://252.129.120.105:9292'] log_opt_values /usr/lib/python3/dist-packages/oslo_config/cfg.py:2609
2025-11-24 00:40:42.410 165663 DEBUG oslo_service.service [req-381086dc-33ff-4389-87c6-0c66f23b3b05 - - - - -] glance.cafile = None log_opt_values /usr/lib/python3/dist-packages/oslo_config/cfg.py:2609
2025-11-24 00:40:42.410 165663 DEBUG oslo_service.service [req-381086dc-33ff-4389-87c6-0c66f23b3b05 - - - - -] glance.certfile = None log_opt_values /usr/lib/python3/dist-packages/oslo_config/cfg.py:2609
2025-11-24 00:40:42.410 165663 DEBUG oslo_service.service [req-381086dc-33ff-4389-87c6-0c66f23b3b05 - - - - -] glance.collect_timing = False log_opt_values /usr/lib/python3/dist-packages/oslo_config/cfg.py:2609
2025-11-24 00:40:42.411 165663 DEBUG oslo_service.service [req-381086dc-33ff-4389-87c6-0c66f23b3b05 - - - - -] glance.connect_retries = None log_opt_values /usr/lib/python3/dist-packages/oslo_config/cfg.py:2609
2025-11-24 00:40:42.411 165663 DEBUG oslo_service.service [req-381086dc-33ff-4389-87c6-0c66f23b3b05 - - - - -] glance.connect_retry_delay = None log_opt_values /usr/lib/python3/dist-packages/oslo_config/cfg.py:2609
2025-11-24 00:40:42.411 165663 DEBUG oslo_service.service [req-381086dc-33ff-4389-87c6-0c66f23b3b05 - - - - -] glance.debug = False log_opt_values /usr/lib/python3/dist-packages/oslo_config/cfg.py:2609
2025-11-24 00:40:42.411 165663 DEBUG oslo_service.service [req-381086dc-33ff-4389-87c6-0c66f23b3b05 - - - - -] glance.default_trusted_certificate_ids = [] log_opt_values /usr/lib/python3/dist-packages/oslo_config/cfg.py:2609
2025-11-24 00:40:42.411 165663 DEBUG oslo_service.service [req-381086dc-33ff-4389-87c6-0c66f23b3b05 - - - - -] glance.enable_certificate_validation = False log_opt_values /usr/lib/python3/dist-packages/oslo_config/cfg.py:2609
2025-11-24 00:40:42.412 165663 DEBUG oslo_service.service [req-381086dc-33ff-4389-87c6-0c66f23b3b05 - - - - -] glance.enable_rbd_download = False log_opt_values /usr/lib/python3/dist-packages/oslo_config/cfg.py:2609
2025-11-24 00:40:42.412 165663 DEBUG oslo_service.service [req-381086dc-33ff-4389-87c6-0c66f23b3b05 - - - - -] glance.endpoint_override = None log_opt_values /usr/lib/python3/dist-packages/oslo_config/cfg.py:2609
2025-11-24 00:40:42.412 165663 DEBUG oslo_service.service [req-381086dc-33ff-4389-87c6-0c66f23b3b05 - - - - -] glance.insecure = False log_opt_values /usr/lib/python3/dist-packages/oslo_config/cfg.py:2609
2025-11-24 00:40:42.412 165663 DEBUG oslo_service.service [req-381086dc-33ff-4389-87c6-0c66f23b3b05 - - - - -] glance.keyfile = None log_opt_values /usr/lib/python3/dist-packages/oslo_config/cfg.py:2609
2025-11-24 00:40:42.412 165663 DEBUG oslo_service.service [req-381086dc-33ff-4389-87c6-0c66f23b3b05 - - - - -] glance.max_version = None log_opt_values /usr/lib/python3/dist-packages/oslo_config/cfg.py:2609
2025-11-24 00:40:42.412 165663 DEBUG oslo_service.service [req-381086dc-33ff-4389-87c6-0c66f23b3b05 - - - - -] glance.min_version = None log_opt_values /usr/lib/python3/dist-packages/oslo_config/cfg.py:2609
2025-11-24 00:40:42.413 165663 DEBUG oslo_service.service [req-381086dc-33ff-4389-87c6-0c66f23b3b05 - - - - -] glance.num_retries = 3 log_opt_values /usr/lib/python3/dist-packages/oslo_config/cfg.py:2609
2025-11-24 00:40:42.413 165663 DEBUG oslo_service.service [req-381086dc-33ff-4389-87c6-0c66f23b3b05 - - - - -] glance.rbd_ceph_conf = log_opt_values /usr/lib/python3/dist-packages/oslo_config/cfg.py:2609
2025-11-24 00:40:42.413 165663 DEBUG oslo_service.service [req-381086dc-33ff-4389-87c6-0c66f23b3b05 - - - - -] glance.rbd_connect_timeout = 5 log_opt_values /usr/lib/python3/dist-packages/oslo_config/cfg.py:2609
2025-11-24 00:40:42.413 165663 DEBUG oslo_service.service [req-381086dc-33ff-4389-87c6-0c66f23b3b05 - - - - -] glance.rbd_pool = log_opt_values /usr/lib/python3/dist-packages/oslo_config/cfg.py:2609
2025-11-24 00:40:42.413 165663 DEBUG oslo_service.service [req-381086dc-33ff-4389-87c6-0c66f23b3b05 - - - - -] glance.rbd_user = log_opt_values /usr/lib/python3/dist-packages/oslo_config/cfg.py:2609
2025-11-24 00:40:42.414 165663 DEBUG oslo_service.service [req-381086dc-33ff-4389-87c6-0c66f23b3b05 - - - - -] glance.region_name = None log_opt_values /usr/lib/python3/dist-packages/oslo_config/cfg.py:2609
2025-11-24 00:40:42.414 165663 DEBUG oslo_service.service [req-381086dc-33ff-4389-87c6-0c66f23b3b05 - - - - -] glance.service_name = None log_opt_values /usr/lib/python3/dist-packages/oslo_config/cfg.py:2609
2025-11-24 00:40:42.414 165663 DEBUG oslo_service.service [req-381086dc-33ff-4389-87c6-0c66f23b3b05 - - - - -] glance.service_type = image log_opt_values /usr/lib/python3/dist-packages/oslo_config/cfg.py:2609
2025-11-24 00:40:42.414 165663 DEBUG oslo_service.service [req-381086dc-33ff-4389-87c6-0c66f23b3b05 - - - - -] glance.split_loggers = False log_opt_values /usr/lib/python3/dist-packages/oslo_config/cfg.py:2609
2025-11-24 00:40:42.414 165663 DEBUG oslo_service.service [req-381086dc-33ff-4389-87c6-0c66f23b3b05 - - - - -] glance.status_code_retries = None log_opt_values /usr/lib/python3/dist-packages/oslo_config/cfg.py:2609
2025-11-24 00:40:42.414 165663 DEBUG oslo_service.service [req-381086dc-33ff-4389-87c6-0c66f23b3b05 - - - - -] glance.status_code_retry_delay = None log_opt_values /usr/lib/python3/dist-packages/oslo_config/cfg.py:2609
2025-11-24 00:40:42.415 165663 DEBUG oslo_service.service [req-381086dc-33ff-4389-87c6-0c66f23b3b05 - - - - -] glance.timeout = None log_opt_values /usr/lib/python3/dist-packages/oslo_config/cfg.py:2609
2025-11-24 00:40:42.415 165663 DEBUG oslo_service.service [req-381086dc-33ff-4389-87c6-0c66f23b3b05 - - - - -] glance.valid_interfaces = ['internal', 'public'] log_opt_values /usr/lib/python3/dist-packages/oslo_config/cfg.py:2609
2025-11-24 00:40:42.415 165663 DEBUG oslo_service.service [req-381086dc-33ff-4389-87c6-0c66f23b3b05 - - - - -] glance.verify_glance_signatures = False log_opt_values /usr/lib/python3/dist-packages/oslo_config/cfg.py:2609
2025-11-24 00:40:42.415 165663 DEBUG oslo_service.service [req-381086dc-33ff-4389-87c6-0c66f23b3b05 - - - - -] glance.version = None log_opt_values /usr/lib/python3/dist-packages/oslo_config/cfg.py:2609
2025-11-24 00:40:42.415 165663 DEBUG oslo_service.service [req-381086dc-33ff-4389-87c6-0c66f23b3b05 - - - - -] guestfs.debug = False log_opt_values /usr/lib/python3/dist-packages/oslo_config/cfg.py:2609
2025-11-24 00:40:42.416 165663 DEBUG oslo_service.service [req-381086dc-33ff-4389-87c6-0c66f23b3b05 - - - - -] hyperv.config_drive_cdrom = False log_opt_values /usr/lib/python3/dist-packages/oslo_config/cfg.py:2609
2025-11-24 00:40:42.416 165663 DEBUG oslo_service.service [req-381086dc-33ff-4389-87c6-0c66f23b3b05 - - - - -] hyperv.config_drive_inject_password = False log_opt_values /usr/lib/python3/dist-packages/oslo_config/cfg.py:2609
2025-11-24 00:40:42.416 165663 DEBUG oslo_service.service [req-381086dc-33ff-4389-87c6-0c66f23b3b05 - - - - -] hyperv.dynamic_memory_ratio = 1.0 log_opt_values /usr/lib/python3/dist-packages/oslo_config/cfg.py:2609
2025-11-24 00:40:42.416 165663 DEBUG oslo_service.service [req-381086dc-33ff-4389-87c6-0c66f23b3b05 - - - - -] hyperv.enable_instance_metrics_collection = False log_opt_values /usr/lib/python3/dist-packages/oslo_config/cfg.py:2609
2025-11-24 00:40:42.416 165663 DEBUG oslo_service.service [req-381086dc-33ff-4389-87c6-0c66f23b3b05 - - - - -] hyperv.enable_remotefx = False log_opt_values /usr/lib/python3/dist-packages/oslo_config/cfg.py:2609
2025-11-24 00:40:42.417 165663 DEBUG oslo_service.service [req-381086dc-33ff-4389-87c6-0c66f23b3b05 - - - - -] hyperv.instances_path_share = log_opt_values /usr/lib/python3/dist-packages/oslo_config/cfg.py:2609
2025-11-24 00:40:42.417 165663 DEBUG oslo_service.service [req-381086dc-33ff-4389-87c6-0c66f23b3b05 - - - - -] hyperv.iscsi_initiator_list = [] log_opt_values /usr/lib/python3/dist-packages/oslo_config/cfg.py:2609
2025-11-24 00:40:42.417 165663 DEBUG oslo_service.service [req-381086dc-33ff-4389-87c6-0c66f23b3b05 - - - - -] hyperv.limit_cpu_features = False log_opt_values /usr/lib/python3/dist-packages/oslo_config/cfg.py:2609
2025-11-24 00:40:42.417 165663 DEBUG oslo_service.service [req-381086dc-33ff-4389-87c6-0c66f23b3b05 - - - - -] hyperv.mounted_disk_query_retry_count = 10 log_opt_values /usr/lib/python3/dist-packages/oslo_config/cfg.py:2609
