2025-11-24 00:37:12.139 37767 DEBUG oslo_service.service [-] clients_trove.cert_file = None log_opt_values /usr/lib/python3/dist-packages/oslo_config/cfg.py:2609
2025-11-24 00:37:12.139 37767 DEBUG oslo_service.service [-] clients_trove.endpoint_type = None log_opt_values /usr/lib/python3/dist-packages/oslo_config/cfg.py:2609
2025-11-24 00:37:12.139 37767 DEBUG oslo_service.service [-] clients_trove.insecure = None log_opt_values /usr/lib/python3/dist-packages/oslo_config/cfg.py:2609
2025-11-24 00:37:12.139 37767 DEBUG oslo_service.service [-] clients_trove.key_file = None log_opt_values /usr/lib/python3/dist-packages/oslo_config/cfg.py:2609
2025-11-24 00:37:12.140 37767 DEBUG oslo_service.service [-] clients_vitrage.ca_file = None log_opt_values /usr/lib/python3/dist-packages/oslo_config/cfg.py:2609
2025-11-24 00:37:12.140 37767 DEBUG oslo_service.service [-] clients_vitrage.cert_file = None log_opt_values /usr/lib/python3/dist-packages/oslo_config/cfg.py:2609
2025-11-24 00:37:12.140 37767 DEBUG oslo_service.service [-] clients_vitrage.endpoint_type = None log_opt_values /usr/lib/python3/dist-packages/oslo_config/cfg.py:2609
2025-11-24 00:37:12.140 37767 DEBUG oslo_service.service [-] clients_vitrage.insecure = None log_opt_values /usr/lib/python3/dist-packages/oslo_config/cfg.py:2609
2025-11-24 00:37:12.140 37767 DEBUG oslo_service.service [-] clients_vitrage.key_file = None log_opt_values /usr/lib/python3/dist-packages/oslo_config/cfg.py:2609
2025-11-24 00:37:12.140 37767 DEBUG oslo_service.service [-] clients_zaqar.ca_file = None log_opt_values /usr/lib/python3/dist-packages/oslo_config/cfg.py:2609
2025-11-24 00:37:12.140 37767 DEBUG oslo_service.service [-] clients_zaqar.cert_file = None log_opt_values /usr/lib/python3/dist-packages/oslo_config/cfg.py:2609
2025-11-24 00:37:12.140 37767 DEBUG oslo_service.service [-] clients_zaqar.endpoint_type = None log_opt_values /usr/lib/python3/dist-packages/oslo_config/cfg.py:2609
2025-11-24 00:37:12.140 37767 DEBUG oslo_service.service [-] clients_zaqar.insecure = None log_opt_values /usr/lib/python3/dist-packages/oslo_config/cfg.py:2609
2025-11-24 00:37:12.141 37767 DEBUG oslo_service.service [-] clients_zaqar.key_file = None log_opt_values /usr/lib/python3/dist-packages/oslo_config/cfg.py:2609
2025-11-24 00:37:12.141 37767 DEBUG oslo_service.service [-] database.backend = sqlalchemy log_opt_values /usr/lib/python3/dist-packages/oslo_config/cfg.py:2609
2025-11-24 00:37:12.141 37767 DEBUG oslo_service.service [-] database.connection = **** log_opt_values /usr/lib/python3/dist-packages/oslo_config/cfg.py:2609
2025-11-24 00:37:12.141 37767 DEBUG oslo_service.service [-] database.connection_debug = 0 log_opt_values /usr/lib/python3/dist-packages/oslo_config/cfg.py:2609
2025-11-24 00:37:12.145 37767 DEBUG oslo_service.service [-] database.connection_parameters = log_opt_values /usr/lib/python3/dist-packages/oslo_config/cfg.py:2609
2025-11-24 00:37:12.145 37767 DEBUG oslo_service.service [-] database.connection_recycle_time = 3600 log_opt_values /usr/lib/python3/dist-packages/oslo_config/cfg.py:2609
2025-11-24 00:37:12.145 37767 DEBUG oslo_service.service [-] database.connection_trace = False log_opt_values /usr/lib/python3/dist-packages/oslo_config/cfg.py:2609
2025-11-24 00:37:12.145 37767 DEBUG oslo_service.service [-] database.db_inc_retry_interval = True log_opt_values /usr/lib/python3/dist-packages/oslo_config/cfg.py:2609
2025-11-24 00:37:12.146 37767 DEBUG oslo_service.service [-] database.db_max_retries = 20 log_opt_values /usr/lib/python3/dist-packages/oslo_config/cfg.py:2609
2025-11-24 00:37:12.146 37767 DEBUG oslo_service.service [-] database.db_max_retry_interval = 10 log_opt_values /usr/lib/python3/dist-packages/oslo_config/cfg.py:2609
2025-11-24 00:37:12.146 37767 DEBUG oslo_service.service [-] database.db_retry_interval = 1 log_opt_values /usr/lib/python3/dist-packages/oslo_config/cfg.py:2609
2025-11-24 00:37:12.146 37767 DEBUG oslo_service.service [-] database.max_overflow = 50 log_opt_values /usr/lib/python3/dist-packages/oslo_config/cfg.py:2609
2025-11-24 00:37:12.146 37767 DEBUG oslo_service.service [-] database.max_pool_size = 5 log_opt_values /usr/lib/python3/dist-packages/oslo_config/cfg.py:2609
2025-11-24 00:37:12.146 37767 DEBUG oslo_service.service [-] database.max_retries = 10 log_opt_values /usr/lib/python3/dist-packages/oslo_config/cfg.py:2609
2025-11-24 00:37:12.147 37767 DEBUG oslo_service.service [-] database.mysql_enable_ndb = False log_opt_values /usr/lib/python3/dist-packages/oslo_config/cfg.py:2609
2025-11-24 00:37:12.147 37767 DEBUG oslo_service.service [-] database.mysql_sql_mode = TRADITIONAL log_opt_values /usr/lib/python3/dist-packages/oslo_config/cfg.py:2609
2025-11-24 00:37:12.147 37767 DEBUG oslo_service.service [-] database.pool_timeout = None log_opt_values /usr/lib/python3/dist-packages/oslo_config/cfg.py:2609
2025-11-24 00:37:12.147 37767 DEBUG oslo_service.service [-] database.retry_interval = 10 log_opt_values /usr/lib/python3/dist-packages/oslo_config/cfg.py:2609
2025-11-24 00:37:12.152 37767 DEBUG oslo_service.service [-] database.slave_connection = **** log_opt_values /usr/lib/python3/dist-packages/oslo_config/cfg.py:2609
2025-11-24 00:37:12.152 37767 DEBUG oslo_service.service [-] database.sqlite_synchronous = True log_opt_values /usr/lib/python3/dist-packages/oslo_config/cfg.py:2609
2025-11-24 00:37:12.152 37767 DEBUG oslo_service.service [-] database.use_db_reconnect = False log_opt_values /usr/lib/python3/dist-packages/oslo_config/cfg.py:2609
2025-11-24 00:37:12.152 37767 DEBUG oslo_service.service [-] oslo_messaging_metrics.metrics_buffer_size = 1000 log_opt_values /usr/lib/python3/dist-packages/oslo_config/cfg.py:2609
2025-11-24 00:37:12.152 37767 DEBUG oslo_service.service [-] oslo_messaging_metrics.metrics_enabled = False log_opt_values /usr/lib/python3/dist-packages/oslo_config/cfg.py:2609
2025-11-24 00:37:12.153 37767 DEBUG oslo_service.service [-] oslo_messaging_metrics.metrics_process_name = log_opt_values /usr/lib/python3/dist-packages/oslo_config/cfg.py:2609
2025-11-24 00:37:12.153 37767 DEBUG oslo_service.service [-] oslo_messaging_metrics.metrics_socket_file = /var/tmp/metrics_collector.sock log_opt_values /usr/lib/python3/dist-packages/oslo_config/cfg.py:2609
2025-11-24 00:37:12.153 37767 DEBUG oslo_service.service [-] oslo_messaging_metrics.metrics_thread_stop_timeout = 10 log_opt_values /usr/lib/python3/dist-packages/oslo_config/cfg.py:2609
2025-11-24 00:37:12.153 37767 DEBUG oslo_service.service [-] oslo_policy.enforce_new_defaults = False log_opt_values /usr/lib/python3/dist-packages/oslo_config/cfg.py:2609
2025-11-24 00:37:12.153 37767 DEBUG oslo_service.service [-] oslo_policy.enforce_scope = False log_opt_values /usr/lib/python3/dist-packages/oslo_config/cfg.py:2609
2025-11-24 00:37:12.154 37767 DEBUG oslo_service.service [-] oslo_policy.policy_default_rule = default log_opt_values /usr/lib/python3/dist-packages/oslo_config/cfg.py:2609
2025-11-24 00:37:12.154 37767 DEBUG oslo_service.service [-] oslo_policy.policy_dirs = ['policy.d'] log_opt_values /usr/lib/python3/dist-packages/oslo_config/cfg.py:2609
2025-11-24 00:37:12.154 37767 DEBUG oslo_service.service [-] oslo_policy.policy_file = policy.yaml log_opt_values /usr/lib/python3/dist-packages/oslo_config/cfg.py:2609
2025-11-24 00:37:12.154 37767 DEBUG oslo_service.service [-] oslo_policy.remote_content_type = application/x-www-form-urlencoded log_opt_values /usr/lib/python3/dist-packages/oslo_config/cfg.py:2609
2025-11-24 00:37:12.154 37767 DEBUG oslo_service.service [-] oslo_policy.remote_ssl_ca_crt_file = None log_opt_values /usr/lib/python3/dist-packages/oslo_config/cfg.py:2609
2025-11-24 00:37:12.154 37767 DEBUG oslo_service.service [-] oslo_policy.remote_ssl_client_crt_file = None log_opt_values /usr/lib/python3/dist-packages/oslo_config/cfg.py:2609
2025-11-24 00:37:12.155 37767 DEBUG oslo_service.service [-] oslo_policy.remote_ssl_client_key_file = None log_opt_values /usr/lib/python3/dist-packages/oslo_config/cfg.py:2609
2025-11-24 00:37:12.155 37767 DEBUG oslo_service.service [-] oslo_policy.remote_ssl_verify_server_crt = False log_opt_values /usr/lib/python3/dist-packages/oslo_config/cfg.py:2609
2025-11-24 00:37:12.157 37767 DEBUG oslo_service.service [-] trustee.auth_section = None log_opt_values /usr/lib/python3/dist-packages/oslo_config/cfg.py:2609
2025-11-24 00:37:12.157 37767 WARNING oslo_config.cfg [-] Deprecated: Option "auth_plugin" from group "trustee" is deprecated. Use option "auth_type" from group "trustee".
2025-11-24 00:37:12.157 37767 DEBUG oslo_service.service [-] trustee.auth_type = password log_opt_values /usr/lib/python3/dist-packages/oslo_config/cfg.py:2609
2025-11-24 00:37:12.159 37767 DEBUG oslo_service.service [-] oslo_versionedobjects.fatal_exception_format_errors = False log_opt_values /usr/lib/python3/dist-packages/oslo_config/cfg.py:2609
2025-11-24 00:37:12.159 37767 DEBUG oslo_service.service [-] oslo_messaging_rabbit.amqp_auto_delete = False log_opt_values /usr/lib/python3/dist-packages/oslo_config/cfg.py:2609
2025-11-24 00:37:12.159 37767 DEBUG oslo_service.service [-] oslo_messaging_rabbit.amqp_durable_queues = False log_opt_values /usr/lib/python3/dist-packages/oslo_config/cfg.py:2609
2025-11-24 00:37:12.159 37767 DEBUG oslo_service.service [-] oslo_messaging_rabbit.conn_pool_min_size = 2 log_opt_values /usr/lib/python3/dist-packages/oslo_config/cfg.py:2609
2025-11-24 00:37:12.159 37767 DEBUG oslo_service.service [-] oslo_messaging_rabbit.conn_pool_ttl = 1200 log_opt_values /usr/lib/python3/dist-packages/oslo_config/cfg.py:2609
2025-11-24 00:37:12.159 37767 DEBUG oslo_service.service [-] oslo_messaging_rabbit.direct_mandatory_flag = True log_opt_values /usr/lib/python3/dist-packages/oslo_config/cfg.py:2609
2025-11-24 00:37:12.159 37767 DEBUG oslo_service.service [-] oslo_messaging_rabbit.enable_cancel_on_failover = False log_opt_values /usr/lib/python3/dist-packages/oslo_config/cfg.py:2609
2025-11-24 00:37:12.160 37767 DEBUG oslo_service.service [-] oslo_messaging_rabbit.heartbeat_in_pthread = False log_opt_values /usr/lib/python3/dist-packages/oslo_config/cfg.py:2609
2025-11-24 00:37:12.160 37767 DEBUG oslo_service.service [-] oslo_messaging_rabbit.heartbeat_rate = 2 log_opt_values /usr/lib/python3/dist-packages/oslo_config/cfg.py:2609
2025-11-24 00:37:12.160 37767 DEBUG oslo_service.service [-] oslo_messaging_rabbit.heartbeat_timeout_threshold = 60 log_opt_values /usr/lib/python3/dist-packages/oslo_config/cfg.py:2609
2025-11-24 00:37:12.160 37767 DEBUG oslo_service.service [-] oslo_messaging_rabbit.kombu_compression = None log_opt_values /usr/lib/python3/dist-packages/oslo_config/cfg.py:2609
2025-11-24 00:37:12.160 37767 DEBUG oslo_service.service [-] oslo_messaging_rabbit.kombu_failover_strategy = round-robin log_opt_values /usr/lib/python3/dist-packages/oslo_config/cfg.py:2609
2025-11-24 00:37:12.160 37767 DEBUG oslo_service.service [-] oslo_messaging_rabbit.kombu_missing_consumer_retry_timeout = 60 log_opt_values /usr/lib/python3/dist-packages/oslo_config/cfg.py:2609
2025-11-24 00:37:12.160 37767 DEBUG oslo_service.service [-] oslo_messaging_rabbit.kombu_reconnect_delay = 1.0 log_opt_values /usr/lib/python3/dist-packages/oslo_config/cfg.py:2609
2025-11-24 00:37:12.161 37767 DEBUG oslo_service.service [-] oslo_messaging_rabbit.rabbit_ha_queues = False log_opt_values /usr/lib/python3/dist-packages/oslo_config/cfg.py:2609
2025-11-24 00:37:12.161 37767 DEBUG oslo_service.service [-] oslo_messaging_rabbit.rabbit_interval_max = 30 log_opt_values /usr/lib/python3/dist-packages/oslo_config/cfg.py:2609
2025-11-24 00:37:12.161 37767 DEBUG oslo_service.service [-] oslo_messaging_rabbit.rabbit_login_method = AMQPLAIN log_opt_values /usr/lib/python3/dist-packages/oslo_config/cfg.py:2609
2025-11-24 00:37:12.161 37767 DEBUG oslo_service.service [-] oslo_messaging_rabbit.rabbit_qos_prefetch_count = 0 log_opt_values /usr/lib/python3/dist-packages/oslo_config/cfg.py:2609
2025-11-24 00:37:12.161 37767 DEBUG oslo_service.service [-] oslo_messaging_rabbit.rabbit_quorum_queue = False log_opt_values /usr/lib/python3/dist-packages/oslo_config/cfg.py:2609
2025-11-24 00:37:12.161 37767 DEBUG oslo_service.service [-] oslo_messaging_rabbit.rabbit_retry_backoff = 2 log_opt_values /usr/lib/python3/dist-packages/oslo_config/cfg.py:2609
2025-11-24 00:37:12.161 37767 DEBUG oslo_service.service [-] oslo_messaging_rabbit.rabbit_retry_interval = 1 log_opt_values /usr/lib/python3/dist-packages/oslo_config/cfg.py:2609
2025-11-24 00:37:12.161 37767 DEBUG oslo_service.service [-] oslo_messaging_rabbit.rabbit_transient_queues_ttl = 1800 log_opt_values /usr/lib/python3/dist-packages/oslo_config/cfg.py:2609
2025-11-24 00:37:12.162 37767 DEBUG oslo_service.service [-] oslo_messaging_rabbit.rpc_conn_pool_size = 30 log_opt_values /usr/lib/python3/dist-packages/oslo_config/cfg.py:2609
2025-11-24 00:37:12.162 37767 DEBUG oslo_service.service [-] oslo_messaging_rabbit.ssl = False log_opt_values /usr/lib/python3/dist-packages/oslo_config/cfg.py:2609
2025-11-24 00:37:12.162 37767 DEBUG oslo_service.service [-] oslo_messaging_rabbit.ssl_ca_file = log_opt_values /usr/lib/python3/dist-packages/oslo_config/cfg.py:2609
2025-11-24 00:37:12.162 37767 DEBUG oslo_service.service [-] oslo_messaging_rabbit.ssl_cert_file = log_opt_values /usr/lib/python3/dist-packages/oslo_config/cfg.py:2609
2025-11-24 00:37:12.162 37767 DEBUG oslo_service.service [-] oslo_messaging_rabbit.ssl_key_file = log_opt_values /usr/lib/python3/dist-packages/oslo_config/cfg.py:2609
2025-11-24 00:37:12.162 37767 DEBUG oslo_service.service [-] oslo_messaging_rabbit.ssl_version = log_opt_values /usr/lib/python3/dist-packages/oslo_config/cfg.py:2609
2025-11-24 00:37:12.162 37767 DEBUG oslo_service.service [-] oslo_messaging_notifications.driver = [] log_opt_values /usr/lib/python3/dist-packages/oslo_config/cfg.py:2609
2025-11-24 00:37:12.164 37767 DEBUG oslo_service.service [-] oslo_messaging_notifications.retry = -1 log_opt_values /usr/lib/python3/dist-packages/oslo_config/cfg.py:2609
2025-11-24 00:37:12.164 37767 DEBUG oslo_service.service [-] oslo_messaging_notifications.topics = ['notifications'] log_opt_values /usr/lib/python3/dist-packages/oslo_config/cfg.py:2609
2025-11-24 00:37:12.164 37767 DEBUG oslo_service.service [-] oslo_messaging_notifications.transport_url = **** log_opt_values /usr/lib/python3/dist-packages/oslo_config/cfg.py:2609
2025-11-24 00:37:12.164 37767 DEBUG oslo_service.service [-] cache.backend = dogpile.cache.null log_opt_values /usr/lib/python3/dist-packages/oslo_config/cfg.py:2609
2025-11-24 00:37:12.165 37767 DEBUG oslo_service.service [-] cache.backend_argument = **** log_opt_values /usr/lib/python3/dist-packages/oslo_config/cfg.py:2609
2025-11-24 00:37:12.166 37767 DEBUG oslo_service.service [-] cache.config_prefix = cache.oslo log_opt_values /usr/lib/python3/dist-packages/oslo_config/cfg.py:2609
2025-11-24 00:37:12.166 37767 DEBUG oslo_service.service [-] cache.debug_cache_backend = False log_opt_values /usr/lib/python3/dist-packages/oslo_config/cfg.py:2609
2025-11-24 00:37:12.166 37767 DEBUG oslo_service.service [-] cache.enabled = False log_opt_values /usr/lib/python3/dist-packages/oslo_config/cfg.py:2609
2025-11-24 00:37:12.166 37767 DEBUG oslo_service.service [-] cache.expiration_time = 600 log_opt_values /usr/lib/python3/dist-packages/oslo_config/cfg.py:2609
2025-11-24 00:37:12.166 37767 DEBUG oslo_service.service [-] cache.memcache_dead_retry = 300 log_opt_values /usr/lib/python3/dist-packages/oslo_config/cfg.py:2609
2025-11-24 00:37:12.167 37767 DEBUG oslo_service.service [-] cache.memcache_pool_connection_get_timeout = 10 log_opt_values /usr/lib/python3/dist-packages/oslo_config/cfg.py:2609
2025-11-24 00:37:12.167 37767 DEBUG oslo_service.service [-] cache.memcache_pool_flush_on_reconnect = False log_opt_values /usr/lib/python3/dist-packages/oslo_config/cfg.py:2609
2025-11-24 00:37:12.168 37767 DEBUG oslo_service.service [-] cache.memcache_pool_maxsize = 10 log_opt_values /usr/lib/python3/dist-packages/oslo_config/cfg.py:2609
2025-11-24 00:37:12.168 37767 DEBUG oslo_service.service [-] cache.memcache_pool_unused_timeout = 60 log_opt_values /usr/lib/python3/dist-packages/oslo_config/cfg.py:2609
2025-11-24 00:37:12.168 37767 DEBUG oslo_service.service [-] cache.memcache_servers = ['localhost:11211'] log_opt_values /usr/lib/python3/dist-packages/oslo_config/cfg.py:2609
2025-11-24 00:37:12.168 37767 DEBUG oslo_service.service [-] cache.memcache_socket_timeout = 1.0 log_opt_values /usr/lib/python3/dist-packages/oslo_config/cfg.py:2609
2025-11-24 00:37:12.168 37767 DEBUG oslo_service.service [-] cache.proxies = [] log_opt_values /usr/lib/python3/dist-packages/oslo_config/cfg.py:2609
2025-11-24 00:37:12.168 37767 DEBUG oslo_service.service [-] cache.tls_allowed_ciphers = None log_opt_values /usr/lib/python3/dist-packages/oslo_config/cfg.py:2609
2025-11-24 00:37:12.169 37767 DEBUG oslo_service.service [-] cache.tls_cafile = None log_opt_values /usr/lib/python3/dist-packages/oslo_config/cfg.py:2609
2025-11-24 00:37:12.170 37767 DEBUG oslo_service.service [-] cache.tls_certfile = None log_opt_values /usr/lib/python3/dist-packages/oslo_config/cfg.py:2609
2025-11-24 00:37:12.170 37767 DEBUG oslo_service.service [-] cache.tls_enabled = False log_opt_values /usr/lib/python3/dist-packages/oslo_config/cfg.py:2609
2025-11-24 00:37:12.170 37767 DEBUG oslo_service.service [-] cache.tls_keyfile = None log_opt_values /usr/lib/python3/dist-packages/oslo_config/cfg.py:2609
2025-11-24 00:37:12.170 37767 DEBUG oslo_service.service [-] constraint_validation_cache.caching = True log_opt_values /usr/lib/python3/dist-packages/oslo_config/cfg.py:2609
2025-11-24 00:37:12.170 37767 DEBUG oslo_service.service [-] constraint_validation_cache.expiration_time = 60 log_opt_values /usr/lib/python3/dist-packages/oslo_config/cfg.py:2609
2025-11-24 00:37:12.171 37767 DEBUG oslo_service.service [-] service_extension_cache.caching = True log_opt_values /usr/lib/python3/dist-packages/oslo_config/cfg.py:2609
2025-11-24 00:37:12.171 37767 DEBUG oslo_service.service [-] service_extension_cache.expiration_time = 3600 log_opt_values /usr/lib/python3/dist-packages/oslo_config/cfg.py:2609
2025-11-24 00:37:12.171 37767 DEBUG oslo_service.service [-] resource_finder_cache.caching = True log_opt_values /usr/lib/python3/dist-packages/oslo_config/cfg.py:2609
2025-11-24 00:37:12.171 37767 DEBUG oslo_service.service [-] resource_finder_cache.expiration_time = 3600 log_opt_values /usr/lib/python3/dist-packages/oslo_config/cfg.py:2609
2025-11-24 00:37:12.172 37767 DEBUG oslo_service.service [-] yaql.limit_iterators = 200 log_opt_values /usr/lib/python3/dist-packages/oslo_config/cfg.py:2609
2025-11-24 00:37:12.172 37767 DEBUG oslo_service.service [-] yaql.memory_quota = 10000 log_opt_values /usr/lib/python3/dist-packages/oslo_config/cfg.py:2609
2025-11-24 00:37:12.172 37767 DEBUG oslo_service.service [-] ******************************************************************************** log_opt_values /usr/lib/python3/dist-packages/oslo_config/cfg.py:2613
2025-11-24 00:37:12.189 37981 DEBUG oslo_db.sqlalchemy.engines [req-03d62287-4d03-4e2a-87d4-8e0e7ba999a3 - - - - -] MySQL server mode set to STRICT_TRANS_TABLES,STRICT_ALL_TABLES,NO_ZERO_IN_DATE,NO_ZERO_DATE,ERROR_FOR_DIVISION_BY_ZERO,TRADITIONAL,NO_ENGINE_SUBSTITUTION _check_effective_sql_mode /usr/lib/python3/dist-packages/oslo_db/sqlalchemy/engines.py:314
2025-11-24 00:37:12.233 37983 DEBUG oslo_db.sqlalchemy.engines [req-41969e1c-5f1d-4bb9-8c71-c7b29599908c - - - - -] MySQL server mode set to STRICT_TRANS_TABLES,STRICT_ALL_TABLES,NO_ZERO_IN_DATE,NO_ZERO_DATE,ERROR_FOR_DIVISION_BY_ZERO,TRADITIONAL,NO_ENGINE_SUBSTITUTION _check_effective_sql_mode /usr/lib/python3/dist-packages/oslo_db/sqlalchemy/engines.py:314
2025-11-24 00:37:12.263 37982 DEBUG oslo_db.sqlalchemy.engines [req-fe507727-b01e-4393-b187-86cb81e5f522 - - - - -] MySQL server mode set to STRICT_TRANS_TABLES,STRICT_ALL_TABLES,NO_ZERO_IN_DATE,NO_ZERO_DATE,ERROR_FOR_DIVISION_BY_ZERO,TRADITIONAL,NO_ENGINE_SUBSTITUTION _check_effective_sql_mode /usr/lib/python3/dist-packages/oslo_db/sqlalchemy/engines.py:314
2025-11-24 00:37:12.292 37981 DEBUG heat.engine.service [req-a50fd859-3fb2-49a1-bfa4-55dc7c180cc5 - - - - -] Service 1b2316e4-b612-4450-94b7-c48bc2dc439c is started service_manage_report /usr/lib/python3/dist-packages/heat/engine/service.py:2363
2025-11-24 00:37:12.300 37984 DEBUG oslo_db.sqlalchemy.engines [req-0265157e-926c-4272-93df-a0da66ea5206 - - - - -] MySQL server mode set to STRICT_TRANS_TABLES,STRICT_ALL_TABLES,NO_ZERO_IN_DATE,NO_ZERO_DATE,ERROR_FOR_DIVISION_BY_ZERO,TRADITIONAL,NO_ENGINE_SUBSTITUTION _check_effective_sql_mode /usr/lib/python3/dist-packages/oslo_db/sqlalchemy/engines.py:314
2025-11-24 00:37:12.310 37981 DEBUG heat.engine.service [req-a50fd859-3fb2-49a1-bfa4-55dc7c180cc5 - - - - -] Service 1b2316e4-b612-4450-94b7-c48bc2dc439c is updated service_manage_report /usr/lib/python3/dist-packages/heat/engine/service.py:2370
2025-11-24 00:37:12.358 37982 DEBUG heat.engine.service [req-440bc60d-056b-4c31-bce4-ee01a66022fe - - - - -] Service c7c66e3a-4ced-458e-978c-2476dd8d454c is started service_manage_report /usr/lib/python3/dist-packages/heat/engine/service.py:2363
2025-11-24 00:37:12.380 37982 DEBUG heat.engine.service [req-440bc60d-056b-4c31-bce4-ee01a66022fe - - - - -] Service c7c66e3a-4ced-458e-978c-2476dd8d454c is updated service_manage_report /usr/lib/python3/dist-packages/heat/engine/service.py:2370
2025-11-24 00:37:12.381 37983 DEBUG heat.engine.service [req-a799b333-f521-4695-a689-b8d377f627bb - - - - -] Service 93694c0f-51e7-4814-a7c6-c24928e5fe30 is started service_manage_report /usr/lib/python3/dist-packages/heat/engine/service.py:2363
2025-11-24 00:37:12.399 37983 DEBUG heat.engine.service [req-a799b333-f521-4695-a689-b8d377f627bb - - - - -] Service 93694c0f-51e7-4814-a7c6-c24928e5fe30 is updated service_manage_report /usr/lib/python3/dist-packages/heat/engine/service.py:2370
2025-11-24 00:37:12.427 37984 DEBUG heat.engine.service [req-b0b431dc-ef1a-4bc8-bca3-22c45e3d16b4 - - - - -] Service 40658cd8-a1d3-4bd9-828e-e0430e62aa98 is started service_manage_report /usr/lib/python3/dist-packages/heat/engine/service.py:2363
2025-11-24 00:37:12.447 37984 DEBUG heat.engine.service [req-b0b431dc-ef1a-4bc8-bca3-22c45e3d16b4 - - - - -] Service 40658cd8-a1d3-4bd9-828e-e0430e62aa98 is updated service_manage_report /usr/lib/python3/dist-packages/heat/engine/service.py:2370
2025-11-24 00:38:12.276 37981 DEBUG heat.engine.service [req-e05b8c7b-b332-4541-80f9-2853826e35d8 - - - - -] Service 1b2316e4-b612-4450-94b7-c48bc2dc439c is updated service_manage_report /usr/lib/python3/dist-packages/heat/engine/service.py:2370
2025-11-24 00:38:12.355 37982 DEBUG heat.engine.service [req-6092fc17-a2b4-49cd-b77a-5953a18bb9b4 - - - - -] Service c7c66e3a-4ced-458e-978c-2476dd8d454c is updated service_manage_report /usr/lib/python3/dist-packages/heat/engine/service.py:2370
2025-11-24 00:38:12.363 37983 DEBUG heat.engine.service [req-38d32bb5-8423-42cf-8dcc-073ace41be57 - - - - -] Service 93694c0f-51e7-4814-a7c6-c24928e5fe30 is updated service_manage_report /usr/lib/python3/dist-packages/heat/engine/service.py:2370
2025-11-24 00:38:12.395 37984 DEBUG heat.engine.service [req-1f00c8f9-22c9-4d87-a648-af750d8bff7f - - - - -] Service 40658cd8-a1d3-4bd9-828e-e0430e62aa98 is updated service_manage_report /usr/lib/python3/dist-packages/heat/engine/service.py:2370
2025-11-24 00:39:12.282 37981 DEBUG heat.engine.service [req-fb031716-d6ab-4024-ae3f-2bef891a0c84 - - - - -] Service 1b2316e4-b612-4450-94b7-c48bc2dc439c is updated service_manage_report /usr/lib/python3/dist-packages/heat/engine/service.py:2370
2025-11-24 00:39:12.367 37982 DEBUG heat.engine.service [req-191c9b09-008b-48c6-a3d0-4f918f768d81 - - - - -] Service c7c66e3a-4ced-458e-978c-2476dd8d454c is updated service_manage_report /usr/lib/python3/dist-packages/heat/engine/service.py:2370
2025-11-24 00:39:12.369 37983 DEBUG heat.engine.service [req-24878e1c-aedb-492a-8591-e30bd6563b1f - - - - -] Service 93694c0f-51e7-4814-a7c6-c24928e5fe30 is updated service_manage_report /usr/lib/python3/dist-packages/heat/engine/service.py:2370
2025-11-24 00:39:12.391 37984 DEBUG heat.engine.service [req-b46041fb-d1bb-4239-97be-d8c729fa2a2c - - - - -] Service 40658cd8-a1d3-4bd9-828e-e0430e62aa98 is updated service_manage_report /usr/lib/python3/dist-packages/heat/engine/service.py:2370
2025-11-24 00:40:12.287 37981 DEBUG heat.engine.service [req-b7ad536e-6952-43ab-8eea-5dcde914a077 - - - - -] Service 1b2316e4-b612-4450-94b7-c48bc2dc439c is updated service_manage_report /usr/lib/python3/dist-packages/heat/engine/service.py:2370
2025-11-24 00:40:12.361 37982 DEBUG heat.engine.service [req-6b7b41cd-f968-41d9-aaaa-7b958f281304 - - - - -] Service c7c66e3a-4ced-458e-978c-2476dd8d454c is updated service_manage_report /usr/lib/python3/dist-packages/heat/engine/service.py:2370
2025-11-24 00:40:12.371 37983 DEBUG heat.engine.service [req-cae9e7b1-48a0-49c7-b0db-361821043cf9 - - - - -] Service 93694c0f-51e7-4814-a7c6-c24928e5fe30 is updated service_manage_report /usr/lib/python3/dist-packages/heat/engine/service.py:2370
2025-11-24 00:40:12.383 37984 DEBUG heat.engine.service [req-38d52ee8-a1dc-4255-93af-79d46e01dcbf - - - - -] Service 40658cd8-a1d3-4bd9-828e-e0430e62aa98 is updated service_manage_report /usr/lib/python3/dist-packages/heat/engine/service.py:2370
2025-11-24 00:41:12.292 37981 DEBUG heat.engine.service [req-ad739c12-03bb-418e-ba3e-e6a97d490156 - - - - -] Service 1b2316e4-b612-4450-94b7-c48bc2dc439c is updated service_manage_report /usr/lib/python3/dist-packages/heat/engine/service.py:2370
2025-11-24 00:41:12.367 37982 DEBUG heat.engine.service [req-bb8804fb-2ebd-4a74-a6fa-6576f915814a - - - - -] Service c7c66e3a-4ced-458e-978c-2476dd8d454c is updated service_manage_report /usr/lib/python3/dist-packages/heat/engine/service.py:2370
2025-11-24 00:41:12.377 37983 DEBUG heat.engine.service [req-76e3f471-bc78-41ed-b4b0-8e26aedffe23 - - - - -] Service 93694c0f-51e7-4814-a7c6-c24928e5fe30 is updated service_manage_report /usr/lib/python3/dist-packages/heat/engine/service.py:2370
2025-11-24 00:41:12.389 37984 DEBUG heat.engine.service [req-4945b46a-7a93-4e4a-86e5-d74cd4a73856 - - - - -] Service 40658cd8-a1d3-4bd9-828e-e0430e62aa98 is updated service_manage_report /usr/lib/python3/dist-packages/heat/engine/service.py:2370
2025-11-24 00:42:12.297 37981 DEBUG heat.engine.service [req-a004569f-00fc-4fcc-9bce-c8c84c5cbca8 - - - - -] Service 1b2316e4-b612-4450-94b7-c48bc2dc439c is updated service_manage_report /usr/lib/python3/dist-packages/heat/engine/service.py:2370
2025-11-24 00:42:12.361 37982 DEBUG heat.engine.service [req-724b3d82-202f-4476-8aaf-9e2d5b4bd816 - - - - -] Service c7c66e3a-4ced-458e-978c-2476dd8d454c is updated service_manage_report /usr/lib/python3/dist-packages/heat/engine/service.py:2370
2025-11-24 00:42:12.369 37983 DEBUG heat.engine.service [req-03437453-7310-4f67-b834-a3b7c34afe03 - - - - -] Service 93694c0f-51e7-4814-a7c6-c24928e5fe30 is updated service_manage_report /usr/lib/python3/dist-packages/heat/engine/service.py:2370
2025-11-24 00:42:12.395 37984 DEBUG heat.engine.service [req-73f5eecb-7c26-45f1-bbaf-f8110ba79170 - - - - -] Service 40658cd8-a1d3-4bd9-828e-e0430e62aa98 is updated service_manage_report /usr/lib/python3/dist-packages/heat/engine/service.py:2370
2025-11-24 00:43:12.304 37981 DEBUG heat.engine.service [req-ab759021-11d0-40b0-9ecb-ff652e403dd2 - - - - -] Service 1b2316e4-b612-4450-94b7-c48bc2dc439c is updated service_manage_report /usr/lib/python3/dist-packages/heat/engine/service.py:2370
2025-11-24 00:43:12.366 37982 DEBUG heat.engine.service [req-9813f55a-7a12-4b8d-9e24-db9eb95e32d6 - - - - -] Service c7c66e3a-4ced-458e-978c-2476dd8d454c is updated service_manage_report /usr/lib/python3/dist-packages/heat/engine/service.py:2370
2025-11-24 00:43:12.372 37983 DEBUG heat.engine.service [req-04d94cd3-7ddb-4819-a67d-e656890d1189 - - - - -] Service 93694c0f-51e7-4814-a7c6-c24928e5fe30 is updated service_manage_report /usr/lib/python3/dist-packages/heat/engine/service.py:2370
2025-11-24 00:43:12.389 37984 DEBUG heat.engine.service [req-adf3ff06-0552-44d9-973f-57904ea60cb3 - - - - -] Service 40658cd8-a1d3-4bd9-828e-e0430e62aa98 is updated service_manage_report /usr/lib/python3/dist-packages/heat/engine/service.py:2370
2025-11-24 00:44:12.301 37981 DEBUG heat.engine.service [req-68744ba8-0604-41eb-a814-18f7e2bc8995 - - - - -] Service 1b2316e4-b612-4450-94b7-c48bc2dc439c is updated service_manage_report /usr/lib/python3/dist-packages/heat/engine/service.py:2370
2025-11-24 00:44:12.369 37982 DEBUG heat.engine.service [req-93f51e6c-82d2-4642-82a7-694b365baba0 - - - - -] Service c7c66e3a-4ced-458e-978c-2476dd8d454c is updated service_manage_report /usr/lib/python3/dist-packages/heat/engine/service.py:2370
2025-11-24 00:44:12.376 37983 DEBUG heat.engine.service [req-63995f0c-39d6-4363-aca5-a0b07a7551de - - - - -] Service 93694c0f-51e7-4814-a7c6-c24928e5fe30 is updated service_manage_report /usr/lib/python3/dist-packages/heat/engine/service.py:2370
2025-11-24 00:44:12.392 37984 DEBUG heat.engine.service [req-187753da-6174-4ec1-88e1-95ec78343675 - - - - -] Service 40658cd8-a1d3-4bd9-828e-e0430e62aa98 is updated service_manage_report /usr/lib/python3/dist-packages/heat/engine/service.py:2370
2025-11-24 00:45:12.295 37981 DEBUG heat.engine.service [req-12d5aba5-3e82-4f1e-a29a-059ad63f528a - - - - -] Service 1b2316e4-b612-4450-94b7-c48bc2dc439c is updated service_manage_report /usr/lib/python3/dist-packages/heat/engine/service.py:2370
2025-11-24 00:45:12.374 37982 DEBUG heat.engine.service [req-2c86565b-8ab1-444e-babe-fe6305dd1eaa - - - - -] Service c7c66e3a-4ced-458e-978c-2476dd8d454c is updated service_manage_report /usr/lib/python3/dist-packages/heat/engine/service.py:2370
2025-11-24 00:45:12.381 37983 DEBUG heat.engine.service [req-2be79cac-9550-4d31-bf46-8364ab0ee118 - - - - -] Service 93694c0f-51e7-4814-a7c6-c24928e5fe30 is updated service_manage_report /usr/lib/python3/dist-packages/heat/engine/service.py:2370
2025-11-24 00:45:12.395 37984 DEBUG heat.engine.service [req-41282a72-c767-460c-b9a0-ec1a62634844 - - - - -] Service 40658cd8-a1d3-4bd9-828e-e0430e62aa98 is updated service_manage_report /usr/lib/python3/dist-packages/heat/engine/service.py:2370
2025-11-24 00:46:12.299 37981 DEBUG heat.engine.service [req-8d631cdf-a24a-4f48-9280-f3615b301937 - - - - -] Service 1b2316e4-b612-4450-94b7-c48bc2dc439c is updated service_manage_report /usr/lib/python3/dist-packages/heat/engine/service.py:2370
2025-11-24 00:46:12.379 37982 DEBUG heat.engine.service [req-06715c10-7e8e-482c-9364-9c851be637ed - - - - -] Service c7c66e3a-4ced-458e-978c-2476dd8d454c is updated service_manage_report /usr/lib/python3/dist-packages/heat/engine/service.py:2370
2025-11-24 00:46:12.384 37983 DEBUG heat.engine.service [req-8d24d482-abc4-40c5-86a2-e4fe986a1edb - - - - -] Service 93694c0f-51e7-4814-a7c6-c24928e5fe30 is updated service_manage_report /usr/lib/python3/dist-packages/heat/engine/service.py:2370
2025-11-24 00:46:12.398 37984 DEBUG heat.engine.service [req-7048e57e-e22c-4034-9555-ba10692276b1 - - - - -] Service 40658cd8-a1d3-4bd9-828e-e0430e62aa98 is updated service_manage_report /usr/lib/python3/dist-packages/heat/engine/service.py:2370
2025-11-24 00:47:12.304 37981 DEBUG heat.engine.service [req-756c4f37-cba3-4180-a5cc-ac2dce0a027a - - - - -] Service 1b2316e4-b612-4450-94b7-c48bc2dc439c is updated service_manage_report /usr/lib/python3/dist-packages/heat/engine/service.py:2370
2025-11-24 00:47:12.384 37982 DEBUG heat.engine.service [req-c84a8b56-b3c3-4c6a-bcea-2b4f8bf1cf02 - - - - -] Service c7c66e3a-4ced-458e-978c-2476dd8d454c is updated service_manage_report /usr/lib/python3/dist-packages/heat/engine/service.py:2370
2025-11-24 00:47:12.388 37983 DEBUG heat.engine.service [req-14b0385f-4dfb-4b0b-a8de-83e3428c1fac - - - - -] Service 93694c0f-51e7-4814-a7c6-c24928e5fe30 is updated service_manage_report /usr/lib/python3/dist-packages/heat/engine/service.py:2370
2025-11-24 00:47:12.401 37984 DEBUG heat.engine.service [req-4bee0269-053a-4fcc-aa5b-334563616657 - - - - -] Service 40658cd8-a1d3-4bd9-828e-e0430e62aa98 is updated service_manage_report /usr/lib/python3/dist-packages/heat/engine/service.py:2370
2025-11-24 00:48:12.308 37981 DEBUG heat.engine.service [req-83e67bbe-eb76-4ede-98b8-a2748e1597ea - - - - -] Service 1b2316e4-b612-4450-94b7-c48bc2dc439c is updated service_manage_report /usr/lib/python3/dist-packages/heat/engine/service.py:2370
2025-11-24 00:48:12.386 37982 DEBUG heat.engine.service [req-8a36bdbe-b3ef-486d-bbe7-5531e6ce0d3d - - - - -] Service c7c66e3a-4ced-458e-978c-2476dd8d454c is updated service_manage_report /usr/lib/python3/dist-packages/heat/engine/service.py:2370
2025-11-24 00:48:12.393 37983 DEBUG heat.engine.service [req-66eb499f-6d76-41af-997f-202f3525e378 - - - - -] Service 93694c0f-51e7-4814-a7c6-c24928e5fe30 is updated service_manage_report /usr/lib/python3/dist-packages/heat/engine/service.py:2370
2025-11-24 00:48:12.404 37984 DEBUG heat.engine.service [req-4f543b93-ef4c-4900-93d2-ba8e30570dce - - - - -] Service 40658cd8-a1d3-4bd9-828e-e0430e62aa98 is updated service_manage_report /usr/lib/python3/dist-packages/heat/engine/service.py:2370
2025-11-24 00:49:12.312 37981 DEBUG heat.engine.service [req-e45e3ff0-76f2-47ce-847b-bd713ff14157 - - - - -] Service 1b2316e4-b612-4450-94b7-c48bc2dc439c is updated service_manage_report /usr/lib/python3/dist-packages/heat/engine/service.py:2370
2025-11-24 00:49:12.390 37982 DEBUG heat.engine.service [req-07416c2b-55ce-48d8-bccb-5e34c712ee3b - - - - -] Service c7c66e3a-4ced-458e-978c-2476dd8d454c is updated service_manage_report /usr/lib/python3/dist-packages/heat/engine/service.py:2370
2025-11-24 00:49:12.400 37983 DEBUG heat.engine.service [req-b3238b0c-d9d3-4ef6-91ef-98e3c6a46022 - - - - -] Service 93694c0f-51e7-4814-a7c6-c24928e5fe30 is updated service_manage_report /usr/lib/python3/dist-packages/heat/engine/service.py:2370
2025-11-24 00:49:12.408 37984 DEBUG heat.engine.service [req-62767a45-8698-49a9-9fbe-64d25704a26a - - - - -] Service 40658cd8-a1d3-4bd9-828e-e0430e62aa98 is updated service_manage_report /usr/lib/python3/dist-packages/heat/engine/service.py:2370
2025-11-24 00:50:12.318 37981 DEBUG heat.engine.service [req-12dda737-0290-4b3c-8953-bcbacbf45b2a - - - - -] Service 1b2316e4-b612-4450-94b7-c48bc2dc439c is updated service_manage_report /usr/lib/python3/dist-packages/heat/engine/service.py:2370
2025-11-24 00:50:12.394 37982 DEBUG heat.engine.service [req-37a178d7-ad10-4a0c-a4d5-313a62c6918b - - - - -] Service c7c66e3a-4ced-458e-978c-2476dd8d454c is updated service_manage_report /usr/lib/python3/dist-packages/heat/engine/service.py:2370
2025-11-24 00:50:12.395 37983 DEBUG heat.engine.service [req-180b308e-b46f-4248-87e3-8035c86fb081 - - - - -] Service 93694c0f-51e7-4814-a7c6-c24928e5fe30 is updated service_manage_report /usr/lib/python3/dist-packages/heat/engine/service.py:2370
2025-11-24 00:50:12.414 37984 DEBUG heat.engine.service [req-fc86bdab-8ffb-45da-9f00-ab2cb8bce3b4 - - - - -] Service 40658cd8-a1d3-4bd9-828e-e0430e62aa98 is updated service_manage_report /usr/lib/python3/dist-packages/heat/engine/service.py:2370
2025-11-24 00:51:12.316 37981 DEBUG heat.engine.service [req-641eb042-bb8b-408f-88c7-f770431f6989 - - - - -] Service 1b2316e4-b612-4450-94b7-c48bc2dc439c is updated service_manage_report /usr/lib/python3/dist-packages/heat/engine/service.py:2370
2025-11-24 00:51:12.400 37982 DEBUG heat.engine.service [req-90f84b08-0d53-4af1-81d4-860831a0d325 - - - - -] Service c7c66e3a-4ced-458e-978c-2476dd8d454c is updated service_manage_report /usr/lib/python3/dist-packages/heat/engine/service.py:2370
2025-11-24 00:51:12.403 37983 DEBUG heat.engine.service [req-8e82aebf-910c-4658-84f2-c483b46124d5 - - - - -] Service 93694c0f-51e7-4814-a7c6-c24928e5fe30 is updated service_manage_report /usr/lib/python3/dist-packages/heat/engine/service.py:2370
2025-11-24 00:51:12.406 37984 DEBUG heat.engine.service [req-14c2d08a-b6a1-4596-8d5b-05db809dff08 - - - - -] Service 40658cd8-a1d3-4bd9-828e-e0430e62aa98 is updated service_manage_report /usr/lib/python3/dist-packages/heat/engine/service.py:2370
2025-11-24 00:52:12.312 37981 DEBUG heat.engine.service [req-4439f843-c489-4467-9e0b-3eaf3eb07955 - - - - -] Service 1b2316e4-b612-4450-94b7-c48bc2dc439c is updated service_manage_report /usr/lib/python3/dist-packages/heat/engine/service.py:2370
2025-11-24 00:52:12.394 37982 DEBUG heat.engine.service [req-814e1b34-5c4a-480e-9bd7-fe088e59a64f - - - - -] Service c7c66e3a-4ced-458e-978c-2476dd8d454c is updated service_manage_report /usr/lib/python3/dist-packages/heat/engine/service.py:2370
2025-11-24 00:52:12.398 37983 DEBUG heat.engine.service [req-f3f375a9-ff13-4b48-84a6-ff97705df22b - - - - -] Service 93694c0f-51e7-4814-a7c6-c24928e5fe30 is updated service_manage_report /usr/lib/python3/dist-packages/heat/engine/service.py:2370
2025-11-24 00:52:12.410 37984 DEBUG heat.engine.service [req-8353d78c-e13b-4bd1-a23b-fcad0c4c402d - - - - -] Service 40658cd8-a1d3-4bd9-828e-e0430e62aa98 is updated service_manage_report /usr/lib/python3/dist-packages/heat/engine/service.py:2370
2025-11-24 00:53:12.308 37981 DEBUG heat.engine.service [req-1f240a43-0f4e-4e2c-a0ff-2eb9badf7f41 - - - - -] Service 1b2316e4-b612-4450-94b7-c48bc2dc439c is updated service_manage_report /usr/lib/python3/dist-packages/heat/engine/service.py:2370
2025-11-24 00:53:12.398 37982 DEBUG heat.engine.service [req-c97dc464-e188-4c52-ba62-e2055b4a76b1 - - - - -] Service c7c66e3a-4ced-458e-978c-2476dd8d454c is updated service_manage_report /usr/lib/python3/dist-packages/heat/engine/service.py:2370
2025-11-24 00:53:12.401 37983 DEBUG heat.engine.service [req-1ee29950-3c1a-4d82-9cf4-ee4e2db880ef - - - - -] Service 93694c0f-51e7-4814-a7c6-c24928e5fe30 is updated service_manage_report /usr/lib/python3/dist-packages/heat/engine/service.py:2370
2025-11-24 00:53:12.416 37984 DEBUG heat.engine.service [req-eb0adc7b-e972-4e05-8abf-b0510942d0fe - - - - -] Service 40658cd8-a1d3-4bd9-828e-e0430e62aa98 is updated service_manage_report /usr/lib/python3/dist-packages/heat/engine/service.py:2370
2025-11-24 00:54:12.302 37981 DEBUG heat.engine.service [req-b0f3e1a3-f8b3-4c5c-9435-03368aa00b36 - - - - -] Service 1b2316e4-b612-4450-94b7-c48bc2dc439c is updated service_manage_report /usr/lib/python3/dist-packages/heat/engine/service.py:2370
2025-11-24 00:54:12.411 37982 DEBUG heat.engine.service [req-9bda421d-41f8-431d-932b-71a6bf9a71bf - - - - -] Service c7c66e3a-4ced-458e-978c-2476dd8d454c is updated service_manage_report /usr/lib/python3/dist-packages/heat/engine/service.py:2370
2025-11-24 00:54:12.417 37984 DEBUG heat.engine.service [req-0115b2a8-108b-4afd-ba7b-a9b3443d4e4c - - - - -] Service 40658cd8-a1d3-4bd9-828e-e0430e62aa98 is updated service_manage_report /usr/lib/python3/dist-packages/heat/engine/service.py:2370
2025-11-24 00:54:12.418 37983 DEBUG heat.engine.service [req-1ee11469-8874-4e80-b49b-6e5d0de85208 - - - - -] Service 93694c0f-51e7-4814-a7c6-c24928e5fe30 is updated service_manage_report /usr/lib/python3/dist-packages/heat/engine/service.py:2370
2025-11-24 00:55:12.306 37981 DEBUG heat.engine.service [req-255c76f0-d0e4-4d8c-9cf1-3493d10c61d5 - - - - -] Service 1b2316e4-b612-4450-94b7-c48bc2dc439c is updated service_manage_report /usr/lib/python3/dist-packages/heat/engine/service.py:2370
2025-11-24 00:55:12.406 37982 DEBUG heat.engine.service [req-4dc3e199-6d1e-418f-a173-6830d61af75d - - - - -] Service c7c66e3a-4ced-458e-978c-2476dd8d454c is updated service_manage_report /usr/lib/python3/dist-packages/heat/engine/service.py:2370
2025-11-24 00:55:12.409 37983 DEBUG heat.engine.service [req-02fd8d21-d24e-418a-aa2b-50424c54c4dc - - - - -] Service 93694c0f-51e7-4814-a7c6-c24928e5fe30 is updated service_manage_report /usr/lib/python3/dist-packages/heat/engine/service.py:2370
2025-11-24 00:55:12.413 37984 DEBUG heat.engine.service [req-c193aed7-aa78-4741-b8cc-e84f398f9dfd - - - - -] Service 40658cd8-a1d3-4bd9-828e-e0430e62aa98 is updated service_manage_report /usr/lib/python3/dist-packages/heat/engine/service.py:2370
2025-11-24 00:56:12.308 37981 DEBUG heat.engine.service [req-52d8e9a2-0454-4247-bad6-45b08e7a9ddf - - - - -] Service 1b2316e4-b612-4450-94b7-c48bc2dc439c is updated service_manage_report /usr/lib/python3/dist-packages/heat/engine/service.py:2370
2025-11-24 00:56:12.403 37983 DEBUG heat.engine.service [req-361d8376-e70a-45f3-bd42-4ae81593b77d - - - - -] Service 93694c0f-51e7-4814-a7c6-c24928e5fe30 is updated service_manage_report /usr/lib/python3/dist-packages/heat/engine/service.py:2370
2025-11-24 00:56:12.407 37984 DEBUG heat.engine.service [req-f1396a7d-b0cd-47fb-9e1f-67cad5961529 - - - - -] Service 40658cd8-a1d3-4bd9-828e-e0430e62aa98 is updated service_manage_report /usr/lib/python3/dist-packages/heat/engine/service.py:2370
2025-11-24 00:56:12.411 37982 DEBUG heat.engine.service [req-7c679932-ff21-4a9b-88a3-e8a5281dee95 - - - - -] Service c7c66e3a-4ced-458e-978c-2476dd8d454c is updated service_manage_report /usr/lib/python3/dist-packages/heat/engine/service.py:2370
2025-11-24 00:57:12.312 37981 DEBUG heat.engine.service [req-0df05945-1026-41b6-ba91-efee1d99c709 - - - - -] Service 1b2316e4-b612-4450-94b7-c48bc2dc439c is updated service_manage_report /usr/lib/python3/dist-packages/heat/engine/service.py:2370
2025-11-24 00:57:12.408 37983 DEBUG heat.engine.service [req-f1f153d9-885a-46b3-b5f1-93a9a7774329 - - - - -] Service 93694c0f-51e7-4814-a7c6-c24928e5fe30 is updated service_manage_report /usr/lib/python3/dist-packages/heat/engine/service.py:2370
2025-11-24 00:57:12.412 37984 DEBUG heat.engine.service [req-17f1a6c3-ea96-4c89-8976-fd7713b5dc86 - - - - -] Service 40658cd8-a1d3-4bd9-828e-e0430e62aa98 is updated service_manage_report /usr/lib/python3/dist-packages/heat/engine/service.py:2370
2025-11-24 00:57:12.414 37982 DEBUG heat.engine.service [req-aa373cd0-384f-4699-9c62-125a34778474 - - - - -] Service c7c66e3a-4ced-458e-978c-2476dd8d454c is updated service_manage_report /usr/lib/python3/dist-packages/heat/engine/service.py:2370
2025-11-24 00:58:12.318 37981 DEBUG heat.engine.service [req-b7110eea-a335-49aa-83ce-4dc22e63d71e - - - - -] Service 1b2316e4-b612-4450-94b7-c48bc2dc439c is updated service_manage_report /usr/lib/python3/dist-packages/heat/engine/service.py:2370
2025-11-24 00:58:12.418 37984 DEBUG heat.engine.service [req-b1f1a896-ae3e-4873-b54e-3e941257ded9 - - - - -] Service 40658cd8-a1d3-4bd9-828e-e0430e62aa98 is updated service_manage_report /usr/lib/python3/dist-packages/heat/engine/service.py:2370
2025-11-24 00:58:12.419 37983 DEBUG heat.engine.service [req-6c3a7180-4187-407e-b5b8-5496d8093a37 - - - - -] Service 93694c0f-51e7-4814-a7c6-c24928e5fe30 is updated service_manage_report /usr/lib/python3/dist-packages/heat/engine/service.py:2370
2025-11-24 00:58:12.420 37982 DEBUG heat.engine.service [req-a41e9b7c-0af9-4678-9b41-cec0b7bfdaaf - - - - -] Service c7c66e3a-4ced-458e-978c-2476dd8d454c is updated service_manage_report /usr/lib/python3/dist-packages/heat/engine/service.py:2370
2025-11-24 00:59:12.313 37981 DEBUG heat.engine.service [req-b047a761-a00a-4dde-83ad-1012b266de5d - - - - -] Service 1b2316e4-b612-4450-94b7-c48bc2dc439c is updated service_manage_report /usr/lib/python3/dist-packages/heat/engine/service.py:2370
2025-11-24 00:59:12.411 37984 DEBUG heat.engine.service [req-df4e002c-1dba-470d-92b4-427f8f218e41 - - - - -] Service 40658cd8-a1d3-4bd9-828e-e0430e62aa98 is updated service_manage_report /usr/lib/python3/dist-packages/heat/engine/service.py:2370
2025-11-24 00:59:12.415 37983 DEBUG heat.engine.service [req-d4c857a8-22ab-441f-ab24-e829e581fbcc - - - - -] Service 93694c0f-51e7-4814-a7c6-c24928e5fe30 is updated service_manage_report /usr/lib/python3/dist-packages/heat/engine/service.py:2370
2025-11-24 00:59:12.415 37982 DEBUG heat.engine.service [req-fcdf1ddc-966b-453a-ae6e-cb455c1ad8fc - - - - -] Service c7c66e3a-4ced-458e-978c-2476dd8d454c is updated service_manage_report /usr/lib/python3/dist-packages/heat/engine/service.py:2370
2025-11-24 01:00:12.317 37981 DEBUG heat.engine.service [req-d2e86cd1-8fe6-45e3-b7fc-0eaee61f1b36 - - - - -] Service 1b2316e4-b612-4450-94b7-c48bc2dc439c is updated service_manage_report /usr/lib/python3/dist-packages/heat/engine/service.py:2370
2025-11-24 01:00:12.417 37984 DEBUG heat.engine.service [req-32a0e2cc-7dc0-4f36-975d-fbf1ef50dc8f - - - - -] Service 40658cd8-a1d3-4bd9-828e-e0430e62aa98 is updated service_manage_report /usr/lib/python3/dist-packages/heat/engine/service.py:2370
2025-11-24 01:00:12.419 37983 DEBUG heat.engine.service [req-f41fca3e-2161-40d3-8f98-3a9c3c17d36c - - - - -] Service 93694c0f-51e7-4814-a7c6-c24928e5fe30 is updated service_manage_report /usr/lib/python3/dist-packages/heat/engine/service.py:2370
2025-11-24 01:00:12.419 37982 DEBUG heat.engine.service [req-6bc9d0c0-1608-404d-9464-374873ee6b64 - - - - -] Service c7c66e3a-4ced-458e-978c-2476dd8d454c is updated service_manage_report /usr/lib/python3/dist-packages/heat/engine/service.py:2370
2025-11-24 01:01:12.323 37981 DEBUG heat.engine.service [req-42038f82-5bf4-4d0e-9cea-5773c656a594 - - - - -] Service 1b2316e4-b612-4450-94b7-c48bc2dc439c is updated service_manage_report /usr/lib/python3/dist-packages/heat/engine/service.py:2370
2025-11-24 01:01:12.416 37984 DEBUG heat.engine.service [req-8ebaaa95-0390-49e5-b576-7cb3529fd271 - - - - -] Service 40658cd8-a1d3-4bd9-828e-e0430e62aa98 is updated service_manage_report /usr/lib/python3/dist-packages/heat/engine/service.py:2370
2025-11-24 01:01:12.424 37982 DEBUG heat.engine.service [req-ae5ebed4-01ce-4dd8-8e3d-002f4701a2ea - - - - -] Service c7c66e3a-4ced-458e-978c-2476dd8d454c is updated service_manage_report /usr/lib/python3/dist-packages/heat/engine/service.py:2370
2025-11-24 01:01:12.425 37983 DEBUG heat.engine.service [req-14e32fa1-980e-439c-afd5-add496de169a - - - - -] Service 93694c0f-51e7-4814-a7c6-c24928e5fe30 is updated service_manage_report /usr/lib/python3/dist-packages/heat/engine/service.py:2370
2025-11-24 01:02:12.320 37981 DEBUG heat.engine.service [req-b6ad3c2f-3a8f-48da-8fd3-e5c1f5ebe3ac - - - - -] Service 1b2316e4-b612-4450-94b7-c48bc2dc439c is updated service_manage_report /usr/lib/python3/dist-packages/heat/engine/service.py:2370
2025-11-24 01:02:12.411 37984 DEBUG heat.engine.service [req-eb4cf1cb-3b9e-41a3-aa4e-f8f96af0f80a - - - - -] Service 40658cd8-a1d3-4bd9-828e-e0430e62aa98 is updated service_manage_report /usr/lib/python3/dist-packages/heat/engine/service.py:2370
2025-11-24 01:02:12.420 37983 DEBUG heat.engine.service [req-ad058eb2-f51c-46ef-b11d-a67f574b3ad1 - - - - -] Service 93694c0f-51e7-4814-a7c6-c24928e5fe30 is updated service_manage_report /usr/lib/python3/dist-packages/heat/engine/service.py:2370
2025-11-24 01:02:12.430 37982 DEBUG heat.engine.service [req-d4a87ce2-8490-4f99-ae5d-1d39496a46c8 - - - - -] Service c7c66e3a-4ced-458e-978c-2476dd8d454c is updated service_manage_report /usr/lib/python3/dist-packages/heat/engine/service.py:2370
2025-11-24 01:03:12.314 37981 DEBUG heat.engine.service [req-ab07ca6c-d493-4f41-b145-ea2ddc661d54 - - - - -] Service 1b2316e4-b612-4450-94b7-c48bc2dc439c is updated service_manage_report /usr/lib/python3/dist-packages/heat/engine/service.py:2370
2025-11-24 01:03:12.416 37984 DEBUG heat.engine.service [req-5cf257a0-e951-446b-b0c0-4ddceae87c2c - - - - -] Service 40658cd8-a1d3-4bd9-828e-e0430e62aa98 is updated service_manage_report /usr/lib/python3/dist-packages/heat/engine/service.py:2370
2025-11-24 01:03:12.429 37982 DEBUG heat.engine.service [req-e725e026-5385-4bb3-86f7-87718023fbe1 - - - - -] Service c7c66e3a-4ced-458e-978c-2476dd8d454c is updated service_manage_report /usr/lib/python3/dist-packages/heat/engine/service.py:2370
2025-11-24 01:03:12.430 37983 DEBUG heat.engine.service [req-e32ec07d-082f-4e13-bf59-30457a9a14c3 - - - - -] Service 93694c0f-51e7-4814-a7c6-c24928e5fe30 is updated service_manage_report /usr/lib/python3/dist-packages/heat/engine/service.py:2370
2025-11-24 01:04:12.318 37981 DEBUG heat.engine.service [req-105ab20c-c802-48f6-b5c8-88087e741952 - - - - -] Service 1b2316e4-b612-4450-94b7-c48bc2dc439c is updated service_manage_report /usr/lib/python3/dist-packages/heat/engine/service.py:2370
2025-11-24 01:04:12.422 37984 DEBUG heat.engine.service [req-cfac3b81-7c35-4bf6-9738-dc187d3ab943 - - - - -] Service 40658cd8-a1d3-4bd9-828e-e0430e62aa98 is updated service_manage_report /usr/lib/python3/dist-packages/heat/engine/service.py:2370
2025-11-24 01:04:12.426 37982 DEBUG heat.engine.service [req-51a13d52-b377-4be3-8a16-8878a481df99 - - - - -] Service c7c66e3a-4ced-458e-978c-2476dd8d454c is updated service_manage_report /usr/lib/python3/dist-packages/heat/engine/service.py:2370
2025-11-24 01:04:12.426 37983 DEBUG heat.engine.service [req-962df661-c727-4a5e-8a6e-136c3314965f - - - - -] Service 93694c0f-51e7-4814-a7c6-c24928e5fe30 is updated service_manage_report /usr/lib/python3/dist-packages/heat/engine/service.py:2370
2025-11-24 01:05:12.325 37981 DEBUG heat.engine.service [req-196ea42a-b72a-45f1-b253-4ba0e42d0562 - - - - -] Service 1b2316e4-b612-4450-94b7-c48bc2dc439c is updated service_manage_report /usr/lib/python3/dist-packages/heat/engine/service.py:2370
2025-11-24 01:05:12.422 37982 DEBUG heat.engine.service [req-7772bf6a-e33f-4b35-93f1-8e72966e9d59 - - - - -] Service c7c66e3a-4ced-458e-978c-2476dd8d454c is updated service_manage_report /usr/lib/python3/dist-packages/heat/engine/service.py:2370
2025-11-24 01:05:12.423 37983 DEBUG heat.engine.service [req-598bae4f-76ff-47c6-a410-7b58631aec94 - - - - -] Service 93694c0f-51e7-4814-a7c6-c24928e5fe30 is updated service_manage_report /usr/lib/python3/dist-packages/heat/engine/service.py:2370
