2025-11-24 01:46:53.494 7 DEBUG oslo_service.service [-] ml2_type_geneve.vni_ranges = [] log_opt_values /var/lib/kolla/venv/lib/python3.6/site-packages/oslo_config/cfg.py:2611
2025-11-24 01:46:53.495 7 DEBUG oslo_service.service [-] ml2_type_gre.tunnel_id_ranges = [] log_opt_values /var/lib/kolla/venv/lib/python3.6/site-packages/oslo_config/cfg.py:2611
2025-11-24 01:46:53.495 7 DEBUG oslo_service.service [-] ml2_type_vlan.network_vlan_ranges = [] log_opt_values /var/lib/kolla/venv/lib/python3.6/site-packages/oslo_config/cfg.py:2611
2025-11-24 01:46:53.495 7 DEBUG oslo_service.service [-] ml2_type_vxlan.vni_ranges = [] log_opt_values /var/lib/kolla/venv/lib/python3.6/site-packages/oslo_config/cfg.py:2611
2025-11-24 01:46:53.495 7 DEBUG oslo_service.service [-] ml2_type_vxlan.vxlan_group = None log_opt_values /var/lib/kolla/venv/lib/python3.6/site-packages/oslo_config/cfg.py:2611
2025-11-24 01:46:53.495 7 DEBUG oslo_service.service [-] database.backend = sqlalchemy log_opt_values /var/lib/kolla/venv/lib/python3.6/site-packages/oslo_config/cfg.py:2611
2025-11-24 01:46:53.495 7 DEBUG oslo_service.service [-] database.connection = **** log_opt_values /var/lib/kolla/venv/lib/python3.6/site-packages/oslo_config/cfg.py:2611
2025-11-24 01:46:53.495 7 DEBUG oslo_service.service [-] database.connection_debug = 0 log_opt_values /var/lib/kolla/venv/lib/python3.6/site-packages/oslo_config/cfg.py:2611
2025-11-24 01:46:53.495 7 DEBUG oslo_service.service [-] database.connection_parameters = log_opt_values /var/lib/kolla/venv/lib/python3.6/site-packages/oslo_config/cfg.py:2611
2025-11-24 01:46:53.495 7 DEBUG oslo_service.service [-] database.connection_recycle_time = 10 log_opt_values /var/lib/kolla/venv/lib/python3.6/site-packages/oslo_config/cfg.py:2611
2025-11-24 01:46:53.495 7 DEBUG oslo_service.service [-] database.connection_trace = False log_opt_values /var/lib/kolla/venv/lib/python3.6/site-packages/oslo_config/cfg.py:2611
2025-11-24 01:46:53.495 7 DEBUG oslo_service.service [-] database.db_inc_retry_interval = True log_opt_values /var/lib/kolla/venv/lib/python3.6/site-packages/oslo_config/cfg.py:2611
2025-11-24 01:46:53.495 7 DEBUG oslo_service.service [-] database.db_max_retries = 20 log_opt_values /var/lib/kolla/venv/lib/python3.6/site-packages/oslo_config/cfg.py:2611
2025-11-24 01:46:53.495 7 DEBUG oslo_service.service [-] database.db_max_retry_interval = 10 log_opt_values /var/lib/kolla/venv/lib/python3.6/site-packages/oslo_config/cfg.py:2611
2025-11-24 01:46:53.495 7 DEBUG oslo_service.service [-] database.db_retry_interval = 1 log_opt_values /var/lib/kolla/venv/lib/python3.6/site-packages/oslo_config/cfg.py:2611
2025-11-24 01:46:53.495 7 DEBUG oslo_service.service [-] database.max_overflow = 50 log_opt_values /var/lib/kolla/venv/lib/python3.6/site-packages/oslo_config/cfg.py:2611
2025-11-24 01:46:53.496 7 DEBUG oslo_service.service [-] database.max_pool_size = 1 log_opt_values /var/lib/kolla/venv/lib/python3.6/site-packages/oslo_config/cfg.py:2611
2025-11-24 01:46:53.496 7 DEBUG oslo_service.service [-] database.max_retries = -1 log_opt_values /var/lib/kolla/venv/lib/python3.6/site-packages/oslo_config/cfg.py:2611
2025-11-24 01:46:53.496 7 DEBUG oslo_service.service [-] database.mysql_enable_ndb = False log_opt_values /var/lib/kolla/venv/lib/python3.6/site-packages/oslo_config/cfg.py:2611
2025-11-24 01:46:53.496 7 DEBUG oslo_service.service [-] database.mysql_sql_mode = TRADITIONAL log_opt_values /var/lib/kolla/venv/lib/python3.6/site-packages/oslo_config/cfg.py:2611
2025-11-24 01:46:53.496 7 DEBUG oslo_service.service [-] database.pool_timeout = None log_opt_values /var/lib/kolla/venv/lib/python3.6/site-packages/oslo_config/cfg.py:2611
2025-11-24 01:46:53.496 7 DEBUG oslo_service.service [-] database.retry_interval = 10 log_opt_values /var/lib/kolla/venv/lib/python3.6/site-packages/oslo_config/cfg.py:2611
2025-11-24 01:46:53.496 7 DEBUG oslo_service.service [-] database.slave_connection = **** log_opt_values /var/lib/kolla/venv/lib/python3.6/site-packages/oslo_config/cfg.py:2611
2025-11-24 01:46:53.496 7 DEBUG oslo_service.service [-] database.sqlite_synchronous = True log_opt_values /var/lib/kolla/venv/lib/python3.6/site-packages/oslo_config/cfg.py:2611
2025-11-24 01:46:53.496 7 DEBUG oslo_service.service [-] database.use_db_reconnect = False log_opt_values /var/lib/kolla/venv/lib/python3.6/site-packages/oslo_config/cfg.py:2611
2025-11-24 01:46:53.496 7 DEBUG oslo_service.service [-] ******************************************************************************** log_opt_values /var/lib/kolla/venv/lib/python3.6/site-packages/oslo_config/cfg.py:2613
2025-11-24 01:46:54.951 22 DEBUG neutron.wsgi [-] (22) accepted ('10.0.0.22', 36022) server /var/lib/kolla/venv/lib/python3.6/site-packages/eventlet/wsgi.py:1004
2025-11-24 01:46:54.958 22 INFO neutron.wsgi [-] 10.0.0.22 "GET / HTTP/1.1" status: 200 len: 227 time: 0.0051210
2025-11-24 01:46:57.153 23 DEBUG neutron.api.rpc.handlers.dhcp_rpc [req-bc1ebcdf-1427-406d-86e8-6824c88c2b8d - - - - -] get_active_networks_info from cn-jenkins-deploy-platform-ansible-os-4802-1 get_active_networks_info /var/lib/kolla/venv/lib/python3.6/site-packages/neutron/api/rpc/handlers/dhcp_rpc.py:159
2025-11-24 01:46:57.178 27 DEBUG neutron_lib.callbacks.manager [req-f8afe1c6-4af7-4e15-8421-32786d79e122 - - - - -] Publish callbacks ['neutron.services.segments.db._update_segment_host_mapping_for_agent-8777592354931', 'neutron.services.l3_router.l3_router_plugin.DVRResourceOperationHandler.create_fip_agent_gw_ports-8126211'] for agent (10e0a080-7d25-40df-943a-b69626c3063a), after_create _notify_loop /var/lib/kolla/venv/lib/python3.6/site-packages/neutron_lib/callbacks/manager.py:177
2025-11-24 01:46:57.192 23 DEBUG neutron.scheduler.dhcp_agent_scheduler [req-bc1ebcdf-1427-406d-86e8-6824c88c2b8d - - - - -] No non-hosted networks auto_schedule_networks /var/lib/kolla/venv/lib/python3.6/site-packages/neutron/scheduler/dhcp_agent_scheduler.py:60
2025-11-24 01:47:09.511 26 DEBUG neutron_lib.callbacks.manager [req-429b9b6d-ec0d-42bf-ba93-847691190628 - - - - -] Publish callbacks ['neutron.services.segments.db._update_segment_host_mapping_for_agent-8777592354931', 'neutron.services.l3_router.l3_router_plugin.DVRResourceOperationHandler.create_fip_agent_gw_ports-8126211'] for agent (b3e8d422-47a9-4ec9-ac5a-801cb493c28f), after_create _notify_loop /var/lib/kolla/venv/lib/python3.6/site-packages/neutron_lib/callbacks/manager.py:177
2025-11-24 01:47:25.006 22 DEBUG neutron.wsgi [-] (22) accepted ('10.0.0.22', 46038) server /var/lib/kolla/venv/lib/python3.6/site-packages/eventlet/wsgi.py:1004
2025-11-24 01:47:25.010 22 INFO neutron.wsgi [-] 10.0.0.22 "GET / HTTP/1.1" status: 200 len: 227 time: 0.0031929
2025-11-24 01:47:27.156 23 DEBUG neutron_lib.callbacks.manager [req-14ad14c7-6393-494c-b5a5-ea1e4e6e2d75 - - - - -] Publish callbacks ['neutron.services.segments.db._update_segment_host_mapping_for_agent-8777592354931', 'neutron.plugins.ml2.plugin.Ml2Plugin._retry_binding_revived_agents--9223372036853455216'] for agent (10e0a080-7d25-40df-943a-b69626c3063a), after_update _notify_loop /var/lib/kolla/venv/lib/python3.6/site-packages/neutron_lib/callbacks/manager.py:177
2025-11-24 01:47:39.484 24 DEBUG neutron_lib.callbacks.manager [req-429b9b6d-ec0d-42bf-ba93-847691190628 - - - - -] Publish callbacks ['neutron.services.segments.db._update_segment_host_mapping_for_agent-8777592354931', 'neutron.plugins.ml2.plugin.Ml2Plugin._retry_binding_revived_agents--9223372036853455216'] for agent (b3e8d422-47a9-4ec9-ac5a-801cb493c28f), after_update _notify_loop /var/lib/kolla/venv/lib/python3.6/site-packages/neutron_lib/callbacks/manager.py:177
2025-11-24 01:47:40.459 29 DEBUG neutron.db.agents_db [req-d8aabd28-1651-40fe-9fc6-5e0dbdcaf9da - - - - -] Agent healthcheck: found 2 active agents agent_health_check /var/lib/kolla/venv/lib/python3.6/site-packages/neutron/db/agents_db.py:318
2025-11-24 01:47:55.055 22 DEBUG neutron.wsgi [-] (22) accepted ('10.0.0.22', 40458) server /var/lib/kolla/venv/lib/python3.6/site-packages/eventlet/wsgi.py:1004
2025-11-24 01:47:55.059 22 INFO neutron.wsgi [-] 10.0.0.22 "GET / HTTP/1.1" status: 200 len: 227 time: 0.0031357
2025-11-24 01:47:57.170 25 DEBUG neutron_lib.callbacks.manager [req-81f7c7d3-8d92-4709-b9f1-32a4d2ce6107 - - - - -] Publish callbacks ['neutron.services.segments.db._update_segment_host_mapping_for_agent-8777592354931', 'neutron.plugins.ml2.plugin.Ml2Plugin._retry_binding_revived_agents--9223372036853455216'] for agent (10e0a080-7d25-40df-943a-b69626c3063a), after_update _notify_loop /var/lib/kolla/venv/lib/python3.6/site-packages/neutron_lib/callbacks/manager.py:177
2025-11-24 01:48:09.494 28 DEBUG neutron_lib.callbacks.manager [req-429b9b6d-ec0d-42bf-ba93-847691190628 - - - - -] Publish callbacks ['neutron.services.segments.db._update_segment_host_mapping_for_agent-8777592354931', 'neutron.plugins.ml2.plugin.Ml2Plugin._retry_binding_revived_agents--9223372036853455216'] for agent (b3e8d422-47a9-4ec9-ac5a-801cb493c28f), after_update _notify_loop /var/lib/kolla/venv/lib/python3.6/site-packages/neutron_lib/callbacks/manager.py:177
2025-11-24 01:48:17.447 29 DEBUG neutron.db.agents_db [req-d8aabd28-1651-40fe-9fc6-5e0dbdcaf9da - - - - -] Agent healthcheck: found 2 active agents agent_health_check /var/lib/kolla/venv/lib/python3.6/site-packages/neutron/db/agents_db.py:318
2025-11-24 01:48:25.103 22 DEBUG neutron.wsgi [-] (22) accepted ('10.0.0.22', 40644) server /var/lib/kolla/venv/lib/python3.6/site-packages/eventlet/wsgi.py:1004
2025-11-24 01:48:25.107 22 INFO neutron.wsgi [-] 10.0.0.22 "GET / HTTP/1.1" status: 200 len: 227 time: 0.0029292
2025-11-24 01:48:27.155 27 DEBUG neutron_lib.callbacks.manager [req-efcbed9c-3e15-4d5a-ab32-0d76001312c3 - - - - -] Publish callbacks ['neutron.services.segments.db._update_segment_host_mapping_for_agent-8777592354931', 'neutron.plugins.ml2.plugin.Ml2Plugin._retry_binding_revived_agents--9223372036853455216'] for agent (10e0a080-7d25-40df-943a-b69626c3063a), after_update _notify_loop /var/lib/kolla/venv/lib/python3.6/site-packages/neutron_lib/callbacks/manager.py:177
2025-11-24 01:48:39.474 26 DEBUG neutron_lib.callbacks.manager [req-429b9b6d-ec0d-42bf-ba93-847691190628 - - - - -] Publish callbacks ['neutron.services.segments.db._update_segment_host_mapping_for_agent-8777592354931', 'neutron.plugins.ml2.plugin.Ml2Plugin._retry_binding_revived_agents--9223372036853455216'] for agent (b3e8d422-47a9-4ec9-ac5a-801cb493c28f), after_update _notify_loop /var/lib/kolla/venv/lib/python3.6/site-packages/neutron_lib/callbacks/manager.py:177
2025-11-24 01:48:54.454 29 DEBUG neutron.db.agents_db [req-d8aabd28-1651-40fe-9fc6-5e0dbdcaf9da - - - - -] Agent healthcheck: found 2 active agents agent_health_check /var/lib/kolla/venv/lib/python3.6/site-packages/neutron/db/agents_db.py:318
2025-11-24 01:48:55.152 22 DEBUG neutron.wsgi [-] (22) accepted ('10.0.0.22', 43374) server /var/lib/kolla/venv/lib/python3.6/site-packages/eventlet/wsgi.py:1004
2025-11-24 01:48:55.156 22 INFO neutron.wsgi [-] 10.0.0.22 "GET / HTTP/1.1" status: 200 len: 227 time: 0.0030921
2025-11-24 01:48:57.155 23 DEBUG neutron_lib.callbacks.manager [req-0655fc55-3213-49d6-bb42-b95e5f143498 - - - - -] Publish callbacks ['neutron.services.segments.db._update_segment_host_mapping_for_agent-8777592354931', 'neutron.plugins.ml2.plugin.Ml2Plugin._retry_binding_revived_agents--9223372036853455216'] for agent (10e0a080-7d25-40df-943a-b69626c3063a), after_update _notify_loop /var/lib/kolla/venv/lib/python3.6/site-packages/neutron_lib/callbacks/manager.py:177
2025-11-24 01:49:09.474 24 DEBUG neutron_lib.callbacks.manager [req-429b9b6d-ec0d-42bf-ba93-847691190628 - - - - -] Publish callbacks ['neutron.services.segments.db._update_segment_host_mapping_for_agent-8777592354931', 'neutron.plugins.ml2.plugin.Ml2Plugin._retry_binding_revived_agents--9223372036853455216'] for agent (b3e8d422-47a9-4ec9-ac5a-801cb493c28f), after_update _notify_loop /var/lib/kolla/venv/lib/python3.6/site-packages/neutron_lib/callbacks/manager.py:177
2025-11-24 01:49:25.206 22 DEBUG neutron.wsgi [-] (22) accepted ('10.0.0.22', 36666) server /var/lib/kolla/venv/lib/python3.6/site-packages/eventlet/wsgi.py:1004
2025-11-24 01:49:25.211 22 INFO neutron.wsgi [-] 10.0.0.22 "GET / HTTP/1.1" status: 200 len: 227 time: 0.0041203
2025-11-24 01:49:27.153 25 DEBUG neutron_lib.callbacks.manager [req-8e824f82-73b0-4252-b368-e3c118b6e7c7 - - - - -] Publish callbacks ['neutron.services.segments.db._update_segment_host_mapping_for_agent-8777592354931', 'neutron.plugins.ml2.plugin.Ml2Plugin._retry_binding_revived_agents--9223372036853455216'] for agent (10e0a080-7d25-40df-943a-b69626c3063a), after_update _notify_loop /var/lib/kolla/venv/lib/python3.6/site-packages/neutron_lib/callbacks/manager.py:177
2025-11-24 01:49:31.453 29 DEBUG neutron.db.agents_db [req-d8aabd28-1651-40fe-9fc6-5e0dbdcaf9da - - - - -] Agent healthcheck: found 2 active agents agent_health_check /var/lib/kolla/venv/lib/python3.6/site-packages/neutron/db/agents_db.py:318
2025-11-24 01:49:39.477 28 DEBUG neutron_lib.callbacks.manager [req-429b9b6d-ec0d-42bf-ba93-847691190628 - - - - -] Publish callbacks ['neutron.services.segments.db._update_segment_host_mapping_for_agent-8777592354931', 'neutron.plugins.ml2.plugin.Ml2Plugin._retry_binding_revived_agents--9223372036853455216'] for agent (b3e8d422-47a9-4ec9-ac5a-801cb493c28f), after_update _notify_loop /var/lib/kolla/venv/lib/python3.6/site-packages/neutron_lib/callbacks/manager.py:177
2025-11-24 01:49:55.257 22 DEBUG neutron.wsgi [-] (22) accepted ('10.0.0.22', 34230) server /var/lib/kolla/venv/lib/python3.6/site-packages/eventlet/wsgi.py:1004
2025-11-24 01:49:55.261 22 INFO neutron.wsgi [-] 10.0.0.22 "GET / HTTP/1.1" status: 200 len: 227 time: 0.0028923
2025-11-24 01:49:57.150 27 DEBUG neutron_lib.callbacks.manager [req-e304bc10-afa4-4de3-bb3f-761a77c4e5b6 - - - - -] Publish callbacks ['neutron.services.segments.db._update_segment_host_mapping_for_agent-8777592354931', 'neutron.plugins.ml2.plugin.Ml2Plugin._retry_binding_revived_agents--9223372036853455216'] for agent (10e0a080-7d25-40df-943a-b69626c3063a), after_update _notify_loop /var/lib/kolla/venv/lib/python3.6/site-packages/neutron_lib/callbacks/manager.py:177
2025-11-24 01:50:08.454 29 DEBUG neutron.db.agents_db [req-d8aabd28-1651-40fe-9fc6-5e0dbdcaf9da - - - - -] Agent healthcheck: found 2 active agents agent_health_check /var/lib/kolla/venv/lib/python3.6/site-packages/neutron/db/agents_db.py:318
2025-11-24 01:50:09.479 26 DEBUG neutron_lib.callbacks.manager [req-429b9b6d-ec0d-42bf-ba93-847691190628 - - - - -] Publish callbacks ['neutron.services.segments.db._update_segment_host_mapping_for_agent-8777592354931', 'neutron.plugins.ml2.plugin.Ml2Plugin._retry_binding_revived_agents--9223372036853455216'] for agent (b3e8d422-47a9-4ec9-ac5a-801cb493c28f), after_update _notify_loop /var/lib/kolla/venv/lib/python3.6/site-packages/neutron_lib/callbacks/manager.py:177
2025-11-24 01:50:25.306 22 DEBUG neutron.wsgi [-] (22) accepted ('10.0.0.22', 50482) server /var/lib/kolla/venv/lib/python3.6/site-packages/eventlet/wsgi.py:1004
2025-11-24 01:50:25.310 22 INFO neutron.wsgi [-] 10.0.0.22 "GET / HTTP/1.1" status: 200 len: 227 time: 0.0030358
2025-11-24 01:50:27.149 23 DEBUG neutron_lib.callbacks.manager [req-08372d49-9258-4150-a97c-bb4b370dcbaf - - - - -] Publish callbacks ['neutron.services.segments.db._update_segment_host_mapping_for_agent-8777592354931', 'neutron.plugins.ml2.plugin.Ml2Plugin._retry_binding_revived_agents--9223372036853455216'] for agent (10e0a080-7d25-40df-943a-b69626c3063a), after_update _notify_loop /var/lib/kolla/venv/lib/python3.6/site-packages/neutron_lib/callbacks/manager.py:177
2025-11-24 01:50:39.481 24 DEBUG neutron_lib.callbacks.manager [req-429b9b6d-ec0d-42bf-ba93-847691190628 - - - - -] Publish callbacks ['neutron.services.segments.db._update_segment_host_mapping_for_agent-8777592354931', 'neutron.plugins.ml2.plugin.Ml2Plugin._retry_binding_revived_agents--9223372036853455216'] for agent (b3e8d422-47a9-4ec9-ac5a-801cb493c28f), after_update _notify_loop /var/lib/kolla/venv/lib/python3.6/site-packages/neutron_lib/callbacks/manager.py:177
2025-11-24 01:50:45.450 29 DEBUG neutron.db.agents_db [req-d8aabd28-1651-40fe-9fc6-5e0dbdcaf9da - - - - -] Agent healthcheck: found 2 active agents agent_health_check /var/lib/kolla/venv/lib/python3.6/site-packages/neutron/db/agents_db.py:318
2025-11-24 01:50:55.354 22 DEBUG neutron.wsgi [-] (22) accepted ('10.0.0.22', 33078) server /var/lib/kolla/venv/lib/python3.6/site-packages/eventlet/wsgi.py:1004
2025-11-24 01:50:55.358 22 INFO neutron.wsgi [-] 10.0.0.22 "GET / HTTP/1.1" status: 200 len: 227 time: 0.0029743
2025-11-24 01:50:57.147 25 DEBUG neutron_lib.callbacks.manager [req-42befa08-cfdf-4e0c-a183-b9c29f2e6b9e - - - - -] Publish callbacks ['neutron.services.segments.db._update_segment_host_mapping_for_agent-8777592354931', 'neutron.plugins.ml2.plugin.Ml2Plugin._retry_binding_revived_agents--9223372036853455216'] for agent (10e0a080-7d25-40df-943a-b69626c3063a), after_update _notify_loop /var/lib/kolla/venv/lib/python3.6/site-packages/neutron_lib/callbacks/manager.py:177
2025-11-24 01:51:09.488 28 DEBUG neutron_lib.callbacks.manager [req-429b9b6d-ec0d-42bf-ba93-847691190628 - - - - -] Publish callbacks ['neutron.services.segments.db._update_segment_host_mapping_for_agent-8777592354931', 'neutron.plugins.ml2.plugin.Ml2Plugin._retry_binding_revived_agents--9223372036853455216'] for agent (b3e8d422-47a9-4ec9-ac5a-801cb493c28f), after_update _notify_loop /var/lib/kolla/venv/lib/python3.6/site-packages/neutron_lib/callbacks/manager.py:177
2025-11-24 01:51:22.449 29 DEBUG neutron.db.agents_db [req-d8aabd28-1651-40fe-9fc6-5e0dbdcaf9da - - - - -] Agent healthcheck: found 2 active agents agent_health_check /var/lib/kolla/venv/lib/python3.6/site-packages/neutron/db/agents_db.py:318
2025-11-24 01:51:25.409 22 DEBUG neutron.wsgi [-] (22) accepted ('10.0.0.22', 55126) server /var/lib/kolla/venv/lib/python3.6/site-packages/eventlet/wsgi.py:1004
2025-11-24 01:51:25.414 22 INFO neutron.wsgi [-] 10.0.0.22 "GET / HTTP/1.1" status: 200 len: 227 time: 0.0051458
2025-11-24 01:51:27.144 27 DEBUG neutron_lib.callbacks.manager [req-10f74537-b4fc-412e-821d-a724df2ae7db - - - - -] Publish callbacks ['neutron.services.segments.db._update_segment_host_mapping_for_agent-8777592354931', 'neutron.plugins.ml2.plugin.Ml2Plugin._retry_binding_revived_agents--9223372036853455216'] for agent (10e0a080-7d25-40df-943a-b69626c3063a), after_update _notify_loop /var/lib/kolla/venv/lib/python3.6/site-packages/neutron_lib/callbacks/manager.py:177
2025-11-24 01:51:39.486 26 DEBUG neutron_lib.callbacks.manager [req-429b9b6d-ec0d-42bf-ba93-847691190628 - - - - -] Publish callbacks ['neutron.services.segments.db._update_segment_host_mapping_for_agent-8777592354931', 'neutron.plugins.ml2.plugin.Ml2Plugin._retry_binding_revived_agents--9223372036853455216'] for agent (b3e8d422-47a9-4ec9-ac5a-801cb493c28f), after_update _notify_loop /var/lib/kolla/venv/lib/python3.6/site-packages/neutron_lib/callbacks/manager.py:177
2025-11-24 01:51:55.461 22 DEBUG neutron.wsgi [-] (22) accepted ('10.0.0.22', 60862) server /var/lib/kolla/venv/lib/python3.6/site-packages/eventlet/wsgi.py:1004
2025-11-24 01:51:55.465 22 INFO neutron.wsgi [-] 10.0.0.22 "GET / HTTP/1.1" status: 200 len: 227 time: 0.0029409
2025-11-24 01:51:57.150 23 DEBUG neutron_lib.callbacks.manager [req-48991b68-0738-402e-8db2-6e0084f5f0b7 - - - - -] Publish callbacks ['neutron.services.segments.db._update_segment_host_mapping_for_agent-8777592354931', 'neutron.plugins.ml2.plugin.Ml2Plugin._retry_binding_revived_agents--9223372036853455216'] for agent (10e0a080-7d25-40df-943a-b69626c3063a), after_update _notify_loop /var/lib/kolla/venv/lib/python3.6/site-packages/neutron_lib/callbacks/manager.py:177
2025-11-24 01:51:59.446 29 DEBUG neutron.db.agents_db [req-d8aabd28-1651-40fe-9fc6-5e0dbdcaf9da - - - - -] Agent healthcheck: found 2 active agents agent_health_check /var/lib/kolla/venv/lib/python3.6/site-packages/neutron/db/agents_db.py:318
2025-11-24 01:52:09.491 24 DEBUG neutron_lib.callbacks.manager [req-429b9b6d-ec0d-42bf-ba93-847691190628 - - - - -] Publish callbacks ['neutron.services.segments.db._update_segment_host_mapping_for_agent-8777592354931', 'neutron.plugins.ml2.plugin.Ml2Plugin._retry_binding_revived_agents--9223372036853455216'] for agent (b3e8d422-47a9-4ec9-ac5a-801cb493c28f), after_update _notify_loop /var/lib/kolla/venv/lib/python3.6/site-packages/neutron_lib/callbacks/manager.py:177
2025-11-24 01:52:25.508 22 DEBUG neutron.wsgi [-] (22) accepted ('10.0.0.22', 54260) server /var/lib/kolla/venv/lib/python3.6/site-packages/eventlet/wsgi.py:1004
2025-11-24 01:52:25.512 22 INFO neutron.wsgi [-] 10.0.0.22 "GET / HTTP/1.1" status: 200 len: 227 time: 0.0030766
2025-11-24 01:52:27.147 25 DEBUG neutron_lib.callbacks.manager [req-2dfbccdb-24aa-4e69-8a33-b580e88efa39 - - - - -] Publish callbacks ['neutron.services.segments.db._update_segment_host_mapping_for_agent-8777592354931', 'neutron.plugins.ml2.plugin.Ml2Plugin._retry_binding_revived_agents--9223372036853455216'] for agent (10e0a080-7d25-40df-943a-b69626c3063a), after_update _notify_loop /var/lib/kolla/venv/lib/python3.6/site-packages/neutron_lib/callbacks/manager.py:177
2025-11-24 01:52:36.444 29 DEBUG neutron.db.agents_db [req-d8aabd28-1651-40fe-9fc6-5e0dbdcaf9da - - - - -] Agent healthcheck: found 2 active agents agent_health_check /var/lib/kolla/venv/lib/python3.6/site-packages/neutron/db/agents_db.py:318
2025-11-24 01:52:39.490 28 DEBUG neutron_lib.callbacks.manager [req-429b9b6d-ec0d-42bf-ba93-847691190628 - - - - -] Publish callbacks ['neutron.services.segments.db._update_segment_host_mapping_for_agent-8777592354931', 'neutron.plugins.ml2.plugin.Ml2Plugin._retry_binding_revived_agents--9223372036853455216'] for agent (b3e8d422-47a9-4ec9-ac5a-801cb493c28f), after_update _notify_loop /var/lib/kolla/venv/lib/python3.6/site-packages/neutron_lib/callbacks/manager.py:177
2025-11-24 01:52:55.557 22 DEBUG neutron.wsgi [-] (22) accepted ('10.0.0.22', 41036) server /var/lib/kolla/venv/lib/python3.6/site-packages/eventlet/wsgi.py:1004
2025-11-24 01:52:55.562 22 INFO neutron.wsgi [-] 10.0.0.22 "GET / HTTP/1.1" status: 200 len: 227 time: 0.0038905
2025-11-24 01:52:57.144 27 DEBUG neutron_lib.callbacks.manager [req-dd973dd0-20f4-4c74-b91a-4e260f1495e9 - - - - -] Publish callbacks ['neutron.services.segments.db._update_segment_host_mapping_for_agent-8777592354931', 'neutron.plugins.ml2.plugin.Ml2Plugin._retry_binding_revived_agents--9223372036853455216'] for agent (10e0a080-7d25-40df-943a-b69626c3063a), after_update _notify_loop /var/lib/kolla/venv/lib/python3.6/site-packages/neutron_lib/callbacks/manager.py:177
2025-11-24 01:53:09.590 26 DEBUG neutron_lib.callbacks.manager [req-429b9b6d-ec0d-42bf-ba93-847691190628 - - - - -] Publish callbacks ['neutron.services.segments.db._update_segment_host_mapping_for_agent-8777592354931', 'neutron.plugins.ml2.plugin.Ml2Plugin._retry_binding_revived_agents--9223372036853455216'] for agent (b3e8d422-47a9-4ec9-ac5a-801cb493c28f), after_update _notify_loop /var/lib/kolla/venv/lib/python3.6/site-packages/neutron_lib/callbacks/manager.py:177
2025-11-24 01:53:13.446 29 DEBUG neutron.db.agents_db [req-d8aabd28-1651-40fe-9fc6-5e0dbdcaf9da - - - - -] Agent healthcheck: found 2 active agents agent_health_check /var/lib/kolla/venv/lib/python3.6/site-packages/neutron/db/agents_db.py:318
2025-11-24 01:53:25.606 22 DEBUG neutron.wsgi [-] (22) accepted ('10.0.0.22', 40154) server /var/lib/kolla/venv/lib/python3.6/site-packages/eventlet/wsgi.py:1004
2025-11-24 01:53:25.610 22 INFO neutron.wsgi [-] 10.0.0.22 "GET / HTTP/1.1" status: 200 len: 227 time: 0.0028086
2025-11-24 01:53:27.144 23 DEBUG neutron_lib.callbacks.manager [req-a998487c-9aee-4377-9a9b-19f5359eddc4 - - - - -] Publish callbacks ['neutron.services.segments.db._update_segment_host_mapping_for_agent-8777592354931', 'neutron.plugins.ml2.plugin.Ml2Plugin._retry_binding_revived_agents--9223372036853455216'] for agent (10e0a080-7d25-40df-943a-b69626c3063a), after_update _notify_loop /var/lib/kolla/venv/lib/python3.6/site-packages/neutron_lib/callbacks/manager.py:177
2025-11-24 01:53:39.495 24 DEBUG neutron_lib.callbacks.manager [req-429b9b6d-ec0d-42bf-ba93-847691190628 - - - - -] Publish callbacks ['neutron.services.segments.db._update_segment_host_mapping_for_agent-8777592354931', 'neutron.plugins.ml2.plugin.Ml2Plugin._retry_binding_revived_agents--9223372036853455216'] for agent (b3e8d422-47a9-4ec9-ac5a-801cb493c28f), after_update _notify_loop /var/lib/kolla/venv/lib/python3.6/site-packages/neutron_lib/callbacks/manager.py:177
2025-11-24 01:53:50.445 29 DEBUG neutron.db.agents_db [req-d8aabd28-1651-40fe-9fc6-5e0dbdcaf9da - - - - -] Agent healthcheck: found 2 active agents agent_health_check /var/lib/kolla/venv/lib/python3.6/site-packages/neutron/db/agents_db.py:318
2025-11-24 01:53:55.655 22 DEBUG neutron.wsgi [-] (22) accepted ('10.0.0.22', 60128) server /var/lib/kolla/venv/lib/python3.6/site-packages/eventlet/wsgi.py:1004
2025-11-24 01:53:55.659 22 INFO neutron.wsgi [-] 10.0.0.22 "GET / HTTP/1.1" status: 200 len: 227 time: 0.0031602
2025-11-24 01:53:57.141 25 DEBUG neutron_lib.callbacks.manager [req-469e74fe-91bb-4758-b40d-bc215cf245b1 - - - - -] Publish callbacks ['neutron.services.segments.db._update_segment_host_mapping_for_agent-8777592354931', 'neutron.plugins.ml2.plugin.Ml2Plugin._retry_binding_revived_agents--9223372036853455216'] for agent (10e0a080-7d25-40df-943a-b69626c3063a), after_update _notify_loop /var/lib/kolla/venv/lib/python3.6/site-packages/neutron_lib/callbacks/manager.py:177
2025-11-24 01:54:09.496 28 DEBUG neutron_lib.callbacks.manager [req-429b9b6d-ec0d-42bf-ba93-847691190628 - - - - -] Publish callbacks ['neutron.services.segments.db._update_segment_host_mapping_for_agent-8777592354931', 'neutron.plugins.ml2.plugin.Ml2Plugin._retry_binding_revived_agents--9223372036853455216'] for agent (b3e8d422-47a9-4ec9-ac5a-801cb493c28f), after_update _notify_loop /var/lib/kolla/venv/lib/python3.6/site-packages/neutron_lib/callbacks/manager.py:177
2025-11-24 01:54:25.703 22 DEBUG neutron.wsgi [-] (22) accepted ('10.0.0.22', 47170) server /var/lib/kolla/venv/lib/python3.6/site-packages/eventlet/wsgi.py:1004
2025-11-24 01:54:25.707 22 INFO neutron.wsgi [-] 10.0.0.22 "GET / HTTP/1.1" status: 200 len: 227 time: 0.0030522
2025-11-24 01:54:27.171 27 DEBUG neutron_lib.callbacks.manager [req-e2fdacaa-3c05-428d-b8e4-542f13cff277 - - - - -] Publish callbacks ['neutron.services.segments.db._update_segment_host_mapping_for_agent-8777592354931', 'neutron.plugins.ml2.plugin.Ml2Plugin._retry_binding_revived_agents--9223372036853455216'] for agent (10e0a080-7d25-40df-943a-b69626c3063a), after_update _notify_loop /var/lib/kolla/venv/lib/python3.6/site-packages/neutron_lib/callbacks/manager.py:177
2025-11-24 01:54:27.445 29 DEBUG neutron.db.agents_db [req-d8aabd28-1651-40fe-9fc6-5e0dbdcaf9da - - - - -] Agent healthcheck: found 2 active agents agent_health_check /var/lib/kolla/venv/lib/python3.6/site-packages/neutron/db/agents_db.py:318
2025-11-24 01:54:39.502 26 DEBUG neutron_lib.callbacks.manager [req-429b9b6d-ec0d-42bf-ba93-847691190628 - - - - -] Publish callbacks ['neutron.services.segments.db._update_segment_host_mapping_for_agent-8777592354931', 'neutron.plugins.ml2.plugin.Ml2Plugin._retry_binding_revived_agents--9223372036853455216'] for agent (b3e8d422-47a9-4ec9-ac5a-801cb493c28f), after_update _notify_loop /var/lib/kolla/venv/lib/python3.6/site-packages/neutron_lib/callbacks/manager.py:177
2025-11-24 01:54:55.753 22 DEBUG neutron.wsgi [-] (22) accepted ('10.0.0.22', 38128) server /var/lib/kolla/venv/lib/python3.6/site-packages/eventlet/wsgi.py:1004
2025-11-24 01:54:55.757 22 INFO neutron.wsgi [-] 10.0.0.22 "GET / HTTP/1.1" status: 200 len: 227 time: 0.0028288
2025-11-24 01:54:57.143 23 DEBUG neutron_lib.callbacks.manager [req-d3c1b8d9-e333-445e-a380-5a36450010d6 - - - - -] Publish callbacks ['neutron.services.segments.db._update_segment_host_mapping_for_agent-8777592354931', 'neutron.plugins.ml2.plugin.Ml2Plugin._retry_binding_revived_agents--9223372036853455216'] for agent (10e0a080-7d25-40df-943a-b69626c3063a), after_update _notify_loop /var/lib/kolla/venv/lib/python3.6/site-packages/neutron_lib/callbacks/manager.py:177
2025-11-24 01:55:04.443 29 DEBUG neutron.db.agents_db [req-d8aabd28-1651-40fe-9fc6-5e0dbdcaf9da - - - - -] Agent healthcheck: found 2 active agents agent_health_check /var/lib/kolla/venv/lib/python3.6/site-packages/neutron/db/agents_db.py:318
2025-11-24 01:55:09.503 24 DEBUG neutron_lib.callbacks.manager [req-429b9b6d-ec0d-42bf-ba93-847691190628 - - - - -] Publish callbacks ['neutron.services.segments.db._update_segment_host_mapping_for_agent-8777592354931', 'neutron.plugins.ml2.plugin.Ml2Plugin._retry_binding_revived_agents--9223372036853455216'] for agent (b3e8d422-47a9-4ec9-ac5a-801cb493c28f), after_update _notify_loop /var/lib/kolla/venv/lib/python3.6/site-packages/neutron_lib/callbacks/manager.py:177
2025-11-24 01:55:25.812 22 DEBUG neutron.wsgi [-] (22) accepted ('10.0.0.22', 57162) server /var/lib/kolla/venv/lib/python3.6/site-packages/eventlet/wsgi.py:1004
2025-11-24 01:55:25.815 22 INFO neutron.wsgi [-] 10.0.0.22 "GET / HTTP/1.1" status: 200 len: 227 time: 0.0030289
2025-11-24 01:55:27.140 25 DEBUG neutron_lib.callbacks.manager [req-db370b2d-d93f-4c0e-957d-4c6cd3b48046 - - - - -] Publish callbacks ['neutron.services.segments.db._update_segment_host_mapping_for_agent-8777592354931', 'neutron.plugins.ml2.plugin.Ml2Plugin._retry_binding_revived_agents--9223372036853455216'] for agent (10e0a080-7d25-40df-943a-b69626c3063a), after_update _notify_loop /var/lib/kolla/venv/lib/python3.6/site-packages/neutron_lib/callbacks/manager.py:177
2025-11-24 01:55:30.767 7 INFO oslo_service.service [-] Caught SIGTERM, stopping children
2025-11-24 01:55:30.768 7 DEBUG oslo_concurrency.lockutils [-] Acquired lock "singleton_lock" lock /var/lib/kolla/venv/lib/python3.6/site-packages/oslo_concurrency/lockutils.py:294
2025-11-24 01:55:30.768 7 DEBUG oslo_concurrency.lockutils [-] Releasing lock "singleton_lock" lock /var/lib/kolla/venv/lib/python3.6/site-packages/oslo_concurrency/lockutils.py:312
2025-11-24 01:55:30.768 7 DEBUG oslo_service.service [-] Stop services. stop /var/lib/kolla/venv/lib/python3.6/site-packages/oslo_service/service.py:695
2025-11-24 01:55:30.769 7 DEBUG neutron.service [-] calling RpcWorker stop() stop /var/lib/kolla/venv/lib/python3.6/site-packages/neutron/service.py:138
2025-11-24 01:55:30.769 7 DEBUG neutron.service [-] calling RpcWorker stop() stop /var/lib/kolla/venv/lib/python3.6/site-packages/neutron/service.py:138
2025-11-24 01:55:30.769 7 DEBUG oslo_service.service [-] Killing children. stop /var/lib/kolla/venv/lib/python3.6/site-packages/oslo_service/service.py:700
2025-11-24 01:55:30.769 7 INFO oslo_service.service [-] Waiting on 8 children to exit
2025-11-24 01:55:30.770 25 DEBUG neutron.service [-] calling RpcWorker stop() stop /var/lib/kolla/venv/lib/python3.6/site-packages/neutron/service.py:138
2025-11-24 01:55:30.770 24 DEBUG neutron.service [-] calling RpcWorker stop() stop /var/lib/kolla/venv/lib/python3.6/site-packages/neutron/service.py:138
2025-11-24 01:55:30.770 23 DEBUG neutron.service [-] calling RpcWorker stop() stop /var/lib/kolla/venv/lib/python3.6/site-packages/neutron/service.py:138
2025-11-24 01:55:30.770 23 DEBUG neutron.service [-] calling stop on stop /var/lib/kolla/venv/lib/python3.6/site-packages/neutron/service.py:141
2025-11-24 01:55:30.771 28 DEBUG neutron.service [-] calling RpcWorker stop() stop /var/lib/kolla/venv/lib/python3.6/site-packages/neutron/service.py:138
2025-11-24 01:55:30.772 22 INFO neutron.wsgi [-] (22) wsgi exited, is_accepting=True
2025-11-24 01:55:30.770 25 DEBUG neutron.service [-] calling stop on stop /var/lib/kolla/venv/lib/python3.6/site-packages/neutron/service.py:141
2025-11-24 01:55:30.770 24 DEBUG neutron.service [-] calling stop on stop /var/lib/kolla/venv/lib/python3.6/site-packages/neutron/service.py:141
2025-11-24 01:55:30.772 27 DEBUG neutron.service [-] calling RpcWorker stop() stop /var/lib/kolla/venv/lib/python3.6/site-packages/neutron/service.py:138
2025-11-24 01:55:30.772 22 DEBUG oslo_concurrency.lockutils [req-5b22a717-1c7b-41a1-a61b-d85327278c73 - - - - -] Acquired lock "singleton_lock" lock /var/lib/kolla/venv/lib/python3.6/site-packages/oslo_concurrency/lockutils.py:294
2025-11-24 01:55:30.773 22 DEBUG oslo_concurrency.lockutils [req-5b22a717-1c7b-41a1-a61b-d85327278c73 - - - - -] Releasing lock "singleton_lock" lock /var/lib/kolla/venv/lib/python3.6/site-packages/oslo_concurrency/lockutils.py:312
2025-11-24 01:55:30.772 28 DEBUG neutron.service [-] calling stop on stop /var/lib/kolla/venv/lib/python3.6/site-packages/neutron/service.py:141
2025-11-24 01:55:30.774 26 DEBUG neutron.service [-] calling RpcWorker stop() stop /var/lib/kolla/venv/lib/python3.6/site-packages/neutron/service.py:138
2025-11-24 01:55:30.773 27 DEBUG neutron.service [-] calling stop on stop /var/lib/kolla/venv/lib/python3.6/site-packages/neutron/service.py:141
2025-11-24 01:55:30.775 29 DEBUG neutron.service [-] calling RpcWorker stop() stop /var/lib/kolla/venv/lib/python3.6/site-packages/neutron/service.py:138
2025-11-24 01:55:30.776 29 DEBUG neutron.service [-] calling stop on stop /var/lib/kolla/venv/lib/python3.6/site-packages/neutron/service.py:141
2025-11-24 01:55:30.777 7 INFO oslo_service.service [-] Child 22 exited with status 0
2025-11-24 01:55:30.775 26 DEBUG neutron.service [-] calling stop on stop /var/lib/kolla/venv/lib/python3.6/site-packages/neutron/service.py:141
2025-11-24 01:55:33.440 23 DEBUG neutron.service [-] calling stop on stop /var/lib/kolla/venv/lib/python3.6/site-packages/neutron/service.py:141
2025-11-24 01:55:33.441 24 DEBUG neutron.service [-] calling stop on stop /var/lib/kolla/venv/lib/python3.6/site-packages/neutron/service.py:141
2025-11-24 01:55:33.447 25 DEBUG neutron.service [-] calling stop on stop /var/lib/kolla/venv/lib/python3.6/site-packages/neutron/service.py:141
2025-11-24 01:55:33.454 27 DEBUG oslo_concurrency.lockutils [req-5b22a717-1c7b-41a1-a61b-d85327278c73 - - - - -] Acquired lock "singleton_lock" lock /var/lib/kolla/venv/lib/python3.6/site-packages/oslo_concurrency/lockutils.py:294
2025-11-24 01:55:33.454 27 DEBUG oslo_concurrency.lockutils [req-5b22a717-1c7b-41a1-a61b-d85327278c73 - - - - -] Releasing lock "singleton_lock" lock /var/lib/kolla/venv/lib/python3.6/site-packages/oslo_concurrency/lockutils.py:312
2025-11-24 01:55:33.455 27 DEBUG neutron.service [req-5b22a717-1c7b-41a1-a61b-d85327278c73 - - - - -] calling RpcWorker wait() _wait /var/lib/kolla/venv/lib/python3.6/site-packages/neutron/service.py:128
2025-11-24 01:55:33.455 27 DEBUG neutron.service [req-5b22a717-1c7b-41a1-a61b-d85327278c73 - - - - -] calling wait on _wait /var/lib/kolla/venv/lib/python3.6/site-packages/neutron/service.py:131
2025-11-24 01:55:33.456 23 DEBUG neutron.service [-] calling stop on stop /var/lib/kolla/venv/lib/python3.6/site-packages/neutron/service.py:141
2025-11-24 01:55:33.461 24 DEBUG neutron.service [-] calling stop on stop /var/lib/kolla/venv/lib/python3.6/site-packages/neutron/service.py:141
2025-11-24 01:55:33.462 25 DEBUG neutron.service [-] calling stop on stop /var/lib/kolla/venv/lib/python3.6/site-packages/neutron/service.py:141
2025-11-24 01:55:33.462 27 WARNING amqp [req-5b22a717-1c7b-41a1-a61b-d85327278c73 - - - - -] Received method (60, 30) during closing channel 1. This method will be ignored
2025-11-24 01:55:33.463 27 DEBUG neutron.service [req-5b22a717-1c7b-41a1-a61b-d85327278c73 - - - - -] returning from RpcWorker wait() _wait /var/lib/kolla/venv/lib/python3.6/site-packages/neutron/service.py:135
2025-11-24 01:55:33.468 7 INFO oslo_service.service [-] Child 27 exited with status 0
2025-11-24 01:55:33.471 29 DEBUG oslo_concurrency.lockutils [req-5b22a717-1c7b-41a1-a61b-d85327278c73 - - - - -] Acquired lock "singleton_lock" lock /var/lib/kolla/venv/lib/python3.6/site-packages/oslo_concurrency/lockutils.py:294
2025-11-24 01:55:33.472 29 DEBUG oslo_concurrency.lockutils [req-5b22a717-1c7b-41a1-a61b-d85327278c73 - - - - -] Releasing lock "singleton_lock" lock /var/lib/kolla/venv/lib/python3.6/site-packages/oslo_concurrency/lockutils.py:312
2025-11-24 01:55:33.472 29 DEBUG neutron.service [req-5b22a717-1c7b-41a1-a61b-d85327278c73 - - - - -] calling RpcWorker wait() _wait /var/lib/kolla/venv/lib/python3.6/site-packages/neutron/service.py:128
2025-11-24 01:55:33.472 29 DEBUG neutron.service [req-5b22a717-1c7b-41a1-a61b-d85327278c73 - - - - -] calling wait on _wait /var/lib/kolla/venv/lib/python3.6/site-packages/neutron/service.py:131
2025-11-24 01:55:33.473 26 DEBUG oslo_concurrency.lockutils [req-5b22a717-1c7b-41a1-a61b-d85327278c73 - - - - -] Acquired lock "singleton_lock" lock /var/lib/kolla/venv/lib/python3.6/site-packages/oslo_concurrency/lockutils.py:294
2025-11-24 01:55:33.473 26 DEBUG oslo_concurrency.lockutils [req-5b22a717-1c7b-41a1-a61b-d85327278c73 - - - - -] Releasing lock "singleton_lock" lock /var/lib/kolla/venv/lib/python3.6/site-packages/oslo_concurrency/lockutils.py:312
2025-11-24 01:55:33.473 26 DEBUG neutron.service [req-5b22a717-1c7b-41a1-a61b-d85327278c73 - - - - -] calling RpcWorker wait() _wait /var/lib/kolla/venv/lib/python3.6/site-packages/neutron/service.py:128
2025-11-24 01:55:33.474 26 DEBUG neutron.service [req-5b22a717-1c7b-41a1-a61b-d85327278c73 - - - - -] calling wait on _wait /var/lib/kolla/venv/lib/python3.6/site-packages/neutron/service.py:131
2025-11-24 01:55:33.478 29 WARNING amqp [req-5b22a717-1c7b-41a1-a61b-d85327278c73 - - - - -] Received method (60, 30) during closing channel 1. This method will be ignored
2025-11-24 01:55:33.479 29 DEBUG neutron.service [req-5b22a717-1c7b-41a1-a61b-d85327278c73 - - - - -] returning from RpcWorker wait() _wait /var/lib/kolla/venv/lib/python3.6/site-packages/neutron/service.py:135
2025-11-24 01:55:33.481 26 WARNING amqp [req-5b22a717-1c7b-41a1-a61b-d85327278c73 - - - - -] Received method (60, 30) during closing channel 1. This method will be ignored
2025-11-24 01:55:33.482 26 DEBUG neutron.service [req-5b22a717-1c7b-41a1-a61b-d85327278c73 - - - - -] returning from RpcWorker wait() _wait /var/lib/kolla/venv/lib/python3.6/site-packages/neutron/service.py:135
2025-11-24 01:55:33.485 7 INFO oslo_service.service [-] Child 29 exited with status 0
2025-11-24 01:55:33.486 7 INFO oslo_service.service [-] Child 26 exited with status 0
2025-11-24 01:55:33.496 28 DEBUG oslo_concurrency.lockutils [req-5b22a717-1c7b-41a1-a61b-d85327278c73 - - - - -] Acquired lock "singleton_lock" lock /var/lib/kolla/venv/lib/python3.6/site-packages/oslo_concurrency/lockutils.py:294
2025-11-24 01:55:33.496 28 DEBUG oslo_concurrency.lockutils [req-5b22a717-1c7b-41a1-a61b-d85327278c73 - - - - -] Releasing lock "singleton_lock" lock /var/lib/kolla/venv/lib/python3.6/site-packages/oslo_concurrency/lockutils.py:312
2025-11-24 01:55:33.497 28 DEBUG neutron.service [req-5b22a717-1c7b-41a1-a61b-d85327278c73 - - - - -] calling RpcWorker wait() _wait /var/lib/kolla/venv/lib/python3.6/site-packages/neutron/service.py:128
2025-11-24 01:55:33.497 28 DEBUG neutron.service [req-5b22a717-1c7b-41a1-a61b-d85327278c73 - - - - -] calling wait on _wait /var/lib/kolla/venv/lib/python3.6/site-packages/neutron/service.py:131
2025-11-24 01:55:33.502 28 WARNING amqp [req-5b22a717-1c7b-41a1-a61b-d85327278c73 - - - - -] Received method (60, 30) during closing channel 1. This method will be ignored
2025-11-24 01:55:33.503 28 DEBUG neutron.service [req-5b22a717-1c7b-41a1-a61b-d85327278c73 - - - - -] returning from RpcWorker wait() _wait /var/lib/kolla/venv/lib/python3.6/site-packages/neutron/service.py:135
2025-11-24 01:55:33.510 7 INFO oslo_service.service [-] Child 28 exited with status 0
2025-11-24 01:55:35.333 25 DEBUG neutron.service [-] calling stop on stop /var/lib/kolla/venv/lib/python3.6/site-packages/neutron/service.py:141
2025-11-24 01:55:35.342 23 DEBUG neutron.service [-] calling stop on stop /var/lib/kolla/venv/lib/python3.6/site-packages/neutron/service.py:141
2025-11-24 01:55:37.706 24 DEBUG neutron.service [-] calling stop on stop /var/lib/kolla/venv/lib/python3.6/site-packages/neutron/service.py:141
2025-11-24 01:55:38.498 23 DEBUG oslo_concurrency.lockutils [req-5b22a717-1c7b-41a1-a61b-d85327278c73 - - - - -] Acquired lock "singleton_lock" lock /var/lib/kolla/venv/lib/python3.6/site-packages/oslo_concurrency/lockutils.py:294
2025-11-24 01:55:38.499 23 DEBUG oslo_concurrency.lockutils [req-5b22a717-1c7b-41a1-a61b-d85327278c73 - - - - -] Releasing lock "singleton_lock" lock /var/lib/kolla/venv/lib/python3.6/site-packages/oslo_concurrency/lockutils.py:312
2025-11-24 01:55:38.499 23 DEBUG neutron.service [req-5b22a717-1c7b-41a1-a61b-d85327278c73 - - - - -] calling RpcWorker wait() _wait /var/lib/kolla/venv/lib/python3.6/site-packages/neutron/service.py:128
2025-11-24 01:55:38.499 23 DEBUG neutron.service [req-5b22a717-1c7b-41a1-a61b-d85327278c73 - - - - -] calling wait on _wait /var/lib/kolla/venv/lib/python3.6/site-packages/neutron/service.py:131
2025-11-24 01:55:38.501 25 DEBUG oslo_concurrency.lockutils [req-5b22a717-1c7b-41a1-a61b-d85327278c73 - - - - -] Acquired lock "singleton_lock" lock /var/lib/kolla/venv/lib/python3.6/site-packages/oslo_concurrency/lockutils.py:294
2025-11-24 01:55:38.502 25 DEBUG oslo_concurrency.lockutils [req-5b22a717-1c7b-41a1-a61b-d85327278c73 - - - - -] Releasing lock "singleton_lock" lock /var/lib/kolla/venv/lib/python3.6/site-packages/oslo_concurrency/lockutils.py:312
2025-11-24 01:55:38.502 25 DEBUG neutron.service [req-5b22a717-1c7b-41a1-a61b-d85327278c73 - - - - -] calling RpcWorker wait() _wait /var/lib/kolla/venv/lib/python3.6/site-packages/neutron/service.py:128
2025-11-24 01:55:38.502 25 DEBUG neutron.service [req-5b22a717-1c7b-41a1-a61b-d85327278c73 - - - - -] calling wait on _wait /var/lib/kolla/venv/lib/python3.6/site-packages/neutron/service.py:131
2025-11-24 01:55:38.503 24 DEBUG oslo_concurrency.lockutils [req-5b22a717-1c7b-41a1-a61b-d85327278c73 - - - - -] Acquired lock "singleton_lock" lock /var/lib/kolla/venv/lib/python3.6/site-packages/oslo_concurrency/lockutils.py:294
2025-11-24 01:55:38.504 24 DEBUG oslo_concurrency.lockutils [req-5b22a717-1c7b-41a1-a61b-d85327278c73 - - - - -] Releasing lock "singleton_lock" lock /var/lib/kolla/venv/lib/python3.6/site-packages/oslo_concurrency/lockutils.py:312
2025-11-24 01:55:38.504 24 DEBUG neutron.service [req-5b22a717-1c7b-41a1-a61b-d85327278c73 - - - - -] calling RpcWorker wait() _wait /var/lib/kolla/venv/lib/python3.6/site-packages/neutron/service.py:128
2025-11-24 01:55:38.504 24 DEBUG neutron.service [req-5b22a717-1c7b-41a1-a61b-d85327278c73 - - - - -] calling wait on _wait /var/lib/kolla/venv/lib/python3.6/site-packages/neutron/service.py:131
2025-11-24 01:55:38.505 23 WARNING amqp [req-5b22a717-1c7b-41a1-a61b-d85327278c73 - - - - -] Received method (60, 30) during closing channel 1. This method will be ignored
2025-11-24 01:55:38.506 23 DEBUG neutron.service [req-5b22a717-1c7b-41a1-a61b-d85327278c73 - - - - -] calling wait on _wait /var/lib/kolla/venv/lib/python3.6/site-packages/neutron/service.py:131
2025-11-24 01:55:38.508 25 WARNING amqp [req-5b22a717-1c7b-41a1-a61b-d85327278c73 - - - - -] Received method (60, 30) during closing channel 1. This method will be ignored
2025-11-24 01:55:38.508 25 DEBUG neutron.service [req-5b22a717-1c7b-41a1-a61b-d85327278c73 - - - - -] calling wait on _wait /var/lib/kolla/venv/lib/python3.6/site-packages/neutron/service.py:131
2025-11-24 01:55:38.510 24 WARNING amqp [req-5b22a717-1c7b-41a1-a61b-d85327278c73 - - - - -] Received method (60, 30) during closing channel 1. This method will be ignored
2025-11-24 01:55:38.512 24 DEBUG neutron.service [req-5b22a717-1c7b-41a1-a61b-d85327278c73 - - - - -] calling wait on _wait /var/lib/kolla/venv/lib/python3.6/site-packages/neutron/service.py:131
2025-11-24 01:55:38.513 23 WARNING amqp [req-5b22a717-1c7b-41a1-a61b-d85327278c73 - - - - -] Received method (60, 30) during closing channel 1. This method will be ignored
2025-11-24 01:55:38.514 23 DEBUG neutron.service [req-5b22a717-1c7b-41a1-a61b-d85327278c73 - - - - -] calling wait on _wait /var/lib/kolla/venv/lib/python3.6/site-packages/neutron/service.py:131
2025-11-24 01:55:38.515 25 WARNING amqp [req-5b22a717-1c7b-41a1-a61b-d85327278c73 - - - - -] Received method (60, 30) during closing channel 1. This method will be ignored
2025-11-24 01:55:38.516 25 DEBUG neutron.service [req-5b22a717-1c7b-41a1-a61b-d85327278c73 - - - - -] calling wait on _wait /var/lib/kolla/venv/lib/python3.6/site-packages/neutron/service.py:131
2025-11-24 01:55:38.518 24 WARNING amqp [req-5b22a717-1c7b-41a1-a61b-d85327278c73 - - - - -] Received method (60, 30) during closing channel 1. This method will be ignored
2025-11-24 01:55:38.519 24 DEBUG neutron.service [req-5b22a717-1c7b-41a1-a61b-d85327278c73 - - - - -] calling wait on _wait /var/lib/kolla/venv/lib/python3.6/site-packages/neutron/service.py:131
2025-11-24 01:55:38.521 25 WARNING amqp [req-5b22a717-1c7b-41a1-a61b-d85327278c73 - - - - -] Received method (60, 30) during closing channel 1. This method will be ignored
2025-11-24 01:55:38.521 23 WARNING amqp [req-5b22a717-1c7b-41a1-a61b-d85327278c73 - - - - -] Received method (60, 30) during closing channel 1. This method will be ignored
2025-11-24 01:55:38.521 25 DEBUG neutron.service [req-5b22a717-1c7b-41a1-a61b-d85327278c73 - - - - -] calling wait on _wait /var/lib/kolla/venv/lib/python3.6/site-packages/neutron/service.py:131
2025-11-24 01:55:38.522 23 DEBUG neutron.service [req-5b22a717-1c7b-41a1-a61b-d85327278c73 - - - - -] calling wait on _wait /var/lib/kolla/venv/lib/python3.6/site-packages/neutron/service.py:131
2025-11-24 01:55:38.525 24 WARNING amqp [req-5b22a717-1c7b-41a1-a61b-d85327278c73 - - - - -] Received method (60, 30) during closing channel 1. This method will be ignored
2025-11-24 01:55:38.531 25 WARNING amqp [req-5b22a717-1c7b-41a1-a61b-d85327278c73 - - - - -] Received method (60, 30) during closing channel 1. This method will be ignored
2025-11-24 01:55:38.532 24 DEBUG neutron.service [req-5b22a717-1c7b-41a1-a61b-d85327278c73 - - - - -] calling wait on _wait /var/lib/kolla/venv/lib/python3.6/site-packages/neutron/service.py:131
2025-11-24 01:55:38.532 25 DEBUG neutron.service [req-5b22a717-1c7b-41a1-a61b-d85327278c73 - - - - -] returning from RpcWorker wait() _wait /var/lib/kolla/venv/lib/python3.6/site-packages/neutron/service.py:135
2025-11-24 01:55:38.536 24 WARNING amqp [req-5b22a717-1c7b-41a1-a61b-d85327278c73 - - - - -] Received method (60, 30) during closing channel 1. This method will be ignored
2025-11-24 01:55:38.537 24 DEBUG neutron.service [req-5b22a717-1c7b-41a1-a61b-d85327278c73 - - - - -] returning from RpcWorker wait() _wait /var/lib/kolla/venv/lib/python3.6/site-packages/neutron/service.py:135
2025-11-24 01:55:38.537 7 INFO oslo_service.service [-] Child 25 exited with status 0
2025-11-24 01:55:38.539 23 WARNING amqp [req-5b22a717-1c7b-41a1-a61b-d85327278c73 - - - - -] Received method (60, 30) during closing channel 1. This method will be ignored
2025-11-24 01:55:38.540 23 DEBUG neutron.service [req-5b22a717-1c7b-41a1-a61b-d85327278c73 - - - - -] returning from RpcWorker wait() _wait /var/lib/kolla/venv/lib/python3.6/site-packages/neutron/service.py:135
2025-11-24 01:55:38.545 7 INFO oslo_service.service [-] Child 24 exited with status 0
2025-11-24 01:55:38.545 7 INFO oslo_service.service [-] Child 23 exited with status 0
2025-11-24 01:55:38.546 7 INFO oslo_service.service [-] Wait called after thread killed. Cleaning up.
2025-11-24 01:55:38.546 7 DEBUG oslo_service.service [-] Stop services. stop /var/lib/kolla/venv/lib/python3.6/site-packages/oslo_service/service.py:695
2025-11-24 01:55:38.546 7 DEBUG oslo_service.service [-] Killing children. stop /var/lib/kolla/venv/lib/python3.6/site-packages/oslo_service/service.py:700
2025-11-24 01:55:42.534 7 INFO neutron.common.config [-] Logging enabled!
2025-11-24 01:55:42.535 7 INFO neutron.common.config [-] /var/lib/kolla/venv/bin/neutron-server version 20.5.1.dev23
2025-11-24 01:55:42.535 7 DEBUG neutron.common.config [-] command line: /var/lib/kolla/venv/bin/neutron-server --config-file /etc/neutron/neutron.conf --config-file /etc/neutron/ContrailPlugin.ini --config-file /etc/neutron/api-paste.ini setup_logging /var/lib/kolla/venv/lib/python3.6/site-packages/neutron/common/config.py:115
2025-11-24 01:55:42.538 7 INFO neutron.common.config [-] Logging enabled!
2025-11-24 01:55:42.539 7 INFO neutron.common.config [-] /var/lib/kolla/venv/bin/neutron-server version 20.5.1.dev23
2025-11-24 01:55:42.539 7 DEBUG neutron.common.config [-] command line: /var/lib/kolla/venv/bin/neutron-server --config-file /etc/neutron/neutron.conf --config-file /etc/neutron/ContrailPlugin.ini --config-file /etc/neutron/api-paste.ini setup_logging /var/lib/kolla/venv/lib/python3.6/site-packages/neutron/common/config.py:115
2025-11-24 01:55:42.539 7 DEBUG neutron.common.config [-] ******************************************************************************** log_opt_values /var/lib/kolla/venv/lib/python3.6/site-packages/oslo_config/cfg.py:2589
2025-11-24 01:55:42.539 7 DEBUG neutron.common.config [-] Configuration options gathered from: log_opt_values /var/lib/kolla/venv/lib/python3.6/site-packages/oslo_config/cfg.py:2590
2025-11-24 01:55:42.539 7 DEBUG neutron.common.config [-] command line args: ['--config-file', '/etc/neutron/neutron.conf', '--config-file', '/etc/neutron/ContrailPlugin.ini', '--config-file', '/etc/neutron/api-paste.ini'] log_opt_values /var/lib/kolla/venv/lib/python3.6/site-packages/oslo_config/cfg.py:2591
