2025-11-20 00:41:38.456 178053 DEBUG oslo_service.service [req-4129e81d-6288-448e-a603-e1f583e4def4 - - - - -] cinder.insecure = False log_opt_values /usr/lib/python3/dist-packages/oslo_config/cfg.py:2609
2025-11-20 00:41:38.456 178053 DEBUG oslo_service.service [req-4129e81d-6288-448e-a603-e1f583e4def4 - - - - -] cinder.keyfile = None log_opt_values /usr/lib/python3/dist-packages/oslo_config/cfg.py:2609
2025-11-20 00:41:38.457 178053 DEBUG oslo_service.service [req-4129e81d-6288-448e-a603-e1f583e4def4 - - - - -] cinder.os_region_name = None log_opt_values /usr/lib/python3/dist-packages/oslo_config/cfg.py:2609
2025-11-20 00:41:38.457 178053 DEBUG oslo_service.service [req-4129e81d-6288-448e-a603-e1f583e4def4 - - - - -] cinder.split_loggers = False log_opt_values /usr/lib/python3/dist-packages/oslo_config/cfg.py:2609
2025-11-20 00:41:38.457 178053 DEBUG oslo_service.service [req-4129e81d-6288-448e-a603-e1f583e4def4 - - - - -] cinder.timeout = None log_opt_values /usr/lib/python3/dist-packages/oslo_config/cfg.py:2609
2025-11-20 00:41:38.457 178053 DEBUG oslo_service.service [req-4129e81d-6288-448e-a603-e1f583e4def4 - - - - -] compute.consecutive_build_service_disable_threshold = 10 log_opt_values /usr/lib/python3/dist-packages/oslo_config/cfg.py:2609
2025-11-20 00:41:38.457 178053 DEBUG oslo_service.service [req-4129e81d-6288-448e-a603-e1f583e4def4 - - - - -] compute.cpu_dedicated_set = None log_opt_values /usr/lib/python3/dist-packages/oslo_config/cfg.py:2609
2025-11-20 00:41:38.457 178053 DEBUG oslo_service.service [req-4129e81d-6288-448e-a603-e1f583e4def4 - - - - -] compute.cpu_shared_set = None log_opt_values /usr/lib/python3/dist-packages/oslo_config/cfg.py:2609
2025-11-20 00:41:38.458 178053 DEBUG oslo_service.service [req-4129e81d-6288-448e-a603-e1f583e4def4 - - - - -] compute.image_type_exclude_list = [] log_opt_values /usr/lib/python3/dist-packages/oslo_config/cfg.py:2609
2025-11-20 00:41:38.458 178053 DEBUG oslo_service.service [req-4129e81d-6288-448e-a603-e1f583e4def4 - - - - -] compute.live_migration_wait_for_vif_plug = True log_opt_values /usr/lib/python3/dist-packages/oslo_config/cfg.py:2609
2025-11-20 00:41:38.458 178053 DEBUG oslo_service.service [req-4129e81d-6288-448e-a603-e1f583e4def4 - - - - -] compute.max_concurrent_disk_ops = 0 log_opt_values /usr/lib/python3/dist-packages/oslo_config/cfg.py:2609
2025-11-20 00:41:38.458 178053 DEBUG oslo_service.service [req-4129e81d-6288-448e-a603-e1f583e4def4 - - - - -] compute.max_disk_devices_to_attach = -1 log_opt_values /usr/lib/python3/dist-packages/oslo_config/cfg.py:2609
2025-11-20 00:41:38.458 178053 DEBUG oslo_service.service [req-4129e81d-6288-448e-a603-e1f583e4def4 - - - - -] compute.packing_host_numa_cells_allocation_strategy = True log_opt_values /usr/lib/python3/dist-packages/oslo_config/cfg.py:2609
2025-11-20 00:41:38.458 178053 DEBUG oslo_service.service [req-4129e81d-6288-448e-a603-e1f583e4def4 - - - - -] compute.provider_config_location = /etc/nova/provider_config/ log_opt_values /usr/lib/python3/dist-packages/oslo_config/cfg.py:2609
2025-11-20 00:41:38.459 178053 DEBUG oslo_service.service [req-4129e81d-6288-448e-a603-e1f583e4def4 - - - - -] compute.resource_provider_association_refresh = 300 log_opt_values /usr/lib/python3/dist-packages/oslo_config/cfg.py:2609
2025-11-20 00:41:38.460 178053 DEBUG oslo_service.service [req-4129e81d-6288-448e-a603-e1f583e4def4 - - - - -] compute.shutdown_retry_interval = 10 log_opt_values /usr/lib/python3/dist-packages/oslo_config/cfg.py:2609
2025-11-20 00:41:38.461 178053 DEBUG oslo_service.service [req-4129e81d-6288-448e-a603-e1f583e4def4 - - - - -] compute.vmdk_allowed_types = ['streamOptimized', 'monolithicSparse'] log_opt_values /usr/lib/python3/dist-packages/oslo_config/cfg.py:2609
2025-11-20 00:41:38.461 178456 DEBUG oslo_messaging._drivers.amqpdriver [-] Listener is running poll /usr/lib/python3/dist-packages/oslo_messaging/_drivers/amqpdriver.py:343
2025-11-20 00:41:38.461 178053 DEBUG oslo_service.service [req-4129e81d-6288-448e-a603-e1f583e4def4 - - - - -] conductor.workers = 4 log_opt_values /usr/lib/python3/dist-packages/oslo_config/cfg.py:2609
2025-11-20 00:41:38.461 178456 DEBUG oslo_messaging._drivers.amqpdriver [-] AMQPListener connection consume poll /usr/lib/python3/dist-packages/oslo_messaging/_drivers/amqpdriver.py:357
2025-11-20 00:41:38.461 178053 DEBUG oslo_service.service [req-4129e81d-6288-448e-a603-e1f583e4def4 - - - - -] console.allowed_origins = [] log_opt_values /usr/lib/python3/dist-packages/oslo_config/cfg.py:2609
2025-11-20 00:41:38.461 178053 DEBUG oslo_service.service [req-4129e81d-6288-448e-a603-e1f583e4def4 - - - - -] console.ssl_ciphers = None log_opt_values /usr/lib/python3/dist-packages/oslo_config/cfg.py:2609
2025-11-20 00:41:38.462 178053 DEBUG oslo_service.service [req-4129e81d-6288-448e-a603-e1f583e4def4 - - - - -] console.ssl_minimum_version = default log_opt_values /usr/lib/python3/dist-packages/oslo_config/cfg.py:2609
2025-11-20 00:41:38.462 178053 DEBUG oslo_service.service [req-4129e81d-6288-448e-a603-e1f583e4def4 - - - - -] consoleauth.token_ttl = 600 log_opt_values /usr/lib/python3/dist-packages/oslo_config/cfg.py:2609
2025-11-20 00:41:38.462 178456 DEBUG nova.service [req-2a79d7e5-60a2-4fff-ab3a-2c796a34e4bd - - - - -] Join ServiceGroup membership for this service scheduler start /usr/lib/python3/dist-packages/nova/service.py:199
2025-11-20 00:41:38.462 178053 DEBUG oslo_service.service [req-4129e81d-6288-448e-a603-e1f583e4def4 - - - - -] cyborg.cafile = None log_opt_values /usr/lib/python3/dist-packages/oslo_config/cfg.py:2609
2025-11-20 00:41:38.462 178053 DEBUG oslo_service.service [req-4129e81d-6288-448e-a603-e1f583e4def4 - - - - -] cyborg.certfile = None log_opt_values /usr/lib/python3/dist-packages/oslo_config/cfg.py:2609
2025-11-20 00:41:38.462 178456 DEBUG nova.servicegroup.drivers.db [req-2a79d7e5-60a2-4fff-ab3a-2c796a34e4bd - - - - -] DB_Driver: join new ServiceGroup member juju-d64615-0-lxd-7 to the scheduler group, service = join /usr/lib/python3/dist-packages/nova/servicegroup/drivers/db.py:44
2025-11-20 00:41:38.462 178053 DEBUG oslo_service.service [req-4129e81d-6288-448e-a603-e1f583e4def4 - - - - -] cyborg.collect_timing = False log_opt_values /usr/lib/python3/dist-packages/oslo_config/cfg.py:2609
2025-11-20 00:41:38.463 178053 DEBUG oslo_service.service [req-4129e81d-6288-448e-a603-e1f583e4def4 - - - - -] cyborg.connect_retries = None log_opt_values /usr/lib/python3/dist-packages/oslo_config/cfg.py:2609
2025-11-20 00:41:38.463 178053 DEBUG oslo_service.service [req-4129e81d-6288-448e-a603-e1f583e4def4 - - - - -] cyborg.connect_retry_delay = None log_opt_values /usr/lib/python3/dist-packages/oslo_config/cfg.py:2609
2025-11-20 00:41:38.463 178053 DEBUG oslo_service.service [req-4129e81d-6288-448e-a603-e1f583e4def4 - - - - -] cyborg.endpoint_override = None log_opt_values /usr/lib/python3/dist-packages/oslo_config/cfg.py:2609
2025-11-20 00:41:38.464 178053 DEBUG oslo_service.service [req-4129e81d-6288-448e-a603-e1f583e4def4 - - - - -] cyborg.insecure = False log_opt_values /usr/lib/python3/dist-packages/oslo_config/cfg.py:2609
2025-11-20 00:41:38.464 178053 DEBUG oslo_service.service [req-4129e81d-6288-448e-a603-e1f583e4def4 - - - - -] cyborg.keyfile = None log_opt_values /usr/lib/python3/dist-packages/oslo_config/cfg.py:2609
2025-11-20 00:41:38.464 178053 DEBUG oslo_service.service [req-4129e81d-6288-448e-a603-e1f583e4def4 - - - - -] cyborg.max_version = None log_opt_values /usr/lib/python3/dist-packages/oslo_config/cfg.py:2609
2025-11-20 00:41:38.465 178053 DEBUG oslo_service.service [req-4129e81d-6288-448e-a603-e1f583e4def4 - - - - -] cyborg.min_version = None log_opt_values /usr/lib/python3/dist-packages/oslo_config/cfg.py:2609
2025-11-20 00:41:38.465 178053 DEBUG oslo_service.service [req-4129e81d-6288-448e-a603-e1f583e4def4 - - - - -] cyborg.region_name = None log_opt_values /usr/lib/python3/dist-packages/oslo_config/cfg.py:2609
2025-11-20 00:41:38.465 178053 DEBUG oslo_service.service [req-4129e81d-6288-448e-a603-e1f583e4def4 - - - - -] cyborg.service_name = None log_opt_values /usr/lib/python3/dist-packages/oslo_config/cfg.py:2609
2025-11-20 00:41:38.465 178053 DEBUG oslo_service.service [req-4129e81d-6288-448e-a603-e1f583e4def4 - - - - -] cyborg.service_type = accelerator log_opt_values /usr/lib/python3/dist-packages/oslo_config/cfg.py:2609
2025-11-20 00:41:38.465 178456 DEBUG oslo_messaging._drivers.amqpdriver [-] AMQPListener connection timeout poll /usr/lib/python3/dist-packages/oslo_messaging/_drivers/amqpdriver.py:360
2025-11-20 00:41:38.465 178053 DEBUG oslo_service.service [req-4129e81d-6288-448e-a603-e1f583e4def4 - - - - -] cyborg.split_loggers = False log_opt_values /usr/lib/python3/dist-packages/oslo_config/cfg.py:2609
2025-11-20 00:41:38.465 178456 DEBUG oslo_messaging._drivers.amqpdriver [-] Listener is running poll /usr/lib/python3/dist-packages/oslo_messaging/_drivers/amqpdriver.py:343
2025-11-20 00:41:38.465 178053 DEBUG oslo_service.service [req-4129e81d-6288-448e-a603-e1f583e4def4 - - - - -] cyborg.status_code_retries = None log_opt_values /usr/lib/python3/dist-packages/oslo_config/cfg.py:2609
2025-11-20 00:41:38.466 178456 DEBUG oslo_messaging._drivers.amqpdriver [-] AMQPListener connection consume poll /usr/lib/python3/dist-packages/oslo_messaging/_drivers/amqpdriver.py:357
2025-11-20 00:41:38.466 178053 DEBUG oslo_service.service [req-4129e81d-6288-448e-a603-e1f583e4def4 - - - - -] cyborg.status_code_retry_delay = None log_opt_values /usr/lib/python3/dist-packages/oslo_config/cfg.py:2609
2025-11-20 00:41:38.466 178053 DEBUG oslo_service.service [req-4129e81d-6288-448e-a603-e1f583e4def4 - - - - -] cyborg.timeout = None log_opt_values /usr/lib/python3/dist-packages/oslo_config/cfg.py:2609
2025-11-20 00:41:38.466 178053 DEBUG oslo_service.service [req-4129e81d-6288-448e-a603-e1f583e4def4 - - - - -] cyborg.valid_interfaces = ['internal', 'public'] log_opt_values /usr/lib/python3/dist-packages/oslo_config/cfg.py:2609
2025-11-20 00:41:38.466 178053 DEBUG oslo_service.service [req-4129e81d-6288-448e-a603-e1f583e4def4 - - - - -] cyborg.version = None log_opt_values /usr/lib/python3/dist-packages/oslo_config/cfg.py:2609
2025-11-20 00:41:38.466 178053 DEBUG oslo_service.service [req-4129e81d-6288-448e-a603-e1f583e4def4 - - - - -] database.backend = sqlalchemy log_opt_values /usr/lib/python3/dist-packages/oslo_config/cfg.py:2609
2025-11-20 00:41:38.467 178053 DEBUG oslo_service.service [req-4129e81d-6288-448e-a603-e1f583e4def4 - - - - -] database.connection = **** log_opt_values /usr/lib/python3/dist-packages/oslo_config/cfg.py:2609
2025-11-20 00:41:38.467 178053 DEBUG oslo_service.service [req-4129e81d-6288-448e-a603-e1f583e4def4 - - - - -] database.connection_debug = 0 log_opt_values /usr/lib/python3/dist-packages/oslo_config/cfg.py:2609
2025-11-20 00:41:38.468 178053 DEBUG oslo_service.service [req-4129e81d-6288-448e-a603-e1f583e4def4 - - - - -] database.connection_parameters = log_opt_values /usr/lib/python3/dist-packages/oslo_config/cfg.py:2609
2025-11-20 00:41:38.469 178053 DEBUG oslo_service.service [req-4129e81d-6288-448e-a603-e1f583e4def4 - - - - -] database.connection_recycle_time = 3600 log_opt_values /usr/lib/python3/dist-packages/oslo_config/cfg.py:2609
2025-11-20 00:41:38.469 178053 DEBUG oslo_service.service [req-4129e81d-6288-448e-a603-e1f583e4def4 - - - - -] database.connection_trace = False log_opt_values /usr/lib/python3/dist-packages/oslo_config/cfg.py:2609
2025-11-20 00:41:38.469 178053 DEBUG oslo_service.service [req-4129e81d-6288-448e-a603-e1f583e4def4 - - - - -] database.db_inc_retry_interval = True log_opt_values /usr/lib/python3/dist-packages/oslo_config/cfg.py:2609
2025-11-20 00:41:38.469 178053 DEBUG oslo_service.service [req-4129e81d-6288-448e-a603-e1f583e4def4 - - - - -] database.db_max_retries = 20 log_opt_values /usr/lib/python3/dist-packages/oslo_config/cfg.py:2609
2025-11-20 00:41:38.470 178053 DEBUG oslo_service.service [req-4129e81d-6288-448e-a603-e1f583e4def4 - - - - -] database.db_max_retry_interval = 10 log_opt_values /usr/lib/python3/dist-packages/oslo_config/cfg.py:2609
2025-11-20 00:41:38.470 178053 DEBUG oslo_service.service [req-4129e81d-6288-448e-a603-e1f583e4def4 - - - - -] database.db_retry_interval = 1 log_opt_values /usr/lib/python3/dist-packages/oslo_config/cfg.py:2609
2025-11-20 00:41:38.470 178053 DEBUG oslo_service.service [req-4129e81d-6288-448e-a603-e1f583e4def4 - - - - -] database.max_overflow = 50 log_opt_values /usr/lib/python3/dist-packages/oslo_config/cfg.py:2609
2025-11-20 00:41:38.470 178053 DEBUG oslo_service.service [req-4129e81d-6288-448e-a603-e1f583e4def4 - - - - -] database.max_pool_size = 4 log_opt_values /usr/lib/python3/dist-packages/oslo_config/cfg.py:2609
2025-11-20 00:41:38.471 178464 DEBUG oslo_db.sqlalchemy.engines [req-a2d0796b-b76d-4b8b-a282-7f24e3a9bf2f - - - - -] MySQL server mode set to STRICT_TRANS_TABLES,STRICT_ALL_TABLES,NO_ZERO_IN_DATE,NO_ZERO_DATE,ERROR_FOR_DIVISION_BY_ZERO,TRADITIONAL,NO_ENGINE_SUBSTITUTION _check_effective_sql_mode /usr/lib/python3/dist-packages/oslo_db/sqlalchemy/engines.py:314
2025-11-20 00:41:38.472 178053 DEBUG oslo_service.service [req-4129e81d-6288-448e-a603-e1f583e4def4 - - - - -] database.max_retries = 10 log_opt_values /usr/lib/python3/dist-packages/oslo_config/cfg.py:2609
2025-11-20 00:41:38.472 178053 DEBUG oslo_service.service [req-4129e81d-6288-448e-a603-e1f583e4def4 - - - - -] database.mysql_enable_ndb = False log_opt_values /usr/lib/python3/dist-packages/oslo_config/cfg.py:2609
2025-11-20 00:41:38.472 178053 DEBUG oslo_service.service [req-4129e81d-6288-448e-a603-e1f583e4def4 - - - - -] database.mysql_sql_mode = TRADITIONAL log_opt_values /usr/lib/python3/dist-packages/oslo_config/cfg.py:2609
2025-11-20 00:41:38.472 178053 DEBUG oslo_service.service [req-4129e81d-6288-448e-a603-e1f583e4def4 - - - - -] database.pool_timeout = None log_opt_values /usr/lib/python3/dist-packages/oslo_config/cfg.py:2609
2025-11-20 00:41:38.472 178053 DEBUG oslo_service.service [req-4129e81d-6288-448e-a603-e1f583e4def4 - - - - -] database.retry_interval = 10 log_opt_values /usr/lib/python3/dist-packages/oslo_config/cfg.py:2609
2025-11-20 00:41:38.473 178053 DEBUG oslo_service.service [req-4129e81d-6288-448e-a603-e1f583e4def4 - - - - -] database.slave_connection = **** log_opt_values /usr/lib/python3/dist-packages/oslo_config/cfg.py:2609
2025-11-20 00:41:38.473 178053 DEBUG oslo_service.service [req-4129e81d-6288-448e-a603-e1f583e4def4 - - - - -] database.sqlite_synchronous = True log_opt_values /usr/lib/python3/dist-packages/oslo_config/cfg.py:2609
2025-11-20 00:41:38.473 178053 DEBUG oslo_service.service [req-4129e81d-6288-448e-a603-e1f583e4def4 - - - - -] database.use_db_reconnect = False log_opt_values /usr/lib/python3/dist-packages/oslo_config/cfg.py:2609
2025-11-20 00:41:38.473 178053 DEBUG oslo_service.service [req-4129e81d-6288-448e-a603-e1f583e4def4 - - - - -] api_database.backend = sqlalchemy log_opt_values /usr/lib/python3/dist-packages/oslo_config/cfg.py:2609
2025-11-20 00:41:38.473 178053 DEBUG oslo_service.service [req-4129e81d-6288-448e-a603-e1f583e4def4 - - - - -] api_database.connection = **** log_opt_values /usr/lib/python3/dist-packages/oslo_config/cfg.py:2609
2025-11-20 00:41:38.474 178053 DEBUG oslo_service.service [req-4129e81d-6288-448e-a603-e1f583e4def4 - - - - -] api_database.connection_debug = 0 log_opt_values /usr/lib/python3/dist-packages/oslo_config/cfg.py:2609
2025-11-20 00:41:38.474 178053 DEBUG oslo_service.service [req-4129e81d-6288-448e-a603-e1f583e4def4 - - - - -] api_database.connection_parameters = log_opt_values /usr/lib/python3/dist-packages/oslo_config/cfg.py:2609
2025-11-20 00:41:38.475 178053 DEBUG oslo_service.service [req-4129e81d-6288-448e-a603-e1f583e4def4 - - - - -] api_database.connection_recycle_time = 3600 log_opt_values /usr/lib/python3/dist-packages/oslo_config/cfg.py:2609
2025-11-20 00:41:38.475 178053 DEBUG oslo_service.service [req-4129e81d-6288-448e-a603-e1f583e4def4 - - - - -] api_database.connection_trace = False log_opt_values /usr/lib/python3/dist-packages/oslo_config/cfg.py:2609
2025-11-20 00:41:38.475 178053 DEBUG oslo_service.service [req-4129e81d-6288-448e-a603-e1f583e4def4 - - - - -] api_database.db_inc_retry_interval = True log_opt_values /usr/lib/python3/dist-packages/oslo_config/cfg.py:2609
2025-11-20 00:41:38.476 178053 DEBUG oslo_service.service [req-4129e81d-6288-448e-a603-e1f583e4def4 - - - - -] api_database.db_max_retries = 20 log_opt_values /usr/lib/python3/dist-packages/oslo_config/cfg.py:2609
2025-11-20 00:41:38.476 178053 DEBUG oslo_service.service [req-4129e81d-6288-448e-a603-e1f583e4def4 - - - - -] api_database.db_max_retry_interval = 10 log_opt_values /usr/lib/python3/dist-packages/oslo_config/cfg.py:2609
2025-11-20 00:41:38.476 178053 DEBUG oslo_service.service [req-4129e81d-6288-448e-a603-e1f583e4def4 - - - - -] api_database.db_retry_interval = 1 log_opt_values /usr/lib/python3/dist-packages/oslo_config/cfg.py:2609
2025-11-20 00:41:38.476 178457 DEBUG oslo_messaging._drivers.amqpdriver [-] Listener is running poll /usr/lib/python3/dist-packages/oslo_messaging/_drivers/amqpdriver.py:343
2025-11-20 00:41:38.476 178053 DEBUG oslo_service.service [req-4129e81d-6288-448e-a603-e1f583e4def4 - - - - -] api_database.max_overflow = 50 log_opt_values /usr/lib/python3/dist-packages/oslo_config/cfg.py:2609
2025-11-20 00:41:38.476 178457 DEBUG oslo_messaging._drivers.amqpdriver [-] AMQPListener connection consume poll /usr/lib/python3/dist-packages/oslo_messaging/_drivers/amqpdriver.py:357
2025-11-20 00:41:38.476 178053 DEBUG oslo_service.service [req-4129e81d-6288-448e-a603-e1f583e4def4 - - - - -] api_database.max_pool_size = 4 log_opt_values /usr/lib/python3/dist-packages/oslo_config/cfg.py:2609
2025-11-20 00:41:38.477 178053 DEBUG oslo_service.service [req-4129e81d-6288-448e-a603-e1f583e4def4 - - - - -] api_database.max_retries = 10 log_opt_values /usr/lib/python3/dist-packages/oslo_config/cfg.py:2609
2025-11-20 00:41:38.477 178053 DEBUG oslo_service.service [req-4129e81d-6288-448e-a603-e1f583e4def4 - - - - -] api_database.mysql_enable_ndb = False log_opt_values /usr/lib/python3/dist-packages/oslo_config/cfg.py:2609
2025-11-20 00:41:38.477 178053 DEBUG oslo_service.service [req-4129e81d-6288-448e-a603-e1f583e4def4 - - - - -] api_database.mysql_sql_mode = TRADITIONAL log_opt_values /usr/lib/python3/dist-packages/oslo_config/cfg.py:2609
2025-11-20 00:41:38.477 178053 DEBUG oslo_service.service [req-4129e81d-6288-448e-a603-e1f583e4def4 - - - - -] api_database.pool_timeout = None log_opt_values /usr/lib/python3/dist-packages/oslo_config/cfg.py:2609
2025-11-20 00:41:38.477 178053 DEBUG oslo_service.service [req-4129e81d-6288-448e-a603-e1f583e4def4 - - - - -] api_database.retry_interval = 10 log_opt_values /usr/lib/python3/dist-packages/oslo_config/cfg.py:2609
2025-11-20 00:41:38.478 178053 DEBUG oslo_service.service [req-4129e81d-6288-448e-a603-e1f583e4def4 - - - - -] api_database.slave_connection = **** log_opt_values /usr/lib/python3/dist-packages/oslo_config/cfg.py:2609
2025-11-20 00:41:38.478 178053 DEBUG oslo_service.service [req-4129e81d-6288-448e-a603-e1f583e4def4 - - - - -] api_database.sqlite_synchronous = True log_opt_values /usr/lib/python3/dist-packages/oslo_config/cfg.py:2609
2025-11-20 00:41:38.478 178457 DEBUG nova.service [req-0f11b90a-4ad5-4507-8782-adcd42b2e20f - - - - -] Join ServiceGroup membership for this service scheduler start /usr/lib/python3/dist-packages/nova/service.py:199
2025-11-20 00:41:38.479 178053 DEBUG oslo_service.service [req-4129e81d-6288-448e-a603-e1f583e4def4 - - - - -] devices.enabled_mdev_types = [] log_opt_values /usr/lib/python3/dist-packages/oslo_config/cfg.py:2609
2025-11-20 00:41:38.479 178457 DEBUG nova.servicegroup.drivers.db [req-0f11b90a-4ad5-4507-8782-adcd42b2e20f - - - - -] DB_Driver: join new ServiceGroup member juju-d64615-0-lxd-7 to the scheduler group, service = join /usr/lib/python3/dist-packages/nova/servicegroup/drivers/db.py:44
2025-11-20 00:41:38.479 178053 DEBUG oslo_service.service [req-4129e81d-6288-448e-a603-e1f583e4def4 - - - - -] ephemeral_storage_encryption.cipher = aes-xts-plain64 log_opt_values /usr/lib/python3/dist-packages/oslo_config/cfg.py:2609
2025-11-20 00:41:38.479 178053 DEBUG oslo_service.service [req-4129e81d-6288-448e-a603-e1f583e4def4 - - - - -] ephemeral_storage_encryption.enabled = False log_opt_values /usr/lib/python3/dist-packages/oslo_config/cfg.py:2609
2025-11-20 00:41:38.480 178053 DEBUG oslo_service.service [req-4129e81d-6288-448e-a603-e1f583e4def4 - - - - -] ephemeral_storage_encryption.key_size = 512 log_opt_values /usr/lib/python3/dist-packages/oslo_config/cfg.py:2609
2025-11-20 00:41:38.480 178457 DEBUG oslo_messaging._drivers.amqpdriver [-] AMQPListener connection timeout poll /usr/lib/python3/dist-packages/oslo_messaging/_drivers/amqpdriver.py:360
2025-11-20 00:41:38.480 178457 DEBUG oslo_messaging._drivers.amqpdriver [-] Listener is running poll /usr/lib/python3/dist-packages/oslo_messaging/_drivers/amqpdriver.py:343
2025-11-20 00:41:38.480 178053 WARNING oslo_config.cfg [req-4129e81d-6288-448e-a603-e1f583e4def4 - - - - -] Deprecated: Option "api_servers" from group "glance" is deprecated for removal ( Support for image service configuration via standard keystoneauth1 Adapter options was added in the 17.0.0 Queens release. The api_servers option was retained temporarily to allow consumers time to cut over to a real load balancing solution. ). Its value may be silently ignored in the future.
2025-11-20 00:41:38.480 178457 DEBUG oslo_messaging._drivers.amqpdriver [-] AMQPListener connection consume poll /usr/lib/python3/dist-packages/oslo_messaging/_drivers/amqpdriver.py:357
2025-11-20 00:41:38.480 178053 DEBUG oslo_service.service [req-4129e81d-6288-448e-a603-e1f583e4def4 - - - - -] glance.api_servers = ['http://252.131.128.94:9292'] log_opt_values /usr/lib/python3/dist-packages/oslo_config/cfg.py:2609
2025-11-20 00:41:38.481 178053 DEBUG oslo_service.service [req-4129e81d-6288-448e-a603-e1f583e4def4 - - - - -] glance.cafile = None log_opt_values /usr/lib/python3/dist-packages/oslo_config/cfg.py:2609
2025-11-20 00:41:38.482 178053 DEBUG oslo_service.service [req-4129e81d-6288-448e-a603-e1f583e4def4 - - - - -] glance.certfile = None log_opt_values /usr/lib/python3/dist-packages/oslo_config/cfg.py:2609
2025-11-20 00:41:38.482 178053 DEBUG oslo_service.service [req-4129e81d-6288-448e-a603-e1f583e4def4 - - - - -] glance.collect_timing = False log_opt_values /usr/lib/python3/dist-packages/oslo_config/cfg.py:2609
2025-11-20 00:41:38.482 178053 DEBUG oslo_service.service [req-4129e81d-6288-448e-a603-e1f583e4def4 - - - - -] glance.connect_retries = None log_opt_values /usr/lib/python3/dist-packages/oslo_config/cfg.py:2609
2025-11-20 00:41:38.482 178053 DEBUG oslo_service.service [req-4129e81d-6288-448e-a603-e1f583e4def4 - - - - -] glance.connect_retry_delay = None log_opt_values /usr/lib/python3/dist-packages/oslo_config/cfg.py:2609
2025-11-20 00:41:38.483 178053 DEBUG oslo_service.service [req-4129e81d-6288-448e-a603-e1f583e4def4 - - - - -] glance.debug = False log_opt_values /usr/lib/python3/dist-packages/oslo_config/cfg.py:2609
2025-11-20 00:41:38.484 178053 DEBUG oslo_service.service [req-4129e81d-6288-448e-a603-e1f583e4def4 - - - - -] glance.default_trusted_certificate_ids = [] log_opt_values /usr/lib/python3/dist-packages/oslo_config/cfg.py:2609
2025-11-20 00:41:38.484 178053 DEBUG oslo_service.service [req-4129e81d-6288-448e-a603-e1f583e4def4 - - - - -] glance.enable_certificate_validation = False log_opt_values /usr/lib/python3/dist-packages/oslo_config/cfg.py:2609
2025-11-20 00:41:38.484 178053 DEBUG oslo_service.service [req-4129e81d-6288-448e-a603-e1f583e4def4 - - - - -] glance.enable_rbd_download = False log_opt_values /usr/lib/python3/dist-packages/oslo_config/cfg.py:2609
2025-11-20 00:41:38.484 178053 DEBUG oslo_service.service [req-4129e81d-6288-448e-a603-e1f583e4def4 - - - - -] glance.endpoint_override = None log_opt_values /usr/lib/python3/dist-packages/oslo_config/cfg.py:2609
2025-11-20 00:41:38.484 178053 DEBUG oslo_service.service [req-4129e81d-6288-448e-a603-e1f583e4def4 - - - - -] glance.insecure = False log_opt_values /usr/lib/python3/dist-packages/oslo_config/cfg.py:2609
2025-11-20 00:41:38.485 178053 DEBUG oslo_service.service [req-4129e81d-6288-448e-a603-e1f583e4def4 - - - - -] glance.keyfile = None log_opt_values /usr/lib/python3/dist-packages/oslo_config/cfg.py:2609
2025-11-20 00:41:38.485 178053 DEBUG oslo_service.service [req-4129e81d-6288-448e-a603-e1f583e4def4 - - - - -] glance.max_version = None log_opt_values /usr/lib/python3/dist-packages/oslo_config/cfg.py:2609
2025-11-20 00:41:38.485 178053 DEBUG oslo_service.service [req-4129e81d-6288-448e-a603-e1f583e4def4 - - - - -] glance.min_version = None log_opt_values /usr/lib/python3/dist-packages/oslo_config/cfg.py:2609
2025-11-20 00:41:38.485 178053 DEBUG oslo_service.service [req-4129e81d-6288-448e-a603-e1f583e4def4 - - - - -] glance.num_retries = 3 log_opt_values /usr/lib/python3/dist-packages/oslo_config/cfg.py:2609
2025-11-20 00:41:38.485 178053 DEBUG oslo_service.service [req-4129e81d-6288-448e-a603-e1f583e4def4 - - - - -] glance.rbd_ceph_conf = log_opt_values /usr/lib/python3/dist-packages/oslo_config/cfg.py:2609
2025-11-20 00:41:38.487 178053 DEBUG oslo_service.service [req-4129e81d-6288-448e-a603-e1f583e4def4 - - - - -] glance.rbd_connect_timeout = 5 log_opt_values /usr/lib/python3/dist-packages/oslo_config/cfg.py:2609
2025-11-20 00:41:38.487 178053 DEBUG oslo_service.service [req-4129e81d-6288-448e-a603-e1f583e4def4 - - - - -] glance.rbd_pool = log_opt_values /usr/lib/python3/dist-packages/oslo_config/cfg.py:2609
2025-11-20 00:41:38.488 178053 DEBUG oslo_service.service [req-4129e81d-6288-448e-a603-e1f583e4def4 - - - - -] glance.rbd_user = log_opt_values /usr/lib/python3/dist-packages/oslo_config/cfg.py:2609
2025-11-20 00:41:38.488 178053 DEBUG oslo_service.service [req-4129e81d-6288-448e-a603-e1f583e4def4 - - - - -] glance.region_name = None log_opt_values /usr/lib/python3/dist-packages/oslo_config/cfg.py:2609
2025-11-20 00:41:38.488 178053 DEBUG oslo_service.service [req-4129e81d-6288-448e-a603-e1f583e4def4 - - - - -] glance.service_name = None log_opt_values /usr/lib/python3/dist-packages/oslo_config/cfg.py:2609
2025-11-20 00:41:38.488 178053 DEBUG oslo_service.service [req-4129e81d-6288-448e-a603-e1f583e4def4 - - - - -] glance.service_type = image log_opt_values /usr/lib/python3/dist-packages/oslo_config/cfg.py:2609
2025-11-20 00:41:38.488 178053 DEBUG oslo_service.service [req-4129e81d-6288-448e-a603-e1f583e4def4 - - - - -] glance.split_loggers = False log_opt_values /usr/lib/python3/dist-packages/oslo_config/cfg.py:2609
2025-11-20 00:41:38.489 178053 DEBUG oslo_service.service [req-4129e81d-6288-448e-a603-e1f583e4def4 - - - - -] glance.status_code_retries = None log_opt_values /usr/lib/python3/dist-packages/oslo_config/cfg.py:2609
2025-11-20 00:41:38.488 178463 DEBUG oslo_messaging._drivers.amqpdriver [-] Listener is running poll /usr/lib/python3/dist-packages/oslo_messaging/_drivers/amqpdriver.py:343
2025-11-20 00:41:38.489 178053 DEBUG oslo_service.service [req-4129e81d-6288-448e-a603-e1f583e4def4 - - - - -] glance.status_code_retry_delay = None log_opt_values /usr/lib/python3/dist-packages/oslo_config/cfg.py:2609
2025-11-20 00:41:38.489 178463 DEBUG oslo_messaging._drivers.amqpdriver [-] AMQPListener connection consume poll /usr/lib/python3/dist-packages/oslo_messaging/_drivers/amqpdriver.py:357
2025-11-20 00:41:38.489 178053 DEBUG oslo_service.service [req-4129e81d-6288-448e-a603-e1f583e4def4 - - - - -] glance.timeout = None log_opt_values /usr/lib/python3/dist-packages/oslo_config/cfg.py:2609
2025-11-20 00:41:38.489 178053 DEBUG oslo_service.service [req-4129e81d-6288-448e-a603-e1f583e4def4 - - - - -] glance.valid_interfaces = ['internal', 'public'] log_opt_values /usr/lib/python3/dist-packages/oslo_config/cfg.py:2609
2025-11-20 00:41:38.489 178053 DEBUG oslo_service.service [req-4129e81d-6288-448e-a603-e1f583e4def4 - - - - -] glance.verify_glance_signatures = False log_opt_values /usr/lib/python3/dist-packages/oslo_config/cfg.py:2609
2025-11-20 00:41:38.489 178053 DEBUG oslo_service.service [req-4129e81d-6288-448e-a603-e1f583e4def4 - - - - -] glance.version = None log_opt_values /usr/lib/python3/dist-packages/oslo_config/cfg.py:2609
2025-11-20 00:41:38.490 178053 DEBUG oslo_service.service [req-4129e81d-6288-448e-a603-e1f583e4def4 - - - - -] guestfs.debug = False log_opt_values /usr/lib/python3/dist-packages/oslo_config/cfg.py:2609
2025-11-20 00:41:38.490 178053 DEBUG oslo_service.service [req-4129e81d-6288-448e-a603-e1f583e4def4 - - - - -] hyperv.config_drive_cdrom = False log_opt_values /usr/lib/python3/dist-packages/oslo_config/cfg.py:2609
2025-11-20 00:41:38.490 178053 DEBUG oslo_service.service [req-4129e81d-6288-448e-a603-e1f583e4def4 - - - - -] hyperv.config_drive_inject_password = False log_opt_values /usr/lib/python3/dist-packages/oslo_config/cfg.py:2609
2025-11-20 00:41:38.490 178464 DEBUG nova.service [req-a2d0796b-b76d-4b8b-a282-7f24e3a9bf2f - - - - -] Creating RPC server for service scheduler start /usr/lib/python3/dist-packages/nova/service.py:182
2025-11-20 00:41:38.490 178463 DEBUG nova.service [req-676b0cf4-525a-441b-a005-d673ba3b1087 - - - - -] Join ServiceGroup membership for this service scheduler start /usr/lib/python3/dist-packages/nova/service.py:199
2025-11-20 00:41:38.490 178053 DEBUG oslo_service.service [req-4129e81d-6288-448e-a603-e1f583e4def4 - - - - -] hyperv.dynamic_memory_ratio = 1.0 log_opt_values /usr/lib/python3/dist-packages/oslo_config/cfg.py:2609
2025-11-20 00:41:38.491 178053 DEBUG oslo_service.service [req-4129e81d-6288-448e-a603-e1f583e4def4 - - - - -] hyperv.enable_instance_metrics_collection = False log_opt_values /usr/lib/python3/dist-packages/oslo_config/cfg.py:2609
2025-11-20 00:41:38.491 178463 DEBUG nova.servicegroup.drivers.db [req-676b0cf4-525a-441b-a005-d673ba3b1087 - - - - -] DB_Driver: join new ServiceGroup member juju-d64615-0-lxd-7 to the scheduler group, service = join /usr/lib/python3/dist-packages/nova/servicegroup/drivers/db.py:44
2025-11-20 00:41:38.491 178053 DEBUG oslo_service.service [req-4129e81d-6288-448e-a603-e1f583e4def4 - - - - -] hyperv.enable_remotefx = False log_opt_values /usr/lib/python3/dist-packages/oslo_config/cfg.py:2609
2025-11-20 00:41:38.491 178053 DEBUG oslo_service.service [req-4129e81d-6288-448e-a603-e1f583e4def4 - - - - -] hyperv.instances_path_share = log_opt_values /usr/lib/python3/dist-packages/oslo_config/cfg.py:2609
2025-11-20 00:41:38.491 178053 DEBUG oslo_service.service [req-4129e81d-6288-448e-a603-e1f583e4def4 - - - - -] hyperv.iscsi_initiator_list = [] log_opt_values /usr/lib/python3/dist-packages/oslo_config/cfg.py:2609
2025-11-20 00:41:38.491 178463 DEBUG oslo_messaging._drivers.amqpdriver [-] AMQPListener connection timeout poll /usr/lib/python3/dist-packages/oslo_messaging/_drivers/amqpdriver.py:360
2025-11-20 00:41:38.492 178463 DEBUG oslo_messaging._drivers.amqpdriver [-] Listener is running poll /usr/lib/python3/dist-packages/oslo_messaging/_drivers/amqpdriver.py:343
2025-11-20 00:41:38.492 178463 DEBUG oslo_messaging._drivers.amqpdriver [-] AMQPListener connection consume poll /usr/lib/python3/dist-packages/oslo_messaging/_drivers/amqpdriver.py:357
2025-11-20 00:41:38.491 178053 DEBUG oslo_service.service [req-4129e81d-6288-448e-a603-e1f583e4def4 - - - - -] hyperv.limit_cpu_features = False log_opt_values /usr/lib/python3/dist-packages/oslo_config/cfg.py:2609
2025-11-20 00:41:38.492 178053 DEBUG oslo_service.service [req-4129e81d-6288-448e-a603-e1f583e4def4 - - - - -] hyperv.mounted_disk_query_retry_count = 10 log_opt_values /usr/lib/python3/dist-packages/oslo_config/cfg.py:2609
2025-11-20 00:41:38.493 178053 DEBUG oslo_service.service [req-4129e81d-6288-448e-a603-e1f583e4def4 - - - - -] hyperv.mounted_disk_query_retry_interval = 5 log_opt_values /usr/lib/python3/dist-packages/oslo_config/cfg.py:2609
2025-11-20 00:41:38.493 178053 DEBUG oslo_service.service [req-4129e81d-6288-448e-a603-e1f583e4def4 - - - - -] hyperv.power_state_check_timeframe = 60 log_opt_values /usr/lib/python3/dist-packages/oslo_config/cfg.py:2609
2025-11-20 00:41:38.493 178053 DEBUG oslo_service.service [req-4129e81d-6288-448e-a603-e1f583e4def4 - - - - -] hyperv.power_state_event_polling_interval = 2 log_opt_values /usr/lib/python3/dist-packages/oslo_config/cfg.py:2609
2025-11-20 00:41:38.493 178053 DEBUG oslo_service.service [req-4129e81d-6288-448e-a603-e1f583e4def4 - - - - -] hyperv.qemu_img_cmd = qemu-img.exe log_opt_values /usr/lib/python3/dist-packages/oslo_config/cfg.py:2609
2025-11-20 00:41:38.493 178053 DEBUG oslo_service.service [req-4129e81d-6288-448e-a603-e1f583e4def4 - - - - -] hyperv.use_multipath_io = False log_opt_values /usr/lib/python3/dist-packages/oslo_config/cfg.py:2609
2025-11-20 00:41:38.493 178053 DEBUG oslo_service.service [req-4129e81d-6288-448e-a603-e1f583e4def4 - - - - -] hyperv.volume_attach_retry_count = 10 log_opt_values /usr/lib/python3/dist-packages/oslo_config/cfg.py:2609
2025-11-20 00:41:38.494 178053 DEBUG oslo_service.service [req-4129e81d-6288-448e-a603-e1f583e4def4 - - - - -] hyperv.volume_attach_retry_interval = 5 log_opt_values /usr/lib/python3/dist-packages/oslo_config/cfg.py:2609
2025-11-20 00:41:38.494 178053 DEBUG oslo_service.service [req-4129e81d-6288-448e-a603-e1f583e4def4 - - - - -] hyperv.vswitch_name = None log_opt_values /usr/lib/python3/dist-packages/oslo_config/cfg.py:2609
2025-11-20 00:41:38.494 178053 DEBUG oslo_service.service [req-4129e81d-6288-448e-a603-e1f583e4def4 - - - - -] hyperv.wait_soft_reboot_seconds = 60 log_opt_values /usr/lib/python3/dist-packages/oslo_config/cfg.py:2609
2025-11-20 00:41:38.494 178053 DEBUG oslo_service.service [req-4129e81d-6288-448e-a603-e1f583e4def4 - - - - -] mks.enabled = False log_opt_values /usr/lib/python3/dist-packages/oslo_config/cfg.py:2609
2025-11-20 00:41:38.495 178053 DEBUG oslo_service.service [req-4129e81d-6288-448e-a603-e1f583e4def4 - - - - -] mks.mksproxy_base_url = http://127.0.0.1:6090/ log_opt_values /usr/lib/python3/dist-packages/oslo_config/cfg.py:2609
2025-11-20 00:41:38.495 178053 DEBUG oslo_service.service [req-4129e81d-6288-448e-a603-e1f583e4def4 - - - - -] image_cache.manager_interval = 2400 log_opt_values /usr/lib/python3/dist-packages/oslo_config/cfg.py:2609
2025-11-20 00:41:38.495 178053 DEBUG oslo_service.service [req-4129e81d-6288-448e-a603-e1f583e4def4 - - - - -] image_cache.precache_concurrency = 1 log_opt_values /usr/lib/python3/dist-packages/oslo_config/cfg.py:2609
2025-11-20 00:41:38.495 178053 DEBUG oslo_service.service [req-4129e81d-6288-448e-a603-e1f583e4def4 - - - - -] image_cache.remove_unused_base_images = True log_opt_values /usr/lib/python3/dist-packages/oslo_config/cfg.py:2609
2025-11-20 00:41:38.496 178053 DEBUG oslo_service.service [req-4129e81d-6288-448e-a603-e1f583e4def4 - - - - -] image_cache.remove_unused_original_minimum_age_seconds = 86400 log_opt_values /usr/lib/python3/dist-packages/oslo_config/cfg.py:2609
2025-11-20 00:41:38.496 178053 DEBUG oslo_service.service [req-4129e81d-6288-448e-a603-e1f583e4def4 - - - - -] image_cache.remove_unused_resized_minimum_age_seconds = 3600 log_opt_values /usr/lib/python3/dist-packages/oslo_config/cfg.py:2609
2025-11-20 00:41:38.496 178053 DEBUG oslo_service.service [req-4129e81d-6288-448e-a603-e1f583e4def4 - - - - -] image_cache.subdirectory_name = _base log_opt_values /usr/lib/python3/dist-packages/oslo_config/cfg.py:2609
2025-11-20 00:41:38.496 178053 DEBUG oslo_service.service [req-4129e81d-6288-448e-a603-e1f583e4def4 - - - - -] ironic.api_max_retries = 60 log_opt_values /usr/lib/python3/dist-packages/oslo_config/cfg.py:2609
2025-11-20 00:41:38.497 178053 DEBUG oslo_service.service [req-4129e81d-6288-448e-a603-e1f583e4def4 - - - - -] ironic.api_retry_interval = 2 log_opt_values /usr/lib/python3/dist-packages/oslo_config/cfg.py:2609
2025-11-20 00:41:38.497 178053 DEBUG oslo_service.service [req-4129e81d-6288-448e-a603-e1f583e4def4 - - - - -] ironic.auth_section = None log_opt_values /usr/lib/python3/dist-packages/oslo_config/cfg.py:2609
2025-11-20 00:41:38.497 178053 DEBUG oslo_service.service [req-4129e81d-6288-448e-a603-e1f583e4def4 - - - - -] ironic.auth_type = None log_opt_values /usr/lib/python3/dist-packages/oslo_config/cfg.py:2609
2025-11-20 00:41:38.497 178053 DEBUG oslo_service.service [req-4129e81d-6288-448e-a603-e1f583e4def4 - - - - -] ironic.cafile = None log_opt_values /usr/lib/python3/dist-packages/oslo_config/cfg.py:2609
2025-11-20 00:41:38.497 178053 DEBUG oslo_service.service [req-4129e81d-6288-448e-a603-e1f583e4def4 - - - - -] ironic.certfile = None log_opt_values /usr/lib/python3/dist-packages/oslo_config/cfg.py:2609
2025-11-20 00:41:38.497 178053 DEBUG oslo_service.service [req-4129e81d-6288-448e-a603-e1f583e4def4 - - - - -] ironic.collect_timing = False log_opt_values /usr/lib/python3/dist-packages/oslo_config/cfg.py:2609
2025-11-20 00:41:38.498 178053 DEBUG oslo_service.service [req-4129e81d-6288-448e-a603-e1f583e4def4 - - - - -] ironic.connect_retries = None log_opt_values /usr/lib/python3/dist-packages/oslo_config/cfg.py:2609
2025-11-20 00:41:38.498 178053 DEBUG oslo_service.service [req-4129e81d-6288-448e-a603-e1f583e4def4 - - - - -] ironic.connect_retry_delay = None log_opt_values /usr/lib/python3/dist-packages/oslo_config/cfg.py:2609
2025-11-20 00:41:38.498 178053 DEBUG oslo_service.service [req-4129e81d-6288-448e-a603-e1f583e4def4 - - - - -] ironic.endpoint_override = None log_opt_values /usr/lib/python3/dist-packages/oslo_config/cfg.py:2609
2025-11-20 00:41:38.498 178053 DEBUG oslo_service.service [req-4129e81d-6288-448e-a603-e1f583e4def4 - - - - -] ironic.insecure = False log_opt_values /usr/lib/python3/dist-packages/oslo_config/cfg.py:2609
2025-11-20 00:41:38.498 178053 DEBUG oslo_service.service [req-4129e81d-6288-448e-a603-e1f583e4def4 - - - - -] ironic.keyfile = None log_opt_values /usr/lib/python3/dist-packages/oslo_config/cfg.py:2609
2025-11-20 00:41:38.499 178053 DEBUG oslo_service.service [req-4129e81d-6288-448e-a603-e1f583e4def4 - - - - -] ironic.max_version = None log_opt_values /usr/lib/python3/dist-packages/oslo_config/cfg.py:2609
2025-11-20 00:41:38.499 178053 DEBUG oslo_service.service [req-4129e81d-6288-448e-a603-e1f583e4def4 - - - - -] ironic.min_version = None log_opt_values /usr/lib/python3/dist-packages/oslo_config/cfg.py:2609
2025-11-20 00:41:38.499 178053 DEBUG oslo_service.service [req-4129e81d-6288-448e-a603-e1f583e4def4 - - - - -] ironic.partition_key = None log_opt_values /usr/lib/python3/dist-packages/oslo_config/cfg.py:2609
2025-11-20 00:41:38.499 178053 DEBUG oslo_service.service [req-4129e81d-6288-448e-a603-e1f583e4def4 - - - - -] ironic.peer_list = [] log_opt_values /usr/lib/python3/dist-packages/oslo_config/cfg.py:2609
2025-11-20 00:41:38.499 178053 DEBUG oslo_service.service [req-4129e81d-6288-448e-a603-e1f583e4def4 - - - - -] ironic.region_name = None log_opt_values /usr/lib/python3/dist-packages/oslo_config/cfg.py:2609
2025-11-20 00:41:38.499 178053 DEBUG oslo_service.service [req-4129e81d-6288-448e-a603-e1f583e4def4 - - - - -] ironic.serial_console_state_timeout = 10 log_opt_values /usr/lib/python3/dist-packages/oslo_config/cfg.py:2609
2025-11-20 00:41:38.500 178053 DEBUG oslo_service.service [req-4129e81d-6288-448e-a603-e1f583e4def4 - - - - -] ironic.service_name = None log_opt_values /usr/lib/python3/dist-packages/oslo_config/cfg.py:2609
2025-11-20 00:41:38.500 178053 DEBUG oslo_service.service [req-4129e81d-6288-448e-a603-e1f583e4def4 - - - - -] ironic.service_type = baremetal log_opt_values /usr/lib/python3/dist-packages/oslo_config/cfg.py:2609
2025-11-20 00:41:38.500 178053 DEBUG oslo_service.service [req-4129e81d-6288-448e-a603-e1f583e4def4 - - - - -] ironic.split_loggers = False log_opt_values /usr/lib/python3/dist-packages/oslo_config/cfg.py:2609
2025-11-20 00:41:38.500 178053 DEBUG oslo_service.service [req-4129e81d-6288-448e-a603-e1f583e4def4 - - - - -] ironic.status_code_retries = None log_opt_values /usr/lib/python3/dist-packages/oslo_config/cfg.py:2609
2025-11-20 00:41:38.500 178053 DEBUG oslo_service.service [req-4129e81d-6288-448e-a603-e1f583e4def4 - - - - -] ironic.status_code_retry_delay = None log_opt_values /usr/lib/python3/dist-packages/oslo_config/cfg.py:2609
2025-11-20 00:41:38.501 178053 DEBUG oslo_service.service [req-4129e81d-6288-448e-a603-e1f583e4def4 - - - - -] ironic.timeout = None log_opt_values /usr/lib/python3/dist-packages/oslo_config/cfg.py:2609
2025-11-20 00:41:38.501 178053 DEBUG oslo_service.service [req-4129e81d-6288-448e-a603-e1f583e4def4 - - - - -] ironic.valid_interfaces = ['internal', 'public'] log_opt_values /usr/lib/python3/dist-packages/oslo_config/cfg.py:2609
2025-11-20 00:41:38.501 178053 DEBUG oslo_service.service [req-4129e81d-6288-448e-a603-e1f583e4def4 - - - - -] ironic.version = None log_opt_values /usr/lib/python3/dist-packages/oslo_config/cfg.py:2609
2025-11-20 00:41:38.501 178053 DEBUG oslo_service.service [req-4129e81d-6288-448e-a603-e1f583e4def4 - - - - -] key_manager.backend = barbican log_opt_values /usr/lib/python3/dist-packages/oslo_config/cfg.py:2609
2025-11-20 00:41:38.501 178053 DEBUG oslo_service.service [req-4129e81d-6288-448e-a603-e1f583e4def4 - - - - -] key_manager.fixed_key = **** log_opt_values /usr/lib/python3/dist-packages/oslo_config/cfg.py:2609
2025-11-20 00:41:38.502 178053 DEBUG oslo_service.service [req-4129e81d-6288-448e-a603-e1f583e4def4 - - - - -] barbican.auth_endpoint = http://localhost/identity/v3 log_opt_values /usr/lib/python3/dist-packages/oslo_config/cfg.py:2609
2025-11-20 00:41:38.502 178053 DEBUG oslo_service.service [req-4129e81d-6288-448e-a603-e1f583e4def4 - - - - -] barbican.barbican_api_version = None log_opt_values /usr/lib/python3/dist-packages/oslo_config/cfg.py:2609
2025-11-20 00:41:38.502 178053 DEBUG oslo_service.service [req-4129e81d-6288-448e-a603-e1f583e4def4 - - - - -] barbican.barbican_endpoint = None log_opt_values /usr/lib/python3/dist-packages/oslo_config/cfg.py:2609
2025-11-20 00:41:38.502 178053 DEBUG oslo_service.service [req-4129e81d-6288-448e-a603-e1f583e4def4 - - - - -] barbican.barbican_endpoint_type = public log_opt_values /usr/lib/python3/dist-packages/oslo_config/cfg.py:2609
2025-11-20 00:41:38.502 178053 DEBUG oslo_service.service [req-4129e81d-6288-448e-a603-e1f583e4def4 - - - - -] barbican.barbican_region_name = None log_opt_values /usr/lib/python3/dist-packages/oslo_config/cfg.py:2609
2025-11-20 00:41:38.502 178053 DEBUG oslo_service.service [req-4129e81d-6288-448e-a603-e1f583e4def4 - - - - -] barbican.cafile = None log_opt_values /usr/lib/python3/dist-packages/oslo_config/cfg.py:2609
2025-11-20 00:41:38.503 178053 DEBUG oslo_service.service [req-4129e81d-6288-448e-a603-e1f583e4def4 - - - - -] barbican.certfile = None log_opt_values /usr/lib/python3/dist-packages/oslo_config/cfg.py:2609
2025-11-20 00:41:38.503 178053 DEBUG oslo_service.service [req-4129e81d-6288-448e-a603-e1f583e4def4 - - - - -] barbican.collect_timing = False log_opt_values /usr/lib/python3/dist-packages/oslo_config/cfg.py:2609
2025-11-20 00:41:38.503 178053 DEBUG oslo_service.service [req-4129e81d-6288-448e-a603-e1f583e4def4 - - - - -] barbican.insecure = False log_opt_values /usr/lib/python3/dist-packages/oslo_config/cfg.py:2609
2025-11-20 00:41:38.504 178053 DEBUG oslo_service.service [req-4129e81d-6288-448e-a603-e1f583e4def4 - - - - -] barbican.keyfile = None log_opt_values /usr/lib/python3/dist-packages/oslo_config/cfg.py:2609
2025-11-20 00:41:38.504 178053 DEBUG oslo_service.service [req-4129e81d-6288-448e-a603-e1f583e4def4 - - - - -] barbican.number_of_retries = 60 log_opt_values /usr/lib/python3/dist-packages/oslo_config/cfg.py:2609
2025-11-20 00:41:38.504 178053 DEBUG oslo_service.service [req-4129e81d-6288-448e-a603-e1f583e4def4 - - - - -] barbican.retry_delay = 1 log_opt_values /usr/lib/python3/dist-packages/oslo_config/cfg.py:2609
2025-11-20 00:41:38.504 178053 DEBUG oslo_service.service [req-4129e81d-6288-448e-a603-e1f583e4def4 - - - - -] barbican.send_service_user_token = False log_opt_values /usr/lib/python3/dist-packages/oslo_config/cfg.py:2609
2025-11-20 00:41:38.504 178053 DEBUG oslo_service.service [req-4129e81d-6288-448e-a603-e1f583e4def4 - - - - -] barbican.split_loggers = False log_opt_values /usr/lib/python3/dist-packages/oslo_config/cfg.py:2609
2025-11-20 00:41:38.505 178053 DEBUG oslo_service.service [req-4129e81d-6288-448e-a603-e1f583e4def4 - - - - -] barbican.timeout = None log_opt_values /usr/lib/python3/dist-packages/oslo_config/cfg.py:2609
2025-11-20 00:41:38.505 178053 DEBUG oslo_service.service [req-4129e81d-6288-448e-a603-e1f583e4def4 - - - - -] barbican.verify_ssl = True log_opt_values /usr/lib/python3/dist-packages/oslo_config/cfg.py:2609
2025-11-20 00:41:38.505 178053 DEBUG oslo_service.service [req-4129e81d-6288-448e-a603-e1f583e4def4 - - - - -] barbican.verify_ssl_path = None log_opt_values /usr/lib/python3/dist-packages/oslo_config/cfg.py:2609
2025-11-20 00:41:38.506 178053 DEBUG oslo_service.service [req-4129e81d-6288-448e-a603-e1f583e4def4 - - - - -] barbican_service_user.auth_section = None log_opt_values /usr/lib/python3/dist-packages/oslo_config/cfg.py:2609
2025-11-20 00:41:38.506 178053 DEBUG oslo_service.service [req-4129e81d-6288-448e-a603-e1f583e4def4 - - - - -] barbican_service_user.auth_type = None log_opt_values /usr/lib/python3/dist-packages/oslo_config/cfg.py:2609
2025-11-20 00:41:38.506 178053 DEBUG oslo_service.service [req-4129e81d-6288-448e-a603-e1f583e4def4 - - - - -] barbican_service_user.cafile = None log_opt_values /usr/lib/python3/dist-packages/oslo_config/cfg.py:2609
2025-11-20 00:41:38.506 178053 DEBUG oslo_service.service [req-4129e81d-6288-448e-a603-e1f583e4def4 - - - - -] barbican_service_user.certfile = None log_opt_values /usr/lib/python3/dist-packages/oslo_config/cfg.py:2609
2025-11-20 00:41:38.506 178053 DEBUG oslo_service.service [req-4129e81d-6288-448e-a603-e1f583e4def4 - - - - -] barbican_service_user.collect_timing = False log_opt_values /usr/lib/python3/dist-packages/oslo_config/cfg.py:2609
2025-11-20 00:41:38.507 178053 DEBUG oslo_service.service [req-4129e81d-6288-448e-a603-e1f583e4def4 - - - - -] barbican_service_user.insecure = False log_opt_values /usr/lib/python3/dist-packages/oslo_config/cfg.py:2609
2025-11-20 00:41:38.507 178053 DEBUG oslo_service.service [req-4129e81d-6288-448e-a603-e1f583e4def4 - - - - -] barbican_service_user.keyfile = None log_opt_values /usr/lib/python3/dist-packages/oslo_config/cfg.py:2609
2025-11-20 00:41:38.507 178053 DEBUG oslo_service.service [req-4129e81d-6288-448e-a603-e1f583e4def4 - - - - -] barbican_service_user.split_loggers = False log_opt_values /usr/lib/python3/dist-packages/oslo_config/cfg.py:2609
2025-11-20 00:41:38.507 178053 DEBUG oslo_service.service [req-4129e81d-6288-448e-a603-e1f583e4def4 - - - - -] barbican_service_user.timeout = None log_opt_values /usr/lib/python3/dist-packages/oslo_config/cfg.py:2609
2025-11-20 00:41:38.507 178053 DEBUG oslo_service.service [req-4129e81d-6288-448e-a603-e1f583e4def4 - - - - -] vault.approle_role_id = None log_opt_values /usr/lib/python3/dist-packages/oslo_config/cfg.py:2609
2025-11-20 00:41:38.507 178053 DEBUG oslo_service.service [req-4129e81d-6288-448e-a603-e1f583e4def4 - - - - -] vault.approle_secret_id = None log_opt_values /usr/lib/python3/dist-packages/oslo_config/cfg.py:2609
2025-11-20 00:41:38.508 178053 DEBUG oslo_service.service [req-4129e81d-6288-448e-a603-e1f583e4def4 - - - - -] vault.cafile = None log_opt_values /usr/lib/python3/dist-packages/oslo_config/cfg.py:2609
2025-11-20 00:41:38.508 178053 DEBUG oslo_service.service [req-4129e81d-6288-448e-a603-e1f583e4def4 - - - - -] vault.certfile = None log_opt_values /usr/lib/python3/dist-packages/oslo_config/cfg.py:2609
2025-11-20 00:41:38.508 178053 DEBUG oslo_service.service [req-4129e81d-6288-448e-a603-e1f583e4def4 - - - - -] vault.collect_timing = False log_opt_values /usr/lib/python3/dist-packages/oslo_config/cfg.py:2609
2025-11-20 00:41:38.508 178053 DEBUG oslo_service.service [req-4129e81d-6288-448e-a603-e1f583e4def4 - - - - -] vault.insecure = False log_opt_values /usr/lib/python3/dist-packages/oslo_config/cfg.py:2609
2025-11-20 00:41:38.508 178053 DEBUG oslo_service.service [req-4129e81d-6288-448e-a603-e1f583e4def4 - - - - -] vault.keyfile = None log_opt_values /usr/lib/python3/dist-packages/oslo_config/cfg.py:2609
2025-11-20 00:41:38.508 178053 DEBUG oslo_service.service [req-4129e81d-6288-448e-a603-e1f583e4def4 - - - - -] vault.kv_mountpoint = secret log_opt_values /usr/lib/python3/dist-packages/oslo_config/cfg.py:2609
2025-11-20 00:41:38.509 178053 DEBUG oslo_service.service [req-4129e81d-6288-448e-a603-e1f583e4def4 - - - - -] vault.kv_version = 2 log_opt_values /usr/lib/python3/dist-packages/oslo_config/cfg.py:2609
2025-11-20 00:41:38.509 178053 DEBUG oslo_service.service [req-4129e81d-6288-448e-a603-e1f583e4def4 - - - - -] vault.namespace = None log_opt_values /usr/lib/python3/dist-packages/oslo_config/cfg.py:2609
2025-11-20 00:41:38.509 178053 DEBUG oslo_service.service [req-4129e81d-6288-448e-a603-e1f583e4def4 - - - - -] vault.root_token_id = None log_opt_values /usr/lib/python3/dist-packages/oslo_config/cfg.py:2609
2025-11-20 00:41:38.509 178053 DEBUG oslo_service.service [req-4129e81d-6288-448e-a603-e1f583e4def4 - - - - -] vault.split_loggers = False log_opt_values /usr/lib/python3/dist-packages/oslo_config/cfg.py:2609
2025-11-20 00:41:38.510 178053 DEBUG oslo_service.service [req-4129e81d-6288-448e-a603-e1f583e4def4 - - - - -] vault.ssl_ca_crt_file = None log_opt_values /usr/lib/python3/dist-packages/oslo_config/cfg.py:2609
2025-11-20 00:41:38.510 178053 DEBUG oslo_service.service [req-4129e81d-6288-448e-a603-e1f583e4def4 - - - - -] vault.timeout = None log_opt_values /usr/lib/python3/dist-packages/oslo_config/cfg.py:2609
