2025-11-20 00:39:34.815 155727 DEBUG oslo_service.service [req-2395e1f9-5dbc-4bdf-8785-a8b8632a521c - - - - -] reserved_host_cpus = 0 log_opt_values /usr/lib/python3/dist-packages/oslo_config/cfg.py:2602
2025-11-20 00:39:34.815 155727 DEBUG oslo_service.service [req-2395e1f9-5dbc-4bdf-8785-a8b8632a521c - - - - -] reserved_host_disk_mb = 0 log_opt_values /usr/lib/python3/dist-packages/oslo_config/cfg.py:2602
2025-11-20 00:39:34.815 155727 DEBUG oslo_service.service [req-2395e1f9-5dbc-4bdf-8785-a8b8632a521c - - - - -] reserved_host_memory_mb = 512 log_opt_values /usr/lib/python3/dist-packages/oslo_config/cfg.py:2602
2025-11-20 00:39:34.816 155727 DEBUG oslo_service.service [req-2395e1f9-5dbc-4bdf-8785-a8b8632a521c - - - - -] reserved_huge_pages = None log_opt_values /usr/lib/python3/dist-packages/oslo_config/cfg.py:2602
2025-11-20 00:39:34.816 155727 DEBUG oslo_service.service [req-2395e1f9-5dbc-4bdf-8785-a8b8632a521c - - - - -] resize_confirm_window = 0 log_opt_values /usr/lib/python3/dist-packages/oslo_config/cfg.py:2602
2025-11-20 00:39:34.816 155727 DEBUG oslo_service.service [req-2395e1f9-5dbc-4bdf-8785-a8b8632a521c - - - - -] resize_fs_using_block_device = False log_opt_values /usr/lib/python3/dist-packages/oslo_config/cfg.py:2602
2025-11-20 00:39:34.817 155727 DEBUG oslo_service.service [req-2395e1f9-5dbc-4bdf-8785-a8b8632a521c - - - - -] resume_guests_state_on_host_boot = False log_opt_values /usr/lib/python3/dist-packages/oslo_config/cfg.py:2602
2025-11-20 00:39:34.817 155727 DEBUG oslo_service.service [req-2395e1f9-5dbc-4bdf-8785-a8b8632a521c - - - - -] rootwrap_config = /etc/nova/rootwrap.conf log_opt_values /usr/lib/python3/dist-packages/oslo_config/cfg.py:2602
2025-11-20 00:39:34.817 155727 DEBUG oslo_service.service [req-2395e1f9-5dbc-4bdf-8785-a8b8632a521c - - - - -] run_external_periodic_tasks = True log_opt_values /usr/lib/python3/dist-packages/oslo_config/cfg.py:2602
2025-11-20 00:39:34.817 155727 DEBUG oslo_service.service [req-2395e1f9-5dbc-4bdf-8785-a8b8632a521c - - - - -] running_deleted_instance_action = reap log_opt_values /usr/lib/python3/dist-packages/oslo_config/cfg.py:2602
2025-11-20 00:39:34.818 155727 DEBUG oslo_service.service [req-2395e1f9-5dbc-4bdf-8785-a8b8632a521c - - - - -] running_deleted_instance_poll_interval = 1800 log_opt_values /usr/lib/python3/dist-packages/oslo_config/cfg.py:2602
2025-11-20 00:39:34.818 155727 DEBUG oslo_service.service [req-2395e1f9-5dbc-4bdf-8785-a8b8632a521c - - - - -] running_deleted_instance_timeout = 0 log_opt_values /usr/lib/python3/dist-packages/oslo_config/cfg.py:2602
2025-11-20 00:39:34.818 155727 DEBUG oslo_service.service [req-2395e1f9-5dbc-4bdf-8785-a8b8632a521c - - - - -] scheduler_instance_sync_interval = 120 log_opt_values /usr/lib/python3/dist-packages/oslo_config/cfg.py:2602
2025-11-20 00:39:34.819 155727 DEBUG oslo_service.service [req-2395e1f9-5dbc-4bdf-8785-a8b8632a521c - - - - -] service_down_time = 60 log_opt_values /usr/lib/python3/dist-packages/oslo_config/cfg.py:2602
2025-11-20 00:39:34.819 155727 DEBUG oslo_service.service [req-2395e1f9-5dbc-4bdf-8785-a8b8632a521c - - - - -] servicegroup_driver = db log_opt_values /usr/lib/python3/dist-packages/oslo_config/cfg.py:2602
2025-11-20 00:39:34.820 155727 DEBUG oslo_service.service [req-2395e1f9-5dbc-4bdf-8785-a8b8632a521c - - - - -] shelved_offload_time = 0 log_opt_values /usr/lib/python3/dist-packages/oslo_config/cfg.py:2602
2025-11-20 00:39:34.821 155727 DEBUG oslo_service.service [req-2395e1f9-5dbc-4bdf-8785-a8b8632a521c - - - - -] shelved_poll_interval = 3600 log_opt_values /usr/lib/python3/dist-packages/oslo_config/cfg.py:2602
2025-11-20 00:39:34.821 155727 DEBUG oslo_service.service [req-2395e1f9-5dbc-4bdf-8785-a8b8632a521c - - - - -] shutdown_timeout = 60 log_opt_values /usr/lib/python3/dist-packages/oslo_config/cfg.py:2602
2025-11-20 00:39:34.821 155727 DEBUG oslo_service.service [req-2395e1f9-5dbc-4bdf-8785-a8b8632a521c - - - - -] source_is_ipv6 = False log_opt_values /usr/lib/python3/dist-packages/oslo_config/cfg.py:2602
2025-11-20 00:39:34.822 155727 DEBUG oslo_service.service [req-2395e1f9-5dbc-4bdf-8785-a8b8632a521c - - - - -] ssl_only = False log_opt_values /usr/lib/python3/dist-packages/oslo_config/cfg.py:2602
2025-11-20 00:39:34.822 155727 DEBUG oslo_service.service [req-2395e1f9-5dbc-4bdf-8785-a8b8632a521c - - - - -] state_path = /var/lib/nova log_opt_values /usr/lib/python3/dist-packages/oslo_config/cfg.py:2602
2025-11-20 00:39:34.823 155727 DEBUG oslo_service.service [req-2395e1f9-5dbc-4bdf-8785-a8b8632a521c - - - - -] sync_power_state_interval = 600 log_opt_values /usr/lib/python3/dist-packages/oslo_config/cfg.py:2602
2025-11-20 00:39:34.823 155727 DEBUG oslo_service.service [req-2395e1f9-5dbc-4bdf-8785-a8b8632a521c - - - - -] sync_power_state_pool_size = 1000 log_opt_values /usr/lib/python3/dist-packages/oslo_config/cfg.py:2602
2025-11-20 00:39:34.823 155727 DEBUG oslo_service.service [req-2395e1f9-5dbc-4bdf-8785-a8b8632a521c - - - - -] syslog_log_facility = LOG_USER log_opt_values /usr/lib/python3/dist-packages/oslo_config/cfg.py:2602
2025-11-20 00:39:34.823 156449 DEBUG nova.service [req-51888c1d-1622-4b78-b6ce-d07c54a43921 - - - - -] Creating RPC server for service scheduler start /usr/lib/python3/dist-packages/nova/service.py:182
2025-11-20 00:39:34.824 155727 DEBUG oslo_service.service [req-2395e1f9-5dbc-4bdf-8785-a8b8632a521c - - - - -] tempdir = None log_opt_values /usr/lib/python3/dist-packages/oslo_config/cfg.py:2602
2025-11-20 00:39:34.824 155727 DEBUG oslo_service.service [req-2395e1f9-5dbc-4bdf-8785-a8b8632a521c - - - - -] timeout_nbd = 10 log_opt_values /usr/lib/python3/dist-packages/oslo_config/cfg.py:2602
2025-11-20 00:39:34.824 155727 DEBUG oslo_service.service [req-2395e1f9-5dbc-4bdf-8785-a8b8632a521c - - - - -] transport_url = **** log_opt_values /usr/lib/python3/dist-packages/oslo_config/cfg.py:2602
2025-11-20 00:39:34.825 155727 DEBUG oslo_service.service [req-2395e1f9-5dbc-4bdf-8785-a8b8632a521c - - - - -] update_resources_interval = 0 log_opt_values /usr/lib/python3/dist-packages/oslo_config/cfg.py:2602
2025-11-20 00:39:34.825 155727 DEBUG oslo_service.service [req-2395e1f9-5dbc-4bdf-8785-a8b8632a521c - - - - -] use_cow_images = True log_opt_values /usr/lib/python3/dist-packages/oslo_config/cfg.py:2602
2025-11-20 00:39:34.825 155727 DEBUG oslo_service.service [req-2395e1f9-5dbc-4bdf-8785-a8b8632a521c - - - - -] use_eventlog = False log_opt_values /usr/lib/python3/dist-packages/oslo_config/cfg.py:2602
2025-11-20 00:39:34.825 155727 DEBUG oslo_service.service [req-2395e1f9-5dbc-4bdf-8785-a8b8632a521c - - - - -] use_journal = False log_opt_values /usr/lib/python3/dist-packages/oslo_config/cfg.py:2602
2025-11-20 00:39:34.826 155727 DEBUG oslo_service.service [req-2395e1f9-5dbc-4bdf-8785-a8b8632a521c - - - - -] use_json = False log_opt_values /usr/lib/python3/dist-packages/oslo_config/cfg.py:2602
2025-11-20 00:39:34.826 155727 DEBUG oslo_service.service [req-2395e1f9-5dbc-4bdf-8785-a8b8632a521c - - - - -] use_rootwrap_daemon = False log_opt_values /usr/lib/python3/dist-packages/oslo_config/cfg.py:2602
2025-11-20 00:39:34.826 155727 DEBUG oslo_service.service [req-2395e1f9-5dbc-4bdf-8785-a8b8632a521c - - - - -] use_stderr = False log_opt_values /usr/lib/python3/dist-packages/oslo_config/cfg.py:2602
2025-11-20 00:39:34.826 155727 DEBUG oslo_service.service [req-2395e1f9-5dbc-4bdf-8785-a8b8632a521c - - - - -] use_syslog = False log_opt_values /usr/lib/python3/dist-packages/oslo_config/cfg.py:2602
2025-11-20 00:39:34.827 155727 DEBUG oslo_service.service [req-2395e1f9-5dbc-4bdf-8785-a8b8632a521c - - - - -] vcpu_pin_set = None log_opt_values /usr/lib/python3/dist-packages/oslo_config/cfg.py:2602
2025-11-20 00:39:34.826 156443 DEBUG oslo_messaging._drivers.amqpdriver [-] Listener is running poll /usr/lib/python3/dist-packages/oslo_messaging/_drivers/amqpdriver.py:343
2025-11-20 00:39:34.827 156443 DEBUG oslo_messaging._drivers.amqpdriver [-] AMQPListener connection consume poll /usr/lib/python3/dist-packages/oslo_messaging/_drivers/amqpdriver.py:357
2025-11-20 00:39:34.827 155727 DEBUG oslo_service.service [req-2395e1f9-5dbc-4bdf-8785-a8b8632a521c - - - - -] vif_plugging_is_fatal = True log_opt_values /usr/lib/python3/dist-packages/oslo_config/cfg.py:2602
2025-11-20 00:39:34.827 156436 DEBUG oslo_messaging._drivers.amqpdriver [-] Listener is running poll /usr/lib/python3/dist-packages/oslo_messaging/_drivers/amqpdriver.py:343
2025-11-20 00:39:34.827 156436 DEBUG oslo_messaging._drivers.amqpdriver [-] AMQPListener connection consume poll /usr/lib/python3/dist-packages/oslo_messaging/_drivers/amqpdriver.py:357
2025-11-20 00:39:34.827 155727 DEBUG oslo_service.service [req-2395e1f9-5dbc-4bdf-8785-a8b8632a521c - - - - -] vif_plugging_timeout = 300 log_opt_values /usr/lib/python3/dist-packages/oslo_config/cfg.py:2602
2025-11-20 00:39:34.828 155727 DEBUG oslo_service.service [req-2395e1f9-5dbc-4bdf-8785-a8b8632a521c - - - - -] virt_mkfs = [] log_opt_values /usr/lib/python3/dist-packages/oslo_config/cfg.py:2602
2025-11-20 00:39:34.828 155727 DEBUG oslo_service.service [req-2395e1f9-5dbc-4bdf-8785-a8b8632a521c - - - - -] volume_usage_poll_interval = 0 log_opt_values /usr/lib/python3/dist-packages/oslo_config/cfg.py:2602
2025-11-20 00:39:34.828 156436 DEBUG nova.service [req-82e824c5-2c3c-4591-baaf-5737fb4a8623 - - - - -] Join ServiceGroup membership for this service scheduler start /usr/lib/python3/dist-packages/nova/service.py:199
2025-11-20 00:39:34.828 155727 DEBUG oslo_service.service [req-2395e1f9-5dbc-4bdf-8785-a8b8632a521c - - - - -] watch_log_file = False log_opt_values /usr/lib/python3/dist-packages/oslo_config/cfg.py:2602
2025-11-20 00:39:34.828 156436 DEBUG nova.servicegroup.drivers.db [req-82e824c5-2c3c-4591-baaf-5737fb4a8623 - - - - -] DB_Driver: join new ServiceGroup member juju-d64615-0-lxd-7 to the scheduler group, service = join /usr/lib/python3/dist-packages/nova/servicegroup/drivers/db.py:44
2025-11-20 00:39:34.828 155727 DEBUG oslo_service.service [req-2395e1f9-5dbc-4bdf-8785-a8b8632a521c - - - - -] web = /usr/share/spice-html5 log_opt_values /usr/lib/python3/dist-packages/oslo_config/cfg.py:2602
2025-11-20 00:39:34.829 155727 DEBUG oslo_service.service [req-2395e1f9-5dbc-4bdf-8785-a8b8632a521c - - - - -] oslo_concurrency.disable_process_locking = False log_opt_values /usr/lib/python3/dist-packages/oslo_config/cfg.py:2609
2025-11-20 00:39:34.829 155727 DEBUG oslo_service.service [req-2395e1f9-5dbc-4bdf-8785-a8b8632a521c - - - - -] oslo_concurrency.lock_path = /var/lock/nova log_opt_values /usr/lib/python3/dist-packages/oslo_config/cfg.py:2609
2025-11-20 00:39:34.829 156443 DEBUG nova.service [req-5b2657cd-d7f5-4c85-b937-ebd7bf9df334 - - - - -] Join ServiceGroup membership for this service scheduler start /usr/lib/python3/dist-packages/nova/service.py:199
2025-11-20 00:39:34.830 156443 DEBUG nova.servicegroup.drivers.db [req-5b2657cd-d7f5-4c85-b937-ebd7bf9df334 - - - - -] DB_Driver: join new ServiceGroup member juju-d64615-0-lxd-7 to the scheduler group, service = join /usr/lib/python3/dist-packages/nova/servicegroup/drivers/db.py:44
2025-11-20 00:39:34.830 155727 WARNING oslo_config.cfg [req-2395e1f9-5dbc-4bdf-8785-a8b8632a521c - - - - -] Deprecated: Option "auth_strategy" from group "api" is deprecated for removal ( The only non-default choice, ``noauth2``, is for internal development and testing purposes only and should not be used in deployments. This option and its middleware, NoAuthMiddleware[V2_18], will be removed in a future release. ). Its value may be silently ignored in the future.
2025-11-20 00:39:34.830 156437 DEBUG oslo_messaging._drivers.amqpdriver [-] Listener is running poll /usr/lib/python3/dist-packages/oslo_messaging/_drivers/amqpdriver.py:343
2025-11-20 00:39:34.830 155727 DEBUG oslo_service.service [req-2395e1f9-5dbc-4bdf-8785-a8b8632a521c - - - - -] api.auth_strategy = keystone log_opt_values /usr/lib/python3/dist-packages/oslo_config/cfg.py:2609
2025-11-20 00:39:34.830 156437 DEBUG oslo_messaging._drivers.amqpdriver [-] AMQPListener connection consume poll /usr/lib/python3/dist-packages/oslo_messaging/_drivers/amqpdriver.py:357
2025-11-20 00:39:34.830 155727 DEBUG oslo_service.service [req-2395e1f9-5dbc-4bdf-8785-a8b8632a521c - - - - -] api.compute_link_prefix = None log_opt_values /usr/lib/python3/dist-packages/oslo_config/cfg.py:2609
2025-11-20 00:39:34.831 156436 DEBUG oslo_messaging._drivers.amqpdriver [-] AMQPListener connection timeout poll /usr/lib/python3/dist-packages/oslo_messaging/_drivers/amqpdriver.py:360
2025-11-20 00:39:34.831 156436 DEBUG oslo_messaging._drivers.amqpdriver [-] Listener is running poll /usr/lib/python3/dist-packages/oslo_messaging/_drivers/amqpdriver.py:343
2025-11-20 00:39:34.831 155727 DEBUG oslo_service.service [req-2395e1f9-5dbc-4bdf-8785-a8b8632a521c - - - - -] api.config_drive_skip_versions = 1.0 2007-01-19 2007-03-01 2007-08-29 2007-10-10 2007-12-15 2008-02-01 2008-09-01 log_opt_values /usr/lib/python3/dist-packages/oslo_config/cfg.py:2609
2025-11-20 00:39:34.831 156436 DEBUG oslo_messaging._drivers.amqpdriver [-] AMQPListener connection consume poll /usr/lib/python3/dist-packages/oslo_messaging/_drivers/amqpdriver.py:357
2025-11-20 00:39:34.831 155727 DEBUG oslo_service.service [req-2395e1f9-5dbc-4bdf-8785-a8b8632a521c - - - - -] api.dhcp_domain = novalocal log_opt_values /usr/lib/python3/dist-packages/oslo_config/cfg.py:2609
2025-11-20 00:39:34.831 156437 DEBUG nova.service [req-ea381abc-9dc0-4e04-b17e-367d8f12a378 - - - - -] Join ServiceGroup membership for this service scheduler start /usr/lib/python3/dist-packages/nova/service.py:199
2025-11-20 00:39:34.831 155727 DEBUG oslo_service.service [req-2395e1f9-5dbc-4bdf-8785-a8b8632a521c - - - - -] api.enable_instance_password = True log_opt_values /usr/lib/python3/dist-packages/oslo_config/cfg.py:2609
2025-11-20 00:39:34.831 156437 DEBUG nova.servicegroup.drivers.db [req-ea381abc-9dc0-4e04-b17e-367d8f12a378 - - - - -] DB_Driver: join new ServiceGroup member juju-d64615-0-lxd-7 to the scheduler group, service = join /usr/lib/python3/dist-packages/nova/servicegroup/drivers/db.py:44
2025-11-20 00:39:34.832 155727 DEBUG oslo_service.service [req-2395e1f9-5dbc-4bdf-8785-a8b8632a521c - - - - -] api.glance_link_prefix = None log_opt_values /usr/lib/python3/dist-packages/oslo_config/cfg.py:2609
2025-11-20 00:39:34.832 155727 DEBUG oslo_service.service [req-2395e1f9-5dbc-4bdf-8785-a8b8632a521c - - - - -] api.instance_list_cells_batch_fixed_size = 100 log_opt_values /usr/lib/python3/dist-packages/oslo_config/cfg.py:2609
2025-11-20 00:39:34.832 155727 DEBUG oslo_service.service [req-2395e1f9-5dbc-4bdf-8785-a8b8632a521c - - - - -] api.instance_list_cells_batch_strategy = distributed log_opt_values /usr/lib/python3/dist-packages/oslo_config/cfg.py:2609
2025-11-20 00:39:34.832 156443 DEBUG oslo_messaging._drivers.amqpdriver [-] AMQPListener connection timeout poll /usr/lib/python3/dist-packages/oslo_messaging/_drivers/amqpdriver.py:360
2025-11-20 00:39:34.832 156443 DEBUG oslo_messaging._drivers.amqpdriver [-] Listener is running poll /usr/lib/python3/dist-packages/oslo_messaging/_drivers/amqpdriver.py:343
2025-11-20 00:39:34.832 155727 DEBUG oslo_service.service [req-2395e1f9-5dbc-4bdf-8785-a8b8632a521c - - - - -] api.instance_list_per_project_cells = False log_opt_values /usr/lib/python3/dist-packages/oslo_config/cfg.py:2609
2025-11-20 00:39:34.832 156443 DEBUG oslo_messaging._drivers.amqpdriver [-] AMQPListener connection consume poll /usr/lib/python3/dist-packages/oslo_messaging/_drivers/amqpdriver.py:357
2025-11-20 00:39:34.833 155727 DEBUG oslo_service.service [req-2395e1f9-5dbc-4bdf-8785-a8b8632a521c - - - - -] api.list_records_by_skipping_down_cells = True log_opt_values /usr/lib/python3/dist-packages/oslo_config/cfg.py:2609
2025-11-20 00:39:34.833 155727 DEBUG oslo_service.service [req-2395e1f9-5dbc-4bdf-8785-a8b8632a521c - - - - -] api.local_metadata_per_cell = False log_opt_values /usr/lib/python3/dist-packages/oslo_config/cfg.py:2609
2025-11-20 00:39:34.833 155727 DEBUG oslo_service.service [req-2395e1f9-5dbc-4bdf-8785-a8b8632a521c - - - - -] api.max_limit = 1000 log_opt_values /usr/lib/python3/dist-packages/oslo_config/cfg.py:2609
2025-11-20 00:39:34.833 155727 DEBUG oslo_service.service [req-2395e1f9-5dbc-4bdf-8785-a8b8632a521c - - - - -] api.metadata_cache_expiration = 15 log_opt_values /usr/lib/python3/dist-packages/oslo_config/cfg.py:2609
2025-11-20 00:39:34.833 155727 DEBUG oslo_service.service [req-2395e1f9-5dbc-4bdf-8785-a8b8632a521c - - - - -] api.neutron_default_tenant_id = default log_opt_values /usr/lib/python3/dist-packages/oslo_config/cfg.py:2609
2025-11-20 00:39:34.834 155727 DEBUG oslo_service.service [req-2395e1f9-5dbc-4bdf-8785-a8b8632a521c - - - - -] api.use_forwarded_for = False log_opt_values /usr/lib/python3/dist-packages/oslo_config/cfg.py:2609
2025-11-20 00:39:34.834 155727 DEBUG oslo_service.service [req-2395e1f9-5dbc-4bdf-8785-a8b8632a521c - - - - -] api.use_neutron_default_nets = False log_opt_values /usr/lib/python3/dist-packages/oslo_config/cfg.py:2609
2025-11-20 00:39:34.834 156437 DEBUG oslo_messaging._drivers.amqpdriver [-] AMQPListener connection timeout poll /usr/lib/python3/dist-packages/oslo_messaging/_drivers/amqpdriver.py:360
2025-11-20 00:39:34.834 155727 DEBUG oslo_service.service [req-2395e1f9-5dbc-4bdf-8785-a8b8632a521c - - - - -] api.vendordata_dynamic_connect_timeout = 5 log_opt_values /usr/lib/python3/dist-packages/oslo_config/cfg.py:2609
2025-11-20 00:39:34.834 156437 DEBUG oslo_messaging._drivers.amqpdriver [-] Listener is running poll /usr/lib/python3/dist-packages/oslo_messaging/_drivers/amqpdriver.py:343
2025-11-20 00:39:34.834 156437 DEBUG oslo_messaging._drivers.amqpdriver [-] AMQPListener connection consume poll /usr/lib/python3/dist-packages/oslo_messaging/_drivers/amqpdriver.py:357
2025-11-20 00:39:34.834 155727 DEBUG oslo_service.service [req-2395e1f9-5dbc-4bdf-8785-a8b8632a521c - - - - -] api.vendordata_dynamic_failure_fatal = False log_opt_values /usr/lib/python3/dist-packages/oslo_config/cfg.py:2609
2025-11-20 00:39:34.834 155727 DEBUG oslo_service.service [req-2395e1f9-5dbc-4bdf-8785-a8b8632a521c - - - - -] api.vendordata_dynamic_read_timeout = 5 log_opt_values /usr/lib/python3/dist-packages/oslo_config/cfg.py:2609
2025-11-20 00:39:34.835 155727 DEBUG oslo_service.service [req-2395e1f9-5dbc-4bdf-8785-a8b8632a521c - - - - -] api.vendordata_dynamic_ssl_certfile = log_opt_values /usr/lib/python3/dist-packages/oslo_config/cfg.py:2609
2025-11-20 00:39:34.838 155727 DEBUG oslo_service.service [req-2395e1f9-5dbc-4bdf-8785-a8b8632a521c - - - - -] api.vendordata_dynamic_targets = [] log_opt_values /usr/lib/python3/dist-packages/oslo_config/cfg.py:2609
2025-11-20 00:39:34.838 155727 DEBUG oslo_service.service [req-2395e1f9-5dbc-4bdf-8785-a8b8632a521c - - - - -] api.vendordata_jsonfile_path = None log_opt_values /usr/lib/python3/dist-packages/oslo_config/cfg.py:2609
2025-11-20 00:39:34.839 155727 DEBUG oslo_service.service [req-2395e1f9-5dbc-4bdf-8785-a8b8632a521c - - - - -] api.vendordata_providers = ['StaticJSON'] log_opt_values /usr/lib/python3/dist-packages/oslo_config/cfg.py:2609
2025-11-20 00:39:34.839 155727 DEBUG oslo_service.service [req-2395e1f9-5dbc-4bdf-8785-a8b8632a521c - - - - -] cache.backend = dogpile.cache.null log_opt_values /usr/lib/python3/dist-packages/oslo_config/cfg.py:2609
2025-11-20 00:39:34.839 155727 DEBUG oslo_service.service [req-2395e1f9-5dbc-4bdf-8785-a8b8632a521c - - - - -] cache.backend_argument = **** log_opt_values /usr/lib/python3/dist-packages/oslo_config/cfg.py:2609
2025-11-20 00:39:34.839 155727 DEBUG oslo_service.service [req-2395e1f9-5dbc-4bdf-8785-a8b8632a521c - - - - -] cache.config_prefix = cache.oslo log_opt_values /usr/lib/python3/dist-packages/oslo_config/cfg.py:2609
2025-11-20 00:39:34.840 155727 DEBUG oslo_service.service [req-2395e1f9-5dbc-4bdf-8785-a8b8632a521c - - - - -] cache.debug_cache_backend = False log_opt_values /usr/lib/python3/dist-packages/oslo_config/cfg.py:2609
2025-11-20 00:39:34.841 155727 DEBUG oslo_service.service [req-2395e1f9-5dbc-4bdf-8785-a8b8632a521c - - - - -] cache.enabled = False log_opt_values /usr/lib/python3/dist-packages/oslo_config/cfg.py:2609
2025-11-20 00:39:34.841 155727 DEBUG oslo_service.service [req-2395e1f9-5dbc-4bdf-8785-a8b8632a521c - - - - -] cache.expiration_time = 600 log_opt_values /usr/lib/python3/dist-packages/oslo_config/cfg.py:2609
2025-11-20 00:39:34.841 155727 DEBUG oslo_service.service [req-2395e1f9-5dbc-4bdf-8785-a8b8632a521c - - - - -] cache.memcache_dead_retry = 300 log_opt_values /usr/lib/python3/dist-packages/oslo_config/cfg.py:2609
2025-11-20 00:39:34.841 155727 DEBUG oslo_service.service [req-2395e1f9-5dbc-4bdf-8785-a8b8632a521c - - - - -] cache.memcache_pool_connection_get_timeout = 10 log_opt_values /usr/lib/python3/dist-packages/oslo_config/cfg.py:2609
2025-11-20 00:39:34.842 155727 DEBUG oslo_service.service [req-2395e1f9-5dbc-4bdf-8785-a8b8632a521c - - - - -] cache.memcache_pool_flush_on_reconnect = False log_opt_values /usr/lib/python3/dist-packages/oslo_config/cfg.py:2609
2025-11-20 00:39:34.842 155727 DEBUG oslo_service.service [req-2395e1f9-5dbc-4bdf-8785-a8b8632a521c - - - - -] cache.memcache_pool_maxsize = 10 log_opt_values /usr/lib/python3/dist-packages/oslo_config/cfg.py:2609
2025-11-20 00:39:34.842 155727 DEBUG oslo_service.service [req-2395e1f9-5dbc-4bdf-8785-a8b8632a521c - - - - -] cache.memcache_pool_unused_timeout = 60 log_opt_values /usr/lib/python3/dist-packages/oslo_config/cfg.py:2609
2025-11-20 00:39:34.842 155727 DEBUG oslo_service.service [req-2395e1f9-5dbc-4bdf-8785-a8b8632a521c - - - - -] cache.memcache_servers = ['localhost:11211'] log_opt_values /usr/lib/python3/dist-packages/oslo_config/cfg.py:2609
2025-11-20 00:39:34.842 155727 DEBUG oslo_service.service [req-2395e1f9-5dbc-4bdf-8785-a8b8632a521c - - - - -] cache.memcache_socket_timeout = 1.0 log_opt_values /usr/lib/python3/dist-packages/oslo_config/cfg.py:2609
2025-11-20 00:39:34.842 155727 DEBUG oslo_service.service [req-2395e1f9-5dbc-4bdf-8785-a8b8632a521c - - - - -] cache.proxies = [] log_opt_values /usr/lib/python3/dist-packages/oslo_config/cfg.py:2609
2025-11-20 00:39:34.843 155727 DEBUG oslo_service.service [req-2395e1f9-5dbc-4bdf-8785-a8b8632a521c - - - - -] cache.tls_allowed_ciphers = None log_opt_values /usr/lib/python3/dist-packages/oslo_config/cfg.py:2609
2025-11-20 00:39:34.843 155727 DEBUG oslo_service.service [req-2395e1f9-5dbc-4bdf-8785-a8b8632a521c - - - - -] cache.tls_cafile = None log_opt_values /usr/lib/python3/dist-packages/oslo_config/cfg.py:2609
2025-11-20 00:39:34.846 155727 DEBUG oslo_service.service [req-2395e1f9-5dbc-4bdf-8785-a8b8632a521c - - - - -] cache.tls_certfile = None log_opt_values /usr/lib/python3/dist-packages/oslo_config/cfg.py:2609
2025-11-20 00:39:34.846 155727 DEBUG oslo_service.service [req-2395e1f9-5dbc-4bdf-8785-a8b8632a521c - - - - -] cache.tls_enabled = False log_opt_values /usr/lib/python3/dist-packages/oslo_config/cfg.py:2609
2025-11-20 00:39:34.847 155727 DEBUG oslo_service.service [req-2395e1f9-5dbc-4bdf-8785-a8b8632a521c - - - - -] cache.tls_keyfile = None log_opt_values /usr/lib/python3/dist-packages/oslo_config/cfg.py:2609
2025-11-20 00:39:34.847 155727 DEBUG oslo_service.service [req-2395e1f9-5dbc-4bdf-8785-a8b8632a521c - - - - -] cinder.auth_section = None log_opt_values /usr/lib/python3/dist-packages/oslo_config/cfg.py:2609
2025-11-20 00:39:34.847 155727 DEBUG oslo_service.service [req-2395e1f9-5dbc-4bdf-8785-a8b8632a521c - - - - -] cinder.auth_type = None log_opt_values /usr/lib/python3/dist-packages/oslo_config/cfg.py:2609
2025-11-20 00:39:34.847 155727 DEBUG oslo_service.service [req-2395e1f9-5dbc-4bdf-8785-a8b8632a521c - - - - -] cinder.cafile = None log_opt_values /usr/lib/python3/dist-packages/oslo_config/cfg.py:2609
2025-11-20 00:39:34.848 155727 DEBUG oslo_service.service [req-2395e1f9-5dbc-4bdf-8785-a8b8632a521c - - - - -] cinder.catalog_info = volumev3::publicURL log_opt_values /usr/lib/python3/dist-packages/oslo_config/cfg.py:2609
2025-11-20 00:39:34.848 155727 DEBUG oslo_service.service [req-2395e1f9-5dbc-4bdf-8785-a8b8632a521c - - - - -] cinder.certfile = None log_opt_values /usr/lib/python3/dist-packages/oslo_config/cfg.py:2609
2025-11-20 00:39:34.848 155727 DEBUG oslo_service.service [req-2395e1f9-5dbc-4bdf-8785-a8b8632a521c - - - - -] cinder.collect_timing = False log_opt_values /usr/lib/python3/dist-packages/oslo_config/cfg.py:2609
2025-11-20 00:39:34.848 155727 DEBUG oslo_service.service [req-2395e1f9-5dbc-4bdf-8785-a8b8632a521c - - - - -] cinder.cross_az_attach = True log_opt_values /usr/lib/python3/dist-packages/oslo_config/cfg.py:2609
2025-11-20 00:39:34.848 155727 DEBUG oslo_service.service [req-2395e1f9-5dbc-4bdf-8785-a8b8632a521c - - - - -] cinder.debug = False log_opt_values /usr/lib/python3/dist-packages/oslo_config/cfg.py:2609
2025-11-20 00:39:34.848 155727 DEBUG oslo_service.service [req-2395e1f9-5dbc-4bdf-8785-a8b8632a521c - - - - -] cinder.endpoint_template = None log_opt_values /usr/lib/python3/dist-packages/oslo_config/cfg.py:2609
2025-11-20 00:39:34.849 155727 DEBUG oslo_service.service [req-2395e1f9-5dbc-4bdf-8785-a8b8632a521c - - - - -] cinder.http_retries = 3 log_opt_values /usr/lib/python3/dist-packages/oslo_config/cfg.py:2609
2025-11-20 00:39:34.849 155727 DEBUG oslo_service.service [req-2395e1f9-5dbc-4bdf-8785-a8b8632a521c - - - - -] cinder.insecure = False log_opt_values /usr/lib/python3/dist-packages/oslo_config/cfg.py:2609
2025-11-20 00:39:34.849 155727 DEBUG oslo_service.service [req-2395e1f9-5dbc-4bdf-8785-a8b8632a521c - - - - -] cinder.keyfile = None log_opt_values /usr/lib/python3/dist-packages/oslo_config/cfg.py:2609
2025-11-20 00:39:34.850 155727 DEBUG oslo_service.service [req-2395e1f9-5dbc-4bdf-8785-a8b8632a521c - - - - -] cinder.os_region_name = None log_opt_values /usr/lib/python3/dist-packages/oslo_config/cfg.py:2609
2025-11-20 00:39:34.850 155727 DEBUG oslo_service.service [req-2395e1f9-5dbc-4bdf-8785-a8b8632a521c - - - - -] cinder.split_loggers = False log_opt_values /usr/lib/python3/dist-packages/oslo_config/cfg.py:2609
2025-11-20 00:39:34.851 155727 DEBUG oslo_service.service [req-2395e1f9-5dbc-4bdf-8785-a8b8632a521c - - - - -] cinder.timeout = None log_opt_values /usr/lib/python3/dist-packages/oslo_config/cfg.py:2609
2025-11-20 00:39:34.851 155727 DEBUG oslo_service.service [req-2395e1f9-5dbc-4bdf-8785-a8b8632a521c - - - - -] compute.consecutive_build_service_disable_threshold = 10 log_opt_values /usr/lib/python3/dist-packages/oslo_config/cfg.py:2609
2025-11-20 00:39:34.851 155727 DEBUG oslo_service.service [req-2395e1f9-5dbc-4bdf-8785-a8b8632a521c - - - - -] compute.cpu_dedicated_set = None log_opt_values /usr/lib/python3/dist-packages/oslo_config/cfg.py:2609
2025-11-20 00:39:34.852 155727 DEBUG oslo_service.service [req-2395e1f9-5dbc-4bdf-8785-a8b8632a521c - - - - -] compute.cpu_shared_set = None log_opt_values /usr/lib/python3/dist-packages/oslo_config/cfg.py:2609
2025-11-20 00:39:34.852 155727 DEBUG oslo_service.service [req-2395e1f9-5dbc-4bdf-8785-a8b8632a521c - - - - -] compute.image_type_exclude_list = [] log_opt_values /usr/lib/python3/dist-packages/oslo_config/cfg.py:2609
2025-11-20 00:39:34.852 155727 DEBUG oslo_service.service [req-2395e1f9-5dbc-4bdf-8785-a8b8632a521c - - - - -] compute.live_migration_wait_for_vif_plug = True log_opt_values /usr/lib/python3/dist-packages/oslo_config/cfg.py:2609
2025-11-20 00:39:34.852 155727 DEBUG oslo_service.service [req-2395e1f9-5dbc-4bdf-8785-a8b8632a521c - - - - -] compute.max_concurrent_disk_ops = 0 log_opt_values /usr/lib/python3/dist-packages/oslo_config/cfg.py:2609
2025-11-20 00:39:34.852 155727 DEBUG oslo_service.service [req-2395e1f9-5dbc-4bdf-8785-a8b8632a521c - - - - -] compute.max_disk_devices_to_attach = -1 log_opt_values /usr/lib/python3/dist-packages/oslo_config/cfg.py:2609
2025-11-20 00:39:34.853 155727 DEBUG oslo_service.service [req-2395e1f9-5dbc-4bdf-8785-a8b8632a521c - - - - -] compute.packing_host_numa_cells_allocation_strategy = True log_opt_values /usr/lib/python3/dist-packages/oslo_config/cfg.py:2609
2025-11-20 00:39:34.853 155727 DEBUG oslo_service.service [req-2395e1f9-5dbc-4bdf-8785-a8b8632a521c - - - - -] compute.provider_config_location = /etc/nova/provider_config/ log_opt_values /usr/lib/python3/dist-packages/oslo_config/cfg.py:2609
2025-11-20 00:39:34.853 155727 DEBUG oslo_service.service [req-2395e1f9-5dbc-4bdf-8785-a8b8632a521c - - - - -] compute.resource_provider_association_refresh = 300 log_opt_values /usr/lib/python3/dist-packages/oslo_config/cfg.py:2609
2025-11-20 00:39:34.853 155727 DEBUG oslo_service.service [req-2395e1f9-5dbc-4bdf-8785-a8b8632a521c - - - - -] compute.shutdown_retry_interval = 10 log_opt_values /usr/lib/python3/dist-packages/oslo_config/cfg.py:2609
2025-11-20 00:39:34.854 155727 DEBUG oslo_service.service [req-2395e1f9-5dbc-4bdf-8785-a8b8632a521c - - - - -] compute.vmdk_allowed_types = ['streamOptimized', 'monolithicSparse'] log_opt_values /usr/lib/python3/dist-packages/oslo_config/cfg.py:2609
2025-11-20 00:39:34.854 155727 DEBUG oslo_service.service [req-2395e1f9-5dbc-4bdf-8785-a8b8632a521c - - - - -] conductor.workers = 4 log_opt_values /usr/lib/python3/dist-packages/oslo_config/cfg.py:2609
2025-11-20 00:39:34.854 155727 DEBUG oslo_service.service [req-2395e1f9-5dbc-4bdf-8785-a8b8632a521c - - - - -] console.allowed_origins = [] log_opt_values /usr/lib/python3/dist-packages/oslo_config/cfg.py:2609
2025-11-20 00:39:34.854 155727 DEBUG oslo_service.service [req-2395e1f9-5dbc-4bdf-8785-a8b8632a521c - - - - -] console.ssl_ciphers = None log_opt_values /usr/lib/python3/dist-packages/oslo_config/cfg.py:2609
2025-11-20 00:39:34.855 155727 DEBUG oslo_service.service [req-2395e1f9-5dbc-4bdf-8785-a8b8632a521c - - - - -] console.ssl_minimum_version = default log_opt_values /usr/lib/python3/dist-packages/oslo_config/cfg.py:2609
2025-11-20 00:39:34.855 155727 DEBUG oslo_service.service [req-2395e1f9-5dbc-4bdf-8785-a8b8632a521c - - - - -] consoleauth.token_ttl = 600 log_opt_values /usr/lib/python3/dist-packages/oslo_config/cfg.py:2609
2025-11-20 00:39:34.856 155727 DEBUG oslo_service.service [req-2395e1f9-5dbc-4bdf-8785-a8b8632a521c - - - - -] cyborg.cafile = None log_opt_values /usr/lib/python3/dist-packages/oslo_config/cfg.py:2609
2025-11-20 00:39:34.856 155727 DEBUG oslo_service.service [req-2395e1f9-5dbc-4bdf-8785-a8b8632a521c - - - - -] cyborg.certfile = None log_opt_values /usr/lib/python3/dist-packages/oslo_config/cfg.py:2609
2025-11-20 00:39:34.856 155727 DEBUG oslo_service.service [req-2395e1f9-5dbc-4bdf-8785-a8b8632a521c - - - - -] cyborg.collect_timing = False log_opt_values /usr/lib/python3/dist-packages/oslo_config/cfg.py:2609
2025-11-20 00:39:34.857 155727 DEBUG oslo_service.service [req-2395e1f9-5dbc-4bdf-8785-a8b8632a521c - - - - -] cyborg.connect_retries = None log_opt_values /usr/lib/python3/dist-packages/oslo_config/cfg.py:2609
2025-11-20 00:39:34.857 155727 DEBUG oslo_service.service [req-2395e1f9-5dbc-4bdf-8785-a8b8632a521c - - - - -] cyborg.connect_retry_delay = None log_opt_values /usr/lib/python3/dist-packages/oslo_config/cfg.py:2609
2025-11-20 00:39:34.857 155727 DEBUG oslo_service.service [req-2395e1f9-5dbc-4bdf-8785-a8b8632a521c - - - - -] cyborg.endpoint_override = None log_opt_values /usr/lib/python3/dist-packages/oslo_config/cfg.py:2609
2025-11-20 00:39:34.857 155727 DEBUG oslo_service.service [req-2395e1f9-5dbc-4bdf-8785-a8b8632a521c - - - - -] cyborg.insecure = False log_opt_values /usr/lib/python3/dist-packages/oslo_config/cfg.py:2609
2025-11-20 00:39:34.858 155727 DEBUG oslo_service.service [req-2395e1f9-5dbc-4bdf-8785-a8b8632a521c - - - - -] cyborg.keyfile = None log_opt_values /usr/lib/python3/dist-packages/oslo_config/cfg.py:2609
2025-11-20 00:39:34.858 155727 DEBUG oslo_service.service [req-2395e1f9-5dbc-4bdf-8785-a8b8632a521c - - - - -] cyborg.max_version = None log_opt_values /usr/lib/python3/dist-packages/oslo_config/cfg.py:2609
2025-11-20 00:39:34.858 155727 DEBUG oslo_service.service [req-2395e1f9-5dbc-4bdf-8785-a8b8632a521c - - - - -] cyborg.min_version = None log_opt_values /usr/lib/python3/dist-packages/oslo_config/cfg.py:2609
2025-11-20 00:39:34.858 155727 DEBUG oslo_service.service [req-2395e1f9-5dbc-4bdf-8785-a8b8632a521c - - - - -] cyborg.region_name = None log_opt_values /usr/lib/python3/dist-packages/oslo_config/cfg.py:2609
2025-11-20 00:39:34.858 155727 DEBUG oslo_service.service [req-2395e1f9-5dbc-4bdf-8785-a8b8632a521c - - - - -] cyborg.service_name = None log_opt_values /usr/lib/python3/dist-packages/oslo_config/cfg.py:2609
2025-11-20 00:39:34.859 155727 DEBUG oslo_service.service [req-2395e1f9-5dbc-4bdf-8785-a8b8632a521c - - - - -] cyborg.service_type = accelerator log_opt_values /usr/lib/python3/dist-packages/oslo_config/cfg.py:2609
2025-11-20 00:39:34.859 155727 DEBUG oslo_service.service [req-2395e1f9-5dbc-4bdf-8785-a8b8632a521c - - - - -] cyborg.split_loggers = False log_opt_values /usr/lib/python3/dist-packages/oslo_config/cfg.py:2609
2025-11-20 00:39:34.859 155727 DEBUG oslo_service.service [req-2395e1f9-5dbc-4bdf-8785-a8b8632a521c - - - - -] cyborg.status_code_retries = None log_opt_values /usr/lib/python3/dist-packages/oslo_config/cfg.py:2609
2025-11-20 00:39:34.859 155727 DEBUG oslo_service.service [req-2395e1f9-5dbc-4bdf-8785-a8b8632a521c - - - - -] cyborg.status_code_retry_delay = None log_opt_values /usr/lib/python3/dist-packages/oslo_config/cfg.py:2609
2025-11-20 00:39:34.859 155727 DEBUG oslo_service.service [req-2395e1f9-5dbc-4bdf-8785-a8b8632a521c - - - - -] cyborg.timeout = None log_opt_values /usr/lib/python3/dist-packages/oslo_config/cfg.py:2609
2025-11-20 00:39:34.860 155727 DEBUG oslo_service.service [req-2395e1f9-5dbc-4bdf-8785-a8b8632a521c - - - - -] cyborg.valid_interfaces = ['internal', 'public'] log_opt_values /usr/lib/python3/dist-packages/oslo_config/cfg.py:2609
2025-11-20 00:39:34.860 155727 DEBUG oslo_service.service [req-2395e1f9-5dbc-4bdf-8785-a8b8632a521c - - - - -] cyborg.version = None log_opt_values /usr/lib/python3/dist-packages/oslo_config/cfg.py:2609
2025-11-20 00:39:34.860 155727 DEBUG oslo_service.service [req-2395e1f9-5dbc-4bdf-8785-a8b8632a521c - - - - -] database.backend = sqlalchemy log_opt_values /usr/lib/python3/dist-packages/oslo_config/cfg.py:2609
2025-11-20 00:39:34.860 155727 DEBUG oslo_service.service [req-2395e1f9-5dbc-4bdf-8785-a8b8632a521c - - - - -] database.connection = **** log_opt_values /usr/lib/python3/dist-packages/oslo_config/cfg.py:2609
2025-11-20 00:39:34.861 155727 DEBUG oslo_service.service [req-2395e1f9-5dbc-4bdf-8785-a8b8632a521c - - - - -] database.connection_debug = 0 log_opt_values /usr/lib/python3/dist-packages/oslo_config/cfg.py:2609
2025-11-20 00:39:34.861 155727 DEBUG oslo_service.service [req-2395e1f9-5dbc-4bdf-8785-a8b8632a521c - - - - -] database.connection_parameters = log_opt_values /usr/lib/python3/dist-packages/oslo_config/cfg.py:2609
2025-11-20 00:39:34.862 155727 DEBUG oslo_service.service [req-2395e1f9-5dbc-4bdf-8785-a8b8632a521c - - - - -] database.connection_recycle_time = 3600 log_opt_values /usr/lib/python3/dist-packages/oslo_config/cfg.py:2609
2025-11-20 00:39:34.862 155727 DEBUG oslo_service.service [req-2395e1f9-5dbc-4bdf-8785-a8b8632a521c - - - - -] database.connection_trace = False log_opt_values /usr/lib/python3/dist-packages/oslo_config/cfg.py:2609
2025-11-20 00:39:34.862 155727 DEBUG oslo_service.service [req-2395e1f9-5dbc-4bdf-8785-a8b8632a521c - - - - -] database.db_inc_retry_interval = True log_opt_values /usr/lib/python3/dist-packages/oslo_config/cfg.py:2609
2025-11-20 00:39:34.862 155727 DEBUG oslo_service.service [req-2395e1f9-5dbc-4bdf-8785-a8b8632a521c - - - - -] database.db_max_retries = 20 log_opt_values /usr/lib/python3/dist-packages/oslo_config/cfg.py:2609
2025-11-20 00:39:34.862 156449 DEBUG oslo_messaging._drivers.amqpdriver [-] Listener is running poll /usr/lib/python3/dist-packages/oslo_messaging/_drivers/amqpdriver.py:343
2025-11-20 00:39:34.862 155727 DEBUG oslo_service.service [req-2395e1f9-5dbc-4bdf-8785-a8b8632a521c - - - - -] database.db_max_retry_interval = 10 log_opt_values /usr/lib/python3/dist-packages/oslo_config/cfg.py:2609
2025-11-20 00:39:34.863 156449 DEBUG oslo_messaging._drivers.amqpdriver [-] AMQPListener connection consume poll /usr/lib/python3/dist-packages/oslo_messaging/_drivers/amqpdriver.py:357
2025-11-20 00:39:34.863 155727 DEBUG oslo_service.service [req-2395e1f9-5dbc-4bdf-8785-a8b8632a521c - - - - -] database.db_retry_interval = 1 log_opt_values /usr/lib/python3/dist-packages/oslo_config/cfg.py:2609
2025-11-20 00:39:34.863 155727 DEBUG oslo_service.service [req-2395e1f9-5dbc-4bdf-8785-a8b8632a521c - - - - -] database.max_overflow = 50 log_opt_values /usr/lib/python3/dist-packages/oslo_config/cfg.py:2609
2025-11-20 00:39:34.863 155727 DEBUG oslo_service.service [req-2395e1f9-5dbc-4bdf-8785-a8b8632a521c - - - - -] database.max_pool_size = 4 log_opt_values /usr/lib/python3/dist-packages/oslo_config/cfg.py:2609
2025-11-20 00:39:34.863 155727 DEBUG oslo_service.service [req-2395e1f9-5dbc-4bdf-8785-a8b8632a521c - - - - -] database.max_retries = 10 log_opt_values /usr/lib/python3/dist-packages/oslo_config/cfg.py:2609
2025-11-20 00:39:34.863 155727 DEBUG oslo_service.service [req-2395e1f9-5dbc-4bdf-8785-a8b8632a521c - - - - -] database.mysql_enable_ndb = False log_opt_values /usr/lib/python3/dist-packages/oslo_config/cfg.py:2609
2025-11-20 00:39:34.864 155727 DEBUG oslo_service.service [req-2395e1f9-5dbc-4bdf-8785-a8b8632a521c - - - - -] database.mysql_sql_mode = TRADITIONAL log_opt_values /usr/lib/python3/dist-packages/oslo_config/cfg.py:2609
2025-11-20 00:39:34.863 156449 DEBUG nova.service [req-51888c1d-1622-4b78-b6ce-d07c54a43921 - - - - -] Join ServiceGroup membership for this service scheduler start /usr/lib/python3/dist-packages/nova/service.py:199
2025-11-20 00:39:34.864 155727 DEBUG oslo_service.service [req-2395e1f9-5dbc-4bdf-8785-a8b8632a521c - - - - -] database.pool_timeout = None log_opt_values /usr/lib/python3/dist-packages/oslo_config/cfg.py:2609
2025-11-20 00:39:34.864 155727 DEBUG oslo_service.service [req-2395e1f9-5dbc-4bdf-8785-a8b8632a521c - - - - -] database.retry_interval = 10 log_opt_values /usr/lib/python3/dist-packages/oslo_config/cfg.py:2609
2025-11-20 00:39:34.864 156449 DEBUG nova.servicegroup.drivers.db [req-51888c1d-1622-4b78-b6ce-d07c54a43921 - - - - -] DB_Driver: join new ServiceGroup member juju-d64615-0-lxd-7 to the scheduler group, service = join /usr/lib/python3/dist-packages/nova/servicegroup/drivers/db.py:44
2025-11-20 00:39:34.864 155727 DEBUG oslo_service.service [req-2395e1f9-5dbc-4bdf-8785-a8b8632a521c - - - - -] database.slave_connection = **** log_opt_values /usr/lib/python3/dist-packages/oslo_config/cfg.py:2609
2025-11-20 00:39:34.864 155727 DEBUG oslo_service.service [req-2395e1f9-5dbc-4bdf-8785-a8b8632a521c - - - - -] database.sqlite_synchronous = True log_opt_values /usr/lib/python3/dist-packages/oslo_config/cfg.py:2609
2025-11-20 00:39:34.864 155727 DEBUG oslo_service.service [req-2395e1f9-5dbc-4bdf-8785-a8b8632a521c - - - - -] database.use_db_reconnect = False log_opt_values /usr/lib/python3/dist-packages/oslo_config/cfg.py:2609
2025-11-20 00:39:34.865 155727 DEBUG oslo_service.service [req-2395e1f9-5dbc-4bdf-8785-a8b8632a521c - - - - -] api_database.backend = sqlalchemy log_opt_values /usr/lib/python3/dist-packages/oslo_config/cfg.py:2609
2025-11-20 00:39:34.865 155727 DEBUG oslo_service.service [req-2395e1f9-5dbc-4bdf-8785-a8b8632a521c - - - - -] api_database.connection = **** log_opt_values /usr/lib/python3/dist-packages/oslo_config/cfg.py:2609
2025-11-20 00:39:34.865 155727 DEBUG oslo_service.service [req-2395e1f9-5dbc-4bdf-8785-a8b8632a521c - - - - -] api_database.connection_debug = 0 log_opt_values /usr/lib/python3/dist-packages/oslo_config/cfg.py:2609
2025-11-20 00:39:34.865 155727 DEBUG oslo_service.service [req-2395e1f9-5dbc-4bdf-8785-a8b8632a521c - - - - -] api_database.connection_parameters = log_opt_values /usr/lib/python3/dist-packages/oslo_config/cfg.py:2609
2025-11-20 00:39:34.865 155727 DEBUG oslo_service.service [req-2395e1f9-5dbc-4bdf-8785-a8b8632a521c - - - - -] api_database.connection_recycle_time = 3600 log_opt_values /usr/lib/python3/dist-packages/oslo_config/cfg.py:2609
2025-11-20 00:39:34.866 155727 DEBUG oslo_service.service [req-2395e1f9-5dbc-4bdf-8785-a8b8632a521c - - - - -] api_database.connection_trace = False log_opt_values /usr/lib/python3/dist-packages/oslo_config/cfg.py:2609
2025-11-20 00:39:34.866 155727 DEBUG oslo_service.service [req-2395e1f9-5dbc-4bdf-8785-a8b8632a521c - - - - -] api_database.db_inc_retry_interval = True log_opt_values /usr/lib/python3/dist-packages/oslo_config/cfg.py:2609
2025-11-20 00:39:34.866 155727 DEBUG oslo_service.service [req-2395e1f9-5dbc-4bdf-8785-a8b8632a521c - - - - -] api_database.db_max_retries = 20 log_opt_values /usr/lib/python3/dist-packages/oslo_config/cfg.py:2609
2025-11-20 00:39:34.866 155727 DEBUG oslo_service.service [req-2395e1f9-5dbc-4bdf-8785-a8b8632a521c - - - - -] api_database.db_max_retry_interval = 10 log_opt_values /usr/lib/python3/dist-packages/oslo_config/cfg.py:2609
2025-11-20 00:39:34.867 155727 DEBUG oslo_service.service [req-2395e1f9-5dbc-4bdf-8785-a8b8632a521c - - - - -] api_database.db_retry_interval = 1 log_opt_values /usr/lib/python3/dist-packages/oslo_config/cfg.py:2609
2025-11-20 00:39:34.867 156449 DEBUG oslo_messaging._drivers.amqpdriver [-] AMQPListener connection timeout poll /usr/lib/python3/dist-packages/oslo_messaging/_drivers/amqpdriver.py:360
2025-11-20 00:39:34.867 155727 DEBUG oslo_service.service [req-2395e1f9-5dbc-4bdf-8785-a8b8632a521c - - - - -] api_database.max_overflow = 50 log_opt_values /usr/lib/python3/dist-packages/oslo_config/cfg.py:2609
2025-11-20 00:39:34.867 156449 DEBUG oslo_messaging._drivers.amqpdriver [-] Listener is running poll /usr/lib/python3/dist-packages/oslo_messaging/_drivers/amqpdriver.py:343
2025-11-20 00:39:34.867 155727 DEBUG oslo_service.service [req-2395e1f9-5dbc-4bdf-8785-a8b8632a521c - - - - -] api_database.max_pool_size = 4 log_opt_values /usr/lib/python3/dist-packages/oslo_config/cfg.py:2609
2025-11-20 00:39:34.867 156449 DEBUG oslo_messaging._drivers.amqpdriver [-] AMQPListener connection consume poll /usr/lib/python3/dist-packages/oslo_messaging/_drivers/amqpdriver.py:357
2025-11-20 00:39:34.868 155727 DEBUG oslo_service.service [req-2395e1f9-5dbc-4bdf-8785-a8b8632a521c - - - - -] api_database.max_retries = 10 log_opt_values /usr/lib/python3/dist-packages/oslo_config/cfg.py:2609
2025-11-20 00:39:34.868 155727 DEBUG oslo_service.service [req-2395e1f9-5dbc-4bdf-8785-a8b8632a521c - - - - -] api_database.mysql_enable_ndb = False log_opt_values /usr/lib/python3/dist-packages/oslo_config/cfg.py:2609
2025-11-20 00:39:34.868 155727 DEBUG oslo_service.service [req-2395e1f9-5dbc-4bdf-8785-a8b8632a521c - - - - -] api_database.mysql_sql_mode = TRADITIONAL log_opt_values /usr/lib/python3/dist-packages/oslo_config/cfg.py:2609
2025-11-20 00:39:34.868 155727 DEBUG oslo_service.service [req-2395e1f9-5dbc-4bdf-8785-a8b8632a521c - - - - -] api_database.pool_timeout = None log_opt_values /usr/lib/python3/dist-packages/oslo_config/cfg.py:2609
2025-11-20 00:39:34.868 155727 DEBUG oslo_service.service [req-2395e1f9-5dbc-4bdf-8785-a8b8632a521c - - - - -] api_database.retry_interval = 10 log_opt_values /usr/lib/python3/dist-packages/oslo_config/cfg.py:2609
2025-11-20 00:39:34.868 155727 DEBUG oslo_service.service [req-2395e1f9-5dbc-4bdf-8785-a8b8632a521c - - - - -] api_database.slave_connection = **** log_opt_values /usr/lib/python3/dist-packages/oslo_config/cfg.py:2609
2025-11-20 00:39:34.869 155727 DEBUG oslo_service.service [req-2395e1f9-5dbc-4bdf-8785-a8b8632a521c - - - - -] api_database.sqlite_synchronous = True log_opt_values /usr/lib/python3/dist-packages/oslo_config/cfg.py:2609
2025-11-20 00:39:34.869 155727 DEBUG oslo_service.service [req-2395e1f9-5dbc-4bdf-8785-a8b8632a521c - - - - -] devices.enabled_mdev_types = [] log_opt_values /usr/lib/python3/dist-packages/oslo_config/cfg.py:2609
2025-11-20 00:39:34.869 155727 DEBUG oslo_service.service [req-2395e1f9-5dbc-4bdf-8785-a8b8632a521c - - - - -] ephemeral_storage_encryption.cipher = aes-xts-plain64 log_opt_values /usr/lib/python3/dist-packages/oslo_config/cfg.py:2609
2025-11-20 00:39:34.869 155727 DEBUG oslo_service.service [req-2395e1f9-5dbc-4bdf-8785-a8b8632a521c - - - - -] ephemeral_storage_encryption.enabled = False log_opt_values /usr/lib/python3/dist-packages/oslo_config/cfg.py:2609
2025-11-20 00:39:34.869 155727 DEBUG oslo_service.service [req-2395e1f9-5dbc-4bdf-8785-a8b8632a521c - - - - -] ephemeral_storage_encryption.key_size = 512 log_opt_values /usr/lib/python3/dist-packages/oslo_config/cfg.py:2609
2025-11-20 00:39:34.870 155727 WARNING oslo_config.cfg [req-2395e1f9-5dbc-4bdf-8785-a8b8632a521c - - - - -] Deprecated: Option "api_servers" from group "glance" is deprecated for removal ( Support for image service configuration via standard keystoneauth1 Adapter options was added in the 17.0.0 Queens release. The api_servers option was retained temporarily to allow consumers time to cut over to a real load balancing solution. ). Its value may be silently ignored in the future.
2025-11-20 00:39:34.870 155727 DEBUG oslo_service.service [req-2395e1f9-5dbc-4bdf-8785-a8b8632a521c - - - - -] glance.api_servers = ['http://252.131.128.94:9292'] log_opt_values /usr/lib/python3/dist-packages/oslo_config/cfg.py:2609
2025-11-20 00:39:34.870 155727 DEBUG oslo_service.service [req-2395e1f9-5dbc-4bdf-8785-a8b8632a521c - - - - -] glance.cafile = None log_opt_values /usr/lib/python3/dist-packages/oslo_config/cfg.py:2609
2025-11-20 00:39:34.871 155727 DEBUG oslo_service.service [req-2395e1f9-5dbc-4bdf-8785-a8b8632a521c - - - - -] glance.certfile = None log_opt_values /usr/lib/python3/dist-packages/oslo_config/cfg.py:2609
2025-11-20 00:39:34.871 155727 DEBUG oslo_service.service [req-2395e1f9-5dbc-4bdf-8785-a8b8632a521c - - - - -] glance.collect_timing = False log_opt_values /usr/lib/python3/dist-packages/oslo_config/cfg.py:2609
2025-11-20 00:39:34.871 155727 DEBUG oslo_service.service [req-2395e1f9-5dbc-4bdf-8785-a8b8632a521c - - - - -] glance.connect_retries = None log_opt_values /usr/lib/python3/dist-packages/oslo_config/cfg.py:2609
2025-11-20 00:39:34.872 155727 DEBUG oslo_service.service [req-2395e1f9-5dbc-4bdf-8785-a8b8632a521c - - - - -] glance.connect_retry_delay = None log_opt_values /usr/lib/python3/dist-packages/oslo_config/cfg.py:2609
2025-11-20 00:39:34.872 155727 DEBUG oslo_service.service [req-2395e1f9-5dbc-4bdf-8785-a8b8632a521c - - - - -] glance.debug = False log_opt_values /usr/lib/python3/dist-packages/oslo_config/cfg.py:2609
2025-11-20 00:39:34.872 155727 DEBUG oslo_service.service [req-2395e1f9-5dbc-4bdf-8785-a8b8632a521c - - - - -] glance.default_trusted_certificate_ids = [] log_opt_values /usr/lib/python3/dist-packages/oslo_config/cfg.py:2609
2025-11-20 00:39:34.872 155727 DEBUG oslo_service.service [req-2395e1f9-5dbc-4bdf-8785-a8b8632a521c - - - - -] glance.enable_certificate_validation = False log_opt_values /usr/lib/python3/dist-packages/oslo_config/cfg.py:2609
2025-11-20 00:39:34.873 155727 DEBUG oslo_service.service [req-2395e1f9-5dbc-4bdf-8785-a8b8632a521c - - - - -] glance.enable_rbd_download = False log_opt_values /usr/lib/python3/dist-packages/oslo_config/cfg.py:2609
2025-11-20 00:39:34.873 155727 DEBUG oslo_service.service [req-2395e1f9-5dbc-4bdf-8785-a8b8632a521c - - - - -] glance.endpoint_override = None log_opt_values /usr/lib/python3/dist-packages/oslo_config/cfg.py:2609
2025-11-20 00:39:34.873 155727 DEBUG oslo_service.service [req-2395e1f9-5dbc-4bdf-8785-a8b8632a521c - - - - -] glance.insecure = False log_opt_values /usr/lib/python3/dist-packages/oslo_config/cfg.py:2609
2025-11-20 00:39:34.873 155727 DEBUG oslo_service.service [req-2395e1f9-5dbc-4bdf-8785-a8b8632a521c - - - - -] glance.keyfile = None log_opt_values /usr/lib/python3/dist-packages/oslo_config/cfg.py:2609
2025-11-20 00:39:34.874 155727 DEBUG oslo_service.service [req-2395e1f9-5dbc-4bdf-8785-a8b8632a521c - - - - -] glance.max_version = None log_opt_values /usr/lib/python3/dist-packages/oslo_config/cfg.py:2609
2025-11-20 00:39:34.874 155727 DEBUG oslo_service.service [req-2395e1f9-5dbc-4bdf-8785-a8b8632a521c - - - - -] glance.min_version = None log_opt_values /usr/lib/python3/dist-packages/oslo_config/cfg.py:2609
2025-11-20 00:39:34.874 155727 DEBUG oslo_service.service [req-2395e1f9-5dbc-4bdf-8785-a8b8632a521c - - - - -] glance.num_retries = 3 log_opt_values /usr/lib/python3/dist-packages/oslo_config/cfg.py:2609
2025-11-20 00:39:34.874 155727 DEBUG oslo_service.service [req-2395e1f9-5dbc-4bdf-8785-a8b8632a521c - - - - -] glance.rbd_ceph_conf = log_opt_values /usr/lib/python3/dist-packages/oslo_config/cfg.py:2609
2025-11-20 00:39:34.874 155727 DEBUG oslo_service.service [req-2395e1f9-5dbc-4bdf-8785-a8b8632a521c - - - - -] glance.rbd_connect_timeout = 5 log_opt_values /usr/lib/python3/dist-packages/oslo_config/cfg.py:2609
2025-11-20 00:39:34.874 155727 DEBUG oslo_service.service [req-2395e1f9-5dbc-4bdf-8785-a8b8632a521c - - - - -] glance.rbd_pool = log_opt_values /usr/lib/python3/dist-packages/oslo_config/cfg.py:2609
2025-11-20 00:39:34.875 155727 DEBUG oslo_service.service [req-2395e1f9-5dbc-4bdf-8785-a8b8632a521c - - - - -] glance.rbd_user = log_opt_values /usr/lib/python3/dist-packages/oslo_config/cfg.py:2609
2025-11-20 00:39:34.875 155727 DEBUG oslo_service.service [req-2395e1f9-5dbc-4bdf-8785-a8b8632a521c - - - - -] glance.region_name = None log_opt_values /usr/lib/python3/dist-packages/oslo_config/cfg.py:2609
2025-11-20 00:39:34.875 155727 DEBUG oslo_service.service [req-2395e1f9-5dbc-4bdf-8785-a8b8632a521c - - - - -] glance.service_name = None log_opt_values /usr/lib/python3/dist-packages/oslo_config/cfg.py:2609
