2025-11-20 00:41:45.474 178456 DEBUG oslo_messaging._drivers.amqpdriver [-] AMQPListener connection consume poll /usr/lib/python3/dist-packages/oslo_messaging/_drivers/amqpdriver.py:357
2025-11-20 00:41:45.489 178457 DEBUG oslo_messaging._drivers.amqpdriver [-] AMQPListener connection timeout poll /usr/lib/python3/dist-packages/oslo_messaging/_drivers/amqpdriver.py:360
2025-11-20 00:41:45.489 178457 DEBUG oslo_messaging._drivers.amqpdriver [-] Listener is running poll /usr/lib/python3/dist-packages/oslo_messaging/_drivers/amqpdriver.py:343
2025-11-20 00:41:45.489 178457 DEBUG oslo_messaging._drivers.amqpdriver [-] AMQPListener connection consume poll /usr/lib/python3/dist-packages/oslo_messaging/_drivers/amqpdriver.py:357
2025-11-20 00:41:45.498 178463 DEBUG oslo_messaging._drivers.amqpdriver [-] AMQPListener connection timeout poll /usr/lib/python3/dist-packages/oslo_messaging/_drivers/amqpdriver.py:360
2025-11-20 00:41:45.498 178463 DEBUG oslo_messaging._drivers.amqpdriver [-] Listener is running poll /usr/lib/python3/dist-packages/oslo_messaging/_drivers/amqpdriver.py:343
2025-11-20 00:41:45.499 178463 DEBUG oslo_messaging._drivers.amqpdriver [-] AMQPListener connection consume poll /usr/lib/python3/dist-packages/oslo_messaging/_drivers/amqpdriver.py:357
2025-11-20 00:41:45.526 178464 DEBUG oslo_messaging._drivers.amqpdriver [-] AMQPListener connection timeout poll /usr/lib/python3/dist-packages/oslo_messaging/_drivers/amqpdriver.py:360
2025-11-20 00:41:45.526 178464 DEBUG oslo_messaging._drivers.amqpdriver [-] Listener is running poll /usr/lib/python3/dist-packages/oslo_messaging/_drivers/amqpdriver.py:343
2025-11-20 00:41:45.526 178464 DEBUG oslo_messaging._drivers.amqpdriver [-] AMQPListener connection consume poll /usr/lib/python3/dist-packages/oslo_messaging/_drivers/amqpdriver.py:357
2025-11-20 00:41:51.172 178053 INFO oslo_service.service [req-4129e81d-6288-448e-a603-e1f583e4def4 - - - - -] Caught SIGTERM, stopping children
2025-11-20 00:41:51.173 178053 DEBUG oslo_concurrency.lockutils [req-4129e81d-6288-448e-a603-e1f583e4def4 - - - - -] Acquired lock "singleton_lock" lock /usr/lib/python3/dist-packages/oslo_concurrency/lockutils.py:294
2025-11-20 00:41:51.173 178053 DEBUG oslo_concurrency.lockutils [req-4129e81d-6288-448e-a603-e1f583e4def4 - - - - -] Releasing lock "singleton_lock" lock /usr/lib/python3/dist-packages/oslo_concurrency/lockutils.py:312
2025-11-20 00:41:51.174 178053 DEBUG oslo_service.service [req-4129e81d-6288-448e-a603-e1f583e4def4 - - - - -] Stop services. stop /usr/lib/python3/dist-packages/oslo_service/service.py:695
2025-11-20 00:41:51.174 178053 DEBUG oslo_service.service [req-4129e81d-6288-448e-a603-e1f583e4def4 - - - - -] Killing children. stop /usr/lib/python3/dist-packages/oslo_service/service.py:700
2025-11-20 00:41:51.174 178053 INFO oslo_service.service [req-4129e81d-6288-448e-a603-e1f583e4def4 - - - - -] Waiting on 4 children to exit
2025-11-20 00:41:51.180 178053 INFO oslo_service.service [req-4129e81d-6288-448e-a603-e1f583e4def4 - - - - -] Child 178456 killed by signal 15
2025-11-20 00:41:51.181 178053 INFO oslo_service.service [req-4129e81d-6288-448e-a603-e1f583e4def4 - - - - -] Child 178463 killed by signal 15
2025-11-20 00:41:51.182 178053 INFO oslo_service.service [req-4129e81d-6288-448e-a603-e1f583e4def4 - - - - -] Child 178457 killed by signal 15
2025-11-20 00:41:51.183 178053 INFO oslo_service.service [req-4129e81d-6288-448e-a603-e1f583e4def4 - - - - -] Child 178464 killed by signal 15
2025-11-20 00:41:52.839 183031 DEBUG oslo_db.sqlalchemy.engines [req-5b4a7525-fae3-4e82-8048-7919802fdd6e - - - - -] MySQL server mode set to STRICT_TRANS_TABLES,STRICT_ALL_TABLES,NO_ZERO_IN_DATE,NO_ZERO_DATE,ERROR_FOR_DIVISION_BY_ZERO,TRADITIONAL,NO_ENGINE_SUBSTITUTION _check_effective_sql_mode /usr/lib/python3/dist-packages/oslo_db/sqlalchemy/engines.py:314
2025-11-20 00:41:52.870 183031 DEBUG nova.scheduler.host_manager [req-5b4a7525-fae3-4e82-8048-7919802fdd6e - - - - -] Found 1 cells: 9363e70d-b7ad-4a61-b1eb-83aee35db2f3 refresh_cells_caches /usr/lib/python3/dist-packages/nova/scheduler/host_manager.py:730
2025-11-20 00:41:52.871 183031 DEBUG nova.scheduler.host_manager [req-5b4a7525-fae3-4e82-8048-7919802fdd6e - - - - -] Found 0 disabled cells: refresh_cells_caches /usr/lib/python3/dist-packages/nova/scheduler/host_manager.py:742
2025-11-20 00:41:52.876 183031 WARNING nova.scheduler.filters.availability_zone_filter [req-5b4a7525-fae3-4e82-8048-7919802fdd6e - - - - -] The 'AvailabilityZoneFilter' is deprecated since the 24.0.0 (Xena) release. Since the 18.0.0 (Rocky) release, nova has supported mapping AZs to placement aggregates. The feature is enabled by the 'query_placement_for_availability_zone' config option and is now enabled by default. As such, the 'AvailabilityZoneFilter' is no longer required. Nova is currently configured to use both placement and the AvailabilityZoneFilter for AZ enforcement.
2025-11-20 00:41:52.968 183031 DEBUG nova.scheduler.host_manager [req-5b4a7525-fae3-4e82-8048-7919802fdd6e - - - - -] START:_async_init_instance_info _async_init_instance_info /usr/lib/python3/dist-packages/nova/scheduler/host_manager.py:411
2025-11-20 00:41:52.971 183031 DEBUG oslo_concurrency.lockutils [req-e730f6d7-2de1-4862-a25a-d22d0a2111a0 - - - - -] Lock "9363e70d-b7ad-4a61-b1eb-83aee35db2f3" acquired by "nova.context.set_target_cell..get_or_set_cached_cell_and_set_connections" :: waited 0.000s inner /usr/lib/python3/dist-packages/oslo_concurrency/lockutils.py:386
2025-11-20 00:41:52.972 183031 DEBUG oslo_concurrency.lockutils [req-e730f6d7-2de1-4862-a25a-d22d0a2111a0 - - - - -] Lock "9363e70d-b7ad-4a61-b1eb-83aee35db2f3" "released" by "nova.context.set_target_cell..get_or_set_cached_cell_and_set_connections" :: held 0.001s inner /usr/lib/python3/dist-packages/oslo_concurrency/lockutils.py:400
2025-11-20 00:41:52.980 183031 DEBUG oslo_db.sqlalchemy.engines [req-e730f6d7-2de1-4862-a25a-d22d0a2111a0 - - - - -] MySQL server mode set to STRICT_TRANS_TABLES,STRICT_ALL_TABLES,NO_ZERO_IN_DATE,NO_ZERO_DATE,ERROR_FOR_DIVISION_BY_ZERO,TRADITIONAL,NO_ENGINE_SUBSTITUTION _check_effective_sql_mode /usr/lib/python3/dist-packages/oslo_db/sqlalchemy/engines.py:314
2025-11-20 00:41:52.995 183031 DEBUG nova.scheduler.host_manager [req-e730f6d7-2de1-4862-a25a-d22d0a2111a0 - - - - -] Total number of compute nodes: 0 _async_init_instance_info /usr/lib/python3/dist-packages/nova/scheduler/host_manager.py:424
2025-11-20 00:41:52.996 183031 DEBUG oslo_concurrency.lockutils [req-e730f6d7-2de1-4862-a25a-d22d0a2111a0 - - - - -] Lock "9363e70d-b7ad-4a61-b1eb-83aee35db2f3" acquired by "nova.context.set_target_cell..get_or_set_cached_cell_and_set_connections" :: waited 0.000s inner /usr/lib/python3/dist-packages/oslo_concurrency/lockutils.py:386
2025-11-20 00:41:52.997 183031 DEBUG oslo_concurrency.lockutils [req-e730f6d7-2de1-4862-a25a-d22d0a2111a0 - - - - -] Lock "9363e70d-b7ad-4a61-b1eb-83aee35db2f3" "released" by "nova.context.set_target_cell..get_or_set_cached_cell_and_set_connections" :: held 0.000s inner /usr/lib/python3/dist-packages/oslo_concurrency/lockutils.py:400
2025-11-20 00:41:53.063 183031 DEBUG nova.scheduler.host_manager [req-e730f6d7-2de1-4862-a25a-d22d0a2111a0 - - - - -] Adding 0 instances for hosts 10-20 _async_init_instance_info /usr/lib/python3/dist-packages/nova/scheduler/host_manager.py:443
2025-11-20 00:41:53.063 183031 DEBUG nova.scheduler.host_manager [req-e730f6d7-2de1-4862-a25a-d22d0a2111a0 - - - - -] END:_async_init_instance_info _async_init_instance_info /usr/lib/python3/dist-packages/nova/scheduler/host_manager.py:454
2025-11-20 00:41:53.282 183031 DEBUG nova.context [req-5b4a7525-fae3-4e82-8048-7919802fdd6e - - - - -] Found 2 cells: 00000000-0000-0000-0000-000000000000(cell0),9363e70d-b7ad-4a61-b1eb-83aee35db2f3(cell1) load_cells /usr/lib/python3/dist-packages/nova/context.py:464
2025-11-20 00:41:53.283 183031 DEBUG oslo_concurrency.lockutils [req-cd7ed4de-4600-4789-9483-94d4ab160da9 - - - - -] Lock "00000000-0000-0000-0000-000000000000" acquired by "nova.context.set_target_cell..get_or_set_cached_cell_and_set_connections" :: waited 0.000s inner /usr/lib/python3/dist-packages/oslo_concurrency/lockutils.py:386
2025-11-20 00:41:53.283 183031 DEBUG oslo_concurrency.lockutils [req-cd7ed4de-4600-4789-9483-94d4ab160da9 - - - - -] Lock "00000000-0000-0000-0000-000000000000" "released" by "nova.context.set_target_cell..get_or_set_cached_cell_and_set_connections" :: held 0.001s inner /usr/lib/python3/dist-packages/oslo_concurrency/lockutils.py:400
2025-11-20 00:41:53.284 183031 DEBUG oslo_concurrency.lockutils [req-cd7ed4de-4600-4789-9483-94d4ab160da9 - - - - -] Lock "9363e70d-b7ad-4a61-b1eb-83aee35db2f3" acquired by "nova.context.set_target_cell..get_or_set_cached_cell_and_set_connections" :: waited 0.000s inner /usr/lib/python3/dist-packages/oslo_concurrency/lockutils.py:386
2025-11-20 00:41:53.284 183031 DEBUG oslo_concurrency.lockutils [req-cd7ed4de-4600-4789-9483-94d4ab160da9 - - - - -] Lock "9363e70d-b7ad-4a61-b1eb-83aee35db2f3" "released" by "nova.context.set_target_cell..get_or_set_cached_cell_and_set_connections" :: held 0.000s inner /usr/lib/python3/dist-packages/oslo_concurrency/lockutils.py:400
2025-11-20 00:41:53.305 183031 DEBUG oslo_db.sqlalchemy.engines [req-cd7ed4de-4600-4789-9483-94d4ab160da9 - - - - -] MySQL server mode set to STRICT_TRANS_TABLES,STRICT_ALL_TABLES,NO_ZERO_IN_DATE,NO_ZERO_DATE,ERROR_FOR_DIVISION_BY_ZERO,TRADITIONAL,NO_ENGINE_SUBSTITUTION _check_effective_sql_mode /usr/lib/python3/dist-packages/oslo_db/sqlalchemy/engines.py:314
2025-11-20 00:41:53.338 183031 DEBUG oslo_concurrency.lockutils [req-cd7ed4de-4600-4789-9483-94d4ab160da9 - - - - -] Acquired lock "singleton_lock" lock /usr/lib/python3/dist-packages/oslo_concurrency/lockutils.py:294
2025-11-20 00:41:53.339 183031 DEBUG oslo_concurrency.lockutils [req-cd7ed4de-4600-4789-9483-94d4ab160da9 - - - - -] Releasing lock "singleton_lock" lock /usr/lib/python3/dist-packages/oslo_concurrency/lockutils.py:312
2025-11-20 00:41:53.339 183031 INFO oslo_service.service [req-cd7ed4de-4600-4789-9483-94d4ab160da9 - - - - -] Starting 4 workers
2025-11-20 00:41:53.344 183031 DEBUG oslo_service.service [req-cd7ed4de-4600-4789-9483-94d4ab160da9 - - - - -] Started child 183336 _start_child /usr/lib/python3/dist-packages/oslo_service/service.py:575
2025-11-20 00:41:53.348 183336 INFO nova.service [-] Starting scheduler node (version 25.2.1)
2025-11-20 00:41:53.349 183031 DEBUG oslo_service.service [req-cd7ed4de-4600-4789-9483-94d4ab160da9 - - - - -] Started child 183337 _start_child /usr/lib/python3/dist-packages/oslo_service/service.py:575
2025-11-20 00:41:53.354 183337 INFO nova.service [-] Starting scheduler node (version 25.2.1)
2025-11-20 00:41:53.355 183031 DEBUG oslo_service.service [req-cd7ed4de-4600-4789-9483-94d4ab160da9 - - - - -] Started child 183338 _start_child /usr/lib/python3/dist-packages/oslo_service/service.py:575
2025-11-20 00:41:53.359 183338 INFO nova.service [-] Starting scheduler node (version 25.2.1)
2025-11-20 00:41:53.361 183336 DEBUG oslo_db.sqlalchemy.engines [req-ba7919ef-c387-4006-b526-04bd568b9895 - - - - -] MySQL server mode set to STRICT_TRANS_TABLES,STRICT_ALL_TABLES,NO_ZERO_IN_DATE,NO_ZERO_DATE,ERROR_FOR_DIVISION_BY_ZERO,TRADITIONAL,NO_ENGINE_SUBSTITUTION _check_effective_sql_mode /usr/lib/python3/dist-packages/oslo_db/sqlalchemy/engines.py:314
2025-11-20 00:41:53.361 183031 DEBUG oslo_service.service [req-cd7ed4de-4600-4789-9483-94d4ab160da9 - - - - -] Started child 183339 _start_child /usr/lib/python3/dist-packages/oslo_service/service.py:575
2025-11-20 00:41:53.364 183031 DEBUG oslo_service.service [req-cd7ed4de-4600-4789-9483-94d4ab160da9 - - - - -] Full set of CONF: wait /usr/lib/python3/dist-packages/oslo_service/service.py:649
2025-11-20 00:41:53.367 183031 DEBUG oslo_service.service [req-cd7ed4de-4600-4789-9483-94d4ab160da9 - - - - -] ******************************************************************************** log_opt_values /usr/lib/python3/dist-packages/oslo_config/cfg.py:2589
2025-11-20 00:41:53.367 183031 DEBUG oslo_service.service [req-cd7ed4de-4600-4789-9483-94d4ab160da9 - - - - -] Configuration options gathered from: log_opt_values /usr/lib/python3/dist-packages/oslo_config/cfg.py:2590
2025-11-20 00:41:53.367 183337 DEBUG oslo_db.sqlalchemy.engines [req-5111735c-90bb-4b1a-9059-3133b1b89b34 - - - - -] MySQL server mode set to STRICT_TRANS_TABLES,STRICT_ALL_TABLES,NO_ZERO_IN_DATE,NO_ZERO_DATE,ERROR_FOR_DIVISION_BY_ZERO,TRADITIONAL,NO_ENGINE_SUBSTITUTION _check_effective_sql_mode /usr/lib/python3/dist-packages/oslo_db/sqlalchemy/engines.py:314
2025-11-20 00:41:53.367 183031 DEBUG oslo_service.service [req-cd7ed4de-4600-4789-9483-94d4ab160da9 - - - - -] command line args: ['--config-file=/etc/nova/nova.conf', '--log-file=/var/log/nova/nova-scheduler.log'] log_opt_values /usr/lib/python3/dist-packages/oslo_config/cfg.py:2591
2025-11-20 00:41:53.368 183031 DEBUG oslo_service.service [req-cd7ed4de-4600-4789-9483-94d4ab160da9 - - - - -] config files: ['/etc/nova/nova.conf'] log_opt_values /usr/lib/python3/dist-packages/oslo_config/cfg.py:2592
2025-11-20 00:41:53.370 183031 DEBUG oslo_service.service [req-cd7ed4de-4600-4789-9483-94d4ab160da9 - - - - -] ================================================================================ log_opt_values /usr/lib/python3/dist-packages/oslo_config/cfg.py:2594
2025-11-20 00:41:53.372 183031 DEBUG oslo_service.service [req-cd7ed4de-4600-4789-9483-94d4ab160da9 - - - - -] allow_resize_to_same_host = False log_opt_values /usr/lib/python3/dist-packages/oslo_config/cfg.py:2602
2025-11-20 00:41:53.372 183031 DEBUG oslo_service.service [req-cd7ed4de-4600-4789-9483-94d4ab160da9 - - - - -] arq_binding_timeout = 300 log_opt_values /usr/lib/python3/dist-packages/oslo_config/cfg.py:2602
2025-11-20 00:41:53.372 183031 DEBUG oslo_service.service [req-cd7ed4de-4600-4789-9483-94d4ab160da9 - - - - -] block_device_allocate_retries = 60 log_opt_values /usr/lib/python3/dist-packages/oslo_config/cfg.py:2602
2025-11-20 00:41:53.372 183338 DEBUG oslo_db.sqlalchemy.engines [req-8f30986a-1b9b-4113-99d5-cd381317d26b - - - - -] MySQL server mode set to STRICT_TRANS_TABLES,STRICT_ALL_TABLES,NO_ZERO_IN_DATE,NO_ZERO_DATE,ERROR_FOR_DIVISION_BY_ZERO,TRADITIONAL,NO_ENGINE_SUBSTITUTION _check_effective_sql_mode /usr/lib/python3/dist-packages/oslo_db/sqlalchemy/engines.py:314
2025-11-20 00:41:53.373 183031 DEBUG oslo_service.service [req-cd7ed4de-4600-4789-9483-94d4ab160da9 - - - - -] block_device_allocate_retries_interval = 3 log_opt_values /usr/lib/python3/dist-packages/oslo_config/cfg.py:2602
2025-11-20 00:41:53.373 183031 DEBUG oslo_service.service [req-cd7ed4de-4600-4789-9483-94d4ab160da9 - - - - -] cert = self.pem log_opt_values /usr/lib/python3/dist-packages/oslo_config/cfg.py:2602
2025-11-20 00:41:53.372 183339 INFO nova.service [-] Starting scheduler node (version 25.2.1)
2025-11-20 00:41:53.373 183031 DEBUG oslo_service.service [req-cd7ed4de-4600-4789-9483-94d4ab160da9 - - - - -] compute_driver = libvirt.LibvirtDriver log_opt_values /usr/lib/python3/dist-packages/oslo_config/cfg.py:2602
2025-11-20 00:41:53.374 183031 DEBUG oslo_service.service [req-cd7ed4de-4600-4789-9483-94d4ab160da9 - - - - -] compute_monitors = [] log_opt_values /usr/lib/python3/dist-packages/oslo_config/cfg.py:2602
2025-11-20 00:41:53.374 183031 DEBUG oslo_service.service [req-cd7ed4de-4600-4789-9483-94d4ab160da9 - - - - -] config_dir = [] log_opt_values /usr/lib/python3/dist-packages/oslo_config/cfg.py:2602
2025-11-20 00:41:53.374 183031 DEBUG oslo_service.service [req-cd7ed4de-4600-4789-9483-94d4ab160da9 - - - - -] config_drive_format = iso9660 log_opt_values /usr/lib/python3/dist-packages/oslo_config/cfg.py:2602
2025-11-20 00:41:53.375 183031 DEBUG oslo_service.service [req-cd7ed4de-4600-4789-9483-94d4ab160da9 - - - - -] config_file = ['/etc/nova/nova.conf'] log_opt_values /usr/lib/python3/dist-packages/oslo_config/cfg.py:2602
2025-11-20 00:41:53.375 183031 DEBUG oslo_service.service [req-cd7ed4de-4600-4789-9483-94d4ab160da9 - - - - -] config_source = [] log_opt_values /usr/lib/python3/dist-packages/oslo_config/cfg.py:2602
2025-11-20 00:41:53.375 183031 DEBUG oslo_service.service [req-cd7ed4de-4600-4789-9483-94d4ab160da9 - - - - -] console_host = juju-d64615-0-lxd-7 log_opt_values /usr/lib/python3/dist-packages/oslo_config/cfg.py:2602
2025-11-20 00:41:53.376 183031 DEBUG oslo_service.service [req-cd7ed4de-4600-4789-9483-94d4ab160da9 - - - - -] control_exchange = nova log_opt_values /usr/lib/python3/dist-packages/oslo_config/cfg.py:2602
2025-11-20 00:41:53.376 183031 DEBUG oslo_service.service [req-cd7ed4de-4600-4789-9483-94d4ab160da9 - - - - -] cpu_allocation_ratio = 2.0 log_opt_values /usr/lib/python3/dist-packages/oslo_config/cfg.py:2602
2025-11-20 00:41:53.376 183031 DEBUG oslo_service.service [req-cd7ed4de-4600-4789-9483-94d4ab160da9 - - - - -] daemon = False log_opt_values /usr/lib/python3/dist-packages/oslo_config/cfg.py:2602
2025-11-20 00:41:53.377 183031 DEBUG oslo_service.service [req-cd7ed4de-4600-4789-9483-94d4ab160da9 - - - - -] debug = True log_opt_values /usr/lib/python3/dist-packages/oslo_config/cfg.py:2602
2025-11-20 00:41:53.377 183031 DEBUG oslo_service.service [req-cd7ed4de-4600-4789-9483-94d4ab160da9 - - - - -] default_access_ip_network_name = None log_opt_values /usr/lib/python3/dist-packages/oslo_config/cfg.py:2602
2025-11-20 00:41:53.377 183031 DEBUG oslo_service.service [req-cd7ed4de-4600-4789-9483-94d4ab160da9 - - - - -] default_availability_zone = nova log_opt_values /usr/lib/python3/dist-packages/oslo_config/cfg.py:2602
2025-11-20 00:41:53.377 183031 DEBUG oslo_service.service [req-cd7ed4de-4600-4789-9483-94d4ab160da9 - - - - -] default_ephemeral_format = None log_opt_values /usr/lib/python3/dist-packages/oslo_config/cfg.py:2602
2025-11-20 00:41:53.377 183031 DEBUG oslo_service.service [req-cd7ed4de-4600-4789-9483-94d4ab160da9 - - - - -] default_log_levels = ['amqp=WARN', 'amqplib=WARN', 'boto=WARN', 'qpid=WARN', 'sqlalchemy=WARN', 'suds=INFO', 'oslo.messaging=INFO', 'oslo_messaging=DEBUG', 'iso8601=WARN', 'requests.packages.urllib3.connectionpool=WARN', 'urllib3.connectionpool=WARN', 'websocket=WARN', 'requests.packages.urllib3.util.retry=WARN', 'urllib3.util.retry=WARN', 'keystonemiddleware=WARN', 'routes.middleware=WARN', 'stevedore=WARN', 'taskflow=WARN', 'keystoneauth=WARN', 'oslo.cache=INFO', 'dogpile.core.dogpile=INFO', 'glanceclient=WARN', 'oslo.privsep.daemon=INFO'] log_opt_values /usr/lib/python3/dist-packages/oslo_config/cfg.py:2602
2025-11-20 00:41:53.378 183031 DEBUG oslo_service.service [req-cd7ed4de-4600-4789-9483-94d4ab160da9 - - - - -] default_schedule_zone = None log_opt_values /usr/lib/python3/dist-packages/oslo_config/cfg.py:2602
2025-11-20 00:41:53.378 183031 DEBUG oslo_service.service [req-cd7ed4de-4600-4789-9483-94d4ab160da9 - - - - -] disk_allocation_ratio = 1.0 log_opt_values /usr/lib/python3/dist-packages/oslo_config/cfg.py:2602
2025-11-20 00:41:53.378 183031 DEBUG oslo_service.service [req-cd7ed4de-4600-4789-9483-94d4ab160da9 - - - - -] enable_new_services = True log_opt_values /usr/lib/python3/dist-packages/oslo_config/cfg.py:2602
2025-11-20 00:41:53.378 183031 DEBUG oslo_service.service [req-cd7ed4de-4600-4789-9483-94d4ab160da9 - - - - -] enabled_apis = ['osapi_compute', 'metadata'] log_opt_values /usr/lib/python3/dist-packages/oslo_config/cfg.py:2602
2025-11-20 00:41:53.378 183031 DEBUG oslo_service.service [req-cd7ed4de-4600-4789-9483-94d4ab160da9 - - - - -] enabled_ssl_apis = [] log_opt_values /usr/lib/python3/dist-packages/oslo_config/cfg.py:2602
2025-11-20 00:41:53.379 183031 DEBUG oslo_service.service [req-cd7ed4de-4600-4789-9483-94d4ab160da9 - - - - -] fatal_deprecations = False log_opt_values /usr/lib/python3/dist-packages/oslo_config/cfg.py:2602
2025-11-20 00:41:53.379 183031 DEBUG oslo_service.service [req-cd7ed4de-4600-4789-9483-94d4ab160da9 - - - - -] flat_injected = False log_opt_values /usr/lib/python3/dist-packages/oslo_config/cfg.py:2602
2025-11-20 00:41:53.379 183031 DEBUG oslo_service.service [req-cd7ed4de-4600-4789-9483-94d4ab160da9 - - - - -] force_config_drive = False log_opt_values /usr/lib/python3/dist-packages/oslo_config/cfg.py:2602
2025-11-20 00:41:53.380 183031 DEBUG oslo_service.service [req-cd7ed4de-4600-4789-9483-94d4ab160da9 - - - - -] force_raw_images = True log_opt_values /usr/lib/python3/dist-packages/oslo_config/cfg.py:2602
2025-11-20 00:41:53.380 183031 DEBUG oslo_service.service [req-cd7ed4de-4600-4789-9483-94d4ab160da9 - - - - -] graceful_shutdown_timeout = 60 log_opt_values /usr/lib/python3/dist-packages/oslo_config/cfg.py:2602
2025-11-20 00:41:53.380 183031 DEBUG oslo_service.service [req-cd7ed4de-4600-4789-9483-94d4ab160da9 - - - - -] heal_instance_info_cache_interval = 60 log_opt_values /usr/lib/python3/dist-packages/oslo_config/cfg.py:2602
2025-11-20 00:41:53.380 183031 DEBUG oslo_service.service [req-cd7ed4de-4600-4789-9483-94d4ab160da9 - - - - -] host = juju-d64615-0-lxd-7 log_opt_values /usr/lib/python3/dist-packages/oslo_config/cfg.py:2602
2025-11-20 00:41:53.381 183031 DEBUG oslo_service.service [req-cd7ed4de-4600-4789-9483-94d4ab160da9 - - - - -] initial_cpu_allocation_ratio = 16.0 log_opt_values /usr/lib/python3/dist-packages/oslo_config/cfg.py:2602
2025-11-20 00:41:53.381 183031 DEBUG oslo_service.service [req-cd7ed4de-4600-4789-9483-94d4ab160da9 - - - - -] initial_disk_allocation_ratio = 1.0 log_opt_values /usr/lib/python3/dist-packages/oslo_config/cfg.py:2602
2025-11-20 00:41:53.381 183031 DEBUG oslo_service.service [req-cd7ed4de-4600-4789-9483-94d4ab160da9 - - - - -] initial_ram_allocation_ratio = 1.5 log_opt_values /usr/lib/python3/dist-packages/oslo_config/cfg.py:2602
2025-11-20 00:41:53.381 183031 DEBUG oslo_service.service [req-cd7ed4de-4600-4789-9483-94d4ab160da9 - - - - -] injected_network_template = /usr/lib/python3/dist-packages/nova/virt/interfaces.template log_opt_values /usr/lib/python3/dist-packages/oslo_config/cfg.py:2602
2025-11-20 00:41:53.382 183031 DEBUG oslo_service.service [req-cd7ed4de-4600-4789-9483-94d4ab160da9 - - - - -] instance_build_timeout = 0 log_opt_values /usr/lib/python3/dist-packages/oslo_config/cfg.py:2602
2025-11-20 00:41:53.382 183031 DEBUG oslo_service.service [req-cd7ed4de-4600-4789-9483-94d4ab160da9 - - - - -] instance_delete_interval = 300 log_opt_values /usr/lib/python3/dist-packages/oslo_config/cfg.py:2602
2025-11-20 00:41:53.382 183031 DEBUG oslo_service.service [req-cd7ed4de-4600-4789-9483-94d4ab160da9 - - - - -] instance_format = [instance: %(uuid)s] log_opt_values /usr/lib/python3/dist-packages/oslo_config/cfg.py:2602
2025-11-20 00:41:53.382 183031 DEBUG oslo_service.service [req-cd7ed4de-4600-4789-9483-94d4ab160da9 - - - - -] instance_name_template = instance-%08x log_opt_values /usr/lib/python3/dist-packages/oslo_config/cfg.py:2602
2025-11-20 00:41:53.382 183031 DEBUG oslo_service.service [req-cd7ed4de-4600-4789-9483-94d4ab160da9 - - - - -] instance_usage_audit = False log_opt_values /usr/lib/python3/dist-packages/oslo_config/cfg.py:2602
2025-11-20 00:41:53.383 183031 DEBUG oslo_service.service [req-cd7ed4de-4600-4789-9483-94d4ab160da9 - - - - -] instance_usage_audit_period = month log_opt_values /usr/lib/python3/dist-packages/oslo_config/cfg.py:2602
2025-11-20 00:41:53.383 183031 DEBUG oslo_service.service [req-cd7ed4de-4600-4789-9483-94d4ab160da9 - - - - -] instance_uuid_format = [instance: %(uuid)s] log_opt_values /usr/lib/python3/dist-packages/oslo_config/cfg.py:2602
2025-11-20 00:41:53.383 183031 DEBUG oslo_service.service [req-cd7ed4de-4600-4789-9483-94d4ab160da9 - - - - -] instances_path = /var/lib/nova/instances log_opt_values /usr/lib/python3/dist-packages/oslo_config/cfg.py:2602
2025-11-20 00:41:53.384 183031 DEBUG oslo_service.service [req-cd7ed4de-4600-4789-9483-94d4ab160da9 - - - - -] internal_service_availability_zone = internal log_opt_values /usr/lib/python3/dist-packages/oslo_config/cfg.py:2602
2025-11-20 00:41:53.384 183031 DEBUG oslo_service.service [req-cd7ed4de-4600-4789-9483-94d4ab160da9 - - - - -] key = None log_opt_values /usr/lib/python3/dist-packages/oslo_config/cfg.py:2602
2025-11-20 00:41:53.384 183031 DEBUG oslo_service.service [req-cd7ed4de-4600-4789-9483-94d4ab160da9 - - - - -] live_migration_retry_count = 30 log_opt_values /usr/lib/python3/dist-packages/oslo_config/cfg.py:2602
2025-11-20 00:41:53.384 183031 DEBUG oslo_service.service [req-cd7ed4de-4600-4789-9483-94d4ab160da9 - - - - -] log_config_append = None log_opt_values /usr/lib/python3/dist-packages/oslo_config/cfg.py:2602
2025-11-20 00:41:53.384 183031 DEBUG oslo_service.service [req-cd7ed4de-4600-4789-9483-94d4ab160da9 - - - - -] log_date_format = %Y-%m-%d %H:%M:%S log_opt_values /usr/lib/python3/dist-packages/oslo_config/cfg.py:2602
2025-11-20 00:41:53.385 183031 DEBUG oslo_service.service [req-cd7ed4de-4600-4789-9483-94d4ab160da9 - - - - -] log_dir = /var/log/nova log_opt_values /usr/lib/python3/dist-packages/oslo_config/cfg.py:2602
2025-11-20 00:41:53.385 183031 DEBUG oslo_service.service [req-cd7ed4de-4600-4789-9483-94d4ab160da9 - - - - -] log_file = /var/log/nova/nova-scheduler.log log_opt_values /usr/lib/python3/dist-packages/oslo_config/cfg.py:2602
2025-11-20 00:41:53.385 183031 DEBUG oslo_service.service [req-cd7ed4de-4600-4789-9483-94d4ab160da9 - - - - -] log_options = True log_opt_values /usr/lib/python3/dist-packages/oslo_config/cfg.py:2602
2025-11-20 00:41:53.385 183031 DEBUG oslo_service.service [req-cd7ed4de-4600-4789-9483-94d4ab160da9 - - - - -] log_rotate_interval = 1 log_opt_values /usr/lib/python3/dist-packages/oslo_config/cfg.py:2602
2025-11-20 00:41:53.386 183031 DEBUG oslo_service.service [req-cd7ed4de-4600-4789-9483-94d4ab160da9 - - - - -] log_rotate_interval_type = days log_opt_values /usr/lib/python3/dist-packages/oslo_config/cfg.py:2602
2025-11-20 00:41:53.386 183031 DEBUG oslo_service.service [req-cd7ed4de-4600-4789-9483-94d4ab160da9 - - - - -] log_rotation_type = none log_opt_values /usr/lib/python3/dist-packages/oslo_config/cfg.py:2602
2025-11-20 00:41:53.386 183031 DEBUG oslo_service.service [req-cd7ed4de-4600-4789-9483-94d4ab160da9 - - - - -] logging_context_format_string = %(asctime)s.%(msecs)03d %(process)d %(levelname)s %(name)s [%(request_id)s %(user_identity)s] %(instance)s%(message)s log_opt_values /usr/lib/python3/dist-packages/oslo_config/cfg.py:2602
2025-11-20 00:41:53.386 183031 DEBUG oslo_service.service [req-cd7ed4de-4600-4789-9483-94d4ab160da9 - - - - -] logging_debug_format_suffix = %(funcName)s %(pathname)s:%(lineno)d log_opt_values /usr/lib/python3/dist-packages/oslo_config/cfg.py:2602
2025-11-20 00:41:53.386 183031 DEBUG oslo_service.service [req-cd7ed4de-4600-4789-9483-94d4ab160da9 - - - - -] logging_default_format_string = %(asctime)s.%(msecs)03d %(process)d %(levelname)s %(name)s [-] %(instance)s%(message)s log_opt_values /usr/lib/python3/dist-packages/oslo_config/cfg.py:2602
2025-11-20 00:41:53.387 183031 DEBUG oslo_service.service [req-cd7ed4de-4600-4789-9483-94d4ab160da9 - - - - -] logging_exception_prefix = %(asctime)s.%(msecs)03d %(process)d ERROR %(name)s %(instance)s log_opt_values /usr/lib/python3/dist-packages/oslo_config/cfg.py:2602
2025-11-20 00:41:53.387 183031 DEBUG oslo_service.service [req-cd7ed4de-4600-4789-9483-94d4ab160da9 - - - - -] logging_user_identity_format = %(user)s %(project)s %(domain)s %(user_domain)s %(project_domain)s log_opt_values /usr/lib/python3/dist-packages/oslo_config/cfg.py:2602
2025-11-20 00:41:53.387 183337 DEBUG nova.service [req-5111735c-90bb-4b1a-9059-3133b1b89b34 - - - - -] Creating RPC server for service scheduler start /usr/lib/python3/dist-packages/nova/service.py:182
2025-11-20 00:41:53.387 183031 DEBUG oslo_service.service [req-cd7ed4de-4600-4789-9483-94d4ab160da9 - - - - -] long_rpc_timeout = 1800 log_opt_values /usr/lib/python3/dist-packages/oslo_config/cfg.py:2602
2025-11-20 00:41:53.387 183031 DEBUG oslo_service.service [req-cd7ed4de-4600-4789-9483-94d4ab160da9 - - - - -] max_concurrent_builds = 10 log_opt_values /usr/lib/python3/dist-packages/oslo_config/cfg.py:2602
2025-11-20 00:41:53.387 183031 DEBUG oslo_service.service [req-cd7ed4de-4600-4789-9483-94d4ab160da9 - - - - -] max_concurrent_live_migrations = 1 log_opt_values /usr/lib/python3/dist-packages/oslo_config/cfg.py:2602
2025-11-20 00:41:53.388 183031 DEBUG oslo_service.service [req-cd7ed4de-4600-4789-9483-94d4ab160da9 - - - - -] max_concurrent_snapshots = 5 log_opt_values /usr/lib/python3/dist-packages/oslo_config/cfg.py:2602
2025-11-20 00:41:53.388 183336 DEBUG nova.service [req-ba7919ef-c387-4006-b526-04bd568b9895 - - - - -] Creating RPC server for service scheduler start /usr/lib/python3/dist-packages/nova/service.py:182
2025-11-20 00:41:53.389 183031 DEBUG oslo_service.service [req-cd7ed4de-4600-4789-9483-94d4ab160da9 - - - - -] max_local_block_devices = 3 log_opt_values /usr/lib/python3/dist-packages/oslo_config/cfg.py:2602
2025-11-20 00:41:53.389 183031 DEBUG oslo_service.service [req-cd7ed4de-4600-4789-9483-94d4ab160da9 - - - - -] max_logfile_count = 30 log_opt_values /usr/lib/python3/dist-packages/oslo_config/cfg.py:2602
2025-11-20 00:41:53.389 183031 DEBUG oslo_service.service [req-cd7ed4de-4600-4789-9483-94d4ab160da9 - - - - -] max_logfile_size_mb = 200 log_opt_values /usr/lib/python3/dist-packages/oslo_config/cfg.py:2602
2025-11-20 00:41:53.389 183031 DEBUG oslo_service.service [req-cd7ed4de-4600-4789-9483-94d4ab160da9 - - - - -] maximum_instance_delete_attempts = 5 log_opt_values /usr/lib/python3/dist-packages/oslo_config/cfg.py:2602
2025-11-20 00:41:53.390 183031 DEBUG oslo_service.service [req-cd7ed4de-4600-4789-9483-94d4ab160da9 - - - - -] metadata_listen = 0.0.0.0 log_opt_values /usr/lib/python3/dist-packages/oslo_config/cfg.py:2602
2025-11-20 00:41:53.390 183031 DEBUG oslo_service.service [req-cd7ed4de-4600-4789-9483-94d4ab160da9 - - - - -] metadata_listen_port = 8765 log_opt_values /usr/lib/python3/dist-packages/oslo_config/cfg.py:2602
2025-11-20 00:41:53.390 183031 DEBUG oslo_service.service [req-cd7ed4de-4600-4789-9483-94d4ab160da9 - - - - -] metadata_workers = None log_opt_values /usr/lib/python3/dist-packages/oslo_config/cfg.py:2602
2025-11-20 00:41:53.391 183031 DEBUG oslo_service.service [req-cd7ed4de-4600-4789-9483-94d4ab160da9 - - - - -] migrate_max_retries = -1 log_opt_values /usr/lib/python3/dist-packages/oslo_config/cfg.py:2602
2025-11-20 00:41:53.391 183031 DEBUG oslo_service.service [req-cd7ed4de-4600-4789-9483-94d4ab160da9 - - - - -] mkisofs_cmd = genisoimage log_opt_values /usr/lib/python3/dist-packages/oslo_config/cfg.py:2602
2025-11-20 00:41:53.391 183031 DEBUG oslo_service.service [req-cd7ed4de-4600-4789-9483-94d4ab160da9 - - - - -] my_block_storage_ip = 252.131.122.218 log_opt_values /usr/lib/python3/dist-packages/oslo_config/cfg.py:2602
2025-11-20 00:41:53.391 183031 DEBUG oslo_service.service [req-cd7ed4de-4600-4789-9483-94d4ab160da9 - - - - -] my_ip = 252.131.122.218 log_opt_values /usr/lib/python3/dist-packages/oslo_config/cfg.py:2602
2025-11-20 00:41:53.391 183031 DEBUG oslo_service.service [req-cd7ed4de-4600-4789-9483-94d4ab160da9 - - - - -] network_allocate_retries = 0 log_opt_values /usr/lib/python3/dist-packages/oslo_config/cfg.py:2602
2025-11-20 00:41:53.392 183031 DEBUG oslo_service.service [req-cd7ed4de-4600-4789-9483-94d4ab160da9 - - - - -] non_inheritable_image_properties = ['cache_in_nova', 'bittorrent'] log_opt_values /usr/lib/python3/dist-packages/oslo_config/cfg.py:2602
2025-11-20 00:41:53.392 183031 DEBUG oslo_service.service [req-cd7ed4de-4600-4789-9483-94d4ab160da9 - - - - -] osapi_compute_listen = 0.0.0.0 log_opt_values /usr/lib/python3/dist-packages/oslo_config/cfg.py:2602
2025-11-20 00:41:53.392 183338 DEBUG nova.service [req-8f30986a-1b9b-4113-99d5-cd381317d26b - - - - -] Creating RPC server for service scheduler start /usr/lib/python3/dist-packages/nova/service.py:182
2025-11-20 00:41:53.392 183031 DEBUG oslo_service.service [req-cd7ed4de-4600-4789-9483-94d4ab160da9 - - - - -] osapi_compute_listen_port = 8764 log_opt_values /usr/lib/python3/dist-packages/oslo_config/cfg.py:2602
2025-11-20 00:41:53.393 183031 DEBUG oslo_service.service [req-cd7ed4de-4600-4789-9483-94d4ab160da9 - - - - -] osapi_compute_unique_server_name_scope = log_opt_values /usr/lib/python3/dist-packages/oslo_config/cfg.py:2602
2025-11-20 00:41:53.393 183031 DEBUG oslo_service.service [req-cd7ed4de-4600-4789-9483-94d4ab160da9 - - - - -] osapi_compute_workers = 4 log_opt_values /usr/lib/python3/dist-packages/oslo_config/cfg.py:2602
2025-11-20 00:41:53.393 183031 DEBUG oslo_service.service [req-cd7ed4de-4600-4789-9483-94d4ab160da9 - - - - -] password_length = 12 log_opt_values /usr/lib/python3/dist-packages/oslo_config/cfg.py:2602
2025-11-20 00:41:53.393 183031 DEBUG oslo_service.service [req-cd7ed4de-4600-4789-9483-94d4ab160da9 - - - - -] periodic_enable = True log_opt_values /usr/lib/python3/dist-packages/oslo_config/cfg.py:2602
2025-11-20 00:41:53.394 183031 DEBUG oslo_service.service [req-cd7ed4de-4600-4789-9483-94d4ab160da9 - - - - -] periodic_fuzzy_delay = 60 log_opt_values /usr/lib/python3/dist-packages/oslo_config/cfg.py:2602
2025-11-20 00:41:53.394 183031 DEBUG oslo_service.service [req-cd7ed4de-4600-4789-9483-94d4ab160da9 - - - - -] pointer_model = usbtablet log_opt_values /usr/lib/python3/dist-packages/oslo_config/cfg.py:2602
2025-11-20 00:41:53.394 183031 DEBUG oslo_service.service [req-cd7ed4de-4600-4789-9483-94d4ab160da9 - - - - -] preallocate_images = none log_opt_values /usr/lib/python3/dist-packages/oslo_config/cfg.py:2602
2025-11-20 00:41:53.394 183031 DEBUG oslo_service.service [req-cd7ed4de-4600-4789-9483-94d4ab160da9 - - - - -] publish_errors = False log_opt_values /usr/lib/python3/dist-packages/oslo_config/cfg.py:2602
2025-11-20 00:41:53.395 183031 DEBUG oslo_service.service [req-cd7ed4de-4600-4789-9483-94d4ab160da9 - - - - -] pybasedir = /usr/lib/python3/dist-packages log_opt_values /usr/lib/python3/dist-packages/oslo_config/cfg.py:2602
2025-11-20 00:41:53.395 183031 DEBUG oslo_service.service [req-cd7ed4de-4600-4789-9483-94d4ab160da9 - - - - -] ram_allocation_ratio = 0.98 log_opt_values /usr/lib/python3/dist-packages/oslo_config/cfg.py:2602
2025-11-20 00:41:53.395 183031 DEBUG oslo_service.service [req-cd7ed4de-4600-4789-9483-94d4ab160da9 - - - - -] rate_limit_burst = 0 log_opt_values /usr/lib/python3/dist-packages/oslo_config/cfg.py:2602
2025-11-20 00:41:53.396 183031 DEBUG oslo_service.service [req-cd7ed4de-4600-4789-9483-94d4ab160da9 - - - - -] rate_limit_except_level = CRITICAL log_opt_values /usr/lib/python3/dist-packages/oslo_config/cfg.py:2602
2025-11-20 00:41:53.396 183031 DEBUG oslo_service.service [req-cd7ed4de-4600-4789-9483-94d4ab160da9 - - - - -] rate_limit_interval = 0 log_opt_values /usr/lib/python3/dist-packages/oslo_config/cfg.py:2602
2025-11-20 00:41:53.396 183031 DEBUG oslo_service.service [req-cd7ed4de-4600-4789-9483-94d4ab160da9 - - - - -] reboot_timeout = 0 log_opt_values /usr/lib/python3/dist-packages/oslo_config/cfg.py:2602
2025-11-20 00:41:53.396 183031 DEBUG oslo_service.service [req-cd7ed4de-4600-4789-9483-94d4ab160da9 - - - - -] reclaim_instance_interval = 0 log_opt_values /usr/lib/python3/dist-packages/oslo_config/cfg.py:2602
2025-11-20 00:41:53.397 183031 DEBUG oslo_service.service [req-cd7ed4de-4600-4789-9483-94d4ab160da9 - - - - -] record = None log_opt_values /usr/lib/python3/dist-packages/oslo_config/cfg.py:2602
2025-11-20 00:41:53.397 183031 DEBUG oslo_service.service [req-cd7ed4de-4600-4789-9483-94d4ab160da9 - - - - -] report_interval = 10 log_opt_values /usr/lib/python3/dist-packages/oslo_config/cfg.py:2602
2025-11-20 00:41:53.397 183031 DEBUG oslo_service.service [req-cd7ed4de-4600-4789-9483-94d4ab160da9 - - - - -] rescue_timeout = 0 log_opt_values /usr/lib/python3/dist-packages/oslo_config/cfg.py:2602
2025-11-20 00:41:53.397 183031 DEBUG oslo_service.service [req-cd7ed4de-4600-4789-9483-94d4ab160da9 - - - - -] reserved_host_cpus = 0 log_opt_values /usr/lib/python3/dist-packages/oslo_config/cfg.py:2602
2025-11-20 00:41:53.398 183031 DEBUG oslo_service.service [req-cd7ed4de-4600-4789-9483-94d4ab160da9 - - - - -] reserved_host_disk_mb = 0 log_opt_values /usr/lib/python3/dist-packages/oslo_config/cfg.py:2602
2025-11-20 00:41:53.398 183031 DEBUG oslo_service.service [req-cd7ed4de-4600-4789-9483-94d4ab160da9 - - - - -] reserved_host_memory_mb = 512 log_opt_values /usr/lib/python3/dist-packages/oslo_config/cfg.py:2602
2025-11-20 00:41:53.398 183031 DEBUG oslo_service.service [req-cd7ed4de-4600-4789-9483-94d4ab160da9 - - - - -] reserved_huge_pages = None log_opt_values /usr/lib/python3/dist-packages/oslo_config/cfg.py:2602
2025-11-20 00:41:53.398 183031 DEBUG oslo_service.service [req-cd7ed4de-4600-4789-9483-94d4ab160da9 - - - - -] resize_confirm_window = 0 log_opt_values /usr/lib/python3/dist-packages/oslo_config/cfg.py:2602
2025-11-20 00:41:53.399 183031 DEBUG oslo_service.service [req-cd7ed4de-4600-4789-9483-94d4ab160da9 - - - - -] resize_fs_using_block_device = False log_opt_values /usr/lib/python3/dist-packages/oslo_config/cfg.py:2602
2025-11-20 00:41:53.399 183031 DEBUG oslo_service.service [req-cd7ed4de-4600-4789-9483-94d4ab160da9 - - - - -] resume_guests_state_on_host_boot = False log_opt_values /usr/lib/python3/dist-packages/oslo_config/cfg.py:2602
2025-11-20 00:41:53.398 183339 DEBUG oslo_db.sqlalchemy.engines [req-c2bbfa8b-0343-4536-a7f6-40b939b505a9 - - - - -] MySQL server mode set to STRICT_TRANS_TABLES,STRICT_ALL_TABLES,NO_ZERO_IN_DATE,NO_ZERO_DATE,ERROR_FOR_DIVISION_BY_ZERO,TRADITIONAL,NO_ENGINE_SUBSTITUTION _check_effective_sql_mode /usr/lib/python3/dist-packages/oslo_db/sqlalchemy/engines.py:314
2025-11-20 00:41:53.399 183031 DEBUG oslo_service.service [req-cd7ed4de-4600-4789-9483-94d4ab160da9 - - - - -] rootwrap_config = /etc/nova/rootwrap.conf log_opt_values /usr/lib/python3/dist-packages/oslo_config/cfg.py:2602
2025-11-20 00:41:53.399 183031 DEBUG oslo_service.service [req-cd7ed4de-4600-4789-9483-94d4ab160da9 - - - - -] run_external_periodic_tasks = True log_opt_values /usr/lib/python3/dist-packages/oslo_config/cfg.py:2602
2025-11-20 00:41:53.400 183031 DEBUG oslo_service.service [req-cd7ed4de-4600-4789-9483-94d4ab160da9 - - - - -] running_deleted_instance_action = reap log_opt_values /usr/lib/python3/dist-packages/oslo_config/cfg.py:2602
2025-11-20 00:41:53.400 183031 DEBUG oslo_service.service [req-cd7ed4de-4600-4789-9483-94d4ab160da9 - - - - -] running_deleted_instance_poll_interval = 1800 log_opt_values /usr/lib/python3/dist-packages/oslo_config/cfg.py:2602
2025-11-20 00:41:53.400 183031 DEBUG oslo_service.service [req-cd7ed4de-4600-4789-9483-94d4ab160da9 - - - - -] running_deleted_instance_timeout = 0 log_opt_values /usr/lib/python3/dist-packages/oslo_config/cfg.py:2602
2025-11-20 00:41:53.400 183031 DEBUG oslo_service.service [req-cd7ed4de-4600-4789-9483-94d4ab160da9 - - - - -] scheduler_instance_sync_interval = 120 log_opt_values /usr/lib/python3/dist-packages/oslo_config/cfg.py:2602
2025-11-20 00:41:53.401 183031 DEBUG oslo_service.service [req-cd7ed4de-4600-4789-9483-94d4ab160da9 - - - - -] service_down_time = 60 log_opt_values /usr/lib/python3/dist-packages/oslo_config/cfg.py:2602
2025-11-20 00:41:53.401 183031 DEBUG oslo_service.service [req-cd7ed4de-4600-4789-9483-94d4ab160da9 - - - - -] servicegroup_driver = db log_opt_values /usr/lib/python3/dist-packages/oslo_config/cfg.py:2602
2025-11-20 00:41:53.401 183031 DEBUG oslo_service.service [req-cd7ed4de-4600-4789-9483-94d4ab160da9 - - - - -] shelved_offload_time = 0 log_opt_values /usr/lib/python3/dist-packages/oslo_config/cfg.py:2602
2025-11-20 00:41:53.401 183031 DEBUG oslo_service.service [req-cd7ed4de-4600-4789-9483-94d4ab160da9 - - - - -] shelved_poll_interval = 3600 log_opt_values /usr/lib/python3/dist-packages/oslo_config/cfg.py:2602
2025-11-20 00:41:53.402 183031 DEBUG oslo_service.service [req-cd7ed4de-4600-4789-9483-94d4ab160da9 - - - - -] shutdown_timeout = 60 log_opt_values /usr/lib/python3/dist-packages/oslo_config/cfg.py:2602
2025-11-20 00:41:53.402 183031 DEBUG oslo_service.service [req-cd7ed4de-4600-4789-9483-94d4ab160da9 - - - - -] source_is_ipv6 = False log_opt_values /usr/lib/python3/dist-packages/oslo_config/cfg.py:2602
2025-11-20 00:41:53.402 183031 DEBUG oslo_service.service [req-cd7ed4de-4600-4789-9483-94d4ab160da9 - - - - -] ssl_only = False log_opt_values /usr/lib/python3/dist-packages/oslo_config/cfg.py:2602
2025-11-20 00:41:53.402 183031 DEBUG oslo_service.service [req-cd7ed4de-4600-4789-9483-94d4ab160da9 - - - - -] state_path = /var/lib/nova log_opt_values /usr/lib/python3/dist-packages/oslo_config/cfg.py:2602
2025-11-20 00:41:53.403 183031 DEBUG oslo_service.service [req-cd7ed4de-4600-4789-9483-94d4ab160da9 - - - - -] sync_power_state_interval = 600 log_opt_values /usr/lib/python3/dist-packages/oslo_config/cfg.py:2602
2025-11-20 00:41:53.403 183031 DEBUG oslo_service.service [req-cd7ed4de-4600-4789-9483-94d4ab160da9 - - - - -] sync_power_state_pool_size = 1000 log_opt_values /usr/lib/python3/dist-packages/oslo_config/cfg.py:2602
2025-11-20 00:41:53.403 183031 DEBUG oslo_service.service [req-cd7ed4de-4600-4789-9483-94d4ab160da9 - - - - -] syslog_log_facility = LOG_USER log_opt_values /usr/lib/python3/dist-packages/oslo_config/cfg.py:2602
2025-11-20 00:41:53.403 183031 DEBUG oslo_service.service [req-cd7ed4de-4600-4789-9483-94d4ab160da9 - - - - -] tempdir = None log_opt_values /usr/lib/python3/dist-packages/oslo_config/cfg.py:2602
2025-11-20 00:41:53.416 183338 DEBUG oslo_messaging._drivers.amqpdriver [-] Listener is running poll /usr/lib/python3/dist-packages/oslo_messaging/_drivers/amqpdriver.py:343
2025-11-20 00:41:53.417 183338 DEBUG oslo_messaging._drivers.amqpdriver [-] AMQPListener connection consume poll /usr/lib/python3/dist-packages/oslo_messaging/_drivers/amqpdriver.py:357
2025-11-20 00:41:53.417 183031 DEBUG oslo_service.service [req-cd7ed4de-4600-4789-9483-94d4ab160da9 - - - - -] timeout_nbd = 10 log_opt_values /usr/lib/python3/dist-packages/oslo_config/cfg.py:2602
2025-11-20 00:41:53.418 183031 DEBUG oslo_service.service [req-cd7ed4de-4600-4789-9483-94d4ab160da9 - - - - -] transport_url = **** log_opt_values /usr/lib/python3/dist-packages/oslo_config/cfg.py:2602
2025-11-20 00:41:53.418 183031 DEBUG oslo_service.service [req-cd7ed4de-4600-4789-9483-94d4ab160da9 - - - - -] update_resources_interval = 0 log_opt_values /usr/lib/python3/dist-packages/oslo_config/cfg.py:2602
2025-11-20 00:41:53.418 183031 DEBUG oslo_service.service [req-cd7ed4de-4600-4789-9483-94d4ab160da9 - - - - -] use_cow_images = True log_opt_values /usr/lib/python3/dist-packages/oslo_config/cfg.py:2602
2025-11-20 00:41:53.418 183338 DEBUG nova.service [req-8f30986a-1b9b-4113-99d5-cd381317d26b - - - - -] Join ServiceGroup membership for this service scheduler start /usr/lib/python3/dist-packages/nova/service.py:199
2025-11-20 00:41:53.419 183338 DEBUG nova.servicegroup.drivers.db [req-8f30986a-1b9b-4113-99d5-cd381317d26b - - - - -] DB_Driver: join new ServiceGroup member juju-d64615-0-lxd-7 to the scheduler group, service = join /usr/lib/python3/dist-packages/nova/servicegroup/drivers/db.py:44
2025-11-20 00:41:53.419 183031 DEBUG oslo_service.service [req-cd7ed4de-4600-4789-9483-94d4ab160da9 - - - - -] use_eventlog = False log_opt_values /usr/lib/python3/dist-packages/oslo_config/cfg.py:2602
2025-11-20 00:41:53.420 183337 DEBUG oslo_messaging._drivers.amqpdriver [-] Listener is running poll /usr/lib/python3/dist-packages/oslo_messaging/_drivers/amqpdriver.py:343
2025-11-20 00:41:53.421 183031 DEBUG oslo_service.service [req-cd7ed4de-4600-4789-9483-94d4ab160da9 - - - - -] use_journal = False log_opt_values /usr/lib/python3/dist-packages/oslo_config/cfg.py:2602
2025-11-20 00:41:53.421 183337 DEBUG oslo_messaging._drivers.amqpdriver [-] AMQPListener connection consume poll /usr/lib/python3/dist-packages/oslo_messaging/_drivers/amqpdriver.py:357
2025-11-20 00:41:53.421 183031 DEBUG oslo_service.service [req-cd7ed4de-4600-4789-9483-94d4ab160da9 - - - - -] use_json = False log_opt_values /usr/lib/python3/dist-packages/oslo_config/cfg.py:2602
2025-11-20 00:41:53.421 183031 DEBUG oslo_service.service [req-cd7ed4de-4600-4789-9483-94d4ab160da9 - - - - -] use_rootwrap_daemon = False log_opt_values /usr/lib/python3/dist-packages/oslo_config/cfg.py:2602
2025-11-20 00:41:53.421 183031 DEBUG oslo_service.service [req-cd7ed4de-4600-4789-9483-94d4ab160da9 - - - - -] use_stderr = False log_opt_values /usr/lib/python3/dist-packages/oslo_config/cfg.py:2602
2025-11-20 00:41:53.421 183337 DEBUG nova.service [req-5111735c-90bb-4b1a-9059-3133b1b89b34 - - - - -] Join ServiceGroup membership for this service scheduler start /usr/lib/python3/dist-packages/nova/service.py:199
2025-11-20 00:41:53.422 183337 DEBUG nova.servicegroup.drivers.db [req-5111735c-90bb-4b1a-9059-3133b1b89b34 - - - - -] DB_Driver: join new ServiceGroup member juju-d64615-0-lxd-7 to the scheduler group, service = join /usr/lib/python3/dist-packages/nova/servicegroup/drivers/db.py:44
2025-11-20 00:41:53.422 183031 DEBUG oslo_service.service [req-cd7ed4de-4600-4789-9483-94d4ab160da9 - - - - -] use_syslog = False log_opt_values /usr/lib/python3/dist-packages/oslo_config/cfg.py:2602
2025-11-20 00:41:53.422 183338 DEBUG oslo_messaging._drivers.amqpdriver [-] AMQPListener connection timeout poll /usr/lib/python3/dist-packages/oslo_messaging/_drivers/amqpdriver.py:360
2025-11-20 00:41:53.423 183338 DEBUG oslo_messaging._drivers.amqpdriver [-] Listener is running poll /usr/lib/python3/dist-packages/oslo_messaging/_drivers/amqpdriver.py:343
2025-11-20 00:41:53.423 183338 DEBUG oslo_messaging._drivers.amqpdriver [-] AMQPListener connection consume poll /usr/lib/python3/dist-packages/oslo_messaging/_drivers/amqpdriver.py:357
2025-11-20 00:41:53.422 183031 DEBUG oslo_service.service [req-cd7ed4de-4600-4789-9483-94d4ab160da9 - - - - -] vcpu_pin_set = None log_opt_values /usr/lib/python3/dist-packages/oslo_config/cfg.py:2602
2025-11-20 00:41:53.423 183031 DEBUG oslo_service.service [req-cd7ed4de-4600-4789-9483-94d4ab160da9 - - - - -] vif_plugging_is_fatal = True log_opt_values /usr/lib/python3/dist-packages/oslo_config/cfg.py:2602
2025-11-20 00:41:53.423 183031 DEBUG oslo_service.service [req-cd7ed4de-4600-4789-9483-94d4ab160da9 - - - - -] vif_plugging_timeout = 300 log_opt_values /usr/lib/python3/dist-packages/oslo_config/cfg.py:2602
2025-11-20 00:41:53.424 183031 DEBUG oslo_service.service [req-cd7ed4de-4600-4789-9483-94d4ab160da9 - - - - -] virt_mkfs = [] log_opt_values /usr/lib/python3/dist-packages/oslo_config/cfg.py:2602
2025-11-20 00:41:53.425 183031 DEBUG oslo_service.service [req-cd7ed4de-4600-4789-9483-94d4ab160da9 - - - - -] volume_usage_poll_interval = 0 log_opt_values /usr/lib/python3/dist-packages/oslo_config/cfg.py:2602
2025-11-20 00:41:53.425 183031 DEBUG oslo_service.service [req-cd7ed4de-4600-4789-9483-94d4ab160da9 - - - - -] watch_log_file = False log_opt_values /usr/lib/python3/dist-packages/oslo_config/cfg.py:2602
2025-11-20 00:41:53.425 183031 DEBUG oslo_service.service [req-cd7ed4de-4600-4789-9483-94d4ab160da9 - - - - -] web = /usr/share/spice-html5 log_opt_values /usr/lib/python3/dist-packages/oslo_config/cfg.py:2602
2025-11-20 00:41:53.425 183337 DEBUG oslo_messaging._drivers.amqpdriver [-] AMQPListener connection timeout poll /usr/lib/python3/dist-packages/oslo_messaging/_drivers/amqpdriver.py:360
2025-11-20 00:41:53.425 183031 DEBUG oslo_service.service [req-cd7ed4de-4600-4789-9483-94d4ab160da9 - - - - -] oslo_concurrency.disable_process_locking = False log_opt_values /usr/lib/python3/dist-packages/oslo_config/cfg.py:2609
2025-11-20 00:41:53.425 183337 DEBUG oslo_messaging._drivers.amqpdriver [-] Listener is running poll /usr/lib/python3/dist-packages/oslo_messaging/_drivers/amqpdriver.py:343
2025-11-20 00:41:53.425 183031 DEBUG oslo_service.service [req-cd7ed4de-4600-4789-9483-94d4ab160da9 - - - - -] oslo_concurrency.lock_path = /var/lock/nova log_opt_values /usr/lib/python3/dist-packages/oslo_config/cfg.py:2609
2025-11-20 00:41:53.425 183337 DEBUG oslo_messaging._drivers.amqpdriver [-] AMQPListener connection consume poll /usr/lib/python3/dist-packages/oslo_messaging/_drivers/amqpdriver.py:357
2025-11-20 00:41:53.426 183031 WARNING oslo_config.cfg [req-cd7ed4de-4600-4789-9483-94d4ab160da9 - - - - -] Deprecated: Option "auth_strategy" from group "api" is deprecated for removal ( The only non-default choice, ``noauth2``, is for internal development and testing purposes only and should not be used in deployments. This option and its middleware, NoAuthMiddleware[V2_18], will be removed in a future release. ). Its value may be silently ignored in the future.
2025-11-20 00:41:53.426 183031 DEBUG oslo_service.service [req-cd7ed4de-4600-4789-9483-94d4ab160da9 - - - - -] api.auth_strategy = keystone log_opt_values /usr/lib/python3/dist-packages/oslo_config/cfg.py:2609
2025-11-20 00:41:53.427 183031 DEBUG oslo_service.service [req-cd7ed4de-4600-4789-9483-94d4ab160da9 - - - - -] api.compute_link_prefix = None log_opt_values /usr/lib/python3/dist-packages/oslo_config/cfg.py:2609
2025-11-20 00:41:53.427 183031 DEBUG oslo_service.service [req-cd7ed4de-4600-4789-9483-94d4ab160da9 - - - - -] api.config_drive_skip_versions = 1.0 2007-01-19 2007-03-01 2007-08-29 2007-10-10 2007-12-15 2008-02-01 2008-09-01 log_opt_values /usr/lib/python3/dist-packages/oslo_config/cfg.py:2609
2025-11-20 00:41:53.427 183031 DEBUG oslo_service.service [req-cd7ed4de-4600-4789-9483-94d4ab160da9 - - - - -] api.dhcp_domain = novalocal log_opt_values /usr/lib/python3/dist-packages/oslo_config/cfg.py:2609
2025-11-20 00:41:53.427 183031 DEBUG oslo_service.service [req-cd7ed4de-4600-4789-9483-94d4ab160da9 - - - - -] api.enable_instance_password = True log_opt_values /usr/lib/python3/dist-packages/oslo_config/cfg.py:2609
