2025-11-20 00:41:39.733 178059 DEBUG oslo_service.service [req-4fe14ee3-8a7b-4ed8-a5f9-4ef52c1b223a - - - - -] api.vendordata_dynamic_targets = [] log_opt_values /usr/lib/python3/dist-packages/oslo_config/cfg.py:2609
2025-11-20 00:41:39.733 178059 DEBUG oslo_service.service [req-4fe14ee3-8a7b-4ed8-a5f9-4ef52c1b223a - - - - -] api.vendordata_jsonfile_path = None log_opt_values /usr/lib/python3/dist-packages/oslo_config/cfg.py:2609
2025-11-20 00:41:39.733 178059 DEBUG oslo_service.service [req-4fe14ee3-8a7b-4ed8-a5f9-4ef52c1b223a - - - - -] api.vendordata_providers = ['StaticJSON'] log_opt_values /usr/lib/python3/dist-packages/oslo_config/cfg.py:2609
2025-11-20 00:41:39.733 178059 DEBUG oslo_service.service [req-4fe14ee3-8a7b-4ed8-a5f9-4ef52c1b223a - - - - -] cache.backend = dogpile.cache.null log_opt_values /usr/lib/python3/dist-packages/oslo_config/cfg.py:2609
2025-11-20 00:41:39.734 178059 DEBUG oslo_service.service [req-4fe14ee3-8a7b-4ed8-a5f9-4ef52c1b223a - - - - -] cache.backend_argument = **** log_opt_values /usr/lib/python3/dist-packages/oslo_config/cfg.py:2609
2025-11-20 00:41:39.734 178059 DEBUG oslo_service.service [req-4fe14ee3-8a7b-4ed8-a5f9-4ef52c1b223a - - - - -] cache.config_prefix = cache.oslo log_opt_values /usr/lib/python3/dist-packages/oslo_config/cfg.py:2609
2025-11-20 00:41:39.734 178059 DEBUG oslo_service.service [req-4fe14ee3-8a7b-4ed8-a5f9-4ef52c1b223a - - - - -] cache.debug_cache_backend = False log_opt_values /usr/lib/python3/dist-packages/oslo_config/cfg.py:2609
2025-11-20 00:41:39.733 178890 DEBUG oslo_messaging._drivers.amqpdriver [-] Listener is running poll /usr/lib/python3/dist-packages/oslo_messaging/_drivers/amqpdriver.py:343
2025-11-20 00:41:39.734 178059 DEBUG oslo_service.service [req-4fe14ee3-8a7b-4ed8-a5f9-4ef52c1b223a - - - - -] cache.enabled = False log_opt_values /usr/lib/python3/dist-packages/oslo_config/cfg.py:2609
2025-11-20 00:41:39.734 178059 DEBUG oslo_service.service [req-4fe14ee3-8a7b-4ed8-a5f9-4ef52c1b223a - - - - -] cache.expiration_time = 600 log_opt_values /usr/lib/python3/dist-packages/oslo_config/cfg.py:2609
2025-11-20 00:41:39.734 178890 DEBUG oslo_messaging._drivers.amqpdriver [-] AMQPListener connection consume poll /usr/lib/python3/dist-packages/oslo_messaging/_drivers/amqpdriver.py:357
2025-11-20 00:41:39.735 178059 DEBUG oslo_service.service [req-4fe14ee3-8a7b-4ed8-a5f9-4ef52c1b223a - - - - -] cache.memcache_dead_retry = 300 log_opt_values /usr/lib/python3/dist-packages/oslo_config/cfg.py:2609
2025-11-20 00:41:39.735 178059 DEBUG oslo_service.service [req-4fe14ee3-8a7b-4ed8-a5f9-4ef52c1b223a - - - - -] cache.memcache_pool_connection_get_timeout = 10 log_opt_values /usr/lib/python3/dist-packages/oslo_config/cfg.py:2609
2025-11-20 00:41:39.735 178059 DEBUG oslo_service.service [req-4fe14ee3-8a7b-4ed8-a5f9-4ef52c1b223a - - - - -] cache.memcache_pool_flush_on_reconnect = False log_opt_values /usr/lib/python3/dist-packages/oslo_config/cfg.py:2609
2025-11-20 00:41:39.735 178059 DEBUG oslo_service.service [req-4fe14ee3-8a7b-4ed8-a5f9-4ef52c1b223a - - - - -] cache.memcache_pool_maxsize = 10 log_opt_values /usr/lib/python3/dist-packages/oslo_config/cfg.py:2609
2025-11-20 00:41:39.735 178059 DEBUG oslo_service.service [req-4fe14ee3-8a7b-4ed8-a5f9-4ef52c1b223a - - - - -] cache.memcache_pool_unused_timeout = 60 log_opt_values /usr/lib/python3/dist-packages/oslo_config/cfg.py:2609
2025-11-20 00:41:39.736 178059 DEBUG oslo_service.service [req-4fe14ee3-8a7b-4ed8-a5f9-4ef52c1b223a - - - - -] cache.memcache_servers = ['localhost:11211'] log_opt_values /usr/lib/python3/dist-packages/oslo_config/cfg.py:2609
2025-11-20 00:41:39.735 178890 DEBUG nova.service [req-69ab0870-4d8f-46d7-9e6d-08ac3bc22e9a - - - - -] Join ServiceGroup membership for this service conductor start /usr/lib/python3/dist-packages/nova/service.py:199
2025-11-20 00:41:39.736 178059 DEBUG oslo_service.service [req-4fe14ee3-8a7b-4ed8-a5f9-4ef52c1b223a - - - - -] cache.memcache_socket_timeout = 1.0 log_opt_values /usr/lib/python3/dist-packages/oslo_config/cfg.py:2609
2025-11-20 00:41:39.736 178059 DEBUG oslo_service.service [req-4fe14ee3-8a7b-4ed8-a5f9-4ef52c1b223a - - - - -] cache.proxies = [] log_opt_values /usr/lib/python3/dist-packages/oslo_config/cfg.py:2609
2025-11-20 00:41:39.736 178059 DEBUG oslo_service.service [req-4fe14ee3-8a7b-4ed8-a5f9-4ef52c1b223a - - - - -] cache.tls_allowed_ciphers = None log_opt_values /usr/lib/python3/dist-packages/oslo_config/cfg.py:2609
2025-11-20 00:41:39.736 178890 DEBUG nova.servicegroup.drivers.db [req-69ab0870-4d8f-46d7-9e6d-08ac3bc22e9a - - - - -] DB_Driver: join new ServiceGroup member juju-d64615-0-lxd-7 to the conductor group, service = join /usr/lib/python3/dist-packages/nova/servicegroup/drivers/db.py:44
2025-11-20 00:41:39.736 178059 DEBUG oslo_service.service [req-4fe14ee3-8a7b-4ed8-a5f9-4ef52c1b223a - - - - -] cache.tls_cafile = None log_opt_values /usr/lib/python3/dist-packages/oslo_config/cfg.py:2609
2025-11-20 00:41:39.736 178059 DEBUG oslo_service.service [req-4fe14ee3-8a7b-4ed8-a5f9-4ef52c1b223a - - - - -] cache.tls_certfile = None log_opt_values /usr/lib/python3/dist-packages/oslo_config/cfg.py:2609
2025-11-20 00:41:39.737 178059 DEBUG oslo_service.service [req-4fe14ee3-8a7b-4ed8-a5f9-4ef52c1b223a - - - - -] cache.tls_enabled = False log_opt_values /usr/lib/python3/dist-packages/oslo_config/cfg.py:2609
2025-11-20 00:41:39.737 178059 DEBUG oslo_service.service [req-4fe14ee3-8a7b-4ed8-a5f9-4ef52c1b223a - - - - -] cache.tls_keyfile = None log_opt_values /usr/lib/python3/dist-packages/oslo_config/cfg.py:2609
2025-11-20 00:41:39.737 178059 DEBUG oslo_service.service [req-4fe14ee3-8a7b-4ed8-a5f9-4ef52c1b223a - - - - -] cinder.auth_section = None log_opt_values /usr/lib/python3/dist-packages/oslo_config/cfg.py:2609
2025-11-20 00:41:39.737 178059 DEBUG oslo_service.service [req-4fe14ee3-8a7b-4ed8-a5f9-4ef52c1b223a - - - - -] cinder.auth_type = None log_opt_values /usr/lib/python3/dist-packages/oslo_config/cfg.py:2609
2025-11-20 00:41:39.737 178059 DEBUG oslo_service.service [req-4fe14ee3-8a7b-4ed8-a5f9-4ef52c1b223a - - - - -] cinder.cafile = None log_opt_values /usr/lib/python3/dist-packages/oslo_config/cfg.py:2609
2025-11-20 00:41:39.737 178059 DEBUG oslo_service.service [req-4fe14ee3-8a7b-4ed8-a5f9-4ef52c1b223a - - - - -] cinder.catalog_info = volumev3::publicURL log_opt_values /usr/lib/python3/dist-packages/oslo_config/cfg.py:2609
2025-11-20 00:41:39.737 178890 DEBUG oslo_messaging._drivers.amqpdriver [-] received message msg_id: 6b4b4fe2e30a442997eb8936f558bb6e reply to reply_83f90ad8fbed4c58b520c24d0954c5cd __call__ /usr/lib/python3/dist-packages/oslo_messaging/_drivers/amqpdriver.py:320
2025-11-20 00:41:39.738 178059 DEBUG oslo_service.service [req-4fe14ee3-8a7b-4ed8-a5f9-4ef52c1b223a - - - - -] cinder.certfile = None log_opt_values /usr/lib/python3/dist-packages/oslo_config/cfg.py:2609
2025-11-20 00:41:39.738 178059 DEBUG oslo_service.service [req-4fe14ee3-8a7b-4ed8-a5f9-4ef52c1b223a - - - - -] cinder.collect_timing = False log_opt_values /usr/lib/python3/dist-packages/oslo_config/cfg.py:2609
2025-11-20 00:41:39.738 178059 DEBUG oslo_service.service [req-4fe14ee3-8a7b-4ed8-a5f9-4ef52c1b223a - - - - -] cinder.cross_az_attach = True log_opt_values /usr/lib/python3/dist-packages/oslo_config/cfg.py:2609
2025-11-20 00:41:39.738 178059 DEBUG oslo_service.service [req-4fe14ee3-8a7b-4ed8-a5f9-4ef52c1b223a - - - - -] cinder.debug = False log_opt_values /usr/lib/python3/dist-packages/oslo_config/cfg.py:2609
2025-11-20 00:41:39.738 178059 DEBUG oslo_service.service [req-4fe14ee3-8a7b-4ed8-a5f9-4ef52c1b223a - - - - -] cinder.endpoint_template = None log_opt_values /usr/lib/python3/dist-packages/oslo_config/cfg.py:2609
2025-11-20 00:41:39.739 178059 DEBUG oslo_service.service [req-4fe14ee3-8a7b-4ed8-a5f9-4ef52c1b223a - - - - -] cinder.http_retries = 3 log_opt_values /usr/lib/python3/dist-packages/oslo_config/cfg.py:2609
2025-11-20 00:41:39.739 178059 DEBUG oslo_service.service [req-4fe14ee3-8a7b-4ed8-a5f9-4ef52c1b223a - - - - -] cinder.insecure = False log_opt_values /usr/lib/python3/dist-packages/oslo_config/cfg.py:2609
2025-11-20 00:41:39.739 178059 DEBUG oslo_service.service [req-4fe14ee3-8a7b-4ed8-a5f9-4ef52c1b223a - - - - -] cinder.keyfile = None log_opt_values /usr/lib/python3/dist-packages/oslo_config/cfg.py:2609
2025-11-20 00:41:39.739 178059 DEBUG oslo_service.service [req-4fe14ee3-8a7b-4ed8-a5f9-4ef52c1b223a - - - - -] cinder.os_region_name = None log_opt_values /usr/lib/python3/dist-packages/oslo_config/cfg.py:2609
2025-11-20 00:41:39.740 178890 DEBUG oslo_messaging._drivers.amqpdriver [-] AMQPListener connection timeout poll /usr/lib/python3/dist-packages/oslo_messaging/_drivers/amqpdriver.py:360
2025-11-20 00:41:39.740 178059 DEBUG oslo_service.service [req-4fe14ee3-8a7b-4ed8-a5f9-4ef52c1b223a - - - - -] cinder.split_loggers = False log_opt_values /usr/lib/python3/dist-packages/oslo_config/cfg.py:2609
2025-11-20 00:41:39.740 178890 DEBUG oslo_messaging._drivers.amqpdriver [-] Listener is running poll /usr/lib/python3/dist-packages/oslo_messaging/_drivers/amqpdriver.py:343
2025-11-20 00:41:39.740 178890 DEBUG oslo_messaging._drivers.amqpdriver [-] Poll the incoming message with unique_id: 4b93bc7e45624a6285822f94b5d35900 poll /usr/lib/python3/dist-packages/oslo_messaging/_drivers/amqpdriver.py:346
2025-11-20 00:41:39.740 178059 DEBUG oslo_service.service [req-4fe14ee3-8a7b-4ed8-a5f9-4ef52c1b223a - - - - -] cinder.timeout = None log_opt_values /usr/lib/python3/dist-packages/oslo_config/cfg.py:2609
2025-11-20 00:41:39.740 178059 DEBUG oslo_service.service [req-4fe14ee3-8a7b-4ed8-a5f9-4ef52c1b223a - - - - -] compute.consecutive_build_service_disable_threshold = 10 log_opt_values /usr/lib/python3/dist-packages/oslo_config/cfg.py:2609
2025-11-20 00:41:39.741 178059 DEBUG oslo_service.service [req-4fe14ee3-8a7b-4ed8-a5f9-4ef52c1b223a - - - - -] compute.cpu_dedicated_set = None log_opt_values /usr/lib/python3/dist-packages/oslo_config/cfg.py:2609
2025-11-20 00:41:39.741 178890 DEBUG oslo_messaging._drivers.amqpdriver [-] Listener is running poll /usr/lib/python3/dist-packages/oslo_messaging/_drivers/amqpdriver.py:343
2025-11-20 00:41:39.741 178890 DEBUG oslo_messaging._drivers.amqpdriver [-] AMQPListener connection consume poll /usr/lib/python3/dist-packages/oslo_messaging/_drivers/amqpdriver.py:357
2025-11-20 00:41:39.741 178059 DEBUG oslo_service.service [req-4fe14ee3-8a7b-4ed8-a5f9-4ef52c1b223a - - - - -] compute.cpu_shared_set = None log_opt_values /usr/lib/python3/dist-packages/oslo_config/cfg.py:2609
2025-11-20 00:41:39.741 178059 DEBUG oslo_service.service [req-4fe14ee3-8a7b-4ed8-a5f9-4ef52c1b223a - - - - -] compute.image_type_exclude_list = [] log_opt_values /usr/lib/python3/dist-packages/oslo_config/cfg.py:2609
2025-11-20 00:41:39.741 178059 DEBUG oslo_service.service [req-4fe14ee3-8a7b-4ed8-a5f9-4ef52c1b223a - - - - -] compute.live_migration_wait_for_vif_plug = True log_opt_values /usr/lib/python3/dist-packages/oslo_config/cfg.py:2609
2025-11-20 00:41:39.742 178059 DEBUG oslo_service.service [req-4fe14ee3-8a7b-4ed8-a5f9-4ef52c1b223a - - - - -] compute.max_concurrent_disk_ops = 0 log_opt_values /usr/lib/python3/dist-packages/oslo_config/cfg.py:2609
2025-11-20 00:41:39.742 178059 DEBUG oslo_service.service [req-4fe14ee3-8a7b-4ed8-a5f9-4ef52c1b223a - - - - -] compute.max_disk_devices_to_attach = -1 log_opt_values /usr/lib/python3/dist-packages/oslo_config/cfg.py:2609
2025-11-20 00:41:39.742 178059 DEBUG oslo_service.service [req-4fe14ee3-8a7b-4ed8-a5f9-4ef52c1b223a - - - - -] compute.packing_host_numa_cells_allocation_strategy = True log_opt_values /usr/lib/python3/dist-packages/oslo_config/cfg.py:2609
2025-11-20 00:41:39.743 178059 DEBUG oslo_service.service [req-4fe14ee3-8a7b-4ed8-a5f9-4ef52c1b223a - - - - -] compute.provider_config_location = /etc/nova/provider_config/ log_opt_values /usr/lib/python3/dist-packages/oslo_config/cfg.py:2609
2025-11-20 00:41:39.745 178059 DEBUG oslo_service.service [req-4fe14ee3-8a7b-4ed8-a5f9-4ef52c1b223a - - - - -] compute.resource_provider_association_refresh = 300 log_opt_values /usr/lib/python3/dist-packages/oslo_config/cfg.py:2609
2025-11-20 00:41:39.744 178892 DEBUG nova.service [req-daee3d78-a3fa-452d-ad71-96639a20ce53 - - - - -] Creating RPC server for service conductor start /usr/lib/python3/dist-packages/nova/service.py:182
2025-11-20 00:41:39.745 178891 DEBUG oslo_messaging._drivers.amqpdriver [-] Listener is running poll /usr/lib/python3/dist-packages/oslo_messaging/_drivers/amqpdriver.py:343
2025-11-20 00:41:39.745 178059 DEBUG oslo_service.service [req-4fe14ee3-8a7b-4ed8-a5f9-4ef52c1b223a - - - - -] compute.shutdown_retry_interval = 10 log_opt_values /usr/lib/python3/dist-packages/oslo_config/cfg.py:2609
2025-11-20 00:41:39.745 178891 DEBUG oslo_messaging._drivers.amqpdriver [-] AMQPListener connection consume poll /usr/lib/python3/dist-packages/oslo_messaging/_drivers/amqpdriver.py:357
2025-11-20 00:41:39.746 178059 DEBUG oslo_service.service [req-4fe14ee3-8a7b-4ed8-a5f9-4ef52c1b223a - - - - -] compute.vmdk_allowed_types = ['streamOptimized', 'monolithicSparse'] log_opt_values /usr/lib/python3/dist-packages/oslo_config/cfg.py:2609
2025-11-20 00:41:39.746 178891 DEBUG nova.service [req-76a67409-8b5c-40d1-bef0-e591cb9ecc31 - - - - -] Join ServiceGroup membership for this service conductor start /usr/lib/python3/dist-packages/nova/service.py:199
2025-11-20 00:41:39.746 178059 DEBUG oslo_service.service [req-4fe14ee3-8a7b-4ed8-a5f9-4ef52c1b223a - - - - -] conductor.workers = 4 log_opt_values /usr/lib/python3/dist-packages/oslo_config/cfg.py:2609
2025-11-20 00:41:39.746 178891 DEBUG nova.servicegroup.drivers.db [req-76a67409-8b5c-40d1-bef0-e591cb9ecc31 - - - - -] DB_Driver: join new ServiceGroup member juju-d64615-0-lxd-7 to the conductor group, service = join /usr/lib/python3/dist-packages/nova/servicegroup/drivers/db.py:44
2025-11-20 00:41:39.747 178059 DEBUG oslo_service.service [req-4fe14ee3-8a7b-4ed8-a5f9-4ef52c1b223a - - - - -] console.allowed_origins = [] log_opt_values /usr/lib/python3/dist-packages/oslo_config/cfg.py:2609
2025-11-20 00:41:39.747 178059 DEBUG oslo_service.service [req-4fe14ee3-8a7b-4ed8-a5f9-4ef52c1b223a - - - - -] console.ssl_ciphers = None log_opt_values /usr/lib/python3/dist-packages/oslo_config/cfg.py:2609
2025-11-20 00:41:39.748 178059 DEBUG oslo_service.service [req-4fe14ee3-8a7b-4ed8-a5f9-4ef52c1b223a - - - - -] console.ssl_minimum_version = default log_opt_values /usr/lib/python3/dist-packages/oslo_config/cfg.py:2609
2025-11-20 00:41:39.748 178890 DEBUG oslo_messaging._drivers.amqpdriver [req-42986e37-389a-4dc1-a76a-9259b9738237 - - - - -] sending reply msg_id: 6b4b4fe2e30a442997eb8936f558bb6e reply queue: reply_83f90ad8fbed4c58b520c24d0954c5cd time elapsed: 0.010061987999961275s _send_reply /usr/lib/python3/dist-packages/oslo_messaging/_drivers/amqpdriver.py:118
2025-11-20 00:41:39.748 178059 DEBUG oslo_service.service [req-4fe14ee3-8a7b-4ed8-a5f9-4ef52c1b223a - - - - -] consoleauth.token_ttl = 600 log_opt_values /usr/lib/python3/dist-packages/oslo_config/cfg.py:2609
2025-11-20 00:41:39.749 178059 DEBUG oslo_service.service [req-4fe14ee3-8a7b-4ed8-a5f9-4ef52c1b223a - - - - -] cyborg.cafile = None log_opt_values /usr/lib/python3/dist-packages/oslo_config/cfg.py:2609
2025-11-20 00:41:39.749 178891 DEBUG oslo_messaging._drivers.amqpdriver [-] AMQPListener connection timeout poll /usr/lib/python3/dist-packages/oslo_messaging/_drivers/amqpdriver.py:360
2025-11-20 00:41:39.749 178891 DEBUG oslo_messaging._drivers.amqpdriver [-] Listener is running poll /usr/lib/python3/dist-packages/oslo_messaging/_drivers/amqpdriver.py:343
2025-11-20 00:41:39.749 178059 DEBUG oslo_service.service [req-4fe14ee3-8a7b-4ed8-a5f9-4ef52c1b223a - - - - -] cyborg.certfile = None log_opt_values /usr/lib/python3/dist-packages/oslo_config/cfg.py:2609
2025-11-20 00:41:39.749 178891 DEBUG oslo_messaging._drivers.amqpdriver [-] AMQPListener connection consume poll /usr/lib/python3/dist-packages/oslo_messaging/_drivers/amqpdriver.py:357
2025-11-20 00:41:39.749 178059 DEBUG oslo_service.service [req-4fe14ee3-8a7b-4ed8-a5f9-4ef52c1b223a - - - - -] cyborg.collect_timing = False log_opt_values /usr/lib/python3/dist-packages/oslo_config/cfg.py:2609
2025-11-20 00:41:39.749 178059 DEBUG oslo_service.service [req-4fe14ee3-8a7b-4ed8-a5f9-4ef52c1b223a - - - - -] cyborg.connect_retries = None log_opt_values /usr/lib/python3/dist-packages/oslo_config/cfg.py:2609
2025-11-20 00:41:39.750 178059 DEBUG oslo_service.service [req-4fe14ee3-8a7b-4ed8-a5f9-4ef52c1b223a - - - - -] cyborg.connect_retry_delay = None log_opt_values /usr/lib/python3/dist-packages/oslo_config/cfg.py:2609
2025-11-20 00:41:39.750 178059 DEBUG oslo_service.service [req-4fe14ee3-8a7b-4ed8-a5f9-4ef52c1b223a - - - - -] cyborg.endpoint_override = None log_opt_values /usr/lib/python3/dist-packages/oslo_config/cfg.py:2609
2025-11-20 00:41:39.750 178059 DEBUG oslo_service.service [req-4fe14ee3-8a7b-4ed8-a5f9-4ef52c1b223a - - - - -] cyborg.insecure = False log_opt_values /usr/lib/python3/dist-packages/oslo_config/cfg.py:2609
2025-11-20 00:41:39.750 178059 DEBUG oslo_service.service [req-4fe14ee3-8a7b-4ed8-a5f9-4ef52c1b223a - - - - -] cyborg.keyfile = None log_opt_values /usr/lib/python3/dist-packages/oslo_config/cfg.py:2609
2025-11-20 00:41:39.751 178059 DEBUG oslo_service.service [req-4fe14ee3-8a7b-4ed8-a5f9-4ef52c1b223a - - - - -] cyborg.max_version = None log_opt_values /usr/lib/python3/dist-packages/oslo_config/cfg.py:2609
2025-11-20 00:41:39.751 178059 DEBUG oslo_service.service [req-4fe14ee3-8a7b-4ed8-a5f9-4ef52c1b223a - - - - -] cyborg.min_version = None log_opt_values /usr/lib/python3/dist-packages/oslo_config/cfg.py:2609
2025-11-20 00:41:39.752 178059 DEBUG oslo_service.service [req-4fe14ee3-8a7b-4ed8-a5f9-4ef52c1b223a - - - - -] cyborg.region_name = None log_opt_values /usr/lib/python3/dist-packages/oslo_config/cfg.py:2609
2025-11-20 00:41:39.752 178059 DEBUG oslo_service.service [req-4fe14ee3-8a7b-4ed8-a5f9-4ef52c1b223a - - - - -] cyborg.service_name = None log_opt_values /usr/lib/python3/dist-packages/oslo_config/cfg.py:2609
2025-11-20 00:41:39.752 178059 DEBUG oslo_service.service [req-4fe14ee3-8a7b-4ed8-a5f9-4ef52c1b223a - - - - -] cyborg.service_type = accelerator log_opt_values /usr/lib/python3/dist-packages/oslo_config/cfg.py:2609
2025-11-20 00:41:39.753 178059 DEBUG oslo_service.service [req-4fe14ee3-8a7b-4ed8-a5f9-4ef52c1b223a - - - - -] cyborg.split_loggers = False log_opt_values /usr/lib/python3/dist-packages/oslo_config/cfg.py:2609
2025-11-20 00:41:39.753 178059 DEBUG oslo_service.service [req-4fe14ee3-8a7b-4ed8-a5f9-4ef52c1b223a - - - - -] cyborg.status_code_retries = None log_opt_values /usr/lib/python3/dist-packages/oslo_config/cfg.py:2609
2025-11-20 00:41:39.753 178059 DEBUG oslo_service.service [req-4fe14ee3-8a7b-4ed8-a5f9-4ef52c1b223a - - - - -] cyborg.status_code_retry_delay = None log_opt_values /usr/lib/python3/dist-packages/oslo_config/cfg.py:2609
2025-11-20 00:41:39.753 178059 DEBUG oslo_service.service [req-4fe14ee3-8a7b-4ed8-a5f9-4ef52c1b223a - - - - -] cyborg.timeout = None log_opt_values /usr/lib/python3/dist-packages/oslo_config/cfg.py:2609
2025-11-20 00:41:39.754 178059 DEBUG oslo_service.service [req-4fe14ee3-8a7b-4ed8-a5f9-4ef52c1b223a - - - - -] cyborg.valid_interfaces = ['internal', 'public'] log_opt_values /usr/lib/python3/dist-packages/oslo_config/cfg.py:2609
2025-11-20 00:41:39.754 178059 DEBUG oslo_service.service [req-4fe14ee3-8a7b-4ed8-a5f9-4ef52c1b223a - - - - -] cyborg.version = None log_opt_values /usr/lib/python3/dist-packages/oslo_config/cfg.py:2609
2025-11-20 00:41:39.754 178059 DEBUG oslo_service.service [req-4fe14ee3-8a7b-4ed8-a5f9-4ef52c1b223a - - - - -] database.backend = sqlalchemy log_opt_values /usr/lib/python3/dist-packages/oslo_config/cfg.py:2609
2025-11-20 00:41:39.755 178059 DEBUG oslo_service.service [req-4fe14ee3-8a7b-4ed8-a5f9-4ef52c1b223a - - - - -] database.connection = **** log_opt_values /usr/lib/python3/dist-packages/oslo_config/cfg.py:2609
2025-11-20 00:41:39.755 178059 DEBUG oslo_service.service [req-4fe14ee3-8a7b-4ed8-a5f9-4ef52c1b223a - - - - -] database.connection_debug = 0 log_opt_values /usr/lib/python3/dist-packages/oslo_config/cfg.py:2609
2025-11-20 00:41:39.755 178059 DEBUG oslo_service.service [req-4fe14ee3-8a7b-4ed8-a5f9-4ef52c1b223a - - - - -] database.connection_parameters = log_opt_values /usr/lib/python3/dist-packages/oslo_config/cfg.py:2609
2025-11-20 00:41:39.756 178059 DEBUG oslo_service.service [req-4fe14ee3-8a7b-4ed8-a5f9-4ef52c1b223a - - - - -] database.connection_recycle_time = 3600 log_opt_values /usr/lib/python3/dist-packages/oslo_config/cfg.py:2609
2025-11-20 00:41:39.756 178059 DEBUG oslo_service.service [req-4fe14ee3-8a7b-4ed8-a5f9-4ef52c1b223a - - - - -] database.connection_trace = False log_opt_values /usr/lib/python3/dist-packages/oslo_config/cfg.py:2609
2025-11-20 00:41:39.757 178059 DEBUG oslo_service.service [req-4fe14ee3-8a7b-4ed8-a5f9-4ef52c1b223a - - - - -] database.db_inc_retry_interval = True log_opt_values /usr/lib/python3/dist-packages/oslo_config/cfg.py:2609
2025-11-20 00:41:39.757 178059 DEBUG oslo_service.service [req-4fe14ee3-8a7b-4ed8-a5f9-4ef52c1b223a - - - - -] database.db_max_retries = 20 log_opt_values /usr/lib/python3/dist-packages/oslo_config/cfg.py:2609
2025-11-20 00:41:39.757 178059 DEBUG oslo_service.service [req-4fe14ee3-8a7b-4ed8-a5f9-4ef52c1b223a - - - - -] database.db_max_retry_interval = 10 log_opt_values /usr/lib/python3/dist-packages/oslo_config/cfg.py:2609
2025-11-20 00:41:39.757 178059 DEBUG oslo_service.service [req-4fe14ee3-8a7b-4ed8-a5f9-4ef52c1b223a - - - - -] database.db_retry_interval = 1 log_opt_values /usr/lib/python3/dist-packages/oslo_config/cfg.py:2609
2025-11-20 00:41:39.758 178059 DEBUG oslo_service.service [req-4fe14ee3-8a7b-4ed8-a5f9-4ef52c1b223a - - - - -] database.max_overflow = 50 log_opt_values /usr/lib/python3/dist-packages/oslo_config/cfg.py:2609
2025-11-20 00:41:39.758 178059 DEBUG oslo_service.service [req-4fe14ee3-8a7b-4ed8-a5f9-4ef52c1b223a - - - - -] database.max_pool_size = 4 log_opt_values /usr/lib/python3/dist-packages/oslo_config/cfg.py:2609
2025-11-20 00:41:39.758 178059 DEBUG oslo_service.service [req-4fe14ee3-8a7b-4ed8-a5f9-4ef52c1b223a - - - - -] database.max_retries = 10 log_opt_values /usr/lib/python3/dist-packages/oslo_config/cfg.py:2609
2025-11-20 00:41:39.758 178059 DEBUG oslo_service.service [req-4fe14ee3-8a7b-4ed8-a5f9-4ef52c1b223a - - - - -] database.mysql_enable_ndb = False log_opt_values /usr/lib/python3/dist-packages/oslo_config/cfg.py:2609
2025-11-20 00:41:39.758 178059 DEBUG oslo_service.service [req-4fe14ee3-8a7b-4ed8-a5f9-4ef52c1b223a - - - - -] database.mysql_sql_mode = TRADITIONAL log_opt_values /usr/lib/python3/dist-packages/oslo_config/cfg.py:2609
2025-11-20 00:41:39.759 178059 DEBUG oslo_service.service [req-4fe14ee3-8a7b-4ed8-a5f9-4ef52c1b223a - - - - -] database.pool_timeout = None log_opt_values /usr/lib/python3/dist-packages/oslo_config/cfg.py:2609
2025-11-20 00:41:39.759 178059 DEBUG oslo_service.service [req-4fe14ee3-8a7b-4ed8-a5f9-4ef52c1b223a - - - - -] database.retry_interval = 10 log_opt_values /usr/lib/python3/dist-packages/oslo_config/cfg.py:2609
2025-11-20 00:41:39.759 178059 DEBUG oslo_service.service [req-4fe14ee3-8a7b-4ed8-a5f9-4ef52c1b223a - - - - -] database.slave_connection = **** log_opt_values /usr/lib/python3/dist-packages/oslo_config/cfg.py:2609
2025-11-20 00:41:39.759 178059 DEBUG oslo_service.service [req-4fe14ee3-8a7b-4ed8-a5f9-4ef52c1b223a - - - - -] database.sqlite_synchronous = True log_opt_values /usr/lib/python3/dist-packages/oslo_config/cfg.py:2609
2025-11-20 00:41:39.759 178059 DEBUG oslo_service.service [req-4fe14ee3-8a7b-4ed8-a5f9-4ef52c1b223a - - - - -] database.use_db_reconnect = False log_opt_values /usr/lib/python3/dist-packages/oslo_config/cfg.py:2609
2025-11-20 00:41:39.759 178059 DEBUG oslo_service.service [req-4fe14ee3-8a7b-4ed8-a5f9-4ef52c1b223a - - - - -] api_database.backend = sqlalchemy log_opt_values /usr/lib/python3/dist-packages/oslo_config/cfg.py:2609
2025-11-20 00:41:39.760 178059 DEBUG oslo_service.service [req-4fe14ee3-8a7b-4ed8-a5f9-4ef52c1b223a - - - - -] api_database.connection = **** log_opt_values /usr/lib/python3/dist-packages/oslo_config/cfg.py:2609
2025-11-20 00:41:39.760 178059 DEBUG oslo_service.service [req-4fe14ee3-8a7b-4ed8-a5f9-4ef52c1b223a - - - - -] api_database.connection_debug = 0 log_opt_values /usr/lib/python3/dist-packages/oslo_config/cfg.py:2609
2025-11-20 00:41:39.760 178059 DEBUG oslo_service.service [req-4fe14ee3-8a7b-4ed8-a5f9-4ef52c1b223a - - - - -] api_database.connection_parameters = log_opt_values /usr/lib/python3/dist-packages/oslo_config/cfg.py:2609
2025-11-20 00:41:39.760 178059 DEBUG oslo_service.service [req-4fe14ee3-8a7b-4ed8-a5f9-4ef52c1b223a - - - - -] api_database.connection_recycle_time = 3600 log_opt_values /usr/lib/python3/dist-packages/oslo_config/cfg.py:2609
2025-11-20 00:41:39.760 178059 DEBUG oslo_service.service [req-4fe14ee3-8a7b-4ed8-a5f9-4ef52c1b223a - - - - -] api_database.connection_trace = False log_opt_values /usr/lib/python3/dist-packages/oslo_config/cfg.py:2609
2025-11-20 00:41:39.761 178059 DEBUG oslo_service.service [req-4fe14ee3-8a7b-4ed8-a5f9-4ef52c1b223a - - - - -] api_database.db_inc_retry_interval = True log_opt_values /usr/lib/python3/dist-packages/oslo_config/cfg.py:2609
2025-11-20 00:41:39.761 178059 DEBUG oslo_service.service [req-4fe14ee3-8a7b-4ed8-a5f9-4ef52c1b223a - - - - -] api_database.db_max_retries = 20 log_opt_values /usr/lib/python3/dist-packages/oslo_config/cfg.py:2609
2025-11-20 00:41:39.761 178059 DEBUG oslo_service.service [req-4fe14ee3-8a7b-4ed8-a5f9-4ef52c1b223a - - - - -] api_database.db_max_retry_interval = 10 log_opt_values /usr/lib/python3/dist-packages/oslo_config/cfg.py:2609
2025-11-20 00:41:39.761 178059 DEBUG oslo_service.service [req-4fe14ee3-8a7b-4ed8-a5f9-4ef52c1b223a - - - - -] api_database.db_retry_interval = 1 log_opt_values /usr/lib/python3/dist-packages/oslo_config/cfg.py:2609
2025-11-20 00:41:39.761 178059 DEBUG oslo_service.service [req-4fe14ee3-8a7b-4ed8-a5f9-4ef52c1b223a - - - - -] api_database.max_overflow = 50 log_opt_values /usr/lib/python3/dist-packages/oslo_config/cfg.py:2609
2025-11-20 00:41:39.762 178059 DEBUG oslo_service.service [req-4fe14ee3-8a7b-4ed8-a5f9-4ef52c1b223a - - - - -] api_database.max_pool_size = 4 log_opt_values /usr/lib/python3/dist-packages/oslo_config/cfg.py:2609
2025-11-20 00:41:39.764 178059 DEBUG oslo_service.service [req-4fe14ee3-8a7b-4ed8-a5f9-4ef52c1b223a - - - - -] api_database.max_retries = 10 log_opt_values /usr/lib/python3/dist-packages/oslo_config/cfg.py:2609
2025-11-20 00:41:39.764 178059 DEBUG oslo_service.service [req-4fe14ee3-8a7b-4ed8-a5f9-4ef52c1b223a - - - - -] api_database.mysql_enable_ndb = False log_opt_values /usr/lib/python3/dist-packages/oslo_config/cfg.py:2609
2025-11-20 00:41:39.765 178059 DEBUG oslo_service.service [req-4fe14ee3-8a7b-4ed8-a5f9-4ef52c1b223a - - - - -] api_database.mysql_sql_mode = TRADITIONAL log_opt_values /usr/lib/python3/dist-packages/oslo_config/cfg.py:2609
2025-11-20 00:41:39.765 178059 DEBUG oslo_service.service [req-4fe14ee3-8a7b-4ed8-a5f9-4ef52c1b223a - - - - -] api_database.pool_timeout = None log_opt_values /usr/lib/python3/dist-packages/oslo_config/cfg.py:2609
2025-11-20 00:41:39.765 178059 DEBUG oslo_service.service [req-4fe14ee3-8a7b-4ed8-a5f9-4ef52c1b223a - - - - -] api_database.retry_interval = 10 log_opt_values /usr/lib/python3/dist-packages/oslo_config/cfg.py:2609
2025-11-20 00:41:39.766 178059 DEBUG oslo_service.service [req-4fe14ee3-8a7b-4ed8-a5f9-4ef52c1b223a - - - - -] api_database.slave_connection = **** log_opt_values /usr/lib/python3/dist-packages/oslo_config/cfg.py:2609
2025-11-20 00:41:39.767 178889 DEBUG oslo_messaging._drivers.amqpdriver [-] Listener is running poll /usr/lib/python3/dist-packages/oslo_messaging/_drivers/amqpdriver.py:343
2025-11-20 00:41:39.767 178059 DEBUG oslo_service.service [req-4fe14ee3-8a7b-4ed8-a5f9-4ef52c1b223a - - - - -] api_database.sqlite_synchronous = True log_opt_values /usr/lib/python3/dist-packages/oslo_config/cfg.py:2609
2025-11-20 00:41:39.767 178889 DEBUG oslo_messaging._drivers.amqpdriver [-] AMQPListener connection consume poll /usr/lib/python3/dist-packages/oslo_messaging/_drivers/amqpdriver.py:357
2025-11-20 00:41:39.767 178059 DEBUG oslo_service.service [req-4fe14ee3-8a7b-4ed8-a5f9-4ef52c1b223a - - - - -] devices.enabled_mdev_types = [] log_opt_values /usr/lib/python3/dist-packages/oslo_config/cfg.py:2609
2025-11-20 00:41:39.767 178059 DEBUG oslo_service.service [req-4fe14ee3-8a7b-4ed8-a5f9-4ef52c1b223a - - - - -] ephemeral_storage_encryption.cipher = aes-xts-plain64 log_opt_values /usr/lib/python3/dist-packages/oslo_config/cfg.py:2609
2025-11-20 00:41:39.768 178059 DEBUG oslo_service.service [req-4fe14ee3-8a7b-4ed8-a5f9-4ef52c1b223a - - - - -] ephemeral_storage_encryption.enabled = False log_opt_values /usr/lib/python3/dist-packages/oslo_config/cfg.py:2609
2025-11-20 00:41:39.768 178059 DEBUG oslo_service.service [req-4fe14ee3-8a7b-4ed8-a5f9-4ef52c1b223a - - - - -] ephemeral_storage_encryption.key_size = 512 log_opt_values /usr/lib/python3/dist-packages/oslo_config/cfg.py:2609
2025-11-20 00:41:39.768 178889 DEBUG nova.service [req-e032d52d-d578-4f13-96e7-ce3691921ff0 - - - - -] Join ServiceGroup membership for this service conductor start /usr/lib/python3/dist-packages/nova/service.py:199
2025-11-20 00:41:39.770 178889 DEBUG nova.servicegroup.drivers.db [req-e032d52d-d578-4f13-96e7-ce3691921ff0 - - - - -] DB_Driver: join new ServiceGroup member juju-d64615-0-lxd-7 to the conductor group, service = join /usr/lib/python3/dist-packages/nova/servicegroup/drivers/db.py:44
2025-11-20 00:41:39.769 178059 WARNING oslo_config.cfg [req-4fe14ee3-8a7b-4ed8-a5f9-4ef52c1b223a - - - - -] Deprecated: Option "api_servers" from group "glance" is deprecated for removal ( Support for image service configuration via standard keystoneauth1 Adapter options was added in the 17.0.0 Queens release. The api_servers option was retained temporarily to allow consumers time to cut over to a real load balancing solution. ). Its value may be silently ignored in the future.
2025-11-20 00:41:39.771 178059 DEBUG oslo_service.service [req-4fe14ee3-8a7b-4ed8-a5f9-4ef52c1b223a - - - - -] glance.api_servers = ['http://252.131.128.94:9292'] log_opt_values /usr/lib/python3/dist-packages/oslo_config/cfg.py:2609
2025-11-20 00:41:39.772 178059 DEBUG oslo_service.service [req-4fe14ee3-8a7b-4ed8-a5f9-4ef52c1b223a - - - - -] glance.cafile = None log_opt_values /usr/lib/python3/dist-packages/oslo_config/cfg.py:2609
2025-11-20 00:41:39.772 178059 DEBUG oslo_service.service [req-4fe14ee3-8a7b-4ed8-a5f9-4ef52c1b223a - - - - -] glance.certfile = None log_opt_values /usr/lib/python3/dist-packages/oslo_config/cfg.py:2609
2025-11-20 00:41:39.772 178059 DEBUG oslo_service.service [req-4fe14ee3-8a7b-4ed8-a5f9-4ef52c1b223a - - - - -] glance.collect_timing = False log_opt_values /usr/lib/python3/dist-packages/oslo_config/cfg.py:2609
2025-11-20 00:41:39.773 178059 DEBUG oslo_service.service [req-4fe14ee3-8a7b-4ed8-a5f9-4ef52c1b223a - - - - -] glance.connect_retries = None log_opt_values /usr/lib/python3/dist-packages/oslo_config/cfg.py:2609
2025-11-20 00:41:39.773 178059 DEBUG oslo_service.service [req-4fe14ee3-8a7b-4ed8-a5f9-4ef52c1b223a - - - - -] glance.connect_retry_delay = None log_opt_values /usr/lib/python3/dist-packages/oslo_config/cfg.py:2609
2025-11-20 00:41:39.773 178059 DEBUG oslo_service.service [req-4fe14ee3-8a7b-4ed8-a5f9-4ef52c1b223a - - - - -] glance.debug = False log_opt_values /usr/lib/python3/dist-packages/oslo_config/cfg.py:2609
2025-11-20 00:41:39.773 178059 DEBUG oslo_service.service [req-4fe14ee3-8a7b-4ed8-a5f9-4ef52c1b223a - - - - -] glance.default_trusted_certificate_ids = [] log_opt_values /usr/lib/python3/dist-packages/oslo_config/cfg.py:2609
2025-11-20 00:41:39.774 178059 DEBUG oslo_service.service [req-4fe14ee3-8a7b-4ed8-a5f9-4ef52c1b223a - - - - -] glance.enable_certificate_validation = False log_opt_values /usr/lib/python3/dist-packages/oslo_config/cfg.py:2609
2025-11-20 00:41:39.774 178889 DEBUG oslo_messaging._drivers.amqpdriver [-] AMQPListener connection timeout poll /usr/lib/python3/dist-packages/oslo_messaging/_drivers/amqpdriver.py:360
2025-11-20 00:41:39.774 178059 DEBUG oslo_service.service [req-4fe14ee3-8a7b-4ed8-a5f9-4ef52c1b223a - - - - -] glance.enable_rbd_download = False log_opt_values /usr/lib/python3/dist-packages/oslo_config/cfg.py:2609
2025-11-20 00:41:39.774 178059 DEBUG oslo_service.service [req-4fe14ee3-8a7b-4ed8-a5f9-4ef52c1b223a - - - - -] glance.endpoint_override = None log_opt_values /usr/lib/python3/dist-packages/oslo_config/cfg.py:2609
2025-11-20 00:41:39.774 178889 DEBUG oslo_messaging._drivers.amqpdriver [-] Listener is running poll /usr/lib/python3/dist-packages/oslo_messaging/_drivers/amqpdriver.py:343
2025-11-20 00:41:39.775 178059 DEBUG oslo_service.service [req-4fe14ee3-8a7b-4ed8-a5f9-4ef52c1b223a - - - - -] glance.insecure = False log_opt_values /usr/lib/python3/dist-packages/oslo_config/cfg.py:2609
2025-11-20 00:41:39.775 178889 DEBUG oslo_messaging._drivers.amqpdriver [-] AMQPListener connection consume poll /usr/lib/python3/dist-packages/oslo_messaging/_drivers/amqpdriver.py:357
2025-11-20 00:41:39.775 178059 DEBUG oslo_service.service [req-4fe14ee3-8a7b-4ed8-a5f9-4ef52c1b223a - - - - -] glance.keyfile = None log_opt_values /usr/lib/python3/dist-packages/oslo_config/cfg.py:2609
2025-11-20 00:41:39.775 178059 DEBUG oslo_service.service [req-4fe14ee3-8a7b-4ed8-a5f9-4ef52c1b223a - - - - -] glance.max_version = None log_opt_values /usr/lib/python3/dist-packages/oslo_config/cfg.py:2609
2025-11-20 00:41:39.775 178059 DEBUG oslo_service.service [req-4fe14ee3-8a7b-4ed8-a5f9-4ef52c1b223a - - - - -] glance.min_version = None log_opt_values /usr/lib/python3/dist-packages/oslo_config/cfg.py:2609
2025-11-20 00:41:39.776 178059 DEBUG oslo_service.service [req-4fe14ee3-8a7b-4ed8-a5f9-4ef52c1b223a - - - - -] glance.num_retries = 3 log_opt_values /usr/lib/python3/dist-packages/oslo_config/cfg.py:2609
2025-11-20 00:41:39.776 178059 DEBUG oslo_service.service [req-4fe14ee3-8a7b-4ed8-a5f9-4ef52c1b223a - - - - -] glance.rbd_ceph_conf = log_opt_values /usr/lib/python3/dist-packages/oslo_config/cfg.py:2609
2025-11-20 00:41:39.776 178059 DEBUG oslo_service.service [req-4fe14ee3-8a7b-4ed8-a5f9-4ef52c1b223a - - - - -] glance.rbd_connect_timeout = 5 log_opt_values /usr/lib/python3/dist-packages/oslo_config/cfg.py:2609
2025-11-20 00:41:39.776 178059 DEBUG oslo_service.service [req-4fe14ee3-8a7b-4ed8-a5f9-4ef52c1b223a - - - - -] glance.rbd_pool = log_opt_values /usr/lib/python3/dist-packages/oslo_config/cfg.py:2609
2025-11-20 00:41:39.777 178059 DEBUG oslo_service.service [req-4fe14ee3-8a7b-4ed8-a5f9-4ef52c1b223a - - - - -] glance.rbd_user = log_opt_values /usr/lib/python3/dist-packages/oslo_config/cfg.py:2609
2025-11-20 00:41:39.777 178059 DEBUG oslo_service.service [req-4fe14ee3-8a7b-4ed8-a5f9-4ef52c1b223a - - - - -] glance.region_name = None log_opt_values /usr/lib/python3/dist-packages/oslo_config/cfg.py:2609
2025-11-20 00:41:39.777 178059 DEBUG oslo_service.service [req-4fe14ee3-8a7b-4ed8-a5f9-4ef52c1b223a - - - - -] glance.service_name = None log_opt_values /usr/lib/python3/dist-packages/oslo_config/cfg.py:2609
2025-11-20 00:41:39.777 178059 DEBUG oslo_service.service [req-4fe14ee3-8a7b-4ed8-a5f9-4ef52c1b223a - - - - -] glance.service_type = image log_opt_values /usr/lib/python3/dist-packages/oslo_config/cfg.py:2609
2025-11-20 00:41:39.778 178059 DEBUG oslo_service.service [req-4fe14ee3-8a7b-4ed8-a5f9-4ef52c1b223a - - - - -] glance.split_loggers = False log_opt_values /usr/lib/python3/dist-packages/oslo_config/cfg.py:2609
2025-11-20 00:41:39.778 178059 DEBUG oslo_service.service [req-4fe14ee3-8a7b-4ed8-a5f9-4ef52c1b223a - - - - -] glance.status_code_retries = None log_opt_values /usr/lib/python3/dist-packages/oslo_config/cfg.py:2609
2025-11-20 00:41:39.778 178059 DEBUG oslo_service.service [req-4fe14ee3-8a7b-4ed8-a5f9-4ef52c1b223a - - - - -] glance.status_code_retry_delay = None log_opt_values /usr/lib/python3/dist-packages/oslo_config/cfg.py:2609
2025-11-20 00:41:39.778 178059 DEBUG oslo_service.service [req-4fe14ee3-8a7b-4ed8-a5f9-4ef52c1b223a - - - - -] glance.timeout = None log_opt_values /usr/lib/python3/dist-packages/oslo_config/cfg.py:2609
2025-11-20 00:41:39.779 178059 DEBUG oslo_service.service [req-4fe14ee3-8a7b-4ed8-a5f9-4ef52c1b223a - - - - -] glance.valid_interfaces = ['internal', 'public'] log_opt_values /usr/lib/python3/dist-packages/oslo_config/cfg.py:2609
2025-11-20 00:41:39.779 178059 DEBUG oslo_service.service [req-4fe14ee3-8a7b-4ed8-a5f9-4ef52c1b223a - - - - -] glance.verify_glance_signatures = False log_opt_values /usr/lib/python3/dist-packages/oslo_config/cfg.py:2609
2025-11-20 00:41:39.779 178059 DEBUG oslo_service.service [req-4fe14ee3-8a7b-4ed8-a5f9-4ef52c1b223a - - - - -] glance.version = None log_opt_values /usr/lib/python3/dist-packages/oslo_config/cfg.py:2609
2025-11-20 00:41:39.779 178059 DEBUG oslo_service.service [req-4fe14ee3-8a7b-4ed8-a5f9-4ef52c1b223a - - - - -] guestfs.debug = False log_opt_values /usr/lib/python3/dist-packages/oslo_config/cfg.py:2609
2025-11-20 00:41:39.780 178059 DEBUG oslo_service.service [req-4fe14ee3-8a7b-4ed8-a5f9-4ef52c1b223a - - - - -] hyperv.config_drive_cdrom = False log_opt_values /usr/lib/python3/dist-packages/oslo_config/cfg.py:2609
2025-11-20 00:41:39.780 178059 DEBUG oslo_service.service [req-4fe14ee3-8a7b-4ed8-a5f9-4ef52c1b223a - - - - -] hyperv.config_drive_inject_password = False log_opt_values /usr/lib/python3/dist-packages/oslo_config/cfg.py:2609
2025-11-20 00:41:39.780 178059 DEBUG oslo_service.service [req-4fe14ee3-8a7b-4ed8-a5f9-4ef52c1b223a - - - - -] hyperv.dynamic_memory_ratio = 1.0 log_opt_values /usr/lib/python3/dist-packages/oslo_config/cfg.py:2609
2025-11-20 00:41:39.780 178059 DEBUG oslo_service.service [req-4fe14ee3-8a7b-4ed8-a5f9-4ef52c1b223a - - - - -] hyperv.enable_instance_metrics_collection = False log_opt_values /usr/lib/python3/dist-packages/oslo_config/cfg.py:2609
2025-11-20 00:41:39.781 178059 DEBUG oslo_service.service [req-4fe14ee3-8a7b-4ed8-a5f9-4ef52c1b223a - - - - -] hyperv.enable_remotefx = False log_opt_values /usr/lib/python3/dist-packages/oslo_config/cfg.py:2609
2025-11-20 00:41:39.781 178059 DEBUG oslo_service.service [req-4fe14ee3-8a7b-4ed8-a5f9-4ef52c1b223a - - - - -] hyperv.instances_path_share = log_opt_values /usr/lib/python3/dist-packages/oslo_config/cfg.py:2609
2025-11-20 00:41:39.781 178059 DEBUG oslo_service.service [req-4fe14ee3-8a7b-4ed8-a5f9-4ef52c1b223a - - - - -] hyperv.iscsi_initiator_list = [] log_opt_values /usr/lib/python3/dist-packages/oslo_config/cfg.py:2609
2025-11-20 00:41:39.781 178059 DEBUG oslo_service.service [req-4fe14ee3-8a7b-4ed8-a5f9-4ef52c1b223a - - - - -] hyperv.limit_cpu_features = False log_opt_values /usr/lib/python3/dist-packages/oslo_config/cfg.py:2609
2025-11-20 00:41:39.782 178059 DEBUG oslo_service.service [req-4fe14ee3-8a7b-4ed8-a5f9-4ef52c1b223a - - - - -] hyperv.mounted_disk_query_retry_count = 10 log_opt_values /usr/lib/python3/dist-packages/oslo_config/cfg.py:2609
2025-11-20 00:41:39.782 178059 DEBUG oslo_service.service [req-4fe14ee3-8a7b-4ed8-a5f9-4ef52c1b223a - - - - -] hyperv.mounted_disk_query_retry_interval = 5 log_opt_values /usr/lib/python3/dist-packages/oslo_config/cfg.py:2609
2025-11-20 00:41:39.782 178059 DEBUG oslo_service.service [req-4fe14ee3-8a7b-4ed8-a5f9-4ef52c1b223a - - - - -] hyperv.power_state_check_timeframe = 60 log_opt_values /usr/lib/python3/dist-packages/oslo_config/cfg.py:2609
2025-11-20 00:41:39.782 178059 DEBUG oslo_service.service [req-4fe14ee3-8a7b-4ed8-a5f9-4ef52c1b223a - - - - -] hyperv.power_state_event_polling_interval = 2 log_opt_values /usr/lib/python3/dist-packages/oslo_config/cfg.py:2609
2025-11-20 00:41:39.783 178059 DEBUG oslo_service.service [req-4fe14ee3-8a7b-4ed8-a5f9-4ef52c1b223a - - - - -] hyperv.qemu_img_cmd = qemu-img.exe log_opt_values /usr/lib/python3/dist-packages/oslo_config/cfg.py:2609
2025-11-20 00:41:39.783 178059 DEBUG oslo_service.service [req-4fe14ee3-8a7b-4ed8-a5f9-4ef52c1b223a - - - - -] hyperv.use_multipath_io = False log_opt_values /usr/lib/python3/dist-packages/oslo_config/cfg.py:2609
2025-11-20 00:41:39.783 178059 DEBUG oslo_service.service [req-4fe14ee3-8a7b-4ed8-a5f9-4ef52c1b223a - - - - -] hyperv.volume_attach_retry_count = 10 log_opt_values /usr/lib/python3/dist-packages/oslo_config/cfg.py:2609
2025-11-20 00:41:39.784 178059 DEBUG oslo_service.service [req-4fe14ee3-8a7b-4ed8-a5f9-4ef52c1b223a - - - - -] hyperv.volume_attach_retry_interval = 5 log_opt_values /usr/lib/python3/dist-packages/oslo_config/cfg.py:2609
2025-11-20 00:41:39.784 178059 DEBUG oslo_service.service [req-4fe14ee3-8a7b-4ed8-a5f9-4ef52c1b223a - - - - -] hyperv.vswitch_name = None log_opt_values /usr/lib/python3/dist-packages/oslo_config/cfg.py:2609
2025-11-20 00:41:39.784 178059 DEBUG oslo_service.service [req-4fe14ee3-8a7b-4ed8-a5f9-4ef52c1b223a - - - - -] hyperv.wait_soft_reboot_seconds = 60 log_opt_values /usr/lib/python3/dist-packages/oslo_config/cfg.py:2609
2025-11-20 00:41:39.784 178059 DEBUG oslo_service.service [req-4fe14ee3-8a7b-4ed8-a5f9-4ef52c1b223a - - - - -] mks.enabled = False log_opt_values /usr/lib/python3/dist-packages/oslo_config/cfg.py:2609
2025-11-20 00:41:39.785 178059 DEBUG oslo_service.service [req-4fe14ee3-8a7b-4ed8-a5f9-4ef52c1b223a - - - - -] mks.mksproxy_base_url = http://127.0.0.1:6090/ log_opt_values /usr/lib/python3/dist-packages/oslo_config/cfg.py:2609
2025-11-20 00:41:39.785 178892 DEBUG oslo_messaging._drivers.amqpdriver [-] Listener is running poll /usr/lib/python3/dist-packages/oslo_messaging/_drivers/amqpdriver.py:343
2025-11-20 00:41:39.786 178892 DEBUG oslo_messaging._drivers.amqpdriver [-] AMQPListener connection consume poll /usr/lib/python3/dist-packages/oslo_messaging/_drivers/amqpdriver.py:357
2025-11-20 00:41:39.786 178059 DEBUG oslo_service.service [req-4fe14ee3-8a7b-4ed8-a5f9-4ef52c1b223a - - - - -] image_cache.manager_interval = 2400 log_opt_values /usr/lib/python3/dist-packages/oslo_config/cfg.py:2609
2025-11-20 00:41:39.786 178059 DEBUG oslo_service.service [req-4fe14ee3-8a7b-4ed8-a5f9-4ef52c1b223a - - - - -] image_cache.precache_concurrency = 1 log_opt_values /usr/lib/python3/dist-packages/oslo_config/cfg.py:2609
2025-11-20 00:41:39.786 178059 DEBUG oslo_service.service [req-4fe14ee3-8a7b-4ed8-a5f9-4ef52c1b223a - - - - -] image_cache.remove_unused_base_images = True log_opt_values /usr/lib/python3/dist-packages/oslo_config/cfg.py:2609
2025-11-20 00:41:39.786 178892 DEBUG nova.service [req-daee3d78-a3fa-452d-ad71-96639a20ce53 - - - - -] Join ServiceGroup membership for this service conductor start /usr/lib/python3/dist-packages/nova/service.py:199
2025-11-20 00:41:39.786 178059 DEBUG oslo_service.service [req-4fe14ee3-8a7b-4ed8-a5f9-4ef52c1b223a - - - - -] image_cache.remove_unused_original_minimum_age_seconds = 86400 log_opt_values /usr/lib/python3/dist-packages/oslo_config/cfg.py:2609
2025-11-20 00:41:39.787 178892 DEBUG nova.servicegroup.drivers.db [req-daee3d78-a3fa-452d-ad71-96639a20ce53 - - - - -] DB_Driver: join new ServiceGroup member juju-d64615-0-lxd-7 to the conductor group, service = join /usr/lib/python3/dist-packages/nova/servicegroup/drivers/db.py:44
2025-11-20 00:41:39.787 178059 DEBUG oslo_service.service [req-4fe14ee3-8a7b-4ed8-a5f9-4ef52c1b223a - - - - -] image_cache.remove_unused_resized_minimum_age_seconds = 3600 log_opt_values /usr/lib/python3/dist-packages/oslo_config/cfg.py:2609
2025-11-20 00:41:39.787 178059 DEBUG oslo_service.service [req-4fe14ee3-8a7b-4ed8-a5f9-4ef52c1b223a - - - - -] image_cache.subdirectory_name = _base log_opt_values /usr/lib/python3/dist-packages/oslo_config/cfg.py:2609
2025-11-20 00:41:39.788 178059 DEBUG oslo_service.service [req-4fe14ee3-8a7b-4ed8-a5f9-4ef52c1b223a - - - - -] ironic.api_max_retries = 60 log_opt_values /usr/lib/python3/dist-packages/oslo_config/cfg.py:2609
2025-11-20 00:41:39.789 178059 DEBUG oslo_service.service [req-4fe14ee3-8a7b-4ed8-a5f9-4ef52c1b223a - - - - -] ironic.api_retry_interval = 2 log_opt_values /usr/lib/python3/dist-packages/oslo_config/cfg.py:2609
2025-11-20 00:41:39.790 178059 DEBUG oslo_service.service [req-4fe14ee3-8a7b-4ed8-a5f9-4ef52c1b223a - - - - -] ironic.auth_section = None log_opt_values /usr/lib/python3/dist-packages/oslo_config/cfg.py:2609
2025-11-20 00:41:39.790 178059 DEBUG oslo_service.service [req-4fe14ee3-8a7b-4ed8-a5f9-4ef52c1b223a - - - - -] ironic.auth_type = None log_opt_values /usr/lib/python3/dist-packages/oslo_config/cfg.py:2609
2025-11-20 00:41:39.790 178892 DEBUG oslo_messaging._drivers.amqpdriver [-] AMQPListener connection timeout poll /usr/lib/python3/dist-packages/oslo_messaging/_drivers/amqpdriver.py:360
2025-11-20 00:41:39.791 178892 DEBUG oslo_messaging._drivers.amqpdriver [-] Listener is running poll /usr/lib/python3/dist-packages/oslo_messaging/_drivers/amqpdriver.py:343
2025-11-20 00:41:39.791 178059 DEBUG oslo_service.service [req-4fe14ee3-8a7b-4ed8-a5f9-4ef52c1b223a - - - - -] ironic.cafile = None log_opt_values /usr/lib/python3/dist-packages/oslo_config/cfg.py:2609
2025-11-20 00:41:39.791 178892 DEBUG oslo_messaging._drivers.amqpdriver [-] AMQPListener connection consume poll /usr/lib/python3/dist-packages/oslo_messaging/_drivers/amqpdriver.py:357
2025-11-20 00:41:39.791 178059 DEBUG oslo_service.service [req-4fe14ee3-8a7b-4ed8-a5f9-4ef52c1b223a - - - - -] ironic.certfile = None log_opt_values /usr/lib/python3/dist-packages/oslo_config/cfg.py:2609
2025-11-20 00:41:39.791 178059 DEBUG oslo_service.service [req-4fe14ee3-8a7b-4ed8-a5f9-4ef52c1b223a - - - - -] ironic.collect_timing = False log_opt_values /usr/lib/python3/dist-packages/oslo_config/cfg.py:2609
2025-11-20 00:41:39.791 178059 DEBUG oslo_service.service [req-4fe14ee3-8a7b-4ed8-a5f9-4ef52c1b223a - - - - -] ironic.connect_retries = None log_opt_values /usr/lib/python3/dist-packages/oslo_config/cfg.py:2609
2025-11-20 00:41:39.793 178059 DEBUG oslo_service.service [req-4fe14ee3-8a7b-4ed8-a5f9-4ef52c1b223a - - - - -] ironic.connect_retry_delay = None log_opt_values /usr/lib/python3/dist-packages/oslo_config/cfg.py:2609
2025-11-20 00:41:39.793 178059 DEBUG oslo_service.service [req-4fe14ee3-8a7b-4ed8-a5f9-4ef52c1b223a - - - - -] ironic.endpoint_override = None log_opt_values /usr/lib/python3/dist-packages/oslo_config/cfg.py:2609
2025-11-20 00:41:39.794 178059 DEBUG oslo_service.service [req-4fe14ee3-8a7b-4ed8-a5f9-4ef52c1b223a - - - - -] ironic.insecure = False log_opt_values /usr/lib/python3/dist-packages/oslo_config/cfg.py:2609
2025-11-20 00:41:39.795 178059 DEBUG oslo_service.service [req-4fe14ee3-8a7b-4ed8-a5f9-4ef52c1b223a - - - - -] ironic.keyfile = None log_opt_values /usr/lib/python3/dist-packages/oslo_config/cfg.py:2609
2025-11-20 00:41:39.795 178059 DEBUG oslo_service.service [req-4fe14ee3-8a7b-4ed8-a5f9-4ef52c1b223a - - - - -] ironic.max_version = None log_opt_values /usr/lib/python3/dist-packages/oslo_config/cfg.py:2609
2025-11-20 00:41:39.795 178059 DEBUG oslo_service.service [req-4fe14ee3-8a7b-4ed8-a5f9-4ef52c1b223a - - - - -] ironic.min_version = None log_opt_values /usr/lib/python3/dist-packages/oslo_config/cfg.py:2609
2025-11-20 00:41:39.795 178059 DEBUG oslo_service.service [req-4fe14ee3-8a7b-4ed8-a5f9-4ef52c1b223a - - - - -] ironic.partition_key = None log_opt_values /usr/lib/python3/dist-packages/oslo_config/cfg.py:2609
2025-11-20 00:41:39.795 178059 DEBUG oslo_service.service [req-4fe14ee3-8a7b-4ed8-a5f9-4ef52c1b223a - - - - -] ironic.peer_list = [] log_opt_values /usr/lib/python3/dist-packages/oslo_config/cfg.py:2609
2025-11-20 00:41:39.796 178059 DEBUG oslo_service.service [req-4fe14ee3-8a7b-4ed8-a5f9-4ef52c1b223a - - - - -] ironic.region_name = None log_opt_values /usr/lib/python3/dist-packages/oslo_config/cfg.py:2609
2025-11-20 00:41:39.797 178059 DEBUG oslo_service.service [req-4fe14ee3-8a7b-4ed8-a5f9-4ef52c1b223a - - - - -] ironic.serial_console_state_timeout = 10 log_opt_values /usr/lib/python3/dist-packages/oslo_config/cfg.py:2609
2025-11-20 00:41:39.797 178059 DEBUG oslo_service.service [req-4fe14ee3-8a7b-4ed8-a5f9-4ef52c1b223a - - - - -] ironic.service_name = None log_opt_values /usr/lib/python3/dist-packages/oslo_config/cfg.py:2609
2025-11-20 00:41:39.798 178059 DEBUG oslo_service.service [req-4fe14ee3-8a7b-4ed8-a5f9-4ef52c1b223a - - - - -] ironic.service_type = baremetal log_opt_values /usr/lib/python3/dist-packages/oslo_config/cfg.py:2609
2025-11-20 00:41:39.798 178059 DEBUG oslo_service.service [req-4fe14ee3-8a7b-4ed8-a5f9-4ef52c1b223a - - - - -] ironic.split_loggers = False log_opt_values /usr/lib/python3/dist-packages/oslo_config/cfg.py:2609
2025-11-20 00:41:39.798 178059 DEBUG oslo_service.service [req-4fe14ee3-8a7b-4ed8-a5f9-4ef52c1b223a - - - - -] ironic.status_code_retries = None log_opt_values /usr/lib/python3/dist-packages/oslo_config/cfg.py:2609
2025-11-20 00:41:39.798 178059 DEBUG oslo_service.service [req-4fe14ee3-8a7b-4ed8-a5f9-4ef52c1b223a - - - - -] ironic.status_code_retry_delay = None log_opt_values /usr/lib/python3/dist-packages/oslo_config/cfg.py:2609
2025-11-20 00:41:39.799 178059 DEBUG oslo_service.service [req-4fe14ee3-8a7b-4ed8-a5f9-4ef52c1b223a - - - - -] ironic.timeout = None log_opt_values /usr/lib/python3/dist-packages/oslo_config/cfg.py:2609
2025-11-20 00:41:39.799 178059 DEBUG oslo_service.service [req-4fe14ee3-8a7b-4ed8-a5f9-4ef52c1b223a - - - - -] ironic.valid_interfaces = ['internal', 'public'] log_opt_values /usr/lib/python3/dist-packages/oslo_config/cfg.py:2609
2025-11-20 00:41:39.799 178059 DEBUG oslo_service.service [req-4fe14ee3-8a7b-4ed8-a5f9-4ef52c1b223a - - - - -] ironic.version = None log_opt_values /usr/lib/python3/dist-packages/oslo_config/cfg.py:2609
