2025-11-20 00:39:32.992 155636 DEBUG oslo_db.sqlalchemy.engines [req-c59bb6f9-a5a1-47a0-8cd1-50aa41be6fd3 - - - - -] MySQL server mode set to STRICT_TRANS_TABLES,STRICT_ALL_TABLES,NO_ZERO_IN_DATE,NO_ZERO_DATE,ERROR_FOR_DIVISION_BY_ZERO,TRADITIONAL,NO_ENGINE_SUBSTITUTION _check_effective_sql_mode /usr/lib/python3/dist-packages/oslo_db/sqlalchemy/engines.py:314
2025-11-20 00:39:32.996 155636 DEBUG oslo_db.sqlalchemy.engines [req-c59bb6f9-a5a1-47a0-8cd1-50aa41be6fd3 - - - - -] MySQL server mode set to STRICT_TRANS_TABLES,STRICT_ALL_TABLES,NO_ZERO_IN_DATE,NO_ZERO_DATE,ERROR_FOR_DIVISION_BY_ZERO,TRADITIONAL,NO_ENGINE_SUBSTITUTION _check_effective_sql_mode /usr/lib/python3/dist-packages/oslo_db/sqlalchemy/engines.py:314
2025-11-20 00:39:33.108 155636 DEBUG oslo_concurrency.lockutils [req-c59bb6f9-a5a1-47a0-8cd1-50aa41be6fd3 - - - - -] Acquired lock "singleton_lock" lock /usr/lib/python3/dist-packages/oslo_concurrency/lockutils.py:294
2025-11-20 00:39:33.109 155636 DEBUG oslo_concurrency.lockutils [req-c59bb6f9-a5a1-47a0-8cd1-50aa41be6fd3 - - - - -] Releasing lock "singleton_lock" lock /usr/lib/python3/dist-packages/oslo_concurrency/lockutils.py:312
2025-11-20 00:39:33.109 155636 INFO oslo_service.service [req-c59bb6f9-a5a1-47a0-8cd1-50aa41be6fd3 - - - - -] Starting 4 workers
2025-11-20 00:39:33.113 155636 DEBUG oslo_service.service [req-c59bb6f9-a5a1-47a0-8cd1-50aa41be6fd3 - - - - -] Started child 156026 _start_child /usr/lib/python3/dist-packages/oslo_service/service.py:575
2025-11-20 00:39:33.118 156026 INFO nova.service [-] Starting conductor node (version 25.2.1)
2025-11-20 00:39:33.120 155636 DEBUG oslo_service.service [req-c59bb6f9-a5a1-47a0-8cd1-50aa41be6fd3 - - - - -] Started child 156027 _start_child /usr/lib/python3/dist-packages/oslo_service/service.py:575
2025-11-20 00:39:33.126 155636 DEBUG oslo_service.service [req-c59bb6f9-a5a1-47a0-8cd1-50aa41be6fd3 - - - - -] Started child 156028 _start_child /usr/lib/python3/dist-packages/oslo_service/service.py:575
2025-11-20 00:39:33.129 156027 INFO nova.service [-] Starting conductor node (version 25.2.1)
2025-11-20 00:39:33.131 156026 DEBUG oslo_db.sqlalchemy.engines [req-e7f97278-6416-4d4d-ab84-d9982eba38ef - - - - -] MySQL server mode set to STRICT_TRANS_TABLES,STRICT_ALL_TABLES,NO_ZERO_IN_DATE,NO_ZERO_DATE,ERROR_FOR_DIVISION_BY_ZERO,TRADITIONAL,NO_ENGINE_SUBSTITUTION _check_effective_sql_mode /usr/lib/python3/dist-packages/oslo_db/sqlalchemy/engines.py:314
2025-11-20 00:39:33.132 155636 DEBUG oslo_service.service [req-c59bb6f9-a5a1-47a0-8cd1-50aa41be6fd3 - - - - -] Started child 156029 _start_child /usr/lib/python3/dist-packages/oslo_service/service.py:575
2025-11-20 00:39:33.134 155636 DEBUG oslo_service.service [req-c59bb6f9-a5a1-47a0-8cd1-50aa41be6fd3 - - - - -] Full set of CONF: wait /usr/lib/python3/dist-packages/oslo_service/service.py:649
2025-11-20 00:39:33.135 155636 DEBUG oslo_service.service [req-c59bb6f9-a5a1-47a0-8cd1-50aa41be6fd3 - - - - -] ******************************************************************************** log_opt_values /usr/lib/python3/dist-packages/oslo_config/cfg.py:2589
2025-11-20 00:39:33.137 155636 DEBUG oslo_service.service [req-c59bb6f9-a5a1-47a0-8cd1-50aa41be6fd3 - - - - -] Configuration options gathered from: log_opt_values /usr/lib/python3/dist-packages/oslo_config/cfg.py:2590
2025-11-20 00:39:33.137 155636 DEBUG oslo_service.service [req-c59bb6f9-a5a1-47a0-8cd1-50aa41be6fd3 - - - - -] command line args: ['--config-file=/etc/nova/nova.conf', '--log-file=/var/log/nova/nova-conductor.log'] log_opt_values /usr/lib/python3/dist-packages/oslo_config/cfg.py:2591
2025-11-20 00:39:33.138 155636 DEBUG oslo_service.service [req-c59bb6f9-a5a1-47a0-8cd1-50aa41be6fd3 - - - - -] config files: ['/etc/nova/nova.conf'] log_opt_values /usr/lib/python3/dist-packages/oslo_config/cfg.py:2592
2025-11-20 00:39:33.138 155636 DEBUG oslo_service.service [req-c59bb6f9-a5a1-47a0-8cd1-50aa41be6fd3 - - - - -] ================================================================================ log_opt_values /usr/lib/python3/dist-packages/oslo_config/cfg.py:2594
2025-11-20 00:39:33.138 155636 DEBUG oslo_service.service [req-c59bb6f9-a5a1-47a0-8cd1-50aa41be6fd3 - - - - -] allow_resize_to_same_host = False log_opt_values /usr/lib/python3/dist-packages/oslo_config/cfg.py:2602
2025-11-20 00:39:33.139 155636 DEBUG oslo_service.service [req-c59bb6f9-a5a1-47a0-8cd1-50aa41be6fd3 - - - - -] arq_binding_timeout = 300 log_opt_values /usr/lib/python3/dist-packages/oslo_config/cfg.py:2602
2025-11-20 00:39:33.141 155636 DEBUG oslo_service.service [req-c59bb6f9-a5a1-47a0-8cd1-50aa41be6fd3 - - - - -] block_device_allocate_retries = 60 log_opt_values /usr/lib/python3/dist-packages/oslo_config/cfg.py:2602
2025-11-20 00:39:33.141 155636 DEBUG oslo_service.service [req-c59bb6f9-a5a1-47a0-8cd1-50aa41be6fd3 - - - - -] block_device_allocate_retries_interval = 3 log_opt_values /usr/lib/python3/dist-packages/oslo_config/cfg.py:2602
2025-11-20 00:39:33.142 155636 DEBUG oslo_service.service [req-c59bb6f9-a5a1-47a0-8cd1-50aa41be6fd3 - - - - -] cert = self.pem log_opt_values /usr/lib/python3/dist-packages/oslo_config/cfg.py:2602
2025-11-20 00:39:33.142 155636 DEBUG oslo_service.service [req-c59bb6f9-a5a1-47a0-8cd1-50aa41be6fd3 - - - - -] compute_driver = libvirt.LibvirtDriver log_opt_values /usr/lib/python3/dist-packages/oslo_config/cfg.py:2602
2025-11-20 00:39:33.143 155636 DEBUG oslo_service.service [req-c59bb6f9-a5a1-47a0-8cd1-50aa41be6fd3 - - - - -] compute_monitors = [] log_opt_values /usr/lib/python3/dist-packages/oslo_config/cfg.py:2602
2025-11-20 00:39:33.143 155636 DEBUG oslo_service.service [req-c59bb6f9-a5a1-47a0-8cd1-50aa41be6fd3 - - - - -] config_dir = [] log_opt_values /usr/lib/python3/dist-packages/oslo_config/cfg.py:2602
2025-11-20 00:39:33.143 155636 DEBUG oslo_service.service [req-c59bb6f9-a5a1-47a0-8cd1-50aa41be6fd3 - - - - -] config_drive_format = iso9660 log_opt_values /usr/lib/python3/dist-packages/oslo_config/cfg.py:2602
2025-11-20 00:39:33.143 155636 DEBUG oslo_service.service [req-c59bb6f9-a5a1-47a0-8cd1-50aa41be6fd3 - - - - -] config_file = ['/etc/nova/nova.conf'] log_opt_values /usr/lib/python3/dist-packages/oslo_config/cfg.py:2602
2025-11-20 00:39:33.144 155636 DEBUG oslo_service.service [req-c59bb6f9-a5a1-47a0-8cd1-50aa41be6fd3 - - - - -] config_source = [] log_opt_values /usr/lib/python3/dist-packages/oslo_config/cfg.py:2602
2025-11-20 00:39:33.145 155636 DEBUG oslo_service.service [req-c59bb6f9-a5a1-47a0-8cd1-50aa41be6fd3 - - - - -] console_host = juju-d64615-0-lxd-7 log_opt_values /usr/lib/python3/dist-packages/oslo_config/cfg.py:2602
2025-11-20 00:39:33.145 155636 DEBUG oslo_service.service [req-c59bb6f9-a5a1-47a0-8cd1-50aa41be6fd3 - - - - -] control_exchange = nova log_opt_values /usr/lib/python3/dist-packages/oslo_config/cfg.py:2602
2025-11-20 00:39:33.145 155636 DEBUG oslo_service.service [req-c59bb6f9-a5a1-47a0-8cd1-50aa41be6fd3 - - - - -] cpu_allocation_ratio = 2.0 log_opt_values /usr/lib/python3/dist-packages/oslo_config/cfg.py:2602
2025-11-20 00:39:33.146 155636 DEBUG oslo_service.service [req-c59bb6f9-a5a1-47a0-8cd1-50aa41be6fd3 - - - - -] daemon = False log_opt_values /usr/lib/python3/dist-packages/oslo_config/cfg.py:2602
2025-11-20 00:39:33.146 155636 DEBUG oslo_service.service [req-c59bb6f9-a5a1-47a0-8cd1-50aa41be6fd3 - - - - -] debug = True log_opt_values /usr/lib/python3/dist-packages/oslo_config/cfg.py:2602
2025-11-20 00:39:33.146 155636 DEBUG oslo_service.service [req-c59bb6f9-a5a1-47a0-8cd1-50aa41be6fd3 - - - - -] default_access_ip_network_name = None log_opt_values /usr/lib/python3/dist-packages/oslo_config/cfg.py:2602
2025-11-20 00:39:33.146 155636 DEBUG oslo_service.service [req-c59bb6f9-a5a1-47a0-8cd1-50aa41be6fd3 - - - - -] default_availability_zone = nova log_opt_values /usr/lib/python3/dist-packages/oslo_config/cfg.py:2602
2025-11-20 00:39:33.146 155636 DEBUG oslo_service.service [req-c59bb6f9-a5a1-47a0-8cd1-50aa41be6fd3 - - - - -] default_ephemeral_format = None log_opt_values /usr/lib/python3/dist-packages/oslo_config/cfg.py:2602
2025-11-20 00:39:33.147 155636 DEBUG oslo_service.service [req-c59bb6f9-a5a1-47a0-8cd1-50aa41be6fd3 - - - - -] default_log_levels = ['amqp=WARN', 'amqplib=WARN', 'boto=WARN', 'qpid=WARN', 'sqlalchemy=WARN', 'suds=INFO', 'oslo.messaging=INFO', 'oslo_messaging=DEBUG', 'iso8601=WARN', 'requests.packages.urllib3.connectionpool=WARN', 'urllib3.connectionpool=WARN', 'websocket=WARN', 'requests.packages.urllib3.util.retry=WARN', 'urllib3.util.retry=WARN', 'keystonemiddleware=WARN', 'routes.middleware=WARN', 'stevedore=WARN', 'taskflow=WARN', 'keystoneauth=WARN', 'oslo.cache=INFO', 'dogpile.core.dogpile=INFO', 'glanceclient=WARN', 'oslo.privsep.daemon=INFO'] log_opt_values /usr/lib/python3/dist-packages/oslo_config/cfg.py:2602
2025-11-20 00:39:33.147 155636 DEBUG oslo_service.service [req-c59bb6f9-a5a1-47a0-8cd1-50aa41be6fd3 - - - - -] default_schedule_zone = None log_opt_values /usr/lib/python3/dist-packages/oslo_config/cfg.py:2602
2025-11-20 00:39:33.147 155636 DEBUG oslo_service.service [req-c59bb6f9-a5a1-47a0-8cd1-50aa41be6fd3 - - - - -] disk_allocation_ratio = 1.0 log_opt_values /usr/lib/python3/dist-packages/oslo_config/cfg.py:2602
2025-11-20 00:39:33.147 155636 DEBUG oslo_service.service [req-c59bb6f9-a5a1-47a0-8cd1-50aa41be6fd3 - - - - -] enable_new_services = True log_opt_values /usr/lib/python3/dist-packages/oslo_config/cfg.py:2602
2025-11-20 00:39:33.147 156027 DEBUG oslo_db.sqlalchemy.engines [req-87347620-ab1b-4099-b1f4-a68b124fdab5 - - - - -] MySQL server mode set to STRICT_TRANS_TABLES,STRICT_ALL_TABLES,NO_ZERO_IN_DATE,NO_ZERO_DATE,ERROR_FOR_DIVISION_BY_ZERO,TRADITIONAL,NO_ENGINE_SUBSTITUTION _check_effective_sql_mode /usr/lib/python3/dist-packages/oslo_db/sqlalchemy/engines.py:314
2025-11-20 00:39:33.148 155636 DEBUG oslo_service.service [req-c59bb6f9-a5a1-47a0-8cd1-50aa41be6fd3 - - - - -] enabled_apis = ['osapi_compute', 'metadata'] log_opt_values /usr/lib/python3/dist-packages/oslo_config/cfg.py:2602
2025-11-20 00:39:33.148 155636 DEBUG oslo_service.service [req-c59bb6f9-a5a1-47a0-8cd1-50aa41be6fd3 - - - - -] enabled_ssl_apis = [] log_opt_values /usr/lib/python3/dist-packages/oslo_config/cfg.py:2602
2025-11-20 00:39:33.149 155636 DEBUG oslo_service.service [req-c59bb6f9-a5a1-47a0-8cd1-50aa41be6fd3 - - - - -] fatal_deprecations = False log_opt_values /usr/lib/python3/dist-packages/oslo_config/cfg.py:2602
2025-11-20 00:39:33.149 155636 DEBUG oslo_service.service [req-c59bb6f9-a5a1-47a0-8cd1-50aa41be6fd3 - - - - -] flat_injected = False log_opt_values /usr/lib/python3/dist-packages/oslo_config/cfg.py:2602
2025-11-20 00:39:33.149 155636 DEBUG oslo_service.service [req-c59bb6f9-a5a1-47a0-8cd1-50aa41be6fd3 - - - - -] force_config_drive = False log_opt_values /usr/lib/python3/dist-packages/oslo_config/cfg.py:2602
2025-11-20 00:39:33.150 155636 DEBUG oslo_service.service [req-c59bb6f9-a5a1-47a0-8cd1-50aa41be6fd3 - - - - -] force_raw_images = True log_opt_values /usr/lib/python3/dist-packages/oslo_config/cfg.py:2602
2025-11-20 00:39:33.151 155636 DEBUG oslo_service.service [req-c59bb6f9-a5a1-47a0-8cd1-50aa41be6fd3 - - - - -] graceful_shutdown_timeout = 60 log_opt_values /usr/lib/python3/dist-packages/oslo_config/cfg.py:2602
2025-11-20 00:39:33.151 155636 DEBUG oslo_service.service [req-c59bb6f9-a5a1-47a0-8cd1-50aa41be6fd3 - - - - -] heal_instance_info_cache_interval = 60 log_opt_values /usr/lib/python3/dist-packages/oslo_config/cfg.py:2602
2025-11-20 00:39:33.151 156026 DEBUG nova.service [req-e7f97278-6416-4d4d-ab84-d9982eba38ef - - - - -] Creating RPC server for service conductor start /usr/lib/python3/dist-packages/nova/service.py:182
2025-11-20 00:39:33.151 156028 INFO nova.service [-] Starting conductor node (version 25.2.1)
2025-11-20 00:39:33.152 155636 DEBUG oslo_service.service [req-c59bb6f9-a5a1-47a0-8cd1-50aa41be6fd3 - - - - -] host = juju-d64615-0-lxd-7 log_opt_values /usr/lib/python3/dist-packages/oslo_config/cfg.py:2602
2025-11-20 00:39:33.153 155636 DEBUG oslo_service.service [req-c59bb6f9-a5a1-47a0-8cd1-50aa41be6fd3 - - - - -] initial_cpu_allocation_ratio = 16.0 log_opt_values /usr/lib/python3/dist-packages/oslo_config/cfg.py:2602
2025-11-20 00:39:33.153 155636 DEBUG oslo_service.service [req-c59bb6f9-a5a1-47a0-8cd1-50aa41be6fd3 - - - - -] initial_disk_allocation_ratio = 1.0 log_opt_values /usr/lib/python3/dist-packages/oslo_config/cfg.py:2602
2025-11-20 00:39:33.154 155636 DEBUG oslo_service.service [req-c59bb6f9-a5a1-47a0-8cd1-50aa41be6fd3 - - - - -] initial_ram_allocation_ratio = 1.5 log_opt_values /usr/lib/python3/dist-packages/oslo_config/cfg.py:2602
2025-11-20 00:39:33.156 155636 DEBUG oslo_service.service [req-c59bb6f9-a5a1-47a0-8cd1-50aa41be6fd3 - - - - -] injected_network_template = /usr/lib/python3/dist-packages/nova/virt/interfaces.template log_opt_values /usr/lib/python3/dist-packages/oslo_config/cfg.py:2602
2025-11-20 00:39:33.157 155636 DEBUG oslo_service.service [req-c59bb6f9-a5a1-47a0-8cd1-50aa41be6fd3 - - - - -] instance_build_timeout = 0 log_opt_values /usr/lib/python3/dist-packages/oslo_config/cfg.py:2602
2025-11-20 00:39:33.157 155636 DEBUG oslo_service.service [req-c59bb6f9-a5a1-47a0-8cd1-50aa41be6fd3 - - - - -] instance_delete_interval = 300 log_opt_values /usr/lib/python3/dist-packages/oslo_config/cfg.py:2602
2025-11-20 00:39:33.157 155636 DEBUG oslo_service.service [req-c59bb6f9-a5a1-47a0-8cd1-50aa41be6fd3 - - - - -] instance_format = [instance: %(uuid)s] log_opt_values /usr/lib/python3/dist-packages/oslo_config/cfg.py:2602
2025-11-20 00:39:33.158 155636 DEBUG oslo_service.service [req-c59bb6f9-a5a1-47a0-8cd1-50aa41be6fd3 - - - - -] instance_name_template = instance-%08x log_opt_values /usr/lib/python3/dist-packages/oslo_config/cfg.py:2602
2025-11-20 00:39:33.162 155636 DEBUG oslo_service.service [req-c59bb6f9-a5a1-47a0-8cd1-50aa41be6fd3 - - - - -] instance_usage_audit = False log_opt_values /usr/lib/python3/dist-packages/oslo_config/cfg.py:2602
2025-11-20 00:39:33.162 155636 DEBUG oslo_service.service [req-c59bb6f9-a5a1-47a0-8cd1-50aa41be6fd3 - - - - -] instance_usage_audit_period = month log_opt_values /usr/lib/python3/dist-packages/oslo_config/cfg.py:2602
2025-11-20 00:39:33.163 155636 DEBUG oslo_service.service [req-c59bb6f9-a5a1-47a0-8cd1-50aa41be6fd3 - - - - -] instance_uuid_format = [instance: %(uuid)s] log_opt_values /usr/lib/python3/dist-packages/oslo_config/cfg.py:2602
2025-11-20 00:39:33.163 155636 DEBUG oslo_service.service [req-c59bb6f9-a5a1-47a0-8cd1-50aa41be6fd3 - - - - -] instances_path = /var/lib/nova/instances log_opt_values /usr/lib/python3/dist-packages/oslo_config/cfg.py:2602
2025-11-20 00:39:33.167 155636 DEBUG oslo_service.service [req-c59bb6f9-a5a1-47a0-8cd1-50aa41be6fd3 - - - - -] internal_service_availability_zone = internal log_opt_values /usr/lib/python3/dist-packages/oslo_config/cfg.py:2602
2025-11-20 00:39:33.167 156029 INFO nova.service [-] Starting conductor node (version 25.2.1)
2025-11-20 00:39:33.168 155636 DEBUG oslo_service.service [req-c59bb6f9-a5a1-47a0-8cd1-50aa41be6fd3 - - - - -] key = None log_opt_values /usr/lib/python3/dist-packages/oslo_config/cfg.py:2602
2025-11-20 00:39:33.171 155636 DEBUG oslo_service.service [req-c59bb6f9-a5a1-47a0-8cd1-50aa41be6fd3 - - - - -] live_migration_retry_count = 30 log_opt_values /usr/lib/python3/dist-packages/oslo_config/cfg.py:2602
2025-11-20 00:39:33.171 155636 DEBUG oslo_service.service [req-c59bb6f9-a5a1-47a0-8cd1-50aa41be6fd3 - - - - -] log_config_append = None log_opt_values /usr/lib/python3/dist-packages/oslo_config/cfg.py:2602
2025-11-20 00:39:33.173 155636 DEBUG oslo_service.service [req-c59bb6f9-a5a1-47a0-8cd1-50aa41be6fd3 - - - - -] log_date_format = %Y-%m-%d %H:%M:%S log_opt_values /usr/lib/python3/dist-packages/oslo_config/cfg.py:2602
2025-11-20 00:39:33.173 155636 DEBUG oslo_service.service [req-c59bb6f9-a5a1-47a0-8cd1-50aa41be6fd3 - - - - -] log_dir = /var/log/nova log_opt_values /usr/lib/python3/dist-packages/oslo_config/cfg.py:2602
2025-11-20 00:39:33.176 155636 DEBUG oslo_service.service [req-c59bb6f9-a5a1-47a0-8cd1-50aa41be6fd3 - - - - -] log_file = /var/log/nova/nova-conductor.log log_opt_values /usr/lib/python3/dist-packages/oslo_config/cfg.py:2602
2025-11-20 00:39:33.177 155636 DEBUG oslo_service.service [req-c59bb6f9-a5a1-47a0-8cd1-50aa41be6fd3 - - - - -] log_options = True log_opt_values /usr/lib/python3/dist-packages/oslo_config/cfg.py:2602
2025-11-20 00:39:33.177 155636 DEBUG oslo_service.service [req-c59bb6f9-a5a1-47a0-8cd1-50aa41be6fd3 - - - - -] log_rotate_interval = 1 log_opt_values /usr/lib/python3/dist-packages/oslo_config/cfg.py:2602
2025-11-20 00:39:33.177 156027 DEBUG nova.service [req-87347620-ab1b-4099-b1f4-a68b124fdab5 - - - - -] Creating RPC server for service conductor start /usr/lib/python3/dist-packages/nova/service.py:182
2025-11-20 00:39:33.177 155636 DEBUG oslo_service.service [req-c59bb6f9-a5a1-47a0-8cd1-50aa41be6fd3 - - - - -] log_rotate_interval_type = days log_opt_values /usr/lib/python3/dist-packages/oslo_config/cfg.py:2602
2025-11-20 00:39:33.183 155636 DEBUG oslo_service.service [req-c59bb6f9-a5a1-47a0-8cd1-50aa41be6fd3 - - - - -] log_rotation_type = none log_opt_values /usr/lib/python3/dist-packages/oslo_config/cfg.py:2602
2025-11-20 00:39:33.184 155636 DEBUG oslo_service.service [req-c59bb6f9-a5a1-47a0-8cd1-50aa41be6fd3 - - - - -] logging_context_format_string = %(asctime)s.%(msecs)03d %(process)d %(levelname)s %(name)s [%(request_id)s %(user_identity)s] %(instance)s%(message)s log_opt_values /usr/lib/python3/dist-packages/oslo_config/cfg.py:2602
2025-11-20 00:39:33.186 156026 DEBUG oslo_messaging._drivers.amqpdriver [-] Listener is running poll /usr/lib/python3/dist-packages/oslo_messaging/_drivers/amqpdriver.py:343
2025-11-20 00:39:33.186 155636 DEBUG oslo_service.service [req-c59bb6f9-a5a1-47a0-8cd1-50aa41be6fd3 - - - - -] logging_debug_format_suffix = %(funcName)s %(pathname)s:%(lineno)d log_opt_values /usr/lib/python3/dist-packages/oslo_config/cfg.py:2602
2025-11-20 00:39:33.186 156026 DEBUG oslo_messaging._drivers.amqpdriver [-] AMQPListener connection consume poll /usr/lib/python3/dist-packages/oslo_messaging/_drivers/amqpdriver.py:357
2025-11-20 00:39:33.186 155636 DEBUG oslo_service.service [req-c59bb6f9-a5a1-47a0-8cd1-50aa41be6fd3 - - - - -] logging_default_format_string = %(asctime)s.%(msecs)03d %(process)d %(levelname)s %(name)s [-] %(instance)s%(message)s log_opt_values /usr/lib/python3/dist-packages/oslo_config/cfg.py:2602
2025-11-20 00:39:33.187 156026 DEBUG nova.service [req-e7f97278-6416-4d4d-ab84-d9982eba38ef - - - - -] Join ServiceGroup membership for this service conductor start /usr/lib/python3/dist-packages/nova/service.py:199
2025-11-20 00:39:33.187 155636 DEBUG oslo_service.service [req-c59bb6f9-a5a1-47a0-8cd1-50aa41be6fd3 - - - - -] logging_exception_prefix = %(asctime)s.%(msecs)03d %(process)d ERROR %(name)s %(instance)s log_opt_values /usr/lib/python3/dist-packages/oslo_config/cfg.py:2602
2025-11-20 00:39:33.187 156026 DEBUG nova.servicegroup.drivers.db [req-e7f97278-6416-4d4d-ab84-d9982eba38ef - - - - -] DB_Driver: join new ServiceGroup member juju-d64615-0-lxd-7 to the conductor group, service = join /usr/lib/python3/dist-packages/nova/servicegroup/drivers/db.py:44
2025-11-20 00:39:33.187 155636 DEBUG oslo_service.service [req-c59bb6f9-a5a1-47a0-8cd1-50aa41be6fd3 - - - - -] logging_user_identity_format = %(user)s %(project)s %(domain)s %(user_domain)s %(project_domain)s log_opt_values /usr/lib/python3/dist-packages/oslo_config/cfg.py:2602
2025-11-20 00:39:33.188 156026 DEBUG oslo_messaging._drivers.amqpdriver [-] received message msg_id: b605eee7af4d4291a13c26e4038cee4d reply to reply_a0a7ef7fb1a044909f7c039b18dbe011 __call__ /usr/lib/python3/dist-packages/oslo_messaging/_drivers/amqpdriver.py:320
2025-11-20 00:39:33.188 155636 DEBUG oslo_service.service [req-c59bb6f9-a5a1-47a0-8cd1-50aa41be6fd3 - - - - -] long_rpc_timeout = 1800 log_opt_values /usr/lib/python3/dist-packages/oslo_config/cfg.py:2602
2025-11-20 00:39:33.189 155636 DEBUG oslo_service.service [req-c59bb6f9-a5a1-47a0-8cd1-50aa41be6fd3 - - - - -] max_concurrent_builds = 10 log_opt_values /usr/lib/python3/dist-packages/oslo_config/cfg.py:2602
2025-11-20 00:39:33.190 156026 DEBUG oslo_messaging._drivers.amqpdriver [-] AMQPListener connection timeout poll /usr/lib/python3/dist-packages/oslo_messaging/_drivers/amqpdriver.py:360
2025-11-20 00:39:33.191 156026 DEBUG oslo_messaging._drivers.amqpdriver [-] Listener is running poll /usr/lib/python3/dist-packages/oslo_messaging/_drivers/amqpdriver.py:343
2025-11-20 00:39:33.192 156026 DEBUG oslo_messaging._drivers.amqpdriver [-] Poll the incoming message with unique_id: 8420b98909ec4a62beaf50ca3d67ed69 poll /usr/lib/python3/dist-packages/oslo_messaging/_drivers/amqpdriver.py:346
2025-11-20 00:39:33.192 156026 DEBUG oslo_messaging._drivers.amqpdriver [-] Listener is running poll /usr/lib/python3/dist-packages/oslo_messaging/_drivers/amqpdriver.py:343
2025-11-20 00:39:33.192 156026 DEBUG oslo_messaging._drivers.amqpdriver [-] AMQPListener connection consume poll /usr/lib/python3/dist-packages/oslo_messaging/_drivers/amqpdriver.py:357
2025-11-20 00:39:33.185 156028 DEBUG oslo_db.sqlalchemy.engines [req-63eb5a65-d1d2-4c8c-b3d6-d57dcb4abb20 - - - - -] MySQL server mode set to STRICT_TRANS_TABLES,STRICT_ALL_TABLES,NO_ZERO_IN_DATE,NO_ZERO_DATE,ERROR_FOR_DIVISION_BY_ZERO,TRADITIONAL,NO_ENGINE_SUBSTITUTION _check_effective_sql_mode /usr/lib/python3/dist-packages/oslo_db/sqlalchemy/engines.py:314
2025-11-20 00:39:33.194 156029 DEBUG oslo_db.sqlalchemy.engines [req-b9e841e5-b15a-42e7-ab8e-ef31eee4b888 - - - - -] MySQL server mode set to STRICT_TRANS_TABLES,STRICT_ALL_TABLES,NO_ZERO_IN_DATE,NO_ZERO_DATE,ERROR_FOR_DIVISION_BY_ZERO,TRADITIONAL,NO_ENGINE_SUBSTITUTION _check_effective_sql_mode /usr/lib/python3/dist-packages/oslo_db/sqlalchemy/engines.py:314
2025-11-20 00:39:33.189 155636 DEBUG oslo_service.service [req-c59bb6f9-a5a1-47a0-8cd1-50aa41be6fd3 - - - - -] max_concurrent_live_migrations = 1 log_opt_values /usr/lib/python3/dist-packages/oslo_config/cfg.py:2602
2025-11-20 00:39:33.195 155636 DEBUG oslo_service.service [req-c59bb6f9-a5a1-47a0-8cd1-50aa41be6fd3 - - - - -] max_concurrent_snapshots = 5 log_opt_values /usr/lib/python3/dist-packages/oslo_config/cfg.py:2602
2025-11-20 00:39:33.195 155636 DEBUG oslo_service.service [req-c59bb6f9-a5a1-47a0-8cd1-50aa41be6fd3 - - - - -] max_local_block_devices = 3 log_opt_values /usr/lib/python3/dist-packages/oslo_config/cfg.py:2602
2025-11-20 00:39:33.196 155636 DEBUG oslo_service.service [req-c59bb6f9-a5a1-47a0-8cd1-50aa41be6fd3 - - - - -] max_logfile_count = 30 log_opt_values /usr/lib/python3/dist-packages/oslo_config/cfg.py:2602
2025-11-20 00:39:33.198 155636 DEBUG oslo_service.service [req-c59bb6f9-a5a1-47a0-8cd1-50aa41be6fd3 - - - - -] max_logfile_size_mb = 200 log_opt_values /usr/lib/python3/dist-packages/oslo_config/cfg.py:2602
2025-11-20 00:39:33.201 155636 DEBUG oslo_service.service [req-c59bb6f9-a5a1-47a0-8cd1-50aa41be6fd3 - - - - -] maximum_instance_delete_attempts = 5 log_opt_values /usr/lib/python3/dist-packages/oslo_config/cfg.py:2602
2025-11-20 00:39:33.201 155636 DEBUG oslo_service.service [req-c59bb6f9-a5a1-47a0-8cd1-50aa41be6fd3 - - - - -] metadata_listen = 0.0.0.0 log_opt_values /usr/lib/python3/dist-packages/oslo_config/cfg.py:2602
2025-11-20 00:39:33.201 155636 DEBUG oslo_service.service [req-c59bb6f9-a5a1-47a0-8cd1-50aa41be6fd3 - - - - -] metadata_listen_port = 8765 log_opt_values /usr/lib/python3/dist-packages/oslo_config/cfg.py:2602
2025-11-20 00:39:33.201 155636 DEBUG oslo_service.service [req-c59bb6f9-a5a1-47a0-8cd1-50aa41be6fd3 - - - - -] metadata_workers = None log_opt_values /usr/lib/python3/dist-packages/oslo_config/cfg.py:2602
2025-11-20 00:39:33.200 156026 DEBUG oslo_messaging._drivers.amqpdriver [req-7c394361-5fdc-41dd-b9e6-dc29ae8434f0 - - - - -] sending reply msg_id: b605eee7af4d4291a13c26e4038cee4d reply queue: reply_a0a7ef7fb1a044909f7c039b18dbe011 time elapsed: 0.012140989999807061s _send_reply /usr/lib/python3/dist-packages/oslo_messaging/_drivers/amqpdriver.py:118
2025-11-20 00:39:33.202 155636 DEBUG oslo_service.service [req-c59bb6f9-a5a1-47a0-8cd1-50aa41be6fd3 - - - - -] migrate_max_retries = -1 log_opt_values /usr/lib/python3/dist-packages/oslo_config/cfg.py:2602
2025-11-20 00:39:33.204 155636 DEBUG oslo_service.service [req-c59bb6f9-a5a1-47a0-8cd1-50aa41be6fd3 - - - - -] mkisofs_cmd = genisoimage log_opt_values /usr/lib/python3/dist-packages/oslo_config/cfg.py:2602
2025-11-20 00:39:33.205 155636 DEBUG oslo_service.service [req-c59bb6f9-a5a1-47a0-8cd1-50aa41be6fd3 - - - - -] my_block_storage_ip = 252.131.122.218 log_opt_values /usr/lib/python3/dist-packages/oslo_config/cfg.py:2602
2025-11-20 00:39:33.205 155636 DEBUG oslo_service.service [req-c59bb6f9-a5a1-47a0-8cd1-50aa41be6fd3 - - - - -] my_ip = 252.131.122.218 log_opt_values /usr/lib/python3/dist-packages/oslo_config/cfg.py:2602
2025-11-20 00:39:33.205 155636 DEBUG oslo_service.service [req-c59bb6f9-a5a1-47a0-8cd1-50aa41be6fd3 - - - - -] network_allocate_retries = 0 log_opt_values /usr/lib/python3/dist-packages/oslo_config/cfg.py:2602
2025-11-20 00:39:33.205 155636 DEBUG oslo_service.service [req-c59bb6f9-a5a1-47a0-8cd1-50aa41be6fd3 - - - - -] non_inheritable_image_properties = ['cache_in_nova', 'bittorrent'] log_opt_values /usr/lib/python3/dist-packages/oslo_config/cfg.py:2602
2025-11-20 00:39:33.206 155636 DEBUG oslo_service.service [req-c59bb6f9-a5a1-47a0-8cd1-50aa41be6fd3 - - - - -] osapi_compute_listen = 0.0.0.0 log_opt_values /usr/lib/python3/dist-packages/oslo_config/cfg.py:2602
2025-11-20 00:39:33.206 155636 DEBUG oslo_service.service [req-c59bb6f9-a5a1-47a0-8cd1-50aa41be6fd3 - - - - -] osapi_compute_listen_port = 8764 log_opt_values /usr/lib/python3/dist-packages/oslo_config/cfg.py:2602
2025-11-20 00:39:33.208 155636 DEBUG oslo_service.service [req-c59bb6f9-a5a1-47a0-8cd1-50aa41be6fd3 - - - - -] osapi_compute_unique_server_name_scope = log_opt_values /usr/lib/python3/dist-packages/oslo_config/cfg.py:2602
2025-11-20 00:39:33.208 155636 DEBUG oslo_service.service [req-c59bb6f9-a5a1-47a0-8cd1-50aa41be6fd3 - - - - -] osapi_compute_workers = 4 log_opt_values /usr/lib/python3/dist-packages/oslo_config/cfg.py:2602
2025-11-20 00:39:33.209 155636 DEBUG oslo_service.service [req-c59bb6f9-a5a1-47a0-8cd1-50aa41be6fd3 - - - - -] password_length = 12 log_opt_values /usr/lib/python3/dist-packages/oslo_config/cfg.py:2602
2025-11-20 00:39:33.210 155636 DEBUG oslo_service.service [req-c59bb6f9-a5a1-47a0-8cd1-50aa41be6fd3 - - - - -] periodic_enable = True log_opt_values /usr/lib/python3/dist-packages/oslo_config/cfg.py:2602
2025-11-20 00:39:33.210 155636 DEBUG oslo_service.service [req-c59bb6f9-a5a1-47a0-8cd1-50aa41be6fd3 - - - - -] periodic_fuzzy_delay = 60 log_opt_values /usr/lib/python3/dist-packages/oslo_config/cfg.py:2602
2025-11-20 00:39:33.210 155636 DEBUG oslo_service.service [req-c59bb6f9-a5a1-47a0-8cd1-50aa41be6fd3 - - - - -] pointer_model = usbtablet log_opt_values /usr/lib/python3/dist-packages/oslo_config/cfg.py:2602
2025-11-20 00:39:33.211 155636 DEBUG oslo_service.service [req-c59bb6f9-a5a1-47a0-8cd1-50aa41be6fd3 - - - - -] preallocate_images = none log_opt_values /usr/lib/python3/dist-packages/oslo_config/cfg.py:2602
2025-11-20 00:39:33.211 155636 DEBUG oslo_service.service [req-c59bb6f9-a5a1-47a0-8cd1-50aa41be6fd3 - - - - -] publish_errors = False log_opt_values /usr/lib/python3/dist-packages/oslo_config/cfg.py:2602
2025-11-20 00:39:33.211 155636 DEBUG oslo_service.service [req-c59bb6f9-a5a1-47a0-8cd1-50aa41be6fd3 - - - - -] pybasedir = /usr/lib/python3/dist-packages log_opt_values /usr/lib/python3/dist-packages/oslo_config/cfg.py:2602
2025-11-20 00:39:33.212 155636 DEBUG oslo_service.service [req-c59bb6f9-a5a1-47a0-8cd1-50aa41be6fd3 - - - - -] ram_allocation_ratio = 0.98 log_opt_values /usr/lib/python3/dist-packages/oslo_config/cfg.py:2602
2025-11-20 00:39:33.212 155636 DEBUG oslo_service.service [req-c59bb6f9-a5a1-47a0-8cd1-50aa41be6fd3 - - - - -] rate_limit_burst = 0 log_opt_values /usr/lib/python3/dist-packages/oslo_config/cfg.py:2602
2025-11-20 00:39:33.212 155636 DEBUG oslo_service.service [req-c59bb6f9-a5a1-47a0-8cd1-50aa41be6fd3 - - - - -] rate_limit_except_level = CRITICAL log_opt_values /usr/lib/python3/dist-packages/oslo_config/cfg.py:2602
2025-11-20 00:39:33.212 155636 DEBUG oslo_service.service [req-c59bb6f9-a5a1-47a0-8cd1-50aa41be6fd3 - - - - -] rate_limit_interval = 0 log_opt_values /usr/lib/python3/dist-packages/oslo_config/cfg.py:2602
2025-11-20 00:39:33.212 155636 DEBUG oslo_service.service [req-c59bb6f9-a5a1-47a0-8cd1-50aa41be6fd3 - - - - -] reboot_timeout = 0 log_opt_values /usr/lib/python3/dist-packages/oslo_config/cfg.py:2602
2025-11-20 00:39:33.212 155636 DEBUG oslo_service.service [req-c59bb6f9-a5a1-47a0-8cd1-50aa41be6fd3 - - - - -] reclaim_instance_interval = 0 log_opt_values /usr/lib/python3/dist-packages/oslo_config/cfg.py:2602
2025-11-20 00:39:33.213 155636 DEBUG oslo_service.service [req-c59bb6f9-a5a1-47a0-8cd1-50aa41be6fd3 - - - - -] record = None log_opt_values /usr/lib/python3/dist-packages/oslo_config/cfg.py:2602
2025-11-20 00:39:33.213 155636 DEBUG oslo_service.service [req-c59bb6f9-a5a1-47a0-8cd1-50aa41be6fd3 - - - - -] report_interval = 10 log_opt_values /usr/lib/python3/dist-packages/oslo_config/cfg.py:2602
2025-11-20 00:39:33.213 155636 DEBUG oslo_service.service [req-c59bb6f9-a5a1-47a0-8cd1-50aa41be6fd3 - - - - -] rescue_timeout = 0 log_opt_values /usr/lib/python3/dist-packages/oslo_config/cfg.py:2602
2025-11-20 00:39:33.213 155636 DEBUG oslo_service.service [req-c59bb6f9-a5a1-47a0-8cd1-50aa41be6fd3 - - - - -] reserved_host_cpus = 0 log_opt_values /usr/lib/python3/dist-packages/oslo_config/cfg.py:2602
2025-11-20 00:39:33.213 155636 DEBUG oslo_service.service [req-c59bb6f9-a5a1-47a0-8cd1-50aa41be6fd3 - - - - -] reserved_host_disk_mb = 0 log_opt_values /usr/lib/python3/dist-packages/oslo_config/cfg.py:2602
2025-11-20 00:39:33.214 155636 DEBUG oslo_service.service [req-c59bb6f9-a5a1-47a0-8cd1-50aa41be6fd3 - - - - -] reserved_host_memory_mb = 512 log_opt_values /usr/lib/python3/dist-packages/oslo_config/cfg.py:2602
2025-11-20 00:39:33.214 155636 DEBUG oslo_service.service [req-c59bb6f9-a5a1-47a0-8cd1-50aa41be6fd3 - - - - -] reserved_huge_pages = None log_opt_values /usr/lib/python3/dist-packages/oslo_config/cfg.py:2602
2025-11-20 00:39:33.214 155636 DEBUG oslo_service.service [req-c59bb6f9-a5a1-47a0-8cd1-50aa41be6fd3 - - - - -] resize_confirm_window = 0 log_opt_values /usr/lib/python3/dist-packages/oslo_config/cfg.py:2602
2025-11-20 00:39:33.215 155636 DEBUG oslo_service.service [req-c59bb6f9-a5a1-47a0-8cd1-50aa41be6fd3 - - - - -] resize_fs_using_block_device = False log_opt_values /usr/lib/python3/dist-packages/oslo_config/cfg.py:2602
2025-11-20 00:39:33.216 155636 DEBUG oslo_service.service [req-c59bb6f9-a5a1-47a0-8cd1-50aa41be6fd3 - - - - -] resume_guests_state_on_host_boot = False log_opt_values /usr/lib/python3/dist-packages/oslo_config/cfg.py:2602
2025-11-20 00:39:33.216 155636 DEBUG oslo_service.service [req-c59bb6f9-a5a1-47a0-8cd1-50aa41be6fd3 - - - - -] rootwrap_config = /etc/nova/rootwrap.conf log_opt_values /usr/lib/python3/dist-packages/oslo_config/cfg.py:2602
2025-11-20 00:39:33.216 155636 DEBUG oslo_service.service [req-c59bb6f9-a5a1-47a0-8cd1-50aa41be6fd3 - - - - -] rpc_response_timeout = 60 log_opt_values /usr/lib/python3/dist-packages/oslo_config/cfg.py:2602
2025-11-20 00:39:33.216 155636 DEBUG oslo_service.service [req-c59bb6f9-a5a1-47a0-8cd1-50aa41be6fd3 - - - - -] run_external_periodic_tasks = True log_opt_values /usr/lib/python3/dist-packages/oslo_config/cfg.py:2602
2025-11-20 00:39:33.219 156027 DEBUG oslo_messaging._drivers.amqpdriver [-] Listener is running poll /usr/lib/python3/dist-packages/oslo_messaging/_drivers/amqpdriver.py:343
2025-11-20 00:39:33.220 156027 DEBUG oslo_messaging._drivers.amqpdriver [-] AMQPListener connection consume poll /usr/lib/python3/dist-packages/oslo_messaging/_drivers/amqpdriver.py:357
2025-11-20 00:39:33.219 155636 DEBUG oslo_service.service [req-c59bb6f9-a5a1-47a0-8cd1-50aa41be6fd3 - - - - -] running_deleted_instance_action = reap log_opt_values /usr/lib/python3/dist-packages/oslo_config/cfg.py:2602
2025-11-20 00:39:33.222 156027 DEBUG nova.service [req-87347620-ab1b-4099-b1f4-a68b124fdab5 - - - - -] Join ServiceGroup membership for this service conductor start /usr/lib/python3/dist-packages/nova/service.py:199
2025-11-20 00:39:33.226 155636 DEBUG oslo_service.service [req-c59bb6f9-a5a1-47a0-8cd1-50aa41be6fd3 - - - - -] running_deleted_instance_poll_interval = 1800 log_opt_values /usr/lib/python3/dist-packages/oslo_config/cfg.py:2602
2025-11-20 00:39:33.226 155636 DEBUG oslo_service.service [req-c59bb6f9-a5a1-47a0-8cd1-50aa41be6fd3 - - - - -] running_deleted_instance_timeout = 0 log_opt_values /usr/lib/python3/dist-packages/oslo_config/cfg.py:2602
2025-11-20 00:39:33.226 156027 DEBUG nova.servicegroup.drivers.db [req-87347620-ab1b-4099-b1f4-a68b124fdab5 - - - - -] DB_Driver: join new ServiceGroup member juju-d64615-0-lxd-7 to the conductor group, service = join /usr/lib/python3/dist-packages/nova/servicegroup/drivers/db.py:44
2025-11-20 00:39:33.228 155636 DEBUG oslo_service.service [req-c59bb6f9-a5a1-47a0-8cd1-50aa41be6fd3 - - - - -] scheduler_instance_sync_interval = 120 log_opt_values /usr/lib/python3/dist-packages/oslo_config/cfg.py:2602
2025-11-20 00:39:33.229 155636 DEBUG oslo_service.service [req-c59bb6f9-a5a1-47a0-8cd1-50aa41be6fd3 - - - - -] service_down_time = 60 log_opt_values /usr/lib/python3/dist-packages/oslo_config/cfg.py:2602
2025-11-20 00:39:33.229 155636 DEBUG oslo_service.service [req-c59bb6f9-a5a1-47a0-8cd1-50aa41be6fd3 - - - - -] servicegroup_driver = db log_opt_values /usr/lib/python3/dist-packages/oslo_config/cfg.py:2602
2025-11-20 00:39:33.229 155636 DEBUG oslo_service.service [req-c59bb6f9-a5a1-47a0-8cd1-50aa41be6fd3 - - - - -] shelved_offload_time = 0 log_opt_values /usr/lib/python3/dist-packages/oslo_config/cfg.py:2602
2025-11-20 00:39:33.229 155636 DEBUG oslo_service.service [req-c59bb6f9-a5a1-47a0-8cd1-50aa41be6fd3 - - - - -] shelved_poll_interval = 3600 log_opt_values /usr/lib/python3/dist-packages/oslo_config/cfg.py:2602
2025-11-20 00:39:33.229 155636 DEBUG oslo_service.service [req-c59bb6f9-a5a1-47a0-8cd1-50aa41be6fd3 - - - - -] shutdown_timeout = 60 log_opt_values /usr/lib/python3/dist-packages/oslo_config/cfg.py:2602
2025-11-20 00:39:33.230 155636 DEBUG oslo_service.service [req-c59bb6f9-a5a1-47a0-8cd1-50aa41be6fd3 - - - - -] source_is_ipv6 = False log_opt_values /usr/lib/python3/dist-packages/oslo_config/cfg.py:2602
2025-11-20 00:39:33.230 155636 DEBUG oslo_service.service [req-c59bb6f9-a5a1-47a0-8cd1-50aa41be6fd3 - - - - -] ssl_only = False log_opt_values /usr/lib/python3/dist-packages/oslo_config/cfg.py:2602
2025-11-20 00:39:33.230 155636 DEBUG oslo_service.service [req-c59bb6f9-a5a1-47a0-8cd1-50aa41be6fd3 - - - - -] state_path = /var/lib/nova log_opt_values /usr/lib/python3/dist-packages/oslo_config/cfg.py:2602
2025-11-20 00:39:33.230 155636 DEBUG oslo_service.service [req-c59bb6f9-a5a1-47a0-8cd1-50aa41be6fd3 - - - - -] sync_power_state_interval = 600 log_opt_values /usr/lib/python3/dist-packages/oslo_config/cfg.py:2602
2025-11-20 00:39:33.231 155636 DEBUG oslo_service.service [req-c59bb6f9-a5a1-47a0-8cd1-50aa41be6fd3 - - - - -] sync_power_state_pool_size = 1000 log_opt_values /usr/lib/python3/dist-packages/oslo_config/cfg.py:2602
2025-11-20 00:39:33.231 155636 DEBUG oslo_service.service [req-c59bb6f9-a5a1-47a0-8cd1-50aa41be6fd3 - - - - -] syslog_log_facility = LOG_USER log_opt_values /usr/lib/python3/dist-packages/oslo_config/cfg.py:2602
2025-11-20 00:39:33.231 155636 DEBUG oslo_service.service [req-c59bb6f9-a5a1-47a0-8cd1-50aa41be6fd3 - - - - -] tempdir = None log_opt_values /usr/lib/python3/dist-packages/oslo_config/cfg.py:2602
2025-11-20 00:39:33.231 155636 DEBUG oslo_service.service [req-c59bb6f9-a5a1-47a0-8cd1-50aa41be6fd3 - - - - -] timeout_nbd = 10 log_opt_values /usr/lib/python3/dist-packages/oslo_config/cfg.py:2602
2025-11-20 00:39:33.231 155636 DEBUG oslo_service.service [req-c59bb6f9-a5a1-47a0-8cd1-50aa41be6fd3 - - - - -] transport_url = **** log_opt_values /usr/lib/python3/dist-packages/oslo_config/cfg.py:2602
2025-11-20 00:39:33.232 156027 DEBUG oslo_messaging._drivers.amqpdriver [-] AMQPListener connection timeout poll /usr/lib/python3/dist-packages/oslo_messaging/_drivers/amqpdriver.py:360
2025-11-20 00:39:33.233 156029 DEBUG nova.service [req-b9e841e5-b15a-42e7-ab8e-ef31eee4b888 - - - - -] Creating RPC server for service conductor start /usr/lib/python3/dist-packages/nova/service.py:182
2025-11-20 00:39:33.235 156027 DEBUG oslo_messaging._drivers.amqpdriver [-] Listener is running poll /usr/lib/python3/dist-packages/oslo_messaging/_drivers/amqpdriver.py:343
2025-11-20 00:39:33.236 156027 DEBUG oslo_messaging._drivers.amqpdriver [-] AMQPListener connection consume poll /usr/lib/python3/dist-packages/oslo_messaging/_drivers/amqpdriver.py:357
2025-11-20 00:39:33.233 155636 DEBUG oslo_service.service [req-c59bb6f9-a5a1-47a0-8cd1-50aa41be6fd3 - - - - -] update_resources_interval = 0 log_opt_values /usr/lib/python3/dist-packages/oslo_config/cfg.py:2602
2025-11-20 00:39:33.237 155636 DEBUG oslo_service.service [req-c59bb6f9-a5a1-47a0-8cd1-50aa41be6fd3 - - - - -] use_cow_images = True log_opt_values /usr/lib/python3/dist-packages/oslo_config/cfg.py:2602
2025-11-20 00:39:33.238 155636 DEBUG oslo_service.service [req-c59bb6f9-a5a1-47a0-8cd1-50aa41be6fd3 - - - - -] use_eventlog = False log_opt_values /usr/lib/python3/dist-packages/oslo_config/cfg.py:2602
2025-11-20 00:39:33.238 155636 DEBUG oslo_service.service [req-c59bb6f9-a5a1-47a0-8cd1-50aa41be6fd3 - - - - -] use_journal = False log_opt_values /usr/lib/python3/dist-packages/oslo_config/cfg.py:2602
2025-11-20 00:39:33.238 155636 DEBUG oslo_service.service [req-c59bb6f9-a5a1-47a0-8cd1-50aa41be6fd3 - - - - -] use_json = False log_opt_values /usr/lib/python3/dist-packages/oslo_config/cfg.py:2602
2025-11-20 00:39:33.238 155636 DEBUG oslo_service.service [req-c59bb6f9-a5a1-47a0-8cd1-50aa41be6fd3 - - - - -] use_rootwrap_daemon = False log_opt_values /usr/lib/python3/dist-packages/oslo_config/cfg.py:2602
2025-11-20 00:39:33.238 155636 DEBUG oslo_service.service [req-c59bb6f9-a5a1-47a0-8cd1-50aa41be6fd3 - - - - -] use_stderr = False log_opt_values /usr/lib/python3/dist-packages/oslo_config/cfg.py:2602
2025-11-20 00:39:33.239 155636 DEBUG oslo_service.service [req-c59bb6f9-a5a1-47a0-8cd1-50aa41be6fd3 - - - - -] use_syslog = False log_opt_values /usr/lib/python3/dist-packages/oslo_config/cfg.py:2602
2025-11-20 00:39:33.239 155636 DEBUG oslo_service.service [req-c59bb6f9-a5a1-47a0-8cd1-50aa41be6fd3 - - - - -] vcpu_pin_set = None log_opt_values /usr/lib/python3/dist-packages/oslo_config/cfg.py:2602
2025-11-20 00:39:33.240 155636 DEBUG oslo_service.service [req-c59bb6f9-a5a1-47a0-8cd1-50aa41be6fd3 - - - - -] vif_plugging_is_fatal = True log_opt_values /usr/lib/python3/dist-packages/oslo_config/cfg.py:2602
2025-11-20 00:39:33.243 155636 DEBUG oslo_service.service [req-c59bb6f9-a5a1-47a0-8cd1-50aa41be6fd3 - - - - -] vif_plugging_timeout = 300 log_opt_values /usr/lib/python3/dist-packages/oslo_config/cfg.py:2602
2025-11-20 00:39:33.243 155636 DEBUG oslo_service.service [req-c59bb6f9-a5a1-47a0-8cd1-50aa41be6fd3 - - - - -] virt_mkfs = [] log_opt_values /usr/lib/python3/dist-packages/oslo_config/cfg.py:2602
2025-11-20 00:39:33.243 155636 DEBUG oslo_service.service [req-c59bb6f9-a5a1-47a0-8cd1-50aa41be6fd3 - - - - -] volume_usage_poll_interval = 0 log_opt_values /usr/lib/python3/dist-packages/oslo_config/cfg.py:2602
2025-11-20 00:39:33.243 155636 DEBUG oslo_service.service [req-c59bb6f9-a5a1-47a0-8cd1-50aa41be6fd3 - - - - -] watch_log_file = False log_opt_values /usr/lib/python3/dist-packages/oslo_config/cfg.py:2602
2025-11-20 00:39:33.244 155636 DEBUG oslo_service.service [req-c59bb6f9-a5a1-47a0-8cd1-50aa41be6fd3 - - - - -] web = /usr/share/spice-html5 log_opt_values /usr/lib/python3/dist-packages/oslo_config/cfg.py:2602
2025-11-20 00:39:33.244 155636 DEBUG oslo_service.service [req-c59bb6f9-a5a1-47a0-8cd1-50aa41be6fd3 - - - - -] oslo_concurrency.disable_process_locking = False log_opt_values /usr/lib/python3/dist-packages/oslo_config/cfg.py:2609
2025-11-20 00:39:33.244 155636 DEBUG oslo_service.service [req-c59bb6f9-a5a1-47a0-8cd1-50aa41be6fd3 - - - - -] oslo_concurrency.lock_path = /var/lock/nova log_opt_values /usr/lib/python3/dist-packages/oslo_config/cfg.py:2609
2025-11-20 00:39:33.245 155636 DEBUG oslo_service.service [req-c59bb6f9-a5a1-47a0-8cd1-50aa41be6fd3 - - - - -] oslo_messaging_metrics.metrics_buffer_size = 1000 log_opt_values /usr/lib/python3/dist-packages/oslo_config/cfg.py:2609
2025-11-20 00:39:33.245 155636 DEBUG oslo_service.service [req-c59bb6f9-a5a1-47a0-8cd1-50aa41be6fd3 - - - - -] oslo_messaging_metrics.metrics_enabled = False log_opt_values /usr/lib/python3/dist-packages/oslo_config/cfg.py:2609
2025-11-20 00:39:33.245 155636 DEBUG oslo_service.service [req-c59bb6f9-a5a1-47a0-8cd1-50aa41be6fd3 - - - - -] oslo_messaging_metrics.metrics_process_name = log_opt_values /usr/lib/python3/dist-packages/oslo_config/cfg.py:2609
2025-11-20 00:39:33.245 155636 DEBUG oslo_service.service [req-c59bb6f9-a5a1-47a0-8cd1-50aa41be6fd3 - - - - -] oslo_messaging_metrics.metrics_socket_file = /var/tmp/metrics_collector.sock log_opt_values /usr/lib/python3/dist-packages/oslo_config/cfg.py:2609
2025-11-20 00:39:33.247 155636 DEBUG oslo_service.service [req-c59bb6f9-a5a1-47a0-8cd1-50aa41be6fd3 - - - - -] oslo_messaging_metrics.metrics_thread_stop_timeout = 10 log_opt_values /usr/lib/python3/dist-packages/oslo_config/cfg.py:2609
2025-11-20 00:39:33.250 155636 WARNING oslo_config.cfg [req-c59bb6f9-a5a1-47a0-8cd1-50aa41be6fd3 - - - - -] Deprecated: Option "auth_strategy" from group "api" is deprecated for removal ( The only non-default choice, ``noauth2``, is for internal development and testing purposes only and should not be used in deployments. This option and its middleware, NoAuthMiddleware[V2_18], will be removed in a future release. ). Its value may be silently ignored in the future.
2025-11-20 00:39:33.250 155636 DEBUG oslo_service.service [req-c59bb6f9-a5a1-47a0-8cd1-50aa41be6fd3 - - - - -] api.auth_strategy = keystone log_opt_values /usr/lib/python3/dist-packages/oslo_config/cfg.py:2609
2025-11-20 00:39:33.251 155636 DEBUG oslo_service.service [req-c59bb6f9-a5a1-47a0-8cd1-50aa41be6fd3 - - - - -] api.compute_link_prefix = None log_opt_values /usr/lib/python3/dist-packages/oslo_config/cfg.py:2609
2025-11-20 00:39:33.251 155636 DEBUG oslo_service.service [req-c59bb6f9-a5a1-47a0-8cd1-50aa41be6fd3 - - - - -] api.config_drive_skip_versions = 1.0 2007-01-19 2007-03-01 2007-08-29 2007-10-10 2007-12-15 2008-02-01 2008-09-01 log_opt_values /usr/lib/python3/dist-packages/oslo_config/cfg.py:2609
2025-11-20 00:39:33.251 155636 DEBUG oslo_service.service [req-c59bb6f9-a5a1-47a0-8cd1-50aa41be6fd3 - - - - -] api.dhcp_domain = novalocal log_opt_values /usr/lib/python3/dist-packages/oslo_config/cfg.py:2609
2025-11-20 00:39:33.251 155636 DEBUG oslo_service.service [req-c59bb6f9-a5a1-47a0-8cd1-50aa41be6fd3 - - - - -] api.enable_instance_password = True log_opt_values /usr/lib/python3/dist-packages/oslo_config/cfg.py:2609
2025-11-20 00:39:33.252 155636 DEBUG oslo_service.service [req-c59bb6f9-a5a1-47a0-8cd1-50aa41be6fd3 - - - - -] api.glance_link_prefix = None log_opt_values /usr/lib/python3/dist-packages/oslo_config/cfg.py:2609
2025-11-20 00:39:33.252 155636 DEBUG oslo_service.service [req-c59bb6f9-a5a1-47a0-8cd1-50aa41be6fd3 - - - - -] api.instance_list_cells_batch_fixed_size = 100 log_opt_values /usr/lib/python3/dist-packages/oslo_config/cfg.py:2609
2025-11-20 00:39:33.252 155636 DEBUG oslo_service.service [req-c59bb6f9-a5a1-47a0-8cd1-50aa41be6fd3 - - - - -] api.instance_list_cells_batch_strategy = distributed log_opt_values /usr/lib/python3/dist-packages/oslo_config/cfg.py:2609
2025-11-20 00:39:33.252 155636 DEBUG oslo_service.service [req-c59bb6f9-a5a1-47a0-8cd1-50aa41be6fd3 - - - - -] api.instance_list_per_project_cells = False log_opt_values /usr/lib/python3/dist-packages/oslo_config/cfg.py:2609
2025-11-20 00:39:33.252 155636 DEBUG oslo_service.service [req-c59bb6f9-a5a1-47a0-8cd1-50aa41be6fd3 - - - - -] api.list_records_by_skipping_down_cells = True log_opt_values /usr/lib/python3/dist-packages/oslo_config/cfg.py:2609
2025-11-20 00:39:33.253 155636 DEBUG oslo_service.service [req-c59bb6f9-a5a1-47a0-8cd1-50aa41be6fd3 - - - - -] api.local_metadata_per_cell = False log_opt_values /usr/lib/python3/dist-packages/oslo_config/cfg.py:2609
2025-11-20 00:39:33.253 155636 DEBUG oslo_service.service [req-c59bb6f9-a5a1-47a0-8cd1-50aa41be6fd3 - - - - -] api.max_limit = 1000 log_opt_values /usr/lib/python3/dist-packages/oslo_config/cfg.py:2609
2025-11-20 00:39:33.253 155636 DEBUG oslo_service.service [req-c59bb6f9-a5a1-47a0-8cd1-50aa41be6fd3 - - - - -] api.metadata_cache_expiration = 15 log_opt_values /usr/lib/python3/dist-packages/oslo_config/cfg.py:2609
2025-11-20 00:39:33.253 155636 DEBUG oslo_service.service [req-c59bb6f9-a5a1-47a0-8cd1-50aa41be6fd3 - - - - -] api.neutron_default_tenant_id = default log_opt_values /usr/lib/python3/dist-packages/oslo_config/cfg.py:2609
2025-11-20 00:39:33.254 155636 DEBUG oslo_service.service [req-c59bb6f9-a5a1-47a0-8cd1-50aa41be6fd3 - - - - -] api.use_forwarded_for = False log_opt_values /usr/lib/python3/dist-packages/oslo_config/cfg.py:2609
2025-11-20 00:39:33.263 156028 DEBUG nova.service [req-63eb5a65-d1d2-4c8c-b3d6-d57dcb4abb20 - - - - -] Creating RPC server for service conductor start /usr/lib/python3/dist-packages/nova/service.py:182
2025-11-20 00:39:33.264 155636 DEBUG oslo_service.service [req-c59bb6f9-a5a1-47a0-8cd1-50aa41be6fd3 - - - - -] api.use_neutron_default_nets = False log_opt_values /usr/lib/python3/dist-packages/oslo_config/cfg.py:2609
2025-11-20 00:39:33.264 155636 DEBUG oslo_service.service [req-c59bb6f9-a5a1-47a0-8cd1-50aa41be6fd3 - - - - -] api.vendordata_dynamic_connect_timeout = 5 log_opt_values /usr/lib/python3/dist-packages/oslo_config/cfg.py:2609
2025-11-20 00:39:33.265 156029 DEBUG oslo_messaging._drivers.amqpdriver [-] Listener is running poll /usr/lib/python3/dist-packages/oslo_messaging/_drivers/amqpdriver.py:343
2025-11-20 00:39:33.265 156029 DEBUG oslo_messaging._drivers.amqpdriver [-] AMQPListener connection consume poll /usr/lib/python3/dist-packages/oslo_messaging/_drivers/amqpdriver.py:357
2025-11-20 00:39:33.265 155636 DEBUG oslo_service.service [req-c59bb6f9-a5a1-47a0-8cd1-50aa41be6fd3 - - - - -] api.vendordata_dynamic_failure_fatal = False log_opt_values /usr/lib/python3/dist-packages/oslo_config/cfg.py:2609
2025-11-20 00:39:33.266 155636 DEBUG oslo_service.service [req-c59bb6f9-a5a1-47a0-8cd1-50aa41be6fd3 - - - - -] api.vendordata_dynamic_read_timeout = 5 log_opt_values /usr/lib/python3/dist-packages/oslo_config/cfg.py:2609
2025-11-20 00:39:33.267 155636 DEBUG oslo_service.service [req-c59bb6f9-a5a1-47a0-8cd1-50aa41be6fd3 - - - - -] api.vendordata_dynamic_ssl_certfile = log_opt_values /usr/lib/python3/dist-packages/oslo_config/cfg.py:2609
2025-11-20 00:39:33.268 155636 DEBUG oslo_service.service [req-c59bb6f9-a5a1-47a0-8cd1-50aa41be6fd3 - - - - -] api.vendordata_dynamic_targets = [] log_opt_values /usr/lib/python3/dist-packages/oslo_config/cfg.py:2609
2025-11-20 00:39:33.268 155636 DEBUG oslo_service.service [req-c59bb6f9-a5a1-47a0-8cd1-50aa41be6fd3 - - - - -] api.vendordata_jsonfile_path = None log_opt_values /usr/lib/python3/dist-packages/oslo_config/cfg.py:2609
2025-11-20 00:39:33.268 155636 DEBUG oslo_service.service [req-c59bb6f9-a5a1-47a0-8cd1-50aa41be6fd3 - - - - -] api.vendordata_providers = ['StaticJSON'] log_opt_values /usr/lib/python3/dist-packages/oslo_config/cfg.py:2609
2025-11-20 00:39:33.267 156029 DEBUG nova.service [req-b9e841e5-b15a-42e7-ab8e-ef31eee4b888 - - - - -] Join ServiceGroup membership for this service conductor start /usr/lib/python3/dist-packages/nova/service.py:199
2025-11-20 00:39:33.269 156029 DEBUG nova.servicegroup.drivers.db [req-b9e841e5-b15a-42e7-ab8e-ef31eee4b888 - - - - -] DB_Driver: join new ServiceGroup member juju-d64615-0-lxd-7 to the conductor group, service = join /usr/lib/python3/dist-packages/nova/servicegroup/drivers/db.py:44
2025-11-20 00:39:33.268 155636 DEBUG oslo_service.service [req-c59bb6f9-a5a1-47a0-8cd1-50aa41be6fd3 - - - - -] cache.backend = dogpile.cache.null log_opt_values /usr/lib/python3/dist-packages/oslo_config/cfg.py:2609
2025-11-20 00:39:33.270 155636 DEBUG oslo_service.service [req-c59bb6f9-a5a1-47a0-8cd1-50aa41be6fd3 - - - - -] cache.backend_argument = **** log_opt_values /usr/lib/python3/dist-packages/oslo_config/cfg.py:2609
2025-11-20 00:39:33.275 156029 DEBUG oslo_messaging._drivers.amqpdriver [-] AMQPListener connection timeout poll /usr/lib/python3/dist-packages/oslo_messaging/_drivers/amqpdriver.py:360
2025-11-20 00:39:33.275 156029 DEBUG oslo_messaging._drivers.amqpdriver [-] Listener is running poll /usr/lib/python3/dist-packages/oslo_messaging/_drivers/amqpdriver.py:343
2025-11-20 00:39:33.275 156029 DEBUG oslo_messaging._drivers.amqpdriver [-] AMQPListener connection consume poll /usr/lib/python3/dist-packages/oslo_messaging/_drivers/amqpdriver.py:357
2025-11-20 00:39:33.275 155636 DEBUG oslo_service.service [req-c59bb6f9-a5a1-47a0-8cd1-50aa41be6fd3 - - - - -] cache.config_prefix = cache.oslo log_opt_values /usr/lib/python3/dist-packages/oslo_config/cfg.py:2609
2025-11-20 00:39:33.276 155636 DEBUG oslo_service.service [req-c59bb6f9-a5a1-47a0-8cd1-50aa41be6fd3 - - - - -] cache.debug_cache_backend = False log_opt_values /usr/lib/python3/dist-packages/oslo_config/cfg.py:2609
2025-11-20 00:39:33.276 155636 DEBUG oslo_service.service [req-c59bb6f9-a5a1-47a0-8cd1-50aa41be6fd3 - - - - -] cache.enabled = False log_opt_values /usr/lib/python3/dist-packages/oslo_config/cfg.py:2609
