2025-11-20 00:41:53.842 183037 DEBUG oslo_service.service [req-f750950b-9d80-4544-a80c-77e18fd1d088 - - - - -] rootwrap_config = /etc/nova/rootwrap.conf log_opt_values /usr/lib/python3/dist-packages/oslo_config/cfg.py:2602
2025-11-20 00:41:53.843 183037 DEBUG oslo_service.service [req-f750950b-9d80-4544-a80c-77e18fd1d088 - - - - -] rpc_response_timeout = 60 log_opt_values /usr/lib/python3/dist-packages/oslo_config/cfg.py:2602
2025-11-20 00:41:53.842 183342 DEBUG oslo_db.sqlalchemy.engines [req-bc195085-de6f-4c51-9db2-c848f77c37a3 - - - - -] MySQL server mode set to STRICT_TRANS_TABLES,STRICT_ALL_TABLES,NO_ZERO_IN_DATE,NO_ZERO_DATE,ERROR_FOR_DIVISION_BY_ZERO,TRADITIONAL,NO_ENGINE_SUBSTITUTION _check_effective_sql_mode /usr/lib/python3/dist-packages/oslo_db/sqlalchemy/engines.py:314
2025-11-20 00:41:53.843 183037 DEBUG oslo_service.service [req-f750950b-9d80-4544-a80c-77e18fd1d088 - - - - -] run_external_periodic_tasks = True log_opt_values /usr/lib/python3/dist-packages/oslo_config/cfg.py:2602
2025-11-20 00:41:53.843 183037 DEBUG oslo_service.service [req-f750950b-9d80-4544-a80c-77e18fd1d088 - - - - -] running_deleted_instance_action = reap log_opt_values /usr/lib/python3/dist-packages/oslo_config/cfg.py:2602
2025-11-20 00:41:53.843 183037 DEBUG oslo_service.service [req-f750950b-9d80-4544-a80c-77e18fd1d088 - - - - -] running_deleted_instance_poll_interval = 1800 log_opt_values /usr/lib/python3/dist-packages/oslo_config/cfg.py:2602
2025-11-20 00:41:53.843 183037 DEBUG oslo_service.service [req-f750950b-9d80-4544-a80c-77e18fd1d088 - - - - -] running_deleted_instance_timeout = 0 log_opt_values /usr/lib/python3/dist-packages/oslo_config/cfg.py:2602
2025-11-20 00:41:53.844 183037 DEBUG oslo_service.service [req-f750950b-9d80-4544-a80c-77e18fd1d088 - - - - -] scheduler_instance_sync_interval = 120 log_opt_values /usr/lib/python3/dist-packages/oslo_config/cfg.py:2602
2025-11-20 00:41:53.844 183037 DEBUG oslo_service.service [req-f750950b-9d80-4544-a80c-77e18fd1d088 - - - - -] service_down_time = 60 log_opt_values /usr/lib/python3/dist-packages/oslo_config/cfg.py:2602
2025-11-20 00:41:53.844 183037 DEBUG oslo_service.service [req-f750950b-9d80-4544-a80c-77e18fd1d088 - - - - -] servicegroup_driver = db log_opt_values /usr/lib/python3/dist-packages/oslo_config/cfg.py:2602
2025-11-20 00:41:53.844 183037 DEBUG oslo_service.service [req-f750950b-9d80-4544-a80c-77e18fd1d088 - - - - -] shelved_offload_time = 0 log_opt_values /usr/lib/python3/dist-packages/oslo_config/cfg.py:2602
2025-11-20 00:41:53.845 183037 DEBUG oslo_service.service [req-f750950b-9d80-4544-a80c-77e18fd1d088 - - - - -] shelved_poll_interval = 3600 log_opt_values /usr/lib/python3/dist-packages/oslo_config/cfg.py:2602
2025-11-20 00:41:53.845 183037 DEBUG oslo_service.service [req-f750950b-9d80-4544-a80c-77e18fd1d088 - - - - -] shutdown_timeout = 60 log_opt_values /usr/lib/python3/dist-packages/oslo_config/cfg.py:2602
2025-11-20 00:41:53.845 183037 DEBUG oslo_service.service [req-f750950b-9d80-4544-a80c-77e18fd1d088 - - - - -] source_is_ipv6 = False log_opt_values /usr/lib/python3/dist-packages/oslo_config/cfg.py:2602
2025-11-20 00:41:53.845 183037 DEBUG oslo_service.service [req-f750950b-9d80-4544-a80c-77e18fd1d088 - - - - -] ssl_only = False log_opt_values /usr/lib/python3/dist-packages/oslo_config/cfg.py:2602
2025-11-20 00:41:53.845 183037 DEBUG oslo_service.service [req-f750950b-9d80-4544-a80c-77e18fd1d088 - - - - -] state_path = /var/lib/nova log_opt_values /usr/lib/python3/dist-packages/oslo_config/cfg.py:2602
2025-11-20 00:41:53.845 183037 DEBUG oslo_service.service [req-f750950b-9d80-4544-a80c-77e18fd1d088 - - - - -] sync_power_state_interval = 600 log_opt_values /usr/lib/python3/dist-packages/oslo_config/cfg.py:2602
2025-11-20 00:41:53.846 183037 DEBUG oslo_service.service [req-f750950b-9d80-4544-a80c-77e18fd1d088 - - - - -] sync_power_state_pool_size = 1000 log_opt_values /usr/lib/python3/dist-packages/oslo_config/cfg.py:2602
2025-11-20 00:41:53.846 183037 DEBUG oslo_service.service [req-f750950b-9d80-4544-a80c-77e18fd1d088 - - - - -] syslog_log_facility = LOG_USER log_opt_values /usr/lib/python3/dist-packages/oslo_config/cfg.py:2602
2025-11-20 00:41:53.846 183037 DEBUG oslo_service.service [req-f750950b-9d80-4544-a80c-77e18fd1d088 - - - - -] tempdir = None log_opt_values /usr/lib/python3/dist-packages/oslo_config/cfg.py:2602
2025-11-20 00:41:53.846 183037 DEBUG oslo_service.service [req-f750950b-9d80-4544-a80c-77e18fd1d088 - - - - -] timeout_nbd = 10 log_opt_values /usr/lib/python3/dist-packages/oslo_config/cfg.py:2602
2025-11-20 00:41:53.847 183037 DEBUG oslo_service.service [req-f750950b-9d80-4544-a80c-77e18fd1d088 - - - - -] transport_url = **** log_opt_values /usr/lib/python3/dist-packages/oslo_config/cfg.py:2602
2025-11-20 00:41:53.847 183037 DEBUG oslo_service.service [req-f750950b-9d80-4544-a80c-77e18fd1d088 - - - - -] update_resources_interval = 0 log_opt_values /usr/lib/python3/dist-packages/oslo_config/cfg.py:2602
2025-11-20 00:41:53.847 183037 DEBUG oslo_service.service [req-f750950b-9d80-4544-a80c-77e18fd1d088 - - - - -] use_cow_images = True log_opt_values /usr/lib/python3/dist-packages/oslo_config/cfg.py:2602
2025-11-20 00:41:53.847 183037 DEBUG oslo_service.service [req-f750950b-9d80-4544-a80c-77e18fd1d088 - - - - -] use_eventlog = False log_opt_values /usr/lib/python3/dist-packages/oslo_config/cfg.py:2602
2025-11-20 00:41:53.847 183037 DEBUG oslo_service.service [req-f750950b-9d80-4544-a80c-77e18fd1d088 - - - - -] use_journal = False log_opt_values /usr/lib/python3/dist-packages/oslo_config/cfg.py:2602
2025-11-20 00:41:53.848 183037 DEBUG oslo_service.service [req-f750950b-9d80-4544-a80c-77e18fd1d088 - - - - -] use_json = False log_opt_values /usr/lib/python3/dist-packages/oslo_config/cfg.py:2602
2025-11-20 00:41:53.848 183037 DEBUG oslo_service.service [req-f750950b-9d80-4544-a80c-77e18fd1d088 - - - - -] use_rootwrap_daemon = False log_opt_values /usr/lib/python3/dist-packages/oslo_config/cfg.py:2602
2025-11-20 00:41:53.848 183037 DEBUG oslo_service.service [req-f750950b-9d80-4544-a80c-77e18fd1d088 - - - - -] use_stderr = False log_opt_values /usr/lib/python3/dist-packages/oslo_config/cfg.py:2602
2025-11-20 00:41:53.848 183037 DEBUG oslo_service.service [req-f750950b-9d80-4544-a80c-77e18fd1d088 - - - - -] use_syslog = False log_opt_values /usr/lib/python3/dist-packages/oslo_config/cfg.py:2602
2025-11-20 00:41:53.848 183037 DEBUG oslo_service.service [req-f750950b-9d80-4544-a80c-77e18fd1d088 - - - - -] vcpu_pin_set = None log_opt_values /usr/lib/python3/dist-packages/oslo_config/cfg.py:2602
2025-11-20 00:41:53.849 183037 DEBUG oslo_service.service [req-f750950b-9d80-4544-a80c-77e18fd1d088 - - - - -] vif_plugging_is_fatal = True log_opt_values /usr/lib/python3/dist-packages/oslo_config/cfg.py:2602
2025-11-20 00:41:53.849 183037 DEBUG oslo_service.service [req-f750950b-9d80-4544-a80c-77e18fd1d088 - - - - -] vif_plugging_timeout = 300 log_opt_values /usr/lib/python3/dist-packages/oslo_config/cfg.py:2602
2025-11-20 00:41:53.849 183037 DEBUG oslo_service.service [req-f750950b-9d80-4544-a80c-77e18fd1d088 - - - - -] virt_mkfs = [] log_opt_values /usr/lib/python3/dist-packages/oslo_config/cfg.py:2602
2025-11-20 00:41:53.849 183037 DEBUG oslo_service.service [req-f750950b-9d80-4544-a80c-77e18fd1d088 - - - - -] volume_usage_poll_interval = 0 log_opt_values /usr/lib/python3/dist-packages/oslo_config/cfg.py:2602
2025-11-20 00:41:53.849 183037 DEBUG oslo_service.service [req-f750950b-9d80-4544-a80c-77e18fd1d088 - - - - -] watch_log_file = False log_opt_values /usr/lib/python3/dist-packages/oslo_config/cfg.py:2602
2025-11-20 00:41:53.850 183037 DEBUG oslo_service.service [req-f750950b-9d80-4544-a80c-77e18fd1d088 - - - - -] web = /usr/share/spice-html5 log_opt_values /usr/lib/python3/dist-packages/oslo_config/cfg.py:2602
2025-11-20 00:41:53.850 183037 DEBUG oslo_service.service [req-f750950b-9d80-4544-a80c-77e18fd1d088 - - - - -] oslo_concurrency.disable_process_locking = False log_opt_values /usr/lib/python3/dist-packages/oslo_config/cfg.py:2609
2025-11-20 00:41:53.850 183037 DEBUG oslo_service.service [req-f750950b-9d80-4544-a80c-77e18fd1d088 - - - - -] oslo_concurrency.lock_path = /var/lock/nova log_opt_values /usr/lib/python3/dist-packages/oslo_config/cfg.py:2609
2025-11-20 00:41:53.850 183037 DEBUG oslo_service.service [req-f750950b-9d80-4544-a80c-77e18fd1d088 - - - - -] oslo_messaging_metrics.metrics_buffer_size = 1000 log_opt_values /usr/lib/python3/dist-packages/oslo_config/cfg.py:2609
2025-11-20 00:41:53.851 183037 DEBUG oslo_service.service [req-f750950b-9d80-4544-a80c-77e18fd1d088 - - - - -] oslo_messaging_metrics.metrics_enabled = False log_opt_values /usr/lib/python3/dist-packages/oslo_config/cfg.py:2609
2025-11-20 00:41:53.851 183037 DEBUG oslo_service.service [req-f750950b-9d80-4544-a80c-77e18fd1d088 - - - - -] oslo_messaging_metrics.metrics_process_name = log_opt_values /usr/lib/python3/dist-packages/oslo_config/cfg.py:2609
2025-11-20 00:41:53.851 183340 DEBUG oslo_messaging._drivers.amqpdriver [-] Listener is running poll /usr/lib/python3/dist-packages/oslo_messaging/_drivers/amqpdriver.py:343
2025-11-20 00:41:53.851 183037 DEBUG oslo_service.service [req-f750950b-9d80-4544-a80c-77e18fd1d088 - - - - -] oslo_messaging_metrics.metrics_socket_file = /var/tmp/metrics_collector.sock log_opt_values /usr/lib/python3/dist-packages/oslo_config/cfg.py:2609
2025-11-20 00:41:53.851 183340 DEBUG oslo_messaging._drivers.amqpdriver [-] AMQPListener connection consume poll /usr/lib/python3/dist-packages/oslo_messaging/_drivers/amqpdriver.py:357
2025-11-20 00:41:53.851 183037 DEBUG oslo_service.service [req-f750950b-9d80-4544-a80c-77e18fd1d088 - - - - -] oslo_messaging_metrics.metrics_thread_stop_timeout = 10 log_opt_values /usr/lib/python3/dist-packages/oslo_config/cfg.py:2609
2025-11-20 00:41:53.852 183037 WARNING oslo_config.cfg [req-f750950b-9d80-4544-a80c-77e18fd1d088 - - - - -] Deprecated: Option "auth_strategy" from group "api" is deprecated for removal ( The only non-default choice, ``noauth2``, is for internal development and testing purposes only and should not be used in deployments. This option and its middleware, NoAuthMiddleware[V2_18], will be removed in a future release. ). Its value may be silently ignored in the future.
2025-11-20 00:41:53.852 183340 DEBUG nova.service [req-6230735d-de52-47cc-88bc-efe53addd55b - - - - -] Join ServiceGroup membership for this service conductor start /usr/lib/python3/dist-packages/nova/service.py:199
2025-11-20 00:41:53.852 183340 DEBUG nova.servicegroup.drivers.db [req-6230735d-de52-47cc-88bc-efe53addd55b - - - - -] DB_Driver: join new ServiceGroup member juju-d64615-0-lxd-7 to the conductor group, service = join /usr/lib/python3/dist-packages/nova/servicegroup/drivers/db.py:44
2025-11-20 00:41:53.852 183037 DEBUG oslo_service.service [req-f750950b-9d80-4544-a80c-77e18fd1d088 - - - - -] api.auth_strategy = keystone log_opt_values /usr/lib/python3/dist-packages/oslo_config/cfg.py:2609
2025-11-20 00:41:53.852 183037 DEBUG oslo_service.service [req-f750950b-9d80-4544-a80c-77e18fd1d088 - - - - -] api.compute_link_prefix = None log_opt_values /usr/lib/python3/dist-packages/oslo_config/cfg.py:2609
2025-11-20 00:41:53.853 183037 DEBUG oslo_service.service [req-f750950b-9d80-4544-a80c-77e18fd1d088 - - - - -] api.config_drive_skip_versions = 1.0 2007-01-19 2007-03-01 2007-08-29 2007-10-10 2007-12-15 2008-02-01 2008-09-01 log_opt_values /usr/lib/python3/dist-packages/oslo_config/cfg.py:2609
2025-11-20 00:41:53.853 183037 DEBUG oslo_service.service [req-f750950b-9d80-4544-a80c-77e18fd1d088 - - - - -] api.dhcp_domain = novalocal log_opt_values /usr/lib/python3/dist-packages/oslo_config/cfg.py:2609
2025-11-20 00:41:53.853 183037 DEBUG oslo_service.service [req-f750950b-9d80-4544-a80c-77e18fd1d088 - - - - -] api.enable_instance_password = True log_opt_values /usr/lib/python3/dist-packages/oslo_config/cfg.py:2609
2025-11-20 00:41:53.853 183340 DEBUG oslo_messaging._drivers.amqpdriver [-] received message msg_id: 114eefb1d7d1415e890977e1c9945d3b reply to reply_be26b12d6d054b668295c85f89cee5f8 __call__ /usr/lib/python3/dist-packages/oslo_messaging/_drivers/amqpdriver.py:320
2025-11-20 00:41:53.853 183037 DEBUG oslo_service.service [req-f750950b-9d80-4544-a80c-77e18fd1d088 - - - - -] api.glance_link_prefix = None log_opt_values /usr/lib/python3/dist-packages/oslo_config/cfg.py:2609
2025-11-20 00:41:53.853 183037 DEBUG oslo_service.service [req-f750950b-9d80-4544-a80c-77e18fd1d088 - - - - -] api.instance_list_cells_batch_fixed_size = 100 log_opt_values /usr/lib/python3/dist-packages/oslo_config/cfg.py:2609
2025-11-20 00:41:53.854 183037 DEBUG oslo_service.service [req-f750950b-9d80-4544-a80c-77e18fd1d088 - - - - -] api.instance_list_cells_batch_strategy = distributed log_opt_values /usr/lib/python3/dist-packages/oslo_config/cfg.py:2609
2025-11-20 00:41:53.854 183037 DEBUG oslo_service.service [req-f750950b-9d80-4544-a80c-77e18fd1d088 - - - - -] api.instance_list_per_project_cells = False log_opt_values /usr/lib/python3/dist-packages/oslo_config/cfg.py:2609
2025-11-20 00:41:53.854 183037 DEBUG oslo_service.service [req-f750950b-9d80-4544-a80c-77e18fd1d088 - - - - -] api.list_records_by_skipping_down_cells = True log_opt_values /usr/lib/python3/dist-packages/oslo_config/cfg.py:2609
2025-11-20 00:41:53.854 183037 DEBUG oslo_service.service [req-f750950b-9d80-4544-a80c-77e18fd1d088 - - - - -] api.local_metadata_per_cell = False log_opt_values /usr/lib/python3/dist-packages/oslo_config/cfg.py:2609
2025-11-20 00:41:53.855 183037 DEBUG oslo_service.service [req-f750950b-9d80-4544-a80c-77e18fd1d088 - - - - -] api.max_limit = 1000 log_opt_values /usr/lib/python3/dist-packages/oslo_config/cfg.py:2609
2025-11-20 00:41:53.855 183037 DEBUG oslo_service.service [req-f750950b-9d80-4544-a80c-77e18fd1d088 - - - - -] api.metadata_cache_expiration = 15 log_opt_values /usr/lib/python3/dist-packages/oslo_config/cfg.py:2609
2025-11-20 00:41:53.855 183037 DEBUG oslo_service.service [req-f750950b-9d80-4544-a80c-77e18fd1d088 - - - - -] api.neutron_default_tenant_id = default log_opt_values /usr/lib/python3/dist-packages/oslo_config/cfg.py:2609
2025-11-20 00:41:53.855 183340 DEBUG oslo_messaging._drivers.amqpdriver [-] AMQPListener connection timeout poll /usr/lib/python3/dist-packages/oslo_messaging/_drivers/amqpdriver.py:360
2025-11-20 00:41:53.855 183037 DEBUG oslo_service.service [req-f750950b-9d80-4544-a80c-77e18fd1d088 - - - - -] api.use_forwarded_for = False log_opt_values /usr/lib/python3/dist-packages/oslo_config/cfg.py:2609
2025-11-20 00:41:53.855 183340 DEBUG oslo_messaging._drivers.amqpdriver [-] Listener is running poll /usr/lib/python3/dist-packages/oslo_messaging/_drivers/amqpdriver.py:343
2025-11-20 00:41:53.856 183340 DEBUG oslo_messaging._drivers.amqpdriver [-] Poll the incoming message with unique_id: 27e65887595f49b1ae03209905d07011 poll /usr/lib/python3/dist-packages/oslo_messaging/_drivers/amqpdriver.py:346
2025-11-20 00:41:53.855 183037 DEBUG oslo_service.service [req-f750950b-9d80-4544-a80c-77e18fd1d088 - - - - -] api.use_neutron_default_nets = False log_opt_values /usr/lib/python3/dist-packages/oslo_config/cfg.py:2609
2025-11-20 00:41:53.856 183037 DEBUG oslo_service.service [req-f750950b-9d80-4544-a80c-77e18fd1d088 - - - - -] api.vendordata_dynamic_connect_timeout = 5 log_opt_values /usr/lib/python3/dist-packages/oslo_config/cfg.py:2609
2025-11-20 00:41:53.856 183340 DEBUG oslo_messaging._drivers.amqpdriver [-] Listener is running poll /usr/lib/python3/dist-packages/oslo_messaging/_drivers/amqpdriver.py:343
2025-11-20 00:41:53.856 183037 DEBUG oslo_service.service [req-f750950b-9d80-4544-a80c-77e18fd1d088 - - - - -] api.vendordata_dynamic_failure_fatal = False log_opt_values /usr/lib/python3/dist-packages/oslo_config/cfg.py:2609
2025-11-20 00:41:53.856 183037 DEBUG oslo_service.service [req-f750950b-9d80-4544-a80c-77e18fd1d088 - - - - -] api.vendordata_dynamic_read_timeout = 5 log_opt_values /usr/lib/python3/dist-packages/oslo_config/cfg.py:2609
2025-11-20 00:41:53.856 183340 DEBUG oslo_messaging._drivers.amqpdriver [-] AMQPListener connection consume poll /usr/lib/python3/dist-packages/oslo_messaging/_drivers/amqpdriver.py:357
2025-11-20 00:41:53.856 183037 DEBUG oslo_service.service [req-f750950b-9d80-4544-a80c-77e18fd1d088 - - - - -] api.vendordata_dynamic_ssl_certfile = log_opt_values /usr/lib/python3/dist-packages/oslo_config/cfg.py:2609
2025-11-20 00:41:53.856 183037 DEBUG oslo_service.service [req-f750950b-9d80-4544-a80c-77e18fd1d088 - - - - -] api.vendordata_dynamic_targets = [] log_opt_values /usr/lib/python3/dist-packages/oslo_config/cfg.py:2609
2025-11-20 00:41:53.857 183037 DEBUG oslo_service.service [req-f750950b-9d80-4544-a80c-77e18fd1d088 - - - - -] api.vendordata_jsonfile_path = None log_opt_values /usr/lib/python3/dist-packages/oslo_config/cfg.py:2609
2025-11-20 00:41:53.857 183037 DEBUG oslo_service.service [req-f750950b-9d80-4544-a80c-77e18fd1d088 - - - - -] api.vendordata_providers = ['StaticJSON'] log_opt_values /usr/lib/python3/dist-packages/oslo_config/cfg.py:2609
2025-11-20 00:41:53.857 183037 DEBUG oslo_service.service [req-f750950b-9d80-4544-a80c-77e18fd1d088 - - - - -] cache.backend = dogpile.cache.null log_opt_values /usr/lib/python3/dist-packages/oslo_config/cfg.py:2609
2025-11-20 00:41:53.857 183037 DEBUG oslo_service.service [req-f750950b-9d80-4544-a80c-77e18fd1d088 - - - - -] cache.backend_argument = **** log_opt_values /usr/lib/python3/dist-packages/oslo_config/cfg.py:2609
2025-11-20 00:41:53.857 183343 DEBUG nova.service [req-c2d268d7-bcb1-47d3-abd2-d355adab3e6c - - - - -] Creating RPC server for service conductor start /usr/lib/python3/dist-packages/nova/service.py:182
2025-11-20 00:41:53.858 183037 DEBUG oslo_service.service [req-f750950b-9d80-4544-a80c-77e18fd1d088 - - - - -] cache.config_prefix = cache.oslo log_opt_values /usr/lib/python3/dist-packages/oslo_config/cfg.py:2609
2025-11-20 00:41:53.858 183037 DEBUG oslo_service.service [req-f750950b-9d80-4544-a80c-77e18fd1d088 - - - - -] cache.debug_cache_backend = False log_opt_values /usr/lib/python3/dist-packages/oslo_config/cfg.py:2609
2025-11-20 00:41:53.858 183037 DEBUG oslo_service.service [req-f750950b-9d80-4544-a80c-77e18fd1d088 - - - - -] cache.enabled = False log_opt_values /usr/lib/python3/dist-packages/oslo_config/cfg.py:2609
2025-11-20 00:41:53.858 183037 DEBUG oslo_service.service [req-f750950b-9d80-4544-a80c-77e18fd1d088 - - - - -] cache.expiration_time = 600 log_opt_values /usr/lib/python3/dist-packages/oslo_config/cfg.py:2609
2025-11-20 00:41:53.859 183037 DEBUG oslo_service.service [req-f750950b-9d80-4544-a80c-77e18fd1d088 - - - - -] cache.memcache_dead_retry = 300 log_opt_values /usr/lib/python3/dist-packages/oslo_config/cfg.py:2609
2025-11-20 00:41:53.859 183037 DEBUG oslo_service.service [req-f750950b-9d80-4544-a80c-77e18fd1d088 - - - - -] cache.memcache_pool_connection_get_timeout = 10 log_opt_values /usr/lib/python3/dist-packages/oslo_config/cfg.py:2609
2025-11-20 00:41:53.859 183037 DEBUG oslo_service.service [req-f750950b-9d80-4544-a80c-77e18fd1d088 - - - - -] cache.memcache_pool_flush_on_reconnect = False log_opt_values /usr/lib/python3/dist-packages/oslo_config/cfg.py:2609
2025-11-20 00:41:53.859 183037 DEBUG oslo_service.service [req-f750950b-9d80-4544-a80c-77e18fd1d088 - - - - -] cache.memcache_pool_maxsize = 10 log_opt_values /usr/lib/python3/dist-packages/oslo_config/cfg.py:2609
2025-11-20 00:41:53.860 183037 DEBUG oslo_service.service [req-f750950b-9d80-4544-a80c-77e18fd1d088 - - - - -] cache.memcache_pool_unused_timeout = 60 log_opt_values /usr/lib/python3/dist-packages/oslo_config/cfg.py:2609
2025-11-20 00:41:53.860 183037 DEBUG oslo_service.service [req-f750950b-9d80-4544-a80c-77e18fd1d088 - - - - -] cache.memcache_servers = ['localhost:11211'] log_opt_values /usr/lib/python3/dist-packages/oslo_config/cfg.py:2609
2025-11-20 00:41:53.860 183037 DEBUG oslo_service.service [req-f750950b-9d80-4544-a80c-77e18fd1d088 - - - - -] cache.memcache_socket_timeout = 1.0 log_opt_values /usr/lib/python3/dist-packages/oslo_config/cfg.py:2609
2025-11-20 00:41:53.860 183037 DEBUG oslo_service.service [req-f750950b-9d80-4544-a80c-77e18fd1d088 - - - - -] cache.proxies = [] log_opt_values /usr/lib/python3/dist-packages/oslo_config/cfg.py:2609
2025-11-20 00:41:53.860 183037 DEBUG oslo_service.service [req-f750950b-9d80-4544-a80c-77e18fd1d088 - - - - -] cache.tls_allowed_ciphers = None log_opt_values /usr/lib/python3/dist-packages/oslo_config/cfg.py:2609
2025-11-20 00:41:53.860 183037 DEBUG oslo_service.service [req-f750950b-9d80-4544-a80c-77e18fd1d088 - - - - -] cache.tls_cafile = None log_opt_values /usr/lib/python3/dist-packages/oslo_config/cfg.py:2609
2025-11-20 00:41:53.861 183037 DEBUG oslo_service.service [req-f750950b-9d80-4544-a80c-77e18fd1d088 - - - - -] cache.tls_certfile = None log_opt_values /usr/lib/python3/dist-packages/oslo_config/cfg.py:2609
2025-11-20 00:41:53.861 183037 DEBUG oslo_service.service [req-f750950b-9d80-4544-a80c-77e18fd1d088 - - - - -] cache.tls_enabled = False log_opt_values /usr/lib/python3/dist-packages/oslo_config/cfg.py:2609
2025-11-20 00:41:53.861 183037 DEBUG oslo_service.service [req-f750950b-9d80-4544-a80c-77e18fd1d088 - - - - -] cache.tls_keyfile = None log_opt_values /usr/lib/python3/dist-packages/oslo_config/cfg.py:2609
2025-11-20 00:41:53.861 183340 DEBUG oslo_messaging._drivers.amqpdriver [req-05c059aa-128d-465d-a700-94b64c7882a9 - - - - -] sending reply msg_id: 114eefb1d7d1415e890977e1c9945d3b reply queue: reply_be26b12d6d054b668295c85f89cee5f8 time elapsed: 0.007661546999770508s _send_reply /usr/lib/python3/dist-packages/oslo_messaging/_drivers/amqpdriver.py:118
2025-11-20 00:41:53.861 183341 DEBUG oslo_messaging._drivers.amqpdriver [-] Listener is running poll /usr/lib/python3/dist-packages/oslo_messaging/_drivers/amqpdriver.py:343
2025-11-20 00:41:53.861 183037 DEBUG oslo_service.service [req-f750950b-9d80-4544-a80c-77e18fd1d088 - - - - -] cinder.auth_section = None log_opt_values /usr/lib/python3/dist-packages/oslo_config/cfg.py:2609
2025-11-20 00:41:53.861 183341 DEBUG oslo_messaging._drivers.amqpdriver [-] AMQPListener connection consume poll /usr/lib/python3/dist-packages/oslo_messaging/_drivers/amqpdriver.py:357
2025-11-20 00:41:53.861 183037 DEBUG oslo_service.service [req-f750950b-9d80-4544-a80c-77e18fd1d088 - - - - -] cinder.auth_type = None log_opt_values /usr/lib/python3/dist-packages/oslo_config/cfg.py:2609
2025-11-20 00:41:53.862 183037 DEBUG oslo_service.service [req-f750950b-9d80-4544-a80c-77e18fd1d088 - - - - -] cinder.cafile = None log_opt_values /usr/lib/python3/dist-packages/oslo_config/cfg.py:2609
2025-11-20 00:41:53.862 183037 DEBUG oslo_service.service [req-f750950b-9d80-4544-a80c-77e18fd1d088 - - - - -] cinder.catalog_info = volumev3::publicURL log_opt_values /usr/lib/python3/dist-packages/oslo_config/cfg.py:2609
2025-11-20 00:41:53.862 183037 DEBUG oslo_service.service [req-f750950b-9d80-4544-a80c-77e18fd1d088 - - - - -] cinder.certfile = None log_opt_values /usr/lib/python3/dist-packages/oslo_config/cfg.py:2609
2025-11-20 00:41:53.862 183037 DEBUG oslo_service.service [req-f750950b-9d80-4544-a80c-77e18fd1d088 - - - - -] cinder.collect_timing = False log_opt_values /usr/lib/python3/dist-packages/oslo_config/cfg.py:2609
2025-11-20 00:41:53.862 183341 DEBUG nova.service [req-fcfbb651-9d7e-4d66-8087-90d30404e86c - - - - -] Join ServiceGroup membership for this service conductor start /usr/lib/python3/dist-packages/nova/service.py:199
2025-11-20 00:41:53.862 183037 DEBUG oslo_service.service [req-f750950b-9d80-4544-a80c-77e18fd1d088 - - - - -] cinder.cross_az_attach = True log_opt_values /usr/lib/python3/dist-packages/oslo_config/cfg.py:2609
2025-11-20 00:41:53.862 183341 DEBUG nova.servicegroup.drivers.db [req-fcfbb651-9d7e-4d66-8087-90d30404e86c - - - - -] DB_Driver: join new ServiceGroup member juju-d64615-0-lxd-7 to the conductor group, service = join /usr/lib/python3/dist-packages/nova/servicegroup/drivers/db.py:44
2025-11-20 00:41:53.862 183037 DEBUG oslo_service.service [req-f750950b-9d80-4544-a80c-77e18fd1d088 - - - - -] cinder.debug = False log_opt_values /usr/lib/python3/dist-packages/oslo_config/cfg.py:2609
2025-11-20 00:41:53.863 183037 DEBUG oslo_service.service [req-f750950b-9d80-4544-a80c-77e18fd1d088 - - - - -] cinder.endpoint_template = None log_opt_values /usr/lib/python3/dist-packages/oslo_config/cfg.py:2609
2025-11-20 00:41:53.863 183037 DEBUG oslo_service.service [req-f750950b-9d80-4544-a80c-77e18fd1d088 - - - - -] cinder.http_retries = 3 log_opt_values /usr/lib/python3/dist-packages/oslo_config/cfg.py:2609
2025-11-20 00:41:53.863 183037 DEBUG oslo_service.service [req-f750950b-9d80-4544-a80c-77e18fd1d088 - - - - -] cinder.insecure = False log_opt_values /usr/lib/python3/dist-packages/oslo_config/cfg.py:2609
2025-11-20 00:41:53.863 183037 DEBUG oslo_service.service [req-f750950b-9d80-4544-a80c-77e18fd1d088 - - - - -] cinder.keyfile = None log_opt_values /usr/lib/python3/dist-packages/oslo_config/cfg.py:2609
2025-11-20 00:41:53.863 183037 DEBUG oslo_service.service [req-f750950b-9d80-4544-a80c-77e18fd1d088 - - - - -] cinder.os_region_name = None log_opt_values /usr/lib/python3/dist-packages/oslo_config/cfg.py:2609
2025-11-20 00:41:53.863 183037 DEBUG oslo_service.service [req-f750950b-9d80-4544-a80c-77e18fd1d088 - - - - -] cinder.split_loggers = False log_opt_values /usr/lib/python3/dist-packages/oslo_config/cfg.py:2609
2025-11-20 00:41:53.864 183037 DEBUG oslo_service.service [req-f750950b-9d80-4544-a80c-77e18fd1d088 - - - - -] cinder.timeout = None log_opt_values /usr/lib/python3/dist-packages/oslo_config/cfg.py:2609
2025-11-20 00:41:53.864 183037 DEBUG oslo_service.service [req-f750950b-9d80-4544-a80c-77e18fd1d088 - - - - -] compute.consecutive_build_service_disable_threshold = 10 log_opt_values /usr/lib/python3/dist-packages/oslo_config/cfg.py:2609
2025-11-20 00:41:53.864 183037 DEBUG oslo_service.service [req-f750950b-9d80-4544-a80c-77e18fd1d088 - - - - -] compute.cpu_dedicated_set = None log_opt_values /usr/lib/python3/dist-packages/oslo_config/cfg.py:2609
2025-11-20 00:41:53.864 183037 DEBUG oslo_service.service [req-f750950b-9d80-4544-a80c-77e18fd1d088 - - - - -] compute.cpu_shared_set = None log_opt_values /usr/lib/python3/dist-packages/oslo_config/cfg.py:2609
2025-11-20 00:41:53.864 183037 DEBUG oslo_service.service [req-f750950b-9d80-4544-a80c-77e18fd1d088 - - - - -] compute.image_type_exclude_list = [] log_opt_values /usr/lib/python3/dist-packages/oslo_config/cfg.py:2609
2025-11-20 00:41:53.865 183037 DEBUG oslo_service.service [req-f750950b-9d80-4544-a80c-77e18fd1d088 - - - - -] compute.live_migration_wait_for_vif_plug = True log_opt_values /usr/lib/python3/dist-packages/oslo_config/cfg.py:2609
2025-11-20 00:41:53.865 183037 DEBUG oslo_service.service [req-f750950b-9d80-4544-a80c-77e18fd1d088 - - - - -] compute.max_concurrent_disk_ops = 0 log_opt_values /usr/lib/python3/dist-packages/oslo_config/cfg.py:2609
2025-11-20 00:41:53.865 183037 DEBUG oslo_service.service [req-f750950b-9d80-4544-a80c-77e18fd1d088 - - - - -] compute.max_disk_devices_to_attach = -1 log_opt_values /usr/lib/python3/dist-packages/oslo_config/cfg.py:2609
2025-11-20 00:41:53.865 183037 DEBUG oslo_service.service [req-f750950b-9d80-4544-a80c-77e18fd1d088 - - - - -] compute.packing_host_numa_cells_allocation_strategy = True log_opt_values /usr/lib/python3/dist-packages/oslo_config/cfg.py:2609
2025-11-20 00:41:53.865 183341 DEBUG oslo_messaging._drivers.amqpdriver [-] AMQPListener connection timeout poll /usr/lib/python3/dist-packages/oslo_messaging/_drivers/amqpdriver.py:360
2025-11-20 00:41:53.866 183341 DEBUG oslo_messaging._drivers.amqpdriver [-] Listener is running poll /usr/lib/python3/dist-packages/oslo_messaging/_drivers/amqpdriver.py:343
2025-11-20 00:41:53.866 183037 DEBUG oslo_service.service [req-f750950b-9d80-4544-a80c-77e18fd1d088 - - - - -] compute.provider_config_location = /etc/nova/provider_config/ log_opt_values /usr/lib/python3/dist-packages/oslo_config/cfg.py:2609
2025-11-20 00:41:53.866 183341 DEBUG oslo_messaging._drivers.amqpdriver [-] AMQPListener connection consume poll /usr/lib/python3/dist-packages/oslo_messaging/_drivers/amqpdriver.py:357
2025-11-20 00:41:53.866 183037 DEBUG oslo_service.service [req-f750950b-9d80-4544-a80c-77e18fd1d088 - - - - -] compute.resource_provider_association_refresh = 300 log_opt_values /usr/lib/python3/dist-packages/oslo_config/cfg.py:2609
2025-11-20 00:41:53.866 183037 DEBUG oslo_service.service [req-f750950b-9d80-4544-a80c-77e18fd1d088 - - - - -] compute.shutdown_retry_interval = 10 log_opt_values /usr/lib/python3/dist-packages/oslo_config/cfg.py:2609
2025-11-20 00:41:53.866 183037 DEBUG oslo_service.service [req-f750950b-9d80-4544-a80c-77e18fd1d088 - - - - -] compute.vmdk_allowed_types = ['streamOptimized', 'monolithicSparse'] log_opt_values /usr/lib/python3/dist-packages/oslo_config/cfg.py:2609
2025-11-20 00:41:53.866 183037 DEBUG oslo_service.service [req-f750950b-9d80-4544-a80c-77e18fd1d088 - - - - -] conductor.workers = 4 log_opt_values /usr/lib/python3/dist-packages/oslo_config/cfg.py:2609
2025-11-20 00:41:53.867 183037 DEBUG oslo_service.service [req-f750950b-9d80-4544-a80c-77e18fd1d088 - - - - -] console.allowed_origins = [] log_opt_values /usr/lib/python3/dist-packages/oslo_config/cfg.py:2609
2025-11-20 00:41:53.867 183037 DEBUG oslo_service.service [req-f750950b-9d80-4544-a80c-77e18fd1d088 - - - - -] console.ssl_ciphers = None log_opt_values /usr/lib/python3/dist-packages/oslo_config/cfg.py:2609
2025-11-20 00:41:53.867 183037 DEBUG oslo_service.service [req-f750950b-9d80-4544-a80c-77e18fd1d088 - - - - -] console.ssl_minimum_version = default log_opt_values /usr/lib/python3/dist-packages/oslo_config/cfg.py:2609
2025-11-20 00:41:53.867 183037 DEBUG oslo_service.service [req-f750950b-9d80-4544-a80c-77e18fd1d088 - - - - -] consoleauth.token_ttl = 600 log_opt_values /usr/lib/python3/dist-packages/oslo_config/cfg.py:2609
2025-11-20 00:41:53.867 183037 DEBUG oslo_service.service [req-f750950b-9d80-4544-a80c-77e18fd1d088 - - - - -] cyborg.cafile = None log_opt_values /usr/lib/python3/dist-packages/oslo_config/cfg.py:2609
2025-11-20 00:41:53.868 183037 DEBUG oslo_service.service [req-f750950b-9d80-4544-a80c-77e18fd1d088 - - - - -] cyborg.certfile = None log_opt_values /usr/lib/python3/dist-packages/oslo_config/cfg.py:2609
2025-11-20 00:41:53.868 183037 DEBUG oslo_service.service [req-f750950b-9d80-4544-a80c-77e18fd1d088 - - - - -] cyborg.collect_timing = False log_opt_values /usr/lib/python3/dist-packages/oslo_config/cfg.py:2609
2025-11-20 00:41:53.868 183037 DEBUG oslo_service.service [req-f750950b-9d80-4544-a80c-77e18fd1d088 - - - - -] cyborg.connect_retries = None log_opt_values /usr/lib/python3/dist-packages/oslo_config/cfg.py:2609
2025-11-20 00:41:53.868 183037 DEBUG oslo_service.service [req-f750950b-9d80-4544-a80c-77e18fd1d088 - - - - -] cyborg.connect_retry_delay = None log_opt_values /usr/lib/python3/dist-packages/oslo_config/cfg.py:2609
2025-11-20 00:41:53.868 183037 DEBUG oslo_service.service [req-f750950b-9d80-4544-a80c-77e18fd1d088 - - - - -] cyborg.endpoint_override = None log_opt_values /usr/lib/python3/dist-packages/oslo_config/cfg.py:2609
2025-11-20 00:41:53.869 183037 DEBUG oslo_service.service [req-f750950b-9d80-4544-a80c-77e18fd1d088 - - - - -] cyborg.insecure = False log_opt_values /usr/lib/python3/dist-packages/oslo_config/cfg.py:2609
2025-11-20 00:41:53.869 183037 DEBUG oslo_service.service [req-f750950b-9d80-4544-a80c-77e18fd1d088 - - - - -] cyborg.keyfile = None log_opt_values /usr/lib/python3/dist-packages/oslo_config/cfg.py:2609
2025-11-20 00:41:53.869 183037 DEBUG oslo_service.service [req-f750950b-9d80-4544-a80c-77e18fd1d088 - - - - -] cyborg.max_version = None log_opt_values /usr/lib/python3/dist-packages/oslo_config/cfg.py:2609
2025-11-20 00:41:53.869 183037 DEBUG oslo_service.service [req-f750950b-9d80-4544-a80c-77e18fd1d088 - - - - -] cyborg.min_version = None log_opt_values /usr/lib/python3/dist-packages/oslo_config/cfg.py:2609
2025-11-20 00:41:53.870 183037 DEBUG oslo_service.service [req-f750950b-9d80-4544-a80c-77e18fd1d088 - - - - -] cyborg.region_name = None log_opt_values /usr/lib/python3/dist-packages/oslo_config/cfg.py:2609
2025-11-20 00:41:53.870 183037 DEBUG oslo_service.service [req-f750950b-9d80-4544-a80c-77e18fd1d088 - - - - -] cyborg.service_name = None log_opt_values /usr/lib/python3/dist-packages/oslo_config/cfg.py:2609
2025-11-20 00:41:53.870 183037 DEBUG oslo_service.service [req-f750950b-9d80-4544-a80c-77e18fd1d088 - - - - -] cyborg.service_type = accelerator log_opt_values /usr/lib/python3/dist-packages/oslo_config/cfg.py:2609
2025-11-20 00:41:53.870 183037 DEBUG oslo_service.service [req-f750950b-9d80-4544-a80c-77e18fd1d088 - - - - -] cyborg.split_loggers = False log_opt_values /usr/lib/python3/dist-packages/oslo_config/cfg.py:2609
2025-11-20 00:41:53.871 183037 DEBUG oslo_service.service [req-f750950b-9d80-4544-a80c-77e18fd1d088 - - - - -] cyborg.status_code_retries = None log_opt_values /usr/lib/python3/dist-packages/oslo_config/cfg.py:2609
2025-11-20 00:41:53.871 183037 DEBUG oslo_service.service [req-f750950b-9d80-4544-a80c-77e18fd1d088 - - - - -] cyborg.status_code_retry_delay = None log_opt_values /usr/lib/python3/dist-packages/oslo_config/cfg.py:2609
2025-11-20 00:41:53.871 183037 DEBUG oslo_service.service [req-f750950b-9d80-4544-a80c-77e18fd1d088 - - - - -] cyborg.timeout = None log_opt_values /usr/lib/python3/dist-packages/oslo_config/cfg.py:2609
2025-11-20 00:41:53.871 183342 DEBUG nova.service [req-bc195085-de6f-4c51-9db2-c848f77c37a3 - - - - -] Creating RPC server for service conductor start /usr/lib/python3/dist-packages/nova/service.py:182
2025-11-20 00:41:53.871 183037 DEBUG oslo_service.service [req-f750950b-9d80-4544-a80c-77e18fd1d088 - - - - -] cyborg.valid_interfaces = ['internal', 'public'] log_opt_values /usr/lib/python3/dist-packages/oslo_config/cfg.py:2609
2025-11-20 00:41:53.871 183037 DEBUG oslo_service.service [req-f750950b-9d80-4544-a80c-77e18fd1d088 - - - - -] cyborg.version = None log_opt_values /usr/lib/python3/dist-packages/oslo_config/cfg.py:2609
2025-11-20 00:41:53.872 183037 DEBUG oslo_service.service [req-f750950b-9d80-4544-a80c-77e18fd1d088 - - - - -] database.backend = sqlalchemy log_opt_values /usr/lib/python3/dist-packages/oslo_config/cfg.py:2609
2025-11-20 00:41:53.872 183037 DEBUG oslo_service.service [req-f750950b-9d80-4544-a80c-77e18fd1d088 - - - - -] database.connection = **** log_opt_values /usr/lib/python3/dist-packages/oslo_config/cfg.py:2609
2025-11-20 00:41:53.872 183037 DEBUG oslo_service.service [req-f750950b-9d80-4544-a80c-77e18fd1d088 - - - - -] database.connection_debug = 0 log_opt_values /usr/lib/python3/dist-packages/oslo_config/cfg.py:2609
2025-11-20 00:41:53.874 183037 DEBUG oslo_service.service [req-f750950b-9d80-4544-a80c-77e18fd1d088 - - - - -] database.connection_parameters = log_opt_values /usr/lib/python3/dist-packages/oslo_config/cfg.py:2609
2025-11-20 00:41:53.874 183037 DEBUG oslo_service.service [req-f750950b-9d80-4544-a80c-77e18fd1d088 - - - - -] database.connection_recycle_time = 3600 log_opt_values /usr/lib/python3/dist-packages/oslo_config/cfg.py:2609
2025-11-20 00:41:53.874 183037 DEBUG oslo_service.service [req-f750950b-9d80-4544-a80c-77e18fd1d088 - - - - -] database.connection_trace = False log_opt_values /usr/lib/python3/dist-packages/oslo_config/cfg.py:2609
2025-11-20 00:41:53.874 183037 DEBUG oslo_service.service [req-f750950b-9d80-4544-a80c-77e18fd1d088 - - - - -] database.db_inc_retry_interval = True log_opt_values /usr/lib/python3/dist-packages/oslo_config/cfg.py:2609
2025-11-20 00:41:53.875 183037 DEBUG oslo_service.service [req-f750950b-9d80-4544-a80c-77e18fd1d088 - - - - -] database.db_max_retries = 20 log_opt_values /usr/lib/python3/dist-packages/oslo_config/cfg.py:2609
2025-11-20 00:41:53.876 183037 DEBUG oslo_service.service [req-f750950b-9d80-4544-a80c-77e18fd1d088 - - - - -] database.db_max_retry_interval = 10 log_opt_values /usr/lib/python3/dist-packages/oslo_config/cfg.py:2609
2025-11-20 00:41:53.876 183037 DEBUG oslo_service.service [req-f750950b-9d80-4544-a80c-77e18fd1d088 - - - - -] database.db_retry_interval = 1 log_opt_values /usr/lib/python3/dist-packages/oslo_config/cfg.py:2609
2025-11-20 00:41:53.876 183037 DEBUG oslo_service.service [req-f750950b-9d80-4544-a80c-77e18fd1d088 - - - - -] database.max_overflow = 50 log_opt_values /usr/lib/python3/dist-packages/oslo_config/cfg.py:2609
2025-11-20 00:41:53.876 183037 DEBUG oslo_service.service [req-f750950b-9d80-4544-a80c-77e18fd1d088 - - - - -] database.max_pool_size = 4 log_opt_values /usr/lib/python3/dist-packages/oslo_config/cfg.py:2609
2025-11-20 00:41:53.877 183037 DEBUG oslo_service.service [req-f750950b-9d80-4544-a80c-77e18fd1d088 - - - - -] database.max_retries = 10 log_opt_values /usr/lib/python3/dist-packages/oslo_config/cfg.py:2609
2025-11-20 00:41:53.877 183037 DEBUG oslo_service.service [req-f750950b-9d80-4544-a80c-77e18fd1d088 - - - - -] database.mysql_enable_ndb = False log_opt_values /usr/lib/python3/dist-packages/oslo_config/cfg.py:2609
2025-11-20 00:41:53.877 183037 DEBUG oslo_service.service [req-f750950b-9d80-4544-a80c-77e18fd1d088 - - - - -] database.mysql_sql_mode = TRADITIONAL log_opt_values /usr/lib/python3/dist-packages/oslo_config/cfg.py:2609
2025-11-20 00:41:53.878 183037 DEBUG oslo_service.service [req-f750950b-9d80-4544-a80c-77e18fd1d088 - - - - -] database.pool_timeout = None log_opt_values /usr/lib/python3/dist-packages/oslo_config/cfg.py:2609
2025-11-20 00:41:53.878 183037 DEBUG oslo_service.service [req-f750950b-9d80-4544-a80c-77e18fd1d088 - - - - -] database.retry_interval = 10 log_opt_values /usr/lib/python3/dist-packages/oslo_config/cfg.py:2609
2025-11-20 00:41:53.878 183037 DEBUG oslo_service.service [req-f750950b-9d80-4544-a80c-77e18fd1d088 - - - - -] database.slave_connection = **** log_opt_values /usr/lib/python3/dist-packages/oslo_config/cfg.py:2609
2025-11-20 00:41:53.879 183037 DEBUG oslo_service.service [req-f750950b-9d80-4544-a80c-77e18fd1d088 - - - - -] database.sqlite_synchronous = True log_opt_values /usr/lib/python3/dist-packages/oslo_config/cfg.py:2609
2025-11-20 00:41:53.879 183037 DEBUG oslo_service.service [req-f750950b-9d80-4544-a80c-77e18fd1d088 - - - - -] database.use_db_reconnect = False log_opt_values /usr/lib/python3/dist-packages/oslo_config/cfg.py:2609
2025-11-20 00:41:53.879 183037 DEBUG oslo_service.service [req-f750950b-9d80-4544-a80c-77e18fd1d088 - - - - -] api_database.backend = sqlalchemy log_opt_values /usr/lib/python3/dist-packages/oslo_config/cfg.py:2609
2025-11-20 00:41:53.880 183037 DEBUG oslo_service.service [req-f750950b-9d80-4544-a80c-77e18fd1d088 - - - - -] api_database.connection = **** log_opt_values /usr/lib/python3/dist-packages/oslo_config/cfg.py:2609
2025-11-20 00:41:53.880 183037 DEBUG oslo_service.service [req-f750950b-9d80-4544-a80c-77e18fd1d088 - - - - -] api_database.connection_debug = 0 log_opt_values /usr/lib/python3/dist-packages/oslo_config/cfg.py:2609
2025-11-20 00:41:53.880 183037 DEBUG oslo_service.service [req-f750950b-9d80-4544-a80c-77e18fd1d088 - - - - -] api_database.connection_parameters = log_opt_values /usr/lib/python3/dist-packages/oslo_config/cfg.py:2609
2025-11-20 00:41:53.880 183037 DEBUG oslo_service.service [req-f750950b-9d80-4544-a80c-77e18fd1d088 - - - - -] api_database.connection_recycle_time = 3600 log_opt_values /usr/lib/python3/dist-packages/oslo_config/cfg.py:2609
2025-11-20 00:41:53.881 183037 DEBUG oslo_service.service [req-f750950b-9d80-4544-a80c-77e18fd1d088 - - - - -] api_database.connection_trace = False log_opt_values /usr/lib/python3/dist-packages/oslo_config/cfg.py:2609
2025-11-20 00:41:53.881 183037 DEBUG oslo_service.service [req-f750950b-9d80-4544-a80c-77e18fd1d088 - - - - -] api_database.db_inc_retry_interval = True log_opt_values /usr/lib/python3/dist-packages/oslo_config/cfg.py:2609
2025-11-20 00:41:53.881 183037 DEBUG oslo_service.service [req-f750950b-9d80-4544-a80c-77e18fd1d088 - - - - -] api_database.db_max_retries = 20 log_opt_values /usr/lib/python3/dist-packages/oslo_config/cfg.py:2609
2025-11-20 00:41:53.881 183037 DEBUG oslo_service.service [req-f750950b-9d80-4544-a80c-77e18fd1d088 - - - - -] api_database.db_max_retry_interval = 10 log_opt_values /usr/lib/python3/dist-packages/oslo_config/cfg.py:2609
2025-11-20 00:41:53.881 183037 DEBUG oslo_service.service [req-f750950b-9d80-4544-a80c-77e18fd1d088 - - - - -] api_database.db_retry_interval = 1 log_opt_values /usr/lib/python3/dist-packages/oslo_config/cfg.py:2609
2025-11-20 00:41:53.881 183343 DEBUG oslo_messaging._drivers.amqpdriver [-] Listener is running poll /usr/lib/python3/dist-packages/oslo_messaging/_drivers/amqpdriver.py:343
2025-11-20 00:41:53.882 183343 DEBUG oslo_messaging._drivers.amqpdriver [-] AMQPListener connection consume poll /usr/lib/python3/dist-packages/oslo_messaging/_drivers/amqpdriver.py:357
2025-11-20 00:41:53.881 183037 DEBUG oslo_service.service [req-f750950b-9d80-4544-a80c-77e18fd1d088 - - - - -] api_database.max_overflow = 50 log_opt_values /usr/lib/python3/dist-packages/oslo_config/cfg.py:2609
2025-11-20 00:41:53.882 183037 DEBUG oslo_service.service [req-f750950b-9d80-4544-a80c-77e18fd1d088 - - - - -] api_database.max_pool_size = 4 log_opt_values /usr/lib/python3/dist-packages/oslo_config/cfg.py:2609
2025-11-20 00:41:53.882 183037 DEBUG oslo_service.service [req-f750950b-9d80-4544-a80c-77e18fd1d088 - - - - -] api_database.max_retries = 10 log_opt_values /usr/lib/python3/dist-packages/oslo_config/cfg.py:2609
2025-11-20 00:41:53.882 183343 DEBUG nova.service [req-c2d268d7-bcb1-47d3-abd2-d355adab3e6c - - - - -] Join ServiceGroup membership for this service conductor start /usr/lib/python3/dist-packages/nova/service.py:199
2025-11-20 00:41:53.882 183037 DEBUG oslo_service.service [req-f750950b-9d80-4544-a80c-77e18fd1d088 - - - - -] api_database.mysql_enable_ndb = False log_opt_values /usr/lib/python3/dist-packages/oslo_config/cfg.py:2609
2025-11-20 00:41:53.882 183343 DEBUG nova.servicegroup.drivers.db [req-c2d268d7-bcb1-47d3-abd2-d355adab3e6c - - - - -] DB_Driver: join new ServiceGroup member juju-d64615-0-lxd-7 to the conductor group, service = join /usr/lib/python3/dist-packages/nova/servicegroup/drivers/db.py:44
2025-11-20 00:41:53.882 183037 DEBUG oslo_service.service [req-f750950b-9d80-4544-a80c-77e18fd1d088 - - - - -] api_database.mysql_sql_mode = TRADITIONAL log_opt_values /usr/lib/python3/dist-packages/oslo_config/cfg.py:2609
2025-11-20 00:41:53.883 183037 DEBUG oslo_service.service [req-f750950b-9d80-4544-a80c-77e18fd1d088 - - - - -] api_database.pool_timeout = None log_opt_values /usr/lib/python3/dist-packages/oslo_config/cfg.py:2609
2025-11-20 00:41:53.883 183037 DEBUG oslo_service.service [req-f750950b-9d80-4544-a80c-77e18fd1d088 - - - - -] api_database.retry_interval = 10 log_opt_values /usr/lib/python3/dist-packages/oslo_config/cfg.py:2609
2025-11-20 00:41:53.883 183037 DEBUG oslo_service.service [req-f750950b-9d80-4544-a80c-77e18fd1d088 - - - - -] api_database.slave_connection = **** log_opt_values /usr/lib/python3/dist-packages/oslo_config/cfg.py:2609
2025-11-20 00:41:53.883 183037 DEBUG oslo_service.service [req-f750950b-9d80-4544-a80c-77e18fd1d088 - - - - -] api_database.sqlite_synchronous = True log_opt_values /usr/lib/python3/dist-packages/oslo_config/cfg.py:2609
2025-11-20 00:41:53.883 183037 DEBUG oslo_service.service [req-f750950b-9d80-4544-a80c-77e18fd1d088 - - - - -] devices.enabled_mdev_types = [] log_opt_values /usr/lib/python3/dist-packages/oslo_config/cfg.py:2609
2025-11-20 00:41:53.884 183037 DEBUG oslo_service.service [req-f750950b-9d80-4544-a80c-77e18fd1d088 - - - - -] ephemeral_storage_encryption.cipher = aes-xts-plain64 log_opt_values /usr/lib/python3/dist-packages/oslo_config/cfg.py:2609
2025-11-20 00:41:53.884 183037 DEBUG oslo_service.service [req-f750950b-9d80-4544-a80c-77e18fd1d088 - - - - -] ephemeral_storage_encryption.enabled = False log_opt_values /usr/lib/python3/dist-packages/oslo_config/cfg.py:2609
2025-11-20 00:41:53.884 183037 DEBUG oslo_service.service [req-f750950b-9d80-4544-a80c-77e18fd1d088 - - - - -] ephemeral_storage_encryption.key_size = 512 log_opt_values /usr/lib/python3/dist-packages/oslo_config/cfg.py:2609
2025-11-20 00:41:53.884 183037 WARNING oslo_config.cfg [req-f750950b-9d80-4544-a80c-77e18fd1d088 - - - - -] Deprecated: Option "api_servers" from group "glance" is deprecated for removal ( Support for image service configuration via standard keystoneauth1 Adapter options was added in the 17.0.0 Queens release. The api_servers option was retained temporarily to allow consumers time to cut over to a real load balancing solution. ). Its value may be silently ignored in the future.
2025-11-20 00:41:53.884 183343 DEBUG oslo_messaging._drivers.amqpdriver [-] AMQPListener connection timeout poll /usr/lib/python3/dist-packages/oslo_messaging/_drivers/amqpdriver.py:360
2025-11-20 00:41:53.885 183343 DEBUG oslo_messaging._drivers.amqpdriver [-] Listener is running poll /usr/lib/python3/dist-packages/oslo_messaging/_drivers/amqpdriver.py:343
2025-11-20 00:41:53.885 183343 DEBUG oslo_messaging._drivers.amqpdriver [-] AMQPListener connection consume poll /usr/lib/python3/dist-packages/oslo_messaging/_drivers/amqpdriver.py:357
2025-11-20 00:41:53.885 183037 DEBUG oslo_service.service [req-f750950b-9d80-4544-a80c-77e18fd1d088 - - - - -] glance.api_servers = ['http://252.131.128.94:9292'] log_opt_values /usr/lib/python3/dist-packages/oslo_config/cfg.py:2609
2025-11-20 00:41:53.885 183037 DEBUG oslo_service.service [req-f750950b-9d80-4544-a80c-77e18fd1d088 - - - - -] glance.cafile = None log_opt_values /usr/lib/python3/dist-packages/oslo_config/cfg.py:2609
2025-11-20 00:41:53.885 183037 DEBUG oslo_service.service [req-f750950b-9d80-4544-a80c-77e18fd1d088 - - - - -] glance.certfile = None log_opt_values /usr/lib/python3/dist-packages/oslo_config/cfg.py:2609
2025-11-20 00:41:53.886 183037 DEBUG oslo_service.service [req-f750950b-9d80-4544-a80c-77e18fd1d088 - - - - -] glance.collect_timing = False log_opt_values /usr/lib/python3/dist-packages/oslo_config/cfg.py:2609
2025-11-20 00:41:53.886 183037 DEBUG oslo_service.service [req-f750950b-9d80-4544-a80c-77e18fd1d088 - - - - -] glance.connect_retries = None log_opt_values /usr/lib/python3/dist-packages/oslo_config/cfg.py:2609
2025-11-20 00:41:53.886 183037 DEBUG oslo_service.service [req-f750950b-9d80-4544-a80c-77e18fd1d088 - - - - -] glance.connect_retry_delay = None log_opt_values /usr/lib/python3/dist-packages/oslo_config/cfg.py:2609
2025-11-20 00:41:53.886 183037 DEBUG oslo_service.service [req-f750950b-9d80-4544-a80c-77e18fd1d088 - - - - -] glance.debug = False log_opt_values /usr/lib/python3/dist-packages/oslo_config/cfg.py:2609
2025-11-20 00:41:53.886 183037 DEBUG oslo_service.service [req-f750950b-9d80-4544-a80c-77e18fd1d088 - - - - -] glance.default_trusted_certificate_ids = [] log_opt_values /usr/lib/python3/dist-packages/oslo_config/cfg.py:2609
2025-11-20 00:41:53.887 183037 DEBUG oslo_service.service [req-f750950b-9d80-4544-a80c-77e18fd1d088 - - - - -] glance.enable_certificate_validation = False log_opt_values /usr/lib/python3/dist-packages/oslo_config/cfg.py:2609
2025-11-20 00:41:53.887 183037 DEBUG oslo_service.service [req-f750950b-9d80-4544-a80c-77e18fd1d088 - - - - -] glance.enable_rbd_download = False log_opt_values /usr/lib/python3/dist-packages/oslo_config/cfg.py:2609
2025-11-20 00:41:53.887 183037 DEBUG oslo_service.service [req-f750950b-9d80-4544-a80c-77e18fd1d088 - - - - -] glance.endpoint_override = None log_opt_values /usr/lib/python3/dist-packages/oslo_config/cfg.py:2609
2025-11-20 00:41:53.887 183037 DEBUG oslo_service.service [req-f750950b-9d80-4544-a80c-77e18fd1d088 - - - - -] glance.insecure = False log_opt_values /usr/lib/python3/dist-packages/oslo_config/cfg.py:2609
2025-11-20 00:41:53.887 183037 DEBUG oslo_service.service [req-f750950b-9d80-4544-a80c-77e18fd1d088 - - - - -] glance.keyfile = None log_opt_values /usr/lib/python3/dist-packages/oslo_config/cfg.py:2609
2025-11-20 00:41:53.887 183037 DEBUG oslo_service.service [req-f750950b-9d80-4544-a80c-77e18fd1d088 - - - - -] glance.max_version = None log_opt_values /usr/lib/python3/dist-packages/oslo_config/cfg.py:2609
2025-11-20 00:41:53.888 183037 DEBUG oslo_service.service [req-f750950b-9d80-4544-a80c-77e18fd1d088 - - - - -] glance.min_version = None log_opt_values /usr/lib/python3/dist-packages/oslo_config/cfg.py:2609
2025-11-20 00:41:53.888 183037 DEBUG oslo_service.service [req-f750950b-9d80-4544-a80c-77e18fd1d088 - - - - -] glance.num_retries = 3 log_opt_values /usr/lib/python3/dist-packages/oslo_config/cfg.py:2609
2025-11-20 00:41:53.888 183037 DEBUG oslo_service.service [req-f750950b-9d80-4544-a80c-77e18fd1d088 - - - - -] glance.rbd_ceph_conf = log_opt_values /usr/lib/python3/dist-packages/oslo_config/cfg.py:2609
2025-11-20 00:41:53.888 183037 DEBUG oslo_service.service [req-f750950b-9d80-4544-a80c-77e18fd1d088 - - - - -] glance.rbd_connect_timeout = 5 log_opt_values /usr/lib/python3/dist-packages/oslo_config/cfg.py:2609
2025-11-20 00:41:53.888 183037 DEBUG oslo_service.service [req-f750950b-9d80-4544-a80c-77e18fd1d088 - - - - -] glance.rbd_pool = log_opt_values /usr/lib/python3/dist-packages/oslo_config/cfg.py:2609
2025-11-20 00:41:53.888 183037 DEBUG oslo_service.service [req-f750950b-9d80-4544-a80c-77e18fd1d088 - - - - -] glance.rbd_user = log_opt_values /usr/lib/python3/dist-packages/oslo_config/cfg.py:2609
2025-11-20 00:41:53.888 183037 DEBUG oslo_service.service [req-f750950b-9d80-4544-a80c-77e18fd1d088 - - - - -] glance.region_name = None log_opt_values /usr/lib/python3/dist-packages/oslo_config/cfg.py:2609
2025-11-20 00:41:53.889 183037 DEBUG oslo_service.service [req-f750950b-9d80-4544-a80c-77e18fd1d088 - - - - -] glance.service_name = None log_opt_values /usr/lib/python3/dist-packages/oslo_config/cfg.py:2609
