2025-11-20 01:45:19.382 7 DEBUG oslo_service.service [-] ml2_type_gre.tunnel_id_ranges = [] log_opt_values /var/lib/kolla/venv/lib/python3.6/site-packages/oslo_config/cfg.py:2611
2025-11-20 01:45:19.382 7 DEBUG oslo_service.service [-] ml2_type_vlan.network_vlan_ranges = [] log_opt_values /var/lib/kolla/venv/lib/python3.6/site-packages/oslo_config/cfg.py:2611
2025-11-20 01:45:19.382 7 DEBUG oslo_service.service [-] ml2_type_vxlan.vni_ranges = [] log_opt_values /var/lib/kolla/venv/lib/python3.6/site-packages/oslo_config/cfg.py:2611
2025-11-20 01:45:19.382 7 DEBUG oslo_service.service [-] ml2_type_vxlan.vxlan_group = None log_opt_values /var/lib/kolla/venv/lib/python3.6/site-packages/oslo_config/cfg.py:2611
2025-11-20 01:45:19.382 7 DEBUG oslo_service.service [-] database.backend = sqlalchemy log_opt_values /var/lib/kolla/venv/lib/python3.6/site-packages/oslo_config/cfg.py:2611
2025-11-20 01:45:19.382 7 DEBUG oslo_service.service [-] database.connection = **** log_opt_values /var/lib/kolla/venv/lib/python3.6/site-packages/oslo_config/cfg.py:2611
2025-11-20 01:45:19.382 7 DEBUG oslo_service.service [-] database.connection_debug = 0 log_opt_values /var/lib/kolla/venv/lib/python3.6/site-packages/oslo_config/cfg.py:2611
2025-11-20 01:45:19.382 7 DEBUG oslo_service.service [-] database.connection_parameters = log_opt_values /var/lib/kolla/venv/lib/python3.6/site-packages/oslo_config/cfg.py:2611
2025-11-20 01:45:19.382 7 DEBUG oslo_service.service [-] database.connection_recycle_time = 10 log_opt_values /var/lib/kolla/venv/lib/python3.6/site-packages/oslo_config/cfg.py:2611
2025-11-20 01:45:19.382 7 DEBUG oslo_service.service [-] database.connection_trace = False log_opt_values /var/lib/kolla/venv/lib/python3.6/site-packages/oslo_config/cfg.py:2611
2025-11-20 01:45:19.382 7 DEBUG oslo_service.service [-] database.db_inc_retry_interval = True log_opt_values /var/lib/kolla/venv/lib/python3.6/site-packages/oslo_config/cfg.py:2611
2025-11-20 01:45:19.382 7 DEBUG oslo_service.service [-] database.db_max_retries = 20 log_opt_values /var/lib/kolla/venv/lib/python3.6/site-packages/oslo_config/cfg.py:2611
2025-11-20 01:45:19.382 7 DEBUG oslo_service.service [-] database.db_max_retry_interval = 10 log_opt_values /var/lib/kolla/venv/lib/python3.6/site-packages/oslo_config/cfg.py:2611
2025-11-20 01:45:19.382 7 DEBUG oslo_service.service [-] database.db_retry_interval = 1 log_opt_values /var/lib/kolla/venv/lib/python3.6/site-packages/oslo_config/cfg.py:2611
2025-11-20 01:45:19.382 7 DEBUG oslo_service.service [-] database.max_overflow = 50 log_opt_values /var/lib/kolla/venv/lib/python3.6/site-packages/oslo_config/cfg.py:2611
2025-11-20 01:45:19.382 7 DEBUG oslo_service.service [-] database.max_pool_size = 1 log_opt_values /var/lib/kolla/venv/lib/python3.6/site-packages/oslo_config/cfg.py:2611
2025-11-20 01:45:19.382 7 DEBUG oslo_service.service [-] database.max_retries = -1 log_opt_values /var/lib/kolla/venv/lib/python3.6/site-packages/oslo_config/cfg.py:2611
2025-11-20 01:45:19.383 7 DEBUG oslo_service.service [-] database.mysql_enable_ndb = False log_opt_values /var/lib/kolla/venv/lib/python3.6/site-packages/oslo_config/cfg.py:2611
2025-11-20 01:45:19.383 7 DEBUG oslo_service.service [-] database.mysql_sql_mode = TRADITIONAL log_opt_values /var/lib/kolla/venv/lib/python3.6/site-packages/oslo_config/cfg.py:2611
2025-11-20 01:45:19.383 7 DEBUG oslo_service.service [-] database.pool_timeout = None log_opt_values /var/lib/kolla/venv/lib/python3.6/site-packages/oslo_config/cfg.py:2611
2025-11-20 01:45:19.383 7 DEBUG oslo_service.service [-] database.retry_interval = 10 log_opt_values /var/lib/kolla/venv/lib/python3.6/site-packages/oslo_config/cfg.py:2611
2025-11-20 01:45:19.383 7 DEBUG oslo_service.service [-] database.slave_connection = **** log_opt_values /var/lib/kolla/venv/lib/python3.6/site-packages/oslo_config/cfg.py:2611
2025-11-20 01:45:19.383 7 DEBUG oslo_service.service [-] database.sqlite_synchronous = True log_opt_values /var/lib/kolla/venv/lib/python3.6/site-packages/oslo_config/cfg.py:2611
2025-11-20 01:45:19.383 7 DEBUG oslo_service.service [-] database.use_db_reconnect = False log_opt_values /var/lib/kolla/venv/lib/python3.6/site-packages/oslo_config/cfg.py:2611
2025-11-20 01:45:19.383 7 DEBUG oslo_service.service [-] ******************************************************************************** log_opt_values /var/lib/kolla/venv/lib/python3.6/site-packages/oslo_config/cfg.py:2613
2025-11-20 01:45:21.102 22 DEBUG neutron.wsgi [-] (22) accepted ('10.0.0.241', 37782) server /var/lib/kolla/venv/lib/python3.6/site-packages/eventlet/wsgi.py:1004
2025-11-20 01:45:21.108 22 INFO neutron.wsgi [-] 10.0.0.241 "GET / HTTP/1.1" status: 200 len: 228 time: 0.0046320
2025-11-20 01:45:23.080 24 DEBUG neutron.api.rpc.handlers.dhcp_rpc [req-9c1ae245-fcc8-4b5b-88e4-284282fecca7 - - - - -] get_active_networks_info from cn-jenkins-deploy-platform-ansible-os-4771-1 get_active_networks_info /var/lib/kolla/venv/lib/python3.6/site-packages/neutron/api/rpc/handlers/dhcp_rpc.py:159
2025-11-20 01:45:23.101 27 DEBUG neutron_lib.callbacks.manager [req-80256c17-805b-4e29-9f4f-00c615d724fb - - - - -] Publish callbacks ['neutron.services.segments.db._update_segment_host_mapping_for_agent-8735586887027', 'neutron.services.l3_router.l3_router_plugin.DVRResourceOperationHandler.create_fip_agent_gw_ports--9223372036854354298'] for agent (c3ad4860-a238-4dc4-8139-94ce49109c5d), after_create _notify_loop /var/lib/kolla/venv/lib/python3.6/site-packages/neutron_lib/callbacks/manager.py:177
2025-11-20 01:45:23.118 24 DEBUG neutron.scheduler.dhcp_agent_scheduler [req-9c1ae245-fcc8-4b5b-88e4-284282fecca7 - - - - -] No non-hosted networks auto_schedule_networks /var/lib/kolla/venv/lib/python3.6/site-packages/neutron/scheduler/dhcp_agent_scheduler.py:60
2025-11-20 01:45:40.668 26 DEBUG neutron_lib.callbacks.manager [req-7e98541b-7cbf-49c2-b5e7-37ec0143cb11 - - - - -] Publish callbacks ['neutron.services.segments.db._update_segment_host_mapping_for_agent-8735586887027', 'neutron.services.l3_router.l3_router_plugin.DVRResourceOperationHandler.create_fip_agent_gw_ports--9223372036854354298'] for agent (9cef6473-26bb-4875-a937-a5c5c029bd45), after_create _notify_loop /var/lib/kolla/venv/lib/python3.6/site-packages/neutron_lib/callbacks/manager.py:177
2025-11-20 01:45:51.152 22 DEBUG neutron.wsgi [-] (22) accepted ('10.0.0.241', 54114) server /var/lib/kolla/venv/lib/python3.6/site-packages/eventlet/wsgi.py:1004
2025-11-20 01:45:51.156 22 INFO neutron.wsgi [-] 10.0.0.241 "GET / HTTP/1.1" status: 200 len: 228 time: 0.0030737
2025-11-20 01:45:53.091 28 DEBUG neutron_lib.callbacks.manager [req-002fb181-80ff-4067-b8e7-f9184281d440 - - - - -] Publish callbacks ['neutron.services.segments.db._update_segment_host_mapping_for_agent-8735586887027', 'neutron.plugins.ml2.plugin.Ml2Plugin._retry_binding_revived_agents-1305813'] for agent (c3ad4860-a238-4dc4-8139-94ce49109c5d), after_update _notify_loop /var/lib/kolla/venv/lib/python3.6/site-packages/neutron_lib/callbacks/manager.py:177
2025-11-20 01:46:10.637 25 DEBUG neutron_lib.callbacks.manager [req-7e98541b-7cbf-49c2-b5e7-37ec0143cb11 - - - - -] Publish callbacks ['neutron.services.segments.db._update_segment_host_mapping_for_agent-8735586887027', 'neutron.plugins.ml2.plugin.Ml2Plugin._retry_binding_revived_agents-1305813'] for agent (9cef6473-26bb-4875-a937-a5c5c029bd45), after_update _notify_loop /var/lib/kolla/venv/lib/python3.6/site-packages/neutron_lib/callbacks/manager.py:177
2025-11-20 01:46:20.351 29 DEBUG neutron.db.agents_db [req-d38c2631-d963-4825-bdb9-69099a01483c - - - - -] Agent healthcheck: found 2 active agents agent_health_check /var/lib/kolla/venv/lib/python3.6/site-packages/neutron/db/agents_db.py:318
2025-11-20 01:46:21.200 22 DEBUG neutron.wsgi [-] (22) accepted ('10.0.0.241', 48160) server /var/lib/kolla/venv/lib/python3.6/site-packages/eventlet/wsgi.py:1004
2025-11-20 01:46:21.204 22 INFO neutron.wsgi [-] 10.0.0.241 "GET / HTTP/1.1" status: 200 len: 228 time: 0.0026886
2025-11-20 01:46:23.079 24 DEBUG neutron_lib.callbacks.manager [req-92984e6e-a6a9-4b97-a8ab-cb1d2d8dffbe - - - - -] Publish callbacks ['neutron.services.segments.db._update_segment_host_mapping_for_agent-8735586887027', 'neutron.plugins.ml2.plugin.Ml2Plugin._retry_binding_revived_agents-1305813'] for agent (c3ad4860-a238-4dc4-8139-94ce49109c5d), after_update _notify_loop /var/lib/kolla/venv/lib/python3.6/site-packages/neutron_lib/callbacks/manager.py:177
2025-11-20 01:46:40.639 23 DEBUG neutron_lib.callbacks.manager [req-7e98541b-7cbf-49c2-b5e7-37ec0143cb11 - - - - -] Publish callbacks ['neutron.services.segments.db._update_segment_host_mapping_for_agent-8735586887027', 'neutron.plugins.ml2.plugin.Ml2Plugin._retry_binding_revived_agents-1305813'] for agent (9cef6473-26bb-4875-a937-a5c5c029bd45), after_update _notify_loop /var/lib/kolla/venv/lib/python3.6/site-packages/neutron_lib/callbacks/manager.py:177
2025-11-20 01:46:51.250 22 DEBUG neutron.wsgi [-] (22) accepted ('10.0.0.241', 44382) server /var/lib/kolla/venv/lib/python3.6/site-packages/eventlet/wsgi.py:1004
2025-11-20 01:46:51.253 22 INFO neutron.wsgi [-] 10.0.0.241 "GET / HTTP/1.1" status: 200 len: 228 time: 0.0030258
2025-11-20 01:46:53.082 27 DEBUG neutron_lib.callbacks.manager [req-a8e809ba-c4f7-4223-862b-4cca7ba27c6f - - - - -] Publish callbacks ['neutron.services.segments.db._update_segment_host_mapping_for_agent-8735586887027', 'neutron.plugins.ml2.plugin.Ml2Plugin._retry_binding_revived_agents-1305813'] for agent (c3ad4860-a238-4dc4-8139-94ce49109c5d), after_update _notify_loop /var/lib/kolla/venv/lib/python3.6/site-packages/neutron_lib/callbacks/manager.py:177
2025-11-20 01:46:57.350 29 DEBUG neutron.db.agents_db [req-d38c2631-d963-4825-bdb9-69099a01483c - - - - -] Agent healthcheck: found 2 active agents agent_health_check /var/lib/kolla/venv/lib/python3.6/site-packages/neutron/db/agents_db.py:318
2025-11-20 01:47:10.629 26 DEBUG neutron_lib.callbacks.manager [req-7e98541b-7cbf-49c2-b5e7-37ec0143cb11 - - - - -] Publish callbacks ['neutron.services.segments.db._update_segment_host_mapping_for_agent-8735586887027', 'neutron.plugins.ml2.plugin.Ml2Plugin._retry_binding_revived_agents-1305813'] for agent (9cef6473-26bb-4875-a937-a5c5c029bd45), after_update _notify_loop /var/lib/kolla/venv/lib/python3.6/site-packages/neutron_lib/callbacks/manager.py:177
2025-11-20 01:47:21.298 22 DEBUG neutron.wsgi [-] (22) accepted ('10.0.0.241', 39534) server /var/lib/kolla/venv/lib/python3.6/site-packages/eventlet/wsgi.py:1004
2025-11-20 01:47:21.303 22 INFO neutron.wsgi [-] 10.0.0.241 "GET / HTTP/1.1" status: 200 len: 228 time: 0.0029836
2025-11-20 01:47:23.078 28 DEBUG neutron_lib.callbacks.manager [req-252cdab7-1e88-4ac8-966e-6c8ec8ae93a3 - - - - -] Publish callbacks ['neutron.services.segments.db._update_segment_host_mapping_for_agent-8735586887027', 'neutron.plugins.ml2.plugin.Ml2Plugin._retry_binding_revived_agents-1305813'] for agent (c3ad4860-a238-4dc4-8139-94ce49109c5d), after_update _notify_loop /var/lib/kolla/venv/lib/python3.6/site-packages/neutron_lib/callbacks/manager.py:177
2025-11-20 01:47:34.361 29 DEBUG neutron.db.agents_db [req-d38c2631-d963-4825-bdb9-69099a01483c - - - - -] Agent healthcheck: found 2 active agents agent_health_check /var/lib/kolla/venv/lib/python3.6/site-packages/neutron/db/agents_db.py:318
2025-11-20 01:47:40.628 25 DEBUG neutron_lib.callbacks.manager [req-7e98541b-7cbf-49c2-b5e7-37ec0143cb11 - - - - -] Publish callbacks ['neutron.services.segments.db._update_segment_host_mapping_for_agent-8735586887027', 'neutron.plugins.ml2.plugin.Ml2Plugin._retry_binding_revived_agents-1305813'] for agent (9cef6473-26bb-4875-a937-a5c5c029bd45), after_update _notify_loop /var/lib/kolla/venv/lib/python3.6/site-packages/neutron_lib/callbacks/manager.py:177
2025-11-20 01:47:51.344 22 DEBUG neutron.wsgi [-] (22) accepted ('10.0.0.241', 41482) server /var/lib/kolla/venv/lib/python3.6/site-packages/eventlet/wsgi.py:1004
2025-11-20 01:47:51.348 22 INFO neutron.wsgi [-] 10.0.0.241 "GET / HTTP/1.1" status: 200 len: 228 time: 0.0029228
2025-11-20 01:47:53.084 24 DEBUG neutron_lib.callbacks.manager [req-a3126256-6df6-48bc-a7ea-63d343358bc1 - - - - -] Publish callbacks ['neutron.services.segments.db._update_segment_host_mapping_for_agent-8735586887027', 'neutron.plugins.ml2.plugin.Ml2Plugin._retry_binding_revived_agents-1305813'] for agent (c3ad4860-a238-4dc4-8139-94ce49109c5d), after_update _notify_loop /var/lib/kolla/venv/lib/python3.6/site-packages/neutron_lib/callbacks/manager.py:177
2025-11-20 01:48:10.633 23 DEBUG neutron_lib.callbacks.manager [req-7e98541b-7cbf-49c2-b5e7-37ec0143cb11 - - - - -] Publish callbacks ['neutron.services.segments.db._update_segment_host_mapping_for_agent-8735586887027', 'neutron.plugins.ml2.plugin.Ml2Plugin._retry_binding_revived_agents-1305813'] for agent (9cef6473-26bb-4875-a937-a5c5c029bd45), after_update _notify_loop /var/lib/kolla/venv/lib/python3.6/site-packages/neutron_lib/callbacks/manager.py:177
2025-11-20 01:48:11.358 29 DEBUG neutron.db.agents_db [req-d38c2631-d963-4825-bdb9-69099a01483c - - - - -] Agent healthcheck: found 2 active agents agent_health_check /var/lib/kolla/venv/lib/python3.6/site-packages/neutron/db/agents_db.py:318
2025-11-20 01:48:21.389 22 DEBUG neutron.wsgi [-] (22) accepted ('10.0.0.241', 47514) server /var/lib/kolla/venv/lib/python3.6/site-packages/eventlet/wsgi.py:1004
2025-11-20 01:48:21.392 22 INFO neutron.wsgi [-] 10.0.0.241 "GET / HTTP/1.1" status: 200 len: 228 time: 0.0027406
2025-11-20 01:48:23.080 27 DEBUG neutron_lib.callbacks.manager [req-fcbf3024-787c-4c34-9089-e1bbb4b2b4a0 - - - - -] Publish callbacks ['neutron.services.segments.db._update_segment_host_mapping_for_agent-8735586887027', 'neutron.plugins.ml2.plugin.Ml2Plugin._retry_binding_revived_agents-1305813'] for agent (c3ad4860-a238-4dc4-8139-94ce49109c5d), after_update _notify_loop /var/lib/kolla/venv/lib/python3.6/site-packages/neutron_lib/callbacks/manager.py:177
2025-11-20 01:48:40.633 26 DEBUG neutron_lib.callbacks.manager [req-7e98541b-7cbf-49c2-b5e7-37ec0143cb11 - - - - -] Publish callbacks ['neutron.services.segments.db._update_segment_host_mapping_for_agent-8735586887027', 'neutron.plugins.ml2.plugin.Ml2Plugin._retry_binding_revived_agents-1305813'] for agent (9cef6473-26bb-4875-a937-a5c5c029bd45), after_update _notify_loop /var/lib/kolla/venv/lib/python3.6/site-packages/neutron_lib/callbacks/manager.py:177
2025-11-20 01:48:48.366 29 DEBUG neutron.db.agents_db [req-d38c2631-d963-4825-bdb9-69099a01483c - - - - -] Agent healthcheck: found 2 active agents agent_health_check /var/lib/kolla/venv/lib/python3.6/site-packages/neutron/db/agents_db.py:318
2025-11-20 01:48:51.436 22 DEBUG neutron.wsgi [-] (22) accepted ('10.0.0.241', 37928) server /var/lib/kolla/venv/lib/python3.6/site-packages/eventlet/wsgi.py:1004
2025-11-20 01:48:51.440 22 INFO neutron.wsgi [-] 10.0.0.241 "GET / HTTP/1.1" status: 200 len: 228 time: 0.0026140
2025-11-20 01:48:53.080 28 DEBUG neutron_lib.callbacks.manager [req-1cc3bd47-4e53-4c79-895b-38670050c8fd - - - - -] Publish callbacks ['neutron.services.segments.db._update_segment_host_mapping_for_agent-8735586887027', 'neutron.plugins.ml2.plugin.Ml2Plugin._retry_binding_revived_agents-1305813'] for agent (c3ad4860-a238-4dc4-8139-94ce49109c5d), after_update _notify_loop /var/lib/kolla/venv/lib/python3.6/site-packages/neutron_lib/callbacks/manager.py:177
2025-11-20 01:49:10.635 25 DEBUG neutron_lib.callbacks.manager [req-7e98541b-7cbf-49c2-b5e7-37ec0143cb11 - - - - -] Publish callbacks ['neutron.services.segments.db._update_segment_host_mapping_for_agent-8735586887027', 'neutron.plugins.ml2.plugin.Ml2Plugin._retry_binding_revived_agents-1305813'] for agent (9cef6473-26bb-4875-a937-a5c5c029bd45), after_update _notify_loop /var/lib/kolla/venv/lib/python3.6/site-packages/neutron_lib/callbacks/manager.py:177
2025-11-20 01:49:21.480 22 DEBUG neutron.wsgi [-] (22) accepted ('10.0.0.241', 44542) server /var/lib/kolla/venv/lib/python3.6/site-packages/eventlet/wsgi.py:1004
2025-11-20 01:49:21.483 22 INFO neutron.wsgi [-] 10.0.0.241 "GET / HTTP/1.1" status: 200 len: 228 time: 0.0026190
2025-11-20 01:49:23.077 24 DEBUG neutron_lib.callbacks.manager [req-11796517-d2dd-4ff6-b6df-e1b912c1fd2d - - - - -] Publish callbacks ['neutron.services.segments.db._update_segment_host_mapping_for_agent-8735586887027', 'neutron.plugins.ml2.plugin.Ml2Plugin._retry_binding_revived_agents-1305813'] for agent (c3ad4860-a238-4dc4-8139-94ce49109c5d), after_update _notify_loop /var/lib/kolla/venv/lib/python3.6/site-packages/neutron_lib/callbacks/manager.py:177
2025-11-20 01:49:25.372 29 DEBUG neutron.db.agents_db [req-d38c2631-d963-4825-bdb9-69099a01483c - - - - -] Agent healthcheck: found 2 active agents agent_health_check /var/lib/kolla/venv/lib/python3.6/site-packages/neutron/db/agents_db.py:318
2025-11-20 01:49:40.637 23 DEBUG neutron_lib.callbacks.manager [req-7e98541b-7cbf-49c2-b5e7-37ec0143cb11 - - - - -] Publish callbacks ['neutron.services.segments.db._update_segment_host_mapping_for_agent-8735586887027', 'neutron.plugins.ml2.plugin.Ml2Plugin._retry_binding_revived_agents-1305813'] for agent (9cef6473-26bb-4875-a937-a5c5c029bd45), after_update _notify_loop /var/lib/kolla/venv/lib/python3.6/site-packages/neutron_lib/callbacks/manager.py:177
2025-11-20 01:49:51.526 22 DEBUG neutron.wsgi [-] (22) accepted ('10.0.0.241', 59830) server /var/lib/kolla/venv/lib/python3.6/site-packages/eventlet/wsgi.py:1004
2025-11-20 01:49:51.531 22 INFO neutron.wsgi [-] 10.0.0.241 "GET / HTTP/1.1" status: 200 len: 228 time: 0.0043938
2025-11-20 01:49:53.081 27 DEBUG neutron_lib.callbacks.manager [req-dd5d3781-4263-41da-85ce-dc90148091eb - - - - -] Publish callbacks ['neutron.services.segments.db._update_segment_host_mapping_for_agent-8735586887027', 'neutron.plugins.ml2.plugin.Ml2Plugin._retry_binding_revived_agents-1305813'] for agent (c3ad4860-a238-4dc4-8139-94ce49109c5d), after_update _notify_loop /var/lib/kolla/venv/lib/python3.6/site-packages/neutron_lib/callbacks/manager.py:177
2025-11-20 01:50:02.379 29 DEBUG neutron.db.agents_db [req-d38c2631-d963-4825-bdb9-69099a01483c - - - - -] Agent healthcheck: found 2 active agents agent_health_check /var/lib/kolla/venv/lib/python3.6/site-packages/neutron/db/agents_db.py:318
2025-11-20 01:50:10.642 26 DEBUG neutron_lib.callbacks.manager [req-7e98541b-7cbf-49c2-b5e7-37ec0143cb11 - - - - -] Publish callbacks ['neutron.services.segments.db._update_segment_host_mapping_for_agent-8735586887027', 'neutron.plugins.ml2.plugin.Ml2Plugin._retry_binding_revived_agents-1305813'] for agent (9cef6473-26bb-4875-a937-a5c5c029bd45), after_update _notify_loop /var/lib/kolla/venv/lib/python3.6/site-packages/neutron_lib/callbacks/manager.py:177
2025-11-20 01:50:21.576 22 DEBUG neutron.wsgi [-] (22) accepted ('10.0.0.241', 40552) server /var/lib/kolla/venv/lib/python3.6/site-packages/eventlet/wsgi.py:1004
2025-11-20 01:50:21.581 22 INFO neutron.wsgi [-] 10.0.0.241 "GET / HTTP/1.1" status: 200 len: 228 time: 0.0041590
2025-11-20 01:50:23.078 28 DEBUG neutron_lib.callbacks.manager [req-436a91cc-ea92-4576-a5fb-60a5cef208d2 - - - - -] Publish callbacks ['neutron.services.segments.db._update_segment_host_mapping_for_agent-8735586887027', 'neutron.plugins.ml2.plugin.Ml2Plugin._retry_binding_revived_agents-1305813'] for agent (c3ad4860-a238-4dc4-8139-94ce49109c5d), after_update _notify_loop /var/lib/kolla/venv/lib/python3.6/site-packages/neutron_lib/callbacks/manager.py:177
2025-11-20 01:50:39.385 29 DEBUG neutron.db.agents_db [req-d38c2631-d963-4825-bdb9-69099a01483c - - - - -] Agent healthcheck: found 2 active agents agent_health_check /var/lib/kolla/venv/lib/python3.6/site-packages/neutron/db/agents_db.py:318
2025-11-20 01:50:40.648 25 DEBUG neutron_lib.callbacks.manager [req-7e98541b-7cbf-49c2-b5e7-37ec0143cb11 - - - - -] Publish callbacks ['neutron.services.segments.db._update_segment_host_mapping_for_agent-8735586887027', 'neutron.plugins.ml2.plugin.Ml2Plugin._retry_binding_revived_agents-1305813'] for agent (9cef6473-26bb-4875-a937-a5c5c029bd45), after_update _notify_loop /var/lib/kolla/venv/lib/python3.6/site-packages/neutron_lib/callbacks/manager.py:177
2025-11-20 01:50:51.624 22 DEBUG neutron.wsgi [-] (22) accepted ('10.0.0.241', 50118) server /var/lib/kolla/venv/lib/python3.6/site-packages/eventlet/wsgi.py:1004
2025-11-20 01:50:51.628 22 INFO neutron.wsgi [-] 10.0.0.241 "GET / HTTP/1.1" status: 200 len: 228 time: 0.0029378
2025-11-20 01:50:53.075 24 DEBUG neutron_lib.callbacks.manager [req-1cbc03b8-6408-4a2c-b3c9-65904ed060f8 - - - - -] Publish callbacks ['neutron.services.segments.db._update_segment_host_mapping_for_agent-8735586887027', 'neutron.plugins.ml2.plugin.Ml2Plugin._retry_binding_revived_agents-1305813'] for agent (c3ad4860-a238-4dc4-8139-94ce49109c5d), after_update _notify_loop /var/lib/kolla/venv/lib/python3.6/site-packages/neutron_lib/callbacks/manager.py:177
2025-11-20 01:51:10.657 23 DEBUG neutron_lib.callbacks.manager [req-7e98541b-7cbf-49c2-b5e7-37ec0143cb11 - - - - -] Publish callbacks ['neutron.services.segments.db._update_segment_host_mapping_for_agent-8735586887027', 'neutron.plugins.ml2.plugin.Ml2Plugin._retry_binding_revived_agents-1305813'] for agent (9cef6473-26bb-4875-a937-a5c5c029bd45), after_update _notify_loop /var/lib/kolla/venv/lib/python3.6/site-packages/neutron_lib/callbacks/manager.py:177
2025-11-20 01:51:16.391 29 DEBUG neutron.db.agents_db [req-d38c2631-d963-4825-bdb9-69099a01483c - - - - -] Agent healthcheck: found 2 active agents agent_health_check /var/lib/kolla/venv/lib/python3.6/site-packages/neutron/db/agents_db.py:318
2025-11-20 01:51:21.668 22 DEBUG neutron.wsgi [-] (22) accepted ('10.0.0.241', 58870) server /var/lib/kolla/venv/lib/python3.6/site-packages/eventlet/wsgi.py:1004
2025-11-20 01:51:21.672 22 INFO neutron.wsgi [-] 10.0.0.241 "GET / HTTP/1.1" status: 200 len: 228 time: 0.0026217
2025-11-20 01:51:23.096 27 DEBUG neutron_lib.callbacks.manager [req-256713f5-d168-47f6-a396-6c2b7c8dcf34 - - - - -] Publish callbacks ['neutron.services.segments.db._update_segment_host_mapping_for_agent-8735586887027', 'neutron.plugins.ml2.plugin.Ml2Plugin._retry_binding_revived_agents-1305813'] for agent (c3ad4860-a238-4dc4-8139-94ce49109c5d), after_update _notify_loop /var/lib/kolla/venv/lib/python3.6/site-packages/neutron_lib/callbacks/manager.py:177
2025-11-20 01:51:40.651 26 DEBUG neutron_lib.callbacks.manager [req-7e98541b-7cbf-49c2-b5e7-37ec0143cb11 - - - - -] Publish callbacks ['neutron.services.segments.db._update_segment_host_mapping_for_agent-8735586887027', 'neutron.plugins.ml2.plugin.Ml2Plugin._retry_binding_revived_agents-1305813'] for agent (9cef6473-26bb-4875-a937-a5c5c029bd45), after_update _notify_loop /var/lib/kolla/venv/lib/python3.6/site-packages/neutron_lib/callbacks/manager.py:177
2025-11-20 01:51:51.719 22 DEBUG neutron.wsgi [-] (22) accepted ('10.0.0.241', 50028) server /var/lib/kolla/venv/lib/python3.6/site-packages/eventlet/wsgi.py:1004
2025-11-20 01:51:51.724 22 INFO neutron.wsgi [-] 10.0.0.241 "GET / HTTP/1.1" status: 200 len: 228 time: 0.0033059
2025-11-20 01:51:53.074 28 DEBUG neutron_lib.callbacks.manager [req-caef5f58-3a2e-4d57-9e8b-f1607689d95d - - - - -] Publish callbacks ['neutron.services.segments.db._update_segment_host_mapping_for_agent-8735586887027', 'neutron.plugins.ml2.plugin.Ml2Plugin._retry_binding_revived_agents-1305813'] for agent (c3ad4860-a238-4dc4-8139-94ce49109c5d), after_update _notify_loop /var/lib/kolla/venv/lib/python3.6/site-packages/neutron_lib/callbacks/manager.py:177
2025-11-20 01:51:53.400 29 DEBUG neutron.db.agents_db [req-d38c2631-d963-4825-bdb9-69099a01483c - - - - -] Agent healthcheck: found 2 active agents agent_health_check /var/lib/kolla/venv/lib/python3.6/site-packages/neutron/db/agents_db.py:318
2025-11-20 01:52:10.652 25 DEBUG neutron_lib.callbacks.manager [req-7e98541b-7cbf-49c2-b5e7-37ec0143cb11 - - - - -] Publish callbacks ['neutron.services.segments.db._update_segment_host_mapping_for_agent-8735586887027', 'neutron.plugins.ml2.plugin.Ml2Plugin._retry_binding_revived_agents-1305813'] for agent (9cef6473-26bb-4875-a937-a5c5c029bd45), after_update _notify_loop /var/lib/kolla/venv/lib/python3.6/site-packages/neutron_lib/callbacks/manager.py:177
2025-11-20 01:52:21.768 22 DEBUG neutron.wsgi [-] (22) accepted ('10.0.0.241', 47822) server /var/lib/kolla/venv/lib/python3.6/site-packages/eventlet/wsgi.py:1004
2025-11-20 01:52:21.772 22 INFO neutron.wsgi [-] 10.0.0.241 "GET / HTTP/1.1" status: 200 len: 228 time: 0.0028446
2025-11-20 01:52:23.070 24 DEBUG neutron_lib.callbacks.manager [req-65deaeb2-6655-4ef7-8a63-487641c27d58 - - - - -] Publish callbacks ['neutron.services.segments.db._update_segment_host_mapping_for_agent-8735586887027', 'neutron.plugins.ml2.plugin.Ml2Plugin._retry_binding_revived_agents-1305813'] for agent (c3ad4860-a238-4dc4-8139-94ce49109c5d), after_update _notify_loop /var/lib/kolla/venv/lib/python3.6/site-packages/neutron_lib/callbacks/manager.py:177
2025-11-20 01:52:30.407 29 DEBUG neutron.db.agents_db [req-d38c2631-d963-4825-bdb9-69099a01483c - - - - -] Agent healthcheck: found 2 active agents agent_health_check /var/lib/kolla/venv/lib/python3.6/site-packages/neutron/db/agents_db.py:318
2025-11-20 01:52:40.651 23 DEBUG neutron_lib.callbacks.manager [req-7e98541b-7cbf-49c2-b5e7-37ec0143cb11 - - - - -] Publish callbacks ['neutron.services.segments.db._update_segment_host_mapping_for_agent-8735586887027', 'neutron.plugins.ml2.plugin.Ml2Plugin._retry_binding_revived_agents-1305813'] for agent (9cef6473-26bb-4875-a937-a5c5c029bd45), after_update _notify_loop /var/lib/kolla/venv/lib/python3.6/site-packages/neutron_lib/callbacks/manager.py:177
2025-11-20 01:52:51.816 22 DEBUG neutron.wsgi [-] (22) accepted ('10.0.0.241', 43694) server /var/lib/kolla/venv/lib/python3.6/site-packages/eventlet/wsgi.py:1004
2025-11-20 01:52:51.820 22 INFO neutron.wsgi [-] 10.0.0.241 "GET / HTTP/1.1" status: 200 len: 228 time: 0.0026045
2025-11-20 01:52:53.068 27 DEBUG neutron_lib.callbacks.manager [req-561f6484-8ec5-47de-9c86-6b8cac5fd2f6 - - - - -] Publish callbacks ['neutron.services.segments.db._update_segment_host_mapping_for_agent-8735586887027', 'neutron.plugins.ml2.plugin.Ml2Plugin._retry_binding_revived_agents-1305813'] for agent (c3ad4860-a238-4dc4-8139-94ce49109c5d), after_update _notify_loop /var/lib/kolla/venv/lib/python3.6/site-packages/neutron_lib/callbacks/manager.py:177
2025-11-20 01:53:07.404 29 DEBUG neutron.db.agents_db [req-d38c2631-d963-4825-bdb9-69099a01483c - - - - -] Agent healthcheck: found 2 active agents agent_health_check /var/lib/kolla/venv/lib/python3.6/site-packages/neutron/db/agents_db.py:318
2025-11-20 01:53:10.649 26 DEBUG neutron_lib.callbacks.manager [req-7e98541b-7cbf-49c2-b5e7-37ec0143cb11 - - - - -] Publish callbacks ['neutron.services.segments.db._update_segment_host_mapping_for_agent-8735586887027', 'neutron.plugins.ml2.plugin.Ml2Plugin._retry_binding_revived_agents-1305813'] for agent (9cef6473-26bb-4875-a937-a5c5c029bd45), after_update _notify_loop /var/lib/kolla/venv/lib/python3.6/site-packages/neutron_lib/callbacks/manager.py:177
2025-11-20 01:53:21.871 22 DEBUG neutron.wsgi [-] (22) accepted ('10.0.0.241', 58246) server /var/lib/kolla/venv/lib/python3.6/site-packages/eventlet/wsgi.py:1004
2025-11-20 01:53:21.875 22 INFO neutron.wsgi [-] 10.0.0.241 "GET / HTTP/1.1" status: 200 len: 228 time: 0.0024939
2025-11-20 01:53:23.065 28 DEBUG neutron_lib.callbacks.manager [req-c9e5ed34-32f4-4958-b6b8-4cdbc3c91412 - - - - -] Publish callbacks ['neutron.services.segments.db._update_segment_host_mapping_for_agent-8735586887027', 'neutron.plugins.ml2.plugin.Ml2Plugin._retry_binding_revived_agents-1305813'] for agent (c3ad4860-a238-4dc4-8139-94ce49109c5d), after_update _notify_loop /var/lib/kolla/venv/lib/python3.6/site-packages/neutron_lib/callbacks/manager.py:177
2025-11-20 01:53:23.563 7 INFO oslo_service.service [-] Caught SIGTERM, stopping children
2025-11-20 01:53:23.563 7 DEBUG oslo_concurrency.lockutils [-] Acquired lock "singleton_lock" lock /var/lib/kolla/venv/lib/python3.6/site-packages/oslo_concurrency/lockutils.py:294
2025-11-20 01:53:23.564 7 DEBUG oslo_concurrency.lockutils [-] Releasing lock "singleton_lock" lock /var/lib/kolla/venv/lib/python3.6/site-packages/oslo_concurrency/lockutils.py:312
2025-11-20 01:53:23.564 7 DEBUG oslo_service.service [-] Stop services. stop /var/lib/kolla/venv/lib/python3.6/site-packages/oslo_service/service.py:695
2025-11-20 01:53:23.564 7 DEBUG neutron.service [-] calling RpcWorker stop() stop /var/lib/kolla/venv/lib/python3.6/site-packages/neutron/service.py:138
2025-11-20 01:53:23.564 7 DEBUG neutron.service [-] calling RpcWorker stop() stop /var/lib/kolla/venv/lib/python3.6/site-packages/neutron/service.py:138
2025-11-20 01:53:23.564 7 DEBUG oslo_service.service [-] Killing children. stop /var/lib/kolla/venv/lib/python3.6/site-packages/oslo_service/service.py:700
2025-11-20 01:53:23.564 7 INFO oslo_service.service [-] Waiting on 8 children to exit
2025-11-20 01:53:23.565 22 INFO neutron.wsgi [-] (22) wsgi exited, is_accepting=True
2025-11-20 01:53:23.565 29 DEBUG neutron.service [-] calling RpcWorker stop() stop /var/lib/kolla/venv/lib/python3.6/site-packages/neutron/service.py:138
2025-11-20 01:53:23.565 25 DEBUG neutron.service [-] calling RpcWorker stop() stop /var/lib/kolla/venv/lib/python3.6/site-packages/neutron/service.py:138
2025-11-20 01:53:23.565 28 DEBUG neutron.service [-] calling RpcWorker stop() stop /var/lib/kolla/venv/lib/python3.6/site-packages/neutron/service.py:138
2025-11-20 01:53:23.565 23 DEBUG neutron.service [-] calling RpcWorker stop() stop /var/lib/kolla/venv/lib/python3.6/site-packages/neutron/service.py:138
2025-11-20 01:53:23.565 22 DEBUG oslo_concurrency.lockutils [req-78f9430c-1ea1-4ebf-8443-7eba2105d55f - - - - -] Acquired lock "singleton_lock" lock /var/lib/kolla/venv/lib/python3.6/site-packages/oslo_concurrency/lockutils.py:294
2025-11-20 01:53:23.566 22 DEBUG oslo_concurrency.lockutils [req-78f9430c-1ea1-4ebf-8443-7eba2105d55f - - - - -] Releasing lock "singleton_lock" lock /var/lib/kolla/venv/lib/python3.6/site-packages/oslo_concurrency/lockutils.py:312
2025-11-20 01:53:23.565 29 DEBUG neutron.service [-] calling stop on stop /var/lib/kolla/venv/lib/python3.6/site-packages/neutron/service.py:141
2025-11-20 01:53:23.566 27 DEBUG neutron.service [-] calling RpcWorker stop() stop /var/lib/kolla/venv/lib/python3.6/site-packages/neutron/service.py:138
2025-11-20 01:53:23.567 26 DEBUG neutron.service [-] calling RpcWorker stop() stop /var/lib/kolla/venv/lib/python3.6/site-packages/neutron/service.py:138
2025-11-20 01:53:23.567 24 DEBUG neutron.service [-] calling RpcWorker stop() stop /var/lib/kolla/venv/lib/python3.6/site-packages/neutron/service.py:138
2025-11-20 01:53:23.566 23 DEBUG neutron.service [-] calling stop on stop /var/lib/kolla/venv/lib/python3.6/site-packages/neutron/service.py:141
2025-11-20 01:53:23.565 25 DEBUG neutron.service [-] calling stop on stop /var/lib/kolla/venv/lib/python3.6/site-packages/neutron/service.py:141
2025-11-20 01:53:23.568 24 DEBUG neutron.service [-] calling stop on stop /var/lib/kolla/venv/lib/python3.6/site-packages/neutron/service.py:141
2025-11-20 01:53:23.565 28 DEBUG neutron.service [-] calling stop on stop /var/lib/kolla/venv/lib/python3.6/site-packages/neutron/service.py:141
2025-11-20 01:53:23.568 26 DEBUG neutron.service [-] calling stop on stop /var/lib/kolla/venv/lib/python3.6/site-packages/neutron/service.py:141
2025-11-20 01:53:23.566 27 DEBUG neutron.service [-] calling stop on stop /var/lib/kolla/venv/lib/python3.6/site-packages/neutron/service.py:141
2025-11-20 01:53:23.570 7 INFO oslo_service.service [-] Child 22 exited with status 0
2025-11-20 01:53:23.573 28 DEBUG oslo_concurrency.lockutils [req-78f9430c-1ea1-4ebf-8443-7eba2105d55f - - - - -] Acquired lock "singleton_lock" lock /var/lib/kolla/venv/lib/python3.6/site-packages/oslo_concurrency/lockutils.py:294
2025-11-20 01:53:23.573 28 DEBUG oslo_concurrency.lockutils [req-78f9430c-1ea1-4ebf-8443-7eba2105d55f - - - - -] Releasing lock "singleton_lock" lock /var/lib/kolla/venv/lib/python3.6/site-packages/oslo_concurrency/lockutils.py:312
2025-11-20 01:53:23.573 28 DEBUG neutron.service [req-78f9430c-1ea1-4ebf-8443-7eba2105d55f - - - - -] calling RpcWorker wait() _wait /var/lib/kolla/venv/lib/python3.6/site-packages/neutron/service.py:128
2025-11-20 01:53:23.573 28 DEBUG neutron.service [req-78f9430c-1ea1-4ebf-8443-7eba2105d55f - - - - -] calling wait on _wait /var/lib/kolla/venv/lib/python3.6/site-packages/neutron/service.py:131
2025-11-20 01:53:23.583 28 WARNING amqp [req-78f9430c-1ea1-4ebf-8443-7eba2105d55f - - - - -] Received method (60, 30) during closing channel 1. This method will be ignored
2025-11-20 01:53:23.585 28 DEBUG neutron.service [req-78f9430c-1ea1-4ebf-8443-7eba2105d55f - - - - -] returning from RpcWorker wait() _wait /var/lib/kolla/venv/lib/python3.6/site-packages/neutron/service.py:135
2025-11-20 01:53:23.590 7 INFO oslo_service.service [-] Child 28 exited with status 0
2025-11-20 01:53:23.848 26 DEBUG oslo_concurrency.lockutils [req-78f9430c-1ea1-4ebf-8443-7eba2105d55f - - - - -] Acquired lock "singleton_lock" lock /var/lib/kolla/venv/lib/python3.6/site-packages/oslo_concurrency/lockutils.py:294
2025-11-20 01:53:23.848 26 DEBUG oslo_concurrency.lockutils [req-78f9430c-1ea1-4ebf-8443-7eba2105d55f - - - - -] Releasing lock "singleton_lock" lock /var/lib/kolla/venv/lib/python3.6/site-packages/oslo_concurrency/lockutils.py:312
2025-11-20 01:53:23.849 26 DEBUG neutron.service [req-78f9430c-1ea1-4ebf-8443-7eba2105d55f - - - - -] calling RpcWorker wait() _wait /var/lib/kolla/venv/lib/python3.6/site-packages/neutron/service.py:128
2025-11-20 01:53:23.849 26 DEBUG neutron.service [req-78f9430c-1ea1-4ebf-8443-7eba2105d55f - - - - -] calling wait on _wait /var/lib/kolla/venv/lib/python3.6/site-packages/neutron/service.py:131
2025-11-20 01:53:23.854 26 WARNING amqp [req-78f9430c-1ea1-4ebf-8443-7eba2105d55f - - - - -] Received method (60, 30) during closing channel 1. This method will be ignored
2025-11-20 01:53:23.855 26 DEBUG neutron.service [req-78f9430c-1ea1-4ebf-8443-7eba2105d55f - - - - -] returning from RpcWorker wait() _wait /var/lib/kolla/venv/lib/python3.6/site-packages/neutron/service.py:135
2025-11-20 01:53:23.862 7 INFO oslo_service.service [-] Child 26 exited with status 0
2025-11-20 01:53:24.330 23 DEBUG neutron.service [-] calling stop on stop /var/lib/kolla/venv/lib/python3.6/site-packages/neutron/service.py:141
2025-11-20 01:53:24.334 24 DEBUG neutron.service [-] calling stop on stop /var/lib/kolla/venv/lib/python3.6/site-packages/neutron/service.py:141
2025-11-20 01:53:24.339 25 DEBUG neutron.service [-] calling stop on stop /var/lib/kolla/venv/lib/python3.6/site-packages/neutron/service.py:141
2025-11-20 01:53:24.354 24 DEBUG neutron.service [-] calling stop on stop /var/lib/kolla/venv/lib/python3.6/site-packages/neutron/service.py:141
2025-11-20 01:53:24.361 25 DEBUG neutron.service [-] calling stop on stop /var/lib/kolla/venv/lib/python3.6/site-packages/neutron/service.py:141
2025-11-20 01:53:24.363 23 DEBUG neutron.service [-] calling stop on stop /var/lib/kolla/venv/lib/python3.6/site-packages/neutron/service.py:141
2025-11-20 01:53:24.364 29 DEBUG oslo_concurrency.lockutils [req-78f9430c-1ea1-4ebf-8443-7eba2105d55f - - - - -] Acquired lock "singleton_lock" lock /var/lib/kolla/venv/lib/python3.6/site-packages/oslo_concurrency/lockutils.py:294
2025-11-20 01:53:24.364 29 DEBUG oslo_concurrency.lockutils [req-78f9430c-1ea1-4ebf-8443-7eba2105d55f - - - - -] Releasing lock "singleton_lock" lock /var/lib/kolla/venv/lib/python3.6/site-packages/oslo_concurrency/lockutils.py:312
2025-11-20 01:53:24.365 29 DEBUG neutron.service [req-78f9430c-1ea1-4ebf-8443-7eba2105d55f - - - - -] calling RpcWorker wait() _wait /var/lib/kolla/venv/lib/python3.6/site-packages/neutron/service.py:128
2025-11-20 01:53:24.365 29 DEBUG neutron.service [req-78f9430c-1ea1-4ebf-8443-7eba2105d55f - - - - -] calling wait on _wait /var/lib/kolla/venv/lib/python3.6/site-packages/neutron/service.py:131
2025-11-20 01:53:24.370 29 WARNING amqp [req-78f9430c-1ea1-4ebf-8443-7eba2105d55f - - - - -] Received method (60, 30) during closing channel 1. This method will be ignored
2025-11-20 01:53:24.372 29 DEBUG neutron.service [req-78f9430c-1ea1-4ebf-8443-7eba2105d55f - - - - -] returning from RpcWorker wait() _wait /var/lib/kolla/venv/lib/python3.6/site-packages/neutron/service.py:135
2025-11-20 01:53:24.376 24 DEBUG neutron.service [-] calling stop on stop /var/lib/kolla/venv/lib/python3.6/site-packages/neutron/service.py:141
2025-11-20 01:53:24.377 7 INFO oslo_service.service [-] Child 29 exited with status 0
2025-11-20 01:53:24.377 25 DEBUG neutron.service [-] calling stop on stop /var/lib/kolla/venv/lib/python3.6/site-packages/neutron/service.py:141
2025-11-20 01:53:24.384 23 DEBUG neutron.service [-] calling stop on stop /var/lib/kolla/venv/lib/python3.6/site-packages/neutron/service.py:141
2025-11-20 01:53:24.396 25 DEBUG oslo_concurrency.lockutils [req-78f9430c-1ea1-4ebf-8443-7eba2105d55f - - - - -] Acquired lock "singleton_lock" lock /var/lib/kolla/venv/lib/python3.6/site-packages/oslo_concurrency/lockutils.py:294
2025-11-20 01:53:24.397 25 DEBUG oslo_concurrency.lockutils [req-78f9430c-1ea1-4ebf-8443-7eba2105d55f - - - - -] Releasing lock "singleton_lock" lock /var/lib/kolla/venv/lib/python3.6/site-packages/oslo_concurrency/lockutils.py:312
2025-11-20 01:53:24.397 23 DEBUG oslo_concurrency.lockutils [req-78f9430c-1ea1-4ebf-8443-7eba2105d55f - - - - -] Acquired lock "singleton_lock" lock /var/lib/kolla/venv/lib/python3.6/site-packages/oslo_concurrency/lockutils.py:294
2025-11-20 01:53:24.398 25 DEBUG neutron.service [req-78f9430c-1ea1-4ebf-8443-7eba2105d55f - - - - -] calling RpcWorker wait() _wait /var/lib/kolla/venv/lib/python3.6/site-packages/neutron/service.py:128
2025-11-20 01:53:24.398 25 DEBUG neutron.service [req-78f9430c-1ea1-4ebf-8443-7eba2105d55f - - - - -] calling wait on _wait /var/lib/kolla/venv/lib/python3.6/site-packages/neutron/service.py:131
2025-11-20 01:53:24.398 23 DEBUG oslo_concurrency.lockutils [req-78f9430c-1ea1-4ebf-8443-7eba2105d55f - - - - -] Releasing lock "singleton_lock" lock /var/lib/kolla/venv/lib/python3.6/site-packages/oslo_concurrency/lockutils.py:312
2025-11-20 01:53:24.398 23 DEBUG neutron.service [req-78f9430c-1ea1-4ebf-8443-7eba2105d55f - - - - -] calling RpcWorker wait() _wait /var/lib/kolla/venv/lib/python3.6/site-packages/neutron/service.py:128
2025-11-20 01:53:24.398 23 DEBUG neutron.service [req-78f9430c-1ea1-4ebf-8443-7eba2105d55f - - - - -] calling wait on _wait /var/lib/kolla/venv/lib/python3.6/site-packages/neutron/service.py:131
2025-11-20 01:53:24.399 24 DEBUG oslo_concurrency.lockutils [req-78f9430c-1ea1-4ebf-8443-7eba2105d55f - - - - -] Acquired lock "singleton_lock" lock /var/lib/kolla/venv/lib/python3.6/site-packages/oslo_concurrency/lockutils.py:294
2025-11-20 01:53:24.399 24 DEBUG oslo_concurrency.lockutils [req-78f9430c-1ea1-4ebf-8443-7eba2105d55f - - - - -] Releasing lock "singleton_lock" lock /var/lib/kolla/venv/lib/python3.6/site-packages/oslo_concurrency/lockutils.py:312
2025-11-20 01:53:24.400 24 DEBUG neutron.service [req-78f9430c-1ea1-4ebf-8443-7eba2105d55f - - - - -] calling RpcWorker wait() _wait /var/lib/kolla/venv/lib/python3.6/site-packages/neutron/service.py:128
2025-11-20 01:53:24.400 24 DEBUG neutron.service [req-78f9430c-1ea1-4ebf-8443-7eba2105d55f - - - - -] calling wait on _wait /var/lib/kolla/venv/lib/python3.6/site-packages/neutron/service.py:131
2025-11-20 01:53:24.403 25 WARNING amqp [req-78f9430c-1ea1-4ebf-8443-7eba2105d55f - - - - -] Received method (60, 30) during closing channel 1. This method will be ignored
2025-11-20 01:53:24.404 25 DEBUG neutron.service [req-78f9430c-1ea1-4ebf-8443-7eba2105d55f - - - - -] calling wait on _wait /var/lib/kolla/venv/lib/python3.6/site-packages/neutron/service.py:131
2025-11-20 01:53:24.406 23 WARNING amqp [req-78f9430c-1ea1-4ebf-8443-7eba2105d55f - - - - -] Received method (60, 30) during closing channel 1. This method will be ignored
2025-11-20 01:53:24.406 24 WARNING amqp [req-78f9430c-1ea1-4ebf-8443-7eba2105d55f - - - - -] Received method (60, 30) during closing channel 1. This method will be ignored
2025-11-20 01:53:24.407 24 DEBUG neutron.service [req-78f9430c-1ea1-4ebf-8443-7eba2105d55f - - - - -] calling wait on _wait /var/lib/kolla/venv/lib/python3.6/site-packages/neutron/service.py:131
2025-11-20 01:53:24.407 23 DEBUG neutron.service [req-78f9430c-1ea1-4ebf-8443-7eba2105d55f - - - - -] calling wait on _wait /var/lib/kolla/venv/lib/python3.6/site-packages/neutron/service.py:131
2025-11-20 01:53:24.409 25 WARNING amqp [req-78f9430c-1ea1-4ebf-8443-7eba2105d55f - - - - -] Received method (60, 30) during closing channel 1. This method will be ignored
2025-11-20 01:53:24.410 25 DEBUG neutron.service [req-78f9430c-1ea1-4ebf-8443-7eba2105d55f - - - - -] calling wait on _wait /var/lib/kolla/venv/lib/python3.6/site-packages/neutron/service.py:131
2025-11-20 01:53:24.413 24 WARNING amqp [req-78f9430c-1ea1-4ebf-8443-7eba2105d55f - - - - -] Received method (60, 30) during closing channel 1. This method will be ignored
2025-11-20 01:53:24.414 24 DEBUG neutron.service [req-78f9430c-1ea1-4ebf-8443-7eba2105d55f - - - - -] calling wait on _wait /var/lib/kolla/venv/lib/python3.6/site-packages/neutron/service.py:131
2025-11-20 01:53:24.416 25 WARNING amqp [req-78f9430c-1ea1-4ebf-8443-7eba2105d55f - - - - -] Received method (60, 30) during closing channel 1. This method will be ignored
2025-11-20 01:53:24.417 25 DEBUG neutron.service [req-78f9430c-1ea1-4ebf-8443-7eba2105d55f - - - - -] calling wait on _wait /var/lib/kolla/venv/lib/python3.6/site-packages/neutron/service.py:131
2025-11-20 01:53:24.417 23 WARNING amqp [req-78f9430c-1ea1-4ebf-8443-7eba2105d55f - - - - -] Received method (60, 30) during closing channel 1. This method will be ignored
2025-11-20 01:53:24.419 24 WARNING amqp [req-78f9430c-1ea1-4ebf-8443-7eba2105d55f - - - - -] Received method (60, 30) during closing channel 1. This method will be ignored
2025-11-20 01:53:24.419 23 DEBUG neutron.service [req-78f9430c-1ea1-4ebf-8443-7eba2105d55f - - - - -] calling wait on _wait /var/lib/kolla/venv/lib/python3.6/site-packages/neutron/service.py:131
2025-11-20 01:53:24.420 24 DEBUG neutron.service [req-78f9430c-1ea1-4ebf-8443-7eba2105d55f - - - - -] calling wait on _wait /var/lib/kolla/venv/lib/python3.6/site-packages/neutron/service.py:131
2025-11-20 01:53:24.422 25 WARNING amqp [req-78f9430c-1ea1-4ebf-8443-7eba2105d55f - - - - -] Received method (60, 30) during closing channel 1. This method will be ignored
2025-11-20 01:53:24.424 25 DEBUG neutron.service [req-78f9430c-1ea1-4ebf-8443-7eba2105d55f - - - - -] returning from RpcWorker wait() _wait /var/lib/kolla/venv/lib/python3.6/site-packages/neutron/service.py:135
2025-11-20 01:53:24.426 24 WARNING amqp [req-78f9430c-1ea1-4ebf-8443-7eba2105d55f - - - - -] Received method (60, 30) during closing channel 1. This method will be ignored
2025-11-20 01:53:24.427 24 DEBUG neutron.service [req-78f9430c-1ea1-4ebf-8443-7eba2105d55f - - - - -] returning from RpcWorker wait() _wait /var/lib/kolla/venv/lib/python3.6/site-packages/neutron/service.py:135
2025-11-20 01:53:24.431 7 INFO oslo_service.service [-] Child 25 exited with status 0
2025-11-20 01:53:24.433 7 INFO oslo_service.service [-] Child 24 exited with status 0
2025-11-20 01:53:24.436 23 WARNING amqp [req-78f9430c-1ea1-4ebf-8443-7eba2105d55f - - - - -] Received method (60, 30) during closing channel 1. This method will be ignored
2025-11-20 01:53:24.437 23 DEBUG neutron.service [req-78f9430c-1ea1-4ebf-8443-7eba2105d55f - - - - -] calling wait on _wait /var/lib/kolla/venv/lib/python3.6/site-packages/neutron/service.py:131
2025-11-20 01:53:24.443 23 WARNING amqp [req-78f9430c-1ea1-4ebf-8443-7eba2105d55f - - - - -] Received method (60, 30) during closing channel 1. This method will be ignored
2025-11-20 01:53:24.444 23 DEBUG neutron.service [req-78f9430c-1ea1-4ebf-8443-7eba2105d55f - - - - -] returning from RpcWorker wait() _wait /var/lib/kolla/venv/lib/python3.6/site-packages/neutron/service.py:135
2025-11-20 01:53:24.449 7 INFO oslo_service.service [-] Child 23 exited with status 0
2025-11-20 01:53:26.267 27 DEBUG oslo_concurrency.lockutils [req-78f9430c-1ea1-4ebf-8443-7eba2105d55f - - - - -] Acquired lock "singleton_lock" lock /var/lib/kolla/venv/lib/python3.6/site-packages/oslo_concurrency/lockutils.py:294
2025-11-20 01:53:26.268 27 DEBUG oslo_concurrency.lockutils [req-78f9430c-1ea1-4ebf-8443-7eba2105d55f - - - - -] Releasing lock "singleton_lock" lock /var/lib/kolla/venv/lib/python3.6/site-packages/oslo_concurrency/lockutils.py:312
2025-11-20 01:53:26.268 27 DEBUG neutron.service [req-78f9430c-1ea1-4ebf-8443-7eba2105d55f - - - - -] calling RpcWorker wait() _wait /var/lib/kolla/venv/lib/python3.6/site-packages/neutron/service.py:128
2025-11-20 01:53:26.268 27 DEBUG neutron.service [req-78f9430c-1ea1-4ebf-8443-7eba2105d55f - - - - -] calling wait on _wait /var/lib/kolla/venv/lib/python3.6/site-packages/neutron/service.py:131
2025-11-20 01:53:26.276 27 WARNING amqp [req-78f9430c-1ea1-4ebf-8443-7eba2105d55f - - - - -] Received method (60, 30) during closing channel 1. This method will be ignored
2025-11-20 01:53:26.277 27 DEBUG neutron.service [req-78f9430c-1ea1-4ebf-8443-7eba2105d55f - - - - -] returning from RpcWorker wait() _wait /var/lib/kolla/venv/lib/python3.6/site-packages/neutron/service.py:135
2025-11-20 01:53:26.283 7 INFO oslo_service.service [-] Child 27 exited with status 0
2025-11-20 01:53:26.284 7 INFO oslo_service.service [-] Wait called after thread killed. Cleaning up.
2025-11-20 01:53:26.284 7 DEBUG oslo_service.service [-] Stop services. stop /var/lib/kolla/venv/lib/python3.6/site-packages/oslo_service/service.py:695
2025-11-20 01:53:26.284 7 DEBUG oslo_service.service [-] Killing children. stop /var/lib/kolla/venv/lib/python3.6/site-packages/oslo_service/service.py:700
2025-11-20 01:53:30.504 7 INFO neutron.common.config [-] Logging enabled!
2025-11-20 01:53:30.505 7 INFO neutron.common.config [-] /var/lib/kolla/venv/bin/neutron-server version 20.5.1.dev23
2025-11-20 01:53:30.505 7 DEBUG neutron.common.config [-] command line: /var/lib/kolla/venv/bin/neutron-server --config-file /etc/neutron/neutron.conf --config-file /etc/neutron/ContrailPlugin.ini --config-file /etc/neutron/api-paste.ini setup_logging /var/lib/kolla/venv/lib/python3.6/site-packages/neutron/common/config.py:115
2025-11-20 01:53:30.509 7 INFO neutron.common.config [-] Logging enabled!
2025-11-20 01:53:30.509 7 INFO neutron.common.config [-] /var/lib/kolla/venv/bin/neutron-server version 20.5.1.dev23
2025-11-20 01:53:30.509 7 DEBUG neutron.common.config [-] command line: /var/lib/kolla/venv/bin/neutron-server --config-file /etc/neutron/neutron.conf --config-file /etc/neutron/ContrailPlugin.ini --config-file /etc/neutron/api-paste.ini setup_logging /var/lib/kolla/venv/lib/python3.6/site-packages/neutron/common/config.py:115
2025-11-20 01:53:30.510 7 DEBUG neutron.common.config [-] ******************************************************************************** log_opt_values /var/lib/kolla/venv/lib/python3.6/site-packages/oslo_config/cfg.py:2589
2025-11-20 01:53:30.510 7 DEBUG neutron.common.config [-] Configuration options gathered from: log_opt_values /var/lib/kolla/venv/lib/python3.6/site-packages/oslo_config/cfg.py:2590
2025-11-20 01:53:30.510 7 DEBUG neutron.common.config [-] command line args: ['--config-file', '/etc/neutron/neutron.conf', '--config-file', '/etc/neutron/ContrailPlugin.ini', '--config-file', '/etc/neutron/api-paste.ini'] log_opt_values /var/lib/kolla/venv/lib/python3.6/site-packages/oslo_config/cfg.py:2591
2025-11-20 01:53:30.511 7 DEBUG neutron.common.config [-] config files: ['/etc/neutron/neutron.conf', '/etc/neutron/ContrailPlugin.ini', '/etc/neutron/api-paste.ini'] log_opt_values /var/lib/kolla/venv/lib/python3.6/site-packages/oslo_config/cfg.py:2593
2025-11-20 01:53:30.511 7 DEBUG neutron.common.config [-] ================================================================================ log_opt_values /var/lib/kolla/venv/lib/python3.6/site-packages/oslo_config/cfg.py:2594
2025-11-20 01:53:30.512 7 DEBUG neutron.common.config [-] allow_bulk = True log_opt_values /var/lib/kolla/venv/lib/python3.6/site-packages/oslo_config/cfg.py:2603
2025-11-20 01:53:30.512 7 WARNING oslo_config.cfg [-] Deprecated: Option "allow_overlapping_ips" from group "DEFAULT" is deprecated for removal. Its value may be silently ignored in the future.
2025-11-20 01:53:30.512 7 DEBUG neutron.common.config [-] allow_overlapping_ips = True log_opt_values /var/lib/kolla/venv/lib/python3.6/site-packages/oslo_config/cfg.py:2603
2025-11-20 01:53:30.512 7 DEBUG neutron.common.config [-] api_extensions_path = /opt/plugin/site-packages/neutron_plugin_contrail/extensions:/opt/plugin/site-packages/neutron_lbaas/extensions log_opt_values /var/lib/kolla/venv/lib/python3.6/site-packages/oslo_config/cfg.py:2603
2025-11-20 01:53:30.512 7 DEBUG neutron.common.config [-] api_paste_config = /etc/neutron/api-paste.ini log_opt_values /var/lib/kolla/venv/lib/python3.6/site-packages/oslo_config/cfg.py:2603
2025-11-20 01:53:30.512 7 DEBUG neutron.common.config [-] api_workers = 1 log_opt_values /var/lib/kolla/venv/lib/python3.6/site-packages/oslo_config/cfg.py:2603
2025-11-20 01:53:30.512 7 DEBUG neutron.common.config [-] auth_strategy = keystone log_opt_values /var/lib/kolla/venv/lib/python3.6/site-packages/oslo_config/cfg.py:2603
2025-11-20 01:53:30.512 7 DEBUG neutron.common.config [-] backlog = 4096 log_opt_values /var/lib/kolla/venv/lib/python3.6/site-packages/oslo_config/cfg.py:2603
