2025-11-17 00:44:56.243 163109 DEBUG nova.context [req-25b869d6-30fe-4459-a770-afa299e0c68b - - - - -] Found 2 cells: 00000000-0000-0000-0000-000000000000(cell0),9d563877-a561-4421-a26a-b9593fa05d1b(cell1) load_cells /usr/lib/python3/dist-packages/nova/context.py:464
2025-11-17 00:44:56.244 163109 DEBUG oslo_concurrency.lockutils [req-42efc9d7-5dc5-4a7f-9ba5-1320b6c20e86 - - - - -] Lock "00000000-0000-0000-0000-000000000000" acquired by "nova.context.set_target_cell..get_or_set_cached_cell_and_set_connections" :: waited 0.000s inner /usr/lib/python3/dist-packages/oslo_concurrency/lockutils.py:386
2025-11-17 00:44:56.246 163109 DEBUG oslo_concurrency.lockutils [req-42efc9d7-5dc5-4a7f-9ba5-1320b6c20e86 - - - - -] Lock "00000000-0000-0000-0000-000000000000" "released" by "nova.context.set_target_cell..get_or_set_cached_cell_and_set_connections" :: held 0.001s inner /usr/lib/python3/dist-packages/oslo_concurrency/lockutils.py:400
2025-11-17 00:44:56.246 163109 DEBUG oslo_concurrency.lockutils [req-42efc9d7-5dc5-4a7f-9ba5-1320b6c20e86 - - - - -] Lock "9d563877-a561-4421-a26a-b9593fa05d1b" acquired by "nova.context.set_target_cell..get_or_set_cached_cell_and_set_connections" :: waited 0.000s inner /usr/lib/python3/dist-packages/oslo_concurrency/lockutils.py:386
2025-11-17 00:44:56.247 163109 DEBUG oslo_concurrency.lockutils [req-42efc9d7-5dc5-4a7f-9ba5-1320b6c20e86 - - - - -] Lock "9d563877-a561-4421-a26a-b9593fa05d1b" "released" by "nova.context.set_target_cell..get_or_set_cached_cell_and_set_connections" :: held 0.000s inner /usr/lib/python3/dist-packages/oslo_concurrency/lockutils.py:400
2025-11-17 00:44:56.276 163109 DEBUG oslo_db.sqlalchemy.engines [req-42efc9d7-5dc5-4a7f-9ba5-1320b6c20e86 - - - - -] MySQL server mode set to STRICT_TRANS_TABLES,STRICT_ALL_TABLES,NO_ZERO_IN_DATE,NO_ZERO_DATE,ERROR_FOR_DIVISION_BY_ZERO,TRADITIONAL,NO_ENGINE_SUBSTITUTION _check_effective_sql_mode /usr/lib/python3/dist-packages/oslo_db/sqlalchemy/engines.py:314
2025-11-17 00:44:56.289 163109 DEBUG oslo_concurrency.lockutils [req-42efc9d7-5dc5-4a7f-9ba5-1320b6c20e86 - - - - -] Acquired lock "singleton_lock" lock /usr/lib/python3/dist-packages/oslo_concurrency/lockutils.py:294
2025-11-17 00:44:56.290 163109 DEBUG oslo_concurrency.lockutils [req-42efc9d7-5dc5-4a7f-9ba5-1320b6c20e86 - - - - -] Releasing lock "singleton_lock" lock /usr/lib/python3/dist-packages/oslo_concurrency/lockutils.py:312
2025-11-17 00:44:56.290 163109 INFO oslo_service.service [req-42efc9d7-5dc5-4a7f-9ba5-1320b6c20e86 - - - - -] Starting 4 workers
2025-11-17 00:44:56.296 163109 DEBUG oslo_service.service [req-42efc9d7-5dc5-4a7f-9ba5-1320b6c20e86 - - - - -] Started child 163511 _start_child /usr/lib/python3/dist-packages/oslo_service/service.py:575
2025-11-17 00:44:56.302 163511 INFO nova.service [-] Starting scheduler node (version 25.2.1)
2025-11-17 00:44:56.304 163109 DEBUG oslo_service.service [req-42efc9d7-5dc5-4a7f-9ba5-1320b6c20e86 - - - - -] Started child 163512 _start_child /usr/lib/python3/dist-packages/oslo_service/service.py:575
2025-11-17 00:44:56.309 163512 INFO nova.service [-] Starting scheduler node (version 25.2.1)
2025-11-17 00:44:56.312 163109 DEBUG oslo_service.service [req-42efc9d7-5dc5-4a7f-9ba5-1320b6c20e86 - - - - -] Started child 163513 _start_child /usr/lib/python3/dist-packages/oslo_service/service.py:575
2025-11-17 00:44:56.318 163513 INFO nova.service [-] Starting scheduler node (version 25.2.1)
2025-11-17 00:44:56.327 163514 INFO nova.service [-] Starting scheduler node (version 25.2.1)
2025-11-17 00:44:56.333 163511 DEBUG oslo_db.sqlalchemy.engines [req-321c89f3-540d-4e44-87cf-ffecbfc97067 - - - - -] MySQL server mode set to STRICT_TRANS_TABLES,STRICT_ALL_TABLES,NO_ZERO_IN_DATE,NO_ZERO_DATE,ERROR_FOR_DIVISION_BY_ZERO,TRADITIONAL,NO_ENGINE_SUBSTITUTION _check_effective_sql_mode /usr/lib/python3/dist-packages/oslo_db/sqlalchemy/engines.py:314
2025-11-17 00:44:56.321 163109 DEBUG oslo_service.service [req-42efc9d7-5dc5-4a7f-9ba5-1320b6c20e86 - - - - -] Started child 163514 _start_child /usr/lib/python3/dist-packages/oslo_service/service.py:575
2025-11-17 00:44:56.336 163109 DEBUG oslo_service.service [req-42efc9d7-5dc5-4a7f-9ba5-1320b6c20e86 - - - - -] Full set of CONF: wait /usr/lib/python3/dist-packages/oslo_service/service.py:649
2025-11-17 00:44:56.336 163513 DEBUG oslo_db.sqlalchemy.engines [req-0f326db9-0b3f-41d2-9f94-e6a7b18bf836 - - - - -] MySQL server mode set to STRICT_TRANS_TABLES,STRICT_ALL_TABLES,NO_ZERO_IN_DATE,NO_ZERO_DATE,ERROR_FOR_DIVISION_BY_ZERO,TRADITIONAL,NO_ENGINE_SUBSTITUTION _check_effective_sql_mode /usr/lib/python3/dist-packages/oslo_db/sqlalchemy/engines.py:314
2025-11-17 00:44:56.336 163109 DEBUG oslo_service.service [req-42efc9d7-5dc5-4a7f-9ba5-1320b6c20e86 - - - - -] ******************************************************************************** log_opt_values /usr/lib/python3/dist-packages/oslo_config/cfg.py:2589
2025-11-17 00:44:56.337 163109 DEBUG oslo_service.service [req-42efc9d7-5dc5-4a7f-9ba5-1320b6c20e86 - - - - -] Configuration options gathered from: log_opt_values /usr/lib/python3/dist-packages/oslo_config/cfg.py:2590
2025-11-17 00:44:56.337 163109 DEBUG oslo_service.service [req-42efc9d7-5dc5-4a7f-9ba5-1320b6c20e86 - - - - -] command line args: ['--config-file=/etc/nova/nova.conf', '--log-file=/var/log/nova/nova-scheduler.log'] log_opt_values /usr/lib/python3/dist-packages/oslo_config/cfg.py:2591
2025-11-17 00:44:56.337 163109 DEBUG oslo_service.service [req-42efc9d7-5dc5-4a7f-9ba5-1320b6c20e86 - - - - -] config files: ['/etc/nova/nova.conf'] log_opt_values /usr/lib/python3/dist-packages/oslo_config/cfg.py:2592
2025-11-17 00:44:56.337 163109 DEBUG oslo_service.service [req-42efc9d7-5dc5-4a7f-9ba5-1320b6c20e86 - - - - -] ================================================================================ log_opt_values /usr/lib/python3/dist-packages/oslo_config/cfg.py:2594
2025-11-17 00:44:56.338 163109 DEBUG oslo_service.service [req-42efc9d7-5dc5-4a7f-9ba5-1320b6c20e86 - - - - -] allow_resize_to_same_host = False log_opt_values /usr/lib/python3/dist-packages/oslo_config/cfg.py:2602
2025-11-17 00:44:56.338 163109 DEBUG oslo_service.service [req-42efc9d7-5dc5-4a7f-9ba5-1320b6c20e86 - - - - -] arq_binding_timeout = 300 log_opt_values /usr/lib/python3/dist-packages/oslo_config/cfg.py:2602
2025-11-17 00:44:56.339 163109 DEBUG oslo_service.service [req-42efc9d7-5dc5-4a7f-9ba5-1320b6c20e86 - - - - -] block_device_allocate_retries = 60 log_opt_values /usr/lib/python3/dist-packages/oslo_config/cfg.py:2602
2025-11-17 00:44:56.339 163512 DEBUG oslo_db.sqlalchemy.engines [req-203d8d71-0ea6-494b-ad6c-a1ef7893b1a4 - - - - -] MySQL server mode set to STRICT_TRANS_TABLES,STRICT_ALL_TABLES,NO_ZERO_IN_DATE,NO_ZERO_DATE,ERROR_FOR_DIVISION_BY_ZERO,TRADITIONAL,NO_ENGINE_SUBSTITUTION _check_effective_sql_mode /usr/lib/python3/dist-packages/oslo_db/sqlalchemy/engines.py:314
2025-11-17 00:44:56.339 163109 DEBUG oslo_service.service [req-42efc9d7-5dc5-4a7f-9ba5-1320b6c20e86 - - - - -] block_device_allocate_retries_interval = 3 log_opt_values /usr/lib/python3/dist-packages/oslo_config/cfg.py:2602
2025-11-17 00:44:56.339 163109 DEBUG oslo_service.service [req-42efc9d7-5dc5-4a7f-9ba5-1320b6c20e86 - - - - -] cert = self.pem log_opt_values /usr/lib/python3/dist-packages/oslo_config/cfg.py:2602
2025-11-17 00:44:56.340 163109 DEBUG oslo_service.service [req-42efc9d7-5dc5-4a7f-9ba5-1320b6c20e86 - - - - -] compute_driver = libvirt.LibvirtDriver log_opt_values /usr/lib/python3/dist-packages/oslo_config/cfg.py:2602
2025-11-17 00:44:56.340 163109 DEBUG oslo_service.service [req-42efc9d7-5dc5-4a7f-9ba5-1320b6c20e86 - - - - -] compute_monitors = [] log_opt_values /usr/lib/python3/dist-packages/oslo_config/cfg.py:2602
2025-11-17 00:44:56.340 163109 DEBUG oslo_service.service [req-42efc9d7-5dc5-4a7f-9ba5-1320b6c20e86 - - - - -] config_dir = [] log_opt_values /usr/lib/python3/dist-packages/oslo_config/cfg.py:2602
2025-11-17 00:44:56.341 163109 DEBUG oslo_service.service [req-42efc9d7-5dc5-4a7f-9ba5-1320b6c20e86 - - - - -] config_drive_format = iso9660 log_opt_values /usr/lib/python3/dist-packages/oslo_config/cfg.py:2602
2025-11-17 00:44:56.341 163109 DEBUG oslo_service.service [req-42efc9d7-5dc5-4a7f-9ba5-1320b6c20e86 - - - - -] config_file = ['/etc/nova/nova.conf'] log_opt_values /usr/lib/python3/dist-packages/oslo_config/cfg.py:2602
2025-11-17 00:44:56.341 163109 DEBUG oslo_service.service [req-42efc9d7-5dc5-4a7f-9ba5-1320b6c20e86 - - - - -] config_source = [] log_opt_values /usr/lib/python3/dist-packages/oslo_config/cfg.py:2602
2025-11-17 00:44:56.341 163109 DEBUG oslo_service.service [req-42efc9d7-5dc5-4a7f-9ba5-1320b6c20e86 - - - - -] console_host = juju-aeac2a-0-lxd-7 log_opt_values /usr/lib/python3/dist-packages/oslo_config/cfg.py:2602
2025-11-17 00:44:56.341 163109 DEBUG oslo_service.service [req-42efc9d7-5dc5-4a7f-9ba5-1320b6c20e86 - - - - -] control_exchange = nova log_opt_values /usr/lib/python3/dist-packages/oslo_config/cfg.py:2602
2025-11-17 00:44:56.342 163109 DEBUG oslo_service.service [req-42efc9d7-5dc5-4a7f-9ba5-1320b6c20e86 - - - - -] cpu_allocation_ratio = 2.0 log_opt_values /usr/lib/python3/dist-packages/oslo_config/cfg.py:2602
2025-11-17 00:44:56.342 163109 DEBUG oslo_service.service [req-42efc9d7-5dc5-4a7f-9ba5-1320b6c20e86 - - - - -] daemon = False log_opt_values /usr/lib/python3/dist-packages/oslo_config/cfg.py:2602
2025-11-17 00:44:56.342 163109 DEBUG oslo_service.service [req-42efc9d7-5dc5-4a7f-9ba5-1320b6c20e86 - - - - -] debug = True log_opt_values /usr/lib/python3/dist-packages/oslo_config/cfg.py:2602
2025-11-17 00:44:56.343 163109 DEBUG oslo_service.service [req-42efc9d7-5dc5-4a7f-9ba5-1320b6c20e86 - - - - -] default_access_ip_network_name = None log_opt_values /usr/lib/python3/dist-packages/oslo_config/cfg.py:2602
2025-11-17 00:44:56.343 163109 DEBUG oslo_service.service [req-42efc9d7-5dc5-4a7f-9ba5-1320b6c20e86 - - - - -] default_availability_zone = nova log_opt_values /usr/lib/python3/dist-packages/oslo_config/cfg.py:2602
2025-11-17 00:44:56.351 163109 DEBUG oslo_service.service [req-42efc9d7-5dc5-4a7f-9ba5-1320b6c20e86 - - - - -] default_ephemeral_format = None log_opt_values /usr/lib/python3/dist-packages/oslo_config/cfg.py:2602
2025-11-17 00:44:56.352 163109 DEBUG oslo_service.service [req-42efc9d7-5dc5-4a7f-9ba5-1320b6c20e86 - - - - -] default_log_levels = ['amqp=WARN', 'amqplib=WARN', 'boto=WARN', 'qpid=WARN', 'sqlalchemy=WARN', 'suds=INFO', 'oslo.messaging=INFO', 'oslo_messaging=DEBUG', 'iso8601=WARN', 'requests.packages.urllib3.connectionpool=WARN', 'urllib3.connectionpool=WARN', 'websocket=WARN', 'requests.packages.urllib3.util.retry=WARN', 'urllib3.util.retry=WARN', 'keystonemiddleware=WARN', 'routes.middleware=WARN', 'stevedore=WARN', 'taskflow=WARN', 'keystoneauth=WARN', 'oslo.cache=INFO', 'dogpile.core.dogpile=INFO', 'glanceclient=WARN', 'oslo.privsep.daemon=INFO'] log_opt_values /usr/lib/python3/dist-packages/oslo_config/cfg.py:2602
2025-11-17 00:44:56.356 163109 DEBUG oslo_service.service [req-42efc9d7-5dc5-4a7f-9ba5-1320b6c20e86 - - - - -] default_schedule_zone = None log_opt_values /usr/lib/python3/dist-packages/oslo_config/cfg.py:2602
2025-11-17 00:44:56.356 163109 DEBUG oslo_service.service [req-42efc9d7-5dc5-4a7f-9ba5-1320b6c20e86 - - - - -] disk_allocation_ratio = 1.0 log_opt_values /usr/lib/python3/dist-packages/oslo_config/cfg.py:2602
2025-11-17 00:44:56.357 163514 DEBUG oslo_db.sqlalchemy.engines [req-4888e309-7d61-41f5-8c99-3e0d1605c264 - - - - -] MySQL server mode set to STRICT_TRANS_TABLES,STRICT_ALL_TABLES,NO_ZERO_IN_DATE,NO_ZERO_DATE,ERROR_FOR_DIVISION_BY_ZERO,TRADITIONAL,NO_ENGINE_SUBSTITUTION _check_effective_sql_mode /usr/lib/python3/dist-packages/oslo_db/sqlalchemy/engines.py:314
2025-11-17 00:44:56.359 163109 DEBUG oslo_service.service [req-42efc9d7-5dc5-4a7f-9ba5-1320b6c20e86 - - - - -] enable_new_services = True log_opt_values /usr/lib/python3/dist-packages/oslo_config/cfg.py:2602
2025-11-17 00:44:56.359 163109 DEBUG oslo_service.service [req-42efc9d7-5dc5-4a7f-9ba5-1320b6c20e86 - - - - -] enabled_apis = ['osapi_compute', 'metadata'] log_opt_values /usr/lib/python3/dist-packages/oslo_config/cfg.py:2602
2025-11-17 00:44:56.359 163109 DEBUG oslo_service.service [req-42efc9d7-5dc5-4a7f-9ba5-1320b6c20e86 - - - - -] enabled_ssl_apis = [] log_opt_values /usr/lib/python3/dist-packages/oslo_config/cfg.py:2602
2025-11-17 00:44:56.360 163512 DEBUG nova.service [req-203d8d71-0ea6-494b-ad6c-a1ef7893b1a4 - - - - -] Creating RPC server for service scheduler start /usr/lib/python3/dist-packages/nova/service.py:182
2025-11-17 00:44:56.360 163109 DEBUG oslo_service.service [req-42efc9d7-5dc5-4a7f-9ba5-1320b6c20e86 - - - - -] fatal_deprecations = False log_opt_values /usr/lib/python3/dist-packages/oslo_config/cfg.py:2602
2025-11-17 00:44:56.360 163109 DEBUG oslo_service.service [req-42efc9d7-5dc5-4a7f-9ba5-1320b6c20e86 - - - - -] flat_injected = False log_opt_values /usr/lib/python3/dist-packages/oslo_config/cfg.py:2602
2025-11-17 00:44:56.361 163109 DEBUG oslo_service.service [req-42efc9d7-5dc5-4a7f-9ba5-1320b6c20e86 - - - - -] force_config_drive = False log_opt_values /usr/lib/python3/dist-packages/oslo_config/cfg.py:2602
2025-11-17 00:44:56.361 163109 DEBUG oslo_service.service [req-42efc9d7-5dc5-4a7f-9ba5-1320b6c20e86 - - - - -] force_raw_images = True log_opt_values /usr/lib/python3/dist-packages/oslo_config/cfg.py:2602
2025-11-17 00:44:56.361 163109 DEBUG oslo_service.service [req-42efc9d7-5dc5-4a7f-9ba5-1320b6c20e86 - - - - -] graceful_shutdown_timeout = 60 log_opt_values /usr/lib/python3/dist-packages/oslo_config/cfg.py:2602
2025-11-17 00:44:56.361 163511 DEBUG nova.service [req-321c89f3-540d-4e44-87cf-ffecbfc97067 - - - - -] Creating RPC server for service scheduler start /usr/lib/python3/dist-packages/nova/service.py:182
2025-11-17 00:44:56.363 163109 DEBUG oslo_service.service [req-42efc9d7-5dc5-4a7f-9ba5-1320b6c20e86 - - - - -] heal_instance_info_cache_interval = 60 log_opt_values /usr/lib/python3/dist-packages/oslo_config/cfg.py:2602
2025-11-17 00:44:56.364 163109 DEBUG oslo_service.service [req-42efc9d7-5dc5-4a7f-9ba5-1320b6c20e86 - - - - -] host = juju-aeac2a-0-lxd-7 log_opt_values /usr/lib/python3/dist-packages/oslo_config/cfg.py:2602
2025-11-17 00:44:56.364 163109 DEBUG oslo_service.service [req-42efc9d7-5dc5-4a7f-9ba5-1320b6c20e86 - - - - -] initial_cpu_allocation_ratio = 16.0 log_opt_values /usr/lib/python3/dist-packages/oslo_config/cfg.py:2602
2025-11-17 00:44:56.364 163109 DEBUG oslo_service.service [req-42efc9d7-5dc5-4a7f-9ba5-1320b6c20e86 - - - - -] initial_disk_allocation_ratio = 1.0 log_opt_values /usr/lib/python3/dist-packages/oslo_config/cfg.py:2602
2025-11-17 00:44:56.365 163109 DEBUG oslo_service.service [req-42efc9d7-5dc5-4a7f-9ba5-1320b6c20e86 - - - - -] initial_ram_allocation_ratio = 1.5 log_opt_values /usr/lib/python3/dist-packages/oslo_config/cfg.py:2602
2025-11-17 00:44:56.365 163109 DEBUG oslo_service.service [req-42efc9d7-5dc5-4a7f-9ba5-1320b6c20e86 - - - - -] injected_network_template = /usr/lib/python3/dist-packages/nova/virt/interfaces.template log_opt_values /usr/lib/python3/dist-packages/oslo_config/cfg.py:2602
2025-11-17 00:44:56.371 163109 DEBUG oslo_service.service [req-42efc9d7-5dc5-4a7f-9ba5-1320b6c20e86 - - - - -] instance_build_timeout = 0 log_opt_values /usr/lib/python3/dist-packages/oslo_config/cfg.py:2602
2025-11-17 00:44:56.367 163513 DEBUG nova.service [req-0f326db9-0b3f-41d2-9f94-e6a7b18bf836 - - - - -] Creating RPC server for service scheduler start /usr/lib/python3/dist-packages/nova/service.py:182
2025-11-17 00:44:56.371 163109 DEBUG oslo_service.service [req-42efc9d7-5dc5-4a7f-9ba5-1320b6c20e86 - - - - -] instance_delete_interval = 300 log_opt_values /usr/lib/python3/dist-packages/oslo_config/cfg.py:2602
2025-11-17 00:44:56.373 163109 DEBUG oslo_service.service [req-42efc9d7-5dc5-4a7f-9ba5-1320b6c20e86 - - - - -] instance_format = [instance: %(uuid)s] log_opt_values /usr/lib/python3/dist-packages/oslo_config/cfg.py:2602
2025-11-17 00:44:56.373 163109 DEBUG oslo_service.service [req-42efc9d7-5dc5-4a7f-9ba5-1320b6c20e86 - - - - -] instance_name_template = instance-%08x log_opt_values /usr/lib/python3/dist-packages/oslo_config/cfg.py:2602
2025-11-17 00:44:56.373 163109 DEBUG oslo_service.service [req-42efc9d7-5dc5-4a7f-9ba5-1320b6c20e86 - - - - -] instance_usage_audit = False log_opt_values /usr/lib/python3/dist-packages/oslo_config/cfg.py:2602
2025-11-17 00:44:56.374 163109 DEBUG oslo_service.service [req-42efc9d7-5dc5-4a7f-9ba5-1320b6c20e86 - - - - -] instance_usage_audit_period = month log_opt_values /usr/lib/python3/dist-packages/oslo_config/cfg.py:2602
2025-11-17 00:44:56.374 163109 DEBUG oslo_service.service [req-42efc9d7-5dc5-4a7f-9ba5-1320b6c20e86 - - - - -] instance_uuid_format = [instance: %(uuid)s] log_opt_values /usr/lib/python3/dist-packages/oslo_config/cfg.py:2602
2025-11-17 00:44:56.374 163514 DEBUG nova.service [req-4888e309-7d61-41f5-8c99-3e0d1605c264 - - - - -] Creating RPC server for service scheduler start /usr/lib/python3/dist-packages/nova/service.py:182
2025-11-17 00:44:56.375 163109 DEBUG oslo_service.service [req-42efc9d7-5dc5-4a7f-9ba5-1320b6c20e86 - - - - -] instances_path = /var/lib/nova/instances log_opt_values /usr/lib/python3/dist-packages/oslo_config/cfg.py:2602
2025-11-17 00:44:56.381 163109 DEBUG oslo_service.service [req-42efc9d7-5dc5-4a7f-9ba5-1320b6c20e86 - - - - -] internal_service_availability_zone = internal log_opt_values /usr/lib/python3/dist-packages/oslo_config/cfg.py:2602
2025-11-17 00:44:56.382 163109 DEBUG oslo_service.service [req-42efc9d7-5dc5-4a7f-9ba5-1320b6c20e86 - - - - -] key = None log_opt_values /usr/lib/python3/dist-packages/oslo_config/cfg.py:2602
2025-11-17 00:44:56.382 163109 DEBUG oslo_service.service [req-42efc9d7-5dc5-4a7f-9ba5-1320b6c20e86 - - - - -] live_migration_retry_count = 30 log_opt_values /usr/lib/python3/dist-packages/oslo_config/cfg.py:2602
2025-11-17 00:44:56.382 163109 DEBUG oslo_service.service [req-42efc9d7-5dc5-4a7f-9ba5-1320b6c20e86 - - - - -] log_config_append = None log_opt_values /usr/lib/python3/dist-packages/oslo_config/cfg.py:2602
2025-11-17 00:44:56.382 163109 DEBUG oslo_service.service [req-42efc9d7-5dc5-4a7f-9ba5-1320b6c20e86 - - - - -] log_date_format = %Y-%m-%d %H:%M:%S log_opt_values /usr/lib/python3/dist-packages/oslo_config/cfg.py:2602
2025-11-17 00:44:56.383 163109 DEBUG oslo_service.service [req-42efc9d7-5dc5-4a7f-9ba5-1320b6c20e86 - - - - -] log_dir = /var/log/nova log_opt_values /usr/lib/python3/dist-packages/oslo_config/cfg.py:2602
2025-11-17 00:44:56.383 163109 DEBUG oslo_service.service [req-42efc9d7-5dc5-4a7f-9ba5-1320b6c20e86 - - - - -] log_file = /var/log/nova/nova-scheduler.log log_opt_values /usr/lib/python3/dist-packages/oslo_config/cfg.py:2602
2025-11-17 00:44:56.383 163109 DEBUG oslo_service.service [req-42efc9d7-5dc5-4a7f-9ba5-1320b6c20e86 - - - - -] log_options = True log_opt_values /usr/lib/python3/dist-packages/oslo_config/cfg.py:2602
2025-11-17 00:44:56.383 163109 DEBUG oslo_service.service [req-42efc9d7-5dc5-4a7f-9ba5-1320b6c20e86 - - - - -] log_rotate_interval = 1 log_opt_values /usr/lib/python3/dist-packages/oslo_config/cfg.py:2602
2025-11-17 00:44:56.383 163109 DEBUG oslo_service.service [req-42efc9d7-5dc5-4a7f-9ba5-1320b6c20e86 - - - - -] log_rotate_interval_type = days log_opt_values /usr/lib/python3/dist-packages/oslo_config/cfg.py:2602
2025-11-17 00:44:56.383 163109 DEBUG oslo_service.service [req-42efc9d7-5dc5-4a7f-9ba5-1320b6c20e86 - - - - -] log_rotation_type = none log_opt_values /usr/lib/python3/dist-packages/oslo_config/cfg.py:2602
2025-11-17 00:44:56.384 163109 DEBUG oslo_service.service [req-42efc9d7-5dc5-4a7f-9ba5-1320b6c20e86 - - - - -] logging_context_format_string = %(asctime)s.%(msecs)03d %(process)d %(levelname)s %(name)s [%(request_id)s %(user_identity)s] %(instance)s%(message)s log_opt_values /usr/lib/python3/dist-packages/oslo_config/cfg.py:2602
2025-11-17 00:44:56.384 163109 DEBUG oslo_service.service [req-42efc9d7-5dc5-4a7f-9ba5-1320b6c20e86 - - - - -] logging_debug_format_suffix = %(funcName)s %(pathname)s:%(lineno)d log_opt_values /usr/lib/python3/dist-packages/oslo_config/cfg.py:2602
2025-11-17 00:44:56.384 163109 DEBUG oslo_service.service [req-42efc9d7-5dc5-4a7f-9ba5-1320b6c20e86 - - - - -] logging_default_format_string = %(asctime)s.%(msecs)03d %(process)d %(levelname)s %(name)s [-] %(instance)s%(message)s log_opt_values /usr/lib/python3/dist-packages/oslo_config/cfg.py:2602
2025-11-17 00:44:56.384 163109 DEBUG oslo_service.service [req-42efc9d7-5dc5-4a7f-9ba5-1320b6c20e86 - - - - -] logging_exception_prefix = %(asctime)s.%(msecs)03d %(process)d ERROR %(name)s %(instance)s log_opt_values /usr/lib/python3/dist-packages/oslo_config/cfg.py:2602
2025-11-17 00:44:56.384 163109 DEBUG oslo_service.service [req-42efc9d7-5dc5-4a7f-9ba5-1320b6c20e86 - - - - -] logging_user_identity_format = %(user)s %(project)s %(domain)s %(user_domain)s %(project_domain)s log_opt_values /usr/lib/python3/dist-packages/oslo_config/cfg.py:2602
2025-11-17 00:44:56.384 163109 DEBUG oslo_service.service [req-42efc9d7-5dc5-4a7f-9ba5-1320b6c20e86 - - - - -] long_rpc_timeout = 1800 log_opt_values /usr/lib/python3/dist-packages/oslo_config/cfg.py:2602
2025-11-17 00:44:56.385 163109 DEBUG oslo_service.service [req-42efc9d7-5dc5-4a7f-9ba5-1320b6c20e86 - - - - -] max_concurrent_builds = 10 log_opt_values /usr/lib/python3/dist-packages/oslo_config/cfg.py:2602
2025-11-17 00:44:56.385 163109 DEBUG oslo_service.service [req-42efc9d7-5dc5-4a7f-9ba5-1320b6c20e86 - - - - -] max_concurrent_live_migrations = 1 log_opt_values /usr/lib/python3/dist-packages/oslo_config/cfg.py:2602
2025-11-17 00:44:56.385 163109 DEBUG oslo_service.service [req-42efc9d7-5dc5-4a7f-9ba5-1320b6c20e86 - - - - -] max_concurrent_snapshots = 5 log_opt_values /usr/lib/python3/dist-packages/oslo_config/cfg.py:2602
2025-11-17 00:44:56.385 163109 DEBUG oslo_service.service [req-42efc9d7-5dc5-4a7f-9ba5-1320b6c20e86 - - - - -] max_local_block_devices = 3 log_opt_values /usr/lib/python3/dist-packages/oslo_config/cfg.py:2602
2025-11-17 00:44:56.385 163109 DEBUG oslo_service.service [req-42efc9d7-5dc5-4a7f-9ba5-1320b6c20e86 - - - - -] max_logfile_count = 30 log_opt_values /usr/lib/python3/dist-packages/oslo_config/cfg.py:2602
2025-11-17 00:44:56.386 163109 DEBUG oslo_service.service [req-42efc9d7-5dc5-4a7f-9ba5-1320b6c20e86 - - - - -] max_logfile_size_mb = 200 log_opt_values /usr/lib/python3/dist-packages/oslo_config/cfg.py:2602
2025-11-17 00:44:56.386 163109 DEBUG oslo_service.service [req-42efc9d7-5dc5-4a7f-9ba5-1320b6c20e86 - - - - -] maximum_instance_delete_attempts = 5 log_opt_values /usr/lib/python3/dist-packages/oslo_config/cfg.py:2602
2025-11-17 00:44:56.386 163109 DEBUG oslo_service.service [req-42efc9d7-5dc5-4a7f-9ba5-1320b6c20e86 - - - - -] metadata_listen = 0.0.0.0 log_opt_values /usr/lib/python3/dist-packages/oslo_config/cfg.py:2602
2025-11-17 00:44:56.386 163109 DEBUG oslo_service.service [req-42efc9d7-5dc5-4a7f-9ba5-1320b6c20e86 - - - - -] metadata_listen_port = 8765 log_opt_values /usr/lib/python3/dist-packages/oslo_config/cfg.py:2602
2025-11-17 00:44:56.386 163109 DEBUG oslo_service.service [req-42efc9d7-5dc5-4a7f-9ba5-1320b6c20e86 - - - - -] metadata_workers = None log_opt_values /usr/lib/python3/dist-packages/oslo_config/cfg.py:2602
2025-11-17 00:44:56.387 163109 DEBUG oslo_service.service [req-42efc9d7-5dc5-4a7f-9ba5-1320b6c20e86 - - - - -] migrate_max_retries = -1 log_opt_values /usr/lib/python3/dist-packages/oslo_config/cfg.py:2602
2025-11-17 00:44:56.387 163109 DEBUG oslo_service.service [req-42efc9d7-5dc5-4a7f-9ba5-1320b6c20e86 - - - - -] mkisofs_cmd = genisoimage log_opt_values /usr/lib/python3/dist-packages/oslo_config/cfg.py:2602
2025-11-17 00:44:56.387 163109 DEBUG oslo_service.service [req-42efc9d7-5dc5-4a7f-9ba5-1320b6c20e86 - - - - -] my_block_storage_ip = 252.129.78.7 log_opt_values /usr/lib/python3/dist-packages/oslo_config/cfg.py:2602
2025-11-17 00:44:56.387 163109 DEBUG oslo_service.service [req-42efc9d7-5dc5-4a7f-9ba5-1320b6c20e86 - - - - -] my_ip = 252.129.78.7 log_opt_values /usr/lib/python3/dist-packages/oslo_config/cfg.py:2602
2025-11-17 00:44:56.387 163109 DEBUG oslo_service.service [req-42efc9d7-5dc5-4a7f-9ba5-1320b6c20e86 - - - - -] network_allocate_retries = 0 log_opt_values /usr/lib/python3/dist-packages/oslo_config/cfg.py:2602
2025-11-17 00:44:56.388 163109 DEBUG oslo_service.service [req-42efc9d7-5dc5-4a7f-9ba5-1320b6c20e86 - - - - -] non_inheritable_image_properties = ['cache_in_nova', 'bittorrent'] log_opt_values /usr/lib/python3/dist-packages/oslo_config/cfg.py:2602
2025-11-17 00:44:56.388 163109 DEBUG oslo_service.service [req-42efc9d7-5dc5-4a7f-9ba5-1320b6c20e86 - - - - -] osapi_compute_listen = 0.0.0.0 log_opt_values /usr/lib/python3/dist-packages/oslo_config/cfg.py:2602
2025-11-17 00:44:56.388 163109 DEBUG oslo_service.service [req-42efc9d7-5dc5-4a7f-9ba5-1320b6c20e86 - - - - -] osapi_compute_listen_port = 8764 log_opt_values /usr/lib/python3/dist-packages/oslo_config/cfg.py:2602
2025-11-17 00:44:56.388 163109 DEBUG oslo_service.service [req-42efc9d7-5dc5-4a7f-9ba5-1320b6c20e86 - - - - -] osapi_compute_unique_server_name_scope = log_opt_values /usr/lib/python3/dist-packages/oslo_config/cfg.py:2602
2025-11-17 00:44:56.388 163109 DEBUG oslo_service.service [req-42efc9d7-5dc5-4a7f-9ba5-1320b6c20e86 - - - - -] osapi_compute_workers = 4 log_opt_values /usr/lib/python3/dist-packages/oslo_config/cfg.py:2602
2025-11-17 00:44:56.389 163109 DEBUG oslo_service.service [req-42efc9d7-5dc5-4a7f-9ba5-1320b6c20e86 - - - - -] password_length = 12 log_opt_values /usr/lib/python3/dist-packages/oslo_config/cfg.py:2602
2025-11-17 00:44:56.389 163109 DEBUG oslo_service.service [req-42efc9d7-5dc5-4a7f-9ba5-1320b6c20e86 - - - - -] periodic_enable = True log_opt_values /usr/lib/python3/dist-packages/oslo_config/cfg.py:2602
2025-11-17 00:44:56.389 163109 DEBUG oslo_service.service [req-42efc9d7-5dc5-4a7f-9ba5-1320b6c20e86 - - - - -] periodic_fuzzy_delay = 60 log_opt_values /usr/lib/python3/dist-packages/oslo_config/cfg.py:2602
2025-11-17 00:44:56.389 163109 DEBUG oslo_service.service [req-42efc9d7-5dc5-4a7f-9ba5-1320b6c20e86 - - - - -] pointer_model = usbtablet log_opt_values /usr/lib/python3/dist-packages/oslo_config/cfg.py:2602
2025-11-17 00:44:56.389 163109 DEBUG oslo_service.service [req-42efc9d7-5dc5-4a7f-9ba5-1320b6c20e86 - - - - -] preallocate_images = none log_opt_values /usr/lib/python3/dist-packages/oslo_config/cfg.py:2602
2025-11-17 00:44:56.389 163109 DEBUG oslo_service.service [req-42efc9d7-5dc5-4a7f-9ba5-1320b6c20e86 - - - - -] publish_errors = False log_opt_values /usr/lib/python3/dist-packages/oslo_config/cfg.py:2602
2025-11-17 00:44:56.390 163109 DEBUG oslo_service.service [req-42efc9d7-5dc5-4a7f-9ba5-1320b6c20e86 - - - - -] pybasedir = /usr/lib/python3/dist-packages log_opt_values /usr/lib/python3/dist-packages/oslo_config/cfg.py:2602
2025-11-17 00:44:56.390 163109 DEBUG oslo_service.service [req-42efc9d7-5dc5-4a7f-9ba5-1320b6c20e86 - - - - -] ram_allocation_ratio = 0.98 log_opt_values /usr/lib/python3/dist-packages/oslo_config/cfg.py:2602
2025-11-17 00:44:56.390 163109 DEBUG oslo_service.service [req-42efc9d7-5dc5-4a7f-9ba5-1320b6c20e86 - - - - -] rate_limit_burst = 0 log_opt_values /usr/lib/python3/dist-packages/oslo_config/cfg.py:2602
2025-11-17 00:44:56.390 163109 DEBUG oslo_service.service [req-42efc9d7-5dc5-4a7f-9ba5-1320b6c20e86 - - - - -] rate_limit_except_level = CRITICAL log_opt_values /usr/lib/python3/dist-packages/oslo_config/cfg.py:2602
2025-11-17 00:44:56.390 163109 DEBUG oslo_service.service [req-42efc9d7-5dc5-4a7f-9ba5-1320b6c20e86 - - - - -] rate_limit_interval = 0 log_opt_values /usr/lib/python3/dist-packages/oslo_config/cfg.py:2602
2025-11-17 00:44:56.391 163109 DEBUG oslo_service.service [req-42efc9d7-5dc5-4a7f-9ba5-1320b6c20e86 - - - - -] reboot_timeout = 0 log_opt_values /usr/lib/python3/dist-packages/oslo_config/cfg.py:2602
2025-11-17 00:44:56.391 163109 DEBUG oslo_service.service [req-42efc9d7-5dc5-4a7f-9ba5-1320b6c20e86 - - - - -] reclaim_instance_interval = 0 log_opt_values /usr/lib/python3/dist-packages/oslo_config/cfg.py:2602
2025-11-17 00:44:56.391 163109 DEBUG oslo_service.service [req-42efc9d7-5dc5-4a7f-9ba5-1320b6c20e86 - - - - -] record = None log_opt_values /usr/lib/python3/dist-packages/oslo_config/cfg.py:2602
2025-11-17 00:44:56.391 163109 DEBUG oslo_service.service [req-42efc9d7-5dc5-4a7f-9ba5-1320b6c20e86 - - - - -] report_interval = 10 log_opt_values /usr/lib/python3/dist-packages/oslo_config/cfg.py:2602
2025-11-17 00:44:56.391 163109 DEBUG oslo_service.service [req-42efc9d7-5dc5-4a7f-9ba5-1320b6c20e86 - - - - -] rescue_timeout = 0 log_opt_values /usr/lib/python3/dist-packages/oslo_config/cfg.py:2602
2025-11-17 00:44:56.392 163109 DEBUG oslo_service.service [req-42efc9d7-5dc5-4a7f-9ba5-1320b6c20e86 - - - - -] reserved_host_cpus = 0 log_opt_values /usr/lib/python3/dist-packages/oslo_config/cfg.py:2602
2025-11-17 00:44:56.392 163109 DEBUG oslo_service.service [req-42efc9d7-5dc5-4a7f-9ba5-1320b6c20e86 - - - - -] reserved_host_disk_mb = 0 log_opt_values /usr/lib/python3/dist-packages/oslo_config/cfg.py:2602
2025-11-17 00:44:56.392 163512 DEBUG oslo_messaging._drivers.amqpdriver [-] Listener is running poll /usr/lib/python3/dist-packages/oslo_messaging/_drivers/amqpdriver.py:343
2025-11-17 00:44:56.392 163109 DEBUG oslo_service.service [req-42efc9d7-5dc5-4a7f-9ba5-1320b6c20e86 - - - - -] reserved_host_memory_mb = 512 log_opt_values /usr/lib/python3/dist-packages/oslo_config/cfg.py:2602
2025-11-17 00:44:56.392 163109 DEBUG oslo_service.service [req-42efc9d7-5dc5-4a7f-9ba5-1320b6c20e86 - - - - -] reserved_huge_pages = None log_opt_values /usr/lib/python3/dist-packages/oslo_config/cfg.py:2602
2025-11-17 00:44:56.392 163109 DEBUG oslo_service.service [req-42efc9d7-5dc5-4a7f-9ba5-1320b6c20e86 - - - - -] resize_confirm_window = 0 log_opt_values /usr/lib/python3/dist-packages/oslo_config/cfg.py:2602
2025-11-17 00:44:56.392 163512 DEBUG oslo_messaging._drivers.amqpdriver [-] AMQPListener connection consume poll /usr/lib/python3/dist-packages/oslo_messaging/_drivers/amqpdriver.py:357
2025-11-17 00:44:56.393 163109 DEBUG oslo_service.service [req-42efc9d7-5dc5-4a7f-9ba5-1320b6c20e86 - - - - -] resize_fs_using_block_device = False log_opt_values /usr/lib/python3/dist-packages/oslo_config/cfg.py:2602
2025-11-17 00:44:56.393 163109 DEBUG oslo_service.service [req-42efc9d7-5dc5-4a7f-9ba5-1320b6c20e86 - - - - -] resume_guests_state_on_host_boot = False log_opt_values /usr/lib/python3/dist-packages/oslo_config/cfg.py:2602
2025-11-17 00:44:56.393 163109 DEBUG oslo_service.service [req-42efc9d7-5dc5-4a7f-9ba5-1320b6c20e86 - - - - -] rootwrap_config = /etc/nova/rootwrap.conf log_opt_values /usr/lib/python3/dist-packages/oslo_config/cfg.py:2602
2025-11-17 00:44:56.393 163109 DEBUG oslo_service.service [req-42efc9d7-5dc5-4a7f-9ba5-1320b6c20e86 - - - - -] run_external_periodic_tasks = True log_opt_values /usr/lib/python3/dist-packages/oslo_config/cfg.py:2602
2025-11-17 00:44:56.393 163109 DEBUG oslo_service.service [req-42efc9d7-5dc5-4a7f-9ba5-1320b6c20e86 - - - - -] running_deleted_instance_action = reap log_opt_values /usr/lib/python3/dist-packages/oslo_config/cfg.py:2602
2025-11-17 00:44:56.393 163109 DEBUG oslo_service.service [req-42efc9d7-5dc5-4a7f-9ba5-1320b6c20e86 - - - - -] running_deleted_instance_poll_interval = 1800 log_opt_values /usr/lib/python3/dist-packages/oslo_config/cfg.py:2602
2025-11-17 00:44:56.394 163109 DEBUG oslo_service.service [req-42efc9d7-5dc5-4a7f-9ba5-1320b6c20e86 - - - - -] running_deleted_instance_timeout = 0 log_opt_values /usr/lib/python3/dist-packages/oslo_config/cfg.py:2602
2025-11-17 00:44:56.394 163109 DEBUG oslo_service.service [req-42efc9d7-5dc5-4a7f-9ba5-1320b6c20e86 - - - - -] scheduler_instance_sync_interval = 120 log_opt_values /usr/lib/python3/dist-packages/oslo_config/cfg.py:2602
2025-11-17 00:44:56.394 163109 DEBUG oslo_service.service [req-42efc9d7-5dc5-4a7f-9ba5-1320b6c20e86 - - - - -] service_down_time = 60 log_opt_values /usr/lib/python3/dist-packages/oslo_config/cfg.py:2602
2025-11-17 00:44:56.394 163109 DEBUG oslo_service.service [req-42efc9d7-5dc5-4a7f-9ba5-1320b6c20e86 - - - - -] servicegroup_driver = db log_opt_values /usr/lib/python3/dist-packages/oslo_config/cfg.py:2602
2025-11-17 00:44:56.394 163109 DEBUG oslo_service.service [req-42efc9d7-5dc5-4a7f-9ba5-1320b6c20e86 - - - - -] shelved_offload_time = 0 log_opt_values /usr/lib/python3/dist-packages/oslo_config/cfg.py:2602
2025-11-17 00:44:56.394 163109 DEBUG oslo_service.service [req-42efc9d7-5dc5-4a7f-9ba5-1320b6c20e86 - - - - -] shelved_poll_interval = 3600 log_opt_values /usr/lib/python3/dist-packages/oslo_config/cfg.py:2602
2025-11-17 00:44:56.395 163109 DEBUG oslo_service.service [req-42efc9d7-5dc5-4a7f-9ba5-1320b6c20e86 - - - - -] shutdown_timeout = 60 log_opt_values /usr/lib/python3/dist-packages/oslo_config/cfg.py:2602
2025-11-17 00:44:56.395 163109 DEBUG oslo_service.service [req-42efc9d7-5dc5-4a7f-9ba5-1320b6c20e86 - - - - -] source_is_ipv6 = False log_opt_values /usr/lib/python3/dist-packages/oslo_config/cfg.py:2602
2025-11-17 00:44:56.395 163109 DEBUG oslo_service.service [req-42efc9d7-5dc5-4a7f-9ba5-1320b6c20e86 - - - - -] ssl_only = False log_opt_values /usr/lib/python3/dist-packages/oslo_config/cfg.py:2602
2025-11-17 00:44:56.395 163109 DEBUG oslo_service.service [req-42efc9d7-5dc5-4a7f-9ba5-1320b6c20e86 - - - - -] state_path = /var/lib/nova log_opt_values /usr/lib/python3/dist-packages/oslo_config/cfg.py:2602
2025-11-17 00:44:56.395 163109 DEBUG oslo_service.service [req-42efc9d7-5dc5-4a7f-9ba5-1320b6c20e86 - - - - -] sync_power_state_interval = 600 log_opt_values /usr/lib/python3/dist-packages/oslo_config/cfg.py:2602
2025-11-17 00:44:56.396 163109 DEBUG oslo_service.service [req-42efc9d7-5dc5-4a7f-9ba5-1320b6c20e86 - - - - -] sync_power_state_pool_size = 1000 log_opt_values /usr/lib/python3/dist-packages/oslo_config/cfg.py:2602
2025-11-17 00:44:56.396 163109 DEBUG oslo_service.service [req-42efc9d7-5dc5-4a7f-9ba5-1320b6c20e86 - - - - -] syslog_log_facility = LOG_USER log_opt_values /usr/lib/python3/dist-packages/oslo_config/cfg.py:2602
2025-11-17 00:44:56.395 163512 DEBUG nova.service [req-203d8d71-0ea6-494b-ad6c-a1ef7893b1a4 - - - - -] Join ServiceGroup membership for this service scheduler start /usr/lib/python3/dist-packages/nova/service.py:199
2025-11-17 00:44:56.395 163511 DEBUG oslo_messaging._drivers.amqpdriver [-] Listener is running poll /usr/lib/python3/dist-packages/oslo_messaging/_drivers/amqpdriver.py:343
2025-11-17 00:44:56.396 163109 DEBUG oslo_service.service [req-42efc9d7-5dc5-4a7f-9ba5-1320b6c20e86 - - - - -] tempdir = None log_opt_values /usr/lib/python3/dist-packages/oslo_config/cfg.py:2602
2025-11-17 00:44:56.396 163109 DEBUG oslo_service.service [req-42efc9d7-5dc5-4a7f-9ba5-1320b6c20e86 - - - - -] timeout_nbd = 10 log_opt_values /usr/lib/python3/dist-packages/oslo_config/cfg.py:2602
2025-11-17 00:44:56.396 163511 DEBUG oslo_messaging._drivers.amqpdriver [-] AMQPListener connection consume poll /usr/lib/python3/dist-packages/oslo_messaging/_drivers/amqpdriver.py:357
2025-11-17 00:44:56.396 163512 DEBUG nova.servicegroup.drivers.db [req-203d8d71-0ea6-494b-ad6c-a1ef7893b1a4 - - - - -] DB_Driver: join new ServiceGroup member juju-aeac2a-0-lxd-7 to the scheduler group, service = join /usr/lib/python3/dist-packages/nova/servicegroup/drivers/db.py:44
2025-11-17 00:44:56.396 163109 DEBUG oslo_service.service [req-42efc9d7-5dc5-4a7f-9ba5-1320b6c20e86 - - - - -] transport_url = **** log_opt_values /usr/lib/python3/dist-packages/oslo_config/cfg.py:2602
2025-11-17 00:44:56.396 163513 DEBUG oslo_messaging._drivers.amqpdriver [-] Listener is running poll /usr/lib/python3/dist-packages/oslo_messaging/_drivers/amqpdriver.py:343
2025-11-17 00:44:56.396 163109 DEBUG oslo_service.service [req-42efc9d7-5dc5-4a7f-9ba5-1320b6c20e86 - - - - -] update_resources_interval = 0 log_opt_values /usr/lib/python3/dist-packages/oslo_config/cfg.py:2602
2025-11-17 00:44:56.397 163513 DEBUG oslo_messaging._drivers.amqpdriver [-] AMQPListener connection consume poll /usr/lib/python3/dist-packages/oslo_messaging/_drivers/amqpdriver.py:357
2025-11-17 00:44:56.397 163109 DEBUG oslo_service.service [req-42efc9d7-5dc5-4a7f-9ba5-1320b6c20e86 - - - - -] use_cow_images = True log_opt_values /usr/lib/python3/dist-packages/oslo_config/cfg.py:2602
2025-11-17 00:44:56.397 163109 DEBUG oslo_service.service [req-42efc9d7-5dc5-4a7f-9ba5-1320b6c20e86 - - - - -] use_eventlog = False log_opt_values /usr/lib/python3/dist-packages/oslo_config/cfg.py:2602
2025-11-17 00:44:56.397 163109 DEBUG oslo_service.service [req-42efc9d7-5dc5-4a7f-9ba5-1320b6c20e86 - - - - -] use_journal = False log_opt_values /usr/lib/python3/dist-packages/oslo_config/cfg.py:2602
2025-11-17 00:44:56.397 163109 DEBUG oslo_service.service [req-42efc9d7-5dc5-4a7f-9ba5-1320b6c20e86 - - - - -] use_json = False log_opt_values /usr/lib/python3/dist-packages/oslo_config/cfg.py:2602
2025-11-17 00:44:56.397 163511 DEBUG nova.service [req-321c89f3-540d-4e44-87cf-ffecbfc97067 - - - - -] Join ServiceGroup membership for this service scheduler start /usr/lib/python3/dist-packages/nova/service.py:199
2025-11-17 00:44:56.397 163109 DEBUG oslo_service.service [req-42efc9d7-5dc5-4a7f-9ba5-1320b6c20e86 - - - - -] use_rootwrap_daemon = False log_opt_values /usr/lib/python3/dist-packages/oslo_config/cfg.py:2602
2025-11-17 00:44:56.397 163513 DEBUG nova.service [req-0f326db9-0b3f-41d2-9f94-e6a7b18bf836 - - - - -] Join ServiceGroup membership for this service scheduler start /usr/lib/python3/dist-packages/nova/service.py:199
2025-11-17 00:44:56.397 163109 DEBUG oslo_service.service [req-42efc9d7-5dc5-4a7f-9ba5-1320b6c20e86 - - - - -] use_stderr = False log_opt_values /usr/lib/python3/dist-packages/oslo_config/cfg.py:2602
2025-11-17 00:44:56.397 163511 DEBUG nova.servicegroup.drivers.db [req-321c89f3-540d-4e44-87cf-ffecbfc97067 - - - - -] DB_Driver: join new ServiceGroup member juju-aeac2a-0-lxd-7 to the scheduler group, service = join /usr/lib/python3/dist-packages/nova/servicegroup/drivers/db.py:44
2025-11-17 00:44:56.398 163109 DEBUG oslo_service.service [req-42efc9d7-5dc5-4a7f-9ba5-1320b6c20e86 - - - - -] use_syslog = False log_opt_values /usr/lib/python3/dist-packages/oslo_config/cfg.py:2602
2025-11-17 00:44:56.398 163513 DEBUG nova.servicegroup.drivers.db [req-0f326db9-0b3f-41d2-9f94-e6a7b18bf836 - - - - -] DB_Driver: join new ServiceGroup member juju-aeac2a-0-lxd-7 to the scheduler group, service = join /usr/lib/python3/dist-packages/nova/servicegroup/drivers/db.py:44
2025-11-17 00:44:56.398 163109 DEBUG oslo_service.service [req-42efc9d7-5dc5-4a7f-9ba5-1320b6c20e86 - - - - -] vcpu_pin_set = None log_opt_values /usr/lib/python3/dist-packages/oslo_config/cfg.py:2602
2025-11-17 00:44:56.398 163109 DEBUG oslo_service.service [req-42efc9d7-5dc5-4a7f-9ba5-1320b6c20e86 - - - - -] vif_plugging_is_fatal = True log_opt_values /usr/lib/python3/dist-packages/oslo_config/cfg.py:2602
2025-11-17 00:44:56.398 163109 DEBUG oslo_service.service [req-42efc9d7-5dc5-4a7f-9ba5-1320b6c20e86 - - - - -] vif_plugging_timeout = 300 log_opt_values /usr/lib/python3/dist-packages/oslo_config/cfg.py:2602
2025-11-17 00:44:56.398 163109 DEBUG oslo_service.service [req-42efc9d7-5dc5-4a7f-9ba5-1320b6c20e86 - - - - -] virt_mkfs = [] log_opt_values /usr/lib/python3/dist-packages/oslo_config/cfg.py:2602
2025-11-17 00:44:56.399 163109 DEBUG oslo_service.service [req-42efc9d7-5dc5-4a7f-9ba5-1320b6c20e86 - - - - -] volume_usage_poll_interval = 0 log_opt_values /usr/lib/python3/dist-packages/oslo_config/cfg.py:2602
2025-11-17 00:44:56.399 163109 DEBUG oslo_service.service [req-42efc9d7-5dc5-4a7f-9ba5-1320b6c20e86 - - - - -] watch_log_file = False log_opt_values /usr/lib/python3/dist-packages/oslo_config/cfg.py:2602
2025-11-17 00:44:56.399 163109 DEBUG oslo_service.service [req-42efc9d7-5dc5-4a7f-9ba5-1320b6c20e86 - - - - -] web = /usr/share/spice-html5 log_opt_values /usr/lib/python3/dist-packages/oslo_config/cfg.py:2602
2025-11-17 00:44:56.399 163109 DEBUG oslo_service.service [req-42efc9d7-5dc5-4a7f-9ba5-1320b6c20e86 - - - - -] oslo_concurrency.disable_process_locking = False log_opt_values /usr/lib/python3/dist-packages/oslo_config/cfg.py:2609
2025-11-17 00:44:56.399 163109 DEBUG oslo_service.service [req-42efc9d7-5dc5-4a7f-9ba5-1320b6c20e86 - - - - -] oslo_concurrency.lock_path = /var/lock/nova log_opt_values /usr/lib/python3/dist-packages/oslo_config/cfg.py:2609
2025-11-17 00:44:56.400 163109 WARNING oslo_config.cfg [req-42efc9d7-5dc5-4a7f-9ba5-1320b6c20e86 - - - - -] Deprecated: Option "auth_strategy" from group "api" is deprecated for removal ( The only non-default choice, ``noauth2``, is for internal development and testing purposes only and should not be used in deployments. This option and its middleware, NoAuthMiddleware[V2_18], will be removed in a future release. ). Its value may be silently ignored in the future.
2025-11-17 00:44:56.400 163513 DEBUG oslo_messaging._drivers.amqpdriver [-] AMQPListener connection timeout poll /usr/lib/python3/dist-packages/oslo_messaging/_drivers/amqpdriver.py:360
2025-11-17 00:44:56.400 163109 DEBUG oslo_service.service [req-42efc9d7-5dc5-4a7f-9ba5-1320b6c20e86 - - - - -] api.auth_strategy = keystone log_opt_values /usr/lib/python3/dist-packages/oslo_config/cfg.py:2609
2025-11-17 00:44:56.400 163513 DEBUG oslo_messaging._drivers.amqpdriver [-] Listener is running poll /usr/lib/python3/dist-packages/oslo_messaging/_drivers/amqpdriver.py:343
2025-11-17 00:44:56.400 163513 DEBUG oslo_messaging._drivers.amqpdriver [-] AMQPListener connection consume poll /usr/lib/python3/dist-packages/oslo_messaging/_drivers/amqpdriver.py:357
2025-11-17 00:44:56.400 163109 DEBUG oslo_service.service [req-42efc9d7-5dc5-4a7f-9ba5-1320b6c20e86 - - - - -] api.compute_link_prefix = None log_opt_values /usr/lib/python3/dist-packages/oslo_config/cfg.py:2609
2025-11-17 00:44:56.401 163109 DEBUG oslo_service.service [req-42efc9d7-5dc5-4a7f-9ba5-1320b6c20e86 - - - - -] api.config_drive_skip_versions = 1.0 2007-01-19 2007-03-01 2007-08-29 2007-10-10 2007-12-15 2008-02-01 2008-09-01 log_opt_values /usr/lib/python3/dist-packages/oslo_config/cfg.py:2609
2025-11-17 00:44:56.401 163109 DEBUG oslo_service.service [req-42efc9d7-5dc5-4a7f-9ba5-1320b6c20e86 - - - - -] api.dhcp_domain = novalocal log_opt_values /usr/lib/python3/dist-packages/oslo_config/cfg.py:2609
2025-11-17 00:44:56.401 163511 DEBUG oslo_messaging._drivers.amqpdriver [-] AMQPListener connection timeout poll /usr/lib/python3/dist-packages/oslo_messaging/_drivers/amqpdriver.py:360
2025-11-17 00:44:56.401 163109 DEBUG oslo_service.service [req-42efc9d7-5dc5-4a7f-9ba5-1320b6c20e86 - - - - -] api.enable_instance_password = True log_opt_values /usr/lib/python3/dist-packages/oslo_config/cfg.py:2609
2025-11-17 00:44:56.401 163109 DEBUG oslo_service.service [req-42efc9d7-5dc5-4a7f-9ba5-1320b6c20e86 - - - - -] api.glance_link_prefix = None log_opt_values /usr/lib/python3/dist-packages/oslo_config/cfg.py:2609
2025-11-17 00:44:56.401 163511 DEBUG oslo_messaging._drivers.amqpdriver [-] Listener is running poll /usr/lib/python3/dist-packages/oslo_messaging/_drivers/amqpdriver.py:343
2025-11-17 00:44:56.401 163512 DEBUG oslo_messaging._drivers.amqpdriver [-] AMQPListener connection timeout poll /usr/lib/python3/dist-packages/oslo_messaging/_drivers/amqpdriver.py:360
2025-11-17 00:44:56.401 163109 DEBUG oslo_service.service [req-42efc9d7-5dc5-4a7f-9ba5-1320b6c20e86 - - - - -] api.instance_list_cells_batch_fixed_size = 100 log_opt_values /usr/lib/python3/dist-packages/oslo_config/cfg.py:2609
2025-11-17 00:44:56.402 163511 DEBUG oslo_messaging._drivers.amqpdriver [-] AMQPListener connection consume poll /usr/lib/python3/dist-packages/oslo_messaging/_drivers/amqpdriver.py:357
2025-11-17 00:44:56.402 163512 DEBUG oslo_messaging._drivers.amqpdriver [-] Listener is running poll /usr/lib/python3/dist-packages/oslo_messaging/_drivers/amqpdriver.py:343
2025-11-17 00:44:56.402 163512 DEBUG oslo_messaging._drivers.amqpdriver [-] AMQPListener connection consume poll /usr/lib/python3/dist-packages/oslo_messaging/_drivers/amqpdriver.py:357
2025-11-17 00:44:56.402 163109 DEBUG oslo_service.service [req-42efc9d7-5dc5-4a7f-9ba5-1320b6c20e86 - - - - -] api.instance_list_cells_batch_strategy = distributed log_opt_values /usr/lib/python3/dist-packages/oslo_config/cfg.py:2609
2025-11-17 00:44:56.402 163109 DEBUG oslo_service.service [req-42efc9d7-5dc5-4a7f-9ba5-1320b6c20e86 - - - - -] api.instance_list_per_project_cells = False log_opt_values /usr/lib/python3/dist-packages/oslo_config/cfg.py:2609
2025-11-17 00:44:56.402 163109 DEBUG oslo_service.service [req-42efc9d7-5dc5-4a7f-9ba5-1320b6c20e86 - - - - -] api.list_records_by_skipping_down_cells = True log_opt_values /usr/lib/python3/dist-packages/oslo_config/cfg.py:2609
2025-11-17 00:44:56.402 163109 DEBUG oslo_service.service [req-42efc9d7-5dc5-4a7f-9ba5-1320b6c20e86 - - - - -] api.local_metadata_per_cell = False log_opt_values /usr/lib/python3/dist-packages/oslo_config/cfg.py:2609
2025-11-17 00:44:56.402 163109 DEBUG oslo_service.service [req-42efc9d7-5dc5-4a7f-9ba5-1320b6c20e86 - - - - -] api.max_limit = 1000 log_opt_values /usr/lib/python3/dist-packages/oslo_config/cfg.py:2609
2025-11-17 00:44:56.403 163109 DEBUG oslo_service.service [req-42efc9d7-5dc5-4a7f-9ba5-1320b6c20e86 - - - - -] api.metadata_cache_expiration = 15 log_opt_values /usr/lib/python3/dist-packages/oslo_config/cfg.py:2609
2025-11-17 00:44:56.403 163109 DEBUG oslo_service.service [req-42efc9d7-5dc5-4a7f-9ba5-1320b6c20e86 - - - - -] api.neutron_default_tenant_id = default log_opt_values /usr/lib/python3/dist-packages/oslo_config/cfg.py:2609
2025-11-17 00:44:56.403 163109 DEBUG oslo_service.service [req-42efc9d7-5dc5-4a7f-9ba5-1320b6c20e86 - - - - -] api.use_forwarded_for = False log_opt_values /usr/lib/python3/dist-packages/oslo_config/cfg.py:2609
2025-11-17 00:44:56.403 163109 DEBUG oslo_service.service [req-42efc9d7-5dc5-4a7f-9ba5-1320b6c20e86 - - - - -] api.use_neutron_default_nets = False log_opt_values /usr/lib/python3/dist-packages/oslo_config/cfg.py:2609
2025-11-17 00:44:56.403 163109 DEBUG oslo_service.service [req-42efc9d7-5dc5-4a7f-9ba5-1320b6c20e86 - - - - -] api.vendordata_dynamic_connect_timeout = 5 log_opt_values /usr/lib/python3/dist-packages/oslo_config/cfg.py:2609
2025-11-17 00:44:56.404 163109 DEBUG oslo_service.service [req-42efc9d7-5dc5-4a7f-9ba5-1320b6c20e86 - - - - -] api.vendordata_dynamic_failure_fatal = False log_opt_values /usr/lib/python3/dist-packages/oslo_config/cfg.py:2609
2025-11-17 00:44:56.404 163109 DEBUG oslo_service.service [req-42efc9d7-5dc5-4a7f-9ba5-1320b6c20e86 - - - - -] api.vendordata_dynamic_read_timeout = 5 log_opt_values /usr/lib/python3/dist-packages/oslo_config/cfg.py:2609
2025-11-17 00:44:56.404 163109 DEBUG oslo_service.service [req-42efc9d7-5dc5-4a7f-9ba5-1320b6c20e86 - - - - -] api.vendordata_dynamic_ssl_certfile = log_opt_values /usr/lib/python3/dist-packages/oslo_config/cfg.py:2609
2025-11-17 00:44:56.404 163109 DEBUG oslo_service.service [req-42efc9d7-5dc5-4a7f-9ba5-1320b6c20e86 - - - - -] api.vendordata_dynamic_targets = [] log_opt_values /usr/lib/python3/dist-packages/oslo_config/cfg.py:2609
2025-11-17 00:44:56.404 163109 DEBUG oslo_service.service [req-42efc9d7-5dc5-4a7f-9ba5-1320b6c20e86 - - - - -] api.vendordata_jsonfile_path = None log_opt_values /usr/lib/python3/dist-packages/oslo_config/cfg.py:2609
2025-11-17 00:44:56.405 163109 DEBUG oslo_service.service [req-42efc9d7-5dc5-4a7f-9ba5-1320b6c20e86 - - - - -] api.vendordata_providers = ['StaticJSON'] log_opt_values /usr/lib/python3/dist-packages/oslo_config/cfg.py:2609
2025-11-17 00:44:56.405 163109 DEBUG oslo_service.service [req-42efc9d7-5dc5-4a7f-9ba5-1320b6c20e86 - - - - -] cache.backend = dogpile.cache.null log_opt_values /usr/lib/python3/dist-packages/oslo_config/cfg.py:2609
2025-11-17 00:44:56.405 163109 DEBUG oslo_service.service [req-42efc9d7-5dc5-4a7f-9ba5-1320b6c20e86 - - - - -] cache.backend_argument = **** log_opt_values /usr/lib/python3/dist-packages/oslo_config/cfg.py:2609
2025-11-17 00:44:56.405 163109 DEBUG oslo_service.service [req-42efc9d7-5dc5-4a7f-9ba5-1320b6c20e86 - - - - -] cache.config_prefix = cache.oslo log_opt_values /usr/lib/python3/dist-packages/oslo_config/cfg.py:2609
2025-11-17 00:44:56.405 163109 DEBUG oslo_service.service [req-42efc9d7-5dc5-4a7f-9ba5-1320b6c20e86 - - - - -] cache.debug_cache_backend = False log_opt_values /usr/lib/python3/dist-packages/oslo_config/cfg.py:2609
2025-11-17 00:44:56.406 163109 DEBUG oslo_service.service [req-42efc9d7-5dc5-4a7f-9ba5-1320b6c20e86 - - - - -] cache.enabled = False log_opt_values /usr/lib/python3/dist-packages/oslo_config/cfg.py:2609
2025-11-17 00:44:56.406 163109 DEBUG oslo_service.service [req-42efc9d7-5dc5-4a7f-9ba5-1320b6c20e86 - - - - -] cache.expiration_time = 600 log_opt_values /usr/lib/python3/dist-packages/oslo_config/cfg.py:2609
2025-11-17 00:44:56.406 163109 DEBUG oslo_service.service [req-42efc9d7-5dc5-4a7f-9ba5-1320b6c20e86 - - - - -] cache.memcache_dead_retry = 300 log_opt_values /usr/lib/python3/dist-packages/oslo_config/cfg.py:2609
2025-11-17 00:44:56.406 163109 DEBUG oslo_service.service [req-42efc9d7-5dc5-4a7f-9ba5-1320b6c20e86 - - - - -] cache.memcache_pool_connection_get_timeout = 10 log_opt_values /usr/lib/python3/dist-packages/oslo_config/cfg.py:2609
2025-11-17 00:44:56.406 163109 DEBUG oslo_service.service [req-42efc9d7-5dc5-4a7f-9ba5-1320b6c20e86 - - - - -] cache.memcache_pool_flush_on_reconnect = False log_opt_values /usr/lib/python3/dist-packages/oslo_config/cfg.py:2609
2025-11-17 00:44:56.406 163109 DEBUG oslo_service.service [req-42efc9d7-5dc5-4a7f-9ba5-1320b6c20e86 - - - - -] cache.memcache_pool_maxsize = 10 log_opt_values /usr/lib/python3/dist-packages/oslo_config/cfg.py:2609
