2025-11-17 00:45:03.410 163511 DEBUG oslo_messaging._drivers.amqpdriver [-] Listener is running poll /usr/lib/python3/dist-packages/oslo_messaging/_drivers/amqpdriver.py:343
2025-11-17 00:45:03.410 163511 DEBUG oslo_messaging._drivers.amqpdriver [-] AMQPListener connection consume poll /usr/lib/python3/dist-packages/oslo_messaging/_drivers/amqpdriver.py:357
2025-11-17 00:45:03.428 163514 DEBUG oslo_messaging._drivers.amqpdriver [-] AMQPListener connection timeout poll /usr/lib/python3/dist-packages/oslo_messaging/_drivers/amqpdriver.py:360
2025-11-17 00:45:03.428 163514 DEBUG oslo_messaging._drivers.amqpdriver [-] Listener is running poll /usr/lib/python3/dist-packages/oslo_messaging/_drivers/amqpdriver.py:343
2025-11-17 00:45:03.428 163514 DEBUG oslo_messaging._drivers.amqpdriver [-] AMQPListener connection consume poll /usr/lib/python3/dist-packages/oslo_messaging/_drivers/amqpdriver.py:357
2025-11-17 00:45:06.993 163514 DEBUG oslo_messaging._drivers.amqpdriver [-] received message with unique_id: 04d66857714d47eba78213b1336e32ff __call__ /usr/lib/python3/dist-packages/oslo_messaging/_drivers/amqpdriver.py:324
2025-11-17 00:45:06.994 163512 DEBUG oslo_messaging._drivers.amqpdriver [-] received message with unique_id: 04d66857714d47eba78213b1336e32ff __call__ /usr/lib/python3/dist-packages/oslo_messaging/_drivers/amqpdriver.py:324
2025-11-17 00:45:06.994 163514 DEBUG oslo_messaging._drivers.amqpdriver [-] Listener is running poll /usr/lib/python3/dist-packages/oslo_messaging/_drivers/amqpdriver.py:343
2025-11-17 00:45:06.994 163514 DEBUG oslo_messaging._drivers.amqpdriver [-] Poll the incoming message with unique_id: 04d66857714d47eba78213b1336e32ff poll /usr/lib/python3/dist-packages/oslo_messaging/_drivers/amqpdriver.py:346
2025-11-17 00:45:06.994 163512 DEBUG oslo_messaging._drivers.amqpdriver [-] Listener is running poll /usr/lib/python3/dist-packages/oslo_messaging/_drivers/amqpdriver.py:343
2025-11-17 00:45:06.994 163514 DEBUG oslo_messaging._drivers.amqpdriver [-] Listener is running poll /usr/lib/python3/dist-packages/oslo_messaging/_drivers/amqpdriver.py:343
2025-11-17 00:45:06.995 163512 DEBUG oslo_messaging._drivers.amqpdriver [-] Poll the incoming message with unique_id: 04d66857714d47eba78213b1336e32ff poll /usr/lib/python3/dist-packages/oslo_messaging/_drivers/amqpdriver.py:346
2025-11-17 00:45:06.995 163514 DEBUG oslo_messaging._drivers.amqpdriver [-] AMQPListener connection consume poll /usr/lib/python3/dist-packages/oslo_messaging/_drivers/amqpdriver.py:357
2025-11-17 00:45:06.995 163512 DEBUG oslo_messaging._drivers.amqpdriver [-] Listener is running poll /usr/lib/python3/dist-packages/oslo_messaging/_drivers/amqpdriver.py:343
2025-11-17 00:45:06.995 163512 DEBUG oslo_messaging._drivers.amqpdriver [-] AMQPListener connection consume poll /usr/lib/python3/dist-packages/oslo_messaging/_drivers/amqpdriver.py:357
2025-11-17 00:45:06.994 163511 DEBUG oslo_messaging._drivers.amqpdriver [-] received message with unique_id: 04d66857714d47eba78213b1336e32ff __call__ /usr/lib/python3/dist-packages/oslo_messaging/_drivers/amqpdriver.py:324
2025-11-17 00:45:06.996 163511 DEBUG oslo_messaging._drivers.amqpdriver [-] Listener is running poll /usr/lib/python3/dist-packages/oslo_messaging/_drivers/amqpdriver.py:343
2025-11-17 00:45:06.996 163514 DEBUG oslo_concurrency.lockutils [req-7fd3b955-c3f4-488f-ada0-0ff6dbef5a8c - - - - -] Lock "host_instance" acquired by "nova.scheduler.host_manager.HostManager.sync_instance_info" :: waited 0.000s inner /usr/lib/python3/dist-packages/oslo_concurrency/lockutils.py:386
2025-11-17 00:45:06.996 163511 DEBUG oslo_messaging._drivers.amqpdriver [-] Poll the incoming message with unique_id: 04d66857714d47eba78213b1336e32ff poll /usr/lib/python3/dist-packages/oslo_messaging/_drivers/amqpdriver.py:346
2025-11-17 00:45:06.997 163511 DEBUG oslo_messaging._drivers.amqpdriver [-] Listener is running poll /usr/lib/python3/dist-packages/oslo_messaging/_drivers/amqpdriver.py:343
2025-11-17 00:45:06.996 163512 DEBUG oslo_concurrency.lockutils [req-7fd3b955-c3f4-488f-ada0-0ff6dbef5a8c - - - - -] Lock "host_instance" acquired by "nova.scheduler.host_manager.HostManager.sync_instance_info" :: waited 0.000s inner /usr/lib/python3/dist-packages/oslo_concurrency/lockutils.py:386
2025-11-17 00:45:06.997 163511 DEBUG oslo_messaging._drivers.amqpdriver [-] AMQPListener connection consume poll /usr/lib/python3/dist-packages/oslo_messaging/_drivers/amqpdriver.py:357
2025-11-17 00:45:06.998 163514 DEBUG oslo_db.sqlalchemy.engines [req-7fd3b955-c3f4-488f-ada0-0ff6dbef5a8c - - - - -] Parent process 163109 forked (163514) with an open database connection, which is being discarded and recreated. checkout /usr/lib/python3/dist-packages/oslo_db/sqlalchemy/engines.py:413
2025-11-17 00:45:06.998 163512 DEBUG oslo_db.sqlalchemy.engines [req-7fd3b955-c3f4-488f-ada0-0ff6dbef5a8c - - - - -] Parent process 163109 forked (163512) with an open database connection, which is being discarded and recreated. checkout /usr/lib/python3/dist-packages/oslo_db/sqlalchemy/engines.py:413
2025-11-17 00:45:06.998 163511 DEBUG oslo_concurrency.lockutils [req-7fd3b955-c3f4-488f-ada0-0ff6dbef5a8c - - - - -] Lock "host_instance" acquired by "nova.scheduler.host_manager.HostManager.sync_instance_info" :: waited 0.000s inner /usr/lib/python3/dist-packages/oslo_concurrency/lockutils.py:386
2025-11-17 00:45:06.999 163514 DEBUG oslo_messaging._drivers.amqpdriver [-] AMQPListener connection timeout poll /usr/lib/python3/dist-packages/oslo_messaging/_drivers/amqpdriver.py:360
2025-11-17 00:45:06.999 163514 DEBUG oslo_messaging._drivers.amqpdriver [-] Listener is running poll /usr/lib/python3/dist-packages/oslo_messaging/_drivers/amqpdriver.py:343
2025-11-17 00:45:07.000 163514 DEBUG oslo_messaging._drivers.amqpdriver [-] AMQPListener connection consume poll /usr/lib/python3/dist-packages/oslo_messaging/_drivers/amqpdriver.py:357
2025-11-17 00:45:07.000 163511 DEBUG oslo_db.sqlalchemy.engines [req-7fd3b955-c3f4-488f-ada0-0ff6dbef5a8c - - - - -] Parent process 163109 forked (163511) with an open database connection, which is being discarded and recreated. checkout /usr/lib/python3/dist-packages/oslo_db/sqlalchemy/engines.py:413
2025-11-17 00:45:07.000 163512 DEBUG oslo_messaging._drivers.amqpdriver [-] AMQPListener connection timeout poll /usr/lib/python3/dist-packages/oslo_messaging/_drivers/amqpdriver.py:360
2025-11-17 00:45:07.001 163512 DEBUG oslo_messaging._drivers.amqpdriver [-] Listener is running poll /usr/lib/python3/dist-packages/oslo_messaging/_drivers/amqpdriver.py:343
2025-11-17 00:45:07.001 163512 DEBUG oslo_messaging._drivers.amqpdriver [-] AMQPListener connection consume poll /usr/lib/python3/dist-packages/oslo_messaging/_drivers/amqpdriver.py:357
2025-11-17 00:45:07.001 163511 DEBUG oslo_messaging._drivers.amqpdriver [-] AMQPListener connection timeout poll /usr/lib/python3/dist-packages/oslo_messaging/_drivers/amqpdriver.py:360
2025-11-17 00:45:07.001 163511 DEBUG oslo_messaging._drivers.amqpdriver [-] Listener is running poll /usr/lib/python3/dist-packages/oslo_messaging/_drivers/amqpdriver.py:343
2025-11-17 00:45:07.001 163511 DEBUG oslo_messaging._drivers.amqpdriver [-] AMQPListener connection consume poll /usr/lib/python3/dist-packages/oslo_messaging/_drivers/amqpdriver.py:357
2025-11-17 00:45:07.002 163513 DEBUG oslo_messaging._drivers.amqpdriver [-] received message with unique_id: 04d66857714d47eba78213b1336e32ff __call__ /usr/lib/python3/dist-packages/oslo_messaging/_drivers/amqpdriver.py:324
2025-11-17 00:45:07.003 163513 DEBUG oslo_messaging._drivers.amqpdriver [-] Listener is running poll /usr/lib/python3/dist-packages/oslo_messaging/_drivers/amqpdriver.py:343
2025-11-17 00:45:07.003 163513 DEBUG oslo_messaging._drivers.amqpdriver [-] Poll the incoming message with unique_id: 04d66857714d47eba78213b1336e32ff poll /usr/lib/python3/dist-packages/oslo_messaging/_drivers/amqpdriver.py:346
2025-11-17 00:45:07.003 163513 DEBUG oslo_messaging._drivers.amqpdriver [-] Listener is running poll /usr/lib/python3/dist-packages/oslo_messaging/_drivers/amqpdriver.py:343
2025-11-17 00:45:07.004 163513 DEBUG oslo_messaging._drivers.amqpdriver [-] AMQPListener connection consume poll /usr/lib/python3/dist-packages/oslo_messaging/_drivers/amqpdriver.py:357
2025-11-17 00:45:07.005 163513 DEBUG oslo_concurrency.lockutils [req-7fd3b955-c3f4-488f-ada0-0ff6dbef5a8c - - - - -] Lock "host_instance" acquired by "nova.scheduler.host_manager.HostManager.sync_instance_info" :: waited 0.000s inner /usr/lib/python3/dist-packages/oslo_concurrency/lockutils.py:386
2025-11-17 00:45:07.006 163513 DEBUG oslo_db.sqlalchemy.engines [req-7fd3b955-c3f4-488f-ada0-0ff6dbef5a8c - - - - -] Parent process 163109 forked (163513) with an open database connection, which is being discarded and recreated. checkout /usr/lib/python3/dist-packages/oslo_db/sqlalchemy/engines.py:413
2025-11-17 00:45:07.008 163513 DEBUG oslo_messaging._drivers.amqpdriver [-] AMQPListener connection timeout poll /usr/lib/python3/dist-packages/oslo_messaging/_drivers/amqpdriver.py:360
2025-11-17 00:45:07.008 163513 DEBUG oslo_messaging._drivers.amqpdriver [-] Listener is running poll /usr/lib/python3/dist-packages/oslo_messaging/_drivers/amqpdriver.py:343
2025-11-17 00:45:07.008 163513 DEBUG oslo_messaging._drivers.amqpdriver [-] AMQPListener connection consume poll /usr/lib/python3/dist-packages/oslo_messaging/_drivers/amqpdriver.py:357
2025-11-17 00:45:07.019 163511 DEBUG oslo_concurrency.lockutils [req-7fd3b955-c3f4-488f-ada0-0ff6dbef5a8c - - - - -] Lock "9d563877-a561-4421-a26a-b9593fa05d1b" acquired by "nova.context.set_target_cell..get_or_set_cached_cell_and_set_connections" :: waited 0.000s inner /usr/lib/python3/dist-packages/oslo_concurrency/lockutils.py:386
2025-11-17 00:45:07.021 163513 DEBUG oslo_concurrency.lockutils [req-7fd3b955-c3f4-488f-ada0-0ff6dbef5a8c - - - - -] Lock "9d563877-a561-4421-a26a-b9593fa05d1b" acquired by "nova.context.set_target_cell..get_or_set_cached_cell_and_set_connections" :: waited 0.000s inner /usr/lib/python3/dist-packages/oslo_concurrency/lockutils.py:386
2025-11-17 00:45:07.021 163511 DEBUG oslo_concurrency.lockutils [req-7fd3b955-c3f4-488f-ada0-0ff6dbef5a8c - - - - -] Lock "9d563877-a561-4421-a26a-b9593fa05d1b" "released" by "nova.context.set_target_cell..get_or_set_cached_cell_and_set_connections" :: held 0.002s inner /usr/lib/python3/dist-packages/oslo_concurrency/lockutils.py:400
2025-11-17 00:45:07.023 163513 DEBUG oslo_concurrency.lockutils [req-7fd3b955-c3f4-488f-ada0-0ff6dbef5a8c - - - - -] Lock "9d563877-a561-4421-a26a-b9593fa05d1b" "released" by "nova.context.set_target_cell..get_or_set_cached_cell_and_set_connections" :: held 0.002s inner /usr/lib/python3/dist-packages/oslo_concurrency/lockutils.py:400
2025-11-17 00:45:07.028 163512 DEBUG oslo_concurrency.lockutils [req-7fd3b955-c3f4-488f-ada0-0ff6dbef5a8c - - - - -] Lock "9d563877-a561-4421-a26a-b9593fa05d1b" acquired by "nova.context.set_target_cell..get_or_set_cached_cell_and_set_connections" :: waited 0.000s inner /usr/lib/python3/dist-packages/oslo_concurrency/lockutils.py:386
2025-11-17 00:45:07.030 163512 DEBUG oslo_concurrency.lockutils [req-7fd3b955-c3f4-488f-ada0-0ff6dbef5a8c - - - - -] Lock "9d563877-a561-4421-a26a-b9593fa05d1b" "released" by "nova.context.set_target_cell..get_or_set_cached_cell_and_set_connections" :: held 0.002s inner /usr/lib/python3/dist-packages/oslo_concurrency/lockutils.py:400
2025-11-17 00:45:07.031 163513 DEBUG oslo_db.sqlalchemy.engines [req-7fd3b955-c3f4-488f-ada0-0ff6dbef5a8c - - - - -] MySQL server mode set to STRICT_TRANS_TABLES,STRICT_ALL_TABLES,NO_ZERO_IN_DATE,NO_ZERO_DATE,ERROR_FOR_DIVISION_BY_ZERO,TRADITIONAL,NO_ENGINE_SUBSTITUTION _check_effective_sql_mode /usr/lib/python3/dist-packages/oslo_db/sqlalchemy/engines.py:314
2025-11-17 00:45:07.034 163511 DEBUG oslo_db.sqlalchemy.engines [req-7fd3b955-c3f4-488f-ada0-0ff6dbef5a8c - - - - -] MySQL server mode set to STRICT_TRANS_TABLES,STRICT_ALL_TABLES,NO_ZERO_IN_DATE,NO_ZERO_DATE,ERROR_FOR_DIVISION_BY_ZERO,TRADITIONAL,NO_ENGINE_SUBSTITUTION _check_effective_sql_mode /usr/lib/python3/dist-packages/oslo_db/sqlalchemy/engines.py:314
2025-11-17 00:45:07.036 163514 DEBUG oslo_concurrency.lockutils [req-7fd3b955-c3f4-488f-ada0-0ff6dbef5a8c - - - - -] Lock "9d563877-a561-4421-a26a-b9593fa05d1b" acquired by "nova.context.set_target_cell..get_or_set_cached_cell_and_set_connections" :: waited 0.000s inner /usr/lib/python3/dist-packages/oslo_concurrency/lockutils.py:386
2025-11-17 00:45:07.037 163512 DEBUG oslo_db.sqlalchemy.engines [req-7fd3b955-c3f4-488f-ada0-0ff6dbef5a8c - - - - -] MySQL server mode set to STRICT_TRANS_TABLES,STRICT_ALL_TABLES,NO_ZERO_IN_DATE,NO_ZERO_DATE,ERROR_FOR_DIVISION_BY_ZERO,TRADITIONAL,NO_ENGINE_SUBSTITUTION _check_effective_sql_mode /usr/lib/python3/dist-packages/oslo_db/sqlalchemy/engines.py:314
2025-11-17 00:45:07.038 163514 DEBUG oslo_concurrency.lockutils [req-7fd3b955-c3f4-488f-ada0-0ff6dbef5a8c - - - - -] Lock "9d563877-a561-4421-a26a-b9593fa05d1b" "released" by "nova.context.set_target_cell..get_or_set_cached_cell_and_set_connections" :: held 0.002s inner /usr/lib/python3/dist-packages/oslo_concurrency/lockutils.py:400
2025-11-17 00:45:07.044 163513 INFO nova.scheduler.host_manager [req-7fd3b955-c3f4-488f-ada0-0ff6dbef5a8c - - - - -] Received a sync request from an unknown host 'cn-jenkins-deploy-platform-juju-os-615-1'. Re-created its InstanceList.
2025-11-17 00:45:07.045 163513 DEBUG oslo_concurrency.lockutils [req-7fd3b955-c3f4-488f-ada0-0ff6dbef5a8c - - - - -] Lock "host_instance" "released" by "nova.scheduler.host_manager.HostManager.sync_instance_info" :: held 0.040s inner /usr/lib/python3/dist-packages/oslo_concurrency/lockutils.py:400
2025-11-17 00:45:07.047 163514 DEBUG oslo_db.sqlalchemy.engines [req-7fd3b955-c3f4-488f-ada0-0ff6dbef5a8c - - - - -] MySQL server mode set to STRICT_TRANS_TABLES,STRICT_ALL_TABLES,NO_ZERO_IN_DATE,NO_ZERO_DATE,ERROR_FOR_DIVISION_BY_ZERO,TRADITIONAL,NO_ENGINE_SUBSTITUTION _check_effective_sql_mode /usr/lib/python3/dist-packages/oslo_db/sqlalchemy/engines.py:314
2025-11-17 00:45:07.048 163512 INFO nova.scheduler.host_manager [req-7fd3b955-c3f4-488f-ada0-0ff6dbef5a8c - - - - -] Received a sync request from an unknown host 'cn-jenkins-deploy-platform-juju-os-615-1'. Re-created its InstanceList.
2025-11-17 00:45:07.048 163511 INFO nova.scheduler.host_manager [req-7fd3b955-c3f4-488f-ada0-0ff6dbef5a8c - - - - -] Received a sync request from an unknown host 'cn-jenkins-deploy-platform-juju-os-615-1'. Re-created its InstanceList.
2025-11-17 00:45:07.049 163511 DEBUG oslo_concurrency.lockutils [req-7fd3b955-c3f4-488f-ada0-0ff6dbef5a8c - - - - -] Lock "host_instance" "released" by "nova.scheduler.host_manager.HostManager.sync_instance_info" :: held 0.051s inner /usr/lib/python3/dist-packages/oslo_concurrency/lockutils.py:400
2025-11-17 00:45:07.049 163512 DEBUG oslo_concurrency.lockutils [req-7fd3b955-c3f4-488f-ada0-0ff6dbef5a8c - - - - -] Lock "host_instance" "released" by "nova.scheduler.host_manager.HostManager.sync_instance_info" :: held 0.052s inner /usr/lib/python3/dist-packages/oslo_concurrency/lockutils.py:400
2025-11-17 00:45:07.059 163514 INFO nova.scheduler.host_manager [req-7fd3b955-c3f4-488f-ada0-0ff6dbef5a8c - - - - -] Received a sync request from an unknown host 'cn-jenkins-deploy-platform-juju-os-615-1'. Re-created its InstanceList.
2025-11-17 00:45:07.060 163514 DEBUG oslo_concurrency.lockutils [req-7fd3b955-c3f4-488f-ada0-0ff6dbef5a8c - - - - -] Lock "host_instance" "released" by "nova.scheduler.host_manager.HostManager.sync_instance_info" :: held 0.064s inner /usr/lib/python3/dist-packages/oslo_concurrency/lockutils.py:400
2025-11-17 00:45:08.002 163514 DEBUG oslo_messaging._drivers.amqpdriver [-] AMQPListener connection timeout poll /usr/lib/python3/dist-packages/oslo_messaging/_drivers/amqpdriver.py:360
2025-11-17 00:45:08.002 163512 DEBUG oslo_messaging._drivers.amqpdriver [-] AMQPListener connection timeout poll /usr/lib/python3/dist-packages/oslo_messaging/_drivers/amqpdriver.py:360
2025-11-17 00:45:08.002 163512 DEBUG oslo_messaging._drivers.amqpdriver [-] Listener is running poll /usr/lib/python3/dist-packages/oslo_messaging/_drivers/amqpdriver.py:343
2025-11-17 00:45:08.002 163512 DEBUG oslo_messaging._drivers.amqpdriver [-] AMQPListener connection consume poll /usr/lib/python3/dist-packages/oslo_messaging/_drivers/amqpdriver.py:357
2025-11-17 00:45:08.002 163514 DEBUG oslo_messaging._drivers.amqpdriver [-] Listener is running poll /usr/lib/python3/dist-packages/oslo_messaging/_drivers/amqpdriver.py:343
2025-11-17 00:45:08.002 163514 DEBUG oslo_messaging._drivers.amqpdriver [-] AMQPListener connection consume poll /usr/lib/python3/dist-packages/oslo_messaging/_drivers/amqpdriver.py:357
2025-11-17 00:45:08.003 163511 DEBUG oslo_messaging._drivers.amqpdriver [-] AMQPListener connection timeout poll /usr/lib/python3/dist-packages/oslo_messaging/_drivers/amqpdriver.py:360
2025-11-17 00:45:08.004 163511 DEBUG oslo_messaging._drivers.amqpdriver [-] Listener is running poll /usr/lib/python3/dist-packages/oslo_messaging/_drivers/amqpdriver.py:343
2025-11-17 00:45:08.004 163511 DEBUG oslo_messaging._drivers.amqpdriver [-] AMQPListener connection consume poll /usr/lib/python3/dist-packages/oslo_messaging/_drivers/amqpdriver.py:357
2025-11-17 00:45:08.009 163513 DEBUG oslo_messaging._drivers.amqpdriver [-] AMQPListener connection timeout poll /usr/lib/python3/dist-packages/oslo_messaging/_drivers/amqpdriver.py:360
2025-11-17 00:45:08.009 163513 DEBUG oslo_messaging._drivers.amqpdriver [-] Listener is running poll /usr/lib/python3/dist-packages/oslo_messaging/_drivers/amqpdriver.py:343
2025-11-17 00:45:08.009 163513 DEBUG oslo_messaging._drivers.amqpdriver [-] AMQPListener connection consume poll /usr/lib/python3/dist-packages/oslo_messaging/_drivers/amqpdriver.py:357
2025-11-17 00:45:08.421 163514 DEBUG oslo_service.periodic_task [req-08ae5cdd-009c-48b8-9590-ae183e35dd1d - - - - -] Running periodic task SchedulerManager._discover_hosts_in_cells run_periodic_tasks /usr/lib/python3/dist-packages/oslo_service/periodic_task.py:210
2025-11-17 00:45:08.426 163514 DEBUG oslo_concurrency.lockutils [req-08ae5cdd-009c-48b8-9590-ae183e35dd1d - - - - -] Lock "9d563877-a561-4421-a26a-b9593fa05d1b" acquired by "nova.context.set_target_cell..get_or_set_cached_cell_and_set_connections" :: waited 0.000s inner /usr/lib/python3/dist-packages/oslo_concurrency/lockutils.py:386
2025-11-17 00:45:08.427 163514 DEBUG oslo_concurrency.lockutils [req-08ae5cdd-009c-48b8-9590-ae183e35dd1d - - - - -] Lock "9d563877-a561-4421-a26a-b9593fa05d1b" "released" by "nova.context.set_target_cell..get_or_set_cached_cell_and_set_connections" :: held 0.000s inner /usr/lib/python3/dist-packages/oslo_concurrency/lockutils.py:400
2025-11-17 00:45:10.005 163512 DEBUG oslo_messaging._drivers.amqpdriver [-] AMQPListener connection timeout poll /usr/lib/python3/dist-packages/oslo_messaging/_drivers/amqpdriver.py:360
2025-11-17 00:45:10.005 163514 DEBUG oslo_messaging._drivers.amqpdriver [-] AMQPListener connection timeout poll /usr/lib/python3/dist-packages/oslo_messaging/_drivers/amqpdriver.py:360
2025-11-17 00:45:10.005 163512 DEBUG oslo_messaging._drivers.amqpdriver [-] Listener is running poll /usr/lib/python3/dist-packages/oslo_messaging/_drivers/amqpdriver.py:343
2025-11-17 00:45:10.005 163512 DEBUG oslo_messaging._drivers.amqpdriver [-] AMQPListener connection consume poll /usr/lib/python3/dist-packages/oslo_messaging/_drivers/amqpdriver.py:357
2025-11-17 00:45:10.005 163514 DEBUG oslo_messaging._drivers.amqpdriver [-] Listener is running poll /usr/lib/python3/dist-packages/oslo_messaging/_drivers/amqpdriver.py:343
2025-11-17 00:45:10.005 163514 DEBUG oslo_messaging._drivers.amqpdriver [-] AMQPListener connection consume poll /usr/lib/python3/dist-packages/oslo_messaging/_drivers/amqpdriver.py:357
2025-11-17 00:45:10.006 163511 DEBUG oslo_messaging._drivers.amqpdriver [-] AMQPListener connection timeout poll /usr/lib/python3/dist-packages/oslo_messaging/_drivers/amqpdriver.py:360
2025-11-17 00:45:10.007 163511 DEBUG oslo_messaging._drivers.amqpdriver [-] Listener is running poll /usr/lib/python3/dist-packages/oslo_messaging/_drivers/amqpdriver.py:343
2025-11-17 00:45:10.007 163511 DEBUG oslo_messaging._drivers.amqpdriver [-] AMQPListener connection consume poll /usr/lib/python3/dist-packages/oslo_messaging/_drivers/amqpdriver.py:357
2025-11-17 00:45:10.012 163513 DEBUG oslo_messaging._drivers.amqpdriver [-] AMQPListener connection timeout poll /usr/lib/python3/dist-packages/oslo_messaging/_drivers/amqpdriver.py:360
2025-11-17 00:45:10.013 163513 DEBUG oslo_messaging._drivers.amqpdriver [-] Listener is running poll /usr/lib/python3/dist-packages/oslo_messaging/_drivers/amqpdriver.py:343
2025-11-17 00:45:10.013 163513 DEBUG oslo_messaging._drivers.amqpdriver [-] AMQPListener connection consume poll /usr/lib/python3/dist-packages/oslo_messaging/_drivers/amqpdriver.py:357
2025-11-17 00:45:10.399 163512 DEBUG oslo_service.periodic_task [req-a03e21e6-e159-4ae2-b44c-efb0be431a23 - - - - -] Running periodic task SchedulerManager._discover_hosts_in_cells run_periodic_tasks /usr/lib/python3/dist-packages/oslo_service/periodic_task.py:210
2025-11-17 00:45:10.407 163512 DEBUG oslo_concurrency.lockutils [req-a03e21e6-e159-4ae2-b44c-efb0be431a23 - - - - -] Lock "9d563877-a561-4421-a26a-b9593fa05d1b" acquired by "nova.context.set_target_cell..get_or_set_cached_cell_and_set_connections" :: waited 0.000s inner /usr/lib/python3/dist-packages/oslo_concurrency/lockutils.py:386
2025-11-17 00:45:10.407 163512 DEBUG oslo_concurrency.lockutils [req-a03e21e6-e159-4ae2-b44c-efb0be431a23 - - - - -] Lock "9d563877-a561-4421-a26a-b9593fa05d1b" "released" by "nova.context.set_target_cell..get_or_set_cached_cell_and_set_connections" :: held 0.001s inner /usr/lib/python3/dist-packages/oslo_concurrency/lockutils.py:400
2025-11-17 00:45:11.400 163511 DEBUG oslo_service.periodic_task [req-61811d55-4b69-4888-ab71-d46eb30a088c - - - - -] Running periodic task SchedulerManager._discover_hosts_in_cells run_periodic_tasks /usr/lib/python3/dist-packages/oslo_service/periodic_task.py:210
2025-11-17 00:45:11.413 163511 DEBUG oslo_concurrency.lockutils [req-61811d55-4b69-4888-ab71-d46eb30a088c - - - - -] Lock "9d563877-a561-4421-a26a-b9593fa05d1b" acquired by "nova.context.set_target_cell..get_or_set_cached_cell_and_set_connections" :: waited 0.000s inner /usr/lib/python3/dist-packages/oslo_concurrency/lockutils.py:386
2025-11-17 00:45:11.414 163511 DEBUG oslo_concurrency.lockutils [req-61811d55-4b69-4888-ab71-d46eb30a088c - - - - -] Lock "9d563877-a561-4421-a26a-b9593fa05d1b" "released" by "nova.context.set_target_cell..get_or_set_cached_cell_and_set_connections" :: held 0.000s inner /usr/lib/python3/dist-packages/oslo_concurrency/lockutils.py:400
2025-11-17 00:45:12.078 163109 INFO oslo_service.service [req-42efc9d7-5dc5-4a7f-9ba5-1320b6c20e86 - - - - -] Caught SIGTERM, stopping children
2025-11-17 00:45:12.078 163109 DEBUG oslo_concurrency.lockutils [req-42efc9d7-5dc5-4a7f-9ba5-1320b6c20e86 - - - - -] Acquired lock "singleton_lock" lock /usr/lib/python3/dist-packages/oslo_concurrency/lockutils.py:294
2025-11-17 00:45:12.079 163109 DEBUG oslo_concurrency.lockutils [req-42efc9d7-5dc5-4a7f-9ba5-1320b6c20e86 - - - - -] Releasing lock "singleton_lock" lock /usr/lib/python3/dist-packages/oslo_concurrency/lockutils.py:312
2025-11-17 00:45:12.079 163109 DEBUG oslo_service.service [req-42efc9d7-5dc5-4a7f-9ba5-1320b6c20e86 - - - - -] Stop services. stop /usr/lib/python3/dist-packages/oslo_service/service.py:695
2025-11-17 00:45:12.080 163109 DEBUG oslo_service.service [req-42efc9d7-5dc5-4a7f-9ba5-1320b6c20e86 - - - - -] Killing children. stop /usr/lib/python3/dist-packages/oslo_service/service.py:700
2025-11-17 00:45:12.080 163109 INFO oslo_service.service [req-42efc9d7-5dc5-4a7f-9ba5-1320b6c20e86 - - - - -] Waiting on 4 children to exit
2025-11-17 00:45:12.092 163109 INFO oslo_service.service [req-42efc9d7-5dc5-4a7f-9ba5-1320b6c20e86 - - - - -] Child 163512 killed by signal 15
2025-11-17 00:45:12.093 163109 INFO oslo_service.service [req-42efc9d7-5dc5-4a7f-9ba5-1320b6c20e86 - - - - -] Child 163514 killed by signal 15
2025-11-17 00:45:12.094 163109 INFO oslo_service.service [req-42efc9d7-5dc5-4a7f-9ba5-1320b6c20e86 - - - - -] Child 163513 killed by signal 15
2025-11-17 00:45:12.096 163109 INFO oslo_service.service [req-42efc9d7-5dc5-4a7f-9ba5-1320b6c20e86 - - - - -] Child 163511 killed by signal 15
2025-11-17 00:45:14.057 168446 DEBUG oslo_db.sqlalchemy.engines [req-a8d7c115-3918-4d1f-8c4f-3bc7e2ace92e - - - - -] MySQL server mode set to STRICT_TRANS_TABLES,STRICT_ALL_TABLES,NO_ZERO_IN_DATE,NO_ZERO_DATE,ERROR_FOR_DIVISION_BY_ZERO,TRADITIONAL,NO_ENGINE_SUBSTITUTION _check_effective_sql_mode /usr/lib/python3/dist-packages/oslo_db/sqlalchemy/engines.py:314
2025-11-17 00:45:14.101 168446 DEBUG nova.scheduler.host_manager [req-a8d7c115-3918-4d1f-8c4f-3bc7e2ace92e - - - - -] Found 1 cells: 9d563877-a561-4421-a26a-b9593fa05d1b refresh_cells_caches /usr/lib/python3/dist-packages/nova/scheduler/host_manager.py:730
2025-11-17 00:45:14.101 168446 DEBUG nova.scheduler.host_manager [req-a8d7c115-3918-4d1f-8c4f-3bc7e2ace92e - - - - -] Found 0 disabled cells: refresh_cells_caches /usr/lib/python3/dist-packages/nova/scheduler/host_manager.py:742
2025-11-17 00:45:14.109 168446 WARNING nova.scheduler.filters.availability_zone_filter [req-a8d7c115-3918-4d1f-8c4f-3bc7e2ace92e - - - - -] The 'AvailabilityZoneFilter' is deprecated since the 24.0.0 (Xena) release. Since the 18.0.0 (Rocky) release, nova has supported mapping AZs to placement aggregates. The feature is enabled by the 'query_placement_for_availability_zone' config option and is now enabled by default. As such, the 'AvailabilityZoneFilter' is no longer required. Nova is currently configured to use both placement and the AvailabilityZoneFilter for AZ enforcement.
2025-11-17 00:45:14.213 168446 DEBUG nova.scheduler.host_manager [req-a8d7c115-3918-4d1f-8c4f-3bc7e2ace92e - - - - -] START:_async_init_instance_info _async_init_instance_info /usr/lib/python3/dist-packages/nova/scheduler/host_manager.py:411
2025-11-17 00:45:14.216 168446 DEBUG oslo_concurrency.lockutils [req-3eeb2d56-6f38-4179-81eb-964f491f9d8a - - - - -] Lock "9d563877-a561-4421-a26a-b9593fa05d1b" acquired by "nova.context.set_target_cell..get_or_set_cached_cell_and_set_connections" :: waited 0.000s inner /usr/lib/python3/dist-packages/oslo_concurrency/lockutils.py:386
2025-11-17 00:45:14.218 168446 DEBUG oslo_concurrency.lockutils [req-3eeb2d56-6f38-4179-81eb-964f491f9d8a - - - - -] Lock "9d563877-a561-4421-a26a-b9593fa05d1b" "released" by "nova.context.set_target_cell..get_or_set_cached_cell_and_set_connections" :: held 0.002s inner /usr/lib/python3/dist-packages/oslo_concurrency/lockutils.py:400
2025-11-17 00:45:14.227 168446 DEBUG oslo_db.sqlalchemy.engines [req-3eeb2d56-6f38-4179-81eb-964f491f9d8a - - - - -] MySQL server mode set to STRICT_TRANS_TABLES,STRICT_ALL_TABLES,NO_ZERO_IN_DATE,NO_ZERO_DATE,ERROR_FOR_DIVISION_BY_ZERO,TRADITIONAL,NO_ENGINE_SUBSTITUTION _check_effective_sql_mode /usr/lib/python3/dist-packages/oslo_db/sqlalchemy/engines.py:314
2025-11-17 00:45:14.249 168446 DEBUG nova.scheduler.host_manager [req-3eeb2d56-6f38-4179-81eb-964f491f9d8a - - - - -] Total number of compute nodes: 1 _async_init_instance_info /usr/lib/python3/dist-packages/nova/scheduler/host_manager.py:424
2025-11-17 00:45:14.250 168446 DEBUG oslo_concurrency.lockutils [req-3eeb2d56-6f38-4179-81eb-964f491f9d8a - - - - -] Lock "9d563877-a561-4421-a26a-b9593fa05d1b" acquired by "nova.context.set_target_cell..get_or_set_cached_cell_and_set_connections" :: waited 0.000s inner /usr/lib/python3/dist-packages/oslo_concurrency/lockutils.py:386
2025-11-17 00:45:14.251 168446 DEBUG oslo_concurrency.lockutils [req-3eeb2d56-6f38-4179-81eb-964f491f9d8a - - - - -] Lock "9d563877-a561-4421-a26a-b9593fa05d1b" "released" by "nova.context.set_target_cell..get_or_set_cached_cell_and_set_connections" :: held 0.000s inner /usr/lib/python3/dist-packages/oslo_concurrency/lockutils.py:400
2025-11-17 00:45:14.347 168446 DEBUG nova.scheduler.host_manager [req-3eeb2d56-6f38-4179-81eb-964f491f9d8a - - - - -] Adding 0 instances for hosts 10-20 _async_init_instance_info /usr/lib/python3/dist-packages/nova/scheduler/host_manager.py:443
2025-11-17 00:45:14.348 168446 DEBUG nova.scheduler.host_manager [req-3eeb2d56-6f38-4179-81eb-964f491f9d8a - - - - -] END:_async_init_instance_info _async_init_instance_info /usr/lib/python3/dist-packages/nova/scheduler/host_manager.py:454
2025-11-17 00:45:14.577 168446 DEBUG nova.context [req-a8d7c115-3918-4d1f-8c4f-3bc7e2ace92e - - - - -] Found 2 cells: 00000000-0000-0000-0000-000000000000(cell0),9d563877-a561-4421-a26a-b9593fa05d1b(cell1) load_cells /usr/lib/python3/dist-packages/nova/context.py:464
2025-11-17 00:45:14.578 168446 DEBUG oslo_concurrency.lockutils [req-1d041013-97cb-48ab-ba2b-0292cfc89d50 - - - - -] Lock "00000000-0000-0000-0000-000000000000" acquired by "nova.context.set_target_cell..get_or_set_cached_cell_and_set_connections" :: waited 0.000s inner /usr/lib/python3/dist-packages/oslo_concurrency/lockutils.py:386
2025-11-17 00:45:14.579 168446 DEBUG oslo_concurrency.lockutils [req-1d041013-97cb-48ab-ba2b-0292cfc89d50 - - - - -] Lock "00000000-0000-0000-0000-000000000000" "released" by "nova.context.set_target_cell..get_or_set_cached_cell_and_set_connections" :: held 0.001s inner /usr/lib/python3/dist-packages/oslo_concurrency/lockutils.py:400
2025-11-17 00:45:14.580 168446 DEBUG oslo_concurrency.lockutils [req-1d041013-97cb-48ab-ba2b-0292cfc89d50 - - - - -] Lock "9d563877-a561-4421-a26a-b9593fa05d1b" acquired by "nova.context.set_target_cell..get_or_set_cached_cell_and_set_connections" :: waited 0.000s inner /usr/lib/python3/dist-packages/oslo_concurrency/lockutils.py:386
2025-11-17 00:45:14.580 168446 DEBUG oslo_concurrency.lockutils [req-1d041013-97cb-48ab-ba2b-0292cfc89d50 - - - - -] Lock "9d563877-a561-4421-a26a-b9593fa05d1b" "released" by "nova.context.set_target_cell..get_or_set_cached_cell_and_set_connections" :: held 0.000s inner /usr/lib/python3/dist-packages/oslo_concurrency/lockutils.py:400
2025-11-17 00:45:14.590 168446 DEBUG oslo_db.sqlalchemy.engines [req-1d041013-97cb-48ab-ba2b-0292cfc89d50 - - - - -] MySQL server mode set to STRICT_TRANS_TABLES,STRICT_ALL_TABLES,NO_ZERO_IN_DATE,NO_ZERO_DATE,ERROR_FOR_DIVISION_BY_ZERO,TRADITIONAL,NO_ENGINE_SUBSTITUTION _check_effective_sql_mode /usr/lib/python3/dist-packages/oslo_db/sqlalchemy/engines.py:314
2025-11-17 00:45:14.601 168446 DEBUG oslo_concurrency.lockutils [req-1d041013-97cb-48ab-ba2b-0292cfc89d50 - - - - -] Acquired lock "singleton_lock" lock /usr/lib/python3/dist-packages/oslo_concurrency/lockutils.py:294
2025-11-17 00:45:14.602 168446 DEBUG oslo_concurrency.lockutils [req-1d041013-97cb-48ab-ba2b-0292cfc89d50 - - - - -] Releasing lock "singleton_lock" lock /usr/lib/python3/dist-packages/oslo_concurrency/lockutils.py:312
2025-11-17 00:45:14.602 168446 INFO oslo_service.service [req-1d041013-97cb-48ab-ba2b-0292cfc89d50 - - - - -] Starting 4 workers
2025-11-17 00:45:14.608 168446 DEBUG oslo_service.service [req-1d041013-97cb-48ab-ba2b-0292cfc89d50 - - - - -] Started child 168760 _start_child /usr/lib/python3/dist-packages/oslo_service/service.py:575
2025-11-17 00:45:14.614 168760 INFO nova.service [-] Starting scheduler node (version 25.2.1)
2025-11-17 00:45:14.615 168446 DEBUG oslo_service.service [req-1d041013-97cb-48ab-ba2b-0292cfc89d50 - - - - -] Started child 168761 _start_child /usr/lib/python3/dist-packages/oslo_service/service.py:575
2025-11-17 00:45:14.620 168761 INFO nova.service [-] Starting scheduler node (version 25.2.1)
2025-11-17 00:45:14.622 168446 DEBUG oslo_service.service [req-1d041013-97cb-48ab-ba2b-0292cfc89d50 - - - - -] Started child 168762 _start_child /usr/lib/python3/dist-packages/oslo_service/service.py:575
2025-11-17 00:45:14.627 168762 INFO nova.service [-] Starting scheduler node (version 25.2.1)
2025-11-17 00:45:14.634 168761 DEBUG oslo_db.sqlalchemy.engines [req-67ad9b46-33b4-44cb-9da2-c4a42fb8bbf8 - - - - -] MySQL server mode set to STRICT_TRANS_TABLES,STRICT_ALL_TABLES,NO_ZERO_IN_DATE,NO_ZERO_DATE,ERROR_FOR_DIVISION_BY_ZERO,TRADITIONAL,NO_ENGINE_SUBSTITUTION _check_effective_sql_mode /usr/lib/python3/dist-packages/oslo_db/sqlalchemy/engines.py:314
2025-11-17 00:45:14.635 168763 INFO nova.service [-] Starting scheduler node (version 25.2.1)
2025-11-17 00:45:14.629 168446 DEBUG oslo_service.service [req-1d041013-97cb-48ab-ba2b-0292cfc89d50 - - - - -] Started child 168763 _start_child /usr/lib/python3/dist-packages/oslo_service/service.py:575
2025-11-17 00:45:14.636 168446 DEBUG oslo_service.service [req-1d041013-97cb-48ab-ba2b-0292cfc89d50 - - - - -] Full set of CONF: wait /usr/lib/python3/dist-packages/oslo_service/service.py:649
2025-11-17 00:45:14.637 168446 DEBUG oslo_service.service [req-1d041013-97cb-48ab-ba2b-0292cfc89d50 - - - - -] ******************************************************************************** log_opt_values /usr/lib/python3/dist-packages/oslo_config/cfg.py:2589
2025-11-17 00:45:14.637 168446 DEBUG oslo_service.service [req-1d041013-97cb-48ab-ba2b-0292cfc89d50 - - - - -] Configuration options gathered from: log_opt_values /usr/lib/python3/dist-packages/oslo_config/cfg.py:2590
2025-11-17 00:45:14.638 168446 DEBUG oslo_service.service [req-1d041013-97cb-48ab-ba2b-0292cfc89d50 - - - - -] command line args: ['--config-file=/etc/nova/nova.conf', '--log-file=/var/log/nova/nova-scheduler.log'] log_opt_values /usr/lib/python3/dist-packages/oslo_config/cfg.py:2591
2025-11-17 00:45:14.639 168446 DEBUG oslo_service.service [req-1d041013-97cb-48ab-ba2b-0292cfc89d50 - - - - -] config files: ['/etc/nova/nova.conf'] log_opt_values /usr/lib/python3/dist-packages/oslo_config/cfg.py:2592
2025-11-17 00:45:14.639 168762 DEBUG oslo_db.sqlalchemy.engines [req-157f3f06-2324-4125-8599-916aabe7c7bb - - - - -] MySQL server mode set to STRICT_TRANS_TABLES,STRICT_ALL_TABLES,NO_ZERO_IN_DATE,NO_ZERO_DATE,ERROR_FOR_DIVISION_BY_ZERO,TRADITIONAL,NO_ENGINE_SUBSTITUTION _check_effective_sql_mode /usr/lib/python3/dist-packages/oslo_db/sqlalchemy/engines.py:314
2025-11-17 00:45:14.639 168446 DEBUG oslo_service.service [req-1d041013-97cb-48ab-ba2b-0292cfc89d50 - - - - -] ================================================================================ log_opt_values /usr/lib/python3/dist-packages/oslo_config/cfg.py:2594
2025-11-17 00:45:14.640 168446 DEBUG oslo_service.service [req-1d041013-97cb-48ab-ba2b-0292cfc89d50 - - - - -] allow_resize_to_same_host = False log_opt_values /usr/lib/python3/dist-packages/oslo_config/cfg.py:2602
2025-11-17 00:45:14.640 168446 DEBUG oslo_service.service [req-1d041013-97cb-48ab-ba2b-0292cfc89d50 - - - - -] arq_binding_timeout = 300 log_opt_values /usr/lib/python3/dist-packages/oslo_config/cfg.py:2602
2025-11-17 00:45:14.641 168446 DEBUG oslo_service.service [req-1d041013-97cb-48ab-ba2b-0292cfc89d50 - - - - -] block_device_allocate_retries = 60 log_opt_values /usr/lib/python3/dist-packages/oslo_config/cfg.py:2602
2025-11-17 00:45:14.641 168446 DEBUG oslo_service.service [req-1d041013-97cb-48ab-ba2b-0292cfc89d50 - - - - -] block_device_allocate_retries_interval = 3 log_opt_values /usr/lib/python3/dist-packages/oslo_config/cfg.py:2602
2025-11-17 00:45:14.642 168446 DEBUG oslo_service.service [req-1d041013-97cb-48ab-ba2b-0292cfc89d50 - - - - -] cert = self.pem log_opt_values /usr/lib/python3/dist-packages/oslo_config/cfg.py:2602
2025-11-17 00:45:14.642 168446 DEBUG oslo_service.service [req-1d041013-97cb-48ab-ba2b-0292cfc89d50 - - - - -] compute_driver = libvirt.LibvirtDriver log_opt_values /usr/lib/python3/dist-packages/oslo_config/cfg.py:2602
2025-11-17 00:45:14.642 168446 DEBUG oslo_service.service [req-1d041013-97cb-48ab-ba2b-0292cfc89d50 - - - - -] compute_monitors = [] log_opt_values /usr/lib/python3/dist-packages/oslo_config/cfg.py:2602
2025-11-17 00:45:14.643 168446 DEBUG oslo_service.service [req-1d041013-97cb-48ab-ba2b-0292cfc89d50 - - - - -] config_dir = [] log_opt_values /usr/lib/python3/dist-packages/oslo_config/cfg.py:2602
2025-11-17 00:45:14.643 168446 DEBUG oslo_service.service [req-1d041013-97cb-48ab-ba2b-0292cfc89d50 - - - - -] config_drive_format = iso9660 log_opt_values /usr/lib/python3/dist-packages/oslo_config/cfg.py:2602
2025-11-17 00:45:14.643 168446 DEBUG oslo_service.service [req-1d041013-97cb-48ab-ba2b-0292cfc89d50 - - - - -] config_file = ['/etc/nova/nova.conf'] log_opt_values /usr/lib/python3/dist-packages/oslo_config/cfg.py:2602
2025-11-17 00:45:14.643 168446 DEBUG oslo_service.service [req-1d041013-97cb-48ab-ba2b-0292cfc89d50 - - - - -] config_source = [] log_opt_values /usr/lib/python3/dist-packages/oslo_config/cfg.py:2602
2025-11-17 00:45:14.644 168446 DEBUG oslo_service.service [req-1d041013-97cb-48ab-ba2b-0292cfc89d50 - - - - -] console_host = juju-aeac2a-0-lxd-7 log_opt_values /usr/lib/python3/dist-packages/oslo_config/cfg.py:2602
2025-11-17 00:45:14.645 168446 DEBUG oslo_service.service [req-1d041013-97cb-48ab-ba2b-0292cfc89d50 - - - - -] control_exchange = nova log_opt_values /usr/lib/python3/dist-packages/oslo_config/cfg.py:2602
2025-11-17 00:45:14.647 168760 DEBUG oslo_db.sqlalchemy.engines [req-28d91edb-6df3-4a68-904f-72b5fd477ee5 - - - - -] MySQL server mode set to STRICT_TRANS_TABLES,STRICT_ALL_TABLES,NO_ZERO_IN_DATE,NO_ZERO_DATE,ERROR_FOR_DIVISION_BY_ZERO,TRADITIONAL,NO_ENGINE_SUBSTITUTION _check_effective_sql_mode /usr/lib/python3/dist-packages/oslo_db/sqlalchemy/engines.py:314
2025-11-17 00:45:14.648 168446 DEBUG oslo_service.service [req-1d041013-97cb-48ab-ba2b-0292cfc89d50 - - - - -] cpu_allocation_ratio = 2.0 log_opt_values /usr/lib/python3/dist-packages/oslo_config/cfg.py:2602
2025-11-17 00:45:14.648 168763 DEBUG oslo_db.sqlalchemy.engines [req-61d65b43-ec10-4aab-95de-d2461080b6e9 - - - - -] MySQL server mode set to STRICT_TRANS_TABLES,STRICT_ALL_TABLES,NO_ZERO_IN_DATE,NO_ZERO_DATE,ERROR_FOR_DIVISION_BY_ZERO,TRADITIONAL,NO_ENGINE_SUBSTITUTION _check_effective_sql_mode /usr/lib/python3/dist-packages/oslo_db/sqlalchemy/engines.py:314
2025-11-17 00:45:14.648 168446 DEBUG oslo_service.service [req-1d041013-97cb-48ab-ba2b-0292cfc89d50 - - - - -] daemon = False log_opt_values /usr/lib/python3/dist-packages/oslo_config/cfg.py:2602
2025-11-17 00:45:14.649 168446 DEBUG oslo_service.service [req-1d041013-97cb-48ab-ba2b-0292cfc89d50 - - - - -] debug = True log_opt_values /usr/lib/python3/dist-packages/oslo_config/cfg.py:2602
2025-11-17 00:45:14.649 168446 DEBUG oslo_service.service [req-1d041013-97cb-48ab-ba2b-0292cfc89d50 - - - - -] default_access_ip_network_name = None log_opt_values /usr/lib/python3/dist-packages/oslo_config/cfg.py:2602
2025-11-17 00:45:14.649 168446 DEBUG oslo_service.service [req-1d041013-97cb-48ab-ba2b-0292cfc89d50 - - - - -] default_availability_zone = nova log_opt_values /usr/lib/python3/dist-packages/oslo_config/cfg.py:2602
2025-11-17 00:45:14.650 168446 DEBUG oslo_service.service [req-1d041013-97cb-48ab-ba2b-0292cfc89d50 - - - - -] default_ephemeral_format = None log_opt_values /usr/lib/python3/dist-packages/oslo_config/cfg.py:2602
2025-11-17 00:45:14.651 168446 DEBUG oslo_service.service [req-1d041013-97cb-48ab-ba2b-0292cfc89d50 - - - - -] default_log_levels = ['amqp=WARN', 'amqplib=WARN', 'boto=WARN', 'qpid=WARN', 'sqlalchemy=WARN', 'suds=INFO', 'oslo.messaging=INFO', 'oslo_messaging=DEBUG', 'iso8601=WARN', 'requests.packages.urllib3.connectionpool=WARN', 'urllib3.connectionpool=WARN', 'websocket=WARN', 'requests.packages.urllib3.util.retry=WARN', 'urllib3.util.retry=WARN', 'keystonemiddleware=WARN', 'routes.middleware=WARN', 'stevedore=WARN', 'taskflow=WARN', 'keystoneauth=WARN', 'oslo.cache=INFO', 'dogpile.core.dogpile=INFO', 'glanceclient=WARN', 'oslo.privsep.daemon=INFO'] log_opt_values /usr/lib/python3/dist-packages/oslo_config/cfg.py:2602
2025-11-17 00:45:14.651 168446 DEBUG oslo_service.service [req-1d041013-97cb-48ab-ba2b-0292cfc89d50 - - - - -] default_schedule_zone = None log_opt_values /usr/lib/python3/dist-packages/oslo_config/cfg.py:2602
2025-11-17 00:45:14.652 168446 DEBUG oslo_service.service [req-1d041013-97cb-48ab-ba2b-0292cfc89d50 - - - - -] disk_allocation_ratio = 1.0 log_opt_values /usr/lib/python3/dist-packages/oslo_config/cfg.py:2602
2025-11-17 00:45:14.652 168446 DEBUG oslo_service.service [req-1d041013-97cb-48ab-ba2b-0292cfc89d50 - - - - -] enable_new_services = True log_opt_values /usr/lib/python3/dist-packages/oslo_config/cfg.py:2602
2025-11-17 00:45:14.653 168446 DEBUG oslo_service.service [req-1d041013-97cb-48ab-ba2b-0292cfc89d50 - - - - -] enabled_apis = ['osapi_compute', 'metadata'] log_opt_values /usr/lib/python3/dist-packages/oslo_config/cfg.py:2602
2025-11-17 00:45:14.653 168446 DEBUG oslo_service.service [req-1d041013-97cb-48ab-ba2b-0292cfc89d50 - - - - -] enabled_ssl_apis = [] log_opt_values /usr/lib/python3/dist-packages/oslo_config/cfg.py:2602
2025-11-17 00:45:14.653 168446 DEBUG oslo_service.service [req-1d041013-97cb-48ab-ba2b-0292cfc89d50 - - - - -] fatal_deprecations = False log_opt_values /usr/lib/python3/dist-packages/oslo_config/cfg.py:2602
2025-11-17 00:45:14.653 168446 DEBUG oslo_service.service [req-1d041013-97cb-48ab-ba2b-0292cfc89d50 - - - - -] flat_injected = False log_opt_values /usr/lib/python3/dist-packages/oslo_config/cfg.py:2602
2025-11-17 00:45:14.654 168446 DEBUG oslo_service.service [req-1d041013-97cb-48ab-ba2b-0292cfc89d50 - - - - -] force_config_drive = False log_opt_values /usr/lib/python3/dist-packages/oslo_config/cfg.py:2602
2025-11-17 00:45:14.655 168446 DEBUG oslo_service.service [req-1d041013-97cb-48ab-ba2b-0292cfc89d50 - - - - -] force_raw_images = True log_opt_values /usr/lib/python3/dist-packages/oslo_config/cfg.py:2602
2025-11-17 00:45:14.655 168446 DEBUG oslo_service.service [req-1d041013-97cb-48ab-ba2b-0292cfc89d50 - - - - -] graceful_shutdown_timeout = 60 log_opt_values /usr/lib/python3/dist-packages/oslo_config/cfg.py:2602
2025-11-17 00:45:14.655 168446 DEBUG oslo_service.service [req-1d041013-97cb-48ab-ba2b-0292cfc89d50 - - - - -] heal_instance_info_cache_interval = 60 log_opt_values /usr/lib/python3/dist-packages/oslo_config/cfg.py:2602
2025-11-17 00:45:14.655 168761 DEBUG nova.service [req-67ad9b46-33b4-44cb-9da2-c4a42fb8bbf8 - - - - -] Creating RPC server for service scheduler start /usr/lib/python3/dist-packages/nova/service.py:182
2025-11-17 00:45:14.656 168446 DEBUG oslo_service.service [req-1d041013-97cb-48ab-ba2b-0292cfc89d50 - - - - -] host = juju-aeac2a-0-lxd-7 log_opt_values /usr/lib/python3/dist-packages/oslo_config/cfg.py:2602
2025-11-17 00:45:14.656 168446 DEBUG oslo_service.service [req-1d041013-97cb-48ab-ba2b-0292cfc89d50 - - - - -] initial_cpu_allocation_ratio = 16.0 log_opt_values /usr/lib/python3/dist-packages/oslo_config/cfg.py:2602
2025-11-17 00:45:14.656 168446 DEBUG oslo_service.service [req-1d041013-97cb-48ab-ba2b-0292cfc89d50 - - - - -] initial_disk_allocation_ratio = 1.0 log_opt_values /usr/lib/python3/dist-packages/oslo_config/cfg.py:2602
2025-11-17 00:45:14.657 168446 DEBUG oslo_service.service [req-1d041013-97cb-48ab-ba2b-0292cfc89d50 - - - - -] initial_ram_allocation_ratio = 1.5 log_opt_values /usr/lib/python3/dist-packages/oslo_config/cfg.py:2602
2025-11-17 00:45:14.657 168446 DEBUG oslo_service.service [req-1d041013-97cb-48ab-ba2b-0292cfc89d50 - - - - -] injected_network_template = /usr/lib/python3/dist-packages/nova/virt/interfaces.template log_opt_values /usr/lib/python3/dist-packages/oslo_config/cfg.py:2602
2025-11-17 00:45:14.657 168446 DEBUG oslo_service.service [req-1d041013-97cb-48ab-ba2b-0292cfc89d50 - - - - -] instance_build_timeout = 0 log_opt_values /usr/lib/python3/dist-packages/oslo_config/cfg.py:2602
2025-11-17 00:45:14.658 168446 DEBUG oslo_service.service [req-1d041013-97cb-48ab-ba2b-0292cfc89d50 - - - - -] instance_delete_interval = 300 log_opt_values /usr/lib/python3/dist-packages/oslo_config/cfg.py:2602
2025-11-17 00:45:14.658 168446 DEBUG oslo_service.service [req-1d041013-97cb-48ab-ba2b-0292cfc89d50 - - - - -] instance_format = [instance: %(uuid)s] log_opt_values /usr/lib/python3/dist-packages/oslo_config/cfg.py:2602
2025-11-17 00:45:14.658 168446 DEBUG oslo_service.service [req-1d041013-97cb-48ab-ba2b-0292cfc89d50 - - - - -] instance_name_template = instance-%08x log_opt_values /usr/lib/python3/dist-packages/oslo_config/cfg.py:2602
2025-11-17 00:45:14.658 168446 DEBUG oslo_service.service [req-1d041013-97cb-48ab-ba2b-0292cfc89d50 - - - - -] instance_usage_audit = False log_opt_values /usr/lib/python3/dist-packages/oslo_config/cfg.py:2602
2025-11-17 00:45:14.659 168446 DEBUG oslo_service.service [req-1d041013-97cb-48ab-ba2b-0292cfc89d50 - - - - -] instance_usage_audit_period = month log_opt_values /usr/lib/python3/dist-packages/oslo_config/cfg.py:2602
2025-11-17 00:45:14.659 168446 DEBUG oslo_service.service [req-1d041013-97cb-48ab-ba2b-0292cfc89d50 - - - - -] instance_uuid_format = [instance: %(uuid)s] log_opt_values /usr/lib/python3/dist-packages/oslo_config/cfg.py:2602
2025-11-17 00:45:14.659 168446 DEBUG oslo_service.service [req-1d041013-97cb-48ab-ba2b-0292cfc89d50 - - - - -] instances_path = /var/lib/nova/instances log_opt_values /usr/lib/python3/dist-packages/oslo_config/cfg.py:2602
2025-11-17 00:45:14.660 168446 DEBUG oslo_service.service [req-1d041013-97cb-48ab-ba2b-0292cfc89d50 - - - - -] internal_service_availability_zone = internal log_opt_values /usr/lib/python3/dist-packages/oslo_config/cfg.py:2602
2025-11-17 00:45:14.660 168762 DEBUG nova.service [req-157f3f06-2324-4125-8599-916aabe7c7bb - - - - -] Creating RPC server for service scheduler start /usr/lib/python3/dist-packages/nova/service.py:182
2025-11-17 00:45:14.660 168446 DEBUG oslo_service.service [req-1d041013-97cb-48ab-ba2b-0292cfc89d50 - - - - -] key = None log_opt_values /usr/lib/python3/dist-packages/oslo_config/cfg.py:2602
2025-11-17 00:45:14.661 168446 DEBUG oslo_service.service [req-1d041013-97cb-48ab-ba2b-0292cfc89d50 - - - - -] live_migration_retry_count = 30 log_opt_values /usr/lib/python3/dist-packages/oslo_config/cfg.py:2602
2025-11-17 00:45:14.661 168446 DEBUG oslo_service.service [req-1d041013-97cb-48ab-ba2b-0292cfc89d50 - - - - -] log_config_append = None log_opt_values /usr/lib/python3/dist-packages/oslo_config/cfg.py:2602
2025-11-17 00:45:14.661 168446 DEBUG oslo_service.service [req-1d041013-97cb-48ab-ba2b-0292cfc89d50 - - - - -] log_date_format = %Y-%m-%d %H:%M:%S log_opt_values /usr/lib/python3/dist-packages/oslo_config/cfg.py:2602
2025-11-17 00:45:14.662 168446 DEBUG oslo_service.service [req-1d041013-97cb-48ab-ba2b-0292cfc89d50 - - - - -] log_dir = /var/log/nova log_opt_values /usr/lib/python3/dist-packages/oslo_config/cfg.py:2602
2025-11-17 00:45:14.662 168446 DEBUG oslo_service.service [req-1d041013-97cb-48ab-ba2b-0292cfc89d50 - - - - -] log_file = /var/log/nova/nova-scheduler.log log_opt_values /usr/lib/python3/dist-packages/oslo_config/cfg.py:2602
2025-11-17 00:45:14.662 168446 DEBUG oslo_service.service [req-1d041013-97cb-48ab-ba2b-0292cfc89d50 - - - - -] log_options = True log_opt_values /usr/lib/python3/dist-packages/oslo_config/cfg.py:2602
2025-11-17 00:45:14.662 168446 DEBUG oslo_service.service [req-1d041013-97cb-48ab-ba2b-0292cfc89d50 - - - - -] log_rotate_interval = 1 log_opt_values /usr/lib/python3/dist-packages/oslo_config/cfg.py:2602
2025-11-17 00:45:14.662 168446 DEBUG oslo_service.service [req-1d041013-97cb-48ab-ba2b-0292cfc89d50 - - - - -] log_rotate_interval_type = days log_opt_values /usr/lib/python3/dist-packages/oslo_config/cfg.py:2602
2025-11-17 00:45:14.663 168446 DEBUG oslo_service.service [req-1d041013-97cb-48ab-ba2b-0292cfc89d50 - - - - -] log_rotation_type = none log_opt_values /usr/lib/python3/dist-packages/oslo_config/cfg.py:2602
2025-11-17 00:45:14.663 168446 DEBUG oslo_service.service [req-1d041013-97cb-48ab-ba2b-0292cfc89d50 - - - - -] logging_context_format_string = %(asctime)s.%(msecs)03d %(process)d %(levelname)s %(name)s [%(request_id)s %(user_identity)s] %(instance)s%(message)s log_opt_values /usr/lib/python3/dist-packages/oslo_config/cfg.py:2602
2025-11-17 00:45:14.663 168446 DEBUG oslo_service.service [req-1d041013-97cb-48ab-ba2b-0292cfc89d50 - - - - -] logging_debug_format_suffix = %(funcName)s %(pathname)s:%(lineno)d log_opt_values /usr/lib/python3/dist-packages/oslo_config/cfg.py:2602
2025-11-17 00:45:14.663 168446 DEBUG oslo_service.service [req-1d041013-97cb-48ab-ba2b-0292cfc89d50 - - - - -] logging_default_format_string = %(asctime)s.%(msecs)03d %(process)d %(levelname)s %(name)s [-] %(instance)s%(message)s log_opt_values /usr/lib/python3/dist-packages/oslo_config/cfg.py:2602
2025-11-17 00:45:14.664 168446 DEBUG oslo_service.service [req-1d041013-97cb-48ab-ba2b-0292cfc89d50 - - - - -] logging_exception_prefix = %(asctime)s.%(msecs)03d %(process)d ERROR %(name)s %(instance)s log_opt_values /usr/lib/python3/dist-packages/oslo_config/cfg.py:2602
2025-11-17 00:45:14.664 168446 DEBUG oslo_service.service [req-1d041013-97cb-48ab-ba2b-0292cfc89d50 - - - - -] logging_user_identity_format = %(user)s %(project)s %(domain)s %(user_domain)s %(project_domain)s log_opt_values /usr/lib/python3/dist-packages/oslo_config/cfg.py:2602
2025-11-17 00:45:14.665 168446 DEBUG oslo_service.service [req-1d041013-97cb-48ab-ba2b-0292cfc89d50 - - - - -] long_rpc_timeout = 1800 log_opt_values /usr/lib/python3/dist-packages/oslo_config/cfg.py:2602
2025-11-17 00:45:14.665 168446 DEBUG oslo_service.service [req-1d041013-97cb-48ab-ba2b-0292cfc89d50 - - - - -] max_concurrent_builds = 10 log_opt_values /usr/lib/python3/dist-packages/oslo_config/cfg.py:2602
2025-11-17 00:45:14.665 168446 DEBUG oslo_service.service [req-1d041013-97cb-48ab-ba2b-0292cfc89d50 - - - - -] max_concurrent_live_migrations = 1 log_opt_values /usr/lib/python3/dist-packages/oslo_config/cfg.py:2602
