2025-11-17 00:45:14.665 168446 DEBUG oslo_service.service [req-1d041013-97cb-48ab-ba2b-0292cfc89d50 - - - - -] max_concurrent_snapshots = 5 log_opt_values /usr/lib/python3/dist-packages/oslo_config/cfg.py:2602
2025-11-17 00:45:14.666 168446 DEBUG oslo_service.service [req-1d041013-97cb-48ab-ba2b-0292cfc89d50 - - - - -] max_local_block_devices = 3 log_opt_values /usr/lib/python3/dist-packages/oslo_config/cfg.py:2602
2025-11-17 00:45:14.666 168763 DEBUG nova.service [req-61d65b43-ec10-4aab-95de-d2461080b6e9 - - - - -] Creating RPC server for service scheduler start /usr/lib/python3/dist-packages/nova/service.py:182
2025-11-17 00:45:14.666 168446 DEBUG oslo_service.service [req-1d041013-97cb-48ab-ba2b-0292cfc89d50 - - - - -] max_logfile_count = 30 log_opt_values /usr/lib/python3/dist-packages/oslo_config/cfg.py:2602
2025-11-17 00:45:14.666 168446 DEBUG oslo_service.service [req-1d041013-97cb-48ab-ba2b-0292cfc89d50 - - - - -] max_logfile_size_mb = 200 log_opt_values /usr/lib/python3/dist-packages/oslo_config/cfg.py:2602
2025-11-17 00:45:14.666 168446 DEBUG oslo_service.service [req-1d041013-97cb-48ab-ba2b-0292cfc89d50 - - - - -] maximum_instance_delete_attempts = 5 log_opt_values /usr/lib/python3/dist-packages/oslo_config/cfg.py:2602
2025-11-17 00:45:14.667 168446 DEBUG oslo_service.service [req-1d041013-97cb-48ab-ba2b-0292cfc89d50 - - - - -] metadata_listen = 0.0.0.0 log_opt_values /usr/lib/python3/dist-packages/oslo_config/cfg.py:2602
2025-11-17 00:45:14.667 168446 DEBUG oslo_service.service [req-1d041013-97cb-48ab-ba2b-0292cfc89d50 - - - - -] metadata_listen_port = 8765 log_opt_values /usr/lib/python3/dist-packages/oslo_config/cfg.py:2602
2025-11-17 00:45:14.667 168446 DEBUG oslo_service.service [req-1d041013-97cb-48ab-ba2b-0292cfc89d50 - - - - -] metadata_workers = None log_opt_values /usr/lib/python3/dist-packages/oslo_config/cfg.py:2602
2025-11-17 00:45:14.668 168446 DEBUG oslo_service.service [req-1d041013-97cb-48ab-ba2b-0292cfc89d50 - - - - -] migrate_max_retries = -1 log_opt_values /usr/lib/python3/dist-packages/oslo_config/cfg.py:2602
2025-11-17 00:45:14.668 168446 DEBUG oslo_service.service [req-1d041013-97cb-48ab-ba2b-0292cfc89d50 - - - - -] mkisofs_cmd = genisoimage log_opt_values /usr/lib/python3/dist-packages/oslo_config/cfg.py:2602
2025-11-17 00:45:14.668 168446 DEBUG oslo_service.service [req-1d041013-97cb-48ab-ba2b-0292cfc89d50 - - - - -] my_block_storage_ip = 252.129.78.7 log_opt_values /usr/lib/python3/dist-packages/oslo_config/cfg.py:2602
2025-11-17 00:45:14.668 168446 DEBUG oslo_service.service [req-1d041013-97cb-48ab-ba2b-0292cfc89d50 - - - - -] my_ip = 252.129.78.7 log_opt_values /usr/lib/python3/dist-packages/oslo_config/cfg.py:2602
2025-11-17 00:45:14.669 168446 DEBUG oslo_service.service [req-1d041013-97cb-48ab-ba2b-0292cfc89d50 - - - - -] network_allocate_retries = 0 log_opt_values /usr/lib/python3/dist-packages/oslo_config/cfg.py:2602
2025-11-17 00:45:14.669 168446 DEBUG oslo_service.service [req-1d041013-97cb-48ab-ba2b-0292cfc89d50 - - - - -] non_inheritable_image_properties = ['cache_in_nova', 'bittorrent'] log_opt_values /usr/lib/python3/dist-packages/oslo_config/cfg.py:2602
2025-11-17 00:45:14.669 168446 DEBUG oslo_service.service [req-1d041013-97cb-48ab-ba2b-0292cfc89d50 - - - - -] osapi_compute_listen = 0.0.0.0 log_opt_values /usr/lib/python3/dist-packages/oslo_config/cfg.py:2602
2025-11-17 00:45:14.670 168446 DEBUG oslo_service.service [req-1d041013-97cb-48ab-ba2b-0292cfc89d50 - - - - -] osapi_compute_listen_port = 8764 log_opt_values /usr/lib/python3/dist-packages/oslo_config/cfg.py:2602
2025-11-17 00:45:14.670 168446 DEBUG oslo_service.service [req-1d041013-97cb-48ab-ba2b-0292cfc89d50 - - - - -] osapi_compute_unique_server_name_scope = log_opt_values /usr/lib/python3/dist-packages/oslo_config/cfg.py:2602
2025-11-17 00:45:14.670 168446 DEBUG oslo_service.service [req-1d041013-97cb-48ab-ba2b-0292cfc89d50 - - - - -] osapi_compute_workers = 4 log_opt_values /usr/lib/python3/dist-packages/oslo_config/cfg.py:2602
2025-11-17 00:45:14.670 168446 DEBUG oslo_service.service [req-1d041013-97cb-48ab-ba2b-0292cfc89d50 - - - - -] password_length = 12 log_opt_values /usr/lib/python3/dist-packages/oslo_config/cfg.py:2602
2025-11-17 00:45:14.670 168760 DEBUG nova.service [req-28d91edb-6df3-4a68-904f-72b5fd477ee5 - - - - -] Creating RPC server for service scheduler start /usr/lib/python3/dist-packages/nova/service.py:182
2025-11-17 00:45:14.671 168446 DEBUG oslo_service.service [req-1d041013-97cb-48ab-ba2b-0292cfc89d50 - - - - -] periodic_enable = True log_opt_values /usr/lib/python3/dist-packages/oslo_config/cfg.py:2602
2025-11-17 00:45:14.671 168446 DEBUG oslo_service.service [req-1d041013-97cb-48ab-ba2b-0292cfc89d50 - - - - -] periodic_fuzzy_delay = 60 log_opt_values /usr/lib/python3/dist-packages/oslo_config/cfg.py:2602
2025-11-17 00:45:14.671 168446 DEBUG oslo_service.service [req-1d041013-97cb-48ab-ba2b-0292cfc89d50 - - - - -] pointer_model = usbtablet log_opt_values /usr/lib/python3/dist-packages/oslo_config/cfg.py:2602
2025-11-17 00:45:14.671 168446 DEBUG oslo_service.service [req-1d041013-97cb-48ab-ba2b-0292cfc89d50 - - - - -] preallocate_images = none log_opt_values /usr/lib/python3/dist-packages/oslo_config/cfg.py:2602
2025-11-17 00:45:14.673 168446 DEBUG oslo_service.service [req-1d041013-97cb-48ab-ba2b-0292cfc89d50 - - - - -] publish_errors = False log_opt_values /usr/lib/python3/dist-packages/oslo_config/cfg.py:2602
2025-11-17 00:45:14.673 168446 DEBUG oslo_service.service [req-1d041013-97cb-48ab-ba2b-0292cfc89d50 - - - - -] pybasedir = /usr/lib/python3/dist-packages log_opt_values /usr/lib/python3/dist-packages/oslo_config/cfg.py:2602
2025-11-17 00:45:14.673 168446 DEBUG oslo_service.service [req-1d041013-97cb-48ab-ba2b-0292cfc89d50 - - - - -] ram_allocation_ratio = 0.98 log_opt_values /usr/lib/python3/dist-packages/oslo_config/cfg.py:2602
2025-11-17 00:45:14.674 168446 DEBUG oslo_service.service [req-1d041013-97cb-48ab-ba2b-0292cfc89d50 - - - - -] rate_limit_burst = 0 log_opt_values /usr/lib/python3/dist-packages/oslo_config/cfg.py:2602
2025-11-17 00:45:14.674 168446 DEBUG oslo_service.service [req-1d041013-97cb-48ab-ba2b-0292cfc89d50 - - - - -] rate_limit_except_level = CRITICAL log_opt_values /usr/lib/python3/dist-packages/oslo_config/cfg.py:2602
2025-11-17 00:45:14.675 168446 DEBUG oslo_service.service [req-1d041013-97cb-48ab-ba2b-0292cfc89d50 - - - - -] rate_limit_interval = 0 log_opt_values /usr/lib/python3/dist-packages/oslo_config/cfg.py:2602
2025-11-17 00:45:14.675 168446 DEBUG oslo_service.service [req-1d041013-97cb-48ab-ba2b-0292cfc89d50 - - - - -] reboot_timeout = 0 log_opt_values /usr/lib/python3/dist-packages/oslo_config/cfg.py:2602
2025-11-17 00:45:14.675 168446 DEBUG oslo_service.service [req-1d041013-97cb-48ab-ba2b-0292cfc89d50 - - - - -] reclaim_instance_interval = 0 log_opt_values /usr/lib/python3/dist-packages/oslo_config/cfg.py:2602
2025-11-17 00:45:14.676 168446 DEBUG oslo_service.service [req-1d041013-97cb-48ab-ba2b-0292cfc89d50 - - - - -] record = None log_opt_values /usr/lib/python3/dist-packages/oslo_config/cfg.py:2602
2025-11-17 00:45:14.676 168446 DEBUG oslo_service.service [req-1d041013-97cb-48ab-ba2b-0292cfc89d50 - - - - -] report_interval = 10 log_opt_values /usr/lib/python3/dist-packages/oslo_config/cfg.py:2602
2025-11-17 00:45:14.676 168446 DEBUG oslo_service.service [req-1d041013-97cb-48ab-ba2b-0292cfc89d50 - - - - -] rescue_timeout = 0 log_opt_values /usr/lib/python3/dist-packages/oslo_config/cfg.py:2602
2025-11-17 00:45:14.677 168446 DEBUG oslo_service.service [req-1d041013-97cb-48ab-ba2b-0292cfc89d50 - - - - -] reserved_host_cpus = 0 log_opt_values /usr/lib/python3/dist-packages/oslo_config/cfg.py:2602
2025-11-17 00:45:14.677 168446 DEBUG oslo_service.service [req-1d041013-97cb-48ab-ba2b-0292cfc89d50 - - - - -] reserved_host_disk_mb = 0 log_opt_values /usr/lib/python3/dist-packages/oslo_config/cfg.py:2602
2025-11-17 00:45:14.677 168446 DEBUG oslo_service.service [req-1d041013-97cb-48ab-ba2b-0292cfc89d50 - - - - -] reserved_host_memory_mb = 512 log_opt_values /usr/lib/python3/dist-packages/oslo_config/cfg.py:2602
2025-11-17 00:45:14.678 168446 DEBUG oslo_service.service [req-1d041013-97cb-48ab-ba2b-0292cfc89d50 - - - - -] reserved_huge_pages = None log_opt_values /usr/lib/python3/dist-packages/oslo_config/cfg.py:2602
2025-11-17 00:45:14.678 168446 DEBUG oslo_service.service [req-1d041013-97cb-48ab-ba2b-0292cfc89d50 - - - - -] resize_confirm_window = 0 log_opt_values /usr/lib/python3/dist-packages/oslo_config/cfg.py:2602
2025-11-17 00:45:14.678 168446 DEBUG oslo_service.service [req-1d041013-97cb-48ab-ba2b-0292cfc89d50 - - - - -] resize_fs_using_block_device = False log_opt_values /usr/lib/python3/dist-packages/oslo_config/cfg.py:2602
2025-11-17 00:45:14.679 168446 DEBUG oslo_service.service [req-1d041013-97cb-48ab-ba2b-0292cfc89d50 - - - - -] resume_guests_state_on_host_boot = False log_opt_values /usr/lib/python3/dist-packages/oslo_config/cfg.py:2602
2025-11-17 00:45:14.679 168446 DEBUG oslo_service.service [req-1d041013-97cb-48ab-ba2b-0292cfc89d50 - - - - -] rootwrap_config = /etc/nova/rootwrap.conf log_opt_values /usr/lib/python3/dist-packages/oslo_config/cfg.py:2602
2025-11-17 00:45:14.679 168446 DEBUG oslo_service.service [req-1d041013-97cb-48ab-ba2b-0292cfc89d50 - - - - -] run_external_periodic_tasks = True log_opt_values /usr/lib/python3/dist-packages/oslo_config/cfg.py:2602
2025-11-17 00:45:14.680 168446 DEBUG oslo_service.service [req-1d041013-97cb-48ab-ba2b-0292cfc89d50 - - - - -] running_deleted_instance_action = reap log_opt_values /usr/lib/python3/dist-packages/oslo_config/cfg.py:2602
2025-11-17 00:45:14.680 168446 DEBUG oslo_service.service [req-1d041013-97cb-48ab-ba2b-0292cfc89d50 - - - - -] running_deleted_instance_poll_interval = 1800 log_opt_values /usr/lib/python3/dist-packages/oslo_config/cfg.py:2602
2025-11-17 00:45:14.680 168446 DEBUG oslo_service.service [req-1d041013-97cb-48ab-ba2b-0292cfc89d50 - - - - -] running_deleted_instance_timeout = 0 log_opt_values /usr/lib/python3/dist-packages/oslo_config/cfg.py:2602
2025-11-17 00:45:14.681 168446 DEBUG oslo_service.service [req-1d041013-97cb-48ab-ba2b-0292cfc89d50 - - - - -] scheduler_instance_sync_interval = 120 log_opt_values /usr/lib/python3/dist-packages/oslo_config/cfg.py:2602
2025-11-17 00:45:14.681 168446 DEBUG oslo_service.service [req-1d041013-97cb-48ab-ba2b-0292cfc89d50 - - - - -] service_down_time = 60 log_opt_values /usr/lib/python3/dist-packages/oslo_config/cfg.py:2602
2025-11-17 00:45:14.681 168446 DEBUG oslo_service.service [req-1d041013-97cb-48ab-ba2b-0292cfc89d50 - - - - -] servicegroup_driver = db log_opt_values /usr/lib/python3/dist-packages/oslo_config/cfg.py:2602
2025-11-17 00:45:14.681 168446 DEBUG oslo_service.service [req-1d041013-97cb-48ab-ba2b-0292cfc89d50 - - - - -] shelved_offload_time = 0 log_opt_values /usr/lib/python3/dist-packages/oslo_config/cfg.py:2602
2025-11-17 00:45:14.682 168446 DEBUG oslo_service.service [req-1d041013-97cb-48ab-ba2b-0292cfc89d50 - - - - -] shelved_poll_interval = 3600 log_opt_values /usr/lib/python3/dist-packages/oslo_config/cfg.py:2602
2025-11-17 00:45:14.682 168446 DEBUG oslo_service.service [req-1d041013-97cb-48ab-ba2b-0292cfc89d50 - - - - -] shutdown_timeout = 60 log_opt_values /usr/lib/python3/dist-packages/oslo_config/cfg.py:2602
2025-11-17 00:45:14.682 168446 DEBUG oslo_service.service [req-1d041013-97cb-48ab-ba2b-0292cfc89d50 - - - - -] source_is_ipv6 = False log_opt_values /usr/lib/python3/dist-packages/oslo_config/cfg.py:2602
2025-11-17 00:45:14.683 168446 DEBUG oslo_service.service [req-1d041013-97cb-48ab-ba2b-0292cfc89d50 - - - - -] ssl_only = False log_opt_values /usr/lib/python3/dist-packages/oslo_config/cfg.py:2602
2025-11-17 00:45:14.683 168446 DEBUG oslo_service.service [req-1d041013-97cb-48ab-ba2b-0292cfc89d50 - - - - -] state_path = /var/lib/nova log_opt_values /usr/lib/python3/dist-packages/oslo_config/cfg.py:2602
2025-11-17 00:45:14.683 168446 DEBUG oslo_service.service [req-1d041013-97cb-48ab-ba2b-0292cfc89d50 - - - - -] sync_power_state_interval = 600 log_opt_values /usr/lib/python3/dist-packages/oslo_config/cfg.py:2602
2025-11-17 00:45:14.684 168446 DEBUG oslo_service.service [req-1d041013-97cb-48ab-ba2b-0292cfc89d50 - - - - -] sync_power_state_pool_size = 1000 log_opt_values /usr/lib/python3/dist-packages/oslo_config/cfg.py:2602
2025-11-17 00:45:14.685 168446 DEBUG oslo_service.service [req-1d041013-97cb-48ab-ba2b-0292cfc89d50 - - - - -] syslog_log_facility = LOG_USER log_opt_values /usr/lib/python3/dist-packages/oslo_config/cfg.py:2602
2025-11-17 00:45:14.685 168446 DEBUG oslo_service.service [req-1d041013-97cb-48ab-ba2b-0292cfc89d50 - - - - -] tempdir = None log_opt_values /usr/lib/python3/dist-packages/oslo_config/cfg.py:2602
2025-11-17 00:45:14.685 168446 DEBUG oslo_service.service [req-1d041013-97cb-48ab-ba2b-0292cfc89d50 - - - - -] timeout_nbd = 10 log_opt_values /usr/lib/python3/dist-packages/oslo_config/cfg.py:2602
2025-11-17 00:45:14.686 168446 DEBUG oslo_service.service [req-1d041013-97cb-48ab-ba2b-0292cfc89d50 - - - - -] transport_url = **** log_opt_values /usr/lib/python3/dist-packages/oslo_config/cfg.py:2602
2025-11-17 00:45:14.686 168446 DEBUG oslo_service.service [req-1d041013-97cb-48ab-ba2b-0292cfc89d50 - - - - -] update_resources_interval = 0 log_opt_values /usr/lib/python3/dist-packages/oslo_config/cfg.py:2602
2025-11-17 00:45:14.686 168446 DEBUG oslo_service.service [req-1d041013-97cb-48ab-ba2b-0292cfc89d50 - - - - -] use_cow_images = True log_opt_values /usr/lib/python3/dist-packages/oslo_config/cfg.py:2602
2025-11-17 00:45:14.686 168446 DEBUG oslo_service.service [req-1d041013-97cb-48ab-ba2b-0292cfc89d50 - - - - -] use_eventlog = False log_opt_values /usr/lib/python3/dist-packages/oslo_config/cfg.py:2602
2025-11-17 00:45:14.687 168446 DEBUG oslo_service.service [req-1d041013-97cb-48ab-ba2b-0292cfc89d50 - - - - -] use_journal = False log_opt_values /usr/lib/python3/dist-packages/oslo_config/cfg.py:2602
2025-11-17 00:45:14.687 168446 DEBUG oslo_service.service [req-1d041013-97cb-48ab-ba2b-0292cfc89d50 - - - - -] use_json = False log_opt_values /usr/lib/python3/dist-packages/oslo_config/cfg.py:2602
2025-11-17 00:45:14.687 168446 DEBUG oslo_service.service [req-1d041013-97cb-48ab-ba2b-0292cfc89d50 - - - - -] use_rootwrap_daemon = False log_opt_values /usr/lib/python3/dist-packages/oslo_config/cfg.py:2602
2025-11-17 00:45:14.687 168446 DEBUG oslo_service.service [req-1d041013-97cb-48ab-ba2b-0292cfc89d50 - - - - -] use_stderr = False log_opt_values /usr/lib/python3/dist-packages/oslo_config/cfg.py:2602
2025-11-17 00:45:14.687 168446 DEBUG oslo_service.service [req-1d041013-97cb-48ab-ba2b-0292cfc89d50 - - - - -] use_syslog = False log_opt_values /usr/lib/python3/dist-packages/oslo_config/cfg.py:2602
2025-11-17 00:45:14.688 168446 DEBUG oslo_service.service [req-1d041013-97cb-48ab-ba2b-0292cfc89d50 - - - - -] vcpu_pin_set = None log_opt_values /usr/lib/python3/dist-packages/oslo_config/cfg.py:2602
2025-11-17 00:45:14.688 168446 DEBUG oslo_service.service [req-1d041013-97cb-48ab-ba2b-0292cfc89d50 - - - - -] vif_plugging_is_fatal = True log_opt_values /usr/lib/python3/dist-packages/oslo_config/cfg.py:2602
2025-11-17 00:45:14.688 168761 DEBUG oslo_messaging._drivers.amqpdriver [-] Listener is running poll /usr/lib/python3/dist-packages/oslo_messaging/_drivers/amqpdriver.py:343
2025-11-17 00:45:14.688 168446 DEBUG oslo_service.service [req-1d041013-97cb-48ab-ba2b-0292cfc89d50 - - - - -] vif_plugging_timeout = 300 log_opt_values /usr/lib/python3/dist-packages/oslo_config/cfg.py:2602
2025-11-17 00:45:14.688 168761 DEBUG oslo_messaging._drivers.amqpdriver [-] AMQPListener connection consume poll /usr/lib/python3/dist-packages/oslo_messaging/_drivers/amqpdriver.py:357
2025-11-17 00:45:14.688 168446 DEBUG oslo_service.service [req-1d041013-97cb-48ab-ba2b-0292cfc89d50 - - - - -] virt_mkfs = [] log_opt_values /usr/lib/python3/dist-packages/oslo_config/cfg.py:2602
2025-11-17 00:45:14.689 168446 DEBUG oslo_service.service [req-1d041013-97cb-48ab-ba2b-0292cfc89d50 - - - - -] volume_usage_poll_interval = 0 log_opt_values /usr/lib/python3/dist-packages/oslo_config/cfg.py:2602
2025-11-17 00:45:14.689 168446 DEBUG oslo_service.service [req-1d041013-97cb-48ab-ba2b-0292cfc89d50 - - - - -] watch_log_file = False log_opt_values /usr/lib/python3/dist-packages/oslo_config/cfg.py:2602
2025-11-17 00:45:14.689 168446 DEBUG oslo_service.service [req-1d041013-97cb-48ab-ba2b-0292cfc89d50 - - - - -] web = /usr/share/spice-html5 log_opt_values /usr/lib/python3/dist-packages/oslo_config/cfg.py:2602
2025-11-17 00:45:14.689 168762 DEBUG oslo_messaging._drivers.amqpdriver [-] Listener is running poll /usr/lib/python3/dist-packages/oslo_messaging/_drivers/amqpdriver.py:343
2025-11-17 00:45:14.689 168761 DEBUG nova.service [req-67ad9b46-33b4-44cb-9da2-c4a42fb8bbf8 - - - - -] Join ServiceGroup membership for this service scheduler start /usr/lib/python3/dist-packages/nova/service.py:199
2025-11-17 00:45:14.689 168446 DEBUG oslo_service.service [req-1d041013-97cb-48ab-ba2b-0292cfc89d50 - - - - -] oslo_concurrency.disable_process_locking = False log_opt_values /usr/lib/python3/dist-packages/oslo_config/cfg.py:2609
2025-11-17 00:45:14.689 168762 DEBUG oslo_messaging._drivers.amqpdriver [-] AMQPListener connection consume poll /usr/lib/python3/dist-packages/oslo_messaging/_drivers/amqpdriver.py:357
2025-11-17 00:45:14.689 168446 DEBUG oslo_service.service [req-1d041013-97cb-48ab-ba2b-0292cfc89d50 - - - - -] oslo_concurrency.lock_path = /var/lock/nova log_opt_values /usr/lib/python3/dist-packages/oslo_config/cfg.py:2609
2025-11-17 00:45:14.689 168761 DEBUG nova.servicegroup.drivers.db [req-67ad9b46-33b4-44cb-9da2-c4a42fb8bbf8 - - - - -] DB_Driver: join new ServiceGroup member juju-aeac2a-0-lxd-7 to the scheduler group, service = join /usr/lib/python3/dist-packages/nova/servicegroup/drivers/db.py:44
2025-11-17 00:45:14.690 168446 WARNING oslo_config.cfg [req-1d041013-97cb-48ab-ba2b-0292cfc89d50 - - - - -] Deprecated: Option "auth_strategy" from group "api" is deprecated for removal ( The only non-default choice, ``noauth2``, is for internal development and testing purposes only and should not be used in deployments. This option and its middleware, NoAuthMiddleware[V2_18], will be removed in a future release. ). Its value may be silently ignored in the future.
2025-11-17 00:45:14.690 168762 DEBUG nova.service [req-157f3f06-2324-4125-8599-916aabe7c7bb - - - - -] Join ServiceGroup membership for this service scheduler start /usr/lib/python3/dist-packages/nova/service.py:199
2025-11-17 00:45:14.691 168446 DEBUG oslo_service.service [req-1d041013-97cb-48ab-ba2b-0292cfc89d50 - - - - -] api.auth_strategy = keystone log_opt_values /usr/lib/python3/dist-packages/oslo_config/cfg.py:2609
2025-11-17 00:45:14.691 168762 DEBUG nova.servicegroup.drivers.db [req-157f3f06-2324-4125-8599-916aabe7c7bb - - - - -] DB_Driver: join new ServiceGroup member juju-aeac2a-0-lxd-7 to the scheduler group, service = join /usr/lib/python3/dist-packages/nova/servicegroup/drivers/db.py:44
2025-11-17 00:45:14.691 168446 DEBUG oslo_service.service [req-1d041013-97cb-48ab-ba2b-0292cfc89d50 - - - - -] api.compute_link_prefix = None log_opt_values /usr/lib/python3/dist-packages/oslo_config/cfg.py:2609
2025-11-17 00:45:14.691 168446 DEBUG oslo_service.service [req-1d041013-97cb-48ab-ba2b-0292cfc89d50 - - - - -] api.config_drive_skip_versions = 1.0 2007-01-19 2007-03-01 2007-08-29 2007-10-10 2007-12-15 2008-02-01 2008-09-01 log_opt_values /usr/lib/python3/dist-packages/oslo_config/cfg.py:2609
2025-11-17 00:45:14.692 168446 DEBUG oslo_service.service [req-1d041013-97cb-48ab-ba2b-0292cfc89d50 - - - - -] api.dhcp_domain = novalocal log_opt_values /usr/lib/python3/dist-packages/oslo_config/cfg.py:2609
2025-11-17 00:45:14.692 168446 DEBUG oslo_service.service [req-1d041013-97cb-48ab-ba2b-0292cfc89d50 - - - - -] api.enable_instance_password = True log_opt_values /usr/lib/python3/dist-packages/oslo_config/cfg.py:2609
2025-11-17 00:45:14.692 168761 DEBUG oslo_messaging._drivers.amqpdriver [-] AMQPListener connection timeout poll /usr/lib/python3/dist-packages/oslo_messaging/_drivers/amqpdriver.py:360
2025-11-17 00:45:14.692 168446 DEBUG oslo_service.service [req-1d041013-97cb-48ab-ba2b-0292cfc89d50 - - - - -] api.glance_link_prefix = None log_opt_values /usr/lib/python3/dist-packages/oslo_config/cfg.py:2609
2025-11-17 00:45:14.692 168761 DEBUG oslo_messaging._drivers.amqpdriver [-] Listener is running poll /usr/lib/python3/dist-packages/oslo_messaging/_drivers/amqpdriver.py:343
2025-11-17 00:45:14.692 168761 DEBUG oslo_messaging._drivers.amqpdriver [-] AMQPListener connection consume poll /usr/lib/python3/dist-packages/oslo_messaging/_drivers/amqpdriver.py:357
2025-11-17 00:45:14.692 168446 DEBUG oslo_service.service [req-1d041013-97cb-48ab-ba2b-0292cfc89d50 - - - - -] api.instance_list_cells_batch_fixed_size = 100 log_opt_values /usr/lib/python3/dist-packages/oslo_config/cfg.py:2609
2025-11-17 00:45:14.693 168446 DEBUG oslo_service.service [req-1d041013-97cb-48ab-ba2b-0292cfc89d50 - - - - -] api.instance_list_cells_batch_strategy = distributed log_opt_values /usr/lib/python3/dist-packages/oslo_config/cfg.py:2609
2025-11-17 00:45:14.694 168762 DEBUG oslo_messaging._drivers.amqpdriver [-] AMQPListener connection timeout poll /usr/lib/python3/dist-packages/oslo_messaging/_drivers/amqpdriver.py:360
2025-11-17 00:45:14.694 168762 DEBUG oslo_messaging._drivers.amqpdriver [-] Listener is running poll /usr/lib/python3/dist-packages/oslo_messaging/_drivers/amqpdriver.py:343
2025-11-17 00:45:14.694 168762 DEBUG oslo_messaging._drivers.amqpdriver [-] AMQPListener connection consume poll /usr/lib/python3/dist-packages/oslo_messaging/_drivers/amqpdriver.py:357
2025-11-17 00:45:14.694 168446 DEBUG oslo_service.service [req-1d041013-97cb-48ab-ba2b-0292cfc89d50 - - - - -] api.instance_list_per_project_cells = False log_opt_values /usr/lib/python3/dist-packages/oslo_config/cfg.py:2609
2025-11-17 00:45:14.694 168446 DEBUG oslo_service.service [req-1d041013-97cb-48ab-ba2b-0292cfc89d50 - - - - -] api.list_records_by_skipping_down_cells = True log_opt_values /usr/lib/python3/dist-packages/oslo_config/cfg.py:2609
2025-11-17 00:45:14.695 168446 DEBUG oslo_service.service [req-1d041013-97cb-48ab-ba2b-0292cfc89d50 - - - - -] api.local_metadata_per_cell = False log_opt_values /usr/lib/python3/dist-packages/oslo_config/cfg.py:2609
2025-11-17 00:45:14.695 168446 DEBUG oslo_service.service [req-1d041013-97cb-48ab-ba2b-0292cfc89d50 - - - - -] api.max_limit = 1000 log_opt_values /usr/lib/python3/dist-packages/oslo_config/cfg.py:2609
2025-11-17 00:45:14.695 168446 DEBUG oslo_service.service [req-1d041013-97cb-48ab-ba2b-0292cfc89d50 - - - - -] api.metadata_cache_expiration = 15 log_opt_values /usr/lib/python3/dist-packages/oslo_config/cfg.py:2609
2025-11-17 00:45:14.695 168446 DEBUG oslo_service.service [req-1d041013-97cb-48ab-ba2b-0292cfc89d50 - - - - -] api.neutron_default_tenant_id = default log_opt_values /usr/lib/python3/dist-packages/oslo_config/cfg.py:2609
2025-11-17 00:45:14.696 168446 DEBUG oslo_service.service [req-1d041013-97cb-48ab-ba2b-0292cfc89d50 - - - - -] api.use_forwarded_for = False log_opt_values /usr/lib/python3/dist-packages/oslo_config/cfg.py:2609
2025-11-17 00:45:14.696 168446 DEBUG oslo_service.service [req-1d041013-97cb-48ab-ba2b-0292cfc89d50 - - - - -] api.use_neutron_default_nets = False log_opt_values /usr/lib/python3/dist-packages/oslo_config/cfg.py:2609
2025-11-17 00:45:14.696 168446 DEBUG oslo_service.service [req-1d041013-97cb-48ab-ba2b-0292cfc89d50 - - - - -] api.vendordata_dynamic_connect_timeout = 5 log_opt_values /usr/lib/python3/dist-packages/oslo_config/cfg.py:2609
2025-11-17 00:45:14.696 168446 DEBUG oslo_service.service [req-1d041013-97cb-48ab-ba2b-0292cfc89d50 - - - - -] api.vendordata_dynamic_failure_fatal = False log_opt_values /usr/lib/python3/dist-packages/oslo_config/cfg.py:2609
2025-11-17 00:45:14.696 168446 DEBUG oslo_service.service [req-1d041013-97cb-48ab-ba2b-0292cfc89d50 - - - - -] api.vendordata_dynamic_read_timeout = 5 log_opt_values /usr/lib/python3/dist-packages/oslo_config/cfg.py:2609
2025-11-17 00:45:14.697 168446 DEBUG oslo_service.service [req-1d041013-97cb-48ab-ba2b-0292cfc89d50 - - - - -] api.vendordata_dynamic_ssl_certfile = log_opt_values /usr/lib/python3/dist-packages/oslo_config/cfg.py:2609
2025-11-17 00:45:14.697 168446 DEBUG oslo_service.service [req-1d041013-97cb-48ab-ba2b-0292cfc89d50 - - - - -] api.vendordata_dynamic_targets = [] log_opt_values /usr/lib/python3/dist-packages/oslo_config/cfg.py:2609
2025-11-17 00:45:14.697 168446 DEBUG oslo_service.service [req-1d041013-97cb-48ab-ba2b-0292cfc89d50 - - - - -] api.vendordata_jsonfile_path = None log_opt_values /usr/lib/python3/dist-packages/oslo_config/cfg.py:2609
2025-11-17 00:45:14.697 168760 DEBUG oslo_messaging._drivers.amqpdriver [-] Listener is running poll /usr/lib/python3/dist-packages/oslo_messaging/_drivers/amqpdriver.py:343
2025-11-17 00:45:14.697 168446 DEBUG oslo_service.service [req-1d041013-97cb-48ab-ba2b-0292cfc89d50 - - - - -] api.vendordata_providers = ['StaticJSON'] log_opt_values /usr/lib/python3/dist-packages/oslo_config/cfg.py:2609
2025-11-17 00:45:14.697 168760 DEBUG oslo_messaging._drivers.amqpdriver [-] AMQPListener connection consume poll /usr/lib/python3/dist-packages/oslo_messaging/_drivers/amqpdriver.py:357
2025-11-17 00:45:14.698 168446 DEBUG oslo_service.service [req-1d041013-97cb-48ab-ba2b-0292cfc89d50 - - - - -] cache.backend = dogpile.cache.null log_opt_values /usr/lib/python3/dist-packages/oslo_config/cfg.py:2609
2025-11-17 00:45:14.698 168446 DEBUG oslo_service.service [req-1d041013-97cb-48ab-ba2b-0292cfc89d50 - - - - -] cache.backend_argument = **** log_opt_values /usr/lib/python3/dist-packages/oslo_config/cfg.py:2609
2025-11-17 00:45:14.698 168446 DEBUG oslo_service.service [req-1d041013-97cb-48ab-ba2b-0292cfc89d50 - - - - -] cache.config_prefix = cache.oslo log_opt_values /usr/lib/python3/dist-packages/oslo_config/cfg.py:2609
2025-11-17 00:45:14.698 168446 DEBUG oslo_service.service [req-1d041013-97cb-48ab-ba2b-0292cfc89d50 - - - - -] cache.debug_cache_backend = False log_opt_values /usr/lib/python3/dist-packages/oslo_config/cfg.py:2609
2025-11-17 00:45:14.698 168760 DEBUG nova.service [req-28d91edb-6df3-4a68-904f-72b5fd477ee5 - - - - -] Join ServiceGroup membership for this service scheduler start /usr/lib/python3/dist-packages/nova/service.py:199
2025-11-17 00:45:14.698 168446 DEBUG oslo_service.service [req-1d041013-97cb-48ab-ba2b-0292cfc89d50 - - - - -] cache.enabled = False log_opt_values /usr/lib/python3/dist-packages/oslo_config/cfg.py:2609
2025-11-17 00:45:14.699 168446 DEBUG oslo_service.service [req-1d041013-97cb-48ab-ba2b-0292cfc89d50 - - - - -] cache.expiration_time = 600 log_opt_values /usr/lib/python3/dist-packages/oslo_config/cfg.py:2609
2025-11-17 00:45:14.699 168760 DEBUG nova.servicegroup.drivers.db [req-28d91edb-6df3-4a68-904f-72b5fd477ee5 - - - - -] DB_Driver: join new ServiceGroup member juju-aeac2a-0-lxd-7 to the scheduler group, service = join /usr/lib/python3/dist-packages/nova/servicegroup/drivers/db.py:44
2025-11-17 00:45:14.699 168446 DEBUG oslo_service.service [req-1d041013-97cb-48ab-ba2b-0292cfc89d50 - - - - -] cache.memcache_dead_retry = 300 log_opt_values /usr/lib/python3/dist-packages/oslo_config/cfg.py:2609
2025-11-17 00:45:14.699 168446 DEBUG oslo_service.service [req-1d041013-97cb-48ab-ba2b-0292cfc89d50 - - - - -] cache.memcache_pool_connection_get_timeout = 10 log_opt_values /usr/lib/python3/dist-packages/oslo_config/cfg.py:2609
2025-11-17 00:45:14.699 168446 DEBUG oslo_service.service [req-1d041013-97cb-48ab-ba2b-0292cfc89d50 - - - - -] cache.memcache_pool_flush_on_reconnect = False log_opt_values /usr/lib/python3/dist-packages/oslo_config/cfg.py:2609
2025-11-17 00:45:14.699 168446 DEBUG oslo_service.service [req-1d041013-97cb-48ab-ba2b-0292cfc89d50 - - - - -] cache.memcache_pool_maxsize = 10 log_opt_values /usr/lib/python3/dist-packages/oslo_config/cfg.py:2609
2025-11-17 00:45:14.699 168446 DEBUG oslo_service.service [req-1d041013-97cb-48ab-ba2b-0292cfc89d50 - - - - -] cache.memcache_pool_unused_timeout = 60 log_opt_values /usr/lib/python3/dist-packages/oslo_config/cfg.py:2609
2025-11-17 00:45:14.700 168446 DEBUG oslo_service.service [req-1d041013-97cb-48ab-ba2b-0292cfc89d50 - - - - -] cache.memcache_servers = ['localhost:11211'] log_opt_values /usr/lib/python3/dist-packages/oslo_config/cfg.py:2609
2025-11-17 00:45:14.700 168446 DEBUG oslo_service.service [req-1d041013-97cb-48ab-ba2b-0292cfc89d50 - - - - -] cache.memcache_socket_timeout = 1.0 log_opt_values /usr/lib/python3/dist-packages/oslo_config/cfg.py:2609
2025-11-17 00:45:14.700 168446 DEBUG oslo_service.service [req-1d041013-97cb-48ab-ba2b-0292cfc89d50 - - - - -] cache.proxies = [] log_opt_values /usr/lib/python3/dist-packages/oslo_config/cfg.py:2609
2025-11-17 00:45:14.702 168760 DEBUG oslo_messaging._drivers.amqpdriver [-] AMQPListener connection timeout poll /usr/lib/python3/dist-packages/oslo_messaging/_drivers/amqpdriver.py:360
2025-11-17 00:45:14.702 168760 DEBUG oslo_messaging._drivers.amqpdriver [-] Listener is running poll /usr/lib/python3/dist-packages/oslo_messaging/_drivers/amqpdriver.py:343
2025-11-17 00:45:14.702 168760 DEBUG oslo_messaging._drivers.amqpdriver [-] AMQPListener connection consume poll /usr/lib/python3/dist-packages/oslo_messaging/_drivers/amqpdriver.py:357
2025-11-17 00:45:14.701 168446 DEBUG oslo_service.service [req-1d041013-97cb-48ab-ba2b-0292cfc89d50 - - - - -] cache.tls_allowed_ciphers = None log_opt_values /usr/lib/python3/dist-packages/oslo_config/cfg.py:2609
2025-11-17 00:45:14.705 168446 DEBUG oslo_service.service [req-1d041013-97cb-48ab-ba2b-0292cfc89d50 - - - - -] cache.tls_cafile = None log_opt_values /usr/lib/python3/dist-packages/oslo_config/cfg.py:2609
2025-11-17 00:45:14.706 168446 DEBUG oslo_service.service [req-1d041013-97cb-48ab-ba2b-0292cfc89d50 - - - - -] cache.tls_certfile = None log_opt_values /usr/lib/python3/dist-packages/oslo_config/cfg.py:2609
2025-11-17 00:45:14.706 168763 DEBUG oslo_messaging._drivers.amqpdriver [-] Listener is running poll /usr/lib/python3/dist-packages/oslo_messaging/_drivers/amqpdriver.py:343
2025-11-17 00:45:14.706 168446 DEBUG oslo_service.service [req-1d041013-97cb-48ab-ba2b-0292cfc89d50 - - - - -] cache.tls_enabled = False log_opt_values /usr/lib/python3/dist-packages/oslo_config/cfg.py:2609
2025-11-17 00:45:14.706 168763 DEBUG oslo_messaging._drivers.amqpdriver [-] AMQPListener connection consume poll /usr/lib/python3/dist-packages/oslo_messaging/_drivers/amqpdriver.py:357
2025-11-17 00:45:14.706 168446 DEBUG oslo_service.service [req-1d041013-97cb-48ab-ba2b-0292cfc89d50 - - - - -] cache.tls_keyfile = None log_opt_values /usr/lib/python3/dist-packages/oslo_config/cfg.py:2609
2025-11-17 00:45:14.706 168446 DEBUG oslo_service.service [req-1d041013-97cb-48ab-ba2b-0292cfc89d50 - - - - -] cinder.auth_section = None log_opt_values /usr/lib/python3/dist-packages/oslo_config/cfg.py:2609
2025-11-17 00:45:14.706 168763 DEBUG nova.service [req-61d65b43-ec10-4aab-95de-d2461080b6e9 - - - - -] Join ServiceGroup membership for this service scheduler start /usr/lib/python3/dist-packages/nova/service.py:199
2025-11-17 00:45:14.707 168446 DEBUG oslo_service.service [req-1d041013-97cb-48ab-ba2b-0292cfc89d50 - - - - -] cinder.auth_type = None log_opt_values /usr/lib/python3/dist-packages/oslo_config/cfg.py:2609
2025-11-17 00:45:14.707 168763 DEBUG nova.servicegroup.drivers.db [req-61d65b43-ec10-4aab-95de-d2461080b6e9 - - - - -] DB_Driver: join new ServiceGroup member juju-aeac2a-0-lxd-7 to the scheduler group, service = join /usr/lib/python3/dist-packages/nova/servicegroup/drivers/db.py:44
2025-11-17 00:45:14.707 168446 DEBUG oslo_service.service [req-1d041013-97cb-48ab-ba2b-0292cfc89d50 - - - - -] cinder.cafile = None log_opt_values /usr/lib/python3/dist-packages/oslo_config/cfg.py:2609
2025-11-17 00:45:14.707 168446 DEBUG oslo_service.service [req-1d041013-97cb-48ab-ba2b-0292cfc89d50 - - - - -] cinder.catalog_info = volumev3::publicURL log_opt_values /usr/lib/python3/dist-packages/oslo_config/cfg.py:2609
2025-11-17 00:45:14.708 168446 DEBUG oslo_service.service [req-1d041013-97cb-48ab-ba2b-0292cfc89d50 - - - - -] cinder.certfile = None log_opt_values /usr/lib/python3/dist-packages/oslo_config/cfg.py:2609
2025-11-17 00:45:14.708 168446 DEBUG oslo_service.service [req-1d041013-97cb-48ab-ba2b-0292cfc89d50 - - - - -] cinder.collect_timing = False log_opt_values /usr/lib/python3/dist-packages/oslo_config/cfg.py:2609
2025-11-17 00:45:14.709 168446 DEBUG oslo_service.service [req-1d041013-97cb-48ab-ba2b-0292cfc89d50 - - - - -] cinder.cross_az_attach = True log_opt_values /usr/lib/python3/dist-packages/oslo_config/cfg.py:2609
2025-11-17 00:45:14.709 168446 DEBUG oslo_service.service [req-1d041013-97cb-48ab-ba2b-0292cfc89d50 - - - - -] cinder.debug = False log_opt_values /usr/lib/python3/dist-packages/oslo_config/cfg.py:2609
2025-11-17 00:45:14.709 168446 DEBUG oslo_service.service [req-1d041013-97cb-48ab-ba2b-0292cfc89d50 - - - - -] cinder.endpoint_template = None log_opt_values /usr/lib/python3/dist-packages/oslo_config/cfg.py:2609
2025-11-17 00:45:14.709 168446 DEBUG oslo_service.service [req-1d041013-97cb-48ab-ba2b-0292cfc89d50 - - - - -] cinder.http_retries = 3 log_opt_values /usr/lib/python3/dist-packages/oslo_config/cfg.py:2609
2025-11-17 00:45:14.709 168446 DEBUG oslo_service.service [req-1d041013-97cb-48ab-ba2b-0292cfc89d50 - - - - -] cinder.insecure = False log_opt_values /usr/lib/python3/dist-packages/oslo_config/cfg.py:2609
2025-11-17 00:45:14.710 168446 DEBUG oslo_service.service [req-1d041013-97cb-48ab-ba2b-0292cfc89d50 - - - - -] cinder.keyfile = None log_opt_values /usr/lib/python3/dist-packages/oslo_config/cfg.py:2609
2025-11-17 00:45:14.710 168446 DEBUG oslo_service.service [req-1d041013-97cb-48ab-ba2b-0292cfc89d50 - - - - -] cinder.os_region_name = None log_opt_values /usr/lib/python3/dist-packages/oslo_config/cfg.py:2609
2025-11-17 00:45:14.710 168446 DEBUG oslo_service.service [req-1d041013-97cb-48ab-ba2b-0292cfc89d50 - - - - -] cinder.split_loggers = False log_opt_values /usr/lib/python3/dist-packages/oslo_config/cfg.py:2609
2025-11-17 00:45:14.710 168446 DEBUG oslo_service.service [req-1d041013-97cb-48ab-ba2b-0292cfc89d50 - - - - -] cinder.timeout = None log_opt_values /usr/lib/python3/dist-packages/oslo_config/cfg.py:2609
2025-11-17 00:45:14.710 168763 DEBUG oslo_messaging._drivers.amqpdriver [-] AMQPListener connection timeout poll /usr/lib/python3/dist-packages/oslo_messaging/_drivers/amqpdriver.py:360
2025-11-17 00:45:14.710 168763 DEBUG oslo_messaging._drivers.amqpdriver [-] Listener is running poll /usr/lib/python3/dist-packages/oslo_messaging/_drivers/amqpdriver.py:343
2025-11-17 00:45:14.710 168446 DEBUG oslo_service.service [req-1d041013-97cb-48ab-ba2b-0292cfc89d50 - - - - -] compute.consecutive_build_service_disable_threshold = 10 log_opt_values /usr/lib/python3/dist-packages/oslo_config/cfg.py:2609
2025-11-17 00:45:14.710 168763 DEBUG oslo_messaging._drivers.amqpdriver [-] AMQPListener connection consume poll /usr/lib/python3/dist-packages/oslo_messaging/_drivers/amqpdriver.py:357
2025-11-17 00:45:14.710 168446 DEBUG oslo_service.service [req-1d041013-97cb-48ab-ba2b-0292cfc89d50 - - - - -] compute.cpu_dedicated_set = None log_opt_values /usr/lib/python3/dist-packages/oslo_config/cfg.py:2609
2025-11-17 00:45:14.711 168446 DEBUG oslo_service.service [req-1d041013-97cb-48ab-ba2b-0292cfc89d50 - - - - -] compute.cpu_shared_set = None log_opt_values /usr/lib/python3/dist-packages/oslo_config/cfg.py:2609
2025-11-17 00:45:14.711 168446 DEBUG oslo_service.service [req-1d041013-97cb-48ab-ba2b-0292cfc89d50 - - - - -] compute.image_type_exclude_list = [] log_opt_values /usr/lib/python3/dist-packages/oslo_config/cfg.py:2609
2025-11-17 00:45:14.711 168446 DEBUG oslo_service.service [req-1d041013-97cb-48ab-ba2b-0292cfc89d50 - - - - -] compute.live_migration_wait_for_vif_plug = True log_opt_values /usr/lib/python3/dist-packages/oslo_config/cfg.py:2609
2025-11-17 00:45:14.711 168446 DEBUG oslo_service.service [req-1d041013-97cb-48ab-ba2b-0292cfc89d50 - - - - -] compute.max_concurrent_disk_ops = 0 log_opt_values /usr/lib/python3/dist-packages/oslo_config/cfg.py:2609
2025-11-17 00:45:14.711 168446 DEBUG oslo_service.service [req-1d041013-97cb-48ab-ba2b-0292cfc89d50 - - - - -] compute.max_disk_devices_to_attach = -1 log_opt_values /usr/lib/python3/dist-packages/oslo_config/cfg.py:2609
2025-11-17 00:45:14.712 168446 DEBUG oslo_service.service [req-1d041013-97cb-48ab-ba2b-0292cfc89d50 - - - - -] compute.packing_host_numa_cells_allocation_strategy = True log_opt_values /usr/lib/python3/dist-packages/oslo_config/cfg.py:2609
2025-11-17 00:45:14.712 168446 DEBUG oslo_service.service [req-1d041013-97cb-48ab-ba2b-0292cfc89d50 - - - - -] compute.provider_config_location = /etc/nova/provider_config/ log_opt_values /usr/lib/python3/dist-packages/oslo_config/cfg.py:2609
2025-11-17 00:45:14.712 168446 DEBUG oslo_service.service [req-1d041013-97cb-48ab-ba2b-0292cfc89d50 - - - - -] compute.resource_provider_association_refresh = 300 log_opt_values /usr/lib/python3/dist-packages/oslo_config/cfg.py:2609
2025-11-17 00:45:14.712 168446 DEBUG oslo_service.service [req-1d041013-97cb-48ab-ba2b-0292cfc89d50 - - - - -] compute.shutdown_retry_interval = 10 log_opt_values /usr/lib/python3/dist-packages/oslo_config/cfg.py:2609
2025-11-17 00:45:14.712 168446 DEBUG oslo_service.service [req-1d041013-97cb-48ab-ba2b-0292cfc89d50 - - - - -] compute.vmdk_allowed_types = ['streamOptimized', 'monolithicSparse'] log_opt_values /usr/lib/python3/dist-packages/oslo_config/cfg.py:2609
2025-11-17 00:45:14.713 168446 DEBUG oslo_service.service [req-1d041013-97cb-48ab-ba2b-0292cfc89d50 - - - - -] conductor.workers = 4 log_opt_values /usr/lib/python3/dist-packages/oslo_config/cfg.py:2609
2025-11-17 00:45:14.713 168446 DEBUG oslo_service.service [req-1d041013-97cb-48ab-ba2b-0292cfc89d50 - - - - -] console.allowed_origins = [] log_opt_values /usr/lib/python3/dist-packages/oslo_config/cfg.py:2609
2025-11-17 00:45:14.713 168446 DEBUG oslo_service.service [req-1d041013-97cb-48ab-ba2b-0292cfc89d50 - - - - -] console.ssl_ciphers = None log_opt_values /usr/lib/python3/dist-packages/oslo_config/cfg.py:2609
2025-11-17 00:45:14.713 168446 DEBUG oslo_service.service [req-1d041013-97cb-48ab-ba2b-0292cfc89d50 - - - - -] console.ssl_minimum_version = default log_opt_values /usr/lib/python3/dist-packages/oslo_config/cfg.py:2609
2025-11-17 00:45:14.714 168446 DEBUG oslo_service.service [req-1d041013-97cb-48ab-ba2b-0292cfc89d50 - - - - -] consoleauth.token_ttl = 600 log_opt_values /usr/lib/python3/dist-packages/oslo_config/cfg.py:2609
2025-11-17 00:45:14.716 168446 DEBUG oslo_service.service [req-1d041013-97cb-48ab-ba2b-0292cfc89d50 - - - - -] cyborg.cafile = None log_opt_values /usr/lib/python3/dist-packages/oslo_config/cfg.py:2609
2025-11-17 00:45:14.716 168446 DEBUG oslo_service.service [req-1d041013-97cb-48ab-ba2b-0292cfc89d50 - - - - -] cyborg.certfile = None log_opt_values /usr/lib/python3/dist-packages/oslo_config/cfg.py:2609
2025-11-17 00:45:14.716 168446 DEBUG oslo_service.service [req-1d041013-97cb-48ab-ba2b-0292cfc89d50 - - - - -] cyborg.collect_timing = False log_opt_values /usr/lib/python3/dist-packages/oslo_config/cfg.py:2609
2025-11-17 00:45:14.717 168446 DEBUG oslo_service.service [req-1d041013-97cb-48ab-ba2b-0292cfc89d50 - - - - -] cyborg.connect_retries = None log_opt_values /usr/lib/python3/dist-packages/oslo_config/cfg.py:2609
2025-11-17 00:45:14.717 168446 DEBUG oslo_service.service [req-1d041013-97cb-48ab-ba2b-0292cfc89d50 - - - - -] cyborg.connect_retry_delay = None log_opt_values /usr/lib/python3/dist-packages/oslo_config/cfg.py:2609
2025-11-17 00:45:14.717 168446 DEBUG oslo_service.service [req-1d041013-97cb-48ab-ba2b-0292cfc89d50 - - - - -] cyborg.endpoint_override = None log_opt_values /usr/lib/python3/dist-packages/oslo_config/cfg.py:2609
2025-11-17 00:45:14.718 168446 DEBUG oslo_service.service [req-1d041013-97cb-48ab-ba2b-0292cfc89d50 - - - - -] cyborg.insecure = False log_opt_values /usr/lib/python3/dist-packages/oslo_config/cfg.py:2609
2025-11-17 00:45:14.718 168446 DEBUG oslo_service.service [req-1d041013-97cb-48ab-ba2b-0292cfc89d50 - - - - -] cyborg.keyfile = None log_opt_values /usr/lib/python3/dist-packages/oslo_config/cfg.py:2609
2025-11-17 00:45:14.718 168446 DEBUG oslo_service.service [req-1d041013-97cb-48ab-ba2b-0292cfc89d50 - - - - -] cyborg.max_version = None log_opt_values /usr/lib/python3/dist-packages/oslo_config/cfg.py:2609
2025-11-17 00:45:14.718 168446 DEBUG oslo_service.service [req-1d041013-97cb-48ab-ba2b-0292cfc89d50 - - - - -] cyborg.min_version = None log_opt_values /usr/lib/python3/dist-packages/oslo_config/cfg.py:2609
2025-11-17 00:45:14.719 168446 DEBUG oslo_service.service [req-1d041013-97cb-48ab-ba2b-0292cfc89d50 - - - - -] cyborg.region_name = None log_opt_values /usr/lib/python3/dist-packages/oslo_config/cfg.py:2609
2025-11-17 00:45:14.720 168446 DEBUG oslo_service.service [req-1d041013-97cb-48ab-ba2b-0292cfc89d50 - - - - -] cyborg.service_name = None log_opt_values /usr/lib/python3/dist-packages/oslo_config/cfg.py:2609
2025-11-17 00:45:14.720 168446 DEBUG oslo_service.service [req-1d041013-97cb-48ab-ba2b-0292cfc89d50 - - - - -] cyborg.service_type = accelerator log_opt_values /usr/lib/python3/dist-packages/oslo_config/cfg.py:2609
2025-11-17 00:45:14.721 168446 DEBUG oslo_service.service [req-1d041013-97cb-48ab-ba2b-0292cfc89d50 - - - - -] cyborg.split_loggers = False log_opt_values /usr/lib/python3/dist-packages/oslo_config/cfg.py:2609
2025-11-17 00:45:14.721 168446 DEBUG oslo_service.service [req-1d041013-97cb-48ab-ba2b-0292cfc89d50 - - - - -] cyborg.status_code_retries = None log_opt_values /usr/lib/python3/dist-packages/oslo_config/cfg.py:2609
2025-11-17 00:45:14.722 168446 DEBUG oslo_service.service [req-1d041013-97cb-48ab-ba2b-0292cfc89d50 - - - - -] cyborg.status_code_retry_delay = None log_opt_values /usr/lib/python3/dist-packages/oslo_config/cfg.py:2609
2025-11-17 00:45:14.723 168446 DEBUG oslo_service.service [req-1d041013-97cb-48ab-ba2b-0292cfc89d50 - - - - -] cyborg.timeout = None log_opt_values /usr/lib/python3/dist-packages/oslo_config/cfg.py:2609
2025-11-17 00:45:14.723 168446 DEBUG oslo_service.service [req-1d041013-97cb-48ab-ba2b-0292cfc89d50 - - - - -] cyborg.valid_interfaces = ['internal', 'public'] log_opt_values /usr/lib/python3/dist-packages/oslo_config/cfg.py:2609
2025-11-17 00:45:14.723 168446 DEBUG oslo_service.service [req-1d041013-97cb-48ab-ba2b-0292cfc89d50 - - - - -] cyborg.version = None log_opt_values /usr/lib/python3/dist-packages/oslo_config/cfg.py:2609
2025-11-17 00:45:14.723 168446 DEBUG oslo_service.service [req-1d041013-97cb-48ab-ba2b-0292cfc89d50 - - - - -] database.backend = sqlalchemy log_opt_values /usr/lib/python3/dist-packages/oslo_config/cfg.py:2609
2025-11-17 00:45:14.724 168446 DEBUG oslo_service.service [req-1d041013-97cb-48ab-ba2b-0292cfc89d50 - - - - -] database.connection = **** log_opt_values /usr/lib/python3/dist-packages/oslo_config/cfg.py:2609
2025-11-17 00:45:14.724 168446 DEBUG oslo_service.service [req-1d041013-97cb-48ab-ba2b-0292cfc89d50 - - - - -] database.connection_debug = 0 log_opt_values /usr/lib/python3/dist-packages/oslo_config/cfg.py:2609
2025-11-17 00:45:14.724 168446 DEBUG oslo_service.service [req-1d041013-97cb-48ab-ba2b-0292cfc89d50 - - - - -] database.connection_parameters = log_opt_values /usr/lib/python3/dist-packages/oslo_config/cfg.py:2609
2025-11-17 00:45:14.725 168446 DEBUG oslo_service.service [req-1d041013-97cb-48ab-ba2b-0292cfc89d50 - - - - -] database.connection_recycle_time = 3600 log_opt_values /usr/lib/python3/dist-packages/oslo_config/cfg.py:2609
2025-11-17 00:45:14.725 168446 DEBUG oslo_service.service [req-1d041013-97cb-48ab-ba2b-0292cfc89d50 - - - - -] database.connection_trace = False log_opt_values /usr/lib/python3/dist-packages/oslo_config/cfg.py:2609
2025-11-17 00:45:14.726 168446 DEBUG oslo_service.service [req-1d041013-97cb-48ab-ba2b-0292cfc89d50 - - - - -] database.db_inc_retry_interval = True log_opt_values /usr/lib/python3/dist-packages/oslo_config/cfg.py:2609
2025-11-17 00:45:14.726 168446 DEBUG oslo_service.service [req-1d041013-97cb-48ab-ba2b-0292cfc89d50 - - - - -] database.db_max_retries = 20 log_opt_values /usr/lib/python3/dist-packages/oslo_config/cfg.py:2609
2025-11-17 00:45:14.727 168446 DEBUG oslo_service.service [req-1d041013-97cb-48ab-ba2b-0292cfc89d50 - - - - -] database.db_max_retry_interval = 10 log_opt_values /usr/lib/python3/dist-packages/oslo_config/cfg.py:2609
2025-11-17 00:45:14.727 168446 DEBUG oslo_service.service [req-1d041013-97cb-48ab-ba2b-0292cfc89d50 - - - - -] database.db_retry_interval = 1 log_opt_values /usr/lib/python3/dist-packages/oslo_config/cfg.py:2609
2025-11-17 00:45:14.727 168446 DEBUG oslo_service.service [req-1d041013-97cb-48ab-ba2b-0292cfc89d50 - - - - -] database.max_overflow = 50 log_opt_values /usr/lib/python3/dist-packages/oslo_config/cfg.py:2609
2025-11-17 00:45:14.727 168446 DEBUG oslo_service.service [req-1d041013-97cb-48ab-ba2b-0292cfc89d50 - - - - -] database.max_pool_size = 4 log_opt_values /usr/lib/python3/dist-packages/oslo_config/cfg.py:2609
2025-11-17 00:45:14.728 168446 DEBUG oslo_service.service [req-1d041013-97cb-48ab-ba2b-0292cfc89d50 - - - - -] database.max_retries = 10 log_opt_values /usr/lib/python3/dist-packages/oslo_config/cfg.py:2609
2025-11-17 00:45:14.728 168446 DEBUG oslo_service.service [req-1d041013-97cb-48ab-ba2b-0292cfc89d50 - - - - -] database.mysql_enable_ndb = False log_opt_values /usr/lib/python3/dist-packages/oslo_config/cfg.py:2609
2025-11-17 00:45:14.728 168446 DEBUG oslo_service.service [req-1d041013-97cb-48ab-ba2b-0292cfc89d50 - - - - -] database.mysql_sql_mode = TRADITIONAL log_opt_values /usr/lib/python3/dist-packages/oslo_config/cfg.py:2609
2025-11-17 00:45:14.728 168446 DEBUG oslo_service.service [req-1d041013-97cb-48ab-ba2b-0292cfc89d50 - - - - -] database.pool_timeout = None log_opt_values /usr/lib/python3/dist-packages/oslo_config/cfg.py:2609
2025-11-17 00:45:14.729 168446 DEBUG oslo_service.service [req-1d041013-97cb-48ab-ba2b-0292cfc89d50 - - - - -] database.retry_interval = 10 log_opt_values /usr/lib/python3/dist-packages/oslo_config/cfg.py:2609
2025-11-17 00:45:14.729 168446 DEBUG oslo_service.service [req-1d041013-97cb-48ab-ba2b-0292cfc89d50 - - - - -] database.slave_connection = **** log_opt_values /usr/lib/python3/dist-packages/oslo_config/cfg.py:2609
2025-11-17 00:45:14.729 168446 DEBUG oslo_service.service [req-1d041013-97cb-48ab-ba2b-0292cfc89d50 - - - - -] database.sqlite_synchronous = True log_opt_values /usr/lib/python3/dist-packages/oslo_config/cfg.py:2609
2025-11-17 00:45:14.729 168446 DEBUG oslo_service.service [req-1d041013-97cb-48ab-ba2b-0292cfc89d50 - - - - -] database.use_db_reconnect = False log_opt_values /usr/lib/python3/dist-packages/oslo_config/cfg.py:2609
2025-11-17 00:45:14.729 168446 DEBUG oslo_service.service [req-1d041013-97cb-48ab-ba2b-0292cfc89d50 - - - - -] api_database.backend = sqlalchemy log_opt_values /usr/lib/python3/dist-packages/oslo_config/cfg.py:2609
2025-11-17 00:45:14.730 168446 DEBUG oslo_service.service [req-1d041013-97cb-48ab-ba2b-0292cfc89d50 - - - - -] api_database.connection = **** log_opt_values /usr/lib/python3/dist-packages/oslo_config/cfg.py:2609
2025-11-17 00:45:14.730 168446 DEBUG oslo_service.service [req-1d041013-97cb-48ab-ba2b-0292cfc89d50 - - - - -] api_database.connection_debug = 0 log_opt_values /usr/lib/python3/dist-packages/oslo_config/cfg.py:2609
2025-11-17 00:45:14.730 168446 DEBUG oslo_service.service [req-1d041013-97cb-48ab-ba2b-0292cfc89d50 - - - - -] api_database.connection_parameters = log_opt_values /usr/lib/python3/dist-packages/oslo_config/cfg.py:2609
2025-11-17 00:45:14.730 168446 DEBUG oslo_service.service [req-1d041013-97cb-48ab-ba2b-0292cfc89d50 - - - - -] api_database.connection_recycle_time = 3600 log_opt_values /usr/lib/python3/dist-packages/oslo_config/cfg.py:2609
2025-11-17 00:45:14.730 168446 DEBUG oslo_service.service [req-1d041013-97cb-48ab-ba2b-0292cfc89d50 - - - - -] api_database.connection_trace = False log_opt_values /usr/lib/python3/dist-packages/oslo_config/cfg.py:2609
2025-11-17 00:45:14.731 168446 DEBUG oslo_service.service [req-1d041013-97cb-48ab-ba2b-0292cfc89d50 - - - - -] api_database.db_inc_retry_interval = True log_opt_values /usr/lib/python3/dist-packages/oslo_config/cfg.py:2609
2025-11-17 00:45:14.731 168446 DEBUG oslo_service.service [req-1d041013-97cb-48ab-ba2b-0292cfc89d50 - - - - -] api_database.db_max_retries = 20 log_opt_values /usr/lib/python3/dist-packages/oslo_config/cfg.py:2609
2025-11-17 00:45:14.731 168446 DEBUG oslo_service.service [req-1d041013-97cb-48ab-ba2b-0292cfc89d50 - - - - -] api_database.db_max_retry_interval = 10 log_opt_values /usr/lib/python3/dist-packages/oslo_config/cfg.py:2609
2025-11-17 00:45:14.731 168446 DEBUG oslo_service.service [req-1d041013-97cb-48ab-ba2b-0292cfc89d50 - - - - -] api_database.db_retry_interval = 1 log_opt_values /usr/lib/python3/dist-packages/oslo_config/cfg.py:2609
2025-11-17 00:45:14.731 168446 DEBUG oslo_service.service [req-1d041013-97cb-48ab-ba2b-0292cfc89d50 - - - - -] api_database.max_overflow = 50 log_opt_values /usr/lib/python3/dist-packages/oslo_config/cfg.py:2609
2025-11-17 00:45:14.732 168446 DEBUG oslo_service.service [req-1d041013-97cb-48ab-ba2b-0292cfc89d50 - - - - -] api_database.max_pool_size = 4 log_opt_values /usr/lib/python3/dist-packages/oslo_config/cfg.py:2609
2025-11-17 00:45:14.732 168446 DEBUG oslo_service.service [req-1d041013-97cb-48ab-ba2b-0292cfc89d50 - - - - -] api_database.max_retries = 10 log_opt_values /usr/lib/python3/dist-packages/oslo_config/cfg.py:2609
