2025-11-17 00:43:09.330 147442 DEBUG oslo_service.service [req-fb9c02a5-91a4-47a8-a940-574c78e639ee - - - - -] oslo_policy.remote_ssl_verify_server_crt = False log_opt_values /usr/lib/python3/dist-packages/oslo_config/cfg.py:2609
2025-11-17 00:43:09.330 147442 DEBUG oslo_service.service [req-fb9c02a5-91a4-47a8-a940-574c78e639ee - - - - -] oslo_versionedobjects.fatal_exception_format_errors = False log_opt_values /usr/lib/python3/dist-packages/oslo_config/cfg.py:2609
2025-11-17 00:43:09.330 147442 DEBUG oslo_service.service [req-fb9c02a5-91a4-47a8-a940-574c78e639ee - - - - -] oslo_middleware.http_basic_auth_user_file = /etc/htpasswd log_opt_values /usr/lib/python3/dist-packages/oslo_config/cfg.py:2609
2025-11-17 00:43:09.331 147442 DEBUG oslo_service.service [req-fb9c02a5-91a4-47a8-a940-574c78e639ee - - - - -] profiler.connection_string = messaging:// log_opt_values /usr/lib/python3/dist-packages/oslo_config/cfg.py:2609
2025-11-17 00:43:09.331 147442 DEBUG oslo_service.service [req-fb9c02a5-91a4-47a8-a940-574c78e639ee - - - - -] profiler.enabled = False log_opt_values /usr/lib/python3/dist-packages/oslo_config/cfg.py:2609
2025-11-17 00:43:09.331 147442 DEBUG oslo_service.service [req-fb9c02a5-91a4-47a8-a940-574c78e639ee - - - - -] profiler.es_doc_type = notification log_opt_values /usr/lib/python3/dist-packages/oslo_config/cfg.py:2609
2025-11-17 00:43:09.331 147442 DEBUG oslo_service.service [req-fb9c02a5-91a4-47a8-a940-574c78e639ee - - - - -] profiler.es_scroll_size = 10000 log_opt_values /usr/lib/python3/dist-packages/oslo_config/cfg.py:2609
2025-11-17 00:43:09.331 147442 DEBUG oslo_service.service [req-fb9c02a5-91a4-47a8-a940-574c78e639ee - - - - -] profiler.es_scroll_time = 2m log_opt_values /usr/lib/python3/dist-packages/oslo_config/cfg.py:2609
2025-11-17 00:43:09.332 147442 DEBUG oslo_service.service [req-fb9c02a5-91a4-47a8-a940-574c78e639ee - - - - -] profiler.filter_error_trace = False log_opt_values /usr/lib/python3/dist-packages/oslo_config/cfg.py:2609
2025-11-17 00:43:09.332 147442 DEBUG oslo_service.service [req-fb9c02a5-91a4-47a8-a940-574c78e639ee - - - - -] profiler.hmac_keys = SECRET_KEY log_opt_values /usr/lib/python3/dist-packages/oslo_config/cfg.py:2609
2025-11-17 00:43:09.332 147442 DEBUG oslo_service.service [req-fb9c02a5-91a4-47a8-a940-574c78e639ee - - - - -] profiler.sentinel_service_name = mymaster log_opt_values /usr/lib/python3/dist-packages/oslo_config/cfg.py:2609
2025-11-17 00:43:09.332 147442 DEBUG oslo_service.service [req-fb9c02a5-91a4-47a8-a940-574c78e639ee - - - - -] profiler.socket_timeout = 0.1 log_opt_values /usr/lib/python3/dist-packages/oslo_config/cfg.py:2609
2025-11-17 00:43:09.332 147442 DEBUG oslo_service.service [req-fb9c02a5-91a4-47a8-a940-574c78e639ee - - - - -] profiler.trace_sqlalchemy = False log_opt_values /usr/lib/python3/dist-packages/oslo_config/cfg.py:2609
2025-11-17 00:43:09.333 147442 DEBUG oslo_service.service [req-fb9c02a5-91a4-47a8-a940-574c78e639ee - - - - -] remote_debug.host = None log_opt_values /usr/lib/python3/dist-packages/oslo_config/cfg.py:2609
2025-11-17 00:43:09.333 147442 DEBUG oslo_service.service [req-fb9c02a5-91a4-47a8-a940-574c78e639ee - - - - -] remote_debug.port = None log_opt_values /usr/lib/python3/dist-packages/oslo_config/cfg.py:2609
2025-11-17 00:43:09.333 147442 DEBUG oslo_service.service [req-fb9c02a5-91a4-47a8-a940-574c78e639ee - - - - -] oslo_messaging_rabbit.amqp_auto_delete = False log_opt_values /usr/lib/python3/dist-packages/oslo_config/cfg.py:2609
2025-11-17 00:43:09.333 147442 DEBUG oslo_service.service [req-fb9c02a5-91a4-47a8-a940-574c78e639ee - - - - -] oslo_messaging_rabbit.amqp_durable_queues = False log_opt_values /usr/lib/python3/dist-packages/oslo_config/cfg.py:2609
2025-11-17 00:43:09.333 147442 DEBUG oslo_service.service [req-fb9c02a5-91a4-47a8-a940-574c78e639ee - - - - -] oslo_messaging_rabbit.conn_pool_min_size = 2 log_opt_values /usr/lib/python3/dist-packages/oslo_config/cfg.py:2609
2025-11-17 00:43:09.334 147442 DEBUG oslo_service.service [req-fb9c02a5-91a4-47a8-a940-574c78e639ee - - - - -] oslo_messaging_rabbit.conn_pool_ttl = 1200 log_opt_values /usr/lib/python3/dist-packages/oslo_config/cfg.py:2609
2025-11-17 00:43:09.334 147442 DEBUG oslo_service.service [req-fb9c02a5-91a4-47a8-a940-574c78e639ee - - - - -] oslo_messaging_rabbit.direct_mandatory_flag = True log_opt_values /usr/lib/python3/dist-packages/oslo_config/cfg.py:2609
2025-11-17 00:43:09.334 147442 DEBUG oslo_service.service [req-fb9c02a5-91a4-47a8-a940-574c78e639ee - - - - -] oslo_messaging_rabbit.enable_cancel_on_failover = False log_opt_values /usr/lib/python3/dist-packages/oslo_config/cfg.py:2609
2025-11-17 00:43:09.334 147442 DEBUG oslo_service.service [req-fb9c02a5-91a4-47a8-a940-574c78e639ee - - - - -] oslo_messaging_rabbit.heartbeat_in_pthread = False log_opt_values /usr/lib/python3/dist-packages/oslo_config/cfg.py:2609
2025-11-17 00:43:09.334 147442 DEBUG oslo_service.service [req-fb9c02a5-91a4-47a8-a940-574c78e639ee - - - - -] oslo_messaging_rabbit.heartbeat_rate = 2 log_opt_values /usr/lib/python3/dist-packages/oslo_config/cfg.py:2609
2025-11-17 00:43:09.335 147442 DEBUG oslo_service.service [req-fb9c02a5-91a4-47a8-a940-574c78e639ee - - - - -] oslo_messaging_rabbit.heartbeat_timeout_threshold = 60 log_opt_values /usr/lib/python3/dist-packages/oslo_config/cfg.py:2609
2025-11-17 00:43:09.335 147442 DEBUG oslo_service.service [req-fb9c02a5-91a4-47a8-a940-574c78e639ee - - - - -] oslo_messaging_rabbit.kombu_compression = None log_opt_values /usr/lib/python3/dist-packages/oslo_config/cfg.py:2609
2025-11-17 00:43:09.335 147442 DEBUG oslo_service.service [req-fb9c02a5-91a4-47a8-a940-574c78e639ee - - - - -] oslo_messaging_rabbit.kombu_failover_strategy = round-robin log_opt_values /usr/lib/python3/dist-packages/oslo_config/cfg.py:2609
2025-11-17 00:43:09.335 147442 DEBUG oslo_service.service [req-fb9c02a5-91a4-47a8-a940-574c78e639ee - - - - -] oslo_messaging_rabbit.kombu_missing_consumer_retry_timeout = 60 log_opt_values /usr/lib/python3/dist-packages/oslo_config/cfg.py:2609
2025-11-17 00:43:09.335 147442 DEBUG oslo_service.service [req-fb9c02a5-91a4-47a8-a940-574c78e639ee - - - - -] oslo_messaging_rabbit.kombu_reconnect_delay = 1.0 log_opt_values /usr/lib/python3/dist-packages/oslo_config/cfg.py:2609
2025-11-17 00:43:09.336 147442 DEBUG oslo_service.service [req-fb9c02a5-91a4-47a8-a940-574c78e639ee - - - - -] oslo_messaging_rabbit.rabbit_ha_queues = False log_opt_values /usr/lib/python3/dist-packages/oslo_config/cfg.py:2609
2025-11-17 00:43:09.336 147442 DEBUG oslo_service.service [req-fb9c02a5-91a4-47a8-a940-574c78e639ee - - - - -] oslo_messaging_rabbit.rabbit_interval_max = 30 log_opt_values /usr/lib/python3/dist-packages/oslo_config/cfg.py:2609
2025-11-17 00:43:09.336 147442 DEBUG oslo_service.service [req-fb9c02a5-91a4-47a8-a940-574c78e639ee - - - - -] oslo_messaging_rabbit.rabbit_login_method = AMQPLAIN log_opt_values /usr/lib/python3/dist-packages/oslo_config/cfg.py:2609
2025-11-17 00:43:09.336 147442 DEBUG oslo_service.service [req-fb9c02a5-91a4-47a8-a940-574c78e639ee - - - - -] oslo_messaging_rabbit.rabbit_qos_prefetch_count = 0 log_opt_values /usr/lib/python3/dist-packages/oslo_config/cfg.py:2609
2025-11-17 00:43:09.336 147442 DEBUG oslo_service.service [req-fb9c02a5-91a4-47a8-a940-574c78e639ee - - - - -] oslo_messaging_rabbit.rabbit_quorum_queue = False log_opt_values /usr/lib/python3/dist-packages/oslo_config/cfg.py:2609
2025-11-17 00:43:09.337 147442 DEBUG oslo_service.service [req-fb9c02a5-91a4-47a8-a940-574c78e639ee - - - - -] oslo_messaging_rabbit.rabbit_retry_backoff = 2 log_opt_values /usr/lib/python3/dist-packages/oslo_config/cfg.py:2609
2025-11-17 00:43:09.337 147442 DEBUG oslo_service.service [req-fb9c02a5-91a4-47a8-a940-574c78e639ee - - - - -] oslo_messaging_rabbit.rabbit_retry_interval = 1 log_opt_values /usr/lib/python3/dist-packages/oslo_config/cfg.py:2609
2025-11-17 00:43:09.337 147442 DEBUG oslo_service.service [req-fb9c02a5-91a4-47a8-a940-574c78e639ee - - - - -] oslo_messaging_rabbit.rabbit_transient_queues_ttl = 1800 log_opt_values /usr/lib/python3/dist-packages/oslo_config/cfg.py:2609
2025-11-17 00:43:09.337 147442 DEBUG oslo_service.service [req-fb9c02a5-91a4-47a8-a940-574c78e639ee - - - - -] oslo_messaging_rabbit.rpc_conn_pool_size = 30 log_opt_values /usr/lib/python3/dist-packages/oslo_config/cfg.py:2609
2025-11-17 00:43:09.337 147442 DEBUG oslo_service.service [req-fb9c02a5-91a4-47a8-a940-574c78e639ee - - - - -] oslo_messaging_rabbit.ssl = False log_opt_values /usr/lib/python3/dist-packages/oslo_config/cfg.py:2609
2025-11-17 00:43:09.338 147442 DEBUG oslo_service.service [req-fb9c02a5-91a4-47a8-a940-574c78e639ee - - - - -] oslo_messaging_rabbit.ssl_ca_file = log_opt_values /usr/lib/python3/dist-packages/oslo_config/cfg.py:2609
2025-11-17 00:43:09.338 147442 DEBUG oslo_service.service [req-fb9c02a5-91a4-47a8-a940-574c78e639ee - - - - -] oslo_messaging_rabbit.ssl_cert_file = log_opt_values /usr/lib/python3/dist-packages/oslo_config/cfg.py:2609
2025-11-17 00:43:09.338 147442 DEBUG oslo_service.service [req-fb9c02a5-91a4-47a8-a940-574c78e639ee - - - - -] oslo_messaging_rabbit.ssl_key_file = log_opt_values /usr/lib/python3/dist-packages/oslo_config/cfg.py:2609
2025-11-17 00:43:09.338 147442 DEBUG oslo_service.service [req-fb9c02a5-91a4-47a8-a940-574c78e639ee - - - - -] oslo_messaging_rabbit.ssl_version = log_opt_values /usr/lib/python3/dist-packages/oslo_config/cfg.py:2609
2025-11-17 00:43:09.338 147442 DEBUG oslo_service.service [req-fb9c02a5-91a4-47a8-a940-574c78e639ee - - - - -] oslo_messaging_notifications.driver = ['messagingv2'] log_opt_values /usr/lib/python3/dist-packages/oslo_config/cfg.py:2609
2025-11-17 00:43:09.339 147442 DEBUG oslo_service.service [req-fb9c02a5-91a4-47a8-a940-574c78e639ee - - - - -] oslo_messaging_notifications.retry = -1 log_opt_values /usr/lib/python3/dist-packages/oslo_config/cfg.py:2609
2025-11-17 00:43:09.339 147442 DEBUG oslo_service.service [req-fb9c02a5-91a4-47a8-a940-574c78e639ee - - - - -] oslo_messaging_notifications.topics = ['notifications'] log_opt_values /usr/lib/python3/dist-packages/oslo_config/cfg.py:2609
2025-11-17 00:43:09.339 147442 DEBUG oslo_service.service [req-fb9c02a5-91a4-47a8-a940-574c78e639ee - - - - -] oslo_messaging_notifications.transport_url = **** log_opt_values /usr/lib/python3/dist-packages/oslo_config/cfg.py:2609
2025-11-17 00:43:09.339 147442 DEBUG oslo_service.service [req-fb9c02a5-91a4-47a8-a940-574c78e639ee - - - - -] oslo_limit.auth_section = None log_opt_values /usr/lib/python3/dist-packages/oslo_config/cfg.py:2609
2025-11-17 00:43:09.340 147442 DEBUG oslo_service.service [req-fb9c02a5-91a4-47a8-a940-574c78e639ee - - - - -] oslo_limit.auth_type = None log_opt_values /usr/lib/python3/dist-packages/oslo_config/cfg.py:2609
2025-11-17 00:43:09.340 147442 DEBUG oslo_service.service [req-fb9c02a5-91a4-47a8-a940-574c78e639ee - - - - -] oslo_limit.cafile = None log_opt_values /usr/lib/python3/dist-packages/oslo_config/cfg.py:2609
2025-11-17 00:43:09.340 147442 DEBUG oslo_service.service [req-fb9c02a5-91a4-47a8-a940-574c78e639ee - - - - -] oslo_limit.certfile = None log_opt_values /usr/lib/python3/dist-packages/oslo_config/cfg.py:2609
2025-11-17 00:43:09.340 147442 DEBUG oslo_service.service [req-fb9c02a5-91a4-47a8-a940-574c78e639ee - - - - -] oslo_limit.collect_timing = False log_opt_values /usr/lib/python3/dist-packages/oslo_config/cfg.py:2609
2025-11-17 00:43:09.340 147442 DEBUG oslo_service.service [req-fb9c02a5-91a4-47a8-a940-574c78e639ee - - - - -] oslo_limit.connect_retries = None log_opt_values /usr/lib/python3/dist-packages/oslo_config/cfg.py:2609
2025-11-17 00:43:09.340 147442 DEBUG oslo_service.service [req-fb9c02a5-91a4-47a8-a940-574c78e639ee - - - - -] oslo_limit.connect_retry_delay = None log_opt_values /usr/lib/python3/dist-packages/oslo_config/cfg.py:2609
2025-11-17 00:43:09.341 147442 DEBUG oslo_service.service [req-fb9c02a5-91a4-47a8-a940-574c78e639ee - - - - -] oslo_limit.endpoint_id = None log_opt_values /usr/lib/python3/dist-packages/oslo_config/cfg.py:2609
2025-11-17 00:43:09.341 147442 DEBUG oslo_service.service [req-fb9c02a5-91a4-47a8-a940-574c78e639ee - - - - -] oslo_limit.endpoint_override = None log_opt_values /usr/lib/python3/dist-packages/oslo_config/cfg.py:2609
2025-11-17 00:43:09.341 147442 DEBUG oslo_service.service [req-fb9c02a5-91a4-47a8-a940-574c78e639ee - - - - -] oslo_limit.insecure = False log_opt_values /usr/lib/python3/dist-packages/oslo_config/cfg.py:2609
2025-11-17 00:43:09.341 147442 DEBUG oslo_service.service [req-fb9c02a5-91a4-47a8-a940-574c78e639ee - - - - -] oslo_limit.keyfile = None log_opt_values /usr/lib/python3/dist-packages/oslo_config/cfg.py:2609
2025-11-17 00:43:09.341 147442 DEBUG oslo_service.service [req-fb9c02a5-91a4-47a8-a940-574c78e639ee - - - - -] oslo_limit.max_version = None log_opt_values /usr/lib/python3/dist-packages/oslo_config/cfg.py:2609
2025-11-17 00:43:09.341 147442 DEBUG oslo_service.service [req-fb9c02a5-91a4-47a8-a940-574c78e639ee - - - - -] oslo_limit.min_version = None log_opt_values /usr/lib/python3/dist-packages/oslo_config/cfg.py:2609
2025-11-17 00:43:09.342 147442 DEBUG oslo_service.service [req-fb9c02a5-91a4-47a8-a940-574c78e639ee - - - - -] oslo_limit.region_name = None log_opt_values /usr/lib/python3/dist-packages/oslo_config/cfg.py:2609
2025-11-17 00:43:09.342 147442 DEBUG oslo_service.service [req-fb9c02a5-91a4-47a8-a940-574c78e639ee - - - - -] oslo_limit.service_name = None log_opt_values /usr/lib/python3/dist-packages/oslo_config/cfg.py:2609
2025-11-17 00:43:09.342 147442 DEBUG oslo_service.service [req-fb9c02a5-91a4-47a8-a940-574c78e639ee - - - - -] oslo_limit.service_type = None log_opt_values /usr/lib/python3/dist-packages/oslo_config/cfg.py:2609
2025-11-17 00:43:09.342 147442 DEBUG oslo_service.service [req-fb9c02a5-91a4-47a8-a940-574c78e639ee - - - - -] oslo_limit.split_loggers = False log_opt_values /usr/lib/python3/dist-packages/oslo_config/cfg.py:2609
2025-11-17 00:43:09.342 147442 DEBUG oslo_service.service [req-fb9c02a5-91a4-47a8-a940-574c78e639ee - - - - -] oslo_limit.status_code_retries = None log_opt_values /usr/lib/python3/dist-packages/oslo_config/cfg.py:2609
2025-11-17 00:43:09.343 147442 DEBUG oslo_service.service [req-fb9c02a5-91a4-47a8-a940-574c78e639ee - - - - -] oslo_limit.status_code_retry_delay = None log_opt_values /usr/lib/python3/dist-packages/oslo_config/cfg.py:2609
2025-11-17 00:43:09.343 147442 DEBUG oslo_service.service [req-fb9c02a5-91a4-47a8-a940-574c78e639ee - - - - -] oslo_limit.timeout = None log_opt_values /usr/lib/python3/dist-packages/oslo_config/cfg.py:2609
2025-11-17 00:43:09.343 147442 DEBUG oslo_service.service [req-fb9c02a5-91a4-47a8-a940-574c78e639ee - - - - -] oslo_limit.valid_interfaces = None log_opt_values /usr/lib/python3/dist-packages/oslo_config/cfg.py:2609
2025-11-17 00:43:09.343 147442 DEBUG oslo_service.service [req-fb9c02a5-91a4-47a8-a940-574c78e639ee - - - - -] oslo_limit.version = None log_opt_values /usr/lib/python3/dist-packages/oslo_config/cfg.py:2609
2025-11-17 00:43:09.343 147442 DEBUG oslo_service.service [req-fb9c02a5-91a4-47a8-a940-574c78e639ee - - - - -] oslo_reports.file_event_handler = None log_opt_values /usr/lib/python3/dist-packages/oslo_config/cfg.py:2609
2025-11-17 00:43:09.344 147442 DEBUG oslo_service.service [req-fb9c02a5-91a4-47a8-a940-574c78e639ee - - - - -] oslo_reports.file_event_handler_interval = 1 log_opt_values /usr/lib/python3/dist-packages/oslo_config/cfg.py:2609
2025-11-17 00:43:09.344 147442 DEBUG oslo_service.service [req-fb9c02a5-91a4-47a8-a940-574c78e639ee - - - - -] oslo_reports.log_dir = None log_opt_values /usr/lib/python3/dist-packages/oslo_config/cfg.py:2609
2025-11-17 00:43:09.344 147442 DEBUG oslo_service.service [req-fb9c02a5-91a4-47a8-a940-574c78e639ee - - - - -] ******************************************************************************** log_opt_values /usr/lib/python3/dist-packages/oslo_config/cfg.py:2613
2025-11-17 00:43:10.201 148445 DEBUG oslo_messaging._drivers.amqpdriver [-] AMQPListener connection timeout poll /usr/lib/python3/dist-packages/oslo_messaging/_drivers/amqpdriver.py:360
2025-11-17 00:43:10.202 148445 DEBUG oslo_messaging._drivers.amqpdriver [-] Listener is running poll /usr/lib/python3/dist-packages/oslo_messaging/_drivers/amqpdriver.py:343
2025-11-17 00:43:10.202 148445 DEBUG oslo_messaging._drivers.amqpdriver [-] AMQPListener connection consume poll /usr/lib/python3/dist-packages/oslo_messaging/_drivers/amqpdriver.py:357
2025-11-17 00:43:10.203 148452 DEBUG oslo_messaging._drivers.amqpdriver [-] AMQPListener connection timeout poll /usr/lib/python3/dist-packages/oslo_messaging/_drivers/amqpdriver.py:360
2025-11-17 00:43:10.203 148452 DEBUG oslo_messaging._drivers.amqpdriver [-] Listener is running poll /usr/lib/python3/dist-packages/oslo_messaging/_drivers/amqpdriver.py:343
2025-11-17 00:43:10.203 148452 DEBUG oslo_messaging._drivers.amqpdriver [-] AMQPListener connection consume poll /usr/lib/python3/dist-packages/oslo_messaging/_drivers/amqpdriver.py:357
2025-11-17 00:43:10.206 148439 DEBUG oslo_messaging._drivers.amqpdriver [-] AMQPListener connection timeout poll /usr/lib/python3/dist-packages/oslo_messaging/_drivers/amqpdriver.py:360
2025-11-17 00:43:10.206 148439 DEBUG oslo_messaging._drivers.amqpdriver [-] Listener is running poll /usr/lib/python3/dist-packages/oslo_messaging/_drivers/amqpdriver.py:343
2025-11-17 00:43:10.206 148439 DEBUG oslo_messaging._drivers.amqpdriver [-] AMQPListener connection consume poll /usr/lib/python3/dist-packages/oslo_messaging/_drivers/amqpdriver.py:357
2025-11-17 00:43:10.211 148446 DEBUG oslo_messaging._drivers.amqpdriver [-] AMQPListener connection timeout poll /usr/lib/python3/dist-packages/oslo_messaging/_drivers/amqpdriver.py:360
2025-11-17 00:43:10.211 148446 DEBUG oslo_messaging._drivers.amqpdriver [-] Listener is running poll /usr/lib/python3/dist-packages/oslo_messaging/_drivers/amqpdriver.py:343
2025-11-17 00:43:10.211 148446 DEBUG oslo_messaging._drivers.amqpdriver [-] AMQPListener connection consume poll /usr/lib/python3/dist-packages/oslo_messaging/_drivers/amqpdriver.py:357
2025-11-17 00:43:12.204 148445 DEBUG oslo_messaging._drivers.amqpdriver [-] AMQPListener connection timeout poll /usr/lib/python3/dist-packages/oslo_messaging/_drivers/amqpdriver.py:360
2025-11-17 00:43:12.204 148445 DEBUG oslo_messaging._drivers.amqpdriver [-] Listener is running poll /usr/lib/python3/dist-packages/oslo_messaging/_drivers/amqpdriver.py:343
2025-11-17 00:43:12.204 148445 DEBUG oslo_messaging._drivers.amqpdriver [-] AMQPListener connection consume poll /usr/lib/python3/dist-packages/oslo_messaging/_drivers/amqpdriver.py:357
2025-11-17 00:43:12.206 148452 DEBUG oslo_messaging._drivers.amqpdriver [-] AMQPListener connection timeout poll /usr/lib/python3/dist-packages/oslo_messaging/_drivers/amqpdriver.py:360
2025-11-17 00:43:12.206 148452 DEBUG oslo_messaging._drivers.amqpdriver [-] Listener is running poll /usr/lib/python3/dist-packages/oslo_messaging/_drivers/amqpdriver.py:343
2025-11-17 00:43:12.206 148452 DEBUG oslo_messaging._drivers.amqpdriver [-] AMQPListener connection consume poll /usr/lib/python3/dist-packages/oslo_messaging/_drivers/amqpdriver.py:357
2025-11-17 00:43:12.209 148439 DEBUG oslo_messaging._drivers.amqpdriver [-] AMQPListener connection timeout poll /usr/lib/python3/dist-packages/oslo_messaging/_drivers/amqpdriver.py:360
2025-11-17 00:43:12.209 148439 DEBUG oslo_messaging._drivers.amqpdriver [-] Listener is running poll /usr/lib/python3/dist-packages/oslo_messaging/_drivers/amqpdriver.py:343
2025-11-17 00:43:12.209 148439 DEBUG oslo_messaging._drivers.amqpdriver [-] AMQPListener connection consume poll /usr/lib/python3/dist-packages/oslo_messaging/_drivers/amqpdriver.py:357
2025-11-17 00:43:12.212 148446 DEBUG oslo_messaging._drivers.amqpdriver [-] AMQPListener connection timeout poll /usr/lib/python3/dist-packages/oslo_messaging/_drivers/amqpdriver.py:360
2025-11-17 00:43:12.212 148446 DEBUG oslo_messaging._drivers.amqpdriver [-] Listener is running poll /usr/lib/python3/dist-packages/oslo_messaging/_drivers/amqpdriver.py:343
2025-11-17 00:43:12.212 148446 DEBUG oslo_messaging._drivers.amqpdriver [-] AMQPListener connection consume poll /usr/lib/python3/dist-packages/oslo_messaging/_drivers/amqpdriver.py:357
2025-11-17 00:43:16.207 148445 DEBUG oslo_messaging._drivers.amqpdriver [-] AMQPListener connection timeout poll /usr/lib/python3/dist-packages/oslo_messaging/_drivers/amqpdriver.py:360
2025-11-17 00:43:16.207 148445 DEBUG oslo_messaging._drivers.amqpdriver [-] Listener is running poll /usr/lib/python3/dist-packages/oslo_messaging/_drivers/amqpdriver.py:343
2025-11-17 00:43:16.207 148445 DEBUG oslo_messaging._drivers.amqpdriver [-] AMQPListener connection consume poll /usr/lib/python3/dist-packages/oslo_messaging/_drivers/amqpdriver.py:357
2025-11-17 00:43:16.208 148452 DEBUG oslo_messaging._drivers.amqpdriver [-] AMQPListener connection timeout poll /usr/lib/python3/dist-packages/oslo_messaging/_drivers/amqpdriver.py:360
2025-11-17 00:43:16.209 148452 DEBUG oslo_messaging._drivers.amqpdriver [-] Listener is running poll /usr/lib/python3/dist-packages/oslo_messaging/_drivers/amqpdriver.py:343
2025-11-17 00:43:16.209 148452 DEBUG oslo_messaging._drivers.amqpdriver [-] AMQPListener connection consume poll /usr/lib/python3/dist-packages/oslo_messaging/_drivers/amqpdriver.py:357
2025-11-17 00:43:16.211 148439 DEBUG oslo_messaging._drivers.amqpdriver [-] AMQPListener connection timeout poll /usr/lib/python3/dist-packages/oslo_messaging/_drivers/amqpdriver.py:360
2025-11-17 00:43:16.211 148439 DEBUG oslo_messaging._drivers.amqpdriver [-] Listener is running poll /usr/lib/python3/dist-packages/oslo_messaging/_drivers/amqpdriver.py:343
2025-11-17 00:43:16.211 148439 DEBUG oslo_messaging._drivers.amqpdriver [-] AMQPListener connection consume poll /usr/lib/python3/dist-packages/oslo_messaging/_drivers/amqpdriver.py:357
2025-11-17 00:43:16.214 148446 DEBUG oslo_messaging._drivers.amqpdriver [-] AMQPListener connection timeout poll /usr/lib/python3/dist-packages/oslo_messaging/_drivers/amqpdriver.py:360
2025-11-17 00:43:16.214 148446 DEBUG oslo_messaging._drivers.amqpdriver [-] Listener is running poll /usr/lib/python3/dist-packages/oslo_messaging/_drivers/amqpdriver.py:343
2025-11-17 00:43:16.214 148446 DEBUG oslo_messaging._drivers.amqpdriver [-] AMQPListener connection consume poll /usr/lib/python3/dist-packages/oslo_messaging/_drivers/amqpdriver.py:357
2025-11-17 00:43:17.202 148452 DEBUG oslo_service.periodic_task [req-8910e4b6-cd0a-4a67-8e4b-fe6fe869d5ae - - - - -] Running periodic task SchedulerManager._discover_hosts_in_cells run_periodic_tasks /usr/lib/python3/dist-packages/oslo_service/periodic_task.py:210
2025-11-17 00:43:17.204 148452 DEBUG oslo_db.sqlalchemy.engines [req-8910e4b6-cd0a-4a67-8e4b-fe6fe869d5ae - - - - -] Parent process 147442 forked (148452) with an open database connection, which is being discarded and recreated. checkout /usr/lib/python3/dist-packages/oslo_db/sqlalchemy/engines.py:413
2025-11-17 00:43:17.210 148452 DEBUG oslo_concurrency.lockutils [req-8910e4b6-cd0a-4a67-8e4b-fe6fe869d5ae - - - - -] Lock "9d563877-a561-4421-a26a-b9593fa05d1b" acquired by "nova.context.set_target_cell..get_or_set_cached_cell_and_set_connections" :: waited 0.000s inner /usr/lib/python3/dist-packages/oslo_concurrency/lockutils.py:386
2025-11-17 00:43:17.212 148452 DEBUG oslo_concurrency.lockutils [req-8910e4b6-cd0a-4a67-8e4b-fe6fe869d5ae - - - - -] Lock "9d563877-a561-4421-a26a-b9593fa05d1b" "released" by "nova.context.set_target_cell..get_or_set_cached_cell_and_set_connections" :: held 0.002s inner /usr/lib/python3/dist-packages/oslo_concurrency/lockutils.py:400
2025-11-17 00:43:17.218 148452 DEBUG oslo_db.sqlalchemy.engines [req-8910e4b6-cd0a-4a67-8e4b-fe6fe869d5ae - - - - -] MySQL server mode set to STRICT_TRANS_TABLES,STRICT_ALL_TABLES,NO_ZERO_IN_DATE,NO_ZERO_DATE,ERROR_FOR_DIVISION_BY_ZERO,TRADITIONAL,NO_ENGINE_SUBSTITUTION _check_effective_sql_mode /usr/lib/python3/dist-packages/oslo_db/sqlalchemy/engines.py:314
2025-11-17 00:43:17.284 148452 INFO nova.scheduler.manager [req-8910e4b6-cd0a-4a67-8e4b-fe6fe869d5ae - - - - -] Discovered 1 new hosts: cell1:cn-jenkins-deploy-platform-juju-os-615-1
2025-11-17 00:43:21.206 148439 DEBUG oslo_service.periodic_task [req-e246a718-ae9b-4e8f-9e9a-d97ceab17d54 - - - - -] Running periodic task SchedulerManager._discover_hosts_in_cells run_periodic_tasks /usr/lib/python3/dist-packages/oslo_service/periodic_task.py:210
2025-11-17 00:43:21.207 148439 DEBUG oslo_db.sqlalchemy.engines [req-e246a718-ae9b-4e8f-9e9a-d97ceab17d54 - - - - -] Parent process 147442 forked (148439) with an open database connection, which is being discarded and recreated. checkout /usr/lib/python3/dist-packages/oslo_db/sqlalchemy/engines.py:413
2025-11-17 00:43:21.214 148439 DEBUG oslo_concurrency.lockutils [req-e246a718-ae9b-4e8f-9e9a-d97ceab17d54 - - - - -] Lock "9d563877-a561-4421-a26a-b9593fa05d1b" acquired by "nova.context.set_target_cell..get_or_set_cached_cell_and_set_connections" :: waited 0.000s inner /usr/lib/python3/dist-packages/oslo_concurrency/lockutils.py:386
2025-11-17 00:43:21.217 148439 DEBUG oslo_concurrency.lockutils [req-e246a718-ae9b-4e8f-9e9a-d97ceab17d54 - - - - -] Lock "9d563877-a561-4421-a26a-b9593fa05d1b" "released" by "nova.context.set_target_cell..get_or_set_cached_cell_and_set_connections" :: held 0.002s inner /usr/lib/python3/dist-packages/oslo_concurrency/lockutils.py:400
2025-11-17 00:43:21.235 148439 DEBUG oslo_db.sqlalchemy.engines [req-e246a718-ae9b-4e8f-9e9a-d97ceab17d54 - - - - -] MySQL server mode set to STRICT_TRANS_TABLES,STRICT_ALL_TABLES,NO_ZERO_IN_DATE,NO_ZERO_DATE,ERROR_FOR_DIVISION_BY_ZERO,TRADITIONAL,NO_ENGINE_SUBSTITUTION _check_effective_sql_mode /usr/lib/python3/dist-packages/oslo_db/sqlalchemy/engines.py:314
2025-11-17 00:43:24.208 148445 DEBUG oslo_messaging._drivers.amqpdriver [-] AMQPListener connection timeout poll /usr/lib/python3/dist-packages/oslo_messaging/_drivers/amqpdriver.py:360
2025-11-17 00:43:24.208 148445 DEBUG oslo_messaging._drivers.amqpdriver [-] Listener is running poll /usr/lib/python3/dist-packages/oslo_messaging/_drivers/amqpdriver.py:343
2025-11-17 00:43:24.209 148445 DEBUG oslo_messaging._drivers.amqpdriver [-] AMQPListener connection consume poll /usr/lib/python3/dist-packages/oslo_messaging/_drivers/amqpdriver.py:357
2025-11-17 00:43:24.210 148452 DEBUG oslo_messaging._drivers.amqpdriver [-] AMQPListener connection timeout poll /usr/lib/python3/dist-packages/oslo_messaging/_drivers/amqpdriver.py:360
2025-11-17 00:43:24.210 148452 DEBUG oslo_messaging._drivers.amqpdriver [-] Listener is running poll /usr/lib/python3/dist-packages/oslo_messaging/_drivers/amqpdriver.py:343
2025-11-17 00:43:24.210 148452 DEBUG oslo_messaging._drivers.amqpdriver [-] AMQPListener connection consume poll /usr/lib/python3/dist-packages/oslo_messaging/_drivers/amqpdriver.py:357
2025-11-17 00:43:24.212 148439 DEBUG oslo_messaging._drivers.amqpdriver [-] AMQPListener connection timeout poll /usr/lib/python3/dist-packages/oslo_messaging/_drivers/amqpdriver.py:360
2025-11-17 00:43:24.213 148439 DEBUG oslo_messaging._drivers.amqpdriver [-] Listener is running poll /usr/lib/python3/dist-packages/oslo_messaging/_drivers/amqpdriver.py:343
2025-11-17 00:43:24.213 148439 DEBUG oslo_messaging._drivers.amqpdriver [-] AMQPListener connection consume poll /usr/lib/python3/dist-packages/oslo_messaging/_drivers/amqpdriver.py:357
2025-11-17 00:43:24.217 148446 DEBUG oslo_messaging._drivers.amqpdriver [-] AMQPListener connection timeout poll /usr/lib/python3/dist-packages/oslo_messaging/_drivers/amqpdriver.py:360
2025-11-17 00:43:24.218 148446 DEBUG oslo_messaging._drivers.amqpdriver [-] Listener is running poll /usr/lib/python3/dist-packages/oslo_messaging/_drivers/amqpdriver.py:343
2025-11-17 00:43:24.218 148446 DEBUG oslo_messaging._drivers.amqpdriver [-] AMQPListener connection consume poll /usr/lib/python3/dist-packages/oslo_messaging/_drivers/amqpdriver.py:357
2025-11-17 00:43:25.197 148445 DEBUG oslo_service.periodic_task [req-e136a34b-4aa6-4fa2-9438-6311f3b78284 - - - - -] Running periodic task SchedulerManager._discover_hosts_in_cells run_periodic_tasks /usr/lib/python3/dist-packages/oslo_service/periodic_task.py:210
2025-11-17 00:43:25.199 148445 DEBUG oslo_db.sqlalchemy.engines [req-e136a34b-4aa6-4fa2-9438-6311f3b78284 - - - - -] Parent process 147442 forked (148445) with an open database connection, which is being discarded and recreated. checkout /usr/lib/python3/dist-packages/oslo_db/sqlalchemy/engines.py:413
2025-11-17 00:43:25.207 148445 DEBUG oslo_concurrency.lockutils [req-e136a34b-4aa6-4fa2-9438-6311f3b78284 - - - - -] Lock "9d563877-a561-4421-a26a-b9593fa05d1b" acquired by "nova.context.set_target_cell..get_or_set_cached_cell_and_set_connections" :: waited 0.000s inner /usr/lib/python3/dist-packages/oslo_concurrency/lockutils.py:386
2025-11-17 00:43:25.209 148445 DEBUG oslo_concurrency.lockutils [req-e136a34b-4aa6-4fa2-9438-6311f3b78284 - - - - -] Lock "9d563877-a561-4421-a26a-b9593fa05d1b" "released" by "nova.context.set_target_cell..get_or_set_cached_cell_and_set_connections" :: held 0.002s inner /usr/lib/python3/dist-packages/oslo_concurrency/lockutils.py:400
2025-11-17 00:43:25.215 148445 DEBUG oslo_db.sqlalchemy.engines [req-e136a34b-4aa6-4fa2-9438-6311f3b78284 - - - - -] MySQL server mode set to STRICT_TRANS_TABLES,STRICT_ALL_TABLES,NO_ZERO_IN_DATE,NO_ZERO_DATE,ERROR_FOR_DIVISION_BY_ZERO,TRADITIONAL,NO_ENGINE_SUBSTITUTION _check_effective_sql_mode /usr/lib/python3/dist-packages/oslo_db/sqlalchemy/engines.py:314
2025-11-17 00:43:47.288 148452 DEBUG oslo_service.periodic_task [req-8910e4b6-cd0a-4a67-8e4b-fe6fe869d5ae - - - - -] Running periodic task SchedulerManager._discover_hosts_in_cells run_periodic_tasks /usr/lib/python3/dist-packages/oslo_service/periodic_task.py:210
2025-11-17 00:43:47.293 148452 DEBUG oslo_concurrency.lockutils [req-3283f997-5a3d-442f-af7f-1b9b4466bf23 - - - - -] Lock "9d563877-a561-4421-a26a-b9593fa05d1b" acquired by "nova.context.set_target_cell..get_or_set_cached_cell_and_set_connections" :: waited 0.000s inner /usr/lib/python3/dist-packages/oslo_concurrency/lockutils.py:386
2025-11-17 00:43:47.293 148452 DEBUG oslo_concurrency.lockutils [req-3283f997-5a3d-442f-af7f-1b9b4466bf23 - - - - -] Lock "9d563877-a561-4421-a26a-b9593fa05d1b" "released" by "nova.context.set_target_cell..get_or_set_cached_cell_and_set_connections" :: held 0.000s inner /usr/lib/python3/dist-packages/oslo_concurrency/lockutils.py:400
2025-11-17 00:43:51.258 148439 DEBUG oslo_service.periodic_task [req-e246a718-ae9b-4e8f-9e9a-d97ceab17d54 - - - - -] Running periodic task SchedulerManager._discover_hosts_in_cells run_periodic_tasks /usr/lib/python3/dist-packages/oslo_service/periodic_task.py:210
2025-11-17 00:43:51.263 148439 DEBUG oslo_concurrency.lockutils [req-431c729a-35fd-427a-b0d5-dd1e5d78b487 - - - - -] Lock "9d563877-a561-4421-a26a-b9593fa05d1b" acquired by "nova.context.set_target_cell..get_or_set_cached_cell_and_set_connections" :: waited 0.000s inner /usr/lib/python3/dist-packages/oslo_concurrency/lockutils.py:386
2025-11-17 00:43:51.264 148439 DEBUG oslo_concurrency.lockutils [req-431c729a-35fd-427a-b0d5-dd1e5d78b487 - - - - -] Lock "9d563877-a561-4421-a26a-b9593fa05d1b" "released" by "nova.context.set_target_cell..get_or_set_cached_cell_and_set_connections" :: held 0.000s inner /usr/lib/python3/dist-packages/oslo_concurrency/lockutils.py:400
2025-11-17 00:43:54.169 148439 DEBUG oslo_messaging._drivers.amqpdriver [-] AMQPListener connection timeout poll /usr/lib/python3/dist-packages/oslo_messaging/_drivers/amqpdriver.py:360
2025-11-17 00:43:54.170 148439 DEBUG oslo_messaging._drivers.amqpdriver [-] Listener is running poll /usr/lib/python3/dist-packages/oslo_messaging/_drivers/amqpdriver.py:343
2025-11-17 00:43:54.170 148439 DEBUG oslo_messaging._drivers.amqpdriver [-] AMQPListener connection consume poll /usr/lib/python3/dist-packages/oslo_messaging/_drivers/amqpdriver.py:357
2025-11-17 00:43:54.182 148446 DEBUG oslo_messaging._drivers.amqpdriver [-] AMQPListener connection timeout poll /usr/lib/python3/dist-packages/oslo_messaging/_drivers/amqpdriver.py:360
2025-11-17 00:43:54.183 148446 DEBUG oslo_messaging._drivers.amqpdriver [-] Listener is running poll /usr/lib/python3/dist-packages/oslo_messaging/_drivers/amqpdriver.py:343
2025-11-17 00:43:54.183 148446 DEBUG oslo_messaging._drivers.amqpdriver [-] AMQPListener connection consume poll /usr/lib/python3/dist-packages/oslo_messaging/_drivers/amqpdriver.py:357
2025-11-17 00:43:54.184 148445 DEBUG oslo_messaging._drivers.amqpdriver [-] AMQPListener connection timeout poll /usr/lib/python3/dist-packages/oslo_messaging/_drivers/amqpdriver.py:360
2025-11-17 00:43:54.185 148445 DEBUG oslo_messaging._drivers.amqpdriver [-] Listener is running poll /usr/lib/python3/dist-packages/oslo_messaging/_drivers/amqpdriver.py:343
2025-11-17 00:43:54.185 148445 DEBUG oslo_messaging._drivers.amqpdriver [-] AMQPListener connection consume poll /usr/lib/python3/dist-packages/oslo_messaging/_drivers/amqpdriver.py:357
2025-11-17 00:43:54.192 148452 DEBUG oslo_messaging._drivers.amqpdriver [-] AMQPListener connection timeout poll /usr/lib/python3/dist-packages/oslo_messaging/_drivers/amqpdriver.py:360
2025-11-17 00:43:54.193 148452 DEBUG oslo_messaging._drivers.amqpdriver [-] Listener is running poll /usr/lib/python3/dist-packages/oslo_messaging/_drivers/amqpdriver.py:343
2025-11-17 00:43:54.193 148452 DEBUG oslo_messaging._drivers.amqpdriver [-] AMQPListener connection consume poll /usr/lib/python3/dist-packages/oslo_messaging/_drivers/amqpdriver.py:357
2025-11-17 00:43:55.233 148445 DEBUG oslo_service.periodic_task [req-e136a34b-4aa6-4fa2-9438-6311f3b78284 - - - - -] Running periodic task SchedulerManager._discover_hosts_in_cells run_periodic_tasks /usr/lib/python3/dist-packages/oslo_service/periodic_task.py:210
2025-11-17 00:43:55.238 148445 DEBUG oslo_concurrency.lockutils [req-9b5a4e6c-4db6-4bf6-b2a6-fc4368dd251e - - - - -] Lock "9d563877-a561-4421-a26a-b9593fa05d1b" acquired by "nova.context.set_target_cell..get_or_set_cached_cell_and_set_connections" :: waited 0.000s inner /usr/lib/python3/dist-packages/oslo_concurrency/lockutils.py:386
2025-11-17 00:43:55.239 148445 DEBUG oslo_concurrency.lockutils [req-9b5a4e6c-4db6-4bf6-b2a6-fc4368dd251e - - - - -] Lock "9d563877-a561-4421-a26a-b9593fa05d1b" "released" by "nova.context.set_target_cell..get_or_set_cached_cell_and_set_connections" :: held 0.000s inner /usr/lib/python3/dist-packages/oslo_concurrency/lockutils.py:400
2025-11-17 00:44:01.207 148446 DEBUG oslo_service.periodic_task [req-51586d66-6728-4716-b30f-e7ed4728a591 - - - - -] Running periodic task SchedulerManager._discover_hosts_in_cells run_periodic_tasks /usr/lib/python3/dist-packages/oslo_service/periodic_task.py:210
2025-11-17 00:44:01.208 148446 DEBUG oslo_db.sqlalchemy.engines [req-51586d66-6728-4716-b30f-e7ed4728a591 - - - - -] Parent process 147442 forked (148446) with an open database connection, which is being discarded and recreated. checkout /usr/lib/python3/dist-packages/oslo_db/sqlalchemy/engines.py:413
2025-11-17 00:44:01.215 148446 DEBUG oslo_concurrency.lockutils [req-51586d66-6728-4716-b30f-e7ed4728a591 - - - - -] Lock "9d563877-a561-4421-a26a-b9593fa05d1b" acquired by "nova.context.set_target_cell..get_or_set_cached_cell_and_set_connections" :: waited 0.000s inner /usr/lib/python3/dist-packages/oslo_concurrency/lockutils.py:386
2025-11-17 00:44:01.217 148446 DEBUG oslo_concurrency.lockutils [req-51586d66-6728-4716-b30f-e7ed4728a591 - - - - -] Lock "9d563877-a561-4421-a26a-b9593fa05d1b" "released" by "nova.context.set_target_cell..get_or_set_cached_cell_and_set_connections" :: held 0.002s inner /usr/lib/python3/dist-packages/oslo_concurrency/lockutils.py:400
2025-11-17 00:44:01.224 148446 DEBUG oslo_db.sqlalchemy.engines [req-51586d66-6728-4716-b30f-e7ed4728a591 - - - - -] MySQL server mode set to STRICT_TRANS_TABLES,STRICT_ALL_TABLES,NO_ZERO_IN_DATE,NO_ZERO_DATE,ERROR_FOR_DIVISION_BY_ZERO,TRADITIONAL,NO_ENGINE_SUBSTITUTION _check_effective_sql_mode /usr/lib/python3/dist-packages/oslo_db/sqlalchemy/engines.py:314
2025-11-17 00:44:18.204 148452 DEBUG oslo_service.periodic_task [req-3283f997-5a3d-442f-af7f-1b9b4466bf23 - - - - -] Running periodic task SchedulerManager._discover_hosts_in_cells run_periodic_tasks /usr/lib/python3/dist-packages/oslo_service/periodic_task.py:210
2025-11-17 00:44:18.210 148452 DEBUG oslo_concurrency.lockutils [req-7a448580-f71e-4d61-ab20-79580d3604bf - - - - -] Lock "9d563877-a561-4421-a26a-b9593fa05d1b" acquired by "nova.context.set_target_cell..get_or_set_cached_cell_and_set_connections" :: waited 0.000s inner /usr/lib/python3/dist-packages/oslo_concurrency/lockutils.py:386
2025-11-17 00:44:18.210 148452 DEBUG oslo_concurrency.lockutils [req-7a448580-f71e-4d61-ab20-79580d3604bf - - - - -] Lock "9d563877-a561-4421-a26a-b9593fa05d1b" "released" by "nova.context.set_target_cell..get_or_set_cached_cell_and_set_connections" :: held 0.000s inner /usr/lib/python3/dist-packages/oslo_concurrency/lockutils.py:400
2025-11-17 00:44:22.208 148439 DEBUG oslo_service.periodic_task [req-431c729a-35fd-427a-b0d5-dd1e5d78b487 - - - - -] Running periodic task SchedulerManager._discover_hosts_in_cells run_periodic_tasks /usr/lib/python3/dist-packages/oslo_service/periodic_task.py:210
2025-11-17 00:44:22.213 148439 DEBUG oslo_concurrency.lockutils [req-0f3d50e6-82f7-43dc-a4e8-1624b40ef728 - - - - -] Lock "9d563877-a561-4421-a26a-b9593fa05d1b" acquired by "nova.context.set_target_cell..get_or_set_cached_cell_and_set_connections" :: waited 0.000s inner /usr/lib/python3/dist-packages/oslo_concurrency/lockutils.py:386
2025-11-17 00:44:22.214 148439 DEBUG oslo_concurrency.lockutils [req-0f3d50e6-82f7-43dc-a4e8-1624b40ef728 - - - - -] Lock "9d563877-a561-4421-a26a-b9593fa05d1b" "released" by "nova.context.set_target_cell..get_or_set_cached_cell_and_set_connections" :: held 0.000s inner /usr/lib/python3/dist-packages/oslo_concurrency/lockutils.py:400
2025-11-17 00:44:25.245 148445 DEBUG oslo_service.periodic_task [req-9b5a4e6c-4db6-4bf6-b2a6-fc4368dd251e - - - - -] Running periodic task SchedulerManager._discover_hosts_in_cells run_periodic_tasks /usr/lib/python3/dist-packages/oslo_service/periodic_task.py:210
2025-11-17 00:44:25.251 148445 DEBUG oslo_concurrency.lockutils [req-460bdcba-2514-448d-8174-dfab9daae51c - - - - -] Lock "9d563877-a561-4421-a26a-b9593fa05d1b" acquired by "nova.context.set_target_cell..get_or_set_cached_cell_and_set_connections" :: waited 0.000s inner /usr/lib/python3/dist-packages/oslo_concurrency/lockutils.py:386
2025-11-17 00:44:25.251 148445 DEBUG oslo_concurrency.lockutils [req-460bdcba-2514-448d-8174-dfab9daae51c - - - - -] Lock "9d563877-a561-4421-a26a-b9593fa05d1b" "released" by "nova.context.set_target_cell..get_or_set_cached_cell_and_set_connections" :: held 0.000s inner /usr/lib/python3/dist-packages/oslo_concurrency/lockutils.py:400
2025-11-17 00:44:26.174 148439 DEBUG oslo_messaging._drivers.amqpdriver [-] AMQPListener connection timeout poll /usr/lib/python3/dist-packages/oslo_messaging/_drivers/amqpdriver.py:360
2025-11-17 00:44:26.174 148439 DEBUG oslo_messaging._drivers.amqpdriver [-] Listener is running poll /usr/lib/python3/dist-packages/oslo_messaging/_drivers/amqpdriver.py:343
2025-11-17 00:44:26.174 148439 DEBUG oslo_messaging._drivers.amqpdriver [-] AMQPListener connection consume poll /usr/lib/python3/dist-packages/oslo_messaging/_drivers/amqpdriver.py:357
2025-11-17 00:44:26.185 148446 DEBUG oslo_messaging._drivers.amqpdriver [-] AMQPListener connection timeout poll /usr/lib/python3/dist-packages/oslo_messaging/_drivers/amqpdriver.py:360
2025-11-17 00:44:26.186 148446 DEBUG oslo_messaging._drivers.amqpdriver [-] Listener is running poll /usr/lib/python3/dist-packages/oslo_messaging/_drivers/amqpdriver.py:343
2025-11-17 00:44:26.186 148446 DEBUG oslo_messaging._drivers.amqpdriver [-] AMQPListener connection consume poll /usr/lib/python3/dist-packages/oslo_messaging/_drivers/amqpdriver.py:357
2025-11-17 00:44:26.187 148445 DEBUG oslo_messaging._drivers.amqpdriver [-] AMQPListener connection timeout poll /usr/lib/python3/dist-packages/oslo_messaging/_drivers/amqpdriver.py:360
2025-11-17 00:44:26.188 148445 DEBUG oslo_messaging._drivers.amqpdriver [-] Listener is running poll /usr/lib/python3/dist-packages/oslo_messaging/_drivers/amqpdriver.py:343
2025-11-17 00:44:26.188 148445 DEBUG oslo_messaging._drivers.amqpdriver [-] AMQPListener connection consume poll /usr/lib/python3/dist-packages/oslo_messaging/_drivers/amqpdriver.py:357
2025-11-17 00:44:26.196 148452 DEBUG oslo_messaging._drivers.amqpdriver [-] AMQPListener connection timeout poll /usr/lib/python3/dist-packages/oslo_messaging/_drivers/amqpdriver.py:360
2025-11-17 00:44:26.196 148452 DEBUG oslo_messaging._drivers.amqpdriver [-] Listener is running poll /usr/lib/python3/dist-packages/oslo_messaging/_drivers/amqpdriver.py:343
2025-11-17 00:44:26.196 148452 DEBUG oslo_messaging._drivers.amqpdriver [-] AMQPListener connection consume poll /usr/lib/python3/dist-packages/oslo_messaging/_drivers/amqpdriver.py:357
2025-11-17 00:44:31.242 148446 DEBUG oslo_service.periodic_task [req-51586d66-6728-4716-b30f-e7ed4728a591 - - - - -] Running periodic task SchedulerManager._discover_hosts_in_cells run_periodic_tasks /usr/lib/python3/dist-packages/oslo_service/periodic_task.py:210
2025-11-17 00:44:31.247 148446 DEBUG oslo_concurrency.lockutils [req-ba2f940d-c739-4239-9f99-fd5afd0a263c - - - - -] Lock "9d563877-a561-4421-a26a-b9593fa05d1b" acquired by "nova.context.set_target_cell..get_or_set_cached_cell_and_set_connections" :: waited 0.000s inner /usr/lib/python3/dist-packages/oslo_concurrency/lockutils.py:386
2025-11-17 00:44:31.248 148446 DEBUG oslo_concurrency.lockutils [req-ba2f940d-c739-4239-9f99-fd5afd0a263c - - - - -] Lock "9d563877-a561-4421-a26a-b9593fa05d1b" "released" by "nova.context.set_target_cell..get_or_set_cached_cell_and_set_connections" :: held 0.000s inner /usr/lib/python3/dist-packages/oslo_concurrency/lockutils.py:400
2025-11-17 00:44:49.204 148452 DEBUG oslo_service.periodic_task [req-7a448580-f71e-4d61-ab20-79580d3604bf - - - - -] Running periodic task SchedulerManager._discover_hosts_in_cells run_periodic_tasks /usr/lib/python3/dist-packages/oslo_service/periodic_task.py:210
2025-11-17 00:44:49.210 148452 DEBUG oslo_concurrency.lockutils [req-7d8c0cf5-e528-421e-af33-f1574e8d5a4b - - - - -] Lock "9d563877-a561-4421-a26a-b9593fa05d1b" acquired by "nova.context.set_target_cell..get_or_set_cached_cell_and_set_connections" :: waited 0.000s inner /usr/lib/python3/dist-packages/oslo_concurrency/lockutils.py:386
2025-11-17 00:44:49.210 148452 DEBUG oslo_concurrency.lockutils [req-7d8c0cf5-e528-421e-af33-f1574e8d5a4b - - - - -] Lock "9d563877-a561-4421-a26a-b9593fa05d1b" "released" by "nova.context.set_target_cell..get_or_set_cached_cell_and_set_connections" :: held 0.000s inner /usr/lib/python3/dist-packages/oslo_concurrency/lockutils.py:400
2025-11-17 00:44:52.224 148439 DEBUG oslo_service.periodic_task [req-0f3d50e6-82f7-43dc-a4e8-1624b40ef728 - - - - -] Running periodic task SchedulerManager._discover_hosts_in_cells run_periodic_tasks /usr/lib/python3/dist-packages/oslo_service/periodic_task.py:210
2025-11-17 00:44:52.231 148439 DEBUG oslo_concurrency.lockutils [req-7de65968-e2c7-48cb-9421-5fe980d629dc - - - - -] Lock "9d563877-a561-4421-a26a-b9593fa05d1b" acquired by "nova.context.set_target_cell..get_or_set_cached_cell_and_set_connections" :: waited 0.000s inner /usr/lib/python3/dist-packages/oslo_concurrency/lockutils.py:386
2025-11-17 00:44:52.231 148439 DEBUG oslo_concurrency.lockutils [req-7de65968-e2c7-48cb-9421-5fe980d629dc - - - - -] Lock "9d563877-a561-4421-a26a-b9593fa05d1b" "released" by "nova.context.set_target_cell..get_or_set_cached_cell_and_set_connections" :: held 0.000s inner /usr/lib/python3/dist-packages/oslo_concurrency/lockutils.py:400
2025-11-17 00:44:53.453 147442 INFO oslo_service.service [req-fb9c02a5-91a4-47a8-a940-574c78e639ee - - - - -] Caught SIGTERM, stopping children
2025-11-17 00:44:53.454 147442 DEBUG oslo_concurrency.lockutils [req-fb9c02a5-91a4-47a8-a940-574c78e639ee - - - - -] Acquired lock "singleton_lock" lock /usr/lib/python3/dist-packages/oslo_concurrency/lockutils.py:294
2025-11-17 00:44:53.454 147442 DEBUG oslo_concurrency.lockutils [req-fb9c02a5-91a4-47a8-a940-574c78e639ee - - - - -] Releasing lock "singleton_lock" lock /usr/lib/python3/dist-packages/oslo_concurrency/lockutils.py:312
2025-11-17 00:44:53.455 147442 DEBUG oslo_service.service [req-fb9c02a5-91a4-47a8-a940-574c78e639ee - - - - -] Stop services. stop /usr/lib/python3/dist-packages/oslo_service/service.py:695
2025-11-17 00:44:53.455 147442 DEBUG oslo_service.service [req-fb9c02a5-91a4-47a8-a940-574c78e639ee - - - - -] Killing children. stop /usr/lib/python3/dist-packages/oslo_service/service.py:700
2025-11-17 00:44:53.457 147442 INFO oslo_service.service [req-fb9c02a5-91a4-47a8-a940-574c78e639ee - - - - -] Waiting on 4 children to exit
2025-11-17 00:44:53.461 147442 INFO oslo_service.service [req-fb9c02a5-91a4-47a8-a940-574c78e639ee - - - - -] Child 148445 killed by signal 15
2025-11-17 00:44:53.463 147442 INFO oslo_service.service [req-fb9c02a5-91a4-47a8-a940-574c78e639ee - - - - -] Child 148439 killed by signal 15
2025-11-17 00:44:53.463 147442 INFO oslo_service.service [req-fb9c02a5-91a4-47a8-a940-574c78e639ee - - - - -] Child 148446 killed by signal 15
2025-11-17 00:44:53.463 147442 INFO oslo_service.service [req-fb9c02a5-91a4-47a8-a940-574c78e639ee - - - - -] Child 148452 killed by signal 15
2025-11-17 00:44:55.377 163109 DEBUG oslo_db.sqlalchemy.engines [req-25b869d6-30fe-4459-a770-afa299e0c68b - - - - -] MySQL server mode set to STRICT_TRANS_TABLES,STRICT_ALL_TABLES,NO_ZERO_IN_DATE,NO_ZERO_DATE,ERROR_FOR_DIVISION_BY_ZERO,TRADITIONAL,NO_ENGINE_SUBSTITUTION _check_effective_sql_mode /usr/lib/python3/dist-packages/oslo_db/sqlalchemy/engines.py:314
2025-11-17 00:44:55.418 163109 DEBUG nova.scheduler.host_manager [req-25b869d6-30fe-4459-a770-afa299e0c68b - - - - -] Found 1 cells: 9d563877-a561-4421-a26a-b9593fa05d1b refresh_cells_caches /usr/lib/python3/dist-packages/nova/scheduler/host_manager.py:730
2025-11-17 00:44:55.418 163109 DEBUG nova.scheduler.host_manager [req-25b869d6-30fe-4459-a770-afa299e0c68b - - - - -] Found 0 disabled cells: refresh_cells_caches /usr/lib/python3/dist-packages/nova/scheduler/host_manager.py:742
2025-11-17 00:44:55.424 163109 WARNING nova.scheduler.filters.availability_zone_filter [req-25b869d6-30fe-4459-a770-afa299e0c68b - - - - -] The 'AvailabilityZoneFilter' is deprecated since the 24.0.0 (Xena) release. Since the 18.0.0 (Rocky) release, nova has supported mapping AZs to placement aggregates. The feature is enabled by the 'query_placement_for_availability_zone' config option and is now enabled by default. As such, the 'AvailabilityZoneFilter' is no longer required. Nova is currently configured to use both placement and the AvailabilityZoneFilter for AZ enforcement.
2025-11-17 00:44:55.522 163109 DEBUG nova.scheduler.host_manager [req-25b869d6-30fe-4459-a770-afa299e0c68b - - - - -] START:_async_init_instance_info _async_init_instance_info /usr/lib/python3/dist-packages/nova/scheduler/host_manager.py:411
2025-11-17 00:44:55.526 163109 DEBUG oslo_concurrency.lockutils [req-83a3301c-8f33-4be6-975f-b9a79873473f - - - - -] Lock "9d563877-a561-4421-a26a-b9593fa05d1b" acquired by "nova.context.set_target_cell..get_or_set_cached_cell_and_set_connections" :: waited 0.000s inner /usr/lib/python3/dist-packages/oslo_concurrency/lockutils.py:386
2025-11-17 00:44:55.527 163109 DEBUG oslo_concurrency.lockutils [req-83a3301c-8f33-4be6-975f-b9a79873473f - - - - -] Lock "9d563877-a561-4421-a26a-b9593fa05d1b" "released" by "nova.context.set_target_cell..get_or_set_cached_cell_and_set_connections" :: held 0.002s inner /usr/lib/python3/dist-packages/oslo_concurrency/lockutils.py:400
2025-11-17 00:44:55.543 163109 DEBUG oslo_db.sqlalchemy.engines [req-83a3301c-8f33-4be6-975f-b9a79873473f - - - - -] MySQL server mode set to STRICT_TRANS_TABLES,STRICT_ALL_TABLES,NO_ZERO_IN_DATE,NO_ZERO_DATE,ERROR_FOR_DIVISION_BY_ZERO,TRADITIONAL,NO_ENGINE_SUBSTITUTION _check_effective_sql_mode /usr/lib/python3/dist-packages/oslo_db/sqlalchemy/engines.py:314
2025-11-17 00:44:55.556 163109 DEBUG nova.scheduler.host_manager [req-83a3301c-8f33-4be6-975f-b9a79873473f - - - - -] Total number of compute nodes: 1 _async_init_instance_info /usr/lib/python3/dist-packages/nova/scheduler/host_manager.py:424
2025-11-17 00:44:55.557 163109 DEBUG oslo_concurrency.lockutils [req-83a3301c-8f33-4be6-975f-b9a79873473f - - - - -] Lock "9d563877-a561-4421-a26a-b9593fa05d1b" acquired by "nova.context.set_target_cell..get_or_set_cached_cell_and_set_connections" :: waited 0.000s inner /usr/lib/python3/dist-packages/oslo_concurrency/lockutils.py:386
2025-11-17 00:44:55.557 163109 DEBUG oslo_concurrency.lockutils [req-83a3301c-8f33-4be6-975f-b9a79873473f - - - - -] Lock "9d563877-a561-4421-a26a-b9593fa05d1b" "released" by "nova.context.set_target_cell..get_or_set_cached_cell_and_set_connections" :: held 0.000s inner /usr/lib/python3/dist-packages/oslo_concurrency/lockutils.py:400
2025-11-17 00:44:55.638 163109 DEBUG nova.scheduler.host_manager [req-83a3301c-8f33-4be6-975f-b9a79873473f - - - - -] Adding 0 instances for hosts 10-20 _async_init_instance_info /usr/lib/python3/dist-packages/nova/scheduler/host_manager.py:443
2025-11-17 00:44:55.638 163109 DEBUG nova.scheduler.host_manager [req-83a3301c-8f33-4be6-975f-b9a79873473f - - - - -] END:_async_init_instance_info _async_init_instance_info /usr/lib/python3/dist-packages/nova/scheduler/host_manager.py:454
