2025-11-13 01:54:37.998 7 DEBUG oslo_service.service [-] ml2_type_vlan.network_vlan_ranges = [] log_opt_values /var/lib/kolla/venv/lib/python3.6/site-packages/oslo_config/cfg.py:2611
2025-11-13 01:54:37.998 7 DEBUG oslo_service.service [-] ml2_type_vxlan.vni_ranges = [] log_opt_values /var/lib/kolla/venv/lib/python3.6/site-packages/oslo_config/cfg.py:2611
2025-11-13 01:54:37.998 7 DEBUG oslo_service.service [-] ml2_type_vxlan.vxlan_group = None log_opt_values /var/lib/kolla/venv/lib/python3.6/site-packages/oslo_config/cfg.py:2611
2025-11-13 01:54:37.998 7 DEBUG oslo_service.service [-] database.backend = sqlalchemy log_opt_values /var/lib/kolla/venv/lib/python3.6/site-packages/oslo_config/cfg.py:2611
2025-11-13 01:54:37.998 7 DEBUG oslo_service.service [-] database.connection = **** log_opt_values /var/lib/kolla/venv/lib/python3.6/site-packages/oslo_config/cfg.py:2611
2025-11-13 01:54:37.998 7 DEBUG oslo_service.service [-] database.connection_debug = 0 log_opt_values /var/lib/kolla/venv/lib/python3.6/site-packages/oslo_config/cfg.py:2611
2025-11-13 01:54:37.998 7 DEBUG oslo_service.service [-] database.connection_parameters = log_opt_values /var/lib/kolla/venv/lib/python3.6/site-packages/oslo_config/cfg.py:2611
2025-11-13 01:54:37.998 7 DEBUG oslo_service.service [-] database.connection_recycle_time = 10 log_opt_values /var/lib/kolla/venv/lib/python3.6/site-packages/oslo_config/cfg.py:2611
2025-11-13 01:54:37.998 7 DEBUG oslo_service.service [-] database.connection_trace = False log_opt_values /var/lib/kolla/venv/lib/python3.6/site-packages/oslo_config/cfg.py:2611
2025-11-13 01:54:37.998 7 DEBUG oslo_service.service [-] database.db_inc_retry_interval = True log_opt_values /var/lib/kolla/venv/lib/python3.6/site-packages/oslo_config/cfg.py:2611
2025-11-13 01:54:37.998 7 DEBUG oslo_service.service [-] database.db_max_retries = 20 log_opt_values /var/lib/kolla/venv/lib/python3.6/site-packages/oslo_config/cfg.py:2611
2025-11-13 01:54:37.998 7 DEBUG oslo_service.service [-] database.db_max_retry_interval = 10 log_opt_values /var/lib/kolla/venv/lib/python3.6/site-packages/oslo_config/cfg.py:2611
2025-11-13 01:54:37.998 7 DEBUG oslo_service.service [-] database.db_retry_interval = 1 log_opt_values /var/lib/kolla/venv/lib/python3.6/site-packages/oslo_config/cfg.py:2611
2025-11-13 01:54:37.998 7 DEBUG oslo_service.service [-] database.max_overflow = 50 log_opt_values /var/lib/kolla/venv/lib/python3.6/site-packages/oslo_config/cfg.py:2611
2025-11-13 01:54:37.998 7 DEBUG oslo_service.service [-] database.max_pool_size = 1 log_opt_values /var/lib/kolla/venv/lib/python3.6/site-packages/oslo_config/cfg.py:2611
2025-11-13 01:54:37.998 7 DEBUG oslo_service.service [-] database.max_retries = -1 log_opt_values /var/lib/kolla/venv/lib/python3.6/site-packages/oslo_config/cfg.py:2611
2025-11-13 01:54:37.998 7 DEBUG oslo_service.service [-] database.mysql_enable_ndb = False log_opt_values /var/lib/kolla/venv/lib/python3.6/site-packages/oslo_config/cfg.py:2611
2025-11-13 01:54:37.998 7 DEBUG oslo_service.service [-] database.mysql_sql_mode = TRADITIONAL log_opt_values /var/lib/kolla/venv/lib/python3.6/site-packages/oslo_config/cfg.py:2611
2025-11-13 01:54:37.998 25 DEBUG neutron.services.l3_router.l3_router_plugin [-] neutron.services.l3_router.l3_router_plugin.L3RouterPlugin method start_rpc_listeners called with arguments () {} wrapper /var/lib/kolla/venv/lib/python3.6/site-packages/oslo_log/helpers.py:66
2025-11-13 01:54:37.999 7 DEBUG oslo_service.service [-] database.pool_timeout = None log_opt_values /var/lib/kolla/venv/lib/python3.6/site-packages/oslo_config/cfg.py:2611
2025-11-13 01:54:37.999 7 DEBUG oslo_service.service [-] database.retry_interval = 10 log_opt_values /var/lib/kolla/venv/lib/python3.6/site-packages/oslo_config/cfg.py:2611
2025-11-13 01:54:37.999 7 DEBUG oslo_service.service [-] database.slave_connection = **** log_opt_values /var/lib/kolla/venv/lib/python3.6/site-packages/oslo_config/cfg.py:2611
2025-11-13 01:54:37.999 7 DEBUG oslo_service.service [-] database.sqlite_synchronous = True log_opt_values /var/lib/kolla/venv/lib/python3.6/site-packages/oslo_config/cfg.py:2611
2025-11-13 01:54:37.999 7 DEBUG oslo_service.service [-] database.use_db_reconnect = False log_opt_values /var/lib/kolla/venv/lib/python3.6/site-packages/oslo_config/cfg.py:2611
2025-11-13 01:54:37.999 7 DEBUG oslo_service.service [-] ******************************************************************************** log_opt_values /var/lib/kolla/venv/lib/python3.6/site-packages/oslo_config/cfg.py:2613
2025-11-13 01:54:39.993 22 DEBUG neutron.wsgi [-] (22) accepted ('10.0.0.57', 37714) server /var/lib/kolla/venv/lib/python3.6/site-packages/eventlet/wsgi.py:1004
2025-11-13 01:54:39.999 22 INFO neutron.wsgi [-] 10.0.0.57 "GET / HTTP/1.1" status: 200 len: 227 time: 0.0044398
2025-11-13 01:54:42.310 23 DEBUG neutron.api.rpc.handlers.dhcp_rpc [req-4d48f212-3689-440b-ada6-8489cb3214f9 - - - - -] get_active_networks_info from cn-jenkins-deploy-platform-ansible-os-4715-1 get_active_networks_info /var/lib/kolla/venv/lib/python3.6/site-packages/neutron/api/rpc/handlers/dhcp_rpc.py:159
2025-11-13 01:54:42.338 26 DEBUG neutron_lib.callbacks.manager [req-bf4a4bae-7543-4e31-9c16-64fce4924ca3 - - - - -] Publish callbacks ['neutron.services.segments.db._update_segment_host_mapping_for_agent-8733840349299', 'neutron.services.l3_router.l3_router_plugin.DVRResourceOperationHandler.create_fip_agent_gw_ports-1628163'] for agent (f3e5805d-160d-4a3b-ba00-38f5f6d3e856), after_create _notify_loop /var/lib/kolla/venv/lib/python3.6/site-packages/neutron_lib/callbacks/manager.py:177
2025-11-13 01:54:42.347 23 DEBUG neutron.scheduler.dhcp_agent_scheduler [req-4d48f212-3689-440b-ada6-8489cb3214f9 - - - - -] No non-hosted networks auto_schedule_networks /var/lib/kolla/venv/lib/python3.6/site-packages/neutron/scheduler/dhcp_agent_scheduler.py:60
2025-11-13 01:55:01.406 28 DEBUG neutron_lib.callbacks.manager [req-d2965acc-9280-4df0-a81e-3089371b3dc4 - - - - -] Publish callbacks ['neutron.services.segments.db._update_segment_host_mapping_for_agent-8733840349299', 'neutron.services.l3_router.l3_router_plugin.DVRResourceOperationHandler.create_fip_agent_gw_ports-1628163'] for agent (1a068f24-7f60-4238-9dd1-c2dc57907608), after_create _notify_loop /var/lib/kolla/venv/lib/python3.6/site-packages/neutron_lib/callbacks/manager.py:177
2025-11-13 01:55:10.040 22 DEBUG neutron.wsgi [-] (22) accepted ('10.0.0.57', 57258) server /var/lib/kolla/venv/lib/python3.6/site-packages/eventlet/wsgi.py:1004
2025-11-13 01:55:10.043 22 INFO neutron.wsgi [-] 10.0.0.57 "GET / HTTP/1.1" status: 200 len: 227 time: 0.0029013
2025-11-13 01:55:12.314 27 DEBUG neutron_lib.callbacks.manager [req-d62a61ab-3c94-4bf2-9ffc-1a04b5b595f3 - - - - -] Publish callbacks ['neutron.services.segments.db._update_segment_host_mapping_for_agent-8733840349299', 'neutron.plugins.ml2.plugin.Ml2Plugin._retry_binding_revived_agents--9223372036853733479'] for agent (f3e5805d-160d-4a3b-ba00-38f5f6d3e856), after_update _notify_loop /var/lib/kolla/venv/lib/python3.6/site-packages/neutron_lib/callbacks/manager.py:177
2025-11-13 01:55:31.373 23 DEBUG neutron_lib.callbacks.manager [req-d2965acc-9280-4df0-a81e-3089371b3dc4 - - - - -] Publish callbacks ['neutron.services.segments.db._update_segment_host_mapping_for_agent-8733840349299', 'neutron.plugins.ml2.plugin.Ml2Plugin._retry_binding_revived_agents--9223372036853733479'] for agent (1a068f24-7f60-4238-9dd1-c2dc57907608), after_update _notify_loop /var/lib/kolla/venv/lib/python3.6/site-packages/neutron_lib/callbacks/manager.py:177
2025-11-13 01:55:40.081 22 DEBUG neutron.wsgi [-] (22) accepted ('10.0.0.57', 40074) server /var/lib/kolla/venv/lib/python3.6/site-packages/eventlet/wsgi.py:1004
2025-11-13 01:55:40.085 22 INFO neutron.wsgi [-] 10.0.0.57 "GET / HTTP/1.1" status: 200 len: 227 time: 0.0026901
2025-11-13 01:55:42.321 24 DEBUG neutron_lib.callbacks.manager [req-aa109500-6d79-40a0-9fa6-6f0b36b6c8ad - - - - -] Publish callbacks ['neutron.services.segments.db._update_segment_host_mapping_for_agent-8733840349299', 'neutron.plugins.ml2.plugin.Ml2Plugin._retry_binding_revived_agents--9223372036853733479'] for agent (f3e5805d-160d-4a3b-ba00-38f5f6d3e856), after_update _notify_loop /var/lib/kolla/venv/lib/python3.6/site-packages/neutron_lib/callbacks/manager.py:177
2025-11-13 01:55:46.961 29 DEBUG neutron.db.agents_db [req-3b7fed91-d857-4d92-8564-21354a85a357 - - - - -] Agent healthcheck: found 2 active agents agent_health_check /var/lib/kolla/venv/lib/python3.6/site-packages/neutron/db/agents_db.py:318
2025-11-13 01:56:01.384 25 DEBUG neutron_lib.callbacks.manager [req-d2965acc-9280-4df0-a81e-3089371b3dc4 - - - - -] Publish callbacks ['neutron.services.segments.db._update_segment_host_mapping_for_agent-8733840349299', 'neutron.plugins.ml2.plugin.Ml2Plugin._retry_binding_revived_agents--9223372036853733479'] for agent (1a068f24-7f60-4238-9dd1-c2dc57907608), after_update _notify_loop /var/lib/kolla/venv/lib/python3.6/site-packages/neutron_lib/callbacks/manager.py:177
2025-11-13 01:56:10.127 22 DEBUG neutron.wsgi [-] (22) accepted ('10.0.0.57', 58422) server /var/lib/kolla/venv/lib/python3.6/site-packages/eventlet/wsgi.py:1004
2025-11-13 01:56:10.131 22 INFO neutron.wsgi [-] 10.0.0.57 "GET / HTTP/1.1" status: 200 len: 227 time: 0.0025470
2025-11-13 01:56:12.304 26 DEBUG neutron_lib.callbacks.manager [req-730fe749-ff53-48dc-beb4-760d977439d2 - - - - -] Publish callbacks ['neutron.services.segments.db._update_segment_host_mapping_for_agent-8733840349299', 'neutron.plugins.ml2.plugin.Ml2Plugin._retry_binding_revived_agents--9223372036853733479'] for agent (f3e5805d-160d-4a3b-ba00-38f5f6d3e856), after_update _notify_loop /var/lib/kolla/venv/lib/python3.6/site-packages/neutron_lib/callbacks/manager.py:177
2025-11-13 01:56:23.958 29 DEBUG neutron.db.agents_db [req-3b7fed91-d857-4d92-8564-21354a85a357 - - - - -] Agent healthcheck: found 2 active agents agent_health_check /var/lib/kolla/venv/lib/python3.6/site-packages/neutron/db/agents_db.py:318
2025-11-13 01:56:31.373 28 DEBUG neutron_lib.callbacks.manager [req-d2965acc-9280-4df0-a81e-3089371b3dc4 - - - - -] Publish callbacks ['neutron.services.segments.db._update_segment_host_mapping_for_agent-8733840349299', 'neutron.plugins.ml2.plugin.Ml2Plugin._retry_binding_revived_agents--9223372036853733479'] for agent (1a068f24-7f60-4238-9dd1-c2dc57907608), after_update _notify_loop /var/lib/kolla/venv/lib/python3.6/site-packages/neutron_lib/callbacks/manager.py:177
2025-11-13 01:56:40.179 22 DEBUG neutron.wsgi [-] (22) accepted ('10.0.0.57', 54868) server /var/lib/kolla/venv/lib/python3.6/site-packages/eventlet/wsgi.py:1004
2025-11-13 01:56:40.182 22 INFO neutron.wsgi [-] 10.0.0.57 "GET / HTTP/1.1" status: 200 len: 227 time: 0.0024612
2025-11-13 01:56:42.300 27 DEBUG neutron_lib.callbacks.manager [req-a53f61eb-a999-49ff-81de-72ef5625ee1e - - - - -] Publish callbacks ['neutron.services.segments.db._update_segment_host_mapping_for_agent-8733840349299', 'neutron.plugins.ml2.plugin.Ml2Plugin._retry_binding_revived_agents--9223372036853733479'] for agent (f3e5805d-160d-4a3b-ba00-38f5f6d3e856), after_update _notify_loop /var/lib/kolla/venv/lib/python3.6/site-packages/neutron_lib/callbacks/manager.py:177
2025-11-13 01:57:00.956 29 DEBUG neutron.db.agents_db [req-3b7fed91-d857-4d92-8564-21354a85a357 - - - - -] Agent healthcheck: found 2 active agents agent_health_check /var/lib/kolla/venv/lib/python3.6/site-packages/neutron/db/agents_db.py:318
2025-11-13 01:57:01.373 23 DEBUG neutron_lib.callbacks.manager [req-d2965acc-9280-4df0-a81e-3089371b3dc4 - - - - -] Publish callbacks ['neutron.services.segments.db._update_segment_host_mapping_for_agent-8733840349299', 'neutron.plugins.ml2.plugin.Ml2Plugin._retry_binding_revived_agents--9223372036853733479'] for agent (1a068f24-7f60-4238-9dd1-c2dc57907608), after_update _notify_loop /var/lib/kolla/venv/lib/python3.6/site-packages/neutron_lib/callbacks/manager.py:177
2025-11-13 01:57:10.223 22 DEBUG neutron.wsgi [-] (22) accepted ('10.0.0.57', 35240) server /var/lib/kolla/venv/lib/python3.6/site-packages/eventlet/wsgi.py:1004
2025-11-13 01:57:10.226 22 INFO neutron.wsgi [-] 10.0.0.57 "GET / HTTP/1.1" status: 200 len: 227 time: 0.0026226
2025-11-13 01:57:12.305 24 DEBUG neutron_lib.callbacks.manager [req-2c20d198-f9dc-40a1-bbc1-13e9aaa581ee - - - - -] Publish callbacks ['neutron.services.segments.db._update_segment_host_mapping_for_agent-8733840349299', 'neutron.plugins.ml2.plugin.Ml2Plugin._retry_binding_revived_agents--9223372036853733479'] for agent (f3e5805d-160d-4a3b-ba00-38f5f6d3e856), after_update _notify_loop /var/lib/kolla/venv/lib/python3.6/site-packages/neutron_lib/callbacks/manager.py:177
2025-11-13 01:57:31.374 25 DEBUG neutron_lib.callbacks.manager [req-d2965acc-9280-4df0-a81e-3089371b3dc4 - - - - -] Publish callbacks ['neutron.services.segments.db._update_segment_host_mapping_for_agent-8733840349299', 'neutron.plugins.ml2.plugin.Ml2Plugin._retry_binding_revived_agents--9223372036853733479'] for agent (1a068f24-7f60-4238-9dd1-c2dc57907608), after_update _notify_loop /var/lib/kolla/venv/lib/python3.6/site-packages/neutron_lib/callbacks/manager.py:177
2025-11-13 01:57:37.954 29 DEBUG neutron.db.agents_db [req-3b7fed91-d857-4d92-8564-21354a85a357 - - - - -] Agent healthcheck: found 2 active agents agent_health_check /var/lib/kolla/venv/lib/python3.6/site-packages/neutron/db/agents_db.py:318
2025-11-13 01:57:40.266 22 DEBUG neutron.wsgi [-] (22) accepted ('10.0.0.57', 43378) server /var/lib/kolla/venv/lib/python3.6/site-packages/eventlet/wsgi.py:1004
2025-11-13 01:57:40.269 22 INFO neutron.wsgi [-] 10.0.0.57 "GET / HTTP/1.1" status: 200 len: 227 time: 0.0025172
2025-11-13 01:57:42.314 26 DEBUG neutron_lib.callbacks.manager [req-a78e5596-ba22-40b6-a00e-8576ba26d153 - - - - -] Publish callbacks ['neutron.services.segments.db._update_segment_host_mapping_for_agent-8733840349299', 'neutron.plugins.ml2.plugin.Ml2Plugin._retry_binding_revived_agents--9223372036853733479'] for agent (f3e5805d-160d-4a3b-ba00-38f5f6d3e856), after_update _notify_loop /var/lib/kolla/venv/lib/python3.6/site-packages/neutron_lib/callbacks/manager.py:177
2025-11-13 01:58:01.377 28 DEBUG neutron_lib.callbacks.manager [req-d2965acc-9280-4df0-a81e-3089371b3dc4 - - - - -] Publish callbacks ['neutron.services.segments.db._update_segment_host_mapping_for_agent-8733840349299', 'neutron.plugins.ml2.plugin.Ml2Plugin._retry_binding_revived_agents--9223372036853733479'] for agent (1a068f24-7f60-4238-9dd1-c2dc57907608), after_update _notify_loop /var/lib/kolla/venv/lib/python3.6/site-packages/neutron_lib/callbacks/manager.py:177
2025-11-13 01:58:10.309 22 DEBUG neutron.wsgi [-] (22) accepted ('10.0.0.57', 55180) server /var/lib/kolla/venv/lib/python3.6/site-packages/eventlet/wsgi.py:1004
2025-11-13 01:58:10.312 22 INFO neutron.wsgi [-] 10.0.0.57 "GET / HTTP/1.1" status: 200 len: 227 time: 0.0023961
2025-11-13 01:58:12.310 27 DEBUG neutron_lib.callbacks.manager [req-d36426c8-4c18-45e9-aa8d-b27060ba66c3 - - - - -] Publish callbacks ['neutron.services.segments.db._update_segment_host_mapping_for_agent-8733840349299', 'neutron.plugins.ml2.plugin.Ml2Plugin._retry_binding_revived_agents--9223372036853733479'] for agent (f3e5805d-160d-4a3b-ba00-38f5f6d3e856), after_update _notify_loop /var/lib/kolla/venv/lib/python3.6/site-packages/neutron_lib/callbacks/manager.py:177
2025-11-13 01:58:14.951 29 DEBUG neutron.db.agents_db [req-3b7fed91-d857-4d92-8564-21354a85a357 - - - - -] Agent healthcheck: found 2 active agents agent_health_check /var/lib/kolla/venv/lib/python3.6/site-packages/neutron/db/agents_db.py:318
2025-11-13 01:58:31.379 23 DEBUG neutron_lib.callbacks.manager [req-d2965acc-9280-4df0-a81e-3089371b3dc4 - - - - -] Publish callbacks ['neutron.services.segments.db._update_segment_host_mapping_for_agent-8733840349299', 'neutron.plugins.ml2.plugin.Ml2Plugin._retry_binding_revived_agents--9223372036853733479'] for agent (1a068f24-7f60-4238-9dd1-c2dc57907608), after_update _notify_loop /var/lib/kolla/venv/lib/python3.6/site-packages/neutron_lib/callbacks/manager.py:177
2025-11-13 01:58:40.354 22 DEBUG neutron.wsgi [-] (22) accepted ('10.0.0.57', 36206) server /var/lib/kolla/venv/lib/python3.6/site-packages/eventlet/wsgi.py:1004
2025-11-13 01:58:40.358 22 INFO neutron.wsgi [-] 10.0.0.57 "GET / HTTP/1.1" status: 200 len: 227 time: 0.0037332
2025-11-13 01:58:42.315 24 DEBUG neutron_lib.callbacks.manager [req-64c5c8a9-9ac8-4b3e-af66-d67258358cea - - - - -] Publish callbacks ['neutron.services.segments.db._update_segment_host_mapping_for_agent-8733840349299', 'neutron.plugins.ml2.plugin.Ml2Plugin._retry_binding_revived_agents--9223372036853733479'] for agent (f3e5805d-160d-4a3b-ba00-38f5f6d3e856), after_update _notify_loop /var/lib/kolla/venv/lib/python3.6/site-packages/neutron_lib/callbacks/manager.py:177
2025-11-13 01:58:51.948 29 DEBUG neutron.db.agents_db [req-3b7fed91-d857-4d92-8564-21354a85a357 - - - - -] Agent healthcheck: found 2 active agents agent_health_check /var/lib/kolla/venv/lib/python3.6/site-packages/neutron/db/agents_db.py:318
2025-11-13 01:59:01.383 25 DEBUG neutron_lib.callbacks.manager [req-d2965acc-9280-4df0-a81e-3089371b3dc4 - - - - -] Publish callbacks ['neutron.services.segments.db._update_segment_host_mapping_for_agent-8733840349299', 'neutron.plugins.ml2.plugin.Ml2Plugin._retry_binding_revived_agents--9223372036853733479'] for agent (1a068f24-7f60-4238-9dd1-c2dc57907608), after_update _notify_loop /var/lib/kolla/venv/lib/python3.6/site-packages/neutron_lib/callbacks/manager.py:177
2025-11-13 01:59:10.399 22 DEBUG neutron.wsgi [-] (22) accepted ('10.0.0.57', 43170) server /var/lib/kolla/venv/lib/python3.6/site-packages/eventlet/wsgi.py:1004
2025-11-13 01:59:10.404 22 INFO neutron.wsgi [-] 10.0.0.57 "GET / HTTP/1.1" status: 200 len: 227 time: 0.0049169
2025-11-13 01:59:12.311 26 DEBUG neutron_lib.callbacks.manager [req-e32e9493-2077-49e5-af14-409e971625b4 - - - - -] Publish callbacks ['neutron.services.segments.db._update_segment_host_mapping_for_agent-8733840349299', 'neutron.plugins.ml2.plugin.Ml2Plugin._retry_binding_revived_agents--9223372036853733479'] for agent (f3e5805d-160d-4a3b-ba00-38f5f6d3e856), after_update _notify_loop /var/lib/kolla/venv/lib/python3.6/site-packages/neutron_lib/callbacks/manager.py:177
2025-11-13 01:59:28.945 29 DEBUG neutron.db.agents_db [req-3b7fed91-d857-4d92-8564-21354a85a357 - - - - -] Agent healthcheck: found 2 active agents agent_health_check /var/lib/kolla/venv/lib/python3.6/site-packages/neutron/db/agents_db.py:318
2025-11-13 01:59:31.391 28 DEBUG neutron_lib.callbacks.manager [req-d2965acc-9280-4df0-a81e-3089371b3dc4 - - - - -] Publish callbacks ['neutron.services.segments.db._update_segment_host_mapping_for_agent-8733840349299', 'neutron.plugins.ml2.plugin.Ml2Plugin._retry_binding_revived_agents--9223372036853733479'] for agent (1a068f24-7f60-4238-9dd1-c2dc57907608), after_update _notify_loop /var/lib/kolla/venv/lib/python3.6/site-packages/neutron_lib/callbacks/manager.py:177
2025-11-13 01:59:40.449 22 DEBUG neutron.wsgi [-] (22) accepted ('10.0.0.57', 41198) server /var/lib/kolla/venv/lib/python3.6/site-packages/eventlet/wsgi.py:1004
2025-11-13 01:59:40.454 22 INFO neutron.wsgi [-] 10.0.0.57 "GET / HTTP/1.1" status: 200 len: 227 time: 0.0034516
2025-11-13 01:59:42.352 27 DEBUG neutron_lib.callbacks.manager [req-6e8986f4-c808-4669-a7ba-79edd58b1f32 - - - - -] Publish callbacks ['neutron.services.segments.db._update_segment_host_mapping_for_agent-8733840349299', 'neutron.plugins.ml2.plugin.Ml2Plugin._retry_binding_revived_agents--9223372036853733479'] for agent (f3e5805d-160d-4a3b-ba00-38f5f6d3e856), after_update _notify_loop /var/lib/kolla/venv/lib/python3.6/site-packages/neutron_lib/callbacks/manager.py:177
2025-11-13 02:00:01.388 23 DEBUG neutron_lib.callbacks.manager [req-d2965acc-9280-4df0-a81e-3089371b3dc4 - - - - -] Publish callbacks ['neutron.services.segments.db._update_segment_host_mapping_for_agent-8733840349299', 'neutron.plugins.ml2.plugin.Ml2Plugin._retry_binding_revived_agents--9223372036853733479'] for agent (1a068f24-7f60-4238-9dd1-c2dc57907608), after_update _notify_loop /var/lib/kolla/venv/lib/python3.6/site-packages/neutron_lib/callbacks/manager.py:177
2025-11-13 02:00:05.944 29 DEBUG neutron.db.agents_db [req-3b7fed91-d857-4d92-8564-21354a85a357 - - - - -] Agent healthcheck: found 2 active agents agent_health_check /var/lib/kolla/venv/lib/python3.6/site-packages/neutron/db/agents_db.py:318
2025-11-13 02:00:10.497 22 DEBUG neutron.wsgi [-] (22) accepted ('10.0.0.57', 54408) server /var/lib/kolla/venv/lib/python3.6/site-packages/eventlet/wsgi.py:1004
2025-11-13 02:00:10.500 22 INFO neutron.wsgi [-] 10.0.0.57 "GET / HTTP/1.1" status: 200 len: 227 time: 0.0026324
2025-11-13 02:00:12.318 24 DEBUG neutron_lib.callbacks.manager [req-f1d18ee7-95b5-4b3c-9ce4-6257a569b355 - - - - -] Publish callbacks ['neutron.services.segments.db._update_segment_host_mapping_for_agent-8733840349299', 'neutron.plugins.ml2.plugin.Ml2Plugin._retry_binding_revived_agents--9223372036853733479'] for agent (f3e5805d-160d-4a3b-ba00-38f5f6d3e856), after_update _notify_loop /var/lib/kolla/venv/lib/python3.6/site-packages/neutron_lib/callbacks/manager.py:177
2025-11-13 02:00:31.395 25 DEBUG neutron_lib.callbacks.manager [req-d2965acc-9280-4df0-a81e-3089371b3dc4 - - - - -] Publish callbacks ['neutron.services.segments.db._update_segment_host_mapping_for_agent-8733840349299', 'neutron.plugins.ml2.plugin.Ml2Plugin._retry_binding_revived_agents--9223372036853733479'] for agent (1a068f24-7f60-4238-9dd1-c2dc57907608), after_update _notify_loop /var/lib/kolla/venv/lib/python3.6/site-packages/neutron_lib/callbacks/manager.py:177
2025-11-13 02:00:40.543 22 DEBUG neutron.wsgi [-] (22) accepted ('10.0.0.57', 39782) server /var/lib/kolla/venv/lib/python3.6/site-packages/eventlet/wsgi.py:1004
2025-11-13 02:00:40.546 22 INFO neutron.wsgi [-] 10.0.0.57 "GET / HTTP/1.1" status: 200 len: 227 time: 0.0024061
2025-11-13 02:00:42.314 26 DEBUG neutron_lib.callbacks.manager [req-ca1183c6-a18b-4787-b210-573db855f403 - - - - -] Publish callbacks ['neutron.services.segments.db._update_segment_host_mapping_for_agent-8733840349299', 'neutron.plugins.ml2.plugin.Ml2Plugin._retry_binding_revived_agents--9223372036853733479'] for agent (f3e5805d-160d-4a3b-ba00-38f5f6d3e856), after_update _notify_loop /var/lib/kolla/venv/lib/python3.6/site-packages/neutron_lib/callbacks/manager.py:177
2025-11-13 02:00:42.940 29 DEBUG neutron.db.agents_db [req-3b7fed91-d857-4d92-8564-21354a85a357 - - - - -] Agent healthcheck: found 2 active agents agent_health_check /var/lib/kolla/venv/lib/python3.6/site-packages/neutron/db/agents_db.py:318
2025-11-13 02:01:01.394 28 DEBUG neutron_lib.callbacks.manager [req-d2965acc-9280-4df0-a81e-3089371b3dc4 - - - - -] Publish callbacks ['neutron.services.segments.db._update_segment_host_mapping_for_agent-8733840349299', 'neutron.plugins.ml2.plugin.Ml2Plugin._retry_binding_revived_agents--9223372036853733479'] for agent (1a068f24-7f60-4238-9dd1-c2dc57907608), after_update _notify_loop /var/lib/kolla/venv/lib/python3.6/site-packages/neutron_lib/callbacks/manager.py:177
2025-11-13 02:01:10.590 22 DEBUG neutron.wsgi [-] (22) accepted ('10.0.0.57', 38094) server /var/lib/kolla/venv/lib/python3.6/site-packages/eventlet/wsgi.py:1004
2025-11-13 02:01:10.594 22 INFO neutron.wsgi [-] 10.0.0.57 "GET / HTTP/1.1" status: 200 len: 227 time: 0.0036597
2025-11-13 02:01:12.323 27 DEBUG neutron_lib.callbacks.manager [req-95585f80-6015-4347-89e5-26b9e75c21ee - - - - -] Publish callbacks ['neutron.services.segments.db._update_segment_host_mapping_for_agent-8733840349299', 'neutron.plugins.ml2.plugin.Ml2Plugin._retry_binding_revived_agents--9223372036853733479'] for agent (f3e5805d-160d-4a3b-ba00-38f5f6d3e856), after_update _notify_loop /var/lib/kolla/venv/lib/python3.6/site-packages/neutron_lib/callbacks/manager.py:177
2025-11-13 02:01:19.948 29 DEBUG neutron.db.agents_db [req-3b7fed91-d857-4d92-8564-21354a85a357 - - - - -] Agent healthcheck: found 2 active agents agent_health_check /var/lib/kolla/venv/lib/python3.6/site-packages/neutron/db/agents_db.py:318
2025-11-13 02:01:31.399 23 DEBUG neutron_lib.callbacks.manager [req-d2965acc-9280-4df0-a81e-3089371b3dc4 - - - - -] Publish callbacks ['neutron.services.segments.db._update_segment_host_mapping_for_agent-8733840349299', 'neutron.plugins.ml2.plugin.Ml2Plugin._retry_binding_revived_agents--9223372036853733479'] for agent (1a068f24-7f60-4238-9dd1-c2dc57907608), after_update _notify_loop /var/lib/kolla/venv/lib/python3.6/site-packages/neutron_lib/callbacks/manager.py:177
2025-11-13 02:01:40.644 22 DEBUG neutron.wsgi [-] (22) accepted ('10.0.0.57', 43380) server /var/lib/kolla/venv/lib/python3.6/site-packages/eventlet/wsgi.py:1004
2025-11-13 02:01:40.649 22 INFO neutron.wsgi [-] 10.0.0.57 "GET / HTTP/1.1" status: 200 len: 227 time: 0.0029187
2025-11-13 02:01:42.321 24 DEBUG neutron_lib.callbacks.manager [req-b8f6532d-a978-4cf6-88e9-3e9adc4274da - - - - -] Publish callbacks ['neutron.services.segments.db._update_segment_host_mapping_for_agent-8733840349299', 'neutron.plugins.ml2.plugin.Ml2Plugin._retry_binding_revived_agents--9223372036853733479'] for agent (f3e5805d-160d-4a3b-ba00-38f5f6d3e856), after_update _notify_loop /var/lib/kolla/venv/lib/python3.6/site-packages/neutron_lib/callbacks/manager.py:177
2025-11-13 02:01:56.948 29 DEBUG neutron.db.agents_db [req-3b7fed91-d857-4d92-8564-21354a85a357 - - - - -] Agent healthcheck: found 2 active agents agent_health_check /var/lib/kolla/venv/lib/python3.6/site-packages/neutron/db/agents_db.py:318
2025-11-13 02:02:01.405 25 DEBUG neutron_lib.callbacks.manager [req-d2965acc-9280-4df0-a81e-3089371b3dc4 - - - - -] Publish callbacks ['neutron.services.segments.db._update_segment_host_mapping_for_agent-8733840349299', 'neutron.plugins.ml2.plugin.Ml2Plugin._retry_binding_revived_agents--9223372036853733479'] for agent (1a068f24-7f60-4238-9dd1-c2dc57907608), after_update _notify_loop /var/lib/kolla/venv/lib/python3.6/site-packages/neutron_lib/callbacks/manager.py:177
2025-11-13 02:02:10.697 22 DEBUG neutron.wsgi [-] (22) accepted ('10.0.0.57', 38552) server /var/lib/kolla/venv/lib/python3.6/site-packages/eventlet/wsgi.py:1004
2025-11-13 02:02:10.700 22 INFO neutron.wsgi [-] 10.0.0.57 "GET / HTTP/1.1" status: 200 len: 227 time: 0.0023668
2025-11-13 02:02:12.316 26 DEBUG neutron_lib.callbacks.manager [req-7cd1e85f-8bff-4f47-9f7c-f72e894689f1 - - - - -] Publish callbacks ['neutron.services.segments.db._update_segment_host_mapping_for_agent-8733840349299', 'neutron.plugins.ml2.plugin.Ml2Plugin._retry_binding_revived_agents--9223372036853733479'] for agent (f3e5805d-160d-4a3b-ba00-38f5f6d3e856), after_update _notify_loop /var/lib/kolla/venv/lib/python3.6/site-packages/neutron_lib/callbacks/manager.py:177
2025-11-13 02:02:31.470 28 DEBUG neutron_lib.callbacks.manager [req-d2965acc-9280-4df0-a81e-3089371b3dc4 - - - - -] Publish callbacks ['neutron.services.segments.db._update_segment_host_mapping_for_agent-8733840349299', 'neutron.plugins.ml2.plugin.Ml2Plugin._retry_binding_revived_agents--9223372036853733479'] for agent (1a068f24-7f60-4238-9dd1-c2dc57907608), after_update _notify_loop /var/lib/kolla/venv/lib/python3.6/site-packages/neutron_lib/callbacks/manager.py:177
2025-11-13 02:02:33.946 29 DEBUG neutron.db.agents_db [req-3b7fed91-d857-4d92-8564-21354a85a357 - - - - -] Agent healthcheck: found 2 active agents agent_health_check /var/lib/kolla/venv/lib/python3.6/site-packages/neutron/db/agents_db.py:318
2025-11-13 02:02:40.758 22 DEBUG neutron.wsgi [-] (22) accepted ('10.0.0.57', 35892) server /var/lib/kolla/venv/lib/python3.6/site-packages/eventlet/wsgi.py:1004
2025-11-13 02:02:40.764 22 INFO neutron.wsgi [-] 10.0.0.57 "GET / HTTP/1.1" status: 200 len: 227 time: 0.0050273
2025-11-13 02:02:42.322 27 DEBUG neutron_lib.callbacks.manager [req-b59c310b-8324-4e6f-b508-51425b7c8403 - - - - -] Publish callbacks ['neutron.services.segments.db._update_segment_host_mapping_for_agent-8733840349299', 'neutron.plugins.ml2.plugin.Ml2Plugin._retry_binding_revived_agents--9223372036853733479'] for agent (f3e5805d-160d-4a3b-ba00-38f5f6d3e856), after_update _notify_loop /var/lib/kolla/venv/lib/python3.6/site-packages/neutron_lib/callbacks/manager.py:177
2025-11-13 02:02:49.118 7 INFO oslo_service.service [-] Caught SIGTERM, stopping children
2025-11-13 02:02:49.119 7 DEBUG oslo_concurrency.lockutils [-] Acquired lock "singleton_lock" lock /var/lib/kolla/venv/lib/python3.6/site-packages/oslo_concurrency/lockutils.py:294
2025-11-13 02:02:49.119 7 DEBUG oslo_concurrency.lockutils [-] Releasing lock "singleton_lock" lock /var/lib/kolla/venv/lib/python3.6/site-packages/oslo_concurrency/lockutils.py:312
2025-11-13 02:02:49.119 7 DEBUG oslo_service.service [-] Stop services. stop /var/lib/kolla/venv/lib/python3.6/site-packages/oslo_service/service.py:695
2025-11-13 02:02:49.120 7 DEBUG neutron.service [-] calling RpcWorker stop() stop /var/lib/kolla/venv/lib/python3.6/site-packages/neutron/service.py:138
2025-11-13 02:02:49.120 7 DEBUG neutron.service [-] calling RpcWorker stop() stop /var/lib/kolla/venv/lib/python3.6/site-packages/neutron/service.py:138
2025-11-13 02:02:49.120 7 DEBUG oslo_service.service [-] Killing children. stop /var/lib/kolla/venv/lib/python3.6/site-packages/oslo_service/service.py:700
2025-11-13 02:02:49.120 7 INFO oslo_service.service [-] Waiting on 8 children to exit
2025-11-13 02:02:49.120 25 DEBUG neutron.service [-] calling RpcWorker stop() stop /var/lib/kolla/venv/lib/python3.6/site-packages/neutron/service.py:138
2025-11-13 02:02:49.121 23 DEBUG neutron.service [-] calling RpcWorker stop() stop /var/lib/kolla/venv/lib/python3.6/site-packages/neutron/service.py:138
2025-11-13 02:02:49.121 23 DEBUG neutron.service [-] calling stop on stop /var/lib/kolla/venv/lib/python3.6/site-packages/neutron/service.py:141
2025-11-13 02:02:49.123 24 DEBUG neutron.service [-] calling RpcWorker stop() stop /var/lib/kolla/venv/lib/python3.6/site-packages/neutron/service.py:138
2025-11-13 02:02:49.121 25 DEBUG neutron.service [-] calling stop on stop /var/lib/kolla/venv/lib/python3.6/site-packages/neutron/service.py:141
2025-11-13 02:02:49.123 22 INFO neutron.wsgi [-] (22) wsgi exited, is_accepting=True
2025-11-13 02:02:49.123 28 DEBUG neutron.service [-] calling RpcWorker stop() stop /var/lib/kolla/venv/lib/python3.6/site-packages/neutron/service.py:138
2025-11-13 02:02:49.124 29 DEBUG neutron.service [-] calling RpcWorker stop() stop /var/lib/kolla/venv/lib/python3.6/site-packages/neutron/service.py:138
2025-11-13 02:02:49.124 27 DEBUG neutron.service [-] calling RpcWorker stop() stop /var/lib/kolla/venv/lib/python3.6/site-packages/neutron/service.py:138
2025-11-13 02:02:49.124 22 DEBUG oslo_concurrency.lockutils [req-cf6c930f-54e8-43fe-8209-f4a7c956cb4d - - - - -] Acquired lock "singleton_lock" lock /var/lib/kolla/venv/lib/python3.6/site-packages/oslo_concurrency/lockutils.py:294
2025-11-13 02:02:49.124 22 DEBUG oslo_concurrency.lockutils [req-cf6c930f-54e8-43fe-8209-f4a7c956cb4d - - - - -] Releasing lock "singleton_lock" lock /var/lib/kolla/venv/lib/python3.6/site-packages/oslo_concurrency/lockutils.py:312
2025-11-13 02:02:49.125 26 DEBUG neutron.service [-] calling RpcWorker stop() stop /var/lib/kolla/venv/lib/python3.6/site-packages/neutron/service.py:138
2025-11-13 02:02:49.124 29 DEBUG neutron.service [-] calling stop on stop /var/lib/kolla/venv/lib/python3.6/site-packages/neutron/service.py:141
2025-11-13 02:02:49.124 28 DEBUG neutron.service [-] calling stop on stop /var/lib/kolla/venv/lib/python3.6/site-packages/neutron/service.py:141
2025-11-13 02:02:49.124 27 DEBUG neutron.service [-] calling stop on stop /var/lib/kolla/venv/lib/python3.6/site-packages/neutron/service.py:141
2025-11-13 02:02:49.123 24 DEBUG neutron.service [-] calling stop on stop /var/lib/kolla/venv/lib/python3.6/site-packages/neutron/service.py:141
2025-11-13 02:02:49.125 26 DEBUG neutron.service [-] calling stop on stop /var/lib/kolla/venv/lib/python3.6/site-packages/neutron/service.py:141
2025-11-13 02:02:49.128 7 INFO oslo_service.service [-] Child 22 exited with status 0
2025-11-13 02:02:49.596 28 DEBUG oslo_concurrency.lockutils [req-cf6c930f-54e8-43fe-8209-f4a7c956cb4d - - - - -] Acquired lock "singleton_lock" lock /var/lib/kolla/venv/lib/python3.6/site-packages/oslo_concurrency/lockutils.py:294
2025-11-13 02:02:49.596 28 DEBUG oslo_concurrency.lockutils [req-cf6c930f-54e8-43fe-8209-f4a7c956cb4d - - - - -] Releasing lock "singleton_lock" lock /var/lib/kolla/venv/lib/python3.6/site-packages/oslo_concurrency/lockutils.py:312
2025-11-13 02:02:49.596 28 DEBUG neutron.service [req-cf6c930f-54e8-43fe-8209-f4a7c956cb4d - - - - -] calling RpcWorker wait() _wait /var/lib/kolla/venv/lib/python3.6/site-packages/neutron/service.py:128
2025-11-13 02:02:49.596 28 DEBUG neutron.service [req-cf6c930f-54e8-43fe-8209-f4a7c956cb4d - - - - -] calling wait on _wait /var/lib/kolla/venv/lib/python3.6/site-packages/neutron/service.py:131
2025-11-13 02:02:49.606 28 WARNING amqp [req-cf6c930f-54e8-43fe-8209-f4a7c956cb4d - - - - -] Received method (60, 30) during closing channel 1. This method will be ignored
2025-11-13 02:02:49.608 28 DEBUG neutron.service [req-cf6c930f-54e8-43fe-8209-f4a7c956cb4d - - - - -] returning from RpcWorker wait() _wait /var/lib/kolla/venv/lib/python3.6/site-packages/neutron/service.py:135
2025-11-13 02:02:49.613 7 INFO oslo_service.service [-] Child 28 exited with status 0
2025-11-13 02:02:50.514 26 DEBUG oslo_concurrency.lockutils [req-cf6c930f-54e8-43fe-8209-f4a7c956cb4d - - - - -] Acquired lock "singleton_lock" lock /var/lib/kolla/venv/lib/python3.6/site-packages/oslo_concurrency/lockutils.py:294
2025-11-13 02:02:50.514 26 DEBUG oslo_concurrency.lockutils [req-cf6c930f-54e8-43fe-8209-f4a7c956cb4d - - - - -] Releasing lock "singleton_lock" lock /var/lib/kolla/venv/lib/python3.6/site-packages/oslo_concurrency/lockutils.py:312
2025-11-13 02:02:50.515 26 DEBUG neutron.service [req-cf6c930f-54e8-43fe-8209-f4a7c956cb4d - - - - -] calling RpcWorker wait() _wait /var/lib/kolla/venv/lib/python3.6/site-packages/neutron/service.py:128
2025-11-13 02:02:50.515 26 DEBUG neutron.service [req-cf6c930f-54e8-43fe-8209-f4a7c956cb4d - - - - -] calling wait on _wait /var/lib/kolla/venv/lib/python3.6/site-packages/neutron/service.py:131
2025-11-13 02:02:50.515 27 DEBUG oslo_concurrency.lockutils [req-cf6c930f-54e8-43fe-8209-f4a7c956cb4d - - - - -] Acquired lock "singleton_lock" lock /var/lib/kolla/venv/lib/python3.6/site-packages/oslo_concurrency/lockutils.py:294
2025-11-13 02:02:50.515 27 DEBUG oslo_concurrency.lockutils [req-cf6c930f-54e8-43fe-8209-f4a7c956cb4d - - - - -] Releasing lock "singleton_lock" lock /var/lib/kolla/venv/lib/python3.6/site-packages/oslo_concurrency/lockutils.py:312
2025-11-13 02:02:50.516 27 DEBUG neutron.service [req-cf6c930f-54e8-43fe-8209-f4a7c956cb4d - - - - -] calling RpcWorker wait() _wait /var/lib/kolla/venv/lib/python3.6/site-packages/neutron/service.py:128
2025-11-13 02:02:50.516 27 DEBUG neutron.service [req-cf6c930f-54e8-43fe-8209-f4a7c956cb4d - - - - -] calling wait on _wait /var/lib/kolla/venv/lib/python3.6/site-packages/neutron/service.py:131
2025-11-13 02:02:50.524 26 WARNING amqp [req-cf6c930f-54e8-43fe-8209-f4a7c956cb4d - - - - -] Received method (60, 30) during closing channel 1. This method will be ignored
2025-11-13 02:02:50.525 26 DEBUG neutron.service [req-cf6c930f-54e8-43fe-8209-f4a7c956cb4d - - - - -] returning from RpcWorker wait() _wait /var/lib/kolla/venv/lib/python3.6/site-packages/neutron/service.py:135
2025-11-13 02:02:50.528 27 WARNING amqp [req-cf6c930f-54e8-43fe-8209-f4a7c956cb4d - - - - -] Received method (60, 30) during closing channel 1. This method will be ignored
2025-11-13 02:02:50.529 27 DEBUG neutron.service [req-cf6c930f-54e8-43fe-8209-f4a7c956cb4d - - - - -] returning from RpcWorker wait() _wait /var/lib/kolla/venv/lib/python3.6/site-packages/neutron/service.py:135
2025-11-13 02:02:50.531 7 INFO oslo_service.service [-] Child 26 exited with status 0
2025-11-13 02:02:50.535 7 INFO oslo_service.service [-] Child 27 exited with status 0
2025-11-13 02:02:52.952 23 DEBUG neutron.service [-] calling stop on stop /var/lib/kolla/venv/lib/python3.6/site-packages/neutron/service.py:141
2025-11-13 02:02:52.969 23 DEBUG neutron.service [-] calling stop on stop /var/lib/kolla/venv/lib/python3.6/site-packages/neutron/service.py:141
2025-11-13 02:02:52.973 24 DEBUG neutron.service [-] calling stop on stop /var/lib/kolla/venv/lib/python3.6/site-packages/neutron/service.py:141
2025-11-13 02:02:52.984 29 DEBUG oslo_concurrency.lockutils [req-cf6c930f-54e8-43fe-8209-f4a7c956cb4d - - - - -] Acquired lock "singleton_lock" lock /var/lib/kolla/venv/lib/python3.6/site-packages/oslo_concurrency/lockutils.py:294
2025-11-13 02:02:52.984 29 DEBUG oslo_concurrency.lockutils [req-cf6c930f-54e8-43fe-8209-f4a7c956cb4d - - - - -] Releasing lock "singleton_lock" lock /var/lib/kolla/venv/lib/python3.6/site-packages/oslo_concurrency/lockutils.py:312
2025-11-13 02:02:52.984 29 DEBUG neutron.service [req-cf6c930f-54e8-43fe-8209-f4a7c956cb4d - - - - -] calling RpcWorker wait() _wait /var/lib/kolla/venv/lib/python3.6/site-packages/neutron/service.py:128
2025-11-13 02:02:52.985 29 DEBUG neutron.service [req-cf6c930f-54e8-43fe-8209-f4a7c956cb4d - - - - -] calling wait on _wait /var/lib/kolla/venv/lib/python3.6/site-packages/neutron/service.py:131
2025-11-13 02:02:52.985 23 DEBUG neutron.service [-] calling stop on stop /var/lib/kolla/venv/lib/python3.6/site-packages/neutron/service.py:141
2025-11-13 02:02:52.992 25 DEBUG neutron.service [-] calling stop on stop /var/lib/kolla/venv/lib/python3.6/site-packages/neutron/service.py:141
2025-11-13 02:02:52.992 29 WARNING amqp [req-cf6c930f-54e8-43fe-8209-f4a7c956cb4d - - - - -] Received method (60, 30) during closing channel 1. This method will be ignored
2025-11-13 02:02:52.993 29 DEBUG neutron.service [req-cf6c930f-54e8-43fe-8209-f4a7c956cb4d - - - - -] returning from RpcWorker wait() _wait /var/lib/kolla/venv/lib/python3.6/site-packages/neutron/service.py:135
2025-11-13 02:02:52.994 24 DEBUG neutron.service [-] calling stop on stop /var/lib/kolla/venv/lib/python3.6/site-packages/neutron/service.py:141
2025-11-13 02:02:52.998 7 INFO oslo_service.service [-] Child 29 exited with status 0
2025-11-13 02:02:52.999 23 DEBUG oslo_concurrency.lockutils [req-cf6c930f-54e8-43fe-8209-f4a7c956cb4d - - - - -] Acquired lock "singleton_lock" lock /var/lib/kolla/venv/lib/python3.6/site-packages/oslo_concurrency/lockutils.py:294
2025-11-13 02:02:52.999 23 DEBUG oslo_concurrency.lockutils [req-cf6c930f-54e8-43fe-8209-f4a7c956cb4d - - - - -] Releasing lock "singleton_lock" lock /var/lib/kolla/venv/lib/python3.6/site-packages/oslo_concurrency/lockutils.py:312
2025-11-13 02:02:53.000 23 DEBUG neutron.service [req-cf6c930f-54e8-43fe-8209-f4a7c956cb4d - - - - -] calling RpcWorker wait() _wait /var/lib/kolla/venv/lib/python3.6/site-packages/neutron/service.py:128
2025-11-13 02:02:53.000 23 DEBUG neutron.service [req-cf6c930f-54e8-43fe-8209-f4a7c956cb4d - - - - -] calling wait on _wait /var/lib/kolla/venv/lib/python3.6/site-packages/neutron/service.py:131
2025-11-13 02:02:53.002 25 DEBUG neutron.service [-] calling stop on stop /var/lib/kolla/venv/lib/python3.6/site-packages/neutron/service.py:141
2025-11-13 02:02:53.004 24 DEBUG neutron.service [-] calling stop on stop /var/lib/kolla/venv/lib/python3.6/site-packages/neutron/service.py:141
2025-11-13 02:02:53.007 23 WARNING amqp [req-cf6c930f-54e8-43fe-8209-f4a7c956cb4d - - - - -] Received method (60, 30) during closing channel 1. This method will be ignored
2025-11-13 02:02:53.008 23 DEBUG neutron.service [req-cf6c930f-54e8-43fe-8209-f4a7c956cb4d - - - - -] calling wait on _wait /var/lib/kolla/venv/lib/python3.6/site-packages/neutron/service.py:131
2025-11-13 02:02:53.011 25 DEBUG neutron.service [-] calling stop on stop /var/lib/kolla/venv/lib/python3.6/site-packages/neutron/service.py:141
2025-11-13 02:02:53.014 24 DEBUG oslo_concurrency.lockutils [req-cf6c930f-54e8-43fe-8209-f4a7c956cb4d - - - - -] Acquired lock "singleton_lock" lock /var/lib/kolla/venv/lib/python3.6/site-packages/oslo_concurrency/lockutils.py:294
2025-11-13 02:02:53.015 24 DEBUG oslo_concurrency.lockutils [req-cf6c930f-54e8-43fe-8209-f4a7c956cb4d - - - - -] Releasing lock "singleton_lock" lock /var/lib/kolla/venv/lib/python3.6/site-packages/oslo_concurrency/lockutils.py:312
2025-11-13 02:02:53.015 24 DEBUG neutron.service [req-cf6c930f-54e8-43fe-8209-f4a7c956cb4d - - - - -] calling RpcWorker wait() _wait /var/lib/kolla/venv/lib/python3.6/site-packages/neutron/service.py:128
2025-11-13 02:02:53.015 24 DEBUG neutron.service [req-cf6c930f-54e8-43fe-8209-f4a7c956cb4d - - - - -] calling wait on _wait /var/lib/kolla/venv/lib/python3.6/site-packages/neutron/service.py:131
2025-11-13 02:02:53.016 23 WARNING amqp [req-cf6c930f-54e8-43fe-8209-f4a7c956cb4d - - - - -] Received method (60, 30) during closing channel 1. This method will be ignored
2025-11-13 02:02:53.017 23 DEBUG neutron.service [req-cf6c930f-54e8-43fe-8209-f4a7c956cb4d - - - - -] calling wait on _wait /var/lib/kolla/venv/lib/python3.6/site-packages/neutron/service.py:131
2025-11-13 02:02:53.021 25 DEBUG oslo_concurrency.lockutils [req-cf6c930f-54e8-43fe-8209-f4a7c956cb4d - - - - -] Acquired lock "singleton_lock" lock /var/lib/kolla/venv/lib/python3.6/site-packages/oslo_concurrency/lockutils.py:294
2025-11-13 02:02:53.022 25 DEBUG oslo_concurrency.lockutils [req-cf6c930f-54e8-43fe-8209-f4a7c956cb4d - - - - -] Releasing lock "singleton_lock" lock /var/lib/kolla/venv/lib/python3.6/site-packages/oslo_concurrency/lockutils.py:312
2025-11-13 02:02:53.022 25 DEBUG neutron.service [req-cf6c930f-54e8-43fe-8209-f4a7c956cb4d - - - - -] calling RpcWorker wait() _wait /var/lib/kolla/venv/lib/python3.6/site-packages/neutron/service.py:128
2025-11-13 02:02:53.022 25 DEBUG neutron.service [req-cf6c930f-54e8-43fe-8209-f4a7c956cb4d - - - - -] calling wait on _wait /var/lib/kolla/venv/lib/python3.6/site-packages/neutron/service.py:131
2025-11-13 02:02:53.023 23 WARNING amqp [req-cf6c930f-54e8-43fe-8209-f4a7c956cb4d - - - - -] Received method (60, 30) during closing channel 1. This method will be ignored
2025-11-13 02:02:53.023 24 WARNING amqp [req-cf6c930f-54e8-43fe-8209-f4a7c956cb4d - - - - -] Received method (60, 30) during closing channel 1. This method will be ignored
2025-11-13 02:02:53.024 24 DEBUG neutron.service [req-cf6c930f-54e8-43fe-8209-f4a7c956cb4d - - - - -] calling wait on _wait /var/lib/kolla/venv/lib/python3.6/site-packages/neutron/service.py:131
2025-11-13 02:02:53.025 23 DEBUG neutron.service [req-cf6c930f-54e8-43fe-8209-f4a7c956cb4d - - - - -] calling wait on _wait /var/lib/kolla/venv/lib/python3.6/site-packages/neutron/service.py:131
2025-11-13 02:02:53.028 25 WARNING amqp [req-cf6c930f-54e8-43fe-8209-f4a7c956cb4d - - - - -] Received method (60, 30) during closing channel 1. This method will be ignored
2025-11-13 02:02:53.030 25 DEBUG neutron.service [req-cf6c930f-54e8-43fe-8209-f4a7c956cb4d - - - - -] calling wait on _wait /var/lib/kolla/venv/lib/python3.6/site-packages/neutron/service.py:131
2025-11-13 02:02:53.031 23 WARNING amqp [req-cf6c930f-54e8-43fe-8209-f4a7c956cb4d - - - - -] Received method (60, 30) during closing channel 1. This method will be ignored
2025-11-13 02:02:53.031 24 WARNING amqp [req-cf6c930f-54e8-43fe-8209-f4a7c956cb4d - - - - -] Received method (60, 30) during closing channel 1. This method will be ignored
2025-11-13 02:02:53.032 23 DEBUG neutron.service [req-cf6c930f-54e8-43fe-8209-f4a7c956cb4d - - - - -] returning from RpcWorker wait() _wait /var/lib/kolla/venv/lib/python3.6/site-packages/neutron/service.py:135
2025-11-13 02:02:53.032 24 DEBUG neutron.service [req-cf6c930f-54e8-43fe-8209-f4a7c956cb4d - - - - -] calling wait on _wait /var/lib/kolla/venv/lib/python3.6/site-packages/neutron/service.py:131
2025-11-13 02:02:53.037 25 WARNING amqp [req-cf6c930f-54e8-43fe-8209-f4a7c956cb4d - - - - -] Received method (60, 30) during closing channel 1. This method will be ignored
2025-11-13 02:02:53.037 25 DEBUG neutron.service [req-cf6c930f-54e8-43fe-8209-f4a7c956cb4d - - - - -] calling wait on _wait /var/lib/kolla/venv/lib/python3.6/site-packages/neutron/service.py:131
2025-11-13 02:02:53.039 7 INFO oslo_service.service [-] Child 23 exited with status 0
2025-11-13 02:02:53.041 24 WARNING amqp [req-cf6c930f-54e8-43fe-8209-f4a7c956cb4d - - - - -] Received method (60, 30) during closing channel 1. This method will be ignored
2025-11-13 02:02:53.042 24 DEBUG neutron.service [req-cf6c930f-54e8-43fe-8209-f4a7c956cb4d - - - - -] calling wait on _wait /var/lib/kolla/venv/lib/python3.6/site-packages/neutron/service.py:131
2025-11-13 02:02:53.044 25 WARNING amqp [req-cf6c930f-54e8-43fe-8209-f4a7c956cb4d - - - - -] Received method (60, 30) during closing channel 1. This method will be ignored
2025-11-13 02:02:53.045 25 DEBUG neutron.service [req-cf6c930f-54e8-43fe-8209-f4a7c956cb4d - - - - -] calling wait on _wait /var/lib/kolla/venv/lib/python3.6/site-packages/neutron/service.py:131
2025-11-13 02:02:53.046 24 WARNING amqp [req-cf6c930f-54e8-43fe-8209-f4a7c956cb4d - - - - -] Received method (60, 30) during closing channel 1. This method will be ignored
2025-11-13 02:02:53.048 24 DEBUG neutron.service [req-cf6c930f-54e8-43fe-8209-f4a7c956cb4d - - - - -] returning from RpcWorker wait() _wait /var/lib/kolla/venv/lib/python3.6/site-packages/neutron/service.py:135
2025-11-13 02:02:53.050 25 WARNING amqp [req-cf6c930f-54e8-43fe-8209-f4a7c956cb4d - - - - -] Received method (60, 30) during closing channel 1. This method will be ignored
2025-11-13 02:02:53.051 25 DEBUG neutron.service [req-cf6c930f-54e8-43fe-8209-f4a7c956cb4d - - - - -] returning from RpcWorker wait() _wait /var/lib/kolla/venv/lib/python3.6/site-packages/neutron/service.py:135
2025-11-13 02:02:53.053 7 INFO oslo_service.service [-] Child 24 exited with status 0
2025-11-13 02:02:53.057 7 INFO oslo_service.service [-] Child 25 exited with status 0
2025-11-13 02:02:53.057 7 INFO oslo_service.service [-] Wait called after thread killed. Cleaning up.
2025-11-13 02:02:53.057 7 DEBUG oslo_service.service [-] Stop services. stop /var/lib/kolla/venv/lib/python3.6/site-packages/oslo_service/service.py:695
2025-11-13 02:02:53.057 7 DEBUG oslo_service.service [-] Killing children. stop /var/lib/kolla/venv/lib/python3.6/site-packages/oslo_service/service.py:700
2025-11-13 02:02:57.220 7 INFO neutron.common.config [-] Logging enabled!
2025-11-13 02:02:57.220 7 INFO neutron.common.config [-] /var/lib/kolla/venv/bin/neutron-server version 20.5.1.dev23
2025-11-13 02:02:57.222 7 DEBUG neutron.common.config [-] command line: /var/lib/kolla/venv/bin/neutron-server --config-file /etc/neutron/neutron.conf --config-file /etc/neutron/ContrailPlugin.ini --config-file /etc/neutron/api-paste.ini setup_logging /var/lib/kolla/venv/lib/python3.6/site-packages/neutron/common/config.py:115
2025-11-13 02:02:57.226 7 INFO neutron.common.config [-] Logging enabled!
2025-11-13 02:02:57.227 7 INFO neutron.common.config [-] /var/lib/kolla/venv/bin/neutron-server version 20.5.1.dev23
2025-11-13 02:02:57.227 7 DEBUG neutron.common.config [-] command line: /var/lib/kolla/venv/bin/neutron-server --config-file /etc/neutron/neutron.conf --config-file /etc/neutron/ContrailPlugin.ini --config-file /etc/neutron/api-paste.ini setup_logging /var/lib/kolla/venv/lib/python3.6/site-packages/neutron/common/config.py:115
2025-11-13 02:02:57.227 7 DEBUG neutron.common.config [-] ******************************************************************************** log_opt_values /var/lib/kolla/venv/lib/python3.6/site-packages/oslo_config/cfg.py:2589
2025-11-13 02:02:57.227 7 DEBUG neutron.common.config [-] Configuration options gathered from: log_opt_values /var/lib/kolla/venv/lib/python3.6/site-packages/oslo_config/cfg.py:2590
2025-11-13 02:02:57.227 7 DEBUG neutron.common.config [-] command line args: ['--config-file', '/etc/neutron/neutron.conf', '--config-file', '/etc/neutron/ContrailPlugin.ini', '--config-file', '/etc/neutron/api-paste.ini'] log_opt_values /var/lib/kolla/venv/lib/python3.6/site-packages/oslo_config/cfg.py:2591
2025-11-13 02:02:57.228 7 DEBUG neutron.common.config [-] config files: ['/etc/neutron/neutron.conf', '/etc/neutron/ContrailPlugin.ini', '/etc/neutron/api-paste.ini'] log_opt_values /var/lib/kolla/venv/lib/python3.6/site-packages/oslo_config/cfg.py:2593
2025-11-13 02:02:57.228 7 DEBUG neutron.common.config [-] ================================================================================ log_opt_values /var/lib/kolla/venv/lib/python3.6/site-packages/oslo_config/cfg.py:2594
2025-11-13 02:02:57.228 7 DEBUG neutron.common.config [-] allow_bulk = True log_opt_values /var/lib/kolla/venv/lib/python3.6/site-packages/oslo_config/cfg.py:2603
2025-11-13 02:02:57.228 7 WARNING oslo_config.cfg [-] Deprecated: Option "allow_overlapping_ips" from group "DEFAULT" is deprecated for removal. Its value may be silently ignored in the future.
2025-11-13 02:02:57.229 7 DEBUG neutron.common.config [-] allow_overlapping_ips = True log_opt_values /var/lib/kolla/venv/lib/python3.6/site-packages/oslo_config/cfg.py:2603
2025-11-13 02:02:57.229 7 DEBUG neutron.common.config [-] api_extensions_path = /opt/plugin/site-packages/neutron_plugin_contrail/extensions:/opt/plugin/site-packages/neutron_lbaas/extensions log_opt_values /var/lib/kolla/venv/lib/python3.6/site-packages/oslo_config/cfg.py:2603
2025-11-13 02:02:57.229 7 DEBUG neutron.common.config [-] api_paste_config = /etc/neutron/api-paste.ini log_opt_values /var/lib/kolla/venv/lib/python3.6/site-packages/oslo_config/cfg.py:2603
2025-11-13 02:02:57.229 7 DEBUG neutron.common.config [-] api_workers = 1 log_opt_values /var/lib/kolla/venv/lib/python3.6/site-packages/oslo_config/cfg.py:2603
