2025-11-10 00:37:16.301 132695 DEBUG nova.service [req-36ff1df1-f3f3-4149-8b14-f1cf586f4559 - - - - -] Creating RPC server for service scheduler start /usr/lib/python3/dist-packages/nova/service.py:182
2025-11-10 00:37:16.301 131968 DEBUG oslo_service.service [req-7bf3681f-09f2-43e2-bccf-70b8e20adb31 - - - - -] compute.image_type_exclude_list = [] log_opt_values /usr/lib/python3/dist-packages/oslo_config/cfg.py:2609
2025-11-10 00:37:16.301 131968 DEBUG oslo_service.service [req-7bf3681f-09f2-43e2-bccf-70b8e20adb31 - - - - -] compute.live_migration_wait_for_vif_plug = True log_opt_values /usr/lib/python3/dist-packages/oslo_config/cfg.py:2609
2025-11-10 00:37:16.301 131968 DEBUG oslo_service.service [req-7bf3681f-09f2-43e2-bccf-70b8e20adb31 - - - - -] compute.max_concurrent_disk_ops = 0 log_opt_values /usr/lib/python3/dist-packages/oslo_config/cfg.py:2609
2025-11-10 00:37:16.301 131968 DEBUG oslo_service.service [req-7bf3681f-09f2-43e2-bccf-70b8e20adb31 - - - - -] compute.max_disk_devices_to_attach = -1 log_opt_values /usr/lib/python3/dist-packages/oslo_config/cfg.py:2609
2025-11-10 00:37:16.302 131968 DEBUG oslo_service.service [req-7bf3681f-09f2-43e2-bccf-70b8e20adb31 - - - - -] compute.packing_host_numa_cells_allocation_strategy = True log_opt_values /usr/lib/python3/dist-packages/oslo_config/cfg.py:2609
2025-11-10 00:37:16.302 131968 DEBUG oslo_service.service [req-7bf3681f-09f2-43e2-bccf-70b8e20adb31 - - - - -] compute.provider_config_location = /etc/nova/provider_config/ log_opt_values /usr/lib/python3/dist-packages/oslo_config/cfg.py:2609
2025-11-10 00:37:16.302 131968 DEBUG oslo_service.service [req-7bf3681f-09f2-43e2-bccf-70b8e20adb31 - - - - -] compute.resource_provider_association_refresh = 300 log_opt_values /usr/lib/python3/dist-packages/oslo_config/cfg.py:2609
2025-11-10 00:37:16.302 131968 DEBUG oslo_service.service [req-7bf3681f-09f2-43e2-bccf-70b8e20adb31 - - - - -] compute.shutdown_retry_interval = 10 log_opt_values /usr/lib/python3/dist-packages/oslo_config/cfg.py:2609
2025-11-10 00:37:16.302 131968 DEBUG oslo_service.service [req-7bf3681f-09f2-43e2-bccf-70b8e20adb31 - - - - -] compute.vmdk_allowed_types = ['streamOptimized', 'monolithicSparse'] log_opt_values /usr/lib/python3/dist-packages/oslo_config/cfg.py:2609
2025-11-10 00:37:16.303 131968 DEBUG oslo_service.service [req-7bf3681f-09f2-43e2-bccf-70b8e20adb31 - - - - -] conductor.workers = 4 log_opt_values /usr/lib/python3/dist-packages/oslo_config/cfg.py:2609
2025-11-10 00:37:16.303 131968 DEBUG oslo_service.service [req-7bf3681f-09f2-43e2-bccf-70b8e20adb31 - - - - -] console.allowed_origins = [] log_opt_values /usr/lib/python3/dist-packages/oslo_config/cfg.py:2609
2025-11-10 00:37:16.303 131968 DEBUG oslo_service.service [req-7bf3681f-09f2-43e2-bccf-70b8e20adb31 - - - - -] console.ssl_ciphers = None log_opt_values /usr/lib/python3/dist-packages/oslo_config/cfg.py:2609
2025-11-10 00:37:16.303 131968 DEBUG oslo_service.service [req-7bf3681f-09f2-43e2-bccf-70b8e20adb31 - - - - -] console.ssl_minimum_version = default log_opt_values /usr/lib/python3/dist-packages/oslo_config/cfg.py:2609
2025-11-10 00:37:16.303 131968 DEBUG oslo_service.service [req-7bf3681f-09f2-43e2-bccf-70b8e20adb31 - - - - -] consoleauth.token_ttl = 600 log_opt_values /usr/lib/python3/dist-packages/oslo_config/cfg.py:2609
2025-11-10 00:37:16.303 131968 DEBUG oslo_service.service [req-7bf3681f-09f2-43e2-bccf-70b8e20adb31 - - - - -] cyborg.cafile = None log_opt_values /usr/lib/python3/dist-packages/oslo_config/cfg.py:2609
2025-11-10 00:37:16.304 131968 DEBUG oslo_service.service [req-7bf3681f-09f2-43e2-bccf-70b8e20adb31 - - - - -] cyborg.certfile = None log_opt_values /usr/lib/python3/dist-packages/oslo_config/cfg.py:2609
2025-11-10 00:37:16.304 131968 DEBUG oslo_service.service [req-7bf3681f-09f2-43e2-bccf-70b8e20adb31 - - - - -] cyborg.collect_timing = False log_opt_values /usr/lib/python3/dist-packages/oslo_config/cfg.py:2609
2025-11-10 00:37:16.304 131968 DEBUG oslo_service.service [req-7bf3681f-09f2-43e2-bccf-70b8e20adb31 - - - - -] cyborg.connect_retries = None log_opt_values /usr/lib/python3/dist-packages/oslo_config/cfg.py:2609
2025-11-10 00:37:16.304 131968 DEBUG oslo_service.service [req-7bf3681f-09f2-43e2-bccf-70b8e20adb31 - - - - -] cyborg.connect_retry_delay = None log_opt_values /usr/lib/python3/dist-packages/oslo_config/cfg.py:2609
2025-11-10 00:37:16.304 131968 DEBUG oslo_service.service [req-7bf3681f-09f2-43e2-bccf-70b8e20adb31 - - - - -] cyborg.endpoint_override = None log_opt_values /usr/lib/python3/dist-packages/oslo_config/cfg.py:2609
2025-11-10 00:37:16.304 131968 DEBUG oslo_service.service [req-7bf3681f-09f2-43e2-bccf-70b8e20adb31 - - - - -] cyborg.insecure = False log_opt_values /usr/lib/python3/dist-packages/oslo_config/cfg.py:2609
2025-11-10 00:37:16.304 131968 DEBUG oslo_service.service [req-7bf3681f-09f2-43e2-bccf-70b8e20adb31 - - - - -] cyborg.keyfile = None log_opt_values /usr/lib/python3/dist-packages/oslo_config/cfg.py:2609
2025-11-10 00:37:16.305 131968 DEBUG oslo_service.service [req-7bf3681f-09f2-43e2-bccf-70b8e20adb31 - - - - -] cyborg.max_version = None log_opt_values /usr/lib/python3/dist-packages/oslo_config/cfg.py:2609
2025-11-10 00:37:16.305 131968 DEBUG oslo_service.service [req-7bf3681f-09f2-43e2-bccf-70b8e20adb31 - - - - -] cyborg.min_version = None log_opt_values /usr/lib/python3/dist-packages/oslo_config/cfg.py:2609
2025-11-10 00:37:16.305 131968 DEBUG oslo_service.service [req-7bf3681f-09f2-43e2-bccf-70b8e20adb31 - - - - -] cyborg.region_name = None log_opt_values /usr/lib/python3/dist-packages/oslo_config/cfg.py:2609
2025-11-10 00:37:16.305 131968 DEBUG oslo_service.service [req-7bf3681f-09f2-43e2-bccf-70b8e20adb31 - - - - -] cyborg.service_name = None log_opt_values /usr/lib/python3/dist-packages/oslo_config/cfg.py:2609
2025-11-10 00:37:16.305 131968 DEBUG oslo_service.service [req-7bf3681f-09f2-43e2-bccf-70b8e20adb31 - - - - -] cyborg.service_type = accelerator log_opt_values /usr/lib/python3/dist-packages/oslo_config/cfg.py:2609
2025-11-10 00:37:16.305 131968 DEBUG oslo_service.service [req-7bf3681f-09f2-43e2-bccf-70b8e20adb31 - - - - -] cyborg.split_loggers = False log_opt_values /usr/lib/python3/dist-packages/oslo_config/cfg.py:2609
2025-11-10 00:37:16.306 131968 DEBUG oslo_service.service [req-7bf3681f-09f2-43e2-bccf-70b8e20adb31 - - - - -] cyborg.status_code_retries = None log_opt_values /usr/lib/python3/dist-packages/oslo_config/cfg.py:2609
2025-11-10 00:37:16.306 131968 DEBUG oslo_service.service [req-7bf3681f-09f2-43e2-bccf-70b8e20adb31 - - - - -] cyborg.status_code_retry_delay = None log_opt_values /usr/lib/python3/dist-packages/oslo_config/cfg.py:2609
2025-11-10 00:37:16.306 131968 DEBUG oslo_service.service [req-7bf3681f-09f2-43e2-bccf-70b8e20adb31 - - - - -] cyborg.timeout = None log_opt_values /usr/lib/python3/dist-packages/oslo_config/cfg.py:2609
2025-11-10 00:37:16.306 131968 DEBUG oslo_service.service [req-7bf3681f-09f2-43e2-bccf-70b8e20adb31 - - - - -] cyborg.valid_interfaces = ['internal', 'public'] log_opt_values /usr/lib/python3/dist-packages/oslo_config/cfg.py:2609
2025-11-10 00:37:16.306 131968 DEBUG oslo_service.service [req-7bf3681f-09f2-43e2-bccf-70b8e20adb31 - - - - -] cyborg.version = None log_opt_values /usr/lib/python3/dist-packages/oslo_config/cfg.py:2609
2025-11-10 00:37:16.306 131968 DEBUG oslo_service.service [req-7bf3681f-09f2-43e2-bccf-70b8e20adb31 - - - - -] database.backend = sqlalchemy log_opt_values /usr/lib/python3/dist-packages/oslo_config/cfg.py:2609
2025-11-10 00:37:16.306 131968 DEBUG oslo_service.service [req-7bf3681f-09f2-43e2-bccf-70b8e20adb31 - - - - -] database.connection = **** log_opt_values /usr/lib/python3/dist-packages/oslo_config/cfg.py:2609
2025-11-10 00:37:16.307 131968 DEBUG oslo_service.service [req-7bf3681f-09f2-43e2-bccf-70b8e20adb31 - - - - -] database.connection_debug = 0 log_opt_values /usr/lib/python3/dist-packages/oslo_config/cfg.py:2609
2025-11-10 00:37:16.307 131968 DEBUG oslo_service.service [req-7bf3681f-09f2-43e2-bccf-70b8e20adb31 - - - - -] database.connection_parameters = log_opt_values /usr/lib/python3/dist-packages/oslo_config/cfg.py:2609
2025-11-10 00:37:16.307 131968 DEBUG oslo_service.service [req-7bf3681f-09f2-43e2-bccf-70b8e20adb31 - - - - -] database.connection_recycle_time = 3600 log_opt_values /usr/lib/python3/dist-packages/oslo_config/cfg.py:2609
2025-11-10 00:37:16.307 131968 DEBUG oslo_service.service [req-7bf3681f-09f2-43e2-bccf-70b8e20adb31 - - - - -] database.connection_trace = False log_opt_values /usr/lib/python3/dist-packages/oslo_config/cfg.py:2609
2025-11-10 00:37:16.307 131968 DEBUG oslo_service.service [req-7bf3681f-09f2-43e2-bccf-70b8e20adb31 - - - - -] database.db_inc_retry_interval = True log_opt_values /usr/lib/python3/dist-packages/oslo_config/cfg.py:2609
2025-11-10 00:37:16.308 131968 DEBUG oslo_service.service [req-7bf3681f-09f2-43e2-bccf-70b8e20adb31 - - - - -] database.db_max_retries = 20 log_opt_values /usr/lib/python3/dist-packages/oslo_config/cfg.py:2609
2025-11-10 00:37:16.308 131968 DEBUG oslo_service.service [req-7bf3681f-09f2-43e2-bccf-70b8e20adb31 - - - - -] database.db_max_retry_interval = 10 log_opt_values /usr/lib/python3/dist-packages/oslo_config/cfg.py:2609
2025-11-10 00:37:16.308 131968 DEBUG oslo_service.service [req-7bf3681f-09f2-43e2-bccf-70b8e20adb31 - - - - -] database.db_retry_interval = 1 log_opt_values /usr/lib/python3/dist-packages/oslo_config/cfg.py:2609
2025-11-10 00:37:16.309 131968 DEBUG oslo_service.service [req-7bf3681f-09f2-43e2-bccf-70b8e20adb31 - - - - -] database.max_overflow = 50 log_opt_values /usr/lib/python3/dist-packages/oslo_config/cfg.py:2609
2025-11-10 00:37:16.309 131968 DEBUG oslo_service.service [req-7bf3681f-09f2-43e2-bccf-70b8e20adb31 - - - - -] database.max_pool_size = 4 log_opt_values /usr/lib/python3/dist-packages/oslo_config/cfg.py:2609
2025-11-10 00:37:16.309 131968 DEBUG oslo_service.service [req-7bf3681f-09f2-43e2-bccf-70b8e20adb31 - - - - -] database.max_retries = 10 log_opt_values /usr/lib/python3/dist-packages/oslo_config/cfg.py:2609
2025-11-10 00:37:16.309 131968 DEBUG oslo_service.service [req-7bf3681f-09f2-43e2-bccf-70b8e20adb31 - - - - -] database.mysql_enable_ndb = False log_opt_values /usr/lib/python3/dist-packages/oslo_config/cfg.py:2609
2025-11-10 00:37:16.309 131968 DEBUG oslo_service.service [req-7bf3681f-09f2-43e2-bccf-70b8e20adb31 - - - - -] database.mysql_sql_mode = TRADITIONAL log_opt_values /usr/lib/python3/dist-packages/oslo_config/cfg.py:2609
2025-11-10 00:37:16.310 131968 DEBUG oslo_service.service [req-7bf3681f-09f2-43e2-bccf-70b8e20adb31 - - - - -] database.pool_timeout = None log_opt_values /usr/lib/python3/dist-packages/oslo_config/cfg.py:2609
2025-11-10 00:37:16.310 131968 DEBUG oslo_service.service [req-7bf3681f-09f2-43e2-bccf-70b8e20adb31 - - - - -] database.retry_interval = 10 log_opt_values /usr/lib/python3/dist-packages/oslo_config/cfg.py:2609
2025-11-10 00:37:16.310 131968 DEBUG oslo_service.service [req-7bf3681f-09f2-43e2-bccf-70b8e20adb31 - - - - -] database.slave_connection = **** log_opt_values /usr/lib/python3/dist-packages/oslo_config/cfg.py:2609
2025-11-10 00:37:16.310 131968 DEBUG oslo_service.service [req-7bf3681f-09f2-43e2-bccf-70b8e20adb31 - - - - -] database.sqlite_synchronous = True log_opt_values /usr/lib/python3/dist-packages/oslo_config/cfg.py:2609
2025-11-10 00:37:16.310 131968 DEBUG oslo_service.service [req-7bf3681f-09f2-43e2-bccf-70b8e20adb31 - - - - -] database.use_db_reconnect = False log_opt_values /usr/lib/python3/dist-packages/oslo_config/cfg.py:2609
2025-11-10 00:37:16.310 131968 DEBUG oslo_service.service [req-7bf3681f-09f2-43e2-bccf-70b8e20adb31 - - - - -] api_database.backend = sqlalchemy log_opt_values /usr/lib/python3/dist-packages/oslo_config/cfg.py:2609
2025-11-10 00:37:16.310 131968 DEBUG oslo_service.service [req-7bf3681f-09f2-43e2-bccf-70b8e20adb31 - - - - -] api_database.connection = **** log_opt_values /usr/lib/python3/dist-packages/oslo_config/cfg.py:2609
2025-11-10 00:37:16.311 131968 DEBUG oslo_service.service [req-7bf3681f-09f2-43e2-bccf-70b8e20adb31 - - - - -] api_database.connection_debug = 0 log_opt_values /usr/lib/python3/dist-packages/oslo_config/cfg.py:2609
2025-11-10 00:37:16.310 132696 DEBUG oslo_messaging._drivers.amqpdriver [-] Listener is running poll /usr/lib/python3/dist-packages/oslo_messaging/_drivers/amqpdriver.py:343
2025-11-10 00:37:16.311 131968 DEBUG oslo_service.service [req-7bf3681f-09f2-43e2-bccf-70b8e20adb31 - - - - -] api_database.connection_parameters = log_opt_values /usr/lib/python3/dist-packages/oslo_config/cfg.py:2609
2025-11-10 00:37:16.311 132696 DEBUG oslo_messaging._drivers.amqpdriver [-] AMQPListener connection consume poll /usr/lib/python3/dist-packages/oslo_messaging/_drivers/amqpdriver.py:357
2025-11-10 00:37:16.311 131968 DEBUG oslo_service.service [req-7bf3681f-09f2-43e2-bccf-70b8e20adb31 - - - - -] api_database.connection_recycle_time = 3600 log_opt_values /usr/lib/python3/dist-packages/oslo_config/cfg.py:2609
2025-11-10 00:37:16.311 131968 DEBUG oslo_service.service [req-7bf3681f-09f2-43e2-bccf-70b8e20adb31 - - - - -] api_database.connection_trace = False log_opt_values /usr/lib/python3/dist-packages/oslo_config/cfg.py:2609
2025-11-10 00:37:16.311 131968 DEBUG oslo_service.service [req-7bf3681f-09f2-43e2-bccf-70b8e20adb31 - - - - -] api_database.db_inc_retry_interval = True log_opt_values /usr/lib/python3/dist-packages/oslo_config/cfg.py:2609
2025-11-10 00:37:16.311 131968 DEBUG oslo_service.service [req-7bf3681f-09f2-43e2-bccf-70b8e20adb31 - - - - -] api_database.db_max_retries = 20 log_opt_values /usr/lib/python3/dist-packages/oslo_config/cfg.py:2609
2025-11-10 00:37:16.311 132696 DEBUG nova.service [req-579ff503-2035-4579-9552-7078b689ea27 - - - - -] Join ServiceGroup membership for this service scheduler start /usr/lib/python3/dist-packages/nova/service.py:199
2025-11-10 00:37:16.312 131968 DEBUG oslo_service.service [req-7bf3681f-09f2-43e2-bccf-70b8e20adb31 - - - - -] api_database.db_max_retry_interval = 10 log_opt_values /usr/lib/python3/dist-packages/oslo_config/cfg.py:2609
2025-11-10 00:37:16.312 131968 DEBUG oslo_service.service [req-7bf3681f-09f2-43e2-bccf-70b8e20adb31 - - - - -] api_database.db_retry_interval = 1 log_opt_values /usr/lib/python3/dist-packages/oslo_config/cfg.py:2609
2025-11-10 00:37:16.312 132696 DEBUG nova.servicegroup.drivers.db [req-579ff503-2035-4579-9552-7078b689ea27 - - - - -] DB_Driver: join new ServiceGroup member juju-cd5f74-0-lxd-7 to the scheduler group, service = join /usr/lib/python3/dist-packages/nova/servicegroup/drivers/db.py:44
2025-11-10 00:37:16.312 131968 DEBUG oslo_service.service [req-7bf3681f-09f2-43e2-bccf-70b8e20adb31 - - - - -] api_database.max_overflow = 50 log_opt_values /usr/lib/python3/dist-packages/oslo_config/cfg.py:2609
2025-11-10 00:37:16.312 131968 DEBUG oslo_service.service [req-7bf3681f-09f2-43e2-bccf-70b8e20adb31 - - - - -] api_database.max_pool_size = 4 log_opt_values /usr/lib/python3/dist-packages/oslo_config/cfg.py:2609
2025-11-10 00:37:16.312 131968 DEBUG oslo_service.service [req-7bf3681f-09f2-43e2-bccf-70b8e20adb31 - - - - -] api_database.max_retries = 10 log_opt_values /usr/lib/python3/dist-packages/oslo_config/cfg.py:2609
2025-11-10 00:37:16.312 131968 DEBUG oslo_service.service [req-7bf3681f-09f2-43e2-bccf-70b8e20adb31 - - - - -] api_database.mysql_enable_ndb = False log_opt_values /usr/lib/python3/dist-packages/oslo_config/cfg.py:2609
2025-11-10 00:37:16.312 131968 DEBUG oslo_service.service [req-7bf3681f-09f2-43e2-bccf-70b8e20adb31 - - - - -] api_database.mysql_sql_mode = TRADITIONAL log_opt_values /usr/lib/python3/dist-packages/oslo_config/cfg.py:2609
2025-11-10 00:37:16.313 131968 DEBUG oslo_service.service [req-7bf3681f-09f2-43e2-bccf-70b8e20adb31 - - - - -] api_database.pool_timeout = None log_opt_values /usr/lib/python3/dist-packages/oslo_config/cfg.py:2609
2025-11-10 00:37:16.313 131968 DEBUG oslo_service.service [req-7bf3681f-09f2-43e2-bccf-70b8e20adb31 - - - - -] api_database.retry_interval = 10 log_opt_values /usr/lib/python3/dist-packages/oslo_config/cfg.py:2609
2025-11-10 00:37:16.313 131968 DEBUG oslo_service.service [req-7bf3681f-09f2-43e2-bccf-70b8e20adb31 - - - - -] api_database.slave_connection = **** log_opt_values /usr/lib/python3/dist-packages/oslo_config/cfg.py:2609
2025-11-10 00:37:16.313 131968 DEBUG oslo_service.service [req-7bf3681f-09f2-43e2-bccf-70b8e20adb31 - - - - -] api_database.sqlite_synchronous = True log_opt_values /usr/lib/python3/dist-packages/oslo_config/cfg.py:2609
2025-11-10 00:37:16.313 131968 DEBUG oslo_service.service [req-7bf3681f-09f2-43e2-bccf-70b8e20adb31 - - - - -] devices.enabled_mdev_types = [] log_opt_values /usr/lib/python3/dist-packages/oslo_config/cfg.py:2609
2025-11-10 00:37:16.313 132698 DEBUG nova.service [req-f6b95fc3-92e1-4ca7-b849-67441549a865 - - - - -] Creating RPC server for service scheduler start /usr/lib/python3/dist-packages/nova/service.py:182
2025-11-10 00:37:16.313 131968 DEBUG oslo_service.service [req-7bf3681f-09f2-43e2-bccf-70b8e20adb31 - - - - -] ephemeral_storage_encryption.cipher = aes-xts-plain64 log_opt_values /usr/lib/python3/dist-packages/oslo_config/cfg.py:2609
2025-11-10 00:37:16.314 131968 DEBUG oslo_service.service [req-7bf3681f-09f2-43e2-bccf-70b8e20adb31 - - - - -] ephemeral_storage_encryption.enabled = False log_opt_values /usr/lib/python3/dist-packages/oslo_config/cfg.py:2609
2025-11-10 00:37:16.314 131968 DEBUG oslo_service.service [req-7bf3681f-09f2-43e2-bccf-70b8e20adb31 - - - - -] ephemeral_storage_encryption.key_size = 512 log_opt_values /usr/lib/python3/dist-packages/oslo_config/cfg.py:2609
2025-11-10 00:37:16.314 131968 WARNING oslo_config.cfg [req-7bf3681f-09f2-43e2-bccf-70b8e20adb31 - - - - -] Deprecated: Option "api_servers" from group "glance" is deprecated for removal ( Support for image service configuration via standard keystoneauth1 Adapter options was added in the 17.0.0 Queens release. The api_servers option was retained temporarily to allow consumers time to cut over to a real load balancing solution. ). Its value may be silently ignored in the future.
2025-11-10 00:37:16.314 131968 DEBUG oslo_service.service [req-7bf3681f-09f2-43e2-bccf-70b8e20adb31 - - - - -] glance.api_servers = ['http://252.129.71.156:9292'] log_opt_values /usr/lib/python3/dist-packages/oslo_config/cfg.py:2609
2025-11-10 00:37:16.314 132696 DEBUG oslo_messaging._drivers.amqpdriver [-] AMQPListener connection timeout poll /usr/lib/python3/dist-packages/oslo_messaging/_drivers/amqpdriver.py:360
2025-11-10 00:37:16.314 131968 DEBUG oslo_service.service [req-7bf3681f-09f2-43e2-bccf-70b8e20adb31 - - - - -] glance.cafile = None log_opt_values /usr/lib/python3/dist-packages/oslo_config/cfg.py:2609
2025-11-10 00:37:16.314 132696 DEBUG oslo_messaging._drivers.amqpdriver [-] Listener is running poll /usr/lib/python3/dist-packages/oslo_messaging/_drivers/amqpdriver.py:343
2025-11-10 00:37:16.315 132696 DEBUG oslo_messaging._drivers.amqpdriver [-] AMQPListener connection consume poll /usr/lib/python3/dist-packages/oslo_messaging/_drivers/amqpdriver.py:357
2025-11-10 00:37:16.315 131968 DEBUG oslo_service.service [req-7bf3681f-09f2-43e2-bccf-70b8e20adb31 - - - - -] glance.certfile = None log_opt_values /usr/lib/python3/dist-packages/oslo_config/cfg.py:2609
2025-11-10 00:37:16.315 131968 DEBUG oslo_service.service [req-7bf3681f-09f2-43e2-bccf-70b8e20adb31 - - - - -] glance.collect_timing = False log_opt_values /usr/lib/python3/dist-packages/oslo_config/cfg.py:2609
2025-11-10 00:37:16.315 131968 DEBUG oslo_service.service [req-7bf3681f-09f2-43e2-bccf-70b8e20adb31 - - - - -] glance.connect_retries = None log_opt_values /usr/lib/python3/dist-packages/oslo_config/cfg.py:2609
2025-11-10 00:37:16.315 131968 DEBUG oslo_service.service [req-7bf3681f-09f2-43e2-bccf-70b8e20adb31 - - - - -] glance.connect_retry_delay = None log_opt_values /usr/lib/python3/dist-packages/oslo_config/cfg.py:2609
2025-11-10 00:37:16.315 131968 DEBUG oslo_service.service [req-7bf3681f-09f2-43e2-bccf-70b8e20adb31 - - - - -] glance.debug = False log_opt_values /usr/lib/python3/dist-packages/oslo_config/cfg.py:2609
2025-11-10 00:37:16.315 131968 DEBUG oslo_service.service [req-7bf3681f-09f2-43e2-bccf-70b8e20adb31 - - - - -] glance.default_trusted_certificate_ids = [] log_opt_values /usr/lib/python3/dist-packages/oslo_config/cfg.py:2609
2025-11-10 00:37:16.316 131968 DEBUG oslo_service.service [req-7bf3681f-09f2-43e2-bccf-70b8e20adb31 - - - - -] glance.enable_certificate_validation = False log_opt_values /usr/lib/python3/dist-packages/oslo_config/cfg.py:2609
2025-11-10 00:37:16.316 131968 DEBUG oslo_service.service [req-7bf3681f-09f2-43e2-bccf-70b8e20adb31 - - - - -] glance.enable_rbd_download = False log_opt_values /usr/lib/python3/dist-packages/oslo_config/cfg.py:2609
2025-11-10 00:37:16.316 131968 DEBUG oslo_service.service [req-7bf3681f-09f2-43e2-bccf-70b8e20adb31 - - - - -] glance.endpoint_override = None log_opt_values /usr/lib/python3/dist-packages/oslo_config/cfg.py:2609
2025-11-10 00:37:16.316 131968 DEBUG oslo_service.service [req-7bf3681f-09f2-43e2-bccf-70b8e20adb31 - - - - -] glance.insecure = False log_opt_values /usr/lib/python3/dist-packages/oslo_config/cfg.py:2609
2025-11-10 00:37:16.316 131968 DEBUG oslo_service.service [req-7bf3681f-09f2-43e2-bccf-70b8e20adb31 - - - - -] glance.keyfile = None log_opt_values /usr/lib/python3/dist-packages/oslo_config/cfg.py:2609
2025-11-10 00:37:16.316 131968 DEBUG oslo_service.service [req-7bf3681f-09f2-43e2-bccf-70b8e20adb31 - - - - -] glance.max_version = None log_opt_values /usr/lib/python3/dist-packages/oslo_config/cfg.py:2609
2025-11-10 00:37:16.317 131968 DEBUG oslo_service.service [req-7bf3681f-09f2-43e2-bccf-70b8e20adb31 - - - - -] glance.min_version = None log_opt_values /usr/lib/python3/dist-packages/oslo_config/cfg.py:2609
2025-11-10 00:37:16.317 131968 DEBUG oslo_service.service [req-7bf3681f-09f2-43e2-bccf-70b8e20adb31 - - - - -] glance.num_retries = 3 log_opt_values /usr/lib/python3/dist-packages/oslo_config/cfg.py:2609
2025-11-10 00:37:16.317 131968 DEBUG oslo_service.service [req-7bf3681f-09f2-43e2-bccf-70b8e20adb31 - - - - -] glance.rbd_ceph_conf = log_opt_values /usr/lib/python3/dist-packages/oslo_config/cfg.py:2609
2025-11-10 00:37:16.317 131968 DEBUG oslo_service.service [req-7bf3681f-09f2-43e2-bccf-70b8e20adb31 - - - - -] glance.rbd_connect_timeout = 5 log_opt_values /usr/lib/python3/dist-packages/oslo_config/cfg.py:2609
2025-11-10 00:37:16.317 131968 DEBUG oslo_service.service [req-7bf3681f-09f2-43e2-bccf-70b8e20adb31 - - - - -] glance.rbd_pool = log_opt_values /usr/lib/python3/dist-packages/oslo_config/cfg.py:2609
2025-11-10 00:37:16.317 131968 DEBUG oslo_service.service [req-7bf3681f-09f2-43e2-bccf-70b8e20adb31 - - - - -] glance.rbd_user = log_opt_values /usr/lib/python3/dist-packages/oslo_config/cfg.py:2609
2025-11-10 00:37:16.317 131968 DEBUG oslo_service.service [req-7bf3681f-09f2-43e2-bccf-70b8e20adb31 - - - - -] glance.region_name = None log_opt_values /usr/lib/python3/dist-packages/oslo_config/cfg.py:2609
2025-11-10 00:37:16.318 131968 DEBUG oslo_service.service [req-7bf3681f-09f2-43e2-bccf-70b8e20adb31 - - - - -] glance.service_name = None log_opt_values /usr/lib/python3/dist-packages/oslo_config/cfg.py:2609
2025-11-10 00:37:16.318 131968 DEBUG oslo_service.service [req-7bf3681f-09f2-43e2-bccf-70b8e20adb31 - - - - -] glance.service_type = image log_opt_values /usr/lib/python3/dist-packages/oslo_config/cfg.py:2609
2025-11-10 00:37:16.318 131968 DEBUG oslo_service.service [req-7bf3681f-09f2-43e2-bccf-70b8e20adb31 - - - - -] glance.split_loggers = False log_opt_values /usr/lib/python3/dist-packages/oslo_config/cfg.py:2609
2025-11-10 00:37:16.318 131968 DEBUG oslo_service.service [req-7bf3681f-09f2-43e2-bccf-70b8e20adb31 - - - - -] glance.status_code_retries = None log_opt_values /usr/lib/python3/dist-packages/oslo_config/cfg.py:2609
2025-11-10 00:37:16.318 131968 DEBUG oslo_service.service [req-7bf3681f-09f2-43e2-bccf-70b8e20adb31 - - - - -] glance.status_code_retry_delay = None log_opt_values /usr/lib/python3/dist-packages/oslo_config/cfg.py:2609
2025-11-10 00:37:16.318 131968 DEBUG oslo_service.service [req-7bf3681f-09f2-43e2-bccf-70b8e20adb31 - - - - -] glance.timeout = None log_opt_values /usr/lib/python3/dist-packages/oslo_config/cfg.py:2609
2025-11-10 00:37:16.319 131968 DEBUG oslo_service.service [req-7bf3681f-09f2-43e2-bccf-70b8e20adb31 - - - - -] glance.valid_interfaces = ['internal', 'public'] log_opt_values /usr/lib/python3/dist-packages/oslo_config/cfg.py:2609
2025-11-10 00:37:16.319 131968 DEBUG oslo_service.service [req-7bf3681f-09f2-43e2-bccf-70b8e20adb31 - - - - -] glance.verify_glance_signatures = False log_opt_values /usr/lib/python3/dist-packages/oslo_config/cfg.py:2609
2025-11-10 00:37:16.319 131968 DEBUG oslo_service.service [req-7bf3681f-09f2-43e2-bccf-70b8e20adb31 - - - - -] glance.version = None log_opt_values /usr/lib/python3/dist-packages/oslo_config/cfg.py:2609
2025-11-10 00:37:16.319 131968 DEBUG oslo_service.service [req-7bf3681f-09f2-43e2-bccf-70b8e20adb31 - - - - -] guestfs.debug = False log_opt_values /usr/lib/python3/dist-packages/oslo_config/cfg.py:2609
2025-11-10 00:37:16.319 131968 DEBUG oslo_service.service [req-7bf3681f-09f2-43e2-bccf-70b8e20adb31 - - - - -] hyperv.config_drive_cdrom = False log_opt_values /usr/lib/python3/dist-packages/oslo_config/cfg.py:2609
2025-11-10 00:37:16.319 131968 DEBUG oslo_service.service [req-7bf3681f-09f2-43e2-bccf-70b8e20adb31 - - - - -] hyperv.config_drive_inject_password = False log_opt_values /usr/lib/python3/dist-packages/oslo_config/cfg.py:2609
2025-11-10 00:37:16.320 131968 DEBUG oslo_service.service [req-7bf3681f-09f2-43e2-bccf-70b8e20adb31 - - - - -] hyperv.dynamic_memory_ratio = 1.0 log_opt_values /usr/lib/python3/dist-packages/oslo_config/cfg.py:2609
2025-11-10 00:37:16.320 131968 DEBUG oslo_service.service [req-7bf3681f-09f2-43e2-bccf-70b8e20adb31 - - - - -] hyperv.enable_instance_metrics_collection = False log_opt_values /usr/lib/python3/dist-packages/oslo_config/cfg.py:2609
2025-11-10 00:37:16.320 131968 DEBUG oslo_service.service [req-7bf3681f-09f2-43e2-bccf-70b8e20adb31 - - - - -] hyperv.enable_remotefx = False log_opt_values /usr/lib/python3/dist-packages/oslo_config/cfg.py:2609
2025-11-10 00:37:16.320 131968 DEBUG oslo_service.service [req-7bf3681f-09f2-43e2-bccf-70b8e20adb31 - - - - -] hyperv.instances_path_share = log_opt_values /usr/lib/python3/dist-packages/oslo_config/cfg.py:2609
2025-11-10 00:37:16.320 131968 DEBUG oslo_service.service [req-7bf3681f-09f2-43e2-bccf-70b8e20adb31 - - - - -] hyperv.iscsi_initiator_list = [] log_opt_values /usr/lib/python3/dist-packages/oslo_config/cfg.py:2609
2025-11-10 00:37:16.321 131968 DEBUG oslo_service.service [req-7bf3681f-09f2-43e2-bccf-70b8e20adb31 - - - - -] hyperv.limit_cpu_features = False log_opt_values /usr/lib/python3/dist-packages/oslo_config/cfg.py:2609
2025-11-10 00:37:16.321 131968 DEBUG oslo_service.service [req-7bf3681f-09f2-43e2-bccf-70b8e20adb31 - - - - -] hyperv.mounted_disk_query_retry_count = 10 log_opt_values /usr/lib/python3/dist-packages/oslo_config/cfg.py:2609
2025-11-10 00:37:16.321 131968 DEBUG oslo_service.service [req-7bf3681f-09f2-43e2-bccf-70b8e20adb31 - - - - -] hyperv.mounted_disk_query_retry_interval = 5 log_opt_values /usr/lib/python3/dist-packages/oslo_config/cfg.py:2609
2025-11-10 00:37:16.321 131968 DEBUG oslo_service.service [req-7bf3681f-09f2-43e2-bccf-70b8e20adb31 - - - - -] hyperv.power_state_check_timeframe = 60 log_opt_values /usr/lib/python3/dist-packages/oslo_config/cfg.py:2609
2025-11-10 00:37:16.321 131968 DEBUG oslo_service.service [req-7bf3681f-09f2-43e2-bccf-70b8e20adb31 - - - - -] hyperv.power_state_event_polling_interval = 2 log_opt_values /usr/lib/python3/dist-packages/oslo_config/cfg.py:2609
2025-11-10 00:37:16.321 131968 DEBUG oslo_service.service [req-7bf3681f-09f2-43e2-bccf-70b8e20adb31 - - - - -] hyperv.qemu_img_cmd = qemu-img.exe log_opt_values /usr/lib/python3/dist-packages/oslo_config/cfg.py:2609
2025-11-10 00:37:16.322 131968 DEBUG oslo_service.service [req-7bf3681f-09f2-43e2-bccf-70b8e20adb31 - - - - -] hyperv.use_multipath_io = False log_opt_values /usr/lib/python3/dist-packages/oslo_config/cfg.py:2609
2025-11-10 00:37:16.322 131968 DEBUG oslo_service.service [req-7bf3681f-09f2-43e2-bccf-70b8e20adb31 - - - - -] hyperv.volume_attach_retry_count = 10 log_opt_values /usr/lib/python3/dist-packages/oslo_config/cfg.py:2609
2025-11-10 00:37:16.322 131968 DEBUG oslo_service.service [req-7bf3681f-09f2-43e2-bccf-70b8e20adb31 - - - - -] hyperv.volume_attach_retry_interval = 5 log_opt_values /usr/lib/python3/dist-packages/oslo_config/cfg.py:2609
2025-11-10 00:37:16.322 131968 DEBUG oslo_service.service [req-7bf3681f-09f2-43e2-bccf-70b8e20adb31 - - - - -] hyperv.vswitch_name = None log_opt_values /usr/lib/python3/dist-packages/oslo_config/cfg.py:2609
2025-11-10 00:37:16.322 131968 DEBUG oslo_service.service [req-7bf3681f-09f2-43e2-bccf-70b8e20adb31 - - - - -] hyperv.wait_soft_reboot_seconds = 60 log_opt_values /usr/lib/python3/dist-packages/oslo_config/cfg.py:2609
2025-11-10 00:37:16.322 131968 DEBUG oslo_service.service [req-7bf3681f-09f2-43e2-bccf-70b8e20adb31 - - - - -] mks.enabled = False log_opt_values /usr/lib/python3/dist-packages/oslo_config/cfg.py:2609
2025-11-10 00:37:16.323 131968 DEBUG oslo_service.service [req-7bf3681f-09f2-43e2-bccf-70b8e20adb31 - - - - -] mks.mksproxy_base_url = http://127.0.0.1:6090/ log_opt_values /usr/lib/python3/dist-packages/oslo_config/cfg.py:2609
2025-11-10 00:37:16.323 131968 DEBUG oslo_service.service [req-7bf3681f-09f2-43e2-bccf-70b8e20adb31 - - - - -] image_cache.manager_interval = 2400 log_opt_values /usr/lib/python3/dist-packages/oslo_config/cfg.py:2609
2025-11-10 00:37:16.323 131968 DEBUG oslo_service.service [req-7bf3681f-09f2-43e2-bccf-70b8e20adb31 - - - - -] image_cache.precache_concurrency = 1 log_opt_values /usr/lib/python3/dist-packages/oslo_config/cfg.py:2609
2025-11-10 00:37:16.323 131968 DEBUG oslo_service.service [req-7bf3681f-09f2-43e2-bccf-70b8e20adb31 - - - - -] image_cache.remove_unused_base_images = True log_opt_values /usr/lib/python3/dist-packages/oslo_config/cfg.py:2609
2025-11-10 00:37:16.323 132697 DEBUG nova.service [req-fbc8e00f-a5ca-42c5-b547-2811ba186f44 - - - - -] Creating RPC server for service scheduler start /usr/lib/python3/dist-packages/nova/service.py:182
2025-11-10 00:37:16.324 131968 DEBUG oslo_service.service [req-7bf3681f-09f2-43e2-bccf-70b8e20adb31 - - - - -] image_cache.remove_unused_original_minimum_age_seconds = 86400 log_opt_values /usr/lib/python3/dist-packages/oslo_config/cfg.py:2609
2025-11-10 00:37:16.324 131968 DEBUG oslo_service.service [req-7bf3681f-09f2-43e2-bccf-70b8e20adb31 - - - - -] image_cache.remove_unused_resized_minimum_age_seconds = 3600 log_opt_values /usr/lib/python3/dist-packages/oslo_config/cfg.py:2609
2025-11-10 00:37:16.324 131968 DEBUG oslo_service.service [req-7bf3681f-09f2-43e2-bccf-70b8e20adb31 - - - - -] image_cache.subdirectory_name = _base log_opt_values /usr/lib/python3/dist-packages/oslo_config/cfg.py:2609
2025-11-10 00:37:16.324 131968 DEBUG oslo_service.service [req-7bf3681f-09f2-43e2-bccf-70b8e20adb31 - - - - -] ironic.api_max_retries = 60 log_opt_values /usr/lib/python3/dist-packages/oslo_config/cfg.py:2609
2025-11-10 00:37:16.324 131968 DEBUG oslo_service.service [req-7bf3681f-09f2-43e2-bccf-70b8e20adb31 - - - - -] ironic.api_retry_interval = 2 log_opt_values /usr/lib/python3/dist-packages/oslo_config/cfg.py:2609
2025-11-10 00:37:16.325 131968 DEBUG oslo_service.service [req-7bf3681f-09f2-43e2-bccf-70b8e20adb31 - - - - -] ironic.auth_section = None log_opt_values /usr/lib/python3/dist-packages/oslo_config/cfg.py:2609
2025-11-10 00:37:16.325 131968 DEBUG oslo_service.service [req-7bf3681f-09f2-43e2-bccf-70b8e20adb31 - - - - -] ironic.auth_type = None log_opt_values /usr/lib/python3/dist-packages/oslo_config/cfg.py:2609
2025-11-10 00:37:16.325 131968 DEBUG oslo_service.service [req-7bf3681f-09f2-43e2-bccf-70b8e20adb31 - - - - -] ironic.cafile = None log_opt_values /usr/lib/python3/dist-packages/oslo_config/cfg.py:2609
2025-11-10 00:37:16.325 131968 DEBUG oslo_service.service [req-7bf3681f-09f2-43e2-bccf-70b8e20adb31 - - - - -] ironic.certfile = None log_opt_values /usr/lib/python3/dist-packages/oslo_config/cfg.py:2609
2025-11-10 00:37:16.325 131968 DEBUG oslo_service.service [req-7bf3681f-09f2-43e2-bccf-70b8e20adb31 - - - - -] ironic.collect_timing = False log_opt_values /usr/lib/python3/dist-packages/oslo_config/cfg.py:2609
2025-11-10 00:37:16.326 131968 DEBUG oslo_service.service [req-7bf3681f-09f2-43e2-bccf-70b8e20adb31 - - - - -] ironic.connect_retries = None log_opt_values /usr/lib/python3/dist-packages/oslo_config/cfg.py:2609
2025-11-10 00:37:16.326 131968 DEBUG oslo_service.service [req-7bf3681f-09f2-43e2-bccf-70b8e20adb31 - - - - -] ironic.connect_retry_delay = None log_opt_values /usr/lib/python3/dist-packages/oslo_config/cfg.py:2609
2025-11-10 00:37:16.326 131968 DEBUG oslo_service.service [req-7bf3681f-09f2-43e2-bccf-70b8e20adb31 - - - - -] ironic.endpoint_override = None log_opt_values /usr/lib/python3/dist-packages/oslo_config/cfg.py:2609
2025-11-10 00:37:16.326 131968 DEBUG oslo_service.service [req-7bf3681f-09f2-43e2-bccf-70b8e20adb31 - - - - -] ironic.insecure = False log_opt_values /usr/lib/python3/dist-packages/oslo_config/cfg.py:2609
2025-11-10 00:37:16.326 131968 DEBUG oslo_service.service [req-7bf3681f-09f2-43e2-bccf-70b8e20adb31 - - - - -] ironic.keyfile = None log_opt_values /usr/lib/python3/dist-packages/oslo_config/cfg.py:2609
2025-11-10 00:37:16.326 131968 DEBUG oslo_service.service [req-7bf3681f-09f2-43e2-bccf-70b8e20adb31 - - - - -] ironic.max_version = None log_opt_values /usr/lib/python3/dist-packages/oslo_config/cfg.py:2609
2025-11-10 00:37:16.326 131968 DEBUG oslo_service.service [req-7bf3681f-09f2-43e2-bccf-70b8e20adb31 - - - - -] ironic.min_version = None log_opt_values /usr/lib/python3/dist-packages/oslo_config/cfg.py:2609
2025-11-10 00:37:16.327 131968 DEBUG oslo_service.service [req-7bf3681f-09f2-43e2-bccf-70b8e20adb31 - - - - -] ironic.partition_key = None log_opt_values /usr/lib/python3/dist-packages/oslo_config/cfg.py:2609
2025-11-10 00:37:16.327 131968 DEBUG oslo_service.service [req-7bf3681f-09f2-43e2-bccf-70b8e20adb31 - - - - -] ironic.peer_list = [] log_opt_values /usr/lib/python3/dist-packages/oslo_config/cfg.py:2609
2025-11-10 00:37:16.327 131968 DEBUG oslo_service.service [req-7bf3681f-09f2-43e2-bccf-70b8e20adb31 - - - - -] ironic.region_name = None log_opt_values /usr/lib/python3/dist-packages/oslo_config/cfg.py:2609
2025-11-10 00:37:16.328 131968 DEBUG oslo_service.service [req-7bf3681f-09f2-43e2-bccf-70b8e20adb31 - - - - -] ironic.serial_console_state_timeout = 10 log_opt_values /usr/lib/python3/dist-packages/oslo_config/cfg.py:2609
2025-11-10 00:37:16.328 131968 DEBUG oslo_service.service [req-7bf3681f-09f2-43e2-bccf-70b8e20adb31 - - - - -] ironic.service_name = None log_opt_values /usr/lib/python3/dist-packages/oslo_config/cfg.py:2609
2025-11-10 00:37:16.328 131968 DEBUG oslo_service.service [req-7bf3681f-09f2-43e2-bccf-70b8e20adb31 - - - - -] ironic.service_type = baremetal log_opt_values /usr/lib/python3/dist-packages/oslo_config/cfg.py:2609
2025-11-10 00:37:16.328 131968 DEBUG oslo_service.service [req-7bf3681f-09f2-43e2-bccf-70b8e20adb31 - - - - -] ironic.split_loggers = False log_opt_values /usr/lib/python3/dist-packages/oslo_config/cfg.py:2609
2025-11-10 00:37:16.328 131968 DEBUG oslo_service.service [req-7bf3681f-09f2-43e2-bccf-70b8e20adb31 - - - - -] ironic.status_code_retries = None log_opt_values /usr/lib/python3/dist-packages/oslo_config/cfg.py:2609
2025-11-10 00:37:16.329 131968 DEBUG oslo_service.service [req-7bf3681f-09f2-43e2-bccf-70b8e20adb31 - - - - -] ironic.status_code_retry_delay = None log_opt_values /usr/lib/python3/dist-packages/oslo_config/cfg.py:2609
2025-11-10 00:37:16.329 131968 DEBUG oslo_service.service [req-7bf3681f-09f2-43e2-bccf-70b8e20adb31 - - - - -] ironic.timeout = None log_opt_values /usr/lib/python3/dist-packages/oslo_config/cfg.py:2609
2025-11-10 00:37:16.329 131968 DEBUG oslo_service.service [req-7bf3681f-09f2-43e2-bccf-70b8e20adb31 - - - - -] ironic.valid_interfaces = ['internal', 'public'] log_opt_values /usr/lib/python3/dist-packages/oslo_config/cfg.py:2609
2025-11-10 00:37:16.329 131968 DEBUG oslo_service.service [req-7bf3681f-09f2-43e2-bccf-70b8e20adb31 - - - - -] ironic.version = None log_opt_values /usr/lib/python3/dist-packages/oslo_config/cfg.py:2609
2025-11-10 00:37:16.329 131968 DEBUG oslo_service.service [req-7bf3681f-09f2-43e2-bccf-70b8e20adb31 - - - - -] key_manager.backend = barbican log_opt_values /usr/lib/python3/dist-packages/oslo_config/cfg.py:2609
2025-11-10 00:37:16.329 131968 DEBUG oslo_service.service [req-7bf3681f-09f2-43e2-bccf-70b8e20adb31 - - - - -] key_manager.fixed_key = **** log_opt_values /usr/lib/python3/dist-packages/oslo_config/cfg.py:2609
2025-11-10 00:37:16.330 131968 DEBUG oslo_service.service [req-7bf3681f-09f2-43e2-bccf-70b8e20adb31 - - - - -] barbican.auth_endpoint = http://localhost/identity/v3 log_opt_values /usr/lib/python3/dist-packages/oslo_config/cfg.py:2609
2025-11-10 00:37:16.330 132695 DEBUG oslo_messaging._drivers.amqpdriver [-] Listener is running poll /usr/lib/python3/dist-packages/oslo_messaging/_drivers/amqpdriver.py:343
2025-11-10 00:37:16.330 131968 DEBUG oslo_service.service [req-7bf3681f-09f2-43e2-bccf-70b8e20adb31 - - - - -] barbican.barbican_api_version = None log_opt_values /usr/lib/python3/dist-packages/oslo_config/cfg.py:2609
2025-11-10 00:37:16.330 132695 DEBUG oslo_messaging._drivers.amqpdriver [-] AMQPListener connection consume poll /usr/lib/python3/dist-packages/oslo_messaging/_drivers/amqpdriver.py:357
2025-11-10 00:37:16.330 131968 DEBUG oslo_service.service [req-7bf3681f-09f2-43e2-bccf-70b8e20adb31 - - - - -] barbican.barbican_endpoint = None log_opt_values /usr/lib/python3/dist-packages/oslo_config/cfg.py:2609
2025-11-10 00:37:16.330 131968 DEBUG oslo_service.service [req-7bf3681f-09f2-43e2-bccf-70b8e20adb31 - - - - -] barbican.barbican_endpoint_type = public log_opt_values /usr/lib/python3/dist-packages/oslo_config/cfg.py:2609
2025-11-10 00:37:16.330 131968 DEBUG oslo_service.service [req-7bf3681f-09f2-43e2-bccf-70b8e20adb31 - - - - -] barbican.barbican_region_name = None log_opt_values /usr/lib/python3/dist-packages/oslo_config/cfg.py:2609
2025-11-10 00:37:16.331 131968 DEBUG oslo_service.service [req-7bf3681f-09f2-43e2-bccf-70b8e20adb31 - - - - -] barbican.cafile = None log_opt_values /usr/lib/python3/dist-packages/oslo_config/cfg.py:2609
2025-11-10 00:37:16.330 132695 DEBUG nova.service [req-36ff1df1-f3f3-4149-8b14-f1cf586f4559 - - - - -] Join ServiceGroup membership for this service scheduler start /usr/lib/python3/dist-packages/nova/service.py:199
2025-11-10 00:37:16.331 131968 DEBUG oslo_service.service [req-7bf3681f-09f2-43e2-bccf-70b8e20adb31 - - - - -] barbican.certfile = None log_opt_values /usr/lib/python3/dist-packages/oslo_config/cfg.py:2609
2025-11-10 00:37:16.331 131968 DEBUG oslo_service.service [req-7bf3681f-09f2-43e2-bccf-70b8e20adb31 - - - - -] barbican.collect_timing = False log_opt_values /usr/lib/python3/dist-packages/oslo_config/cfg.py:2609
2025-11-10 00:37:16.331 131968 DEBUG oslo_service.service [req-7bf3681f-09f2-43e2-bccf-70b8e20adb31 - - - - -] barbican.insecure = False log_opt_values /usr/lib/python3/dist-packages/oslo_config/cfg.py:2609
2025-11-10 00:37:16.331 132695 DEBUG nova.servicegroup.drivers.db [req-36ff1df1-f3f3-4149-8b14-f1cf586f4559 - - - - -] DB_Driver: join new ServiceGroup member juju-cd5f74-0-lxd-7 to the scheduler group, service = join /usr/lib/python3/dist-packages/nova/servicegroup/drivers/db.py:44
2025-11-10 00:37:16.331 131968 DEBUG oslo_service.service [req-7bf3681f-09f2-43e2-bccf-70b8e20adb31 - - - - -] barbican.keyfile = None log_opt_values /usr/lib/python3/dist-packages/oslo_config/cfg.py:2609
2025-11-10 00:37:16.331 131968 DEBUG oslo_service.service [req-7bf3681f-09f2-43e2-bccf-70b8e20adb31 - - - - -] barbican.number_of_retries = 60 log_opt_values /usr/lib/python3/dist-packages/oslo_config/cfg.py:2609
2025-11-10 00:37:16.332 131968 DEBUG oslo_service.service [req-7bf3681f-09f2-43e2-bccf-70b8e20adb31 - - - - -] barbican.retry_delay = 1 log_opt_values /usr/lib/python3/dist-packages/oslo_config/cfg.py:2609
2025-11-10 00:37:16.332 131968 DEBUG oslo_service.service [req-7bf3681f-09f2-43e2-bccf-70b8e20adb31 - - - - -] barbican.send_service_user_token = False log_opt_values /usr/lib/python3/dist-packages/oslo_config/cfg.py:2609
2025-11-10 00:37:16.332 131968 DEBUG oslo_service.service [req-7bf3681f-09f2-43e2-bccf-70b8e20adb31 - - - - -] barbican.split_loggers = False log_opt_values /usr/lib/python3/dist-packages/oslo_config/cfg.py:2609
2025-11-10 00:37:16.333 131968 DEBUG oslo_service.service [req-7bf3681f-09f2-43e2-bccf-70b8e20adb31 - - - - -] barbican.timeout = None log_opt_values /usr/lib/python3/dist-packages/oslo_config/cfg.py:2609
2025-11-10 00:37:16.333 131968 DEBUG oslo_service.service [req-7bf3681f-09f2-43e2-bccf-70b8e20adb31 - - - - -] barbican.verify_ssl = True log_opt_values /usr/lib/python3/dist-packages/oslo_config/cfg.py:2609
2025-11-10 00:37:16.333 131968 DEBUG oslo_service.service [req-7bf3681f-09f2-43e2-bccf-70b8e20adb31 - - - - -] barbican.verify_ssl_path = None log_opt_values /usr/lib/python3/dist-packages/oslo_config/cfg.py:2609
2025-11-10 00:37:16.333 131968 DEBUG oslo_service.service [req-7bf3681f-09f2-43e2-bccf-70b8e20adb31 - - - - -] barbican_service_user.auth_section = None log_opt_values /usr/lib/python3/dist-packages/oslo_config/cfg.py:2609
2025-11-10 00:37:16.333 131968 DEBUG oslo_service.service [req-7bf3681f-09f2-43e2-bccf-70b8e20adb31 - - - - -] barbican_service_user.auth_type = None log_opt_values /usr/lib/python3/dist-packages/oslo_config/cfg.py:2609
2025-11-10 00:37:16.333 131968 DEBUG oslo_service.service [req-7bf3681f-09f2-43e2-bccf-70b8e20adb31 - - - - -] barbican_service_user.cafile = None log_opt_values /usr/lib/python3/dist-packages/oslo_config/cfg.py:2609
2025-11-10 00:37:16.333 131968 DEBUG oslo_service.service [req-7bf3681f-09f2-43e2-bccf-70b8e20adb31 - - - - -] barbican_service_user.certfile = None log_opt_values /usr/lib/python3/dist-packages/oslo_config/cfg.py:2609
2025-11-10 00:37:16.334 131968 DEBUG oslo_service.service [req-7bf3681f-09f2-43e2-bccf-70b8e20adb31 - - - - -] barbican_service_user.collect_timing = False log_opt_values /usr/lib/python3/dist-packages/oslo_config/cfg.py:2609
2025-11-10 00:37:16.334 131968 DEBUG oslo_service.service [req-7bf3681f-09f2-43e2-bccf-70b8e20adb31 - - - - -] barbican_service_user.insecure = False log_opt_values /usr/lib/python3/dist-packages/oslo_config/cfg.py:2609
2025-11-10 00:37:16.334 132695 DEBUG oslo_messaging._drivers.amqpdriver [-] AMQPListener connection timeout poll /usr/lib/python3/dist-packages/oslo_messaging/_drivers/amqpdriver.py:360
2025-11-10 00:37:16.334 131968 DEBUG oslo_service.service [req-7bf3681f-09f2-43e2-bccf-70b8e20adb31 - - - - -] barbican_service_user.keyfile = None log_opt_values /usr/lib/python3/dist-packages/oslo_config/cfg.py:2609
2025-11-10 00:37:16.334 132695 DEBUG oslo_messaging._drivers.amqpdriver [-] Listener is running poll /usr/lib/python3/dist-packages/oslo_messaging/_drivers/amqpdriver.py:343
2025-11-10 00:37:16.334 132698 DEBUG oslo_messaging._drivers.amqpdriver [-] Listener is running poll /usr/lib/python3/dist-packages/oslo_messaging/_drivers/amqpdriver.py:343
2025-11-10 00:37:16.334 132695 DEBUG oslo_messaging._drivers.amqpdriver [-] AMQPListener connection consume poll /usr/lib/python3/dist-packages/oslo_messaging/_drivers/amqpdriver.py:357
2025-11-10 00:37:16.334 131968 DEBUG oslo_service.service [req-7bf3681f-09f2-43e2-bccf-70b8e20adb31 - - - - -] barbican_service_user.split_loggers = False log_opt_values /usr/lib/python3/dist-packages/oslo_config/cfg.py:2609
2025-11-10 00:37:16.334 132698 DEBUG oslo_messaging._drivers.amqpdriver [-] AMQPListener connection consume poll /usr/lib/python3/dist-packages/oslo_messaging/_drivers/amqpdriver.py:357
2025-11-10 00:37:16.334 131968 DEBUG oslo_service.service [req-7bf3681f-09f2-43e2-bccf-70b8e20adb31 - - - - -] barbican_service_user.timeout = None log_opt_values /usr/lib/python3/dist-packages/oslo_config/cfg.py:2609
2025-11-10 00:37:16.334 131968 DEBUG oslo_service.service [req-7bf3681f-09f2-43e2-bccf-70b8e20adb31 - - - - -] vault.approle_role_id = None log_opt_values /usr/lib/python3/dist-packages/oslo_config/cfg.py:2609
2025-11-10 00:37:16.335 131968 DEBUG oslo_service.service [req-7bf3681f-09f2-43e2-bccf-70b8e20adb31 - - - - -] vault.approle_secret_id = None log_opt_values /usr/lib/python3/dist-packages/oslo_config/cfg.py:2609
2025-11-10 00:37:16.334 132698 DEBUG nova.service [req-f6b95fc3-92e1-4ca7-b849-67441549a865 - - - - -] Join ServiceGroup membership for this service scheduler start /usr/lib/python3/dist-packages/nova/service.py:199
2025-11-10 00:37:16.335 131968 DEBUG oslo_service.service [req-7bf3681f-09f2-43e2-bccf-70b8e20adb31 - - - - -] vault.cafile = None log_opt_values /usr/lib/python3/dist-packages/oslo_config/cfg.py:2609
2025-11-10 00:37:16.335 131968 DEBUG oslo_service.service [req-7bf3681f-09f2-43e2-bccf-70b8e20adb31 - - - - -] vault.certfile = None log_opt_values /usr/lib/python3/dist-packages/oslo_config/cfg.py:2609
2025-11-10 00:37:16.335 132698 DEBUG nova.servicegroup.drivers.db [req-f6b95fc3-92e1-4ca7-b849-67441549a865 - - - - -] DB_Driver: join new ServiceGroup member juju-cd5f74-0-lxd-7 to the scheduler group, service = join /usr/lib/python3/dist-packages/nova/servicegroup/drivers/db.py:44
2025-11-10 00:37:16.335 131968 DEBUG oslo_service.service [req-7bf3681f-09f2-43e2-bccf-70b8e20adb31 - - - - -] vault.collect_timing = False log_opt_values /usr/lib/python3/dist-packages/oslo_config/cfg.py:2609
2025-11-10 00:37:16.335 131968 DEBUG oslo_service.service [req-7bf3681f-09f2-43e2-bccf-70b8e20adb31 - - - - -] vault.insecure = False log_opt_values /usr/lib/python3/dist-packages/oslo_config/cfg.py:2609
2025-11-10 00:37:16.335 131968 DEBUG oslo_service.service [req-7bf3681f-09f2-43e2-bccf-70b8e20adb31 - - - - -] vault.keyfile = None log_opt_values /usr/lib/python3/dist-packages/oslo_config/cfg.py:2609
2025-11-10 00:37:16.335 131968 DEBUG oslo_service.service [req-7bf3681f-09f2-43e2-bccf-70b8e20adb31 - - - - -] vault.kv_mountpoint = secret log_opt_values /usr/lib/python3/dist-packages/oslo_config/cfg.py:2609
2025-11-10 00:37:16.336 131968 DEBUG oslo_service.service [req-7bf3681f-09f2-43e2-bccf-70b8e20adb31 - - - - -] vault.kv_version = 2 log_opt_values /usr/lib/python3/dist-packages/oslo_config/cfg.py:2609
2025-11-10 00:37:16.336 131968 DEBUG oslo_service.service [req-7bf3681f-09f2-43e2-bccf-70b8e20adb31 - - - - -] vault.namespace = None log_opt_values /usr/lib/python3/dist-packages/oslo_config/cfg.py:2609
2025-11-10 00:37:16.336 131968 DEBUG oslo_service.service [req-7bf3681f-09f2-43e2-bccf-70b8e20adb31 - - - - -] vault.root_token_id = None log_opt_values /usr/lib/python3/dist-packages/oslo_config/cfg.py:2609
2025-11-10 00:37:16.336 131968 DEBUG oslo_service.service [req-7bf3681f-09f2-43e2-bccf-70b8e20adb31 - - - - -] vault.split_loggers = False log_opt_values /usr/lib/python3/dist-packages/oslo_config/cfg.py:2609
2025-11-10 00:37:16.336 131968 DEBUG oslo_service.service [req-7bf3681f-09f2-43e2-bccf-70b8e20adb31 - - - - -] vault.ssl_ca_crt_file = None log_opt_values /usr/lib/python3/dist-packages/oslo_config/cfg.py:2609
2025-11-10 00:37:16.336 131968 DEBUG oslo_service.service [req-7bf3681f-09f2-43e2-bccf-70b8e20adb31 - - - - -] vault.timeout = None log_opt_values /usr/lib/python3/dist-packages/oslo_config/cfg.py:2609
2025-11-10 00:37:16.337 131968 DEBUG oslo_service.service [req-7bf3681f-09f2-43e2-bccf-70b8e20adb31 - - - - -] vault.use_ssl = False log_opt_values /usr/lib/python3/dist-packages/oslo_config/cfg.py:2609
2025-11-10 00:37:16.337 131968 DEBUG oslo_service.service [req-7bf3681f-09f2-43e2-bccf-70b8e20adb31 - - - - -] vault.vault_url = http://127.0.0.1:8200 log_opt_values /usr/lib/python3/dist-packages/oslo_config/cfg.py:2609
2025-11-10 00:37:16.337 131968 DEBUG oslo_service.service [req-7bf3681f-09f2-43e2-bccf-70b8e20adb31 - - - - -] keystone.cafile = None log_opt_values /usr/lib/python3/dist-packages/oslo_config/cfg.py:2609
2025-11-10 00:37:16.337 131968 DEBUG oslo_service.service [req-7bf3681f-09f2-43e2-bccf-70b8e20adb31 - - - - -] keystone.certfile = None log_opt_values /usr/lib/python3/dist-packages/oslo_config/cfg.py:2609
2025-11-10 00:37:16.337 132698 DEBUG oslo_messaging._drivers.amqpdriver [-] AMQPListener connection timeout poll /usr/lib/python3/dist-packages/oslo_messaging/_drivers/amqpdriver.py:360
2025-11-10 00:37:16.337 132698 DEBUG oslo_messaging._drivers.amqpdriver [-] Listener is running poll /usr/lib/python3/dist-packages/oslo_messaging/_drivers/amqpdriver.py:343
2025-11-10 00:37:16.337 131968 DEBUG oslo_service.service [req-7bf3681f-09f2-43e2-bccf-70b8e20adb31 - - - - -] keystone.collect_timing = False log_opt_values /usr/lib/python3/dist-packages/oslo_config/cfg.py:2609
2025-11-10 00:37:16.337 132698 DEBUG oslo_messaging._drivers.amqpdriver [-] AMQPListener connection consume poll /usr/lib/python3/dist-packages/oslo_messaging/_drivers/amqpdriver.py:357
2025-11-10 00:37:16.337 131968 DEBUG oslo_service.service [req-7bf3681f-09f2-43e2-bccf-70b8e20adb31 - - - - -] keystone.connect_retries = None log_opt_values /usr/lib/python3/dist-packages/oslo_config/cfg.py:2609
2025-11-10 00:37:16.338 131968 DEBUG oslo_service.service [req-7bf3681f-09f2-43e2-bccf-70b8e20adb31 - - - - -] keystone.connect_retry_delay = None log_opt_values /usr/lib/python3/dist-packages/oslo_config/cfg.py:2609
