2025-11-10 00:37:23.320 132696 DEBUG oslo_messaging._drivers.amqpdriver [-] AMQPListener connection timeout poll /usr/lib/python3/dist-packages/oslo_messaging/_drivers/amqpdriver.py:360
2025-11-10 00:37:23.320 132696 DEBUG oslo_messaging._drivers.amqpdriver [-] Listener is running poll /usr/lib/python3/dist-packages/oslo_messaging/_drivers/amqpdriver.py:343
2025-11-10 00:37:23.320 132696 DEBUG oslo_messaging._drivers.amqpdriver [-] AMQPListener connection consume poll /usr/lib/python3/dist-packages/oslo_messaging/_drivers/amqpdriver.py:357
2025-11-10 00:37:23.341 132695 DEBUG oslo_messaging._drivers.amqpdriver [-] AMQPListener connection timeout poll /usr/lib/python3/dist-packages/oslo_messaging/_drivers/amqpdriver.py:360
2025-11-10 00:37:23.341 132695 DEBUG oslo_messaging._drivers.amqpdriver [-] Listener is running poll /usr/lib/python3/dist-packages/oslo_messaging/_drivers/amqpdriver.py:343
2025-11-10 00:37:23.341 132695 DEBUG oslo_messaging._drivers.amqpdriver [-] AMQPListener connection consume poll /usr/lib/python3/dist-packages/oslo_messaging/_drivers/amqpdriver.py:357
2025-11-10 00:37:23.343 132698 DEBUG oslo_messaging._drivers.amqpdriver [-] AMQPListener connection timeout poll /usr/lib/python3/dist-packages/oslo_messaging/_drivers/amqpdriver.py:360
2025-11-10 00:37:23.343 132698 DEBUG oslo_messaging._drivers.amqpdriver [-] Listener is running poll /usr/lib/python3/dist-packages/oslo_messaging/_drivers/amqpdriver.py:343
2025-11-10 00:37:23.343 132698 DEBUG oslo_messaging._drivers.amqpdriver [-] AMQPListener connection consume poll /usr/lib/python3/dist-packages/oslo_messaging/_drivers/amqpdriver.py:357
2025-11-10 00:37:23.353 132697 DEBUG oslo_messaging._drivers.amqpdriver [-] AMQPListener connection timeout poll /usr/lib/python3/dist-packages/oslo_messaging/_drivers/amqpdriver.py:360
2025-11-10 00:37:23.354 132697 DEBUG oslo_messaging._drivers.amqpdriver [-] Listener is running poll /usr/lib/python3/dist-packages/oslo_messaging/_drivers/amqpdriver.py:343
2025-11-10 00:37:23.354 132697 DEBUG oslo_messaging._drivers.amqpdriver [-] AMQPListener connection consume poll /usr/lib/python3/dist-packages/oslo_messaging/_drivers/amqpdriver.py:357
2025-11-10 00:37:31.322 132696 DEBUG oslo_messaging._drivers.amqpdriver [-] AMQPListener connection timeout poll /usr/lib/python3/dist-packages/oslo_messaging/_drivers/amqpdriver.py:360
2025-11-10 00:37:31.322 132696 DEBUG oslo_messaging._drivers.amqpdriver [-] Listener is running poll /usr/lib/python3/dist-packages/oslo_messaging/_drivers/amqpdriver.py:343
2025-11-10 00:37:31.322 132696 DEBUG oslo_messaging._drivers.amqpdriver [-] AMQPListener connection consume poll /usr/lib/python3/dist-packages/oslo_messaging/_drivers/amqpdriver.py:357
2025-11-10 00:37:31.342 132695 DEBUG oslo_messaging._drivers.amqpdriver [-] AMQPListener connection timeout poll /usr/lib/python3/dist-packages/oslo_messaging/_drivers/amqpdriver.py:360
2025-11-10 00:37:31.342 132695 DEBUG oslo_messaging._drivers.amqpdriver [-] Listener is running poll /usr/lib/python3/dist-packages/oslo_messaging/_drivers/amqpdriver.py:343
2025-11-10 00:37:31.342 132695 DEBUG oslo_messaging._drivers.amqpdriver [-] AMQPListener connection consume poll /usr/lib/python3/dist-packages/oslo_messaging/_drivers/amqpdriver.py:357
2025-11-10 00:37:31.344 132698 DEBUG oslo_messaging._drivers.amqpdriver [-] AMQPListener connection timeout poll /usr/lib/python3/dist-packages/oslo_messaging/_drivers/amqpdriver.py:360
2025-11-10 00:37:31.345 132698 DEBUG oslo_messaging._drivers.amqpdriver [-] Listener is running poll /usr/lib/python3/dist-packages/oslo_messaging/_drivers/amqpdriver.py:343
2025-11-10 00:37:31.345 132698 DEBUG oslo_messaging._drivers.amqpdriver [-] AMQPListener connection consume poll /usr/lib/python3/dist-packages/oslo_messaging/_drivers/amqpdriver.py:357
2025-11-10 00:37:31.354 132697 DEBUG oslo_messaging._drivers.amqpdriver [-] AMQPListener connection timeout poll /usr/lib/python3/dist-packages/oslo_messaging/_drivers/amqpdriver.py:360
2025-11-10 00:37:31.355 132697 DEBUG oslo_messaging._drivers.amqpdriver [-] Listener is running poll /usr/lib/python3/dist-packages/oslo_messaging/_drivers/amqpdriver.py:343
2025-11-10 00:37:31.355 132697 DEBUG oslo_messaging._drivers.amqpdriver [-] AMQPListener connection consume poll /usr/lib/python3/dist-packages/oslo_messaging/_drivers/amqpdriver.py:357
2025-11-10 00:37:49.345 132696 DEBUG oslo_service.periodic_task [req-32f5a82d-f33a-42e9-9876-460969ae37f6 - - - - -] Running periodic task SchedulerManager._discover_hosts_in_cells run_periodic_tasks /usr/lib/python3/dist-packages/oslo_service/periodic_task.py:210
2025-11-10 00:37:49.349 132696 DEBUG oslo_concurrency.lockutils [req-deab1b79-2018-48fe-8283-306a878dcea7 - - - - -] Lock "8b86aba7-e401-4acb-a0e2-5feb14b99d4c" acquired by "nova.context.set_target_cell..get_or_set_cached_cell_and_set_connections" :: waited 0.000s inner /usr/lib/python3/dist-packages/oslo_concurrency/lockutils.py:386
2025-11-10 00:37:49.349 132696 DEBUG oslo_concurrency.lockutils [req-deab1b79-2018-48fe-8283-306a878dcea7 - - - - -] Lock "8b86aba7-e401-4acb-a0e2-5feb14b99d4c" "released" by "nova.context.set_target_cell..get_or_set_cached_cell_and_set_connections" :: held 0.000s inner /usr/lib/python3/dist-packages/oslo_concurrency/lockutils.py:400
2025-11-10 00:37:49.393 132696 INFO nova.scheduler.manager [req-deab1b79-2018-48fe-8283-306a878dcea7 - - - - -] Discovered 1 new hosts: cell1:cn-jenkins-deploy-platform-juju-os-613-1
2025-11-10 00:37:51.352 132697 DEBUG oslo_service.periodic_task [req-39724159-a02f-4333-9e72-af5dfdcd0ec7 - - - - -] Running periodic task SchedulerManager._discover_hosts_in_cells run_periodic_tasks /usr/lib/python3/dist-packages/oslo_service/periodic_task.py:210
2025-11-10 00:37:51.353 132697 DEBUG oslo_db.sqlalchemy.engines [req-39724159-a02f-4333-9e72-af5dfdcd0ec7 - - - - -] Parent process 131968 forked (132697) with an open database connection, which is being discarded and recreated. checkout /usr/lib/python3/dist-packages/oslo_db/sqlalchemy/engines.py:413
2025-11-10 00:37:51.358 132697 DEBUG oslo_concurrency.lockutils [req-39724159-a02f-4333-9e72-af5dfdcd0ec7 - - - - -] Lock "8b86aba7-e401-4acb-a0e2-5feb14b99d4c" acquired by "nova.context.set_target_cell..get_or_set_cached_cell_and_set_connections" :: waited 0.000s inner /usr/lib/python3/dist-packages/oslo_concurrency/lockutils.py:386
2025-11-10 00:37:51.360 132697 DEBUG oslo_concurrency.lockutils [req-39724159-a02f-4333-9e72-af5dfdcd0ec7 - - - - -] Lock "8b86aba7-e401-4acb-a0e2-5feb14b99d4c" "released" by "nova.context.set_target_cell..get_or_set_cached_cell_and_set_connections" :: held 0.001s inner /usr/lib/python3/dist-packages/oslo_concurrency/lockutils.py:400
2025-11-10 00:37:51.365 132697 DEBUG oslo_db.sqlalchemy.engines [req-39724159-a02f-4333-9e72-af5dfdcd0ec7 - - - - -] MySQL server mode set to STRICT_TRANS_TABLES,STRICT_ALL_TABLES,NO_ZERO_IN_DATE,NO_ZERO_DATE,ERROR_FOR_DIVISION_BY_ZERO,TRADITIONAL,NO_ENGINE_SUBSTITUTION _check_effective_sql_mode /usr/lib/python3/dist-packages/oslo_db/sqlalchemy/engines.py:314
2025-11-10 00:37:53.338 132698 DEBUG oslo_service.periodic_task [req-94adf331-4a76-4f18-a505-15bbd7d999fe - - - - -] Running periodic task SchedulerManager._discover_hosts_in_cells run_periodic_tasks /usr/lib/python3/dist-packages/oslo_service/periodic_task.py:210
2025-11-10 00:37:53.339 132698 DEBUG oslo_db.sqlalchemy.engines [req-94adf331-4a76-4f18-a505-15bbd7d999fe - - - - -] Parent process 131968 forked (132698) with an open database connection, which is being discarded and recreated. checkout /usr/lib/python3/dist-packages/oslo_db/sqlalchemy/engines.py:413
2025-11-10 00:37:53.345 132698 DEBUG oslo_concurrency.lockutils [req-94adf331-4a76-4f18-a505-15bbd7d999fe - - - - -] Lock "8b86aba7-e401-4acb-a0e2-5feb14b99d4c" acquired by "nova.context.set_target_cell..get_or_set_cached_cell_and_set_connections" :: waited 0.000s inner /usr/lib/python3/dist-packages/oslo_concurrency/lockutils.py:386
2025-11-10 00:37:53.347 132698 DEBUG oslo_concurrency.lockutils [req-94adf331-4a76-4f18-a505-15bbd7d999fe - - - - -] Lock "8b86aba7-e401-4acb-a0e2-5feb14b99d4c" "released" by "nova.context.set_target_cell..get_or_set_cached_cell_and_set_connections" :: held 0.002s inner /usr/lib/python3/dist-packages/oslo_concurrency/lockutils.py:400
2025-11-10 00:37:53.352 132698 DEBUG oslo_db.sqlalchemy.engines [req-94adf331-4a76-4f18-a505-15bbd7d999fe - - - - -] MySQL server mode set to STRICT_TRANS_TABLES,STRICT_ALL_TABLES,NO_ZERO_IN_DATE,NO_ZERO_DATE,ERROR_FOR_DIVISION_BY_ZERO,TRADITIONAL,NO_ENGINE_SUBSTITUTION _check_effective_sql_mode /usr/lib/python3/dist-packages/oslo_db/sqlalchemy/engines.py:314
2025-11-10 00:38:01.313 132696 DEBUG oslo_messaging._drivers.amqpdriver [-] AMQPListener connection timeout poll /usr/lib/python3/dist-packages/oslo_messaging/_drivers/amqpdriver.py:360
2025-11-10 00:38:01.313 132696 DEBUG oslo_messaging._drivers.amqpdriver [-] Listener is running poll /usr/lib/python3/dist-packages/oslo_messaging/_drivers/amqpdriver.py:343
2025-11-10 00:38:01.313 132696 DEBUG oslo_messaging._drivers.amqpdriver [-] AMQPListener connection consume poll /usr/lib/python3/dist-packages/oslo_messaging/_drivers/amqpdriver.py:357
2025-11-10 00:38:01.332 132695 DEBUG oslo_messaging._drivers.amqpdriver [-] AMQPListener connection timeout poll /usr/lib/python3/dist-packages/oslo_messaging/_drivers/amqpdriver.py:360
2025-11-10 00:38:01.333 132695 DEBUG oslo_messaging._drivers.amqpdriver [-] Listener is running poll /usr/lib/python3/dist-packages/oslo_messaging/_drivers/amqpdriver.py:343
2025-11-10 00:38:01.333 132695 DEBUG oslo_messaging._drivers.amqpdriver [-] AMQPListener connection consume poll /usr/lib/python3/dist-packages/oslo_messaging/_drivers/amqpdriver.py:357
2025-11-10 00:38:01.334 132698 DEBUG oslo_messaging._drivers.amqpdriver [-] AMQPListener connection timeout poll /usr/lib/python3/dist-packages/oslo_messaging/_drivers/amqpdriver.py:360
2025-11-10 00:38:01.334 132698 DEBUG oslo_messaging._drivers.amqpdriver [-] Listener is running poll /usr/lib/python3/dist-packages/oslo_messaging/_drivers/amqpdriver.py:343
2025-11-10 00:38:01.335 132698 DEBUG oslo_messaging._drivers.amqpdriver [-] AMQPListener connection consume poll /usr/lib/python3/dist-packages/oslo_messaging/_drivers/amqpdriver.py:357
2025-11-10 00:38:01.348 132697 DEBUG oslo_messaging._drivers.amqpdriver [-] AMQPListener connection timeout poll /usr/lib/python3/dist-packages/oslo_messaging/_drivers/amqpdriver.py:360
2025-11-10 00:38:01.349 132697 DEBUG oslo_messaging._drivers.amqpdriver [-] Listener is running poll /usr/lib/python3/dist-packages/oslo_messaging/_drivers/amqpdriver.py:343
2025-11-10 00:38:01.349 132697 DEBUG oslo_messaging._drivers.amqpdriver [-] AMQPListener connection consume poll /usr/lib/python3/dist-packages/oslo_messaging/_drivers/amqpdriver.py:357
2025-11-10 00:38:16.332 132695 DEBUG oslo_service.periodic_task [req-f7eae39c-f83d-40f8-a721-28353682a88a - - - - -] Running periodic task SchedulerManager._discover_hosts_in_cells run_periodic_tasks /usr/lib/python3/dist-packages/oslo_service/periodic_task.py:210
2025-11-10 00:38:16.333 132695 DEBUG oslo_db.sqlalchemy.engines [req-f7eae39c-f83d-40f8-a721-28353682a88a - - - - -] Parent process 131968 forked (132695) with an open database connection, which is being discarded and recreated. checkout /usr/lib/python3/dist-packages/oslo_db/sqlalchemy/engines.py:413
2025-11-10 00:38:16.340 132695 DEBUG oslo_concurrency.lockutils [req-f7eae39c-f83d-40f8-a721-28353682a88a - - - - -] Lock "8b86aba7-e401-4acb-a0e2-5feb14b99d4c" acquired by "nova.context.set_target_cell..get_or_set_cached_cell_and_set_connections" :: waited 0.000s inner /usr/lib/python3/dist-packages/oslo_concurrency/lockutils.py:386
2025-11-10 00:38:16.342 132695 DEBUG oslo_concurrency.lockutils [req-f7eae39c-f83d-40f8-a721-28353682a88a - - - - -] Lock "8b86aba7-e401-4acb-a0e2-5feb14b99d4c" "released" by "nova.context.set_target_cell..get_or_set_cached_cell_and_set_connections" :: held 0.002s inner /usr/lib/python3/dist-packages/oslo_concurrency/lockutils.py:400
2025-11-10 00:38:16.347 132695 DEBUG oslo_db.sqlalchemy.engines [req-f7eae39c-f83d-40f8-a721-28353682a88a - - - - -] MySQL server mode set to STRICT_TRANS_TABLES,STRICT_ALL_TABLES,NO_ZERO_IN_DATE,NO_ZERO_DATE,ERROR_FOR_DIVISION_BY_ZERO,TRADITIONAL,NO_ENGINE_SUBSTITUTION _check_effective_sql_mode /usr/lib/python3/dist-packages/oslo_db/sqlalchemy/engines.py:314
2025-11-10 00:38:19.397 132696 DEBUG oslo_service.periodic_task [req-deab1b79-2018-48fe-8283-306a878dcea7 - - - - -] Running periodic task SchedulerManager._discover_hosts_in_cells run_periodic_tasks /usr/lib/python3/dist-packages/oslo_service/periodic_task.py:210
2025-11-10 00:38:19.401 132696 DEBUG oslo_concurrency.lockutils [req-42efe0dd-5b97-4317-a2a4-b88b0c3131c0 - - - - -] Lock "8b86aba7-e401-4acb-a0e2-5feb14b99d4c" acquired by "nova.context.set_target_cell..get_or_set_cached_cell_and_set_connections" :: waited 0.000s inner /usr/lib/python3/dist-packages/oslo_concurrency/lockutils.py:386
2025-11-10 00:38:19.401 132696 DEBUG oslo_concurrency.lockutils [req-42efe0dd-5b97-4317-a2a4-b88b0c3131c0 - - - - -] Lock "8b86aba7-e401-4acb-a0e2-5feb14b99d4c" "released" by "nova.context.set_target_cell..get_or_set_cached_cell_and_set_connections" :: held 0.000s inner /usr/lib/python3/dist-packages/oslo_concurrency/lockutils.py:400
2025-11-10 00:38:21.381 132697 DEBUG oslo_service.periodic_task [req-39724159-a02f-4333-9e72-af5dfdcd0ec7 - - - - -] Running periodic task SchedulerManager._discover_hosts_in_cells run_periodic_tasks /usr/lib/python3/dist-packages/oslo_service/periodic_task.py:210
2025-11-10 00:38:21.385 132697 DEBUG oslo_concurrency.lockutils [req-6ff78b9d-1340-46f6-bd7b-895000e5872c - - - - -] Lock "8b86aba7-e401-4acb-a0e2-5feb14b99d4c" acquired by "nova.context.set_target_cell..get_or_set_cached_cell_and_set_connections" :: waited 0.000s inner /usr/lib/python3/dist-packages/oslo_concurrency/lockutils.py:386
2025-11-10 00:38:21.385 132697 DEBUG oslo_concurrency.lockutils [req-6ff78b9d-1340-46f6-bd7b-895000e5872c - - - - -] Lock "8b86aba7-e401-4acb-a0e2-5feb14b99d4c" "released" by "nova.context.set_target_cell..get_or_set_cached_cell_and_set_connections" :: held 0.000s inner /usr/lib/python3/dist-packages/oslo_concurrency/lockutils.py:400
2025-11-10 00:38:23.363 132698 DEBUG oslo_service.periodic_task [req-94adf331-4a76-4f18-a505-15bbd7d999fe - - - - -] Running periodic task SchedulerManager._discover_hosts_in_cells run_periodic_tasks /usr/lib/python3/dist-packages/oslo_service/periodic_task.py:210
2025-11-10 00:38:23.367 132698 DEBUG oslo_concurrency.lockutils [req-43cf2f80-402d-4747-aa48-0e9950e13af5 - - - - -] Lock "8b86aba7-e401-4acb-a0e2-5feb14b99d4c" acquired by "nova.context.set_target_cell..get_or_set_cached_cell_and_set_connections" :: waited 0.000s inner /usr/lib/python3/dist-packages/oslo_concurrency/lockutils.py:386
2025-11-10 00:38:23.367 132698 DEBUG oslo_concurrency.lockutils [req-43cf2f80-402d-4747-aa48-0e9950e13af5 - - - - -] Lock "8b86aba7-e401-4acb-a0e2-5feb14b99d4c" "released" by "nova.context.set_target_cell..get_or_set_cached_cell_and_set_connections" :: held 0.000s inner /usr/lib/python3/dist-packages/oslo_concurrency/lockutils.py:400
2025-11-10 00:38:27.907 131968 INFO oslo_service.service [req-7bf3681f-09f2-43e2-bccf-70b8e20adb31 - - - - -] Caught SIGTERM, stopping children
2025-11-10 00:38:27.908 131968 DEBUG oslo_concurrency.lockutils [req-7bf3681f-09f2-43e2-bccf-70b8e20adb31 - - - - -] Acquired lock "singleton_lock" lock /usr/lib/python3/dist-packages/oslo_concurrency/lockutils.py:294
2025-11-10 00:38:27.908 131968 DEBUG oslo_concurrency.lockutils [req-7bf3681f-09f2-43e2-bccf-70b8e20adb31 - - - - -] Releasing lock "singleton_lock" lock /usr/lib/python3/dist-packages/oslo_concurrency/lockutils.py:312
2025-11-10 00:38:27.908 131968 DEBUG oslo_service.service [req-7bf3681f-09f2-43e2-bccf-70b8e20adb31 - - - - -] Stop services. stop /usr/lib/python3/dist-packages/oslo_service/service.py:695
2025-11-10 00:38:27.909 131968 DEBUG oslo_service.service [req-7bf3681f-09f2-43e2-bccf-70b8e20adb31 - - - - -] Killing children. stop /usr/lib/python3/dist-packages/oslo_service/service.py:700
2025-11-10 00:38:27.909 131968 INFO oslo_service.service [req-7bf3681f-09f2-43e2-bccf-70b8e20adb31 - - - - -] Waiting on 4 children to exit
2025-11-10 00:38:27.915 131968 INFO oslo_service.service [req-7bf3681f-09f2-43e2-bccf-70b8e20adb31 - - - - -] Child 132695 killed by signal 15
2025-11-10 00:38:27.917 131968 INFO oslo_service.service [req-7bf3681f-09f2-43e2-bccf-70b8e20adb31 - - - - -] Child 132696 killed by signal 15
2025-11-10 00:38:27.918 131968 INFO oslo_service.service [req-7bf3681f-09f2-43e2-bccf-70b8e20adb31 - - - - -] Child 132697 killed by signal 15
2025-11-10 00:38:27.918 131968 INFO oslo_service.service [req-7bf3681f-09f2-43e2-bccf-70b8e20adb31 - - - - -] Child 132698 killed by signal 15
2025-11-10 00:38:29.506 163920 DEBUG oslo_db.sqlalchemy.engines [req-7c7ddf40-8697-4004-adc5-d4f14c0ef714 - - - - -] MySQL server mode set to STRICT_TRANS_TABLES,STRICT_ALL_TABLES,NO_ZERO_IN_DATE,NO_ZERO_DATE,ERROR_FOR_DIVISION_BY_ZERO,TRADITIONAL,NO_ENGINE_SUBSTITUTION _check_effective_sql_mode /usr/lib/python3/dist-packages/oslo_db/sqlalchemy/engines.py:314
2025-11-10 00:38:29.550 163920 DEBUG nova.scheduler.host_manager [req-7c7ddf40-8697-4004-adc5-d4f14c0ef714 - - - - -] Found 1 cells: 8b86aba7-e401-4acb-a0e2-5feb14b99d4c refresh_cells_caches /usr/lib/python3/dist-packages/nova/scheduler/host_manager.py:730
2025-11-10 00:38:29.551 163920 DEBUG nova.scheduler.host_manager [req-7c7ddf40-8697-4004-adc5-d4f14c0ef714 - - - - -] Found 0 disabled cells: refresh_cells_caches /usr/lib/python3/dist-packages/nova/scheduler/host_manager.py:742
2025-11-10 00:38:29.555 163920 WARNING nova.scheduler.filters.availability_zone_filter [req-7c7ddf40-8697-4004-adc5-d4f14c0ef714 - - - - -] The 'AvailabilityZoneFilter' is deprecated since the 24.0.0 (Xena) release. Since the 18.0.0 (Rocky) release, nova has supported mapping AZs to placement aggregates. The feature is enabled by the 'query_placement_for_availability_zone' config option and is now enabled by default. As such, the 'AvailabilityZoneFilter' is no longer required. Nova is currently configured to use both placement and the AvailabilityZoneFilter for AZ enforcement.
2025-11-10 00:38:29.639 163920 DEBUG nova.scheduler.host_manager [req-7c7ddf40-8697-4004-adc5-d4f14c0ef714 - - - - -] START:_async_init_instance_info _async_init_instance_info /usr/lib/python3/dist-packages/nova/scheduler/host_manager.py:411
2025-11-10 00:38:29.641 163920 DEBUG oslo_concurrency.lockutils [req-3d76e51a-eba5-4566-bc8f-ad46ec014fd4 - - - - -] Lock "8b86aba7-e401-4acb-a0e2-5feb14b99d4c" acquired by "nova.context.set_target_cell..get_or_set_cached_cell_and_set_connections" :: waited 0.000s inner /usr/lib/python3/dist-packages/oslo_concurrency/lockutils.py:386
2025-11-10 00:38:29.643 163920 DEBUG oslo_concurrency.lockutils [req-3d76e51a-eba5-4566-bc8f-ad46ec014fd4 - - - - -] Lock "8b86aba7-e401-4acb-a0e2-5feb14b99d4c" "released" by "nova.context.set_target_cell..get_or_set_cached_cell_and_set_connections" :: held 0.002s inner /usr/lib/python3/dist-packages/oslo_concurrency/lockutils.py:400
2025-11-10 00:38:29.671 163920 DEBUG oslo_db.sqlalchemy.engines [req-3d76e51a-eba5-4566-bc8f-ad46ec014fd4 - - - - -] MySQL server mode set to STRICT_TRANS_TABLES,STRICT_ALL_TABLES,NO_ZERO_IN_DATE,NO_ZERO_DATE,ERROR_FOR_DIVISION_BY_ZERO,TRADITIONAL,NO_ENGINE_SUBSTITUTION _check_effective_sql_mode /usr/lib/python3/dist-packages/oslo_db/sqlalchemy/engines.py:314
2025-11-10 00:38:29.682 163920 DEBUG nova.scheduler.host_manager [req-3d76e51a-eba5-4566-bc8f-ad46ec014fd4 - - - - -] Total number of compute nodes: 1 _async_init_instance_info /usr/lib/python3/dist-packages/nova/scheduler/host_manager.py:424
2025-11-10 00:38:29.683 163920 DEBUG oslo_concurrency.lockutils [req-3d76e51a-eba5-4566-bc8f-ad46ec014fd4 - - - - -] Lock "8b86aba7-e401-4acb-a0e2-5feb14b99d4c" acquired by "nova.context.set_target_cell..get_or_set_cached_cell_and_set_connections" :: waited 0.000s inner /usr/lib/python3/dist-packages/oslo_concurrency/lockutils.py:386
2025-11-10 00:38:29.683 163920 DEBUG oslo_concurrency.lockutils [req-3d76e51a-eba5-4566-bc8f-ad46ec014fd4 - - - - -] Lock "8b86aba7-e401-4acb-a0e2-5feb14b99d4c" "released" by "nova.context.set_target_cell..get_or_set_cached_cell_and_set_connections" :: held 0.000s inner /usr/lib/python3/dist-packages/oslo_concurrency/lockutils.py:400
2025-11-10 00:38:29.754 163920 DEBUG nova.scheduler.host_manager [req-3d76e51a-eba5-4566-bc8f-ad46ec014fd4 - - - - -] Adding 0 instances for hosts 10-20 _async_init_instance_info /usr/lib/python3/dist-packages/nova/scheduler/host_manager.py:443
2025-11-10 00:38:29.754 163920 DEBUG nova.scheduler.host_manager [req-3d76e51a-eba5-4566-bc8f-ad46ec014fd4 - - - - -] END:_async_init_instance_info _async_init_instance_info /usr/lib/python3/dist-packages/nova/scheduler/host_manager.py:454
2025-11-10 00:38:30.189 163920 DEBUG nova.context [req-7c7ddf40-8697-4004-adc5-d4f14c0ef714 - - - - -] Found 2 cells: 00000000-0000-0000-0000-000000000000(cell0),8b86aba7-e401-4acb-a0e2-5feb14b99d4c(cell1) load_cells /usr/lib/python3/dist-packages/nova/context.py:464
2025-11-10 00:38:30.190 163920 DEBUG oslo_concurrency.lockutils [req-85eeaca3-306b-4af9-91d7-a5dae391bd25 - - - - -] Lock "00000000-0000-0000-0000-000000000000" acquired by "nova.context.set_target_cell..get_or_set_cached_cell_and_set_connections" :: waited 0.000s inner /usr/lib/python3/dist-packages/oslo_concurrency/lockutils.py:386
2025-11-10 00:38:30.191 163920 DEBUG oslo_concurrency.lockutils [req-85eeaca3-306b-4af9-91d7-a5dae391bd25 - - - - -] Lock "00000000-0000-0000-0000-000000000000" "released" by "nova.context.set_target_cell..get_or_set_cached_cell_and_set_connections" :: held 0.001s inner /usr/lib/python3/dist-packages/oslo_concurrency/lockutils.py:400
2025-11-10 00:38:30.191 163920 DEBUG oslo_concurrency.lockutils [req-85eeaca3-306b-4af9-91d7-a5dae391bd25 - - - - -] Lock "8b86aba7-e401-4acb-a0e2-5feb14b99d4c" acquired by "nova.context.set_target_cell..get_or_set_cached_cell_and_set_connections" :: waited 0.000s inner /usr/lib/python3/dist-packages/oslo_concurrency/lockutils.py:386
2025-11-10 00:38:30.191 163920 DEBUG oslo_concurrency.lockutils [req-85eeaca3-306b-4af9-91d7-a5dae391bd25 - - - - -] Lock "8b86aba7-e401-4acb-a0e2-5feb14b99d4c" "released" by "nova.context.set_target_cell..get_or_set_cached_cell_and_set_connections" :: held 0.000s inner /usr/lib/python3/dist-packages/oslo_concurrency/lockutils.py:400
2025-11-10 00:38:30.200 163920 DEBUG oslo_db.sqlalchemy.engines [req-85eeaca3-306b-4af9-91d7-a5dae391bd25 - - - - -] MySQL server mode set to STRICT_TRANS_TABLES,STRICT_ALL_TABLES,NO_ZERO_IN_DATE,NO_ZERO_DATE,ERROR_FOR_DIVISION_BY_ZERO,TRADITIONAL,NO_ENGINE_SUBSTITUTION _check_effective_sql_mode /usr/lib/python3/dist-packages/oslo_db/sqlalchemy/engines.py:314
2025-11-10 00:38:30.207 163920 DEBUG oslo_concurrency.lockutils [req-85eeaca3-306b-4af9-91d7-a5dae391bd25 - - - - -] Acquired lock "singleton_lock" lock /usr/lib/python3/dist-packages/oslo_concurrency/lockutils.py:294
2025-11-10 00:38:30.208 163920 DEBUG oslo_concurrency.lockutils [req-85eeaca3-306b-4af9-91d7-a5dae391bd25 - - - - -] Releasing lock "singleton_lock" lock /usr/lib/python3/dist-packages/oslo_concurrency/lockutils.py:312
2025-11-10 00:38:30.208 163920 INFO oslo_service.service [req-85eeaca3-306b-4af9-91d7-a5dae391bd25 - - - - -] Starting 4 workers
2025-11-10 00:38:30.212 163920 DEBUG oslo_service.service [req-85eeaca3-306b-4af9-91d7-a5dae391bd25 - - - - -] Started child 164361 _start_child /usr/lib/python3/dist-packages/oslo_service/service.py:575
2025-11-10 00:38:30.216 164361 INFO nova.service [-] Starting scheduler node (version 25.2.1)
2025-11-10 00:38:30.218 163920 DEBUG oslo_service.service [req-85eeaca3-306b-4af9-91d7-a5dae391bd25 - - - - -] Started child 164362 _start_child /usr/lib/python3/dist-packages/oslo_service/service.py:575
2025-11-10 00:38:30.222 164362 INFO nova.service [-] Starting scheduler node (version 25.2.1)
2025-11-10 00:38:30.222 163920 DEBUG oslo_service.service [req-85eeaca3-306b-4af9-91d7-a5dae391bd25 - - - - -] Started child 164363 _start_child /usr/lib/python3/dist-packages/oslo_service/service.py:575
2025-11-10 00:38:30.226 164361 DEBUG oslo_db.sqlalchemy.engines [req-da501e5c-4514-4462-a053-f1885397d248 - - - - -] MySQL server mode set to STRICT_TRANS_TABLES,STRICT_ALL_TABLES,NO_ZERO_IN_DATE,NO_ZERO_DATE,ERROR_FOR_DIVISION_BY_ZERO,TRADITIONAL,NO_ENGINE_SUBSTITUTION _check_effective_sql_mode /usr/lib/python3/dist-packages/oslo_db/sqlalchemy/engines.py:314
2025-11-10 00:38:30.227 164363 INFO nova.service [-] Starting scheduler node (version 25.2.1)
2025-11-10 00:38:30.227 163920 DEBUG oslo_service.service [req-85eeaca3-306b-4af9-91d7-a5dae391bd25 - - - - -] Started child 164364 _start_child /usr/lib/python3/dist-packages/oslo_service/service.py:575
2025-11-10 00:38:30.229 163920 DEBUG oslo_service.service [req-85eeaca3-306b-4af9-91d7-a5dae391bd25 - - - - -] Full set of CONF: wait /usr/lib/python3/dist-packages/oslo_service/service.py:649
2025-11-10 00:38:30.229 163920 DEBUG oslo_service.service [req-85eeaca3-306b-4af9-91d7-a5dae391bd25 - - - - -] ******************************************************************************** log_opt_values /usr/lib/python3/dist-packages/oslo_config/cfg.py:2589
2025-11-10 00:38:30.229 163920 DEBUG oslo_service.service [req-85eeaca3-306b-4af9-91d7-a5dae391bd25 - - - - -] Configuration options gathered from: log_opt_values /usr/lib/python3/dist-packages/oslo_config/cfg.py:2590
2025-11-10 00:38:30.229 163920 DEBUG oslo_service.service [req-85eeaca3-306b-4af9-91d7-a5dae391bd25 - - - - -] command line args: ['--config-file=/etc/nova/nova.conf', '--log-file=/var/log/nova/nova-scheduler.log'] log_opt_values /usr/lib/python3/dist-packages/oslo_config/cfg.py:2591
2025-11-10 00:38:30.230 163920 DEBUG oslo_service.service [req-85eeaca3-306b-4af9-91d7-a5dae391bd25 - - - - -] config files: ['/etc/nova/nova.conf'] log_opt_values /usr/lib/python3/dist-packages/oslo_config/cfg.py:2592
2025-11-10 00:38:30.230 163920 DEBUG oslo_service.service [req-85eeaca3-306b-4af9-91d7-a5dae391bd25 - - - - -] ================================================================================ log_opt_values /usr/lib/python3/dist-packages/oslo_config/cfg.py:2594
2025-11-10 00:38:30.230 163920 DEBUG oslo_service.service [req-85eeaca3-306b-4af9-91d7-a5dae391bd25 - - - - -] allow_resize_to_same_host = False log_opt_values /usr/lib/python3/dist-packages/oslo_config/cfg.py:2602
2025-11-10 00:38:30.230 163920 DEBUG oslo_service.service [req-85eeaca3-306b-4af9-91d7-a5dae391bd25 - - - - -] arq_binding_timeout = 300 log_opt_values /usr/lib/python3/dist-packages/oslo_config/cfg.py:2602
2025-11-10 00:38:30.231 163920 DEBUG oslo_service.service [req-85eeaca3-306b-4af9-91d7-a5dae391bd25 - - - - -] block_device_allocate_retries = 60 log_opt_values /usr/lib/python3/dist-packages/oslo_config/cfg.py:2602
2025-11-10 00:38:30.231 163920 DEBUG oslo_service.service [req-85eeaca3-306b-4af9-91d7-a5dae391bd25 - - - - -] block_device_allocate_retries_interval = 3 log_opt_values /usr/lib/python3/dist-packages/oslo_config/cfg.py:2602
2025-11-10 00:38:30.231 163920 DEBUG oslo_service.service [req-85eeaca3-306b-4af9-91d7-a5dae391bd25 - - - - -] cert = self.pem log_opt_values /usr/lib/python3/dist-packages/oslo_config/cfg.py:2602
2025-11-10 00:38:30.231 163920 DEBUG oslo_service.service [req-85eeaca3-306b-4af9-91d7-a5dae391bd25 - - - - -] compute_driver = libvirt.LibvirtDriver log_opt_values /usr/lib/python3/dist-packages/oslo_config/cfg.py:2602
2025-11-10 00:38:30.231 163920 DEBUG oslo_service.service [req-85eeaca3-306b-4af9-91d7-a5dae391bd25 - - - - -] compute_monitors = [] log_opt_values /usr/lib/python3/dist-packages/oslo_config/cfg.py:2602
2025-11-10 00:38:30.232 163920 DEBUG oslo_service.service [req-85eeaca3-306b-4af9-91d7-a5dae391bd25 - - - - -] config_dir = [] log_opt_values /usr/lib/python3/dist-packages/oslo_config/cfg.py:2602
2025-11-10 00:38:30.232 163920 DEBUG oslo_service.service [req-85eeaca3-306b-4af9-91d7-a5dae391bd25 - - - - -] config_drive_format = iso9660 log_opt_values /usr/lib/python3/dist-packages/oslo_config/cfg.py:2602
2025-11-10 00:38:30.232 163920 DEBUG oslo_service.service [req-85eeaca3-306b-4af9-91d7-a5dae391bd25 - - - - -] config_file = ['/etc/nova/nova.conf'] log_opt_values /usr/lib/python3/dist-packages/oslo_config/cfg.py:2602
2025-11-10 00:38:30.232 164362 DEBUG oslo_db.sqlalchemy.engines [req-d9c06a73-421f-46a2-b2c7-8626706c5a3a - - - - -] MySQL server mode set to STRICT_TRANS_TABLES,STRICT_ALL_TABLES,NO_ZERO_IN_DATE,NO_ZERO_DATE,ERROR_FOR_DIVISION_BY_ZERO,TRADITIONAL,NO_ENGINE_SUBSTITUTION _check_effective_sql_mode /usr/lib/python3/dist-packages/oslo_db/sqlalchemy/engines.py:314
2025-11-10 00:38:30.232 163920 DEBUG oslo_service.service [req-85eeaca3-306b-4af9-91d7-a5dae391bd25 - - - - -] config_source = [] log_opt_values /usr/lib/python3/dist-packages/oslo_config/cfg.py:2602
2025-11-10 00:38:30.232 163920 DEBUG oslo_service.service [req-85eeaca3-306b-4af9-91d7-a5dae391bd25 - - - - -] console_host = juju-cd5f74-0-lxd-7 log_opt_values /usr/lib/python3/dist-packages/oslo_config/cfg.py:2602
2025-11-10 00:38:30.232 163920 DEBUG oslo_service.service [req-85eeaca3-306b-4af9-91d7-a5dae391bd25 - - - - -] control_exchange = nova log_opt_values /usr/lib/python3/dist-packages/oslo_config/cfg.py:2602
2025-11-10 00:38:30.233 163920 DEBUG oslo_service.service [req-85eeaca3-306b-4af9-91d7-a5dae391bd25 - - - - -] cpu_allocation_ratio = 2.0 log_opt_values /usr/lib/python3/dist-packages/oslo_config/cfg.py:2602
2025-11-10 00:38:30.233 163920 DEBUG oslo_service.service [req-85eeaca3-306b-4af9-91d7-a5dae391bd25 - - - - -] daemon = False log_opt_values /usr/lib/python3/dist-packages/oslo_config/cfg.py:2602
2025-11-10 00:38:30.233 163920 DEBUG oslo_service.service [req-85eeaca3-306b-4af9-91d7-a5dae391bd25 - - - - -] debug = True log_opt_values /usr/lib/python3/dist-packages/oslo_config/cfg.py:2602
2025-11-10 00:38:30.233 163920 DEBUG oslo_service.service [req-85eeaca3-306b-4af9-91d7-a5dae391bd25 - - - - -] default_access_ip_network_name = None log_opt_values /usr/lib/python3/dist-packages/oslo_config/cfg.py:2602
2025-11-10 00:38:30.233 163920 DEBUG oslo_service.service [req-85eeaca3-306b-4af9-91d7-a5dae391bd25 - - - - -] default_availability_zone = nova log_opt_values /usr/lib/python3/dist-packages/oslo_config/cfg.py:2602
2025-11-10 00:38:30.234 163920 DEBUG oslo_service.service [req-85eeaca3-306b-4af9-91d7-a5dae391bd25 - - - - -] default_ephemeral_format = None log_opt_values /usr/lib/python3/dist-packages/oslo_config/cfg.py:2602
2025-11-10 00:38:30.234 163920 DEBUG oslo_service.service [req-85eeaca3-306b-4af9-91d7-a5dae391bd25 - - - - -] default_log_levels = ['amqp=WARN', 'amqplib=WARN', 'boto=WARN', 'qpid=WARN', 'sqlalchemy=WARN', 'suds=INFO', 'oslo.messaging=INFO', 'oslo_messaging=DEBUG', 'iso8601=WARN', 'requests.packages.urllib3.connectionpool=WARN', 'urllib3.connectionpool=WARN', 'websocket=WARN', 'requests.packages.urllib3.util.retry=WARN', 'urllib3.util.retry=WARN', 'keystonemiddleware=WARN', 'routes.middleware=WARN', 'stevedore=WARN', 'taskflow=WARN', 'keystoneauth=WARN', 'oslo.cache=INFO', 'dogpile.core.dogpile=INFO', 'glanceclient=WARN', 'oslo.privsep.daemon=INFO'] log_opt_values /usr/lib/python3/dist-packages/oslo_config/cfg.py:2602
2025-11-10 00:38:30.233 164364 INFO nova.service [-] Starting scheduler node (version 25.2.1)
2025-11-10 00:38:30.234 163920 DEBUG oslo_service.service [req-85eeaca3-306b-4af9-91d7-a5dae391bd25 - - - - -] default_schedule_zone = None log_opt_values /usr/lib/python3/dist-packages/oslo_config/cfg.py:2602
2025-11-10 00:38:30.234 163920 DEBUG oslo_service.service [req-85eeaca3-306b-4af9-91d7-a5dae391bd25 - - - - -] disk_allocation_ratio = 1.0 log_opt_values /usr/lib/python3/dist-packages/oslo_config/cfg.py:2602
2025-11-10 00:38:30.234 163920 DEBUG oslo_service.service [req-85eeaca3-306b-4af9-91d7-a5dae391bd25 - - - - -] enable_new_services = True log_opt_values /usr/lib/python3/dist-packages/oslo_config/cfg.py:2602
2025-11-10 00:38:30.234 163920 DEBUG oslo_service.service [req-85eeaca3-306b-4af9-91d7-a5dae391bd25 - - - - -] enabled_apis = ['osapi_compute', 'metadata'] log_opt_values /usr/lib/python3/dist-packages/oslo_config/cfg.py:2602
2025-11-10 00:38:30.235 163920 DEBUG oslo_service.service [req-85eeaca3-306b-4af9-91d7-a5dae391bd25 - - - - -] enabled_ssl_apis = [] log_opt_values /usr/lib/python3/dist-packages/oslo_config/cfg.py:2602
2025-11-10 00:38:30.235 163920 DEBUG oslo_service.service [req-85eeaca3-306b-4af9-91d7-a5dae391bd25 - - - - -] fatal_deprecations = False log_opt_values /usr/lib/python3/dist-packages/oslo_config/cfg.py:2602
2025-11-10 00:38:30.235 163920 DEBUG oslo_service.service [req-85eeaca3-306b-4af9-91d7-a5dae391bd25 - - - - -] flat_injected = False log_opt_values /usr/lib/python3/dist-packages/oslo_config/cfg.py:2602
2025-11-10 00:38:30.235 163920 DEBUG oslo_service.service [req-85eeaca3-306b-4af9-91d7-a5dae391bd25 - - - - -] force_config_drive = False log_opt_values /usr/lib/python3/dist-packages/oslo_config/cfg.py:2602
2025-11-10 00:38:30.235 163920 DEBUG oslo_service.service [req-85eeaca3-306b-4af9-91d7-a5dae391bd25 - - - - -] force_raw_images = True log_opt_values /usr/lib/python3/dist-packages/oslo_config/cfg.py:2602
2025-11-10 00:38:30.236 163920 DEBUG oslo_service.service [req-85eeaca3-306b-4af9-91d7-a5dae391bd25 - - - - -] graceful_shutdown_timeout = 60 log_opt_values /usr/lib/python3/dist-packages/oslo_config/cfg.py:2602
2025-11-10 00:38:30.237 163920 DEBUG oslo_service.service [req-85eeaca3-306b-4af9-91d7-a5dae391bd25 - - - - -] heal_instance_info_cache_interval = 60 log_opt_values /usr/lib/python3/dist-packages/oslo_config/cfg.py:2602
2025-11-10 00:38:30.237 163920 DEBUG oslo_service.service [req-85eeaca3-306b-4af9-91d7-a5dae391bd25 - - - - -] host = juju-cd5f74-0-lxd-7 log_opt_values /usr/lib/python3/dist-packages/oslo_config/cfg.py:2602
2025-11-10 00:38:30.238 163920 DEBUG oslo_service.service [req-85eeaca3-306b-4af9-91d7-a5dae391bd25 - - - - -] initial_cpu_allocation_ratio = 16.0 log_opt_values /usr/lib/python3/dist-packages/oslo_config/cfg.py:2602
2025-11-10 00:38:30.238 163920 DEBUG oslo_service.service [req-85eeaca3-306b-4af9-91d7-a5dae391bd25 - - - - -] initial_disk_allocation_ratio = 1.0 log_opt_values /usr/lib/python3/dist-packages/oslo_config/cfg.py:2602
2025-11-10 00:38:30.237 164363 DEBUG oslo_db.sqlalchemy.engines [req-ed79a8d7-e00f-4c5b-a5ae-3e237d8b251b - - - - -] MySQL server mode set to STRICT_TRANS_TABLES,STRICT_ALL_TABLES,NO_ZERO_IN_DATE,NO_ZERO_DATE,ERROR_FOR_DIVISION_BY_ZERO,TRADITIONAL,NO_ENGINE_SUBSTITUTION _check_effective_sql_mode /usr/lib/python3/dist-packages/oslo_db/sqlalchemy/engines.py:314
2025-11-10 00:38:30.238 163920 DEBUG oslo_service.service [req-85eeaca3-306b-4af9-91d7-a5dae391bd25 - - - - -] initial_ram_allocation_ratio = 1.5 log_opt_values /usr/lib/python3/dist-packages/oslo_config/cfg.py:2602
2025-11-10 00:38:30.238 163920 DEBUG oslo_service.service [req-85eeaca3-306b-4af9-91d7-a5dae391bd25 - - - - -] injected_network_template = /usr/lib/python3/dist-packages/nova/virt/interfaces.template log_opt_values /usr/lib/python3/dist-packages/oslo_config/cfg.py:2602
2025-11-10 00:38:30.238 163920 DEBUG oslo_service.service [req-85eeaca3-306b-4af9-91d7-a5dae391bd25 - - - - -] instance_build_timeout = 0 log_opt_values /usr/lib/python3/dist-packages/oslo_config/cfg.py:2602
2025-11-10 00:38:30.238 163920 DEBUG oslo_service.service [req-85eeaca3-306b-4af9-91d7-a5dae391bd25 - - - - -] instance_delete_interval = 300 log_opt_values /usr/lib/python3/dist-packages/oslo_config/cfg.py:2602
2025-11-10 00:38:30.239 163920 DEBUG oslo_service.service [req-85eeaca3-306b-4af9-91d7-a5dae391bd25 - - - - -] instance_format = [instance: %(uuid)s] log_opt_values /usr/lib/python3/dist-packages/oslo_config/cfg.py:2602
2025-11-10 00:38:30.239 163920 DEBUG oslo_service.service [req-85eeaca3-306b-4af9-91d7-a5dae391bd25 - - - - -] instance_name_template = instance-%08x log_opt_values /usr/lib/python3/dist-packages/oslo_config/cfg.py:2602
2025-11-10 00:38:30.240 163920 DEBUG oslo_service.service [req-85eeaca3-306b-4af9-91d7-a5dae391bd25 - - - - -] instance_usage_audit = False log_opt_values /usr/lib/python3/dist-packages/oslo_config/cfg.py:2602
2025-11-10 00:38:30.240 163920 DEBUG oslo_service.service [req-85eeaca3-306b-4af9-91d7-a5dae391bd25 - - - - -] instance_usage_audit_period = month log_opt_values /usr/lib/python3/dist-packages/oslo_config/cfg.py:2602
2025-11-10 00:38:30.240 163920 DEBUG oslo_service.service [req-85eeaca3-306b-4af9-91d7-a5dae391bd25 - - - - -] instance_uuid_format = [instance: %(uuid)s] log_opt_values /usr/lib/python3/dist-packages/oslo_config/cfg.py:2602
2025-11-10 00:38:30.241 163920 DEBUG oslo_service.service [req-85eeaca3-306b-4af9-91d7-a5dae391bd25 - - - - -] instances_path = /var/lib/nova/instances log_opt_values /usr/lib/python3/dist-packages/oslo_config/cfg.py:2602
2025-11-10 00:38:30.241 163920 DEBUG oslo_service.service [req-85eeaca3-306b-4af9-91d7-a5dae391bd25 - - - - -] internal_service_availability_zone = internal log_opt_values /usr/lib/python3/dist-packages/oslo_config/cfg.py:2602
2025-11-10 00:38:30.241 163920 DEBUG oslo_service.service [req-85eeaca3-306b-4af9-91d7-a5dae391bd25 - - - - -] key = None log_opt_values /usr/lib/python3/dist-packages/oslo_config/cfg.py:2602
2025-11-10 00:38:30.241 163920 DEBUG oslo_service.service [req-85eeaca3-306b-4af9-91d7-a5dae391bd25 - - - - -] live_migration_retry_count = 30 log_opt_values /usr/lib/python3/dist-packages/oslo_config/cfg.py:2602
2025-11-10 00:38:30.241 163920 DEBUG oslo_service.service [req-85eeaca3-306b-4af9-91d7-a5dae391bd25 - - - - -] log_config_append = None log_opt_values /usr/lib/python3/dist-packages/oslo_config/cfg.py:2602
2025-11-10 00:38:30.242 163920 DEBUG oslo_service.service [req-85eeaca3-306b-4af9-91d7-a5dae391bd25 - - - - -] log_date_format = %Y-%m-%d %H:%M:%S log_opt_values /usr/lib/python3/dist-packages/oslo_config/cfg.py:2602
2025-11-10 00:38:30.242 163920 DEBUG oslo_service.service [req-85eeaca3-306b-4af9-91d7-a5dae391bd25 - - - - -] log_dir = /var/log/nova log_opt_values /usr/lib/python3/dist-packages/oslo_config/cfg.py:2602
2025-11-10 00:38:30.242 163920 DEBUG oslo_service.service [req-85eeaca3-306b-4af9-91d7-a5dae391bd25 - - - - -] log_file = /var/log/nova/nova-scheduler.log log_opt_values /usr/lib/python3/dist-packages/oslo_config/cfg.py:2602
2025-11-10 00:38:30.242 164361 DEBUG nova.service [req-da501e5c-4514-4462-a053-f1885397d248 - - - - -] Creating RPC server for service scheduler start /usr/lib/python3/dist-packages/nova/service.py:182
2025-11-10 00:38:30.242 163920 DEBUG oslo_service.service [req-85eeaca3-306b-4af9-91d7-a5dae391bd25 - - - - -] log_options = True log_opt_values /usr/lib/python3/dist-packages/oslo_config/cfg.py:2602
2025-11-10 00:38:30.243 163920 DEBUG oslo_service.service [req-85eeaca3-306b-4af9-91d7-a5dae391bd25 - - - - -] log_rotate_interval = 1 log_opt_values /usr/lib/python3/dist-packages/oslo_config/cfg.py:2602
2025-11-10 00:38:30.244 163920 DEBUG oslo_service.service [req-85eeaca3-306b-4af9-91d7-a5dae391bd25 - - - - -] log_rotate_interval_type = days log_opt_values /usr/lib/python3/dist-packages/oslo_config/cfg.py:2602
2025-11-10 00:38:30.246 163920 DEBUG oslo_service.service [req-85eeaca3-306b-4af9-91d7-a5dae391bd25 - - - - -] log_rotation_type = none log_opt_values /usr/lib/python3/dist-packages/oslo_config/cfg.py:2602
2025-11-10 00:38:30.246 163920 DEBUG oslo_service.service [req-85eeaca3-306b-4af9-91d7-a5dae391bd25 - - - - -] logging_context_format_string = %(asctime)s.%(msecs)03d %(process)d %(levelname)s %(name)s [%(request_id)s %(user_identity)s] %(instance)s%(message)s log_opt_values /usr/lib/python3/dist-packages/oslo_config/cfg.py:2602
2025-11-10 00:38:30.246 164364 DEBUG oslo_db.sqlalchemy.engines [req-b927c8e1-d489-4bb2-834e-d62d42241e1b - - - - -] MySQL server mode set to STRICT_TRANS_TABLES,STRICT_ALL_TABLES,NO_ZERO_IN_DATE,NO_ZERO_DATE,ERROR_FOR_DIVISION_BY_ZERO,TRADITIONAL,NO_ENGINE_SUBSTITUTION _check_effective_sql_mode /usr/lib/python3/dist-packages/oslo_db/sqlalchemy/engines.py:314
2025-11-10 00:38:30.246 163920 DEBUG oslo_service.service [req-85eeaca3-306b-4af9-91d7-a5dae391bd25 - - - - -] logging_debug_format_suffix = %(funcName)s %(pathname)s:%(lineno)d log_opt_values /usr/lib/python3/dist-packages/oslo_config/cfg.py:2602
2025-11-10 00:38:30.246 163920 DEBUG oslo_service.service [req-85eeaca3-306b-4af9-91d7-a5dae391bd25 - - - - -] logging_default_format_string = %(asctime)s.%(msecs)03d %(process)d %(levelname)s %(name)s [-] %(instance)s%(message)s log_opt_values /usr/lib/python3/dist-packages/oslo_config/cfg.py:2602
2025-11-10 00:38:30.247 163920 DEBUG oslo_service.service [req-85eeaca3-306b-4af9-91d7-a5dae391bd25 - - - - -] logging_exception_prefix = %(asctime)s.%(msecs)03d %(process)d ERROR %(name)s %(instance)s log_opt_values /usr/lib/python3/dist-packages/oslo_config/cfg.py:2602
2025-11-10 00:38:30.247 163920 DEBUG oslo_service.service [req-85eeaca3-306b-4af9-91d7-a5dae391bd25 - - - - -] logging_user_identity_format = %(user)s %(project)s %(domain)s %(user_domain)s %(project_domain)s log_opt_values /usr/lib/python3/dist-packages/oslo_config/cfg.py:2602
2025-11-10 00:38:30.247 163920 DEBUG oslo_service.service [req-85eeaca3-306b-4af9-91d7-a5dae391bd25 - - - - -] long_rpc_timeout = 1800 log_opt_values /usr/lib/python3/dist-packages/oslo_config/cfg.py:2602
2025-11-10 00:38:30.248 163920 DEBUG oslo_service.service [req-85eeaca3-306b-4af9-91d7-a5dae391bd25 - - - - -] max_concurrent_builds = 10 log_opt_values /usr/lib/python3/dist-packages/oslo_config/cfg.py:2602
2025-11-10 00:38:30.248 164362 DEBUG nova.service [req-d9c06a73-421f-46a2-b2c7-8626706c5a3a - - - - -] Creating RPC server for service scheduler start /usr/lib/python3/dist-packages/nova/service.py:182
2025-11-10 00:38:30.248 163920 DEBUG oslo_service.service [req-85eeaca3-306b-4af9-91d7-a5dae391bd25 - - - - -] max_concurrent_live_migrations = 1 log_opt_values /usr/lib/python3/dist-packages/oslo_config/cfg.py:2602
2025-11-10 00:38:30.249 163920 DEBUG oslo_service.service [req-85eeaca3-306b-4af9-91d7-a5dae391bd25 - - - - -] max_concurrent_snapshots = 5 log_opt_values /usr/lib/python3/dist-packages/oslo_config/cfg.py:2602
2025-11-10 00:38:30.249 163920 DEBUG oslo_service.service [req-85eeaca3-306b-4af9-91d7-a5dae391bd25 - - - - -] max_local_block_devices = 3 log_opt_values /usr/lib/python3/dist-packages/oslo_config/cfg.py:2602
2025-11-10 00:38:30.249 163920 DEBUG oslo_service.service [req-85eeaca3-306b-4af9-91d7-a5dae391bd25 - - - - -] max_logfile_count = 30 log_opt_values /usr/lib/python3/dist-packages/oslo_config/cfg.py:2602
2025-11-10 00:38:30.249 163920 DEBUG oslo_service.service [req-85eeaca3-306b-4af9-91d7-a5dae391bd25 - - - - -] max_logfile_size_mb = 200 log_opt_values /usr/lib/python3/dist-packages/oslo_config/cfg.py:2602
2025-11-10 00:38:30.250 163920 DEBUG oslo_service.service [req-85eeaca3-306b-4af9-91d7-a5dae391bd25 - - - - -] maximum_instance_delete_attempts = 5 log_opt_values /usr/lib/python3/dist-packages/oslo_config/cfg.py:2602
2025-11-10 00:38:30.250 163920 DEBUG oslo_service.service [req-85eeaca3-306b-4af9-91d7-a5dae391bd25 - - - - -] metadata_listen = 0.0.0.0 log_opt_values /usr/lib/python3/dist-packages/oslo_config/cfg.py:2602
2025-11-10 00:38:30.250 163920 DEBUG oslo_service.service [req-85eeaca3-306b-4af9-91d7-a5dae391bd25 - - - - -] metadata_listen_port = 8765 log_opt_values /usr/lib/python3/dist-packages/oslo_config/cfg.py:2602
2025-11-10 00:38:30.250 163920 DEBUG oslo_service.service [req-85eeaca3-306b-4af9-91d7-a5dae391bd25 - - - - -] metadata_workers = None log_opt_values /usr/lib/python3/dist-packages/oslo_config/cfg.py:2602
2025-11-10 00:38:30.251 163920 DEBUG oslo_service.service [req-85eeaca3-306b-4af9-91d7-a5dae391bd25 - - - - -] migrate_max_retries = -1 log_opt_values /usr/lib/python3/dist-packages/oslo_config/cfg.py:2602
2025-11-10 00:38:30.251 163920 DEBUG oslo_service.service [req-85eeaca3-306b-4af9-91d7-a5dae391bd25 - - - - -] mkisofs_cmd = genisoimage log_opt_values /usr/lib/python3/dist-packages/oslo_config/cfg.py:2602
2025-11-10 00:38:30.251 163920 DEBUG oslo_service.service [req-85eeaca3-306b-4af9-91d7-a5dae391bd25 - - - - -] my_block_storage_ip = 252.129.193.162 log_opt_values /usr/lib/python3/dist-packages/oslo_config/cfg.py:2602
2025-11-10 00:38:30.251 163920 DEBUG oslo_service.service [req-85eeaca3-306b-4af9-91d7-a5dae391bd25 - - - - -] my_ip = 252.129.193.162 log_opt_values /usr/lib/python3/dist-packages/oslo_config/cfg.py:2602
2025-11-10 00:38:30.252 163920 DEBUG oslo_service.service [req-85eeaca3-306b-4af9-91d7-a5dae391bd25 - - - - -] network_allocate_retries = 0 log_opt_values /usr/lib/python3/dist-packages/oslo_config/cfg.py:2602
2025-11-10 00:38:30.252 163920 DEBUG oslo_service.service [req-85eeaca3-306b-4af9-91d7-a5dae391bd25 - - - - -] non_inheritable_image_properties = ['cache_in_nova', 'bittorrent'] log_opt_values /usr/lib/python3/dist-packages/oslo_config/cfg.py:2602
2025-11-10 00:38:30.252 163920 DEBUG oslo_service.service [req-85eeaca3-306b-4af9-91d7-a5dae391bd25 - - - - -] osapi_compute_listen = 0.0.0.0 log_opt_values /usr/lib/python3/dist-packages/oslo_config/cfg.py:2602
2025-11-10 00:38:30.252 163920 DEBUG oslo_service.service [req-85eeaca3-306b-4af9-91d7-a5dae391bd25 - - - - -] osapi_compute_listen_port = 8764 log_opt_values /usr/lib/python3/dist-packages/oslo_config/cfg.py:2602
2025-11-10 00:38:30.252 163920 DEBUG oslo_service.service [req-85eeaca3-306b-4af9-91d7-a5dae391bd25 - - - - -] osapi_compute_unique_server_name_scope = log_opt_values /usr/lib/python3/dist-packages/oslo_config/cfg.py:2602
2025-11-10 00:38:30.252 163920 DEBUG oslo_service.service [req-85eeaca3-306b-4af9-91d7-a5dae391bd25 - - - - -] osapi_compute_workers = 4 log_opt_values /usr/lib/python3/dist-packages/oslo_config/cfg.py:2602
2025-11-10 00:38:30.253 163920 DEBUG oslo_service.service [req-85eeaca3-306b-4af9-91d7-a5dae391bd25 - - - - -] password_length = 12 log_opt_values /usr/lib/python3/dist-packages/oslo_config/cfg.py:2602
2025-11-10 00:38:30.253 164363 DEBUG nova.service [req-ed79a8d7-e00f-4c5b-a5ae-3e237d8b251b - - - - -] Creating RPC server for service scheduler start /usr/lib/python3/dist-packages/nova/service.py:182
2025-11-10 00:38:30.253 163920 DEBUG oslo_service.service [req-85eeaca3-306b-4af9-91d7-a5dae391bd25 - - - - -] periodic_enable = True log_opt_values /usr/lib/python3/dist-packages/oslo_config/cfg.py:2602
2025-11-10 00:38:30.253 163920 DEBUG oslo_service.service [req-85eeaca3-306b-4af9-91d7-a5dae391bd25 - - - - -] periodic_fuzzy_delay = 60 log_opt_values /usr/lib/python3/dist-packages/oslo_config/cfg.py:2602
2025-11-10 00:38:30.253 163920 DEBUG oslo_service.service [req-85eeaca3-306b-4af9-91d7-a5dae391bd25 - - - - -] pointer_model = usbtablet log_opt_values /usr/lib/python3/dist-packages/oslo_config/cfg.py:2602
2025-11-10 00:38:30.253 163920 DEBUG oslo_service.service [req-85eeaca3-306b-4af9-91d7-a5dae391bd25 - - - - -] preallocate_images = none log_opt_values /usr/lib/python3/dist-packages/oslo_config/cfg.py:2602
2025-11-10 00:38:30.254 163920 DEBUG oslo_service.service [req-85eeaca3-306b-4af9-91d7-a5dae391bd25 - - - - -] publish_errors = False log_opt_values /usr/lib/python3/dist-packages/oslo_config/cfg.py:2602
2025-11-10 00:38:30.254 163920 DEBUG oslo_service.service [req-85eeaca3-306b-4af9-91d7-a5dae391bd25 - - - - -] pybasedir = /usr/lib/python3/dist-packages log_opt_values /usr/lib/python3/dist-packages/oslo_config/cfg.py:2602
2025-11-10 00:38:30.255 163920 DEBUG oslo_service.service [req-85eeaca3-306b-4af9-91d7-a5dae391bd25 - - - - -] ram_allocation_ratio = 0.98 log_opt_values /usr/lib/python3/dist-packages/oslo_config/cfg.py:2602
2025-11-10 00:38:30.255 163920 DEBUG oslo_service.service [req-85eeaca3-306b-4af9-91d7-a5dae391bd25 - - - - -] rate_limit_burst = 0 log_opt_values /usr/lib/python3/dist-packages/oslo_config/cfg.py:2602
2025-11-10 00:38:30.256 163920 DEBUG oslo_service.service [req-85eeaca3-306b-4af9-91d7-a5dae391bd25 - - - - -] rate_limit_except_level = CRITICAL log_opt_values /usr/lib/python3/dist-packages/oslo_config/cfg.py:2602
2025-11-10 00:38:30.257 163920 DEBUG oslo_service.service [req-85eeaca3-306b-4af9-91d7-a5dae391bd25 - - - - -] rate_limit_interval = 0 log_opt_values /usr/lib/python3/dist-packages/oslo_config/cfg.py:2602
2025-11-10 00:38:30.258 163920 DEBUG oslo_service.service [req-85eeaca3-306b-4af9-91d7-a5dae391bd25 - - - - -] reboot_timeout = 0 log_opt_values /usr/lib/python3/dist-packages/oslo_config/cfg.py:2602
2025-11-10 00:38:30.259 163920 DEBUG oslo_service.service [req-85eeaca3-306b-4af9-91d7-a5dae391bd25 - - - - -] reclaim_instance_interval = 0 log_opt_values /usr/lib/python3/dist-packages/oslo_config/cfg.py:2602
2025-11-10 00:38:30.260 164364 DEBUG nova.service [req-b927c8e1-d489-4bb2-834e-d62d42241e1b - - - - -] Creating RPC server for service scheduler start /usr/lib/python3/dist-packages/nova/service.py:182
2025-11-10 00:38:30.260 163920 DEBUG oslo_service.service [req-85eeaca3-306b-4af9-91d7-a5dae391bd25 - - - - -] record = None log_opt_values /usr/lib/python3/dist-packages/oslo_config/cfg.py:2602
2025-11-10 00:38:30.260 163920 DEBUG oslo_service.service [req-85eeaca3-306b-4af9-91d7-a5dae391bd25 - - - - -] report_interval = 10 log_opt_values /usr/lib/python3/dist-packages/oslo_config/cfg.py:2602
2025-11-10 00:38:30.262 163920 DEBUG oslo_service.service [req-85eeaca3-306b-4af9-91d7-a5dae391bd25 - - - - -] rescue_timeout = 0 log_opt_values /usr/lib/python3/dist-packages/oslo_config/cfg.py:2602
