2025-11-10 00:34:41.583 38591 DEBUG oslo_service.service [-] clients_designate.key_file = None log_opt_values /usr/lib/python3/dist-packages/oslo_config/cfg.py:2609
2025-11-10 00:34:41.583 38591 DEBUG oslo_service.service [-] clients_glance.ca_file = None log_opt_values /usr/lib/python3/dist-packages/oslo_config/cfg.py:2609
2025-11-10 00:34:41.584 38591 DEBUG oslo_service.service [-] clients_glance.cert_file = None log_opt_values /usr/lib/python3/dist-packages/oslo_config/cfg.py:2609
2025-11-10 00:34:41.585 38591 DEBUG oslo_service.service [-] clients_glance.endpoint_type = None log_opt_values /usr/lib/python3/dist-packages/oslo_config/cfg.py:2609
2025-11-10 00:34:41.585 38591 DEBUG oslo_service.service [-] clients_glance.insecure = None log_opt_values /usr/lib/python3/dist-packages/oslo_config/cfg.py:2609
2025-11-10 00:34:41.585 38591 DEBUG oslo_service.service [-] clients_glance.key_file = None log_opt_values /usr/lib/python3/dist-packages/oslo_config/cfg.py:2609
2025-11-10 00:34:41.586 38591 DEBUG oslo_service.service [-] clients_heat.ca_file = None log_opt_values /usr/lib/python3/dist-packages/oslo_config/cfg.py:2609
2025-11-10 00:34:41.586 38591 DEBUG oslo_service.service [-] clients_heat.cert_file = None log_opt_values /usr/lib/python3/dist-packages/oslo_config/cfg.py:2609
2025-11-10 00:34:41.586 38591 DEBUG oslo_service.service [-] clients_heat.endpoint_type = None log_opt_values /usr/lib/python3/dist-packages/oslo_config/cfg.py:2609
2025-11-10 00:34:41.586 38591 DEBUG oslo_service.service [-] clients_heat.insecure = None log_opt_values /usr/lib/python3/dist-packages/oslo_config/cfg.py:2609
2025-11-10 00:34:41.586 38591 DEBUG oslo_service.service [-] clients_heat.key_file = None log_opt_values /usr/lib/python3/dist-packages/oslo_config/cfg.py:2609
2025-11-10 00:34:41.588 38591 DEBUG oslo_service.service [-] clients_heat.url = log_opt_values /usr/lib/python3/dist-packages/oslo_config/cfg.py:2609
2025-11-10 00:34:41.588 38591 DEBUG oslo_service.service [-] clients_keystone.auth_uri = http://252.129.148.71:5050 log_opt_values /usr/lib/python3/dist-packages/oslo_config/cfg.py:2609
2025-11-10 00:34:41.589 38591 DEBUG oslo_service.service [-] clients_keystone.ca_file = None log_opt_values /usr/lib/python3/dist-packages/oslo_config/cfg.py:2609
2025-11-10 00:34:41.589 38591 DEBUG oslo_service.service [-] clients_keystone.cert_file = None log_opt_values /usr/lib/python3/dist-packages/oslo_config/cfg.py:2609
2025-11-10 00:34:41.589 38591 DEBUG oslo_service.service [-] clients_keystone.endpoint_type = None log_opt_values /usr/lib/python3/dist-packages/oslo_config/cfg.py:2609
2025-11-10 00:34:41.589 38591 DEBUG oslo_service.service [-] clients_keystone.insecure = None log_opt_values /usr/lib/python3/dist-packages/oslo_config/cfg.py:2609
2025-11-10 00:34:41.590 38591 DEBUG oslo_service.service [-] clients_keystone.key_file = None log_opt_values /usr/lib/python3/dist-packages/oslo_config/cfg.py:2609
2025-11-10 00:34:41.591 38591 DEBUG oslo_service.service [-] clients_magnum.ca_file = None log_opt_values /usr/lib/python3/dist-packages/oslo_config/cfg.py:2609
2025-11-10 00:34:41.591 38591 DEBUG oslo_service.service [-] clients_magnum.cert_file = None log_opt_values /usr/lib/python3/dist-packages/oslo_config/cfg.py:2609
2025-11-10 00:34:41.591 38591 DEBUG oslo_service.service [-] clients_magnum.endpoint_type = None log_opt_values /usr/lib/python3/dist-packages/oslo_config/cfg.py:2609
2025-11-10 00:34:41.591 38591 DEBUG oslo_service.service [-] clients_magnum.insecure = None log_opt_values /usr/lib/python3/dist-packages/oslo_config/cfg.py:2609
2025-11-10 00:34:41.592 38591 DEBUG oslo_service.service [-] clients_magnum.key_file = None log_opt_values /usr/lib/python3/dist-packages/oslo_config/cfg.py:2609
2025-11-10 00:34:41.593 38591 DEBUG oslo_service.service [-] clients_manila.ca_file = None log_opt_values /usr/lib/python3/dist-packages/oslo_config/cfg.py:2609
2025-11-10 00:34:41.594 38591 DEBUG oslo_service.service [-] clients_manila.cert_file = None log_opt_values /usr/lib/python3/dist-packages/oslo_config/cfg.py:2609
2025-11-10 00:34:41.594 38591 DEBUG oslo_service.service [-] clients_manila.endpoint_type = None log_opt_values /usr/lib/python3/dist-packages/oslo_config/cfg.py:2609
2025-11-10 00:34:41.595 38591 DEBUG oslo_service.service [-] clients_manila.insecure = None log_opt_values /usr/lib/python3/dist-packages/oslo_config/cfg.py:2609
2025-11-10 00:34:41.595 38591 DEBUG oslo_service.service [-] clients_manila.key_file = None log_opt_values /usr/lib/python3/dist-packages/oslo_config/cfg.py:2609
2025-11-10 00:34:41.596 38591 DEBUG oslo_service.service [-] clients_mistral.ca_file = None log_opt_values /usr/lib/python3/dist-packages/oslo_config/cfg.py:2609
2025-11-10 00:34:41.596 38591 DEBUG oslo_service.service [-] clients_mistral.cert_file = None log_opt_values /usr/lib/python3/dist-packages/oslo_config/cfg.py:2609
2025-11-10 00:34:41.596 38591 DEBUG oslo_service.service [-] clients_mistral.endpoint_type = None log_opt_values /usr/lib/python3/dist-packages/oslo_config/cfg.py:2609
2025-11-10 00:34:41.596 38591 DEBUG oslo_service.service [-] clients_mistral.insecure = None log_opt_values /usr/lib/python3/dist-packages/oslo_config/cfg.py:2609
2025-11-10 00:34:41.597 38591 DEBUG oslo_service.service [-] clients_mistral.key_file = None log_opt_values /usr/lib/python3/dist-packages/oslo_config/cfg.py:2609
2025-11-10 00:34:41.597 38591 DEBUG oslo_service.service [-] clients_monasca.ca_file = None log_opt_values /usr/lib/python3/dist-packages/oslo_config/cfg.py:2609
2025-11-10 00:34:41.597 38591 DEBUG oslo_service.service [-] clients_monasca.cert_file = None log_opt_values /usr/lib/python3/dist-packages/oslo_config/cfg.py:2609
2025-11-10 00:34:41.597 38591 DEBUG oslo_service.service [-] clients_monasca.endpoint_type = None log_opt_values /usr/lib/python3/dist-packages/oslo_config/cfg.py:2609
2025-11-10 00:34:41.598 38591 DEBUG oslo_service.service [-] clients_monasca.insecure = None log_opt_values /usr/lib/python3/dist-packages/oslo_config/cfg.py:2609
2025-11-10 00:34:41.598 38591 DEBUG oslo_service.service [-] clients_monasca.key_file = None log_opt_values /usr/lib/python3/dist-packages/oslo_config/cfg.py:2609
2025-11-10 00:34:41.598 38591 DEBUG oslo_service.service [-] clients_neutron.ca_file = None log_opt_values /usr/lib/python3/dist-packages/oslo_config/cfg.py:2609
2025-11-10 00:34:41.598 38591 DEBUG oslo_service.service [-] clients_neutron.cert_file = None log_opt_values /usr/lib/python3/dist-packages/oslo_config/cfg.py:2609
2025-11-10 00:34:41.598 38591 DEBUG oslo_service.service [-] clients_neutron.endpoint_type = None log_opt_values /usr/lib/python3/dist-packages/oslo_config/cfg.py:2609
2025-11-10 00:34:41.598 38591 DEBUG oslo_service.service [-] clients_neutron.insecure = None log_opt_values /usr/lib/python3/dist-packages/oslo_config/cfg.py:2609
2025-11-10 00:34:41.598 38591 DEBUG oslo_service.service [-] clients_neutron.key_file = None log_opt_values /usr/lib/python3/dist-packages/oslo_config/cfg.py:2609
2025-11-10 00:34:41.598 38591 DEBUG oslo_service.service [-] clients_nova.ca_file = None log_opt_values /usr/lib/python3/dist-packages/oslo_config/cfg.py:2609
2025-11-10 00:34:41.599 38591 DEBUG oslo_service.service [-] clients_nova.cert_file = None log_opt_values /usr/lib/python3/dist-packages/oslo_config/cfg.py:2609
2025-11-10 00:34:41.599 38591 DEBUG oslo_service.service [-] clients_nova.endpoint_type = None log_opt_values /usr/lib/python3/dist-packages/oslo_config/cfg.py:2609
2025-11-10 00:34:41.599 38591 DEBUG oslo_service.service [-] clients_nova.http_log_debug = False log_opt_values /usr/lib/python3/dist-packages/oslo_config/cfg.py:2609
2025-11-10 00:34:41.599 38591 DEBUG oslo_service.service [-] clients_nova.insecure = None log_opt_values /usr/lib/python3/dist-packages/oslo_config/cfg.py:2609
2025-11-10 00:34:41.599 38591 DEBUG oslo_service.service [-] clients_nova.key_file = None log_opt_values /usr/lib/python3/dist-packages/oslo_config/cfg.py:2609
2025-11-10 00:34:41.599 38591 DEBUG oslo_service.service [-] clients_octavia.ca_file = None log_opt_values /usr/lib/python3/dist-packages/oslo_config/cfg.py:2609
2025-11-10 00:34:41.599 38591 DEBUG oslo_service.service [-] clients_octavia.cert_file = None log_opt_values /usr/lib/python3/dist-packages/oslo_config/cfg.py:2609
2025-11-10 00:34:41.599 38591 DEBUG oslo_service.service [-] clients_octavia.endpoint_type = None log_opt_values /usr/lib/python3/dist-packages/oslo_config/cfg.py:2609
2025-11-10 00:34:41.599 38591 DEBUG oslo_service.service [-] clients_octavia.insecure = None log_opt_values /usr/lib/python3/dist-packages/oslo_config/cfg.py:2609
2025-11-10 00:34:41.599 38591 DEBUG oslo_service.service [-] clients_octavia.key_file = None log_opt_values /usr/lib/python3/dist-packages/oslo_config/cfg.py:2609
2025-11-10 00:34:41.600 38591 DEBUG oslo_service.service [-] clients_sahara.ca_file = None log_opt_values /usr/lib/python3/dist-packages/oslo_config/cfg.py:2609
2025-11-10 00:34:41.600 38591 DEBUG oslo_service.service [-] clients_sahara.cert_file = None log_opt_values /usr/lib/python3/dist-packages/oslo_config/cfg.py:2609
2025-11-10 00:34:41.600 38591 DEBUG oslo_service.service [-] clients_sahara.endpoint_type = None log_opt_values /usr/lib/python3/dist-packages/oslo_config/cfg.py:2609
2025-11-10 00:34:41.600 38591 DEBUG oslo_service.service [-] clients_sahara.insecure = None log_opt_values /usr/lib/python3/dist-packages/oslo_config/cfg.py:2609
2025-11-10 00:34:41.600 38591 DEBUG oslo_service.service [-] clients_sahara.key_file = None log_opt_values /usr/lib/python3/dist-packages/oslo_config/cfg.py:2609
2025-11-10 00:34:41.600 38591 DEBUG oslo_service.service [-] clients_senlin.ca_file = None log_opt_values /usr/lib/python3/dist-packages/oslo_config/cfg.py:2609
2025-11-10 00:34:41.600 38591 DEBUG oslo_service.service [-] clients_senlin.cert_file = None log_opt_values /usr/lib/python3/dist-packages/oslo_config/cfg.py:2609
2025-11-10 00:34:41.600 38591 DEBUG oslo_service.service [-] clients_senlin.endpoint_type = None log_opt_values /usr/lib/python3/dist-packages/oslo_config/cfg.py:2609
2025-11-10 00:34:41.600 38591 DEBUG oslo_service.service [-] clients_senlin.insecure = None log_opt_values /usr/lib/python3/dist-packages/oslo_config/cfg.py:2609
2025-11-10 00:34:41.602 38591 DEBUG oslo_service.service [-] clients_senlin.key_file = None log_opt_values /usr/lib/python3/dist-packages/oslo_config/cfg.py:2609
2025-11-10 00:34:41.602 38591 DEBUG oslo_service.service [-] clients_swift.ca_file = None log_opt_values /usr/lib/python3/dist-packages/oslo_config/cfg.py:2609
2025-11-10 00:34:41.602 38591 DEBUG oslo_service.service [-] clients_swift.cert_file = None log_opt_values /usr/lib/python3/dist-packages/oslo_config/cfg.py:2609
2025-11-10 00:34:41.602 38591 DEBUG oslo_service.service [-] clients_swift.endpoint_type = None log_opt_values /usr/lib/python3/dist-packages/oslo_config/cfg.py:2609
2025-11-10 00:34:41.602 38591 DEBUG oslo_service.service [-] clients_swift.insecure = None log_opt_values /usr/lib/python3/dist-packages/oslo_config/cfg.py:2609
2025-11-10 00:34:41.602 38591 DEBUG oslo_service.service [-] clients_swift.key_file = None log_opt_values /usr/lib/python3/dist-packages/oslo_config/cfg.py:2609
2025-11-10 00:34:41.602 38591 DEBUG oslo_service.service [-] clients_trove.ca_file = None log_opt_values /usr/lib/python3/dist-packages/oslo_config/cfg.py:2609
2025-11-10 00:34:41.602 38591 DEBUG oslo_service.service [-] clients_trove.cert_file = None log_opt_values /usr/lib/python3/dist-packages/oslo_config/cfg.py:2609
2025-11-10 00:34:41.602 38591 DEBUG oslo_service.service [-] clients_trove.endpoint_type = None log_opt_values /usr/lib/python3/dist-packages/oslo_config/cfg.py:2609
2025-11-10 00:34:41.603 38591 DEBUG oslo_service.service [-] clients_trove.insecure = None log_opt_values /usr/lib/python3/dist-packages/oslo_config/cfg.py:2609
2025-11-10 00:34:41.603 38591 DEBUG oslo_service.service [-] clients_trove.key_file = None log_opt_values /usr/lib/python3/dist-packages/oslo_config/cfg.py:2609
2025-11-10 00:34:41.604 38591 DEBUG oslo_service.service [-] clients_vitrage.ca_file = None log_opt_values /usr/lib/python3/dist-packages/oslo_config/cfg.py:2609
2025-11-10 00:34:41.604 38591 DEBUG oslo_service.service [-] clients_vitrage.cert_file = None log_opt_values /usr/lib/python3/dist-packages/oslo_config/cfg.py:2609
2025-11-10 00:34:41.604 38591 DEBUG oslo_service.service [-] clients_vitrage.endpoint_type = None log_opt_values /usr/lib/python3/dist-packages/oslo_config/cfg.py:2609
2025-11-10 00:34:41.604 38591 DEBUG oslo_service.service [-] clients_vitrage.insecure = None log_opt_values /usr/lib/python3/dist-packages/oslo_config/cfg.py:2609
2025-11-10 00:34:41.604 38591 DEBUG oslo_service.service [-] clients_vitrage.key_file = None log_opt_values /usr/lib/python3/dist-packages/oslo_config/cfg.py:2609
2025-11-10 00:34:41.604 38591 DEBUG oslo_service.service [-] clients_zaqar.ca_file = None log_opt_values /usr/lib/python3/dist-packages/oslo_config/cfg.py:2609
2025-11-10 00:34:41.604 38591 DEBUG oslo_service.service [-] clients_zaqar.cert_file = None log_opt_values /usr/lib/python3/dist-packages/oslo_config/cfg.py:2609
2025-11-10 00:34:41.604 38591 DEBUG oslo_service.service [-] clients_zaqar.endpoint_type = None log_opt_values /usr/lib/python3/dist-packages/oslo_config/cfg.py:2609
2025-11-10 00:34:41.605 38591 DEBUG oslo_service.service [-] clients_zaqar.insecure = None log_opt_values /usr/lib/python3/dist-packages/oslo_config/cfg.py:2609
2025-11-10 00:34:41.605 38591 DEBUG oslo_service.service [-] clients_zaqar.key_file = None log_opt_values /usr/lib/python3/dist-packages/oslo_config/cfg.py:2609
2025-11-10 00:34:41.605 38591 DEBUG oslo_service.service [-] database.backend = sqlalchemy log_opt_values /usr/lib/python3/dist-packages/oslo_config/cfg.py:2609
2025-11-10 00:34:41.605 38591 DEBUG oslo_service.service [-] database.connection = **** log_opt_values /usr/lib/python3/dist-packages/oslo_config/cfg.py:2609
2025-11-10 00:34:41.605 38591 DEBUG oslo_service.service [-] database.connection_debug = 0 log_opt_values /usr/lib/python3/dist-packages/oslo_config/cfg.py:2609
2025-11-10 00:34:41.606 38591 DEBUG oslo_service.service [-] database.connection_parameters = log_opt_values /usr/lib/python3/dist-packages/oslo_config/cfg.py:2609
2025-11-10 00:34:41.606 38591 DEBUG oslo_service.service [-] database.connection_recycle_time = 3600 log_opt_values /usr/lib/python3/dist-packages/oslo_config/cfg.py:2609
2025-11-10 00:34:41.606 38591 DEBUG oslo_service.service [-] database.connection_trace = False log_opt_values /usr/lib/python3/dist-packages/oslo_config/cfg.py:2609
2025-11-10 00:34:41.606 38591 DEBUG oslo_service.service [-] database.db_inc_retry_interval = True log_opt_values /usr/lib/python3/dist-packages/oslo_config/cfg.py:2609
2025-11-10 00:34:41.608 38591 DEBUG oslo_service.service [-] database.db_max_retries = 20 log_opt_values /usr/lib/python3/dist-packages/oslo_config/cfg.py:2609
2025-11-10 00:34:41.608 38591 DEBUG oslo_service.service [-] database.db_max_retry_interval = 10 log_opt_values /usr/lib/python3/dist-packages/oslo_config/cfg.py:2609
2025-11-10 00:34:41.608 38591 DEBUG oslo_service.service [-] database.db_retry_interval = 1 log_opt_values /usr/lib/python3/dist-packages/oslo_config/cfg.py:2609
2025-11-10 00:34:41.608 38591 DEBUG oslo_service.service [-] database.max_overflow = 50 log_opt_values /usr/lib/python3/dist-packages/oslo_config/cfg.py:2609
2025-11-10 00:34:41.609 38591 DEBUG oslo_service.service [-] database.max_pool_size = 5 log_opt_values /usr/lib/python3/dist-packages/oslo_config/cfg.py:2609
2025-11-10 00:34:41.609 38591 DEBUG oslo_service.service [-] database.max_retries = 10 log_opt_values /usr/lib/python3/dist-packages/oslo_config/cfg.py:2609
2025-11-10 00:34:41.610 38591 DEBUG oslo_service.service [-] database.mysql_enable_ndb = False log_opt_values /usr/lib/python3/dist-packages/oslo_config/cfg.py:2609
2025-11-10 00:34:41.610 38591 DEBUG oslo_service.service [-] database.mysql_sql_mode = TRADITIONAL log_opt_values /usr/lib/python3/dist-packages/oslo_config/cfg.py:2609
2025-11-10 00:34:41.611 38591 DEBUG oslo_service.service [-] database.pool_timeout = None log_opt_values /usr/lib/python3/dist-packages/oslo_config/cfg.py:2609
2025-11-10 00:34:41.611 38591 DEBUG oslo_service.service [-] database.retry_interval = 10 log_opt_values /usr/lib/python3/dist-packages/oslo_config/cfg.py:2609
2025-11-10 00:34:41.611 38591 DEBUG oslo_service.service [-] database.slave_connection = **** log_opt_values /usr/lib/python3/dist-packages/oslo_config/cfg.py:2609
2025-11-10 00:34:41.611 38591 DEBUG oslo_service.service [-] database.sqlite_synchronous = True log_opt_values /usr/lib/python3/dist-packages/oslo_config/cfg.py:2609
2025-11-10 00:34:41.611 38591 DEBUG oslo_service.service [-] database.use_db_reconnect = False log_opt_values /usr/lib/python3/dist-packages/oslo_config/cfg.py:2609
2025-11-10 00:34:41.611 38591 DEBUG oslo_service.service [-] oslo_messaging_metrics.metrics_buffer_size = 1000 log_opt_values /usr/lib/python3/dist-packages/oslo_config/cfg.py:2609
2025-11-10 00:34:41.611 38591 DEBUG oslo_service.service [-] oslo_messaging_metrics.metrics_enabled = False log_opt_values /usr/lib/python3/dist-packages/oslo_config/cfg.py:2609
2025-11-10 00:34:41.611 38591 DEBUG oslo_service.service [-] oslo_messaging_metrics.metrics_process_name = log_opt_values /usr/lib/python3/dist-packages/oslo_config/cfg.py:2609
2025-11-10 00:34:41.612 38591 DEBUG oslo_service.service [-] oslo_messaging_metrics.metrics_socket_file = /var/tmp/metrics_collector.sock log_opt_values /usr/lib/python3/dist-packages/oslo_config/cfg.py:2609
2025-11-10 00:34:41.612 38591 DEBUG oslo_service.service [-] oslo_messaging_metrics.metrics_thread_stop_timeout = 10 log_opt_values /usr/lib/python3/dist-packages/oslo_config/cfg.py:2609
2025-11-10 00:34:41.612 38591 DEBUG oslo_service.service [-] oslo_policy.enforce_new_defaults = False log_opt_values /usr/lib/python3/dist-packages/oslo_config/cfg.py:2609
2025-11-10 00:34:41.612 38591 DEBUG oslo_service.service [-] oslo_policy.enforce_scope = False log_opt_values /usr/lib/python3/dist-packages/oslo_config/cfg.py:2609
2025-11-10 00:34:41.612 38591 DEBUG oslo_service.service [-] oslo_policy.policy_default_rule = default log_opt_values /usr/lib/python3/dist-packages/oslo_config/cfg.py:2609
2025-11-10 00:34:41.612 38591 DEBUG oslo_service.service [-] oslo_policy.policy_dirs = ['policy.d'] log_opt_values /usr/lib/python3/dist-packages/oslo_config/cfg.py:2609
2025-11-10 00:34:41.613 38591 DEBUG oslo_service.service [-] oslo_policy.policy_file = policy.yaml log_opt_values /usr/lib/python3/dist-packages/oslo_config/cfg.py:2609
2025-11-10 00:34:41.613 38591 DEBUG oslo_service.service [-] oslo_policy.remote_content_type = application/x-www-form-urlencoded log_opt_values /usr/lib/python3/dist-packages/oslo_config/cfg.py:2609
2025-11-10 00:34:41.613 38591 DEBUG oslo_service.service [-] oslo_policy.remote_ssl_ca_crt_file = None log_opt_values /usr/lib/python3/dist-packages/oslo_config/cfg.py:2609
2025-11-10 00:34:41.614 38591 DEBUG oslo_service.service [-] oslo_policy.remote_ssl_client_crt_file = None log_opt_values /usr/lib/python3/dist-packages/oslo_config/cfg.py:2609
2025-11-10 00:34:41.614 38591 DEBUG oslo_service.service [-] oslo_policy.remote_ssl_client_key_file = None log_opt_values /usr/lib/python3/dist-packages/oslo_config/cfg.py:2609
2025-11-10 00:34:41.614 38591 DEBUG oslo_service.service [-] oslo_policy.remote_ssl_verify_server_crt = False log_opt_values /usr/lib/python3/dist-packages/oslo_config/cfg.py:2609
2025-11-10 00:34:41.614 38591 DEBUG oslo_service.service [-] trustee.auth_section = None log_opt_values /usr/lib/python3/dist-packages/oslo_config/cfg.py:2609
2025-11-10 00:34:41.614 38591 WARNING oslo_config.cfg [-] Deprecated: Option "auth_plugin" from group "trustee" is deprecated. Use option "auth_type" from group "trustee".
2025-11-10 00:34:41.614 38591 DEBUG oslo_service.service [-] trustee.auth_type = password log_opt_values /usr/lib/python3/dist-packages/oslo_config/cfg.py:2609
2025-11-10 00:34:41.615 38591 DEBUG oslo_service.service [-] oslo_versionedobjects.fatal_exception_format_errors = False log_opt_values /usr/lib/python3/dist-packages/oslo_config/cfg.py:2609
2025-11-10 00:34:41.615 38591 DEBUG oslo_service.service [-] oslo_messaging_rabbit.amqp_auto_delete = False log_opt_values /usr/lib/python3/dist-packages/oslo_config/cfg.py:2609
2025-11-10 00:34:41.615 38591 DEBUG oslo_service.service [-] oslo_messaging_rabbit.amqp_durable_queues = False log_opt_values /usr/lib/python3/dist-packages/oslo_config/cfg.py:2609
2025-11-10 00:34:41.615 38591 DEBUG oslo_service.service [-] oslo_messaging_rabbit.conn_pool_min_size = 2 log_opt_values /usr/lib/python3/dist-packages/oslo_config/cfg.py:2609
2025-11-10 00:34:41.615 38591 DEBUG oslo_service.service [-] oslo_messaging_rabbit.conn_pool_ttl = 1200 log_opt_values /usr/lib/python3/dist-packages/oslo_config/cfg.py:2609
2025-11-10 00:34:41.615 38591 DEBUG oslo_service.service [-] oslo_messaging_rabbit.direct_mandatory_flag = True log_opt_values /usr/lib/python3/dist-packages/oslo_config/cfg.py:2609
2025-11-10 00:34:41.615 38591 DEBUG oslo_service.service [-] oslo_messaging_rabbit.enable_cancel_on_failover = False log_opt_values /usr/lib/python3/dist-packages/oslo_config/cfg.py:2609
2025-11-10 00:34:41.615 38591 DEBUG oslo_service.service [-] oslo_messaging_rabbit.heartbeat_in_pthread = False log_opt_values /usr/lib/python3/dist-packages/oslo_config/cfg.py:2609
2025-11-10 00:34:41.616 38591 DEBUG oslo_service.service [-] oslo_messaging_rabbit.heartbeat_rate = 2 log_opt_values /usr/lib/python3/dist-packages/oslo_config/cfg.py:2609
2025-11-10 00:34:41.617 38591 DEBUG oslo_service.service [-] oslo_messaging_rabbit.heartbeat_timeout_threshold = 60 log_opt_values /usr/lib/python3/dist-packages/oslo_config/cfg.py:2609
2025-11-10 00:34:41.617 38591 DEBUG oslo_service.service [-] oslo_messaging_rabbit.kombu_compression = None log_opt_values /usr/lib/python3/dist-packages/oslo_config/cfg.py:2609
2025-11-10 00:34:41.617 38591 DEBUG oslo_service.service [-] oslo_messaging_rabbit.kombu_failover_strategy = round-robin log_opt_values /usr/lib/python3/dist-packages/oslo_config/cfg.py:2609
2025-11-10 00:34:41.617 38591 DEBUG oslo_service.service [-] oslo_messaging_rabbit.kombu_missing_consumer_retry_timeout = 60 log_opt_values /usr/lib/python3/dist-packages/oslo_config/cfg.py:2609
2025-11-10 00:34:41.617 38591 DEBUG oslo_service.service [-] oslo_messaging_rabbit.kombu_reconnect_delay = 1.0 log_opt_values /usr/lib/python3/dist-packages/oslo_config/cfg.py:2609
2025-11-10 00:34:41.618 38591 DEBUG oslo_service.service [-] oslo_messaging_rabbit.rabbit_ha_queues = False log_opt_values /usr/lib/python3/dist-packages/oslo_config/cfg.py:2609
2025-11-10 00:34:41.618 38591 DEBUG oslo_service.service [-] oslo_messaging_rabbit.rabbit_interval_max = 30 log_opt_values /usr/lib/python3/dist-packages/oslo_config/cfg.py:2609
2025-11-10 00:34:41.618 38591 DEBUG oslo_service.service [-] oslo_messaging_rabbit.rabbit_login_method = AMQPLAIN log_opt_values /usr/lib/python3/dist-packages/oslo_config/cfg.py:2609
2025-11-10 00:34:41.618 38591 DEBUG oslo_service.service [-] oslo_messaging_rabbit.rabbit_qos_prefetch_count = 0 log_opt_values /usr/lib/python3/dist-packages/oslo_config/cfg.py:2609
2025-11-10 00:34:41.618 38591 DEBUG oslo_service.service [-] oslo_messaging_rabbit.rabbit_quorum_queue = False log_opt_values /usr/lib/python3/dist-packages/oslo_config/cfg.py:2609
2025-11-10 00:34:41.618 38591 DEBUG oslo_service.service [-] oslo_messaging_rabbit.rabbit_retry_backoff = 2 log_opt_values /usr/lib/python3/dist-packages/oslo_config/cfg.py:2609
2025-11-10 00:34:41.618 38591 DEBUG oslo_service.service [-] oslo_messaging_rabbit.rabbit_retry_interval = 1 log_opt_values /usr/lib/python3/dist-packages/oslo_config/cfg.py:2609
2025-11-10 00:34:41.619 38591 DEBUG oslo_service.service [-] oslo_messaging_rabbit.rabbit_transient_queues_ttl = 1800 log_opt_values /usr/lib/python3/dist-packages/oslo_config/cfg.py:2609
2025-11-10 00:34:41.619 38591 DEBUG oslo_service.service [-] oslo_messaging_rabbit.rpc_conn_pool_size = 30 log_opt_values /usr/lib/python3/dist-packages/oslo_config/cfg.py:2609
2025-11-10 00:34:41.619 38591 DEBUG oslo_service.service [-] oslo_messaging_rabbit.ssl = False log_opt_values /usr/lib/python3/dist-packages/oslo_config/cfg.py:2609
2025-11-10 00:34:41.619 38591 DEBUG oslo_service.service [-] oslo_messaging_rabbit.ssl_ca_file = log_opt_values /usr/lib/python3/dist-packages/oslo_config/cfg.py:2609
2025-11-10 00:34:41.622 38591 DEBUG oslo_service.service [-] oslo_messaging_rabbit.ssl_cert_file = log_opt_values /usr/lib/python3/dist-packages/oslo_config/cfg.py:2609
2025-11-10 00:34:41.622 38591 DEBUG oslo_service.service [-] oslo_messaging_rabbit.ssl_key_file = log_opt_values /usr/lib/python3/dist-packages/oslo_config/cfg.py:2609
2025-11-10 00:34:41.622 38591 DEBUG oslo_service.service [-] oslo_messaging_rabbit.ssl_version = log_opt_values /usr/lib/python3/dist-packages/oslo_config/cfg.py:2609
2025-11-10 00:34:41.622 38591 DEBUG oslo_service.service [-] oslo_messaging_notifications.driver = [] log_opt_values /usr/lib/python3/dist-packages/oslo_config/cfg.py:2609
2025-11-10 00:34:41.623 38591 DEBUG oslo_service.service [-] oslo_messaging_notifications.retry = -1 log_opt_values /usr/lib/python3/dist-packages/oslo_config/cfg.py:2609
2025-11-10 00:34:41.623 38591 DEBUG oslo_service.service [-] oslo_messaging_notifications.topics = ['notifications'] log_opt_values /usr/lib/python3/dist-packages/oslo_config/cfg.py:2609
2025-11-10 00:34:41.623 38591 DEBUG oslo_service.service [-] oslo_messaging_notifications.transport_url = **** log_opt_values /usr/lib/python3/dist-packages/oslo_config/cfg.py:2609
2025-11-10 00:34:41.624 38591 DEBUG oslo_service.service [-] cache.backend = dogpile.cache.null log_opt_values /usr/lib/python3/dist-packages/oslo_config/cfg.py:2609
2025-11-10 00:34:41.624 38591 DEBUG oslo_service.service [-] cache.backend_argument = **** log_opt_values /usr/lib/python3/dist-packages/oslo_config/cfg.py:2609
2025-11-10 00:34:41.624 38591 DEBUG oslo_service.service [-] cache.config_prefix = cache.oslo log_opt_values /usr/lib/python3/dist-packages/oslo_config/cfg.py:2609
2025-11-10 00:34:41.624 38591 DEBUG oslo_service.service [-] cache.debug_cache_backend = False log_opt_values /usr/lib/python3/dist-packages/oslo_config/cfg.py:2609
2025-11-10 00:34:41.625 38591 DEBUG oslo_service.service [-] cache.enabled = False log_opt_values /usr/lib/python3/dist-packages/oslo_config/cfg.py:2609
2025-11-10 00:34:41.625 38591 DEBUG oslo_service.service [-] cache.expiration_time = 600 log_opt_values /usr/lib/python3/dist-packages/oslo_config/cfg.py:2609
2025-11-10 00:34:41.625 38591 DEBUG oslo_service.service [-] cache.memcache_dead_retry = 300 log_opt_values /usr/lib/python3/dist-packages/oslo_config/cfg.py:2609
2025-11-10 00:34:41.625 38591 DEBUG oslo_service.service [-] cache.memcache_pool_connection_get_timeout = 10 log_opt_values /usr/lib/python3/dist-packages/oslo_config/cfg.py:2609
2025-11-10 00:34:41.625 38591 DEBUG oslo_service.service [-] cache.memcache_pool_flush_on_reconnect = False log_opt_values /usr/lib/python3/dist-packages/oslo_config/cfg.py:2609
2025-11-10 00:34:41.625 38591 DEBUG oslo_service.service [-] cache.memcache_pool_maxsize = 10 log_opt_values /usr/lib/python3/dist-packages/oslo_config/cfg.py:2609
2025-11-10 00:34:41.626 38591 DEBUG oslo_service.service [-] cache.memcache_pool_unused_timeout = 60 log_opt_values /usr/lib/python3/dist-packages/oslo_config/cfg.py:2609
2025-11-10 00:34:41.626 38591 DEBUG oslo_service.service [-] cache.memcache_servers = ['localhost:11211'] log_opt_values /usr/lib/python3/dist-packages/oslo_config/cfg.py:2609
2025-11-10 00:34:41.626 38591 DEBUG oslo_service.service [-] cache.memcache_socket_timeout = 1.0 log_opt_values /usr/lib/python3/dist-packages/oslo_config/cfg.py:2609
2025-11-10 00:34:41.626 38591 DEBUG oslo_service.service [-] cache.proxies = [] log_opt_values /usr/lib/python3/dist-packages/oslo_config/cfg.py:2609
2025-11-10 00:34:41.626 38591 DEBUG oslo_service.service [-] cache.tls_allowed_ciphers = None log_opt_values /usr/lib/python3/dist-packages/oslo_config/cfg.py:2609
2025-11-10 00:34:41.626 38591 DEBUG oslo_service.service [-] cache.tls_cafile = None log_opt_values /usr/lib/python3/dist-packages/oslo_config/cfg.py:2609
2025-11-10 00:34:41.626 38591 DEBUG oslo_service.service [-] cache.tls_certfile = None log_opt_values /usr/lib/python3/dist-packages/oslo_config/cfg.py:2609
2025-11-10 00:34:41.628 38591 DEBUG oslo_service.service [-] cache.tls_enabled = False log_opt_values /usr/lib/python3/dist-packages/oslo_config/cfg.py:2609
2025-11-10 00:34:41.628 38591 DEBUG oslo_service.service [-] cache.tls_keyfile = None log_opt_values /usr/lib/python3/dist-packages/oslo_config/cfg.py:2609
2025-11-10 00:34:41.628 38591 DEBUG oslo_service.service [-] constraint_validation_cache.caching = True log_opt_values /usr/lib/python3/dist-packages/oslo_config/cfg.py:2609
2025-11-10 00:34:41.628 38591 DEBUG oslo_service.service [-] constraint_validation_cache.expiration_time = 60 log_opt_values /usr/lib/python3/dist-packages/oslo_config/cfg.py:2609
2025-11-10 00:34:41.629 38591 DEBUG oslo_service.service [-] service_extension_cache.caching = True log_opt_values /usr/lib/python3/dist-packages/oslo_config/cfg.py:2609
2025-11-10 00:34:41.629 38591 DEBUG oslo_service.service [-] service_extension_cache.expiration_time = 3600 log_opt_values /usr/lib/python3/dist-packages/oslo_config/cfg.py:2609
2025-11-10 00:34:41.630 38591 DEBUG oslo_service.service [-] resource_finder_cache.caching = True log_opt_values /usr/lib/python3/dist-packages/oslo_config/cfg.py:2609
2025-11-10 00:34:41.630 38591 DEBUG oslo_service.service [-] resource_finder_cache.expiration_time = 3600 log_opt_values /usr/lib/python3/dist-packages/oslo_config/cfg.py:2609
2025-11-10 00:34:41.630 38591 DEBUG oslo_service.service [-] yaql.limit_iterators = 200 log_opt_values /usr/lib/python3/dist-packages/oslo_config/cfg.py:2609
2025-11-10 00:34:41.630 38591 DEBUG oslo_service.service [-] yaql.memory_quota = 10000 log_opt_values /usr/lib/python3/dist-packages/oslo_config/cfg.py:2609
2025-11-10 00:34:41.630 38591 DEBUG oslo_service.service [-] ******************************************************************************** log_opt_values /usr/lib/python3/dist-packages/oslo_config/cfg.py:2613
2025-11-10 00:34:41.670 38829 DEBUG oslo_db.sqlalchemy.engines [req-0d1aa872-acd8-47d2-b1c7-9c6516724780 - - - - -] MySQL server mode set to STRICT_TRANS_TABLES,STRICT_ALL_TABLES,NO_ZERO_IN_DATE,NO_ZERO_DATE,ERROR_FOR_DIVISION_BY_ZERO,TRADITIONAL,NO_ENGINE_SUBSTITUTION _check_effective_sql_mode /usr/lib/python3/dist-packages/oslo_db/sqlalchemy/engines.py:314
2025-11-10 00:34:41.670 38827 DEBUG oslo_db.sqlalchemy.engines [req-8d3593ab-7199-4ada-b7f5-e1c2bb2b7ef5 - - - - -] MySQL server mode set to STRICT_TRANS_TABLES,STRICT_ALL_TABLES,NO_ZERO_IN_DATE,NO_ZERO_DATE,ERROR_FOR_DIVISION_BY_ZERO,TRADITIONAL,NO_ENGINE_SUBSTITUTION _check_effective_sql_mode /usr/lib/python3/dist-packages/oslo_db/sqlalchemy/engines.py:314
2025-11-10 00:34:41.695 38828 DEBUG oslo_db.sqlalchemy.engines [req-f852f048-1dc2-4425-a92f-0e71e7131556 - - - - -] MySQL server mode set to STRICT_TRANS_TABLES,STRICT_ALL_TABLES,NO_ZERO_IN_DATE,NO_ZERO_DATE,ERROR_FOR_DIVISION_BY_ZERO,TRADITIONAL,NO_ENGINE_SUBSTITUTION _check_effective_sql_mode /usr/lib/python3/dist-packages/oslo_db/sqlalchemy/engines.py:314
2025-11-10 00:34:41.715 38826 DEBUG oslo_db.sqlalchemy.engines [req-d1cb3254-f53d-4c6e-b3cd-f948d7015b3d - - - - -] MySQL server mode set to STRICT_TRANS_TABLES,STRICT_ALL_TABLES,NO_ZERO_IN_DATE,NO_ZERO_DATE,ERROR_FOR_DIVISION_BY_ZERO,TRADITIONAL,NO_ENGINE_SUBSTITUTION _check_effective_sql_mode /usr/lib/python3/dist-packages/oslo_db/sqlalchemy/engines.py:314
2025-11-10 00:34:41.752 38829 DEBUG heat.engine.service [req-a9d12ba9-c68e-4993-af23-3bc53dd06709 - - - - -] Service 3c000d5b-c0e4-4ac1-965e-7be51122d0de is started service_manage_report /usr/lib/python3/dist-packages/heat/engine/service.py:2363
2025-11-10 00:34:41.756 38827 DEBUG heat.engine.service [req-05119df8-edb5-48d6-8f05-3abf5a4308b4 - - - - -] Service 39638878-23a9-4d9c-983b-955ffe20d05c is started service_manage_report /usr/lib/python3/dist-packages/heat/engine/service.py:2363
2025-11-10 00:34:41.795 38827 DEBUG heat.engine.service [req-05119df8-edb5-48d6-8f05-3abf5a4308b4 - - - - -] Service 39638878-23a9-4d9c-983b-955ffe20d05c is updated service_manage_report /usr/lib/python3/dist-packages/heat/engine/service.py:2370
2025-11-10 00:34:41.799 38829 DEBUG heat.engine.service [req-a9d12ba9-c68e-4993-af23-3bc53dd06709 - - - - -] Service 3c000d5b-c0e4-4ac1-965e-7be51122d0de is updated service_manage_report /usr/lib/python3/dist-packages/heat/engine/service.py:2370
2025-11-10 00:34:41.822 38828 DEBUG heat.engine.service [req-2ad96024-b21a-493f-b0ef-a0bf435c0215 - - - - -] Service a33daab1-f192-4dce-a43f-83bb82a46a0e is started service_manage_report /usr/lib/python3/dist-packages/heat/engine/service.py:2363
2025-11-10 00:34:41.829 38826 DEBUG heat.engine.service [req-e93dd9f8-2960-4921-bb80-72a562483d87 - - - - -] Service e3075c9e-7cb2-46d9-9184-bd442f39cefc is started service_manage_report /usr/lib/python3/dist-packages/heat/engine/service.py:2363
2025-11-10 00:34:41.866 38826 DEBUG heat.engine.service [req-e93dd9f8-2960-4921-bb80-72a562483d87 - - - - -] Service e3075c9e-7cb2-46d9-9184-bd442f39cefc is updated service_manage_report /usr/lib/python3/dist-packages/heat/engine/service.py:2370
2025-11-10 00:34:41.879 38828 DEBUG heat.engine.service [req-2ad96024-b21a-493f-b0ef-a0bf435c0215 - - - - -] Service a33daab1-f192-4dce-a43f-83bb82a46a0e is updated service_manage_report /usr/lib/python3/dist-packages/heat/engine/service.py:2370
2025-11-10 00:35:41.725 38829 DEBUG heat.engine.service [req-696f7ec9-762d-48dc-b303-8cc9e01eb0f1 - - - - -] Service 3c000d5b-c0e4-4ac1-965e-7be51122d0de is updated service_manage_report /usr/lib/python3/dist-packages/heat/engine/service.py:2370
2025-11-10 00:35:41.739 38827 DEBUG heat.engine.service [req-59437039-5d59-4aad-8601-8f197a5b257c - - - - -] Service 39638878-23a9-4d9c-983b-955ffe20d05c is updated service_manage_report /usr/lib/python3/dist-packages/heat/engine/service.py:2370
2025-11-10 00:35:41.792 38828 DEBUG heat.engine.service [req-b0ae4299-7011-49ac-b315-ab256fc6f7c9 - - - - -] Service a33daab1-f192-4dce-a43f-83bb82a46a0e is updated service_manage_report /usr/lib/python3/dist-packages/heat/engine/service.py:2370
2025-11-10 00:35:41.797 38826 DEBUG heat.engine.service [req-3e2a9a9f-aa5e-4715-b9e2-4ea0f8020318 - - - - -] Service e3075c9e-7cb2-46d9-9184-bd442f39cefc is updated service_manage_report /usr/lib/python3/dist-packages/heat/engine/service.py:2370
2025-11-10 00:36:41.727 38829 DEBUG heat.engine.service [req-3d128912-152a-4c87-a105-9f8cc02807d6 - - - - -] Service 3c000d5b-c0e4-4ac1-965e-7be51122d0de is updated service_manage_report /usr/lib/python3/dist-packages/heat/engine/service.py:2370
2025-11-10 00:36:41.742 38827 DEBUG heat.engine.service [req-d247879d-f3cb-44a4-9579-27005c9d0856 - - - - -] Service 39638878-23a9-4d9c-983b-955ffe20d05c is updated service_manage_report /usr/lib/python3/dist-packages/heat/engine/service.py:2370
2025-11-10 00:36:41.797 38828 DEBUG heat.engine.service [req-288233da-e4fd-470b-a1fb-fac5b441e449 - - - - -] Service a33daab1-f192-4dce-a43f-83bb82a46a0e is updated service_manage_report /usr/lib/python3/dist-packages/heat/engine/service.py:2370
2025-11-10 00:36:41.800 38826 DEBUG heat.engine.service [req-669818e2-fd0d-4891-a835-3a2d0bc49a9a - - - - -] Service e3075c9e-7cb2-46d9-9184-bd442f39cefc is updated service_manage_report /usr/lib/python3/dist-packages/heat/engine/service.py:2370
2025-11-10 00:37:41.735 38829 DEBUG heat.engine.service [req-2de49bbf-2177-472f-9e15-ce63054e1640 - - - - -] Service 3c000d5b-c0e4-4ac1-965e-7be51122d0de is updated service_manage_report /usr/lib/python3/dist-packages/heat/engine/service.py:2370
2025-11-10 00:37:41.750 38827 DEBUG heat.engine.service [req-edc2530c-70dc-4915-a7e2-c9e7e3c9c43c - - - - -] Service 39638878-23a9-4d9c-983b-955ffe20d05c is updated service_manage_report /usr/lib/python3/dist-packages/heat/engine/service.py:2370
2025-11-10 00:37:41.801 38828 DEBUG heat.engine.service [req-ff0da711-6830-43f3-8987-15b183ba50b9 - - - - -] Service a33daab1-f192-4dce-a43f-83bb82a46a0e is updated service_manage_report /usr/lib/python3/dist-packages/heat/engine/service.py:2370
2025-11-10 00:37:41.808 38826 DEBUG heat.engine.service [req-3fd56758-6460-41c4-968e-7ad088b15b7a - - - - -] Service e3075c9e-7cb2-46d9-9184-bd442f39cefc is updated service_manage_report /usr/lib/python3/dist-packages/heat/engine/service.py:2370
2025-11-10 00:38:41.730 38829 DEBUG heat.engine.service [req-eaad18d5-c173-4167-83b2-e9ece60159d5 - - - - -] Service 3c000d5b-c0e4-4ac1-965e-7be51122d0de is updated service_manage_report /usr/lib/python3/dist-packages/heat/engine/service.py:2370
2025-11-10 00:38:41.743 38827 DEBUG heat.engine.service [req-cee40494-c39f-4a3d-bdec-1fcb49a3fb45 - - - - -] Service 39638878-23a9-4d9c-983b-955ffe20d05c is updated service_manage_report /usr/lib/python3/dist-packages/heat/engine/service.py:2370
2025-11-10 00:38:41.805 38826 DEBUG heat.engine.service [req-b1ea0725-d15c-4d6d-ba25-f91badbc9912 - - - - -] Service e3075c9e-7cb2-46d9-9184-bd442f39cefc is updated service_manage_report /usr/lib/python3/dist-packages/heat/engine/service.py:2370
2025-11-10 00:38:41.807 38828 DEBUG heat.engine.service [req-be67f582-d759-4614-a026-6875004127f6 - - - - -] Service a33daab1-f192-4dce-a43f-83bb82a46a0e is updated service_manage_report /usr/lib/python3/dist-packages/heat/engine/service.py:2370
2025-11-10 00:39:41.733 38829 DEBUG heat.engine.service [req-b13f3397-8be2-4fe5-a524-93cc0d7be4ac - - - - -] Service 3c000d5b-c0e4-4ac1-965e-7be51122d0de is updated service_manage_report /usr/lib/python3/dist-packages/heat/engine/service.py:2370
2025-11-10 00:39:41.745 38827 DEBUG heat.engine.service [req-18550ab2-f22b-4958-9367-17919ad76625 - - - - -] Service 39638878-23a9-4d9c-983b-955ffe20d05c is updated service_manage_report /usr/lib/python3/dist-packages/heat/engine/service.py:2370
2025-11-10 00:39:41.798 38826 DEBUG heat.engine.service [req-c35796cf-3e0f-4181-b160-3d909d6b9725 - - - - -] Service e3075c9e-7cb2-46d9-9184-bd442f39cefc is updated service_manage_report /usr/lib/python3/dist-packages/heat/engine/service.py:2370
2025-11-10 00:39:41.810 38828 DEBUG heat.engine.service [req-aa2e08ab-f8d7-417f-8cb4-6f407c91fdc3 - - - - -] Service a33daab1-f192-4dce-a43f-83bb82a46a0e is updated service_manage_report /usr/lib/python3/dist-packages/heat/engine/service.py:2370
2025-11-10 00:40:41.741 38829 DEBUG heat.engine.service [req-99caee09-60ef-4e23-973e-9b4d35078404 - - - - -] Service 3c000d5b-c0e4-4ac1-965e-7be51122d0de is updated service_manage_report /usr/lib/python3/dist-packages/heat/engine/service.py:2370
2025-11-10 00:40:41.749 38827 DEBUG heat.engine.service [req-a6a45e57-23eb-4dbe-8cf7-09e7fcdab72c - - - - -] Service 39638878-23a9-4d9c-983b-955ffe20d05c is updated service_manage_report /usr/lib/python3/dist-packages/heat/engine/service.py:2370
2025-11-10 00:40:41.805 38826 DEBUG heat.engine.service [req-0d6a0cb8-9275-4700-ab02-8485a4d5041f - - - - -] Service e3075c9e-7cb2-46d9-9184-bd442f39cefc is updated service_manage_report /usr/lib/python3/dist-packages/heat/engine/service.py:2370
2025-11-10 00:40:41.814 38828 DEBUG heat.engine.service [req-d2e9233b-bf23-4a95-8085-7786c0862128 - - - - -] Service a33daab1-f192-4dce-a43f-83bb82a46a0e is updated service_manage_report /usr/lib/python3/dist-packages/heat/engine/service.py:2370
2025-11-10 00:41:41.738 38829 DEBUG heat.engine.service [req-8e6156db-b6cd-48d7-bacc-0ae23b649459 - - - - -] Service 3c000d5b-c0e4-4ac1-965e-7be51122d0de is updated service_manage_report /usr/lib/python3/dist-packages/heat/engine/service.py:2370
2025-11-10 00:41:41.756 38827 DEBUG heat.engine.service [req-1e53161d-49c5-436f-b41a-268ec65459a6 - - - - -] Service 39638878-23a9-4d9c-983b-955ffe20d05c is updated service_manage_report /usr/lib/python3/dist-packages/heat/engine/service.py:2370
2025-11-10 00:41:41.799 38826 DEBUG heat.engine.service [req-b481281c-a9c2-492b-9cc0-54328b33fa2f - - - - -] Service e3075c9e-7cb2-46d9-9184-bd442f39cefc is updated service_manage_report /usr/lib/python3/dist-packages/heat/engine/service.py:2370
2025-11-10 00:41:41.816 38828 DEBUG heat.engine.service [req-e9b94ae4-ebba-49c4-876f-1b3ef66a33e9 - - - - -] Service a33daab1-f192-4dce-a43f-83bb82a46a0e is updated service_manage_report /usr/lib/python3/dist-packages/heat/engine/service.py:2370
2025-11-10 00:42:41.731 38829 DEBUG heat.engine.service [req-bf69a244-3ab4-4536-8c15-f908cc2bb43f - - - - -] Service 3c000d5b-c0e4-4ac1-965e-7be51122d0de is updated service_manage_report /usr/lib/python3/dist-packages/heat/engine/service.py:2370
2025-11-10 00:42:41.750 38827 DEBUG heat.engine.service [req-e03cfe5c-36bf-4e56-bfe4-0447620cf792 - - - - -] Service 39638878-23a9-4d9c-983b-955ffe20d05c is updated service_manage_report /usr/lib/python3/dist-packages/heat/engine/service.py:2370
2025-11-10 00:42:41.800 38826 DEBUG heat.engine.service [req-93b73c32-a00d-408e-af5d-92f26e28f956 - - - - -] Service e3075c9e-7cb2-46d9-9184-bd442f39cefc is updated service_manage_report /usr/lib/python3/dist-packages/heat/engine/service.py:2370
2025-11-10 00:42:41.819 38828 DEBUG heat.engine.service [req-2901258f-fdbd-4724-8eb0-29d68423e6a4 - - - - -] Service a33daab1-f192-4dce-a43f-83bb82a46a0e is updated service_manage_report /usr/lib/python3/dist-packages/heat/engine/service.py:2370
2025-11-10 00:43:41.735 38829 DEBUG heat.engine.service [req-1be42653-20b4-41ae-8be5-8c50adf37019 - - - - -] Service 3c000d5b-c0e4-4ac1-965e-7be51122d0de is updated service_manage_report /usr/lib/python3/dist-packages/heat/engine/service.py:2370
2025-11-10 00:43:41.755 38827 DEBUG heat.engine.service [req-b4e9d6ad-b1f6-4dae-829b-b0e62aa82f70 - - - - -] Service 39638878-23a9-4d9c-983b-955ffe20d05c is updated service_manage_report /usr/lib/python3/dist-packages/heat/engine/service.py:2370
2025-11-10 00:43:41.803 38826 DEBUG heat.engine.service [req-c7687aaa-26f1-444e-a0be-1a4e9f068b1c - - - - -] Service e3075c9e-7cb2-46d9-9184-bd442f39cefc is updated service_manage_report /usr/lib/python3/dist-packages/heat/engine/service.py:2370
2025-11-10 00:43:41.821 38828 DEBUG heat.engine.service [req-44c25742-2c99-4502-89bb-899777ab5053 - - - - -] Service a33daab1-f192-4dce-a43f-83bb82a46a0e is updated service_manage_report /usr/lib/python3/dist-packages/heat/engine/service.py:2370
2025-11-10 00:44:41.738 38829 DEBUG heat.engine.service [req-e844c24d-6c54-4433-b309-06d219ccebf6 - - - - -] Service 3c000d5b-c0e4-4ac1-965e-7be51122d0de is updated service_manage_report /usr/lib/python3/dist-packages/heat/engine/service.py:2370
2025-11-10 00:44:41.757 38827 DEBUG heat.engine.service [req-a173f8be-e756-4c85-b1e4-116a76cd6c15 - - - - -] Service 39638878-23a9-4d9c-983b-955ffe20d05c is updated service_manage_report /usr/lib/python3/dist-packages/heat/engine/service.py:2370
2025-11-10 00:44:41.806 38826 DEBUG heat.engine.service [req-6390b2c8-ba92-4b2c-9c9a-47079c0b982e - - - - -] Service e3075c9e-7cb2-46d9-9184-bd442f39cefc is updated service_manage_report /usr/lib/python3/dist-packages/heat/engine/service.py:2370
2025-11-10 00:44:41.824 38828 DEBUG heat.engine.service [req-ade537cc-c321-43e5-925b-17e7f4fe3f6e - - - - -] Service a33daab1-f192-4dce-a43f-83bb82a46a0e is updated service_manage_report /usr/lib/python3/dist-packages/heat/engine/service.py:2370
2025-11-10 00:45:41.741 38829 DEBUG heat.engine.service [req-5949980c-def4-417f-a925-44e21dfb1347 - - - - -] Service 3c000d5b-c0e4-4ac1-965e-7be51122d0de is updated service_manage_report /usr/lib/python3/dist-packages/heat/engine/service.py:2370
2025-11-10 00:45:41.761 38827 DEBUG heat.engine.service [req-876c2137-97a8-46c6-81c4-a98437e03ebd - - - - -] Service 39638878-23a9-4d9c-983b-955ffe20d05c is updated service_manage_report /usr/lib/python3/dist-packages/heat/engine/service.py:2370
2025-11-10 00:45:41.809 38826 DEBUG heat.engine.service [req-ddfd31ef-cd4c-4024-87be-807575f8dae4 - - - - -] Service e3075c9e-7cb2-46d9-9184-bd442f39cefc is updated service_manage_report /usr/lib/python3/dist-packages/heat/engine/service.py:2370
2025-11-10 00:45:41.830 38828 DEBUG heat.engine.service [req-1fcca1b6-5728-40d6-af0e-b5bfb7d22e02 - - - - -] Service a33daab1-f192-4dce-a43f-83bb82a46a0e is updated service_manage_report /usr/lib/python3/dist-packages/heat/engine/service.py:2370
2025-11-10 00:46:41.744 38829 DEBUG heat.engine.service [req-fe329dce-cfa2-4d12-9699-cd7c0e8c7c5c - - - - -] Service 3c000d5b-c0e4-4ac1-965e-7be51122d0de is updated service_manage_report /usr/lib/python3/dist-packages/heat/engine/service.py:2370
2025-11-10 00:46:41.763 38827 DEBUG heat.engine.service [req-b9e24fe7-5bd1-4227-b5a7-0fd32c5dd079 - - - - -] Service 39638878-23a9-4d9c-983b-955ffe20d05c is updated service_manage_report /usr/lib/python3/dist-packages/heat/engine/service.py:2370
2025-11-10 00:46:41.810 38826 DEBUG heat.engine.service [req-d5b3a5f7-9406-4b82-a6ca-ab8645c401bf - - - - -] Service e3075c9e-7cb2-46d9-9184-bd442f39cefc is updated service_manage_report /usr/lib/python3/dist-packages/heat/engine/service.py:2370
2025-11-10 00:46:41.832 38828 DEBUG heat.engine.service [req-a27d9122-d519-4fee-96c2-e307cebdc786 - - - - -] Service a33daab1-f192-4dce-a43f-83bb82a46a0e is updated service_manage_report /usr/lib/python3/dist-packages/heat/engine/service.py:2370
2025-11-10 00:47:41.747 38829 DEBUG heat.engine.service [req-cae08c0e-6554-41f9-a03c-e1fcfb286546 - - - - -] Service 3c000d5b-c0e4-4ac1-965e-7be51122d0de is updated service_manage_report /usr/lib/python3/dist-packages/heat/engine/service.py:2370
2025-11-10 00:47:41.764 38827 DEBUG heat.engine.service [req-7971a64f-abe8-44ea-a4cc-41eb8f027313 - - - - -] Service 39638878-23a9-4d9c-983b-955ffe20d05c is updated service_manage_report /usr/lib/python3/dist-packages/heat/engine/service.py:2370
2025-11-10 00:47:41.813 38826 DEBUG heat.engine.service [req-399c4c1d-aeed-4a12-952c-b8bae187945d - - - - -] Service e3075c9e-7cb2-46d9-9184-bd442f39cefc is updated service_manage_report /usr/lib/python3/dist-packages/heat/engine/service.py:2370
2025-11-10 00:47:41.836 38828 DEBUG heat.engine.service [req-21aecbb4-71b7-4347-afcb-fcd8e40c7578 - - - - -] Service a33daab1-f192-4dce-a43f-83bb82a46a0e is updated service_manage_report /usr/lib/python3/dist-packages/heat/engine/service.py:2370
2025-11-10 00:48:41.750 38829 DEBUG heat.engine.service [req-2c17441a-c876-4080-9371-a1022de7d993 - - - - -] Service 3c000d5b-c0e4-4ac1-965e-7be51122d0de is updated service_manage_report /usr/lib/python3/dist-packages/heat/engine/service.py:2370
2025-11-10 00:48:41.768 38827 DEBUG heat.engine.service [req-35fb3131-f9a7-409a-b6ba-847d5f44271f - - - - -] Service 39638878-23a9-4d9c-983b-955ffe20d05c is updated service_manage_report /usr/lib/python3/dist-packages/heat/engine/service.py:2370
2025-11-10 00:48:41.818 38826 DEBUG heat.engine.service [req-e147f110-ede6-4fe0-9e7e-a26f4a9db9ce - - - - -] Service e3075c9e-7cb2-46d9-9184-bd442f39cefc is updated service_manage_report /usr/lib/python3/dist-packages/heat/engine/service.py:2370
2025-11-10 00:48:41.840 38828 DEBUG heat.engine.service [req-a1f83274-d9ab-4d55-945c-44a8522c3809 - - - - -] Service a33daab1-f192-4dce-a43f-83bb82a46a0e is updated service_manage_report /usr/lib/python3/dist-packages/heat/engine/service.py:2370
2025-11-10 00:49:41.755 38829 DEBUG heat.engine.service [req-84d3aed3-f129-468b-86fc-09bd46410f7e - - - - -] Service 3c000d5b-c0e4-4ac1-965e-7be51122d0de is updated service_manage_report /usr/lib/python3/dist-packages/heat/engine/service.py:2370
2025-11-10 00:49:41.772 38827 DEBUG heat.engine.service [req-147391f7-ba7b-4cff-a4e1-6d7969b2ba93 - - - - -] Service 39638878-23a9-4d9c-983b-955ffe20d05c is updated service_manage_report /usr/lib/python3/dist-packages/heat/engine/service.py:2370
2025-11-10 00:49:41.822 38826 DEBUG heat.engine.service [req-19869974-d853-4445-ab3c-a8551ca85480 - - - - -] Service e3075c9e-7cb2-46d9-9184-bd442f39cefc is updated service_manage_report /usr/lib/python3/dist-packages/heat/engine/service.py:2370
2025-11-10 00:49:41.844 38828 DEBUG heat.engine.service [req-7496a0e1-e119-4ad9-86ef-ef1b0e72a6b2 - - - - -] Service a33daab1-f192-4dce-a43f-83bb82a46a0e is updated service_manage_report /usr/lib/python3/dist-packages/heat/engine/service.py:2370
2025-11-10 00:50:41.761 38829 DEBUG heat.engine.service [req-dae26eee-4cbe-42e4-8bb7-01152d4c4cdb - - - - -] Service 3c000d5b-c0e4-4ac1-965e-7be51122d0de is updated service_manage_report /usr/lib/python3/dist-packages/heat/engine/service.py:2370
2025-11-10 00:50:41.777 38827 DEBUG heat.engine.service [req-e8927df0-258c-4c23-ab5b-9bd8fa67b7be - - - - -] Service 39638878-23a9-4d9c-983b-955ffe20d05c is updated service_manage_report /usr/lib/python3/dist-packages/heat/engine/service.py:2370
2025-11-10 00:50:41.826 38826 DEBUG heat.engine.service [req-acddcfb3-94b4-4e4a-afb7-9e62ca1fb8d4 - - - - -] Service e3075c9e-7cb2-46d9-9184-bd442f39cefc is updated service_manage_report /usr/lib/python3/dist-packages/heat/engine/service.py:2370
2025-11-10 00:50:41.849 38828 DEBUG heat.engine.service [req-7f29ac4e-0cf5-4455-8f61-548046d73340 - - - - -] Service a33daab1-f192-4dce-a43f-83bb82a46a0e is updated service_manage_report /usr/lib/python3/dist-packages/heat/engine/service.py:2370
2025-11-10 00:51:41.768 38829 DEBUG heat.engine.service [req-a2dd7077-8d41-4477-809c-df82e3246fc9 - - - - -] Service 3c000d5b-c0e4-4ac1-965e-7be51122d0de is updated service_manage_report /usr/lib/python3/dist-packages/heat/engine/service.py:2370
