2025-11-10 01:30:49.396 61260 DEBUG oslo_service.service [-] clients_neutron.ca_file = None log_opt_values /usr/lib/python3/dist-packages/oslo_config/cfg.py:2609
2025-11-10 01:30:49.397 61260 DEBUG oslo_service.service [-] clients_neutron.cert_file = None log_opt_values /usr/lib/python3/dist-packages/oslo_config/cfg.py:2609
2025-11-10 01:30:49.397 61260 DEBUG oslo_service.service [-] clients_neutron.endpoint_type = None log_opt_values /usr/lib/python3/dist-packages/oslo_config/cfg.py:2609
2025-11-10 01:30:49.397 61260 DEBUG oslo_service.service [-] clients_neutron.insecure = None log_opt_values /usr/lib/python3/dist-packages/oslo_config/cfg.py:2609
2025-11-10 01:30:49.397 61260 DEBUG oslo_service.service [-] clients_neutron.key_file = None log_opt_values /usr/lib/python3/dist-packages/oslo_config/cfg.py:2609
2025-11-10 01:30:49.397 61260 DEBUG oslo_service.service [-] clients_nova.ca_file = None log_opt_values /usr/lib/python3/dist-packages/oslo_config/cfg.py:2609
2025-11-10 01:30:49.397 61260 DEBUG oslo_service.service [-] clients_nova.cert_file = None log_opt_values /usr/lib/python3/dist-packages/oslo_config/cfg.py:2609
2025-11-10 01:30:49.398 61260 DEBUG oslo_service.service [-] clients_nova.endpoint_type = None log_opt_values /usr/lib/python3/dist-packages/oslo_config/cfg.py:2609
2025-11-10 01:30:49.398 61260 DEBUG oslo_service.service [-] clients_nova.http_log_debug = False log_opt_values /usr/lib/python3/dist-packages/oslo_config/cfg.py:2609
2025-11-10 01:30:49.398 61260 DEBUG oslo_service.service [-] clients_nova.insecure = None log_opt_values /usr/lib/python3/dist-packages/oslo_config/cfg.py:2609
2025-11-10 01:30:49.398 61260 DEBUG oslo_service.service [-] clients_nova.key_file = None log_opt_values /usr/lib/python3/dist-packages/oslo_config/cfg.py:2609
2025-11-10 01:30:49.398 61260 DEBUG oslo_service.service [-] clients_octavia.ca_file = None log_opt_values /usr/lib/python3/dist-packages/oslo_config/cfg.py:2609
2025-11-10 01:30:49.398 61260 DEBUG oslo_service.service [-] clients_octavia.cert_file = None log_opt_values /usr/lib/python3/dist-packages/oslo_config/cfg.py:2609
2025-11-10 01:30:49.398 61260 DEBUG oslo_service.service [-] clients_octavia.endpoint_type = None log_opt_values /usr/lib/python3/dist-packages/oslo_config/cfg.py:2609
2025-11-10 01:30:49.398 61260 DEBUG oslo_service.service [-] clients_octavia.insecure = None log_opt_values /usr/lib/python3/dist-packages/oslo_config/cfg.py:2609
2025-11-10 01:30:49.398 61260 DEBUG oslo_service.service [-] clients_octavia.key_file = None log_opt_values /usr/lib/python3/dist-packages/oslo_config/cfg.py:2609
2025-11-10 01:30:49.398 61260 DEBUG oslo_service.service [-] clients_sahara.ca_file = None log_opt_values /usr/lib/python3/dist-packages/oslo_config/cfg.py:2609
2025-11-10 01:30:49.399 61260 DEBUG oslo_service.service [-] clients_sahara.cert_file = None log_opt_values /usr/lib/python3/dist-packages/oslo_config/cfg.py:2609
2025-11-10 01:30:49.399 61260 DEBUG oslo_service.service [-] clients_sahara.endpoint_type = None log_opt_values /usr/lib/python3/dist-packages/oslo_config/cfg.py:2609
2025-11-10 01:30:49.399 61260 DEBUG oslo_service.service [-] clients_sahara.insecure = None log_opt_values /usr/lib/python3/dist-packages/oslo_config/cfg.py:2609
2025-11-10 01:30:49.399 61260 DEBUG oslo_service.service [-] clients_sahara.key_file = None log_opt_values /usr/lib/python3/dist-packages/oslo_config/cfg.py:2609
2025-11-10 01:30:49.399 61260 DEBUG oslo_service.service [-] clients_senlin.ca_file = None log_opt_values /usr/lib/python3/dist-packages/oslo_config/cfg.py:2609
2025-11-10 01:30:49.399 61260 DEBUG oslo_service.service [-] clients_senlin.cert_file = None log_opt_values /usr/lib/python3/dist-packages/oslo_config/cfg.py:2609
2025-11-10 01:30:49.400 61260 DEBUG oslo_service.service [-] clients_senlin.endpoint_type = None log_opt_values /usr/lib/python3/dist-packages/oslo_config/cfg.py:2609
2025-11-10 01:30:49.400 61260 DEBUG oslo_service.service [-] clients_senlin.insecure = None log_opt_values /usr/lib/python3/dist-packages/oslo_config/cfg.py:2609
2025-11-10 01:30:49.400 61260 DEBUG oslo_service.service [-] clients_senlin.key_file = None log_opt_values /usr/lib/python3/dist-packages/oslo_config/cfg.py:2609
2025-11-10 01:30:49.400 61260 DEBUG oslo_service.service [-] clients_swift.ca_file = None log_opt_values /usr/lib/python3/dist-packages/oslo_config/cfg.py:2609
2025-11-10 01:30:49.401 61260 DEBUG oslo_service.service [-] clients_swift.cert_file = None log_opt_values /usr/lib/python3/dist-packages/oslo_config/cfg.py:2609
2025-11-10 01:30:49.401 61260 DEBUG oslo_service.service [-] clients_swift.endpoint_type = None log_opt_values /usr/lib/python3/dist-packages/oslo_config/cfg.py:2609
2025-11-10 01:30:49.401 61260 DEBUG oslo_service.service [-] clients_swift.insecure = None log_opt_values /usr/lib/python3/dist-packages/oslo_config/cfg.py:2609
2025-11-10 01:30:49.401 61260 DEBUG oslo_service.service [-] clients_swift.key_file = None log_opt_values /usr/lib/python3/dist-packages/oslo_config/cfg.py:2609
2025-11-10 01:30:49.401 61260 DEBUG oslo_service.service [-] clients_trove.ca_file = None log_opt_values /usr/lib/python3/dist-packages/oslo_config/cfg.py:2609
2025-11-10 01:30:49.401 61260 DEBUG oslo_service.service [-] clients_trove.cert_file = None log_opt_values /usr/lib/python3/dist-packages/oslo_config/cfg.py:2609
2025-11-10 01:30:49.401 61260 DEBUG oslo_service.service [-] clients_trove.endpoint_type = None log_opt_values /usr/lib/python3/dist-packages/oslo_config/cfg.py:2609
2025-11-10 01:30:49.401 61260 DEBUG oslo_service.service [-] clients_trove.insecure = None log_opt_values /usr/lib/python3/dist-packages/oslo_config/cfg.py:2609
2025-11-10 01:30:49.401 61260 DEBUG oslo_service.service [-] clients_trove.key_file = None log_opt_values /usr/lib/python3/dist-packages/oslo_config/cfg.py:2609
2025-11-10 01:30:49.402 61260 DEBUG oslo_service.service [-] clients_vitrage.ca_file = None log_opt_values /usr/lib/python3/dist-packages/oslo_config/cfg.py:2609
2025-11-10 01:30:49.402 61260 DEBUG oslo_service.service [-] clients_vitrage.cert_file = None log_opt_values /usr/lib/python3/dist-packages/oslo_config/cfg.py:2609
2025-11-10 01:30:49.402 61260 DEBUG oslo_service.service [-] clients_vitrage.endpoint_type = None log_opt_values /usr/lib/python3/dist-packages/oslo_config/cfg.py:2609
2025-11-10 01:30:49.405 61260 DEBUG oslo_service.service [-] clients_vitrage.insecure = None log_opt_values /usr/lib/python3/dist-packages/oslo_config/cfg.py:2609
2025-11-10 01:30:49.405 61260 DEBUG oslo_service.service [-] clients_vitrage.key_file = None log_opt_values /usr/lib/python3/dist-packages/oslo_config/cfg.py:2609
2025-11-10 01:30:49.405 61260 DEBUG oslo_service.service [-] clients_zaqar.ca_file = None log_opt_values /usr/lib/python3/dist-packages/oslo_config/cfg.py:2609
2025-11-10 01:30:49.405 61260 DEBUG oslo_service.service [-] clients_zaqar.cert_file = None log_opt_values /usr/lib/python3/dist-packages/oslo_config/cfg.py:2609
2025-11-10 01:30:49.405 61260 DEBUG oslo_service.service [-] clients_zaqar.endpoint_type = None log_opt_values /usr/lib/python3/dist-packages/oslo_config/cfg.py:2609
2025-11-10 01:30:49.405 61260 DEBUG oslo_service.service [-] clients_zaqar.insecure = None log_opt_values /usr/lib/python3/dist-packages/oslo_config/cfg.py:2609
2025-11-10 01:30:49.405 61260 DEBUG oslo_service.service [-] clients_zaqar.key_file = None log_opt_values /usr/lib/python3/dist-packages/oslo_config/cfg.py:2609
2025-11-10 01:30:49.406 61260 DEBUG oslo_service.service [-] database.backend = sqlalchemy log_opt_values /usr/lib/python3/dist-packages/oslo_config/cfg.py:2609
2025-11-10 01:30:49.406 61260 DEBUG oslo_service.service [-] database.connection = **** log_opt_values /usr/lib/python3/dist-packages/oslo_config/cfg.py:2609
2025-11-10 01:30:49.406 61260 DEBUG oslo_service.service [-] database.connection_debug = 0 log_opt_values /usr/lib/python3/dist-packages/oslo_config/cfg.py:2609
2025-11-10 01:30:49.407 61260 DEBUG oslo_service.service [-] database.connection_parameters = log_opt_values /usr/lib/python3/dist-packages/oslo_config/cfg.py:2609
2025-11-10 01:30:49.407 61260 DEBUG oslo_service.service [-] database.connection_recycle_time = 3600 log_opt_values /usr/lib/python3/dist-packages/oslo_config/cfg.py:2609
2025-11-10 01:30:49.407 61260 DEBUG oslo_service.service [-] database.connection_trace = False log_opt_values /usr/lib/python3/dist-packages/oslo_config/cfg.py:2609
2025-11-10 01:30:49.407 61260 DEBUG oslo_service.service [-] database.db_inc_retry_interval = True log_opt_values /usr/lib/python3/dist-packages/oslo_config/cfg.py:2609
2025-11-10 01:30:49.407 61260 DEBUG oslo_service.service [-] database.db_max_retries = 20 log_opt_values /usr/lib/python3/dist-packages/oslo_config/cfg.py:2609
2025-11-10 01:30:49.408 61260 DEBUG oslo_service.service [-] database.db_max_retry_interval = 10 log_opt_values /usr/lib/python3/dist-packages/oslo_config/cfg.py:2609
2025-11-10 01:30:49.408 61260 DEBUG oslo_service.service [-] database.db_retry_interval = 1 log_opt_values /usr/lib/python3/dist-packages/oslo_config/cfg.py:2609
2025-11-10 01:30:49.408 61260 DEBUG oslo_service.service [-] database.max_overflow = 50 log_opt_values /usr/lib/python3/dist-packages/oslo_config/cfg.py:2609
2025-11-10 01:30:49.408 61260 DEBUG oslo_service.service [-] database.max_pool_size = 5 log_opt_values /usr/lib/python3/dist-packages/oslo_config/cfg.py:2609
2025-11-10 01:30:49.408 61260 DEBUG oslo_service.service [-] database.max_retries = 10 log_opt_values /usr/lib/python3/dist-packages/oslo_config/cfg.py:2609
2025-11-10 01:30:49.408 61260 DEBUG oslo_service.service [-] database.mysql_enable_ndb = False log_opt_values /usr/lib/python3/dist-packages/oslo_config/cfg.py:2609
2025-11-10 01:30:49.408 61260 DEBUG oslo_service.service [-] database.mysql_sql_mode = TRADITIONAL log_opt_values /usr/lib/python3/dist-packages/oslo_config/cfg.py:2609
2025-11-10 01:30:49.409 61260 DEBUG oslo_service.service [-] database.pool_timeout = None log_opt_values /usr/lib/python3/dist-packages/oslo_config/cfg.py:2609
2025-11-10 01:30:49.409 61260 DEBUG oslo_service.service [-] database.retry_interval = 10 log_opt_values /usr/lib/python3/dist-packages/oslo_config/cfg.py:2609
2025-11-10 01:30:49.409 61260 DEBUG oslo_service.service [-] database.slave_connection = **** log_opt_values /usr/lib/python3/dist-packages/oslo_config/cfg.py:2609
2025-11-10 01:30:49.410 61260 DEBUG oslo_service.service [-] database.sqlite_synchronous = True log_opt_values /usr/lib/python3/dist-packages/oslo_config/cfg.py:2609
2025-11-10 01:30:49.410 61260 DEBUG oslo_service.service [-] database.use_db_reconnect = False log_opt_values /usr/lib/python3/dist-packages/oslo_config/cfg.py:2609
2025-11-10 01:30:49.410 61260 DEBUG oslo_service.service [-] oslo_messaging_metrics.metrics_buffer_size = 1000 log_opt_values /usr/lib/python3/dist-packages/oslo_config/cfg.py:2609
2025-11-10 01:30:49.411 61260 DEBUG oslo_service.service [-] oslo_messaging_metrics.metrics_enabled = False log_opt_values /usr/lib/python3/dist-packages/oslo_config/cfg.py:2609
2025-11-10 01:30:49.412 61260 DEBUG oslo_service.service [-] oslo_messaging_metrics.metrics_process_name = log_opt_values /usr/lib/python3/dist-packages/oslo_config/cfg.py:2609
2025-11-10 01:30:49.412 61260 DEBUG oslo_service.service [-] oslo_messaging_metrics.metrics_socket_file = /var/tmp/metrics_collector.sock log_opt_values /usr/lib/python3/dist-packages/oslo_config/cfg.py:2609
2025-11-10 01:30:49.412 61260 DEBUG oslo_service.service [-] oslo_messaging_metrics.metrics_thread_stop_timeout = 10 log_opt_values /usr/lib/python3/dist-packages/oslo_config/cfg.py:2609
2025-11-10 01:30:49.412 61260 DEBUG oslo_service.service [-] oslo_policy.enforce_new_defaults = False log_opt_values /usr/lib/python3/dist-packages/oslo_config/cfg.py:2609
2025-11-10 01:30:49.413 61260 DEBUG oslo_service.service [-] oslo_policy.enforce_scope = False log_opt_values /usr/lib/python3/dist-packages/oslo_config/cfg.py:2609
2025-11-10 01:30:49.414 61260 DEBUG oslo_service.service [-] oslo_policy.policy_default_rule = default log_opt_values /usr/lib/python3/dist-packages/oslo_config/cfg.py:2609
2025-11-10 01:30:49.414 61260 DEBUG oslo_service.service [-] oslo_policy.policy_dirs = ['policy.d'] log_opt_values /usr/lib/python3/dist-packages/oslo_config/cfg.py:2609
2025-11-10 01:30:49.414 61260 DEBUG oslo_service.service [-] oslo_policy.policy_file = policy.yaml log_opt_values /usr/lib/python3/dist-packages/oslo_config/cfg.py:2609
2025-11-10 01:30:49.414 61260 DEBUG oslo_service.service [-] oslo_policy.remote_content_type = application/x-www-form-urlencoded log_opt_values /usr/lib/python3/dist-packages/oslo_config/cfg.py:2609
2025-11-10 01:30:49.415 61260 DEBUG oslo_service.service [-] oslo_policy.remote_ssl_ca_crt_file = None log_opt_values /usr/lib/python3/dist-packages/oslo_config/cfg.py:2609
2025-11-10 01:30:49.415 61260 DEBUG oslo_service.service [-] oslo_policy.remote_ssl_client_crt_file = None log_opt_values /usr/lib/python3/dist-packages/oslo_config/cfg.py:2609
2025-11-10 01:30:49.415 61260 DEBUG oslo_service.service [-] oslo_policy.remote_ssl_client_key_file = None log_opt_values /usr/lib/python3/dist-packages/oslo_config/cfg.py:2609
2025-11-10 01:30:49.415 61260 DEBUG oslo_service.service [-] oslo_policy.remote_ssl_verify_server_crt = False log_opt_values /usr/lib/python3/dist-packages/oslo_config/cfg.py:2609
2025-11-10 01:30:49.415 61260 DEBUG oslo_service.service [-] trustee.auth_section = None log_opt_values /usr/lib/python3/dist-packages/oslo_config/cfg.py:2609
2025-11-10 01:30:49.416 61260 WARNING oslo_config.cfg [-] Deprecated: Option "auth_plugin" from group "trustee" is deprecated. Use option "auth_type" from group "trustee".
2025-11-10 01:30:49.416 61260 DEBUG oslo_service.service [-] trustee.auth_type = password log_opt_values /usr/lib/python3/dist-packages/oslo_config/cfg.py:2609
2025-11-10 01:30:49.417 61260 DEBUG oslo_service.service [-] oslo_versionedobjects.fatal_exception_format_errors = False log_opt_values /usr/lib/python3/dist-packages/oslo_config/cfg.py:2609
2025-11-10 01:30:49.417 61260 DEBUG oslo_service.service [-] oslo_messaging_rabbit.amqp_auto_delete = False log_opt_values /usr/lib/python3/dist-packages/oslo_config/cfg.py:2609
2025-11-10 01:30:49.417 61260 DEBUG oslo_service.service [-] oslo_messaging_rabbit.amqp_durable_queues = False log_opt_values /usr/lib/python3/dist-packages/oslo_config/cfg.py:2609
2025-11-10 01:30:49.417 61260 DEBUG oslo_service.service [-] oslo_messaging_rabbit.conn_pool_min_size = 2 log_opt_values /usr/lib/python3/dist-packages/oslo_config/cfg.py:2609
2025-11-10 01:30:49.417 61260 DEBUG oslo_service.service [-] oslo_messaging_rabbit.conn_pool_ttl = 1200 log_opt_values /usr/lib/python3/dist-packages/oslo_config/cfg.py:2609
2025-11-10 01:30:49.417 61260 DEBUG oslo_service.service [-] oslo_messaging_rabbit.direct_mandatory_flag = True log_opt_values /usr/lib/python3/dist-packages/oslo_config/cfg.py:2609
2025-11-10 01:30:49.418 61260 DEBUG oslo_service.service [-] oslo_messaging_rabbit.enable_cancel_on_failover = False log_opt_values /usr/lib/python3/dist-packages/oslo_config/cfg.py:2609
2025-11-10 01:30:49.418 61260 DEBUG oslo_service.service [-] oslo_messaging_rabbit.heartbeat_in_pthread = False log_opt_values /usr/lib/python3/dist-packages/oslo_config/cfg.py:2609
2025-11-10 01:30:49.418 61260 DEBUG oslo_service.service [-] oslo_messaging_rabbit.heartbeat_rate = 2 log_opt_values /usr/lib/python3/dist-packages/oslo_config/cfg.py:2609
2025-11-10 01:30:49.418 61260 DEBUG oslo_service.service [-] oslo_messaging_rabbit.heartbeat_timeout_threshold = 60 log_opt_values /usr/lib/python3/dist-packages/oslo_config/cfg.py:2609
2025-11-10 01:30:49.418 61260 DEBUG oslo_service.service [-] oslo_messaging_rabbit.kombu_compression = None log_opt_values /usr/lib/python3/dist-packages/oslo_config/cfg.py:2609
2025-11-10 01:30:49.418 61260 DEBUG oslo_service.service [-] oslo_messaging_rabbit.kombu_failover_strategy = round-robin log_opt_values /usr/lib/python3/dist-packages/oslo_config/cfg.py:2609
2025-11-10 01:30:49.420 61260 DEBUG oslo_service.service [-] oslo_messaging_rabbit.kombu_missing_consumer_retry_timeout = 60 log_opt_values /usr/lib/python3/dist-packages/oslo_config/cfg.py:2609
2025-11-10 01:30:49.420 61260 DEBUG oslo_service.service [-] oslo_messaging_rabbit.kombu_reconnect_delay = 1.0 log_opt_values /usr/lib/python3/dist-packages/oslo_config/cfg.py:2609
2025-11-10 01:30:49.420 61260 DEBUG oslo_service.service [-] oslo_messaging_rabbit.rabbit_ha_queues = False log_opt_values /usr/lib/python3/dist-packages/oslo_config/cfg.py:2609
2025-11-10 01:30:49.420 61260 DEBUG oslo_service.service [-] oslo_messaging_rabbit.rabbit_interval_max = 30 log_opt_values /usr/lib/python3/dist-packages/oslo_config/cfg.py:2609
2025-11-10 01:30:49.420 61260 DEBUG oslo_service.service [-] oslo_messaging_rabbit.rabbit_login_method = AMQPLAIN log_opt_values /usr/lib/python3/dist-packages/oslo_config/cfg.py:2609
2025-11-10 01:30:49.421 61260 DEBUG oslo_service.service [-] oslo_messaging_rabbit.rabbit_qos_prefetch_count = 0 log_opt_values /usr/lib/python3/dist-packages/oslo_config/cfg.py:2609
2025-11-10 01:30:49.421 61260 DEBUG oslo_service.service [-] oslo_messaging_rabbit.rabbit_quorum_queue = False log_opt_values /usr/lib/python3/dist-packages/oslo_config/cfg.py:2609
2025-11-10 01:30:49.421 61260 DEBUG oslo_service.service [-] oslo_messaging_rabbit.rabbit_retry_backoff = 2 log_opt_values /usr/lib/python3/dist-packages/oslo_config/cfg.py:2609
2025-11-10 01:30:49.421 61260 DEBUG oslo_service.service [-] oslo_messaging_rabbit.rabbit_retry_interval = 1 log_opt_values /usr/lib/python3/dist-packages/oslo_config/cfg.py:2609
2025-11-10 01:30:49.422 61260 DEBUG oslo_service.service [-] oslo_messaging_rabbit.rabbit_transient_queues_ttl = 1800 log_opt_values /usr/lib/python3/dist-packages/oslo_config/cfg.py:2609
2025-11-10 01:30:49.423 61260 DEBUG oslo_service.service [-] oslo_messaging_rabbit.rpc_conn_pool_size = 30 log_opt_values /usr/lib/python3/dist-packages/oslo_config/cfg.py:2609
2025-11-10 01:30:49.423 61260 DEBUG oslo_service.service [-] oslo_messaging_rabbit.ssl = False log_opt_values /usr/lib/python3/dist-packages/oslo_config/cfg.py:2609
2025-11-10 01:30:49.423 61260 DEBUG oslo_service.service [-] oslo_messaging_rabbit.ssl_ca_file = log_opt_values /usr/lib/python3/dist-packages/oslo_config/cfg.py:2609
2025-11-10 01:30:49.423 61260 DEBUG oslo_service.service [-] oslo_messaging_rabbit.ssl_cert_file = log_opt_values /usr/lib/python3/dist-packages/oslo_config/cfg.py:2609
2025-11-10 01:30:49.423 61260 DEBUG oslo_service.service [-] oslo_messaging_rabbit.ssl_key_file = log_opt_values /usr/lib/python3/dist-packages/oslo_config/cfg.py:2609
2025-11-10 01:30:49.423 61260 DEBUG oslo_service.service [-] oslo_messaging_rabbit.ssl_version = log_opt_values /usr/lib/python3/dist-packages/oslo_config/cfg.py:2609
2025-11-10 01:30:49.424 61260 DEBUG oslo_service.service [-] oslo_messaging_notifications.driver = [] log_opt_values /usr/lib/python3/dist-packages/oslo_config/cfg.py:2609
2025-11-10 01:30:49.424 61260 DEBUG oslo_service.service [-] oslo_messaging_notifications.retry = -1 log_opt_values /usr/lib/python3/dist-packages/oslo_config/cfg.py:2609
2025-11-10 01:30:49.424 61260 DEBUG oslo_service.service [-] oslo_messaging_notifications.topics = ['notifications'] log_opt_values /usr/lib/python3/dist-packages/oslo_config/cfg.py:2609
2025-11-10 01:30:49.424 61260 DEBUG oslo_service.service [-] oslo_messaging_notifications.transport_url = **** log_opt_values /usr/lib/python3/dist-packages/oslo_config/cfg.py:2609
2025-11-10 01:30:49.425 61260 DEBUG oslo_service.service [-] cache.backend = dogpile.cache.null log_opt_values /usr/lib/python3/dist-packages/oslo_config/cfg.py:2609
2025-11-10 01:30:49.425 61260 DEBUG oslo_service.service [-] cache.backend_argument = **** log_opt_values /usr/lib/python3/dist-packages/oslo_config/cfg.py:2609
2025-11-10 01:30:49.426 61260 DEBUG oslo_service.service [-] cache.config_prefix = cache.oslo log_opt_values /usr/lib/python3/dist-packages/oslo_config/cfg.py:2609
2025-11-10 01:30:49.426 61260 DEBUG oslo_service.service [-] cache.debug_cache_backend = False log_opt_values /usr/lib/python3/dist-packages/oslo_config/cfg.py:2609
2025-11-10 01:30:49.426 61260 DEBUG oslo_service.service [-] cache.enabled = False log_opt_values /usr/lib/python3/dist-packages/oslo_config/cfg.py:2609
2025-11-10 01:30:49.426 61260 DEBUG oslo_service.service [-] cache.expiration_time = 600 log_opt_values /usr/lib/python3/dist-packages/oslo_config/cfg.py:2609
2025-11-10 01:30:49.426 61260 DEBUG oslo_service.service [-] cache.memcache_dead_retry = 300 log_opt_values /usr/lib/python3/dist-packages/oslo_config/cfg.py:2609
2025-11-10 01:30:49.426 61260 DEBUG oslo_service.service [-] cache.memcache_pool_connection_get_timeout = 10 log_opt_values /usr/lib/python3/dist-packages/oslo_config/cfg.py:2609
2025-11-10 01:30:49.426 61260 DEBUG oslo_service.service [-] cache.memcache_pool_flush_on_reconnect = False log_opt_values /usr/lib/python3/dist-packages/oslo_config/cfg.py:2609
2025-11-10 01:30:49.427 61260 DEBUG oslo_service.service [-] cache.memcache_pool_maxsize = 10 log_opt_values /usr/lib/python3/dist-packages/oslo_config/cfg.py:2609
2025-11-10 01:30:49.427 61260 DEBUG oslo_service.service [-] cache.memcache_pool_unused_timeout = 60 log_opt_values /usr/lib/python3/dist-packages/oslo_config/cfg.py:2609
2025-11-10 01:30:49.427 61260 DEBUG oslo_service.service [-] cache.memcache_servers = ['localhost:11211'] log_opt_values /usr/lib/python3/dist-packages/oslo_config/cfg.py:2609
2025-11-10 01:30:49.427 61260 DEBUG oslo_service.service [-] cache.memcache_socket_timeout = 1.0 log_opt_values /usr/lib/python3/dist-packages/oslo_config/cfg.py:2609
2025-11-10 01:30:49.427 61260 DEBUG oslo_service.service [-] cache.proxies = [] log_opt_values /usr/lib/python3/dist-packages/oslo_config/cfg.py:2609
2025-11-10 01:30:49.427 61260 DEBUG oslo_service.service [-] cache.tls_allowed_ciphers = None log_opt_values /usr/lib/python3/dist-packages/oslo_config/cfg.py:2609
2025-11-10 01:30:49.427 61260 DEBUG oslo_service.service [-] cache.tls_cafile = None log_opt_values /usr/lib/python3/dist-packages/oslo_config/cfg.py:2609
2025-11-10 01:30:49.428 61260 DEBUG oslo_service.service [-] cache.tls_certfile = None log_opt_values /usr/lib/python3/dist-packages/oslo_config/cfg.py:2609
2025-11-10 01:30:49.428 61260 DEBUG oslo_service.service [-] cache.tls_enabled = False log_opt_values /usr/lib/python3/dist-packages/oslo_config/cfg.py:2609
2025-11-10 01:30:49.428 61260 DEBUG oslo_service.service [-] cache.tls_keyfile = None log_opt_values /usr/lib/python3/dist-packages/oslo_config/cfg.py:2609
2025-11-10 01:30:49.428 61260 DEBUG oslo_service.service [-] constraint_validation_cache.caching = True log_opt_values /usr/lib/python3/dist-packages/oslo_config/cfg.py:2609
2025-11-10 01:30:49.428 61260 DEBUG oslo_service.service [-] constraint_validation_cache.expiration_time = 60 log_opt_values /usr/lib/python3/dist-packages/oslo_config/cfg.py:2609
2025-11-10 01:30:49.428 61260 DEBUG oslo_service.service [-] service_extension_cache.caching = True log_opt_values /usr/lib/python3/dist-packages/oslo_config/cfg.py:2609
2025-11-10 01:30:49.428 61260 DEBUG oslo_service.service [-] service_extension_cache.expiration_time = 3600 log_opt_values /usr/lib/python3/dist-packages/oslo_config/cfg.py:2609
2025-11-10 01:30:49.428 61260 DEBUG oslo_service.service [-] resource_finder_cache.caching = True log_opt_values /usr/lib/python3/dist-packages/oslo_config/cfg.py:2609
2025-11-10 01:30:49.428 61260 DEBUG oslo_service.service [-] resource_finder_cache.expiration_time = 3600 log_opt_values /usr/lib/python3/dist-packages/oslo_config/cfg.py:2609
2025-11-10 01:30:49.429 61260 DEBUG oslo_service.service [-] yaql.limit_iterators = 200 log_opt_values /usr/lib/python3/dist-packages/oslo_config/cfg.py:2609
2025-11-10 01:30:49.429 61260 DEBUG oslo_service.service [-] yaql.memory_quota = 10000 log_opt_values /usr/lib/python3/dist-packages/oslo_config/cfg.py:2609
2025-11-10 01:30:49.429 61260 DEBUG oslo_service.service [-] ******************************************************************************** log_opt_values /usr/lib/python3/dist-packages/oslo_config/cfg.py:2613
2025-11-10 01:30:49.436 61486 DEBUG oslo_db.sqlalchemy.engines [req-8a5eff39-2e80-418a-9500-47c21ad8eaac - - - - -] MySQL server mode set to STRICT_TRANS_TABLES,STRICT_ALL_TABLES,NO_ZERO_IN_DATE,NO_ZERO_DATE,ERROR_FOR_DIVISION_BY_ZERO,TRADITIONAL,NO_ENGINE_SUBSTITUTION _check_effective_sql_mode /usr/lib/python3/dist-packages/oslo_db/sqlalchemy/engines.py:314
2025-11-10 01:30:49.454 61488 DEBUG oslo_db.sqlalchemy.engines [req-e9a46cf3-b0fd-434d-8d07-caa4dba400c7 - - - - -] MySQL server mode set to STRICT_TRANS_TABLES,STRICT_ALL_TABLES,NO_ZERO_IN_DATE,NO_ZERO_DATE,ERROR_FOR_DIVISION_BY_ZERO,TRADITIONAL,NO_ENGINE_SUBSTITUTION _check_effective_sql_mode /usr/lib/python3/dist-packages/oslo_db/sqlalchemy/engines.py:314
2025-11-10 01:30:49.455 61485 DEBUG oslo_db.sqlalchemy.engines [req-94833cf6-6e0a-4ebe-8c78-48125d05063c - - - - -] MySQL server mode set to STRICT_TRANS_TABLES,STRICT_ALL_TABLES,NO_ZERO_IN_DATE,NO_ZERO_DATE,ERROR_FOR_DIVISION_BY_ZERO,TRADITIONAL,NO_ENGINE_SUBSTITUTION _check_effective_sql_mode /usr/lib/python3/dist-packages/oslo_db/sqlalchemy/engines.py:314
2025-11-10 01:30:49.459 61487 DEBUG oslo_db.sqlalchemy.engines [req-dbc279c0-70d3-40fc-b76a-ca1c487baba7 - - - - -] MySQL server mode set to STRICT_TRANS_TABLES,STRICT_ALL_TABLES,NO_ZERO_IN_DATE,NO_ZERO_DATE,ERROR_FOR_DIVISION_BY_ZERO,TRADITIONAL,NO_ENGINE_SUBSTITUTION _check_effective_sql_mode /usr/lib/python3/dist-packages/oslo_db/sqlalchemy/engines.py:314
2025-11-10 01:30:49.480 61486 DEBUG heat.engine.service [req-8a5eff39-2e80-418a-9500-47c21ad8eaac - - - - -] Service 01b8f0af-b61d-4c5f-a416-f81b6979056d was aborted service_manage_cleanup /usr/lib/python3/dist-packages/heat/engine/service.py:2391
2025-11-10 01:30:49.495 61486 DEBUG heat.engine.service [req-8a5eff39-2e80-418a-9500-47c21ad8eaac - - - - -] Service 193af41e-2ee7-4b5b-ab2e-4512f66661b4 was aborted service_manage_cleanup /usr/lib/python3/dist-packages/heat/engine/service.py:2391
2025-11-10 01:30:49.498 61488 DEBUG heat.engine.service [req-e9a46cf3-b0fd-434d-8d07-caa4dba400c7 - - - - -] Service 193af41e-2ee7-4b5b-ab2e-4512f66661b4 was aborted service_manage_cleanup /usr/lib/python3/dist-packages/heat/engine/service.py:2391
2025-11-10 01:30:49.500 61485 DEBUG heat.engine.service [req-94833cf6-6e0a-4ebe-8c78-48125d05063c - - - - -] Service 193af41e-2ee7-4b5b-ab2e-4512f66661b4 was aborted service_manage_cleanup /usr/lib/python3/dist-packages/heat/engine/service.py:2391
2025-11-10 01:30:49.508 61486 DEBUG heat.engine.service [req-8a5eff39-2e80-418a-9500-47c21ad8eaac - - - - -] Service 25e4e622-b984-4ffc-8f4e-9b94432c021e was aborted service_manage_cleanup /usr/lib/python3/dist-packages/heat/engine/service.py:2391
2025-11-10 01:30:49.511 61487 DEBUG heat.engine.service [req-dbc279c0-70d3-40fc-b76a-ca1c487baba7 - - - - -] Service 25e4e622-b984-4ffc-8f4e-9b94432c021e was aborted service_manage_cleanup /usr/lib/python3/dist-packages/heat/engine/service.py:2391
2025-11-10 01:30:49.515 61488 DEBUG heat.engine.service [req-e9a46cf3-b0fd-434d-8d07-caa4dba400c7 - - - - -] Service 25e4e622-b984-4ffc-8f4e-9b94432c021e was aborted service_manage_cleanup /usr/lib/python3/dist-packages/heat/engine/service.py:2391
2025-11-10 01:30:49.516 61485 DEBUG heat.engine.service [req-94833cf6-6e0a-4ebe-8c78-48125d05063c - - - - -] Service 25e4e622-b984-4ffc-8f4e-9b94432c021e was aborted service_manage_cleanup /usr/lib/python3/dist-packages/heat/engine/service.py:2391
2025-11-10 01:30:49.522 61486 DEBUG heat.engine.service [req-8a5eff39-2e80-418a-9500-47c21ad8eaac - - - - -] Service 36f36b68-e394-4bf1-9294-96cf6b1c4783 was aborted service_manage_cleanup /usr/lib/python3/dist-packages/heat/engine/service.py:2391
2025-11-10 01:30:49.523 61487 DEBUG heat.engine.service [req-dbc279c0-70d3-40fc-b76a-ca1c487baba7 - - - - -] Service 36f36b68-e394-4bf1-9294-96cf6b1c4783 was aborted service_manage_cleanup /usr/lib/python3/dist-packages/heat/engine/service.py:2391
2025-11-10 01:30:49.523 61485 DEBUG heat.engine.service [req-94833cf6-6e0a-4ebe-8c78-48125d05063c - - - - -] Service 36f36b68-e394-4bf1-9294-96cf6b1c4783 was aborted service_manage_cleanup /usr/lib/python3/dist-packages/heat/engine/service.py:2391
2025-11-10 01:30:49.524 61488 DEBUG heat.engine.service [req-e9a46cf3-b0fd-434d-8d07-caa4dba400c7 - - - - -] Service 36f36b68-e394-4bf1-9294-96cf6b1c4783 was aborted service_manage_cleanup /usr/lib/python3/dist-packages/heat/engine/service.py:2391
2025-11-10 01:30:49.535 61485 DEBUG heat.engine.service [req-94833cf6-6e0a-4ebe-8c78-48125d05063c - - - - -] Service 39638878-23a9-4d9c-983b-955ffe20d05c was aborted service_manage_cleanup /usr/lib/python3/dist-packages/heat/engine/service.py:2391
2025-11-10 01:30:49.535 61486 DEBUG heat.engine.service [req-8a5eff39-2e80-418a-9500-47c21ad8eaac - - - - -] Service 39638878-23a9-4d9c-983b-955ffe20d05c was aborted service_manage_cleanup /usr/lib/python3/dist-packages/heat/engine/service.py:2391
2025-11-10 01:30:49.536 61488 DEBUG heat.engine.service [req-e9a46cf3-b0fd-434d-8d07-caa4dba400c7 - - - - -] Service 39638878-23a9-4d9c-983b-955ffe20d05c was aborted service_manage_cleanup /usr/lib/python3/dist-packages/heat/engine/service.py:2391
2025-11-10 01:30:49.537 61487 DEBUG heat.engine.service [req-dbc279c0-70d3-40fc-b76a-ca1c487baba7 - - - - -] Service 39638878-23a9-4d9c-983b-955ffe20d05c was aborted service_manage_cleanup /usr/lib/python3/dist-packages/heat/engine/service.py:2391
2025-11-10 01:30:49.546 61485 DEBUG heat.engine.service [req-94833cf6-6e0a-4ebe-8c78-48125d05063c - - - - -] Service 3c000d5b-c0e4-4ac1-965e-7be51122d0de was aborted service_manage_cleanup /usr/lib/python3/dist-packages/heat/engine/service.py:2391
2025-11-10 01:30:49.550 61486 DEBUG heat.engine.service [req-8a5eff39-2e80-418a-9500-47c21ad8eaac - - - - -] Service 3c000d5b-c0e4-4ac1-965e-7be51122d0de was aborted service_manage_cleanup /usr/lib/python3/dist-packages/heat/engine/service.py:2391
2025-11-10 01:30:49.550 61488 DEBUG heat.engine.service [req-e9a46cf3-b0fd-434d-8d07-caa4dba400c7 - - - - -] Service 3c000d5b-c0e4-4ac1-965e-7be51122d0de was aborted service_manage_cleanup /usr/lib/python3/dist-packages/heat/engine/service.py:2391
2025-11-10 01:30:49.551 61487 DEBUG heat.engine.service [req-dbc279c0-70d3-40fc-b76a-ca1c487baba7 - - - - -] Service 3c000d5b-c0e4-4ac1-965e-7be51122d0de was aborted service_manage_cleanup /usr/lib/python3/dist-packages/heat/engine/service.py:2391
2025-11-10 01:30:49.559 61485 DEBUG heat.engine.service [req-94833cf6-6e0a-4ebe-8c78-48125d05063c - - - - -] Service 433c710c-42e6-4e5e-8cea-0cc5374295d2 was aborted service_manage_cleanup /usr/lib/python3/dist-packages/heat/engine/service.py:2391
2025-11-10 01:30:49.560 61488 DEBUG heat.engine.service [req-e9a46cf3-b0fd-434d-8d07-caa4dba400c7 - - - - -] Service 433c710c-42e6-4e5e-8cea-0cc5374295d2 was aborted service_manage_cleanup /usr/lib/python3/dist-packages/heat/engine/service.py:2391
2025-11-10 01:30:49.561 61486 DEBUG heat.engine.service [req-8a5eff39-2e80-418a-9500-47c21ad8eaac - - - - -] Service 433c710c-42e6-4e5e-8cea-0cc5374295d2 was aborted service_manage_cleanup /usr/lib/python3/dist-packages/heat/engine/service.py:2391
2025-11-10 01:30:49.562 61487 DEBUG heat.engine.service [req-dbc279c0-70d3-40fc-b76a-ca1c487baba7 - - - - -] Service 433c710c-42e6-4e5e-8cea-0cc5374295d2 was aborted service_manage_cleanup /usr/lib/python3/dist-packages/heat/engine/service.py:2391
2025-11-10 01:30:49.577 61485 DEBUG heat.engine.service [req-94833cf6-6e0a-4ebe-8c78-48125d05063c - - - - -] Service 6ecf08da-f6a2-495f-87d0-c128c6780074 was aborted service_manage_cleanup /usr/lib/python3/dist-packages/heat/engine/service.py:2391
2025-11-10 01:30:49.579 61487 DEBUG heat.engine.service [req-dbc279c0-70d3-40fc-b76a-ca1c487baba7 - - - - -] Service 6ecf08da-f6a2-495f-87d0-c128c6780074 was aborted service_manage_cleanup /usr/lib/python3/dist-packages/heat/engine/service.py:2391
2025-11-10 01:30:49.578 61488 DEBUG heat.engine.service [req-e9a46cf3-b0fd-434d-8d07-caa4dba400c7 - - - - -] Service 6ecf08da-f6a2-495f-87d0-c128c6780074 was aborted service_manage_cleanup /usr/lib/python3/dist-packages/heat/engine/service.py:2391
2025-11-10 01:30:49.580 61486 DEBUG heat.engine.service [req-8a5eff39-2e80-418a-9500-47c21ad8eaac - - - - -] Service 6ecf08da-f6a2-495f-87d0-c128c6780074 was aborted service_manage_cleanup /usr/lib/python3/dist-packages/heat/engine/service.py:2391
2025-11-10 01:30:49.593 61485 DEBUG heat.engine.service [req-94833cf6-6e0a-4ebe-8c78-48125d05063c - - - - -] Service 6fbbb573-726c-4051-afe9-2ebf7ed49476 was aborted service_manage_cleanup /usr/lib/python3/dist-packages/heat/engine/service.py:2391
2025-11-10 01:30:49.593 61486 DEBUG heat.engine.service [req-8a5eff39-2e80-418a-9500-47c21ad8eaac - - - - -] Service 6fbbb573-726c-4051-afe9-2ebf7ed49476 was aborted service_manage_cleanup /usr/lib/python3/dist-packages/heat/engine/service.py:2391
2025-11-10 01:30:49.594 61488 DEBUG heat.engine.service [req-e9a46cf3-b0fd-434d-8d07-caa4dba400c7 - - - - -] Service 6fbbb573-726c-4051-afe9-2ebf7ed49476 was aborted service_manage_cleanup /usr/lib/python3/dist-packages/heat/engine/service.py:2391
2025-11-10 01:30:49.594 61487 DEBUG heat.engine.service [req-dbc279c0-70d3-40fc-b76a-ca1c487baba7 - - - - -] Service 6fbbb573-726c-4051-afe9-2ebf7ed49476 was aborted service_manage_cleanup /usr/lib/python3/dist-packages/heat/engine/service.py:2391
2025-11-10 01:30:49.606 61485 DEBUG heat.engine.service [req-94833cf6-6e0a-4ebe-8c78-48125d05063c - - - - -] Service a33daab1-f192-4dce-a43f-83bb82a46a0e was aborted service_manage_cleanup /usr/lib/python3/dist-packages/heat/engine/service.py:2391
2025-11-10 01:30:49.606 61488 DEBUG heat.engine.service [req-e9a46cf3-b0fd-434d-8d07-caa4dba400c7 - - - - -] Service a33daab1-f192-4dce-a43f-83bb82a46a0e was aborted service_manage_cleanup /usr/lib/python3/dist-packages/heat/engine/service.py:2391
2025-11-10 01:30:49.607 61487 DEBUG heat.engine.service [req-dbc279c0-70d3-40fc-b76a-ca1c487baba7 - - - - -] Service a33daab1-f192-4dce-a43f-83bb82a46a0e was aborted service_manage_cleanup /usr/lib/python3/dist-packages/heat/engine/service.py:2391
2025-11-10 01:30:49.608 61486 DEBUG heat.engine.service [req-8a5eff39-2e80-418a-9500-47c21ad8eaac - - - - -] Service a33daab1-f192-4dce-a43f-83bb82a46a0e was aborted service_manage_cleanup /usr/lib/python3/dist-packages/heat/engine/service.py:2391
2025-11-10 01:30:49.623 61485 DEBUG heat.engine.service [req-94833cf6-6e0a-4ebe-8c78-48125d05063c - - - - -] Service e3075c9e-7cb2-46d9-9184-bd442f39cefc was aborted service_manage_cleanup /usr/lib/python3/dist-packages/heat/engine/service.py:2391
2025-11-10 01:30:49.623 61487 DEBUG heat.engine.service [req-dbc279c0-70d3-40fc-b76a-ca1c487baba7 - - - - -] Service e3075c9e-7cb2-46d9-9184-bd442f39cefc was aborted service_manage_cleanup /usr/lib/python3/dist-packages/heat/engine/service.py:2391
2025-11-10 01:30:49.624 61488 DEBUG heat.engine.service [req-e9a46cf3-b0fd-434d-8d07-caa4dba400c7 - - - - -] Service e3075c9e-7cb2-46d9-9184-bd442f39cefc was aborted service_manage_cleanup /usr/lib/python3/dist-packages/heat/engine/service.py:2391
2025-11-10 01:30:49.631 61486 DEBUG heat.engine.service [req-8a5eff39-2e80-418a-9500-47c21ad8eaac - - - - -] Service e3075c9e-7cb2-46d9-9184-bd442f39cefc was aborted service_manage_cleanup /usr/lib/python3/dist-packages/heat/engine/service.py:2391
2025-11-10 01:30:49.636 61485 DEBUG heat.engine.service [req-94833cf6-6e0a-4ebe-8c78-48125d05063c - - - - -] Service e4a92a59-015b-4412-a69c-961b0d7aad78 was aborted service_manage_cleanup /usr/lib/python3/dist-packages/heat/engine/service.py:2391
2025-11-10 01:30:49.637 61487 DEBUG heat.engine.service [req-dbc279c0-70d3-40fc-b76a-ca1c487baba7 - - - - -] Service e4a92a59-015b-4412-a69c-961b0d7aad78 was aborted service_manage_cleanup /usr/lib/python3/dist-packages/heat/engine/service.py:2391
2025-11-10 01:30:49.638 61488 DEBUG heat.engine.service [req-e9a46cf3-b0fd-434d-8d07-caa4dba400c7 - - - - -] Service e4a92a59-015b-4412-a69c-961b0d7aad78 was aborted service_manage_cleanup /usr/lib/python3/dist-packages/heat/engine/service.py:2391
2025-11-10 01:30:49.638 61486 DEBUG heat.engine.service [req-8a5eff39-2e80-418a-9500-47c21ad8eaac - - - - -] Service e4a92a59-015b-4412-a69c-961b0d7aad78 was aborted service_manage_cleanup /usr/lib/python3/dist-packages/heat/engine/service.py:2391
2025-11-10 01:30:49.693 61488 DEBUG heat.engine.service [req-0e04c273-b491-4b84-869a-3910849a1cfc - - - - -] Service cb7aec87-f6d6-4827-892b-2a549f3378ea is started service_manage_report /usr/lib/python3/dist-packages/heat/engine/service.py:2363
2025-11-10 01:30:49.693 61486 DEBUG heat.engine.service [req-2de4ad4e-a981-42ca-a1ec-fd2614379bc9 - - - - -] Service b504a891-c748-4eb3-aae5-18a0242b0cbc is started service_manage_report /usr/lib/python3/dist-packages/heat/engine/service.py:2363
2025-11-10 01:30:49.694 61487 DEBUG heat.engine.service [req-8dad3e9a-095c-4568-9e32-7748a6223b33 - - - - -] Service 7002967e-963c-41bc-bdbf-4f7103781cb6 is started service_manage_report /usr/lib/python3/dist-packages/heat/engine/service.py:2363
2025-11-10 01:30:49.703 61485 DEBUG heat.engine.service [req-cf470ddd-c7dc-4c7c-b2f8-56a6fe71bd4c - - - - -] Service 4dce71b8-fade-48bb-8151-ed848fe7d1cd is started service_manage_report /usr/lib/python3/dist-packages/heat/engine/service.py:2363
2025-11-10 01:30:49.720 61488 DEBUG heat.engine.service [req-0e04c273-b491-4b84-869a-3910849a1cfc - - - - -] Service cb7aec87-f6d6-4827-892b-2a549f3378ea is updated service_manage_report /usr/lib/python3/dist-packages/heat/engine/service.py:2370
2025-11-10 01:30:49.723 61487 DEBUG heat.engine.service [req-8dad3e9a-095c-4568-9e32-7748a6223b33 - - - - -] Service 7002967e-963c-41bc-bdbf-4f7103781cb6 is updated service_manage_report /usr/lib/python3/dist-packages/heat/engine/service.py:2370
2025-11-10 01:30:49.723 61485 DEBUG heat.engine.service [req-cf470ddd-c7dc-4c7c-b2f8-56a6fe71bd4c - - - - -] Service 4dce71b8-fade-48bb-8151-ed848fe7d1cd is updated service_manage_report /usr/lib/python3/dist-packages/heat/engine/service.py:2370
2025-11-10 01:30:49.723 61486 DEBUG heat.engine.service [req-2de4ad4e-a981-42ca-a1ec-fd2614379bc9 - - - - -] Service b504a891-c748-4eb3-aae5-18a0242b0cbc is updated service_manage_report /usr/lib/python3/dist-packages/heat/engine/service.py:2370
2025-11-10 01:31:49.681 61487 DEBUG heat.engine.service [req-0371522b-bc35-49d6-9fb5-f752e342e917 - - - - -] Service 7002967e-963c-41bc-bdbf-4f7103781cb6 is updated service_manage_report /usr/lib/python3/dist-packages/heat/engine/service.py:2370
2025-11-10 01:31:49.690 61486 DEBUG heat.engine.service [req-4d2e69ef-9275-4554-b696-77ca0cd51658 - - - - -] Service b504a891-c748-4eb3-aae5-18a0242b0cbc is updated service_manage_report /usr/lib/python3/dist-packages/heat/engine/service.py:2370
2025-11-10 01:31:49.690 61488 DEBUG heat.engine.service [req-f4f11521-7789-4bf6-b17d-b837611405a6 - - - - -] Service cb7aec87-f6d6-4827-892b-2a549f3378ea is updated service_manage_report /usr/lib/python3/dist-packages/heat/engine/service.py:2370
2025-11-10 01:31:49.694 61485 DEBUG heat.engine.service [req-a64fd959-1996-4784-813d-a9dc4bc1d50b - - - - -] Service 4dce71b8-fade-48bb-8151-ed848fe7d1cd is updated service_manage_report /usr/lib/python3/dist-packages/heat/engine/service.py:2370
2025-11-10 01:31:53.483 61487 DEBUG heat.engine.service [-] Attempting to stop engine service... _stop_rpc_server /usr/lib/python3/dist-packages/heat/engine/service.py:437
2025-11-10 01:31:53.483 61486 DEBUG heat.engine.service [-] Attempting to stop engine service... _stop_rpc_server /usr/lib/python3/dist-packages/heat/engine/service.py:437
2025-11-10 01:31:53.484 61488 DEBUG heat.engine.service [-] Attempting to stop engine service... _stop_rpc_server /usr/lib/python3/dist-packages/heat/engine/service.py:437
2025-11-10 01:31:53.486 61485 DEBUG heat.engine.service [-] Attempting to stop engine service... _stop_rpc_server /usr/lib/python3/dist-packages/heat/engine/service.py:437
2025-11-10 01:31:53.489 61260 INFO oslo_service.service [-] Caught SIGTERM, stopping children
2025-11-10 01:31:53.490 61260 DEBUG oslo_concurrency.lockutils [-] Acquired lock "singleton_lock" lock /usr/lib/python3/dist-packages/oslo_concurrency/lockutils.py:294
2025-11-10 01:31:53.492 61260 DEBUG oslo_concurrency.lockutils [-] Releasing lock "singleton_lock" lock /usr/lib/python3/dist-packages/oslo_concurrency/lockutils.py:312
2025-11-10 01:31:53.493 61260 DEBUG oslo_service.service [-] Stop services. stop /usr/lib/python3/dist-packages/oslo_service/service.py:695
2025-11-10 01:31:53.493 61260 INFO heat.engine.service [-] All threads were gone, terminating engine
2025-11-10 01:31:53.493 61260 DEBUG oslo_service.service [-] Killing children. stop /usr/lib/python3/dist-packages/oslo_service/service.py:700
2025-11-10 01:31:53.514 61260 INFO oslo_service.service [-] Waiting on 4 children to exit
2025-11-10 01:31:53.514 61260 INFO oslo_service.service [-] Child 61485 killed by signal 15
2025-11-10 01:31:53.515 61260 INFO oslo_service.service [-] Child 61486 killed by signal 15
2025-11-10 01:31:53.515 61260 INFO oslo_service.service [-] Child 61488 killed by signal 15
2025-11-10 01:31:53.517 61260 INFO oslo_service.service [-] Child 61487 killed by signal 15
2025-11-10 01:31:55.104 62746 DEBUG oslo_concurrency.lockutils [-] Lock "context-manager" acquired by "neutron_lib.db.api._create_context_manager" :: waited 0.000s inner /usr/lib/python3/dist-packages/oslo_concurrency/lockutils.py:386
2025-11-10 01:31:55.104 62746 DEBUG oslo_concurrency.lockutils [-] Lock "context-manager" "released" by "neutron_lib.db.api._create_context_manager" :: held 0.000s inner /usr/lib/python3/dist-packages/oslo_concurrency/lockutils.py:400
2025-11-10 01:31:57.316 62746 WARNING heat.engine.environment [-] OS::Aodh::Alarm is DEPRECATED. Theshold alarm relies on ceilometer-api and has been deprecated in aodh since Ocata. Use OS::Aodh::GnocchiAggregationByResourcesAlarm instead.
2025-11-10 01:31:57.316 62746 WARNING heat.engine.environment [-] OS::Aodh::CombinationAlarm is HIDDEN. OS::Aodh::CombinationAlarm is deprecated and has been removed from Aodh, use OS::Aodh::CompositeAlarm instead.
2025-11-10 01:31:57.317 62746 WARNING heat.engine.environment [-] OS::Designate::Domain is HIDDEN. This resource has been removed, use OS::Designate::Zone instead.
2025-11-10 01:31:57.317 62746 WARNING heat.engine.environment [-] OS::Designate::Record is HIDDEN. This resource has been removed, use OS::Designate::RecordSet instead.
2025-11-10 01:31:57.317 62746 WARNING heat.engine.environment [-] OS::Glance::Image is DEPRECATED. Creating a Glance Image based on an existing URL location requires the Glance v1 API, which is deprecated.
2025-11-10 01:31:57.317 62746 WARNING heat.engine.environment [-] OS::Heat::HARestarter is HIDDEN. The HARestarter resource type has been removed. Existing stacks containing HARestarter resources can still be used, but the HARestarter resource will be a placeholder that does nothing.
2025-11-10 01:31:57.317 62746 WARNING heat.engine.environment [-] OS::Heat::SoftwareDeployments is HIDDEN. Please use OS::Heat::SoftwareDeploymentGroup instead.
2025-11-10 01:31:57.317 62746 WARNING heat.engine.environment [-] OS::Heat::StructuredDeployments is HIDDEN. Please use OS::Heat::StructuredDeploymentGroup instead.
2025-11-10 01:31:57.318 62746 WARNING heat.engine.environment [-] OS::Magnum::Bay is HIDDEN. Please use OS::Magnum::Cluster instead.
2025-11-10 01:31:57.318 62746 WARNING heat.engine.environment [-] OS::Magnum::BayModel is HIDDEN. Please use OS::Magnum::ClusterTemplate instead.
2025-11-10 01:31:57.318 62746 WARNING heat.engine.environment [-] OS::Neutron::ExtraRoute is UNSUPPORTED. Use this resource at your own risk.
2025-11-10 01:31:57.318 62746 WARNING heat.engine.environment [-] OS::Neutron::HealthMonitor is HIDDEN. Use LBaaS V2 instead.
2025-11-10 01:31:57.318 62746 WARNING heat.engine.environment [-] OS::Neutron::Pool is HIDDEN. Use LBaaS V2 instead.
2025-11-10 01:31:57.318 62746 WARNING heat.engine.environment [-] OS::Neutron::PoolMember is HIDDEN. Use LBaaS V2 instead.
2025-11-10 01:31:57.318 62746 WARNING heat.engine.environment [-] OS::Neutron::LoadBalancer is HIDDEN. Use LBaaS V2 instead.
2025-11-10 01:31:57.319 62746 WARNING heat.engine.environment [-] OS::Neutron::RouterGateway is HIDDEN. Use the `external_gateway_info` property in the router resource to set up the gateway.
2025-11-10 01:31:57.319 62746 WARNING heat.engine.environment [-] OS::Nova::FloatingIP is HIDDEN. Please use OS::Neutron::FloatingIP instead.
2025-11-10 01:31:57.319 62746 WARNING heat.engine.environment [-] OS::Nova::FloatingIPAssociation is HIDDEN. Please use OS::Neutron::FloatingIPAssociation instead.
2025-11-10 01:31:57.321 62746 INFO heat.engine.environment [-] Loading /etc/heat/environment.d/default.yaml
2025-11-10 01:31:57.322 62746 INFO heat.engine.environment [-] Registered: [Plugin](User:False) AWS::AutoScaling::AutoScalingGroup ->
2025-11-10 01:31:57.322 62746 INFO heat.engine.environment [-] Registered: [Plugin](User:False) AWS::AutoScaling::LaunchConfiguration ->
2025-11-10 01:31:57.322 62746 INFO heat.engine.environment [-] Registered: [Plugin](User:False) AWS::AutoScaling::ScalingPolicy ->
2025-11-10 01:31:57.322 62746 INFO heat.engine.environment [-] Registered: [Plugin](User:False) AWS::CloudFormation::Stack ->
2025-11-10 01:31:57.322 62746 INFO heat.engine.environment [-] Registered: [Plugin](User:False) AWS::CloudFormation::WaitCondition ->
2025-11-10 01:31:57.322 62746 INFO heat.engine.environment [-] Registered: [Plugin](User:False) AWS::CloudFormation::WaitConditionHandle ->
2025-11-10 01:31:57.323 62746 INFO heat.engine.environment [-] Registered: [Plugin](User:False) AWS::EC2::EIP ->
2025-11-10 01:31:57.323 62746 INFO heat.engine.environment [-] Registered: [Plugin](User:False) AWS::EC2::EIPAssociation ->
2025-11-10 01:31:57.323 62746 INFO heat.engine.environment [-] Registered: [Plugin](User:False) AWS::EC2::Instance ->
2025-11-10 01:31:57.323 62746 INFO heat.engine.environment [-] Registered: [Plugin](User:False) AWS::EC2::InternetGateway ->
2025-11-10 01:31:57.323 62746 INFO heat.engine.environment [-] Registered: [Plugin](User:False) AWS::EC2::VPCGatewayAttachment ->
2025-11-10 01:31:57.323 62746 INFO heat.engine.environment [-] Registered: [Plugin](User:False) AWS::EC2::NetworkInterface ->
2025-11-10 01:31:57.323 62746 INFO heat.engine.environment [-] Registered: [Plugin](User:False) AWS::EC2::RouteTable ->
2025-11-10 01:31:57.323 62746 INFO heat.engine.environment [-] Registered: [Plugin](User:False) AWS::EC2::SubnetRouteTableAssociation ->
2025-11-10 01:31:57.323 62746 INFO heat.engine.environment [-] Registered: [Plugin](User:False) AWS::EC2::SecurityGroup ->
2025-11-10 01:31:57.323 62746 INFO heat.engine.environment [-] Registered: [Plugin](User:False) AWS::EC2::Subnet ->
2025-11-10 01:31:57.325 62746 INFO heat.engine.environment [-] Registered: [Plugin](User:False) AWS::EC2::Volume ->
2025-11-10 01:31:57.325 62746 INFO heat.engine.environment [-] Registered: [Plugin](User:False) AWS::EC2::VolumeAttachment ->
2025-11-10 01:31:57.325 62746 INFO heat.engine.environment [-] Registered: [Plugin](User:False) AWS::EC2::VPC ->
2025-11-10 01:31:57.325 62746 INFO heat.engine.environment [-] Registered: [Plugin](User:False) AWS::IAM::User ->
2025-11-10 01:31:57.326 62746 INFO heat.engine.environment [-] Registered: [Plugin](User:False) AWS::IAM::AccessKey ->
2025-11-10 01:31:57.326 62746 INFO heat.engine.environment [-] Registered: [Plugin](User:False) AWS::ElasticLoadBalancing::LoadBalancer ->
2025-11-10 01:31:57.326 62746 INFO heat.engine.environment [-] Registered: [Plugin](User:False) AWS::S3::Bucket ->
2025-11-10 01:31:57.326 62746 INFO heat.engine.environment [-] Registered: [Plugin](User:False) OS::Aodh::Alarm ->
2025-11-10 01:31:57.326 62746 INFO heat.engine.environment [-] Registered: [Plugin](User:False) OS::Aodh::CombinationAlarm ->
2025-11-10 01:31:57.326 62746 INFO heat.engine.environment [-] Registered: [Plugin](User:False) OS::Aodh::EventAlarm ->
2025-11-10 01:31:57.326 62746 INFO heat.engine.environment [-] Registered: [Plugin](User:False) OS::Aodh::LBMemberHealthAlarm ->
2025-11-10 01:31:57.326 62746 INFO heat.engine.environment [-] Registered: [Plugin](User:False) OS::Aodh::CompositeAlarm ->
2025-11-10 01:31:57.326 62746 INFO heat.engine.environment [-] Registered: [Plugin](User:False) OS::Aodh::GnocchiResourcesAlarm ->
2025-11-10 01:31:57.326 62746 INFO heat.engine.environment [-] Registered: [Plugin](User:False) OS::Aodh::GnocchiAggregationByMetricsAlarm ->
2025-11-10 01:31:57.326 62746 INFO heat.engine.environment [-] Registered: [Plugin](User:False) OS::Aodh::GnocchiAggregationByResourcesAlarm ->
2025-11-10 01:31:57.326 62746 INFO heat.engine.environment [-] Registered: [Plugin](User:False) OS::Barbican::GenericContainer ->
2025-11-10 01:31:57.327 62746 INFO heat.engine.environment [-] Registered: [Plugin](User:False) OS::Barbican::CertificateContainer ->
2025-11-10 01:31:57.327 62746 INFO heat.engine.environment [-] Registered: [Plugin](User:False) OS::Barbican::RSAContainer ->
2025-11-10 01:31:57.327 62746 INFO heat.engine.environment [-] Registered: [Plugin](User:False) OS::Barbican::Order ->
2025-11-10 01:31:57.327 62746 INFO heat.engine.environment [-] Registered: [Plugin](User:False) OS::Barbican::Secret ->
2025-11-10 01:31:57.327 62746 INFO heat.engine.environment [-] Registered: [Plugin](User:False) OS::Blazar::Host ->
2025-11-10 01:31:57.327 62746 INFO heat.engine.environment [-] Registered: [Plugin](User:False) OS::Blazar::Lease ->
