2025-11-10 00:51:41.778 38827 DEBUG heat.engine.service [req-a995a147-88da-4d7e-b7d2-558d63c2e5f7 - - - - -] Service 39638878-23a9-4d9c-983b-955ffe20d05c is updated service_manage_report /usr/lib/python3/dist-packages/heat/engine/service.py:2370
2025-11-10 00:51:41.830 38826 DEBUG heat.engine.service [req-184f9aa4-9ffc-407e-a430-e8ace7645136 - - - - -] Service e3075c9e-7cb2-46d9-9184-bd442f39cefc is updated service_manage_report /usr/lib/python3/dist-packages/heat/engine/service.py:2370
2025-11-10 00:51:41.851 38828 DEBUG heat.engine.service [req-c0dfc850-2fcb-4524-b62b-5370460b0da6 - - - - -] Service a33daab1-f192-4dce-a43f-83bb82a46a0e is updated service_manage_report /usr/lib/python3/dist-packages/heat/engine/service.py:2370
2025-11-10 00:52:41.761 38829 DEBUG heat.engine.service [req-0c172c86-a334-4889-8746-16d2315e9c08 - - - - -] Service 3c000d5b-c0e4-4ac1-965e-7be51122d0de is updated service_manage_report /usr/lib/python3/dist-packages/heat/engine/service.py:2370
2025-11-10 00:52:41.781 38827 DEBUG heat.engine.service [req-785a9654-9190-4385-9787-664ad3596196 - - - - -] Service 39638878-23a9-4d9c-983b-955ffe20d05c is updated service_manage_report /usr/lib/python3/dist-packages/heat/engine/service.py:2370
2025-11-10 00:52:41.832 38826 DEBUG heat.engine.service [req-029422fa-a53a-4d6a-b862-aa97d5e09453 - - - - -] Service e3075c9e-7cb2-46d9-9184-bd442f39cefc is updated service_manage_report /usr/lib/python3/dist-packages/heat/engine/service.py:2370
2025-11-10 00:52:41.855 38828 DEBUG heat.engine.service [req-f1593d0b-deca-4743-9fca-dfd1e3dc9bd6 - - - - -] Service a33daab1-f192-4dce-a43f-83bb82a46a0e is updated service_manage_report /usr/lib/python3/dist-packages/heat/engine/service.py:2370
2025-11-10 00:53:41.767 38829 DEBUG heat.engine.service [req-20ee8bfa-8a40-4cb3-9dd1-350e1dc6c1ef - - - - -] Service 3c000d5b-c0e4-4ac1-965e-7be51122d0de is updated service_manage_report /usr/lib/python3/dist-packages/heat/engine/service.py:2370
2025-11-10 00:53:41.786 38827 DEBUG heat.engine.service [req-ed4fc1f8-1fea-403e-9521-c2a4606e9f91 - - - - -] Service 39638878-23a9-4d9c-983b-955ffe20d05c is updated service_manage_report /usr/lib/python3/dist-packages/heat/engine/service.py:2370
2025-11-10 00:53:41.834 38826 DEBUG heat.engine.service [req-6eaca4d1-618f-4d0e-8873-11f9b88f3eb2 - - - - -] Service e3075c9e-7cb2-46d9-9184-bd442f39cefc is updated service_manage_report /usr/lib/python3/dist-packages/heat/engine/service.py:2370
2025-11-10 00:53:41.857 38828 DEBUG heat.engine.service [req-d226e078-1812-4df6-bbf4-b09e5fddabc0 - - - - -] Service a33daab1-f192-4dce-a43f-83bb82a46a0e is updated service_manage_report /usr/lib/python3/dist-packages/heat/engine/service.py:2370
2025-11-10 00:54:41.761 38829 DEBUG heat.engine.service [req-fdea7063-084a-44be-a96e-0b3803b71a44 - - - - -] Service 3c000d5b-c0e4-4ac1-965e-7be51122d0de is updated service_manage_report /usr/lib/python3/dist-packages/heat/engine/service.py:2370
2025-11-10 00:54:41.790 38827 DEBUG heat.engine.service [req-8fc8f0da-8d7a-47d5-b4fa-c530dab78084 - - - - -] Service 39638878-23a9-4d9c-983b-955ffe20d05c is updated service_manage_report /usr/lib/python3/dist-packages/heat/engine/service.py:2370
2025-11-10 00:54:41.839 38826 DEBUG heat.engine.service [req-9214c8bf-57df-409b-8a6e-2c25cb59a847 - - - - -] Service e3075c9e-7cb2-46d9-9184-bd442f39cefc is updated service_manage_report /usr/lib/python3/dist-packages/heat/engine/service.py:2370
2025-11-10 00:54:41.863 38828 DEBUG heat.engine.service [req-7539b3ac-c17f-48a2-b4ae-f4f080267430 - - - - -] Service a33daab1-f192-4dce-a43f-83bb82a46a0e is updated service_manage_report /usr/lib/python3/dist-packages/heat/engine/service.py:2370
2025-11-10 00:55:41.765 38829 DEBUG heat.engine.service [req-7cb72070-b082-4ef1-b57b-eb54bd708d9d - - - - -] Service 3c000d5b-c0e4-4ac1-965e-7be51122d0de is updated service_manage_report /usr/lib/python3/dist-packages/heat/engine/service.py:2370
2025-11-10 00:55:41.795 38827 DEBUG heat.engine.service [req-2e520304-48ec-487d-a80c-f213dbf44792 - - - - -] Service 39638878-23a9-4d9c-983b-955ffe20d05c is updated service_manage_report /usr/lib/python3/dist-packages/heat/engine/service.py:2370
2025-11-10 00:55:41.843 38826 DEBUG heat.engine.service [req-801744ed-a652-4c68-a0e8-8daa2b2eeb53 - - - - -] Service e3075c9e-7cb2-46d9-9184-bd442f39cefc is updated service_manage_report /usr/lib/python3/dist-packages/heat/engine/service.py:2370
2025-11-10 00:55:41.865 38828 DEBUG heat.engine.service [req-25122665-f249-4a14-9003-a1ef647ff11f - - - - -] Service a33daab1-f192-4dce-a43f-83bb82a46a0e is updated service_manage_report /usr/lib/python3/dist-packages/heat/engine/service.py:2370
2025-11-10 00:56:41.773 38829 DEBUG heat.engine.service [req-c6fd60c3-6f1b-464b-8bca-86e8b072d78a - - - - -] Service 3c000d5b-c0e4-4ac1-965e-7be51122d0de is updated service_manage_report /usr/lib/python3/dist-packages/heat/engine/service.py:2370
2025-11-10 00:56:41.800 38827 DEBUG heat.engine.service [req-b4bb119d-41cb-4cf4-9a55-8482643f396e - - - - -] Service 39638878-23a9-4d9c-983b-955ffe20d05c is updated service_manage_report /usr/lib/python3/dist-packages/heat/engine/service.py:2370
2025-11-10 00:56:41.846 38826 DEBUG heat.engine.service [req-233e0b47-00b8-41fd-81ce-092144f03699 - - - - -] Service e3075c9e-7cb2-46d9-9184-bd442f39cefc is updated service_manage_report /usr/lib/python3/dist-packages/heat/engine/service.py:2370
2025-11-10 00:56:41.873 38828 DEBUG heat.engine.service [req-987dfc43-c6c9-4eb3-a306-72a8b7b3026e - - - - -] Service a33daab1-f192-4dce-a43f-83bb82a46a0e is updated service_manage_report /usr/lib/python3/dist-packages/heat/engine/service.py:2370
2025-11-10 00:57:41.765 38829 DEBUG heat.engine.service [req-87dce292-add5-4da7-a6ee-2b6a784b1d9b - - - - -] Service 3c000d5b-c0e4-4ac1-965e-7be51122d0de is updated service_manage_report /usr/lib/python3/dist-packages/heat/engine/service.py:2370
2025-11-10 00:57:41.802 38827 DEBUG heat.engine.service [req-a210ddba-4819-4baf-82c8-b62d14913846 - - - - -] Service 39638878-23a9-4d9c-983b-955ffe20d05c is updated service_manage_report /usr/lib/python3/dist-packages/heat/engine/service.py:2370
2025-11-10 00:57:41.849 38826 DEBUG heat.engine.service [req-2dc195a2-0f72-4fb4-af19-7a6a3b068eb1 - - - - -] Service e3075c9e-7cb2-46d9-9184-bd442f39cefc is updated service_manage_report /usr/lib/python3/dist-packages/heat/engine/service.py:2370
2025-11-10 00:57:41.866 38828 DEBUG heat.engine.service [req-d59d0762-5bda-4e22-b8ed-40ce6a9e3542 - - - - -] Service a33daab1-f192-4dce-a43f-83bb82a46a0e is updated service_manage_report /usr/lib/python3/dist-packages/heat/engine/service.py:2370
2025-11-10 00:58:41.769 38829 DEBUG heat.engine.service [req-ccdbc876-5d03-4fc1-9bf2-c46173b24633 - - - - -] Service 3c000d5b-c0e4-4ac1-965e-7be51122d0de is updated service_manage_report /usr/lib/python3/dist-packages/heat/engine/service.py:2370
2025-11-10 00:58:41.808 38827 DEBUG heat.engine.service [req-82e7bbb5-ed58-4e81-a8c5-490606f38195 - - - - -] Service 39638878-23a9-4d9c-983b-955ffe20d05c is updated service_manage_report /usr/lib/python3/dist-packages/heat/engine/service.py:2370
2025-11-10 00:58:41.854 38826 DEBUG heat.engine.service [req-63fa70fb-3789-43bd-b671-047e7cd6c95b - - - - -] Service e3075c9e-7cb2-46d9-9184-bd442f39cefc is updated service_manage_report /usr/lib/python3/dist-packages/heat/engine/service.py:2370
2025-11-10 00:58:41.868 38828 DEBUG heat.engine.service [req-eb89c523-ba57-4d42-9814-5411b6bb5f06 - - - - -] Service a33daab1-f192-4dce-a43f-83bb82a46a0e is updated service_manage_report /usr/lib/python3/dist-packages/heat/engine/service.py:2370
2025-11-10 00:59:41.774 38829 DEBUG heat.engine.service [req-dc3c8846-4f2e-41ee-ab46-daccfa9f136c - - - - -] Service 3c000d5b-c0e4-4ac1-965e-7be51122d0de is updated service_manage_report /usr/lib/python3/dist-packages/heat/engine/service.py:2370
2025-11-10 00:59:41.800 38827 DEBUG heat.engine.service [req-7e85e03a-cd20-4605-9d8f-1808bbf6f860 - - - - -] Service 39638878-23a9-4d9c-983b-955ffe20d05c is updated service_manage_report /usr/lib/python3/dist-packages/heat/engine/service.py:2370
2025-11-10 00:59:41.857 38826 DEBUG heat.engine.service [req-0139f133-faae-4970-b23d-d1405b864778 - - - - -] Service e3075c9e-7cb2-46d9-9184-bd442f39cefc is updated service_manage_report /usr/lib/python3/dist-packages/heat/engine/service.py:2370
2025-11-10 00:59:41.875 38828 DEBUG heat.engine.service [req-84bffdc8-e946-488c-8c93-b24ec6d3eee7 - - - - -] Service a33daab1-f192-4dce-a43f-83bb82a46a0e is updated service_manage_report /usr/lib/python3/dist-packages/heat/engine/service.py:2370
2025-11-10 01:00:41.776 38829 DEBUG heat.engine.service [req-c3702c78-a032-4d28-b094-0e2336b24cef - - - - -] Service 3c000d5b-c0e4-4ac1-965e-7be51122d0de is updated service_manage_report /usr/lib/python3/dist-packages/heat/engine/service.py:2370
2025-11-10 01:00:41.803 38827 DEBUG heat.engine.service [req-b3ac5b44-b52e-444c-be59-05bd32aee2d3 - - - - -] Service 39638878-23a9-4d9c-983b-955ffe20d05c is updated service_manage_report /usr/lib/python3/dist-packages/heat/engine/service.py:2370
2025-11-10 01:00:41.860 38826 DEBUG heat.engine.service [req-2daf677f-ef7f-4570-9f8b-ab9b4ce9f756 - - - - -] Service e3075c9e-7cb2-46d9-9184-bd442f39cefc is updated service_manage_report /usr/lib/python3/dist-packages/heat/engine/service.py:2370
2025-11-10 01:00:41.869 38828 DEBUG heat.engine.service [req-e94524f1-27da-4ccb-8b40-2d88e52010c2 - - - - -] Service a33daab1-f192-4dce-a43f-83bb82a46a0e is updated service_manage_report /usr/lib/python3/dist-packages/heat/engine/service.py:2370
2025-11-10 01:01:41.779 38829 DEBUG heat.engine.service [req-4d2f2dfb-26fe-4857-a94d-9446b6a94a7d - - - - -] Service 3c000d5b-c0e4-4ac1-965e-7be51122d0de is updated service_manage_report /usr/lib/python3/dist-packages/heat/engine/service.py:2370
2025-11-10 01:01:41.805 38827 DEBUG heat.engine.service [req-73832628-cc89-4bf6-bc35-c87375690ecf - - - - -] Service 39638878-23a9-4d9c-983b-955ffe20d05c is updated service_manage_report /usr/lib/python3/dist-packages/heat/engine/service.py:2370
2025-11-10 01:01:41.863 38826 DEBUG heat.engine.service [req-57632e1e-db69-42a1-a0ae-7b25ca13da53 - - - - -] Service e3075c9e-7cb2-46d9-9184-bd442f39cefc is updated service_manage_report /usr/lib/python3/dist-packages/heat/engine/service.py:2370
2025-11-10 01:01:41.871 38828 DEBUG heat.engine.service [req-8e9d2f8f-792f-40c1-914f-f38e394d7ec1 - - - - -] Service a33daab1-f192-4dce-a43f-83bb82a46a0e is updated service_manage_report /usr/lib/python3/dist-packages/heat/engine/service.py:2370
2025-11-10 01:02:41.785 38829 DEBUG heat.engine.service [req-12ef77f0-6c42-4d2a-825d-2e18bed8bb90 - - - - -] Service 3c000d5b-c0e4-4ac1-965e-7be51122d0de is updated service_manage_report /usr/lib/python3/dist-packages/heat/engine/service.py:2370
2025-11-10 01:02:41.809 38827 DEBUG heat.engine.service [req-3ce87050-73ac-4542-9a52-7cda84745fda - - - - -] Service 39638878-23a9-4d9c-983b-955ffe20d05c is updated service_manage_report /usr/lib/python3/dist-packages/heat/engine/service.py:2370
2025-11-10 01:02:41.866 38826 DEBUG heat.engine.service [req-ec7af1be-1797-4605-975a-d7b479dbbaad - - - - -] Service e3075c9e-7cb2-46d9-9184-bd442f39cefc is updated service_manage_report /usr/lib/python3/dist-packages/heat/engine/service.py:2370
2025-11-10 01:02:41.873 38828 DEBUG heat.engine.service [req-ea4ec546-5e10-4d8e-b052-00b7f07bc3bf - - - - -] Service a33daab1-f192-4dce-a43f-83bb82a46a0e is updated service_manage_report /usr/lib/python3/dist-packages/heat/engine/service.py:2370
2025-11-10 01:03:41.787 38829 DEBUG heat.engine.service [req-78dcd71c-dd29-4e51-9892-28e4cad01f0c - - - - -] Service 3c000d5b-c0e4-4ac1-965e-7be51122d0de is updated service_manage_report /usr/lib/python3/dist-packages/heat/engine/service.py:2370
2025-11-10 01:03:41.812 38827 DEBUG heat.engine.service [req-e985a0c0-d593-4947-8481-1e740b3055e7 - - - - -] Service 39638878-23a9-4d9c-983b-955ffe20d05c is updated service_manage_report /usr/lib/python3/dist-packages/heat/engine/service.py:2370
2025-11-10 01:03:41.869 38826 DEBUG heat.engine.service [req-66017366-90b0-4705-ad56-2790d50c8e84 - - - - -] Service e3075c9e-7cb2-46d9-9184-bd442f39cefc is updated service_manage_report /usr/lib/python3/dist-packages/heat/engine/service.py:2370
2025-11-10 01:03:41.877 38828 DEBUG heat.engine.service [req-4cc8c1f9-1f84-407a-bdce-e62f631f0e80 - - - - -] Service a33daab1-f192-4dce-a43f-83bb82a46a0e is updated service_manage_report /usr/lib/python3/dist-packages/heat/engine/service.py:2370
2025-11-10 01:04:41.789 38829 DEBUG heat.engine.service [req-3aa6b62e-8501-4919-863e-a9aabddb6be8 - - - - -] Service 3c000d5b-c0e4-4ac1-965e-7be51122d0de is updated service_manage_report /usr/lib/python3/dist-packages/heat/engine/service.py:2370
2025-11-10 01:04:41.819 38827 DEBUG heat.engine.service [req-103748ea-a701-444b-abbc-f152528a9cd8 - - - - -] Service 39638878-23a9-4d9c-983b-955ffe20d05c is updated service_manage_report /usr/lib/python3/dist-packages/heat/engine/service.py:2370
2025-11-10 01:04:41.874 38826 DEBUG heat.engine.service [req-eb3d90fe-3d33-4bbd-a893-2d17490f8ef6 - - - - -] Service e3075c9e-7cb2-46d9-9184-bd442f39cefc is updated service_manage_report /usr/lib/python3/dist-packages/heat/engine/service.py:2370
2025-11-10 01:04:41.880 38828 DEBUG heat.engine.service [req-c1754934-6b6d-4ad5-bd8b-2442bae2401e - - - - -] Service a33daab1-f192-4dce-a43f-83bb82a46a0e is updated service_manage_report /usr/lib/python3/dist-packages/heat/engine/service.py:2370
2025-11-10 01:05:41.793 38829 DEBUG heat.engine.service [req-a755eea2-e04f-4734-96c0-fdb7aad5043c - - - - -] Service 3c000d5b-c0e4-4ac1-965e-7be51122d0de is updated service_manage_report /usr/lib/python3/dist-packages/heat/engine/service.py:2370
2025-11-10 01:05:41.811 38827 DEBUG heat.engine.service [req-2ce5d2e1-3f4a-4c74-ae64-4b1e989fa73b - - - - -] Service 39638878-23a9-4d9c-983b-955ffe20d05c is updated service_manage_report /usr/lib/python3/dist-packages/heat/engine/service.py:2370
2025-11-10 01:05:41.877 38826 DEBUG heat.engine.service [req-da48bfcd-0159-4da3-a763-cf63e1356e20 - - - - -] Service e3075c9e-7cb2-46d9-9184-bd442f39cefc is updated service_manage_report /usr/lib/python3/dist-packages/heat/engine/service.py:2370
2025-11-10 01:05:41.886 38828 DEBUG heat.engine.service [req-48248319-a34d-42ea-843d-5d8e67b5143e - - - - -] Service a33daab1-f192-4dce-a43f-83bb82a46a0e is updated service_manage_report /usr/lib/python3/dist-packages/heat/engine/service.py:2370
2025-11-10 01:06:41.798 38829 DEBUG heat.engine.service [req-f62ce3bd-3a09-4d73-ab85-ff1804da2fe4 - - - - -] Service 3c000d5b-c0e4-4ac1-965e-7be51122d0de is updated service_manage_report /usr/lib/python3/dist-packages/heat/engine/service.py:2370
2025-11-10 01:06:41.813 38827 DEBUG heat.engine.service [req-b1d0f30c-e487-45b8-a8e0-43c5ad5522bd - - - - -] Service 39638878-23a9-4d9c-983b-955ffe20d05c is updated service_manage_report /usr/lib/python3/dist-packages/heat/engine/service.py:2370
2025-11-10 01:06:41.882 38826 DEBUG heat.engine.service [req-15cf098e-5663-467e-9fb2-14379b14274c - - - - -] Service e3075c9e-7cb2-46d9-9184-bd442f39cefc is updated service_manage_report /usr/lib/python3/dist-packages/heat/engine/service.py:2370
2025-11-10 01:06:41.888 38828 DEBUG heat.engine.service [req-d369ba9e-3d61-4d9e-b1da-836264576e5d - - - - -] Service a33daab1-f192-4dce-a43f-83bb82a46a0e is updated service_manage_report /usr/lib/python3/dist-packages/heat/engine/service.py:2370
2025-11-10 01:07:41.802 38829 DEBUG heat.engine.service [req-ee151060-fc30-419c-b7a3-2cc243fa8d6d - - - - -] Service 3c000d5b-c0e4-4ac1-965e-7be51122d0de is updated service_manage_report /usr/lib/python3/dist-packages/heat/engine/service.py:2370
2025-11-10 01:07:41.817 38827 DEBUG heat.engine.service [req-61aa443d-4e33-494e-9bf1-4eacc79b59aa - - - - -] Service 39638878-23a9-4d9c-983b-955ffe20d05c is updated service_manage_report /usr/lib/python3/dist-packages/heat/engine/service.py:2370
2025-11-10 01:07:41.885 38826 DEBUG heat.engine.service [req-027d80ce-1203-4417-8214-393941eb4bc8 - - - - -] Service e3075c9e-7cb2-46d9-9184-bd442f39cefc is updated service_manage_report /usr/lib/python3/dist-packages/heat/engine/service.py:2370
2025-11-10 01:07:41.890 38828 DEBUG heat.engine.service [req-0fec9357-6845-418f-bf60-999d0daf7169 - - - - -] Service a33daab1-f192-4dce-a43f-83bb82a46a0e is updated service_manage_report /usr/lib/python3/dist-packages/heat/engine/service.py:2370
2025-11-10 01:08:41.808 38829 DEBUG heat.engine.service [req-7d1958c0-8a5c-4e93-91b8-6b2bee6dd750 - - - - -] Service 3c000d5b-c0e4-4ac1-965e-7be51122d0de is updated service_manage_report /usr/lib/python3/dist-packages/heat/engine/service.py:2370
2025-11-10 01:08:41.819 38827 DEBUG heat.engine.service [req-5e97606e-48fe-42be-ae76-5d1deceb31d9 - - - - -] Service 39638878-23a9-4d9c-983b-955ffe20d05c is updated service_manage_report /usr/lib/python3/dist-packages/heat/engine/service.py:2370
2025-11-10 01:08:41.891 38826 DEBUG heat.engine.service [req-59801f7c-16e4-45fa-b587-b5088f75b2ad - - - - -] Service e3075c9e-7cb2-46d9-9184-bd442f39cefc is updated service_manage_report /usr/lib/python3/dist-packages/heat/engine/service.py:2370
2025-11-10 01:08:41.895 38828 DEBUG heat.engine.service [req-3465270f-4a2a-4b1c-aa93-c9cd3cf23b71 - - - - -] Service a33daab1-f192-4dce-a43f-83bb82a46a0e is updated service_manage_report /usr/lib/python3/dist-packages/heat/engine/service.py:2370
2025-11-10 01:09:41.800 38829 DEBUG heat.engine.service [req-63b2dcff-891e-4cb8-92d9-d21fb48bdae8 - - - - -] Service 3c000d5b-c0e4-4ac1-965e-7be51122d0de is updated service_manage_report /usr/lib/python3/dist-packages/heat/engine/service.py:2370
2025-11-10 01:09:41.821 38827 DEBUG heat.engine.service [req-ed39e887-350d-4c69-8733-9feea496e782 - - - - -] Service 39638878-23a9-4d9c-983b-955ffe20d05c is updated service_manage_report /usr/lib/python3/dist-packages/heat/engine/service.py:2370
2025-11-10 01:09:41.894 38826 DEBUG heat.engine.service [req-f8e2f965-5e0c-4164-b603-5f1ba4a6f638 - - - - -] Service e3075c9e-7cb2-46d9-9184-bd442f39cefc is updated service_manage_report /usr/lib/python3/dist-packages/heat/engine/service.py:2370
2025-11-10 01:09:41.898 38828 DEBUG heat.engine.service [req-800a7932-6431-4e8a-87c9-e6f2a798b7a6 - - - - -] Service a33daab1-f192-4dce-a43f-83bb82a46a0e is updated service_manage_report /usr/lib/python3/dist-packages/heat/engine/service.py:2370
2025-11-10 01:10:41.802 38829 DEBUG heat.engine.service [req-2244a17a-9a63-4c2b-a3ae-a7fbfd28d394 - - - - -] Service 3c000d5b-c0e4-4ac1-965e-7be51122d0de is updated service_manage_report /usr/lib/python3/dist-packages/heat/engine/service.py:2370
2025-11-10 01:10:41.823 38827 DEBUG heat.engine.service [req-6080e61b-4007-4ef7-899a-0b8c9bccc2b4 - - - - -] Service 39638878-23a9-4d9c-983b-955ffe20d05c is updated service_manage_report /usr/lib/python3/dist-packages/heat/engine/service.py:2370
2025-11-10 01:10:41.899 38826 DEBUG heat.engine.service [req-22e976fe-2783-4a0e-a2d6-066150acd44e - - - - -] Service e3075c9e-7cb2-46d9-9184-bd442f39cefc is updated service_manage_report /usr/lib/python3/dist-packages/heat/engine/service.py:2370
2025-11-10 01:10:41.902 38828 DEBUG heat.engine.service [req-59571e27-2c36-4e7d-bdd7-df4d24076025 - - - - -] Service a33daab1-f192-4dce-a43f-83bb82a46a0e is updated service_manage_report /usr/lib/python3/dist-packages/heat/engine/service.py:2370
2025-11-10 01:11:41.806 38829 DEBUG heat.engine.service [req-7979a39e-deff-4fe8-8338-a1d2e3df52dd - - - - -] Service 3c000d5b-c0e4-4ac1-965e-7be51122d0de is updated service_manage_report /usr/lib/python3/dist-packages/heat/engine/service.py:2370
2025-11-10 01:11:41.827 38827 DEBUG heat.engine.service [req-83589266-4528-4736-988d-2f49852aefcd - - - - -] Service 39638878-23a9-4d9c-983b-955ffe20d05c is updated service_manage_report /usr/lib/python3/dist-packages/heat/engine/service.py:2370
2025-11-10 01:11:41.902 38826 DEBUG heat.engine.service [req-380cc4c5-ebfb-4e8f-86be-bbf17bc3c895 - - - - -] Service e3075c9e-7cb2-46d9-9184-bd442f39cefc is updated service_manage_report /usr/lib/python3/dist-packages/heat/engine/service.py:2370
2025-11-10 01:11:41.907 38828 DEBUG heat.engine.service [req-8e4ce71a-8e36-45e7-bba6-ad4b65336df1 - - - - -] Service a33daab1-f192-4dce-a43f-83bb82a46a0e is updated service_manage_report /usr/lib/python3/dist-packages/heat/engine/service.py:2370
2025-11-10 01:12:41.808 38829 DEBUG heat.engine.service [req-47fc54d2-6505-49e0-ba9b-deb695bb0303 - - - - -] Service 3c000d5b-c0e4-4ac1-965e-7be51122d0de is updated service_manage_report /usr/lib/python3/dist-packages/heat/engine/service.py:2370
2025-11-10 01:12:41.829 38827 DEBUG heat.engine.service [req-4163e664-8a63-4aae-b415-2ca3a849c6f5 - - - - -] Service 39638878-23a9-4d9c-983b-955ffe20d05c is updated service_manage_report /usr/lib/python3/dist-packages/heat/engine/service.py:2370
2025-11-10 01:12:41.905 38826 DEBUG heat.engine.service [req-1bbd9928-47d0-401c-aad1-3569e5948d6c - - - - -] Service e3075c9e-7cb2-46d9-9184-bd442f39cefc is updated service_manage_report /usr/lib/python3/dist-packages/heat/engine/service.py:2370
2025-11-10 01:12:41.912 38828 DEBUG heat.engine.service [req-aa68541c-0986-4378-8b02-e2d9f7b78309 - - - - -] Service a33daab1-f192-4dce-a43f-83bb82a46a0e is updated service_manage_report /usr/lib/python3/dist-packages/heat/engine/service.py:2370
2025-11-10 01:13:41.811 38829 DEBUG heat.engine.service [req-1358fe53-cbc4-4778-869e-f7829cef0f65 - - - - -] Service 3c000d5b-c0e4-4ac1-965e-7be51122d0de is updated service_manage_report /usr/lib/python3/dist-packages/heat/engine/service.py:2370
2025-11-10 01:13:41.832 38827 DEBUG heat.engine.service [req-b1cd22ab-7db7-4382-8acc-246902e384fe - - - - -] Service 39638878-23a9-4d9c-983b-955ffe20d05c is updated service_manage_report /usr/lib/python3/dist-packages/heat/engine/service.py:2370
2025-11-10 01:13:41.908 38826 DEBUG heat.engine.service [req-bfe41866-7133-4c36-aa80-034f56da4e41 - - - - -] Service e3075c9e-7cb2-46d9-9184-bd442f39cefc is updated service_manage_report /usr/lib/python3/dist-packages/heat/engine/service.py:2370
2025-11-10 01:13:41.915 38828 DEBUG heat.engine.service [req-ebad00a3-3ebd-46e8-a94f-c9f1b04a75d8 - - - - -] Service a33daab1-f192-4dce-a43f-83bb82a46a0e is updated service_manage_report /usr/lib/python3/dist-packages/heat/engine/service.py:2370
2025-11-10 01:14:41.813 38829 DEBUG heat.engine.service [req-ae6386ac-dbf2-4c75-85e1-7dece9177638 - - - - -] Service 3c000d5b-c0e4-4ac1-965e-7be51122d0de is updated service_manage_report /usr/lib/python3/dist-packages/heat/engine/service.py:2370
2025-11-10 01:14:41.834 38827 DEBUG heat.engine.service [req-4dbd33dd-10d2-4323-b4a1-75c4ffb076bc - - - - -] Service 39638878-23a9-4d9c-983b-955ffe20d05c is updated service_manage_report /usr/lib/python3/dist-packages/heat/engine/service.py:2370
2025-11-10 01:14:41.912 38826 DEBUG heat.engine.service [req-25f0f1d7-123d-496b-ab26-ead5d3870f58 - - - - -] Service e3075c9e-7cb2-46d9-9184-bd442f39cefc is updated service_manage_report /usr/lib/python3/dist-packages/heat/engine/service.py:2370
2025-11-10 01:14:41.929 38828 DEBUG heat.engine.service [req-98f30229-9f01-43f9-9074-c0c077dda927 - - - - -] Service a33daab1-f192-4dce-a43f-83bb82a46a0e is updated service_manage_report /usr/lib/python3/dist-packages/heat/engine/service.py:2370
2025-11-10 01:15:41.815 38829 DEBUG heat.engine.service [req-d1dd8f9a-4b6b-40d7-878b-51cd19794d91 - - - - -] Service 3c000d5b-c0e4-4ac1-965e-7be51122d0de is updated service_manage_report /usr/lib/python3/dist-packages/heat/engine/service.py:2370
2025-11-10 01:15:41.839 38827 DEBUG heat.engine.service [req-ccabba95-dbe0-491b-86a2-7254c1645371 - - - - -] Service 39638878-23a9-4d9c-983b-955ffe20d05c is updated service_manage_report /usr/lib/python3/dist-packages/heat/engine/service.py:2370
2025-11-10 01:15:41.916 38826 DEBUG heat.engine.service [req-4069a1dc-aedc-498f-829f-8f172c030658 - - - - -] Service e3075c9e-7cb2-46d9-9184-bd442f39cefc is updated service_manage_report /usr/lib/python3/dist-packages/heat/engine/service.py:2370
2025-11-10 01:15:41.921 38828 DEBUG heat.engine.service [req-a2cb84cf-f32b-417f-a45d-91d41c5e0f7b - - - - -] Service a33daab1-f192-4dce-a43f-83bb82a46a0e is updated service_manage_report /usr/lib/python3/dist-packages/heat/engine/service.py:2370
2025-11-10 01:16:41.818 38829 DEBUG heat.engine.service [req-0d4e006d-3673-40b2-ac74-270748868c6e - - - - -] Service 3c000d5b-c0e4-4ac1-965e-7be51122d0de is updated service_manage_report /usr/lib/python3/dist-packages/heat/engine/service.py:2370
2025-11-10 01:16:41.844 38827 DEBUG heat.engine.service [req-47a25d06-beb5-4a6c-9cf3-8e5d33e13ad2 - - - - -] Service 39638878-23a9-4d9c-983b-955ffe20d05c is updated service_manage_report /usr/lib/python3/dist-packages/heat/engine/service.py:2370
2025-11-10 01:16:41.919 38826 DEBUG heat.engine.service [req-f2781029-7b9c-4805-9087-ff0812e7fe3a - - - - -] Service e3075c9e-7cb2-46d9-9184-bd442f39cefc is updated service_manage_report /usr/lib/python3/dist-packages/heat/engine/service.py:2370
2025-11-10 01:16:41.925 38828 DEBUG heat.engine.service [req-78161f95-45e0-4505-9345-4bd022f826db - - - - -] Service a33daab1-f192-4dce-a43f-83bb82a46a0e is updated service_manage_report /usr/lib/python3/dist-packages/heat/engine/service.py:2370
2025-11-10 01:17:41.820 38829 DEBUG heat.engine.service [req-9e08f8fa-4d46-4003-b726-b00cb24aea2e - - - - -] Service 3c000d5b-c0e4-4ac1-965e-7be51122d0de is updated service_manage_report /usr/lib/python3/dist-packages/heat/engine/service.py:2370
2025-11-10 01:17:41.837 38827 DEBUG heat.engine.service [req-67b6eb13-6981-4984-ab38-1da95f20d64a - - - - -] Service 39638878-23a9-4d9c-983b-955ffe20d05c is updated service_manage_report /usr/lib/python3/dist-packages/heat/engine/service.py:2370
2025-11-10 01:17:41.919 38826 DEBUG heat.engine.service [req-bacac07d-0208-4bc0-a343-1b5ec01e6018 - - - - -] Service e3075c9e-7cb2-46d9-9184-bd442f39cefc is updated service_manage_report /usr/lib/python3/dist-packages/heat/engine/service.py:2370
2025-11-10 01:17:41.928 38828 DEBUG heat.engine.service [req-26d37e03-116d-4884-98e6-1151eda47f8a - - - - -] Service a33daab1-f192-4dce-a43f-83bb82a46a0e is updated service_manage_report /usr/lib/python3/dist-packages/heat/engine/service.py:2370
2025-11-10 01:18:41.822 38829 DEBUG heat.engine.service [req-07189743-f002-4540-b925-ecce7efc9bc8 - - - - -] Service 3c000d5b-c0e4-4ac1-965e-7be51122d0de is updated service_manage_report /usr/lib/python3/dist-packages/heat/engine/service.py:2370
2025-11-10 01:18:41.838 38827 DEBUG heat.engine.service [req-ac8f02d9-d7ad-4aca-b5a3-9035472ff927 - - - - -] Service 39638878-23a9-4d9c-983b-955ffe20d05c is updated service_manage_report /usr/lib/python3/dist-packages/heat/engine/service.py:2370
2025-11-10 01:18:41.922 38826 DEBUG heat.engine.service [req-dba7d32e-23f4-4ca4-9cab-c4f86ad05676 - - - - -] Service e3075c9e-7cb2-46d9-9184-bd442f39cefc is updated service_manage_report /usr/lib/python3/dist-packages/heat/engine/service.py:2370
2025-11-10 01:18:41.928 38828 DEBUG heat.engine.service [req-58ea3f22-4535-4c20-91e1-771a25011b6f - - - - -] Service a33daab1-f192-4dce-a43f-83bb82a46a0e is updated service_manage_report /usr/lib/python3/dist-packages/heat/engine/service.py:2370
2025-11-10 01:19:41.827 38829 DEBUG heat.engine.service [req-ff15d933-5891-4c9f-8944-f40dd5860c1a - - - - -] Service 3c000d5b-c0e4-4ac1-965e-7be51122d0de is updated service_manage_report /usr/lib/python3/dist-packages/heat/engine/service.py:2370
2025-11-10 01:19:41.840 38827 DEBUG heat.engine.service [req-f8e639d7-8da4-4269-b1ab-73f76078a1fb - - - - -] Service 39638878-23a9-4d9c-983b-955ffe20d05c is updated service_manage_report /usr/lib/python3/dist-packages/heat/engine/service.py:2370
2025-11-10 01:19:41.925 38826 DEBUG heat.engine.service [req-b5bf6417-23f5-4bd2-a78a-d54d7a716a9d - - - - -] Service e3075c9e-7cb2-46d9-9184-bd442f39cefc is updated service_manage_report /usr/lib/python3/dist-packages/heat/engine/service.py:2370
2025-11-10 01:19:41.929 38828 DEBUG heat.engine.service [req-99d28b92-9901-44ab-a448-fc92c91127e2 - - - - -] Service a33daab1-f192-4dce-a43f-83bb82a46a0e is updated service_manage_report /usr/lib/python3/dist-packages/heat/engine/service.py:2370
2025-11-10 01:20:41.830 38829 DEBUG heat.engine.service [req-b6f9c919-58ad-4f06-8ce3-9e2fc2fe03a6 - - - - -] Service 3c000d5b-c0e4-4ac1-965e-7be51122d0de is updated service_manage_report /usr/lib/python3/dist-packages/heat/engine/service.py:2370
2025-11-10 01:20:41.841 38827 DEBUG heat.engine.service [req-ea9aec29-90ee-4dd8-851b-ddde12a883c1 - - - - -] Service 39638878-23a9-4d9c-983b-955ffe20d05c is updated service_manage_report /usr/lib/python3/dist-packages/heat/engine/service.py:2370
2025-11-10 01:20:41.929 38826 DEBUG heat.engine.service [req-fb0f4392-524e-4f0f-b7e5-e627fc7e2e91 - - - - -] Service e3075c9e-7cb2-46d9-9184-bd442f39cefc is updated service_manage_report /usr/lib/python3/dist-packages/heat/engine/service.py:2370
2025-11-10 01:20:41.934 38828 DEBUG heat.engine.service [req-91abb24c-95f2-458c-b725-dd22aea964ce - - - - -] Service a33daab1-f192-4dce-a43f-83bb82a46a0e is updated service_manage_report /usr/lib/python3/dist-packages/heat/engine/service.py:2370
2025-11-10 01:21:41.834 38829 DEBUG heat.engine.service [req-b9451940-2a19-4993-ae8d-e33ea24a580f - - - - -] Service 3c000d5b-c0e4-4ac1-965e-7be51122d0de is updated service_manage_report /usr/lib/python3/dist-packages/heat/engine/service.py:2370
2025-11-10 01:21:41.844 38827 DEBUG heat.engine.service [req-86f524d3-b9c1-44df-b73f-b0429a10e770 - - - - -] Service 39638878-23a9-4d9c-983b-955ffe20d05c is updated service_manage_report /usr/lib/python3/dist-packages/heat/engine/service.py:2370
2025-11-10 01:21:41.932 38826 DEBUG heat.engine.service [req-913a5d41-8f2c-410c-bc24-b5cbe7c210f8 - - - - -] Service e3075c9e-7cb2-46d9-9184-bd442f39cefc is updated service_manage_report /usr/lib/python3/dist-packages/heat/engine/service.py:2370
2025-11-10 01:21:41.938 38828 DEBUG heat.engine.service [req-bb373205-2661-47ae-bae9-f4f59a509c94 - - - - -] Service a33daab1-f192-4dce-a43f-83bb82a46a0e is updated service_manage_report /usr/lib/python3/dist-packages/heat/engine/service.py:2370
2025-11-10 01:22:41.837 38829 DEBUG heat.engine.service [req-8f2d635a-06a0-4b99-9b50-82e8bb7226a2 - - - - -] Service 3c000d5b-c0e4-4ac1-965e-7be51122d0de is updated service_manage_report /usr/lib/python3/dist-packages/heat/engine/service.py:2370
2025-11-10 01:22:41.846 38827 DEBUG heat.engine.service [req-ae766fff-04c0-4737-9902-851f9c407476 - - - - -] Service 39638878-23a9-4d9c-983b-955ffe20d05c is updated service_manage_report /usr/lib/python3/dist-packages/heat/engine/service.py:2370
2025-11-10 01:22:41.936 38826 DEBUG heat.engine.service [req-b65f797f-2efd-4fbf-8098-5a3a59e09497 - - - - -] Service e3075c9e-7cb2-46d9-9184-bd442f39cefc is updated service_manage_report /usr/lib/python3/dist-packages/heat/engine/service.py:2370
2025-11-10 01:22:41.944 38828 DEBUG heat.engine.service [req-8eda31cf-fc47-44c6-8e36-d1c454cb07a0 - - - - -] Service a33daab1-f192-4dce-a43f-83bb82a46a0e is updated service_manage_report /usr/lib/python3/dist-packages/heat/engine/service.py:2370
2025-11-10 01:23:41.843 38829 DEBUG heat.engine.service [req-18d6a564-b089-49a1-b49b-84f686f0878e - - - - -] Service 3c000d5b-c0e4-4ac1-965e-7be51122d0de is updated service_manage_report /usr/lib/python3/dist-packages/heat/engine/service.py:2370
2025-11-10 01:23:41.849 38827 DEBUG heat.engine.service [req-9012ae0a-4ff5-4f57-8b22-4338f96b47d6 - - - - -] Service 39638878-23a9-4d9c-983b-955ffe20d05c is updated service_manage_report /usr/lib/python3/dist-packages/heat/engine/service.py:2370
2025-11-10 01:23:41.940 38826 DEBUG heat.engine.service [req-054a91df-a301-4680-ae17-17c82f73b360 - - - - -] Service e3075c9e-7cb2-46d9-9184-bd442f39cefc is updated service_manage_report /usr/lib/python3/dist-packages/heat/engine/service.py:2370
2025-11-10 01:23:41.945 38828 DEBUG heat.engine.service [req-45caa0b2-7b89-4f51-9740-50b52acea6ff - - - - -] Service a33daab1-f192-4dce-a43f-83bb82a46a0e is updated service_manage_report /usr/lib/python3/dist-packages/heat/engine/service.py:2370
2025-11-10 01:24:41.836 38829 DEBUG heat.engine.service [req-c6985c50-e56c-4d59-b4bd-84840293d530 - - - - -] Service 3c000d5b-c0e4-4ac1-965e-7be51122d0de is updated service_manage_report /usr/lib/python3/dist-packages/heat/engine/service.py:2370
2025-11-10 01:24:41.851 38827 DEBUG heat.engine.service [req-639e49b7-c598-4092-bf60-f74174f8dfef - - - - -] Service 39638878-23a9-4d9c-983b-955ffe20d05c is updated service_manage_report /usr/lib/python3/dist-packages/heat/engine/service.py:2370
2025-11-10 01:24:41.944 38826 DEBUG heat.engine.service [req-2ab34654-bc93-4fd5-9fb2-d67bf7bd0256 - - - - -] Service e3075c9e-7cb2-46d9-9184-bd442f39cefc is updated service_manage_report /usr/lib/python3/dist-packages/heat/engine/service.py:2370
2025-11-10 01:24:41.949 38828 DEBUG heat.engine.service [req-054c9fb6-ace1-46fd-b72f-6bacd4b969ba - - - - -] Service a33daab1-f192-4dce-a43f-83bb82a46a0e is updated service_manage_report /usr/lib/python3/dist-packages/heat/engine/service.py:2370
2025-11-10 01:25:41.841 38829 DEBUG heat.engine.service [req-9a370e60-ee95-4159-992e-38c0ae9a0822 - - - - -] Service 3c000d5b-c0e4-4ac1-965e-7be51122d0de is updated service_manage_report /usr/lib/python3/dist-packages/heat/engine/service.py:2370
2025-11-10 01:25:41.855 38827 DEBUG heat.engine.service [req-0ab269ee-aa6b-4f3a-8787-d6c972b66371 - - - - -] Service 39638878-23a9-4d9c-983b-955ffe20d05c is updated service_manage_report /usr/lib/python3/dist-packages/heat/engine/service.py:2370
2025-11-10 01:25:41.948 38826 DEBUG heat.engine.service [req-c2018bd9-51b9-4e24-b992-aceaaf8817f7 - - - - -] Service e3075c9e-7cb2-46d9-9184-bd442f39cefc is updated service_manage_report /usr/lib/python3/dist-packages/heat/engine/service.py:2370
2025-11-10 01:25:41.952 38828 DEBUG heat.engine.service [req-891b38f7-9f83-4e33-ba2a-a61bd65be7ad - - - - -] Service a33daab1-f192-4dce-a43f-83bb82a46a0e is updated service_manage_report /usr/lib/python3/dist-packages/heat/engine/service.py:2370
2025-11-10 01:26:41.845 38829 DEBUG heat.engine.service [req-915743d0-9680-4fba-9184-5eade2e9f8e7 - - - - -] Service 3c000d5b-c0e4-4ac1-965e-7be51122d0de is updated service_manage_report /usr/lib/python3/dist-packages/heat/engine/service.py:2370
2025-11-10 01:26:41.859 38827 DEBUG heat.engine.service [req-612525a7-8e48-44bb-b3fa-26520e52722c - - - - -] Service 39638878-23a9-4d9c-983b-955ffe20d05c is updated service_manage_report /usr/lib/python3/dist-packages/heat/engine/service.py:2370
2025-11-10 01:26:41.950 38826 DEBUG heat.engine.service [req-7a17e924-7534-4b85-817b-41defdd499ae - - - - -] Service e3075c9e-7cb2-46d9-9184-bd442f39cefc is updated service_manage_report /usr/lib/python3/dist-packages/heat/engine/service.py:2370
2025-11-10 01:26:41.952 38828 DEBUG heat.engine.service [req-e20e58d9-2711-469e-aecb-5583d48de445 - - - - -] Service a33daab1-f192-4dce-a43f-83bb82a46a0e is updated service_manage_report /usr/lib/python3/dist-packages/heat/engine/service.py:2370
2025-11-10 01:27:15.042 38826 DEBUG heat.engine.service [-] Attempting to stop engine service... _stop_rpc_server /usr/lib/python3/dist-packages/heat/engine/service.py:437
2025-11-10 01:27:15.042 38827 DEBUG heat.engine.service [-] Attempting to stop engine service... _stop_rpc_server /usr/lib/python3/dist-packages/heat/engine/service.py:437
2025-11-10 01:27:15.042 38829 DEBUG heat.engine.service [-] Attempting to stop engine service... _stop_rpc_server /usr/lib/python3/dist-packages/heat/engine/service.py:437
2025-11-10 01:27:15.042 38828 DEBUG heat.engine.service [-] Attempting to stop engine service... _stop_rpc_server /usr/lib/python3/dist-packages/heat/engine/service.py:437
2025-11-10 01:27:15.043 38591 INFO oslo_service.service [-] Caught SIGTERM, stopping children
2025-11-10 01:27:15.043 38591 DEBUG oslo_concurrency.lockutils [-] Acquired lock "singleton_lock" lock /usr/lib/python3/dist-packages/oslo_concurrency/lockutils.py:294
2025-11-10 01:27:15.044 38591 DEBUG oslo_concurrency.lockutils [-] Releasing lock "singleton_lock" lock /usr/lib/python3/dist-packages/oslo_concurrency/lockutils.py:312
2025-11-10 01:27:15.044 38591 DEBUG oslo_service.service [-] Stop services. stop /usr/lib/python3/dist-packages/oslo_service/service.py:695
2025-11-10 01:27:15.044 38591 INFO heat.engine.service [-] All threads were gone, terminating engine
2025-11-10 01:27:15.044 38591 DEBUG oslo_service.service [-] Killing children. stop /usr/lib/python3/dist-packages/oslo_service/service.py:700
2025-11-10 01:27:15.044 38591 INFO oslo_service.service [-] Waiting on 4 children to exit
2025-11-10 01:27:15.052 38591 INFO oslo_service.service [-] Child 38826 killed by signal 15
2025-11-10 01:27:15.054 38591 INFO oslo_service.service [-] Child 38827 killed by signal 15
2025-11-10 01:27:15.054 38591 INFO oslo_service.service [-] Child 38828 killed by signal 15
2025-11-10 01:27:15.055 38591 INFO oslo_service.service [-] Child 38829 killed by signal 15
2025-11-10 01:27:17.311 55489 DEBUG oslo_concurrency.lockutils [-] Lock "context-manager" acquired by "neutron_lib.db.api._create_context_manager" :: waited 0.000s inner /usr/lib/python3/dist-packages/oslo_concurrency/lockutils.py:386
2025-11-10 01:27:17.311 55489 DEBUG oslo_concurrency.lockutils [-] Lock "context-manager" "released" by "neutron_lib.db.api._create_context_manager" :: held 0.000s inner /usr/lib/python3/dist-packages/oslo_concurrency/lockutils.py:400
2025-11-10 01:27:17.576 55489 WARNING heat.engine.environment [-] OS::Aodh::Alarm is DEPRECATED. Theshold alarm relies on ceilometer-api and has been deprecated in aodh since Ocata. Use OS::Aodh::GnocchiAggregationByResourcesAlarm instead.
2025-11-10 01:27:17.577 55489 WARNING heat.engine.environment [-] OS::Aodh::CombinationAlarm is HIDDEN. OS::Aodh::CombinationAlarm is deprecated and has been removed from Aodh, use OS::Aodh::CompositeAlarm instead.
2025-11-10 01:27:17.577 55489 WARNING heat.engine.environment [-] OS::Designate::Domain is HIDDEN. This resource has been removed, use OS::Designate::Zone instead.
2025-11-10 01:27:17.577 55489 WARNING heat.engine.environment [-] OS::Designate::Record is HIDDEN. This resource has been removed, use OS::Designate::RecordSet instead.
2025-11-10 01:27:17.577 55489 WARNING heat.engine.environment [-] OS::Glance::Image is DEPRECATED. Creating a Glance Image based on an existing URL location requires the Glance v1 API, which is deprecated.
2025-11-10 01:27:17.577 55489 WARNING heat.engine.environment [-] OS::Heat::HARestarter is HIDDEN. The HARestarter resource type has been removed. Existing stacks containing HARestarter resources can still be used, but the HARestarter resource will be a placeholder that does nothing.
2025-11-10 01:27:17.578 55489 WARNING heat.engine.environment [-] OS::Heat::SoftwareDeployments is HIDDEN. Please use OS::Heat::SoftwareDeploymentGroup instead.
2025-11-10 01:27:17.578 55489 WARNING heat.engine.environment [-] OS::Heat::StructuredDeployments is HIDDEN. Please use OS::Heat::StructuredDeploymentGroup instead.
2025-11-10 01:27:17.578 55489 WARNING heat.engine.environment [-] OS::Magnum::Bay is HIDDEN. Please use OS::Magnum::Cluster instead.
2025-11-10 01:27:17.578 55489 WARNING heat.engine.environment [-] OS::Magnum::BayModel is HIDDEN. Please use OS::Magnum::ClusterTemplate instead.
2025-11-10 01:27:17.578 55489 WARNING heat.engine.environment [-] OS::Neutron::ExtraRoute is UNSUPPORTED. Use this resource at your own risk.
2025-11-10 01:27:17.579 55489 WARNING heat.engine.environment [-] OS::Neutron::HealthMonitor is HIDDEN. Use LBaaS V2 instead.
2025-11-10 01:27:17.579 55489 WARNING heat.engine.environment [-] OS::Neutron::Pool is HIDDEN. Use LBaaS V2 instead.
2025-11-10 01:27:17.579 55489 WARNING heat.engine.environment [-] OS::Neutron::PoolMember is HIDDEN. Use LBaaS V2 instead.
2025-11-10 01:27:17.579 55489 WARNING heat.engine.environment [-] OS::Neutron::LoadBalancer is HIDDEN. Use LBaaS V2 instead.
2025-11-10 01:27:17.580 55489 WARNING heat.engine.environment [-] OS::Neutron::RouterGateway is HIDDEN. Use the `external_gateway_info` property in the router resource to set up the gateway.
2025-11-10 01:27:17.580 55489 WARNING heat.engine.environment [-] OS::Nova::FloatingIP is HIDDEN. Please use OS::Neutron::FloatingIP instead.
2025-11-10 01:27:17.580 55489 WARNING heat.engine.environment [-] OS::Nova::FloatingIPAssociation is HIDDEN. Please use OS::Neutron::FloatingIPAssociation instead.
2025-11-10 01:27:17.581 55489 INFO heat.engine.environment [-] Loading /etc/heat/environment.d/default.yaml
2025-11-10 01:27:17.583 55489 INFO heat.engine.environment [-] Registered: [Plugin](User:False) AWS::AutoScaling::AutoScalingGroup ->
2025-11-10 01:27:17.583 55489 INFO heat.engine.environment [-] Registered: [Plugin](User:False) AWS::AutoScaling::LaunchConfiguration ->
2025-11-10 01:27:17.583 55489 INFO heat.engine.environment [-] Registered: [Plugin](User:False) AWS::AutoScaling::ScalingPolicy ->
2025-11-10 01:27:17.584 55489 INFO heat.engine.environment [-] Registered: [Plugin](User:False) AWS::CloudFormation::Stack ->
2025-11-10 01:27:17.584 55489 INFO heat.engine.environment [-] Registered: [Plugin](User:False) AWS::CloudFormation::WaitCondition ->
2025-11-10 01:27:17.584 55489 INFO heat.engine.environment [-] Registered: [Plugin](User:False) AWS::CloudFormation::WaitConditionHandle ->
2025-11-10 01:27:17.584 55489 INFO heat.engine.environment [-] Registered: [Plugin](User:False) AWS::EC2::EIP ->
2025-11-10 01:27:17.584 55489 INFO heat.engine.environment [-] Registered: [Plugin](User:False) AWS::EC2::EIPAssociation ->
2025-11-10 01:27:17.584 55489 INFO heat.engine.environment [-] Registered: [Plugin](User:False) AWS::EC2::Instance ->
2025-11-10 01:27:17.584 55489 INFO heat.engine.environment [-] Registered: [Plugin](User:False) AWS::EC2::InternetGateway ->
2025-11-10 01:27:17.584 55489 INFO heat.engine.environment [-] Registered: [Plugin](User:False) AWS::EC2::VPCGatewayAttachment ->
2025-11-10 01:27:17.585 55489 INFO heat.engine.environment [-] Registered: [Plugin](User:False) AWS::EC2::NetworkInterface ->
2025-11-10 01:27:17.585 55489 INFO heat.engine.environment [-] Registered: [Plugin](User:False) AWS::EC2::RouteTable ->
2025-11-10 01:27:17.585 55489 INFO heat.engine.environment [-] Registered: [Plugin](User:False) AWS::EC2::SubnetRouteTableAssociation ->
2025-11-10 01:27:17.585 55489 INFO heat.engine.environment [-] Registered: [Plugin](User:False) AWS::EC2::SecurityGroup ->
2025-11-10 01:27:17.585 55489 INFO heat.engine.environment [-] Registered: [Plugin](User:False) AWS::EC2::Subnet ->
2025-11-10 01:27:17.585 55489 INFO heat.engine.environment [-] Registered: [Plugin](User:False) AWS::EC2::Volume ->
2025-11-10 01:27:17.585 55489 INFO heat.engine.environment [-] Registered: [Plugin](User:False) AWS::EC2::VolumeAttachment ->
2025-11-10 01:27:17.585 55489 INFO heat.engine.environment [-] Registered: [Plugin](User:False) AWS::EC2::VPC ->
2025-11-10 01:27:17.585 55489 INFO heat.engine.environment [-] Registered: [Plugin](User:False) AWS::IAM::User ->
2025-11-10 01:27:17.586 55489 INFO heat.engine.environment [-] Registered: [Plugin](User:False) AWS::IAM::AccessKey ->
2025-11-10 01:27:17.586 55489 INFO heat.engine.environment [-] Registered: [Plugin](User:False) AWS::ElasticLoadBalancing::LoadBalancer ->
2025-11-10 01:27:17.586 55489 INFO heat.engine.environment [-] Registered: [Plugin](User:False) AWS::S3::Bucket ->
2025-11-10 01:27:17.586 55489 INFO heat.engine.environment [-] Registered: [Plugin](User:False) OS::Aodh::Alarm ->
2025-11-10 01:27:17.586 55489 INFO heat.engine.environment [-] Registered: [Plugin](User:False) OS::Aodh::CombinationAlarm ->
2025-11-10 01:27:17.586 55489 INFO heat.engine.environment [-] Registered: [Plugin](User:False) OS::Aodh::EventAlarm ->
2025-11-10 01:27:17.586 55489 INFO heat.engine.environment [-] Registered: [Plugin](User:False) OS::Aodh::LBMemberHealthAlarm ->
2025-11-10 01:27:17.586 55489 INFO heat.engine.environment [-] Registered: [Plugin](User:False) OS::Aodh::CompositeAlarm ->
2025-11-10 01:27:17.586 55489 INFO heat.engine.environment [-] Registered: [Plugin](User:False) OS::Aodh::GnocchiResourcesAlarm ->
2025-11-10 01:27:17.586 55489 INFO heat.engine.environment [-] Registered: [Plugin](User:False) OS::Aodh::GnocchiAggregationByMetricsAlarm ->
2025-11-10 01:27:17.587 55489 INFO heat.engine.environment [-] Registered: [Plugin](User:False) OS::Aodh::GnocchiAggregationByResourcesAlarm ->
2025-11-10 01:27:17.587 55489 INFO heat.engine.environment [-] Registered: [Plugin](User:False) OS::Barbican::GenericContainer ->
2025-11-10 01:27:17.587 55489 INFO heat.engine.environment [-] Registered: [Plugin](User:False) OS::Barbican::CertificateContainer ->
2025-11-10 01:27:17.587 55489 INFO heat.engine.environment [-] Registered: [Plugin](User:False) OS::Barbican::RSAContainer ->
2025-11-10 01:27:17.587 55489 INFO heat.engine.environment [-] Registered: [Plugin](User:False) OS::Barbican::Order ->
2025-11-10 01:27:17.587 55489 INFO heat.engine.environment [-] Registered: [Plugin](User:False) OS::Barbican::Secret ->
2025-11-10 01:27:17.587 55489 INFO heat.engine.environment [-] Registered: [Plugin](User:False) OS::Blazar::Host ->
2025-11-10 01:27:17.587 55489 INFO heat.engine.environment [-] Registered: [Plugin](User:False) OS::Blazar::Lease ->
2025-11-10 01:27:17.587 55489 INFO heat.engine.environment [-] Registered: [Plugin](User:False) OS::Cinder::EncryptedVolumeType ->
2025-11-10 01:27:17.587 55489 INFO heat.engine.environment [-] Registered: [Plugin](User:False) OS::Cinder::QoSSpecs ->
2025-11-10 01:27:17.588 55489 INFO heat.engine.environment [-] Registered: [Plugin](User:False) OS::Cinder::QoSAssociation ->
2025-11-10 01:27:17.588 55489 INFO heat.engine.environment [-] Registered: [Plugin](User:False) OS::Cinder::Quota ->
2025-11-10 01:27:17.588 55489 INFO heat.engine.environment [-] Registered: [Plugin](User:False) OS::Cinder::Volume ->
2025-11-10 01:27:17.588 55489 INFO heat.engine.environment [-] Registered: [Plugin](User:False) OS::Cinder::VolumeAttachment ->
2025-11-10 01:27:17.588 55489 INFO heat.engine.environment [-] Registered: [Plugin](User:False) OS::Cinder::VolumeType ->
2025-11-10 01:27:17.588 55489 INFO heat.engine.environment [-] Registered: [Plugin](User:False) OS::Designate::Domain ->
2025-11-10 01:27:17.588 55489 INFO heat.engine.environment [-] Registered: [Plugin](User:False) OS::Designate::Record ->
2025-11-10 01:27:17.588 55489 INFO heat.engine.environment [-] Registered: [Plugin](User:False) OS::Designate::RecordSet ->
2025-11-10 01:27:17.588 55489 INFO heat.engine.environment [-] Registered: [Plugin](User:False) OS::Designate::Zone ->
2025-11-10 01:27:17.589 55489 INFO heat.engine.environment [-] Registered: [Plugin](User:False) OS::Glance::Image ->
2025-11-10 01:27:17.589 55489 INFO heat.engine.environment [-] Registered: [Plugin](User:False) OS::Glance::WebImage ->
2025-11-10 01:27:17.589 55489 INFO heat.engine.environment [-] Registered: [Plugin](User:False) OS::Heat::AccessPolicy ->
2025-11-10 01:27:17.589 55489 INFO heat.engine.environment [-] Registered: [Plugin](User:False) OS::Heat::AutoScalingGroup ->
2025-11-10 01:27:17.589 55489 INFO heat.engine.environment [-] Registered: [Plugin](User:False) OS::Heat::CloudConfig ->
2025-11-10 01:27:17.589 55489 INFO heat.engine.environment [-] Registered: [Plugin](User:False) OS::Heat::Delay ->
2025-11-10 01:27:17.589 55489 INFO heat.engine.environment [-] Registered: [Plugin](User:False) OS::Heat::DeployedServer ->
2025-11-10 01:27:17.589 55489 INFO heat.engine.environment [-] Registered: [Plugin](User:False) OS::Heat::HARestarter ->
2025-11-10 01:27:17.589 55489 INFO heat.engine.environment [-] Registered: [Plugin](User:False) OS::Heat::InstanceGroup ->
2025-11-10 01:27:17.589 55489 INFO heat.engine.environment [-] Registered: [Plugin](User:False) OS::Heat::MultipartMime ->
2025-11-10 01:27:17.590 55489 INFO heat.engine.environment [-] Registered: [Plugin](User:False) OS::Heat::None ->
2025-11-10 01:27:17.590 55489 INFO heat.engine.environment [-] Registered: [Plugin](User:False) OS::Heat::RandomString ->
2025-11-10 01:27:17.590 55489 INFO heat.engine.environment [-] Registered: [Plugin](User:False) OS::Heat::Stack ->
2025-11-10 01:27:17.590 55489 INFO heat.engine.environment [-] Registered: [Plugin](User:False) OS::Heat::ResourceChain ->
2025-11-10 01:27:17.590 55489 INFO heat.engine.environment [-] Registered: [Plugin](User:False) OS::Heat::ResourceGroup ->
2025-11-10 01:27:17.590 55489 INFO heat.engine.environment [-] Registered: [Plugin](User:False) OS::Heat::ScalingPolicy ->
2025-11-10 01:27:17.590 55489 INFO heat.engine.environment [-] Registered: [Plugin](User:False) OS::Heat::SoftwareComponent ->
2025-11-10 01:27:17.590 55489 INFO heat.engine.environment [-] Registered: [Plugin](User:False) OS::Heat::SoftwareConfig ->
2025-11-10 01:27:17.590 55489 INFO heat.engine.environment [-] Registered: [Plugin](User:False) OS::Heat::SoftwareDeployment ->
2025-11-10 01:27:17.591 55489 INFO heat.engine.environment [-] Registered: [Plugin](User:False) OS::Heat::SoftwareDeploymentGroup ->
2025-11-10 01:27:17.591 55489 INFO heat.engine.environment [-] Registered: [Plugin](User:False) OS::Heat::SoftwareDeployments ->
2025-11-10 01:27:17.591 55489 INFO heat.engine.environment [-] Registered: [Plugin](User:False) OS::Heat::StructuredConfig ->
2025-11-10 01:27:17.591 55489 INFO heat.engine.environment [-] Registered: [Plugin](User:False) OS::Heat::StructuredDeployment ->
2025-11-10 01:27:17.591 55489 INFO heat.engine.environment [-] Registered: [Plugin](User:False) OS::Heat::StructuredDeploymentGroup ->
2025-11-10 01:27:17.591 55489 INFO heat.engine.environment [-] Registered: [Plugin](User:False) OS::Heat::StructuredDeployments ->
