2025-11-10 01:32:11.003 64357 DEBUG oslo_service.service [-] oslo_messaging_metrics.metrics_socket_file = /var/tmp/metrics_collector.sock log_opt_values /usr/lib/python3/dist-packages/oslo_config/cfg.py:2609
2025-11-10 01:32:11.003 64357 DEBUG oslo_service.service [-] oslo_messaging_metrics.metrics_thread_stop_timeout = 10 log_opt_values /usr/lib/python3/dist-packages/oslo_config/cfg.py:2609
2025-11-10 01:32:11.003 64357 DEBUG oslo_service.service [-] oslo_policy.enforce_new_defaults = False log_opt_values /usr/lib/python3/dist-packages/oslo_config/cfg.py:2609
2025-11-10 01:32:11.004 64357 DEBUG oslo_service.service [-] oslo_policy.enforce_scope = False log_opt_values /usr/lib/python3/dist-packages/oslo_config/cfg.py:2609
2025-11-10 01:32:11.004 64357 DEBUG oslo_service.service [-] oslo_policy.policy_default_rule = default log_opt_values /usr/lib/python3/dist-packages/oslo_config/cfg.py:2609
2025-11-10 01:32:11.004 64357 DEBUG oslo_service.service [-] oslo_policy.policy_dirs = ['policy.d'] log_opt_values /usr/lib/python3/dist-packages/oslo_config/cfg.py:2609
2025-11-10 01:32:11.004 64357 DEBUG oslo_service.service [-] oslo_policy.policy_file = policy.yaml log_opt_values /usr/lib/python3/dist-packages/oslo_config/cfg.py:2609
2025-11-10 01:32:11.004 64357 DEBUG oslo_service.service [-] oslo_policy.remote_content_type = application/x-www-form-urlencoded log_opt_values /usr/lib/python3/dist-packages/oslo_config/cfg.py:2609
2025-11-10 01:32:11.004 64357 DEBUG oslo_service.service [-] oslo_policy.remote_ssl_ca_crt_file = None log_opt_values /usr/lib/python3/dist-packages/oslo_config/cfg.py:2609
2025-11-10 01:32:11.004 64357 DEBUG oslo_service.service [-] oslo_policy.remote_ssl_client_crt_file = None log_opt_values /usr/lib/python3/dist-packages/oslo_config/cfg.py:2609
2025-11-10 01:32:11.004 64357 DEBUG oslo_service.service [-] oslo_policy.remote_ssl_client_key_file = None log_opt_values /usr/lib/python3/dist-packages/oslo_config/cfg.py:2609
2025-11-10 01:32:11.004 64357 DEBUG oslo_service.service [-] oslo_policy.remote_ssl_verify_server_crt = False log_opt_values /usr/lib/python3/dist-packages/oslo_config/cfg.py:2609
2025-11-10 01:32:11.005 64357 DEBUG oslo_service.service [-] trustee.auth_section = None log_opt_values /usr/lib/python3/dist-packages/oslo_config/cfg.py:2609
2025-11-10 01:32:11.005 64357 WARNING oslo_config.cfg [-] Deprecated: Option "auth_plugin" from group "trustee" is deprecated. Use option "auth_type" from group "trustee".
2025-11-10 01:32:11.005 64357 DEBUG oslo_service.service [-] trustee.auth_type = password log_opt_values /usr/lib/python3/dist-packages/oslo_config/cfg.py:2609
2025-11-10 01:32:11.006 64357 DEBUG oslo_service.service [-] oslo_versionedobjects.fatal_exception_format_errors = False log_opt_values /usr/lib/python3/dist-packages/oslo_config/cfg.py:2609
2025-11-10 01:32:11.006 64357 DEBUG oslo_service.service [-] oslo_messaging_rabbit.amqp_auto_delete = False log_opt_values /usr/lib/python3/dist-packages/oslo_config/cfg.py:2609
2025-11-10 01:32:11.006 64357 DEBUG oslo_service.service [-] oslo_messaging_rabbit.amqp_durable_queues = False log_opt_values /usr/lib/python3/dist-packages/oslo_config/cfg.py:2609
2025-11-10 01:32:11.006 64357 DEBUG oslo_service.service [-] oslo_messaging_rabbit.conn_pool_min_size = 2 log_opt_values /usr/lib/python3/dist-packages/oslo_config/cfg.py:2609
2025-11-10 01:32:11.006 64357 DEBUG oslo_service.service [-] oslo_messaging_rabbit.conn_pool_ttl = 1200 log_opt_values /usr/lib/python3/dist-packages/oslo_config/cfg.py:2609
2025-11-10 01:32:11.006 64357 DEBUG oslo_service.service [-] oslo_messaging_rabbit.direct_mandatory_flag = True log_opt_values /usr/lib/python3/dist-packages/oslo_config/cfg.py:2609
2025-11-10 01:32:11.006 64357 DEBUG oslo_service.service [-] oslo_messaging_rabbit.enable_cancel_on_failover = False log_opt_values /usr/lib/python3/dist-packages/oslo_config/cfg.py:2609
2025-11-10 01:32:11.006 64357 DEBUG oslo_service.service [-] oslo_messaging_rabbit.heartbeat_in_pthread = False log_opt_values /usr/lib/python3/dist-packages/oslo_config/cfg.py:2609
2025-11-10 01:32:11.007 64357 DEBUG oslo_service.service [-] oslo_messaging_rabbit.heartbeat_rate = 2 log_opt_values /usr/lib/python3/dist-packages/oslo_config/cfg.py:2609
2025-11-10 01:32:11.007 64357 DEBUG oslo_service.service [-] oslo_messaging_rabbit.heartbeat_timeout_threshold = 60 log_opt_values /usr/lib/python3/dist-packages/oslo_config/cfg.py:2609
2025-11-10 01:32:11.007 64357 DEBUG oslo_service.service [-] oslo_messaging_rabbit.kombu_compression = None log_opt_values /usr/lib/python3/dist-packages/oslo_config/cfg.py:2609
2025-11-10 01:32:11.007 64357 DEBUG oslo_service.service [-] oslo_messaging_rabbit.kombu_failover_strategy = round-robin log_opt_values /usr/lib/python3/dist-packages/oslo_config/cfg.py:2609
2025-11-10 01:32:11.007 64357 DEBUG oslo_service.service [-] oslo_messaging_rabbit.kombu_missing_consumer_retry_timeout = 60 log_opt_values /usr/lib/python3/dist-packages/oslo_config/cfg.py:2609
2025-11-10 01:32:11.007 64357 DEBUG oslo_service.service [-] oslo_messaging_rabbit.kombu_reconnect_delay = 1.0 log_opt_values /usr/lib/python3/dist-packages/oslo_config/cfg.py:2609
2025-11-10 01:32:11.007 64357 DEBUG oslo_service.service [-] oslo_messaging_rabbit.rabbit_ha_queues = False log_opt_values /usr/lib/python3/dist-packages/oslo_config/cfg.py:2609
2025-11-10 01:32:11.007 64357 DEBUG oslo_service.service [-] oslo_messaging_rabbit.rabbit_interval_max = 30 log_opt_values /usr/lib/python3/dist-packages/oslo_config/cfg.py:2609
2025-11-10 01:32:11.007 64357 DEBUG oslo_service.service [-] oslo_messaging_rabbit.rabbit_login_method = AMQPLAIN log_opt_values /usr/lib/python3/dist-packages/oslo_config/cfg.py:2609
2025-11-10 01:32:11.008 64357 DEBUG oslo_service.service [-] oslo_messaging_rabbit.rabbit_qos_prefetch_count = 0 log_opt_values /usr/lib/python3/dist-packages/oslo_config/cfg.py:2609
2025-11-10 01:32:11.007 64600 DEBUG oslo_db.sqlalchemy.engines [req-dfcbc338-832b-4ad8-b66c-e62cb945d198 - - - - -] MySQL server mode set to STRICT_TRANS_TABLES,STRICT_ALL_TABLES,NO_ZERO_IN_DATE,NO_ZERO_DATE,ERROR_FOR_DIVISION_BY_ZERO,TRADITIONAL,NO_ENGINE_SUBSTITUTION _check_effective_sql_mode /usr/lib/python3/dist-packages/oslo_db/sqlalchemy/engines.py:314
2025-11-10 01:32:11.008 64357 DEBUG oslo_service.service [-] oslo_messaging_rabbit.rabbit_quorum_queue = False log_opt_values /usr/lib/python3/dist-packages/oslo_config/cfg.py:2609
2025-11-10 01:32:11.008 64357 DEBUG oslo_service.service [-] oslo_messaging_rabbit.rabbit_retry_backoff = 2 log_opt_values /usr/lib/python3/dist-packages/oslo_config/cfg.py:2609
2025-11-10 01:32:11.008 64357 DEBUG oslo_service.service [-] oslo_messaging_rabbit.rabbit_retry_interval = 1 log_opt_values /usr/lib/python3/dist-packages/oslo_config/cfg.py:2609
2025-11-10 01:32:11.008 64357 DEBUG oslo_service.service [-] oslo_messaging_rabbit.rabbit_transient_queues_ttl = 1800 log_opt_values /usr/lib/python3/dist-packages/oslo_config/cfg.py:2609
2025-11-10 01:32:11.008 64357 DEBUG oslo_service.service [-] oslo_messaging_rabbit.rpc_conn_pool_size = 30 log_opt_values /usr/lib/python3/dist-packages/oslo_config/cfg.py:2609
2025-11-10 01:32:11.008 64357 DEBUG oslo_service.service [-] oslo_messaging_rabbit.ssl = False log_opt_values /usr/lib/python3/dist-packages/oslo_config/cfg.py:2609
2025-11-10 01:32:11.008 64357 DEBUG oslo_service.service [-] oslo_messaging_rabbit.ssl_ca_file = log_opt_values /usr/lib/python3/dist-packages/oslo_config/cfg.py:2609
2025-11-10 01:32:11.008 64357 DEBUG oslo_service.service [-] oslo_messaging_rabbit.ssl_cert_file = log_opt_values /usr/lib/python3/dist-packages/oslo_config/cfg.py:2609
2025-11-10 01:32:11.009 64357 DEBUG oslo_service.service [-] oslo_messaging_rabbit.ssl_key_file = log_opt_values /usr/lib/python3/dist-packages/oslo_config/cfg.py:2609
2025-11-10 01:32:11.009 64357 DEBUG oslo_service.service [-] oslo_messaging_rabbit.ssl_version = log_opt_values /usr/lib/python3/dist-packages/oslo_config/cfg.py:2609
2025-11-10 01:32:11.009 64357 DEBUG oslo_service.service [-] oslo_messaging_notifications.driver = [] log_opt_values /usr/lib/python3/dist-packages/oslo_config/cfg.py:2609
2025-11-10 01:32:11.009 64357 DEBUG oslo_service.service [-] oslo_messaging_notifications.retry = -1 log_opt_values /usr/lib/python3/dist-packages/oslo_config/cfg.py:2609
2025-11-10 01:32:11.009 64357 DEBUG oslo_service.service [-] oslo_messaging_notifications.topics = ['notifications'] log_opt_values /usr/lib/python3/dist-packages/oslo_config/cfg.py:2609
2025-11-10 01:32:11.009 64357 DEBUG oslo_service.service [-] oslo_messaging_notifications.transport_url = **** log_opt_values /usr/lib/python3/dist-packages/oslo_config/cfg.py:2609
2025-11-10 01:32:11.009 64357 DEBUG oslo_service.service [-] cache.backend = dogpile.cache.null log_opt_values /usr/lib/python3/dist-packages/oslo_config/cfg.py:2609
2025-11-10 01:32:11.009 64357 DEBUG oslo_service.service [-] cache.backend_argument = **** log_opt_values /usr/lib/python3/dist-packages/oslo_config/cfg.py:2609
2025-11-10 01:32:11.009 64357 DEBUG oslo_service.service [-] cache.config_prefix = cache.oslo log_opt_values /usr/lib/python3/dist-packages/oslo_config/cfg.py:2609
2025-11-10 01:32:11.010 64357 DEBUG oslo_service.service [-] cache.debug_cache_backend = False log_opt_values /usr/lib/python3/dist-packages/oslo_config/cfg.py:2609
2025-11-10 01:32:11.010 64357 DEBUG oslo_service.service [-] cache.enabled = False log_opt_values /usr/lib/python3/dist-packages/oslo_config/cfg.py:2609
2025-11-10 01:32:11.010 64357 DEBUG oslo_service.service [-] cache.expiration_time = 600 log_opt_values /usr/lib/python3/dist-packages/oslo_config/cfg.py:2609
2025-11-10 01:32:11.010 64357 DEBUG oslo_service.service [-] cache.memcache_dead_retry = 300 log_opt_values /usr/lib/python3/dist-packages/oslo_config/cfg.py:2609
2025-11-10 01:32:11.010 64357 DEBUG oslo_service.service [-] cache.memcache_pool_connection_get_timeout = 10 log_opt_values /usr/lib/python3/dist-packages/oslo_config/cfg.py:2609
2025-11-10 01:32:11.010 64357 DEBUG oslo_service.service [-] cache.memcache_pool_flush_on_reconnect = False log_opt_values /usr/lib/python3/dist-packages/oslo_config/cfg.py:2609
2025-11-10 01:32:11.010 64357 DEBUG oslo_service.service [-] cache.memcache_pool_maxsize = 10 log_opt_values /usr/lib/python3/dist-packages/oslo_config/cfg.py:2609
2025-11-10 01:32:11.010 64357 DEBUG oslo_service.service [-] cache.memcache_pool_unused_timeout = 60 log_opt_values /usr/lib/python3/dist-packages/oslo_config/cfg.py:2609
2025-11-10 01:32:11.010 64357 DEBUG oslo_service.service [-] cache.memcache_servers = ['localhost:11211'] log_opt_values /usr/lib/python3/dist-packages/oslo_config/cfg.py:2609
2025-11-10 01:32:11.011 64357 DEBUG oslo_service.service [-] cache.memcache_socket_timeout = 1.0 log_opt_values /usr/lib/python3/dist-packages/oslo_config/cfg.py:2609
2025-11-10 01:32:11.011 64357 DEBUG oslo_service.service [-] cache.proxies = [] log_opt_values /usr/lib/python3/dist-packages/oslo_config/cfg.py:2609
2025-11-10 01:32:11.011 64357 DEBUG oslo_service.service [-] cache.tls_allowed_ciphers = None log_opt_values /usr/lib/python3/dist-packages/oslo_config/cfg.py:2609
2025-11-10 01:32:11.011 64357 DEBUG oslo_service.service [-] cache.tls_cafile = None log_opt_values /usr/lib/python3/dist-packages/oslo_config/cfg.py:2609
2025-11-10 01:32:11.011 64357 DEBUG oslo_service.service [-] cache.tls_certfile = None log_opt_values /usr/lib/python3/dist-packages/oslo_config/cfg.py:2609
2025-11-10 01:32:11.011 64357 DEBUG oslo_service.service [-] cache.tls_enabled = False log_opt_values /usr/lib/python3/dist-packages/oslo_config/cfg.py:2609
2025-11-10 01:32:11.011 64357 DEBUG oslo_service.service [-] cache.tls_keyfile = None log_opt_values /usr/lib/python3/dist-packages/oslo_config/cfg.py:2609
2025-11-10 01:32:11.011 64357 DEBUG oslo_service.service [-] constraint_validation_cache.caching = True log_opt_values /usr/lib/python3/dist-packages/oslo_config/cfg.py:2609
2025-11-10 01:32:11.012 64357 DEBUG oslo_service.service [-] constraint_validation_cache.expiration_time = 60 log_opt_values /usr/lib/python3/dist-packages/oslo_config/cfg.py:2609
2025-11-10 01:32:11.012 64357 DEBUG oslo_service.service [-] service_extension_cache.caching = True log_opt_values /usr/lib/python3/dist-packages/oslo_config/cfg.py:2609
2025-11-10 01:32:11.012 64357 DEBUG oslo_service.service [-] service_extension_cache.expiration_time = 3600 log_opt_values /usr/lib/python3/dist-packages/oslo_config/cfg.py:2609
2025-11-10 01:32:11.012 64357 DEBUG oslo_service.service [-] resource_finder_cache.caching = True log_opt_values /usr/lib/python3/dist-packages/oslo_config/cfg.py:2609
2025-11-10 01:32:11.012 64357 DEBUG oslo_service.service [-] resource_finder_cache.expiration_time = 3600 log_opt_values /usr/lib/python3/dist-packages/oslo_config/cfg.py:2609
2025-11-10 01:32:11.012 64357 DEBUG oslo_service.service [-] yaql.limit_iterators = 200 log_opt_values /usr/lib/python3/dist-packages/oslo_config/cfg.py:2609
2025-11-10 01:32:11.012 64357 DEBUG oslo_service.service [-] yaql.memory_quota = 10000 log_opt_values /usr/lib/python3/dist-packages/oslo_config/cfg.py:2609
2025-11-10 01:32:11.012 64357 DEBUG oslo_service.service [-] ******************************************************************************** log_opt_values /usr/lib/python3/dist-packages/oslo_config/cfg.py:2613
2025-11-10 01:32:11.015 64599 DEBUG oslo_db.sqlalchemy.engines [req-89ff241c-93fe-4d9b-8c4b-ac19ab22291e - - - - -] MySQL server mode set to STRICT_TRANS_TABLES,STRICT_ALL_TABLES,NO_ZERO_IN_DATE,NO_ZERO_DATE,ERROR_FOR_DIVISION_BY_ZERO,TRADITIONAL,NO_ENGINE_SUBSTITUTION _check_effective_sql_mode /usr/lib/python3/dist-packages/oslo_db/sqlalchemy/engines.py:314
2025-11-10 01:32:11.039 64602 DEBUG oslo_db.sqlalchemy.engines [req-ab87f2da-fc47-4be0-aef8-1ca6ae807e16 - - - - -] MySQL server mode set to STRICT_TRANS_TABLES,STRICT_ALL_TABLES,NO_ZERO_IN_DATE,NO_ZERO_DATE,ERROR_FOR_DIVISION_BY_ZERO,TRADITIONAL,NO_ENGINE_SUBSTITUTION _check_effective_sql_mode /usr/lib/python3/dist-packages/oslo_db/sqlalchemy/engines.py:314
2025-11-10 01:32:11.041 64601 DEBUG oslo_db.sqlalchemy.engines [req-0391c043-416b-4366-9bc0-615f8cf3a8d4 - - - - -] MySQL server mode set to STRICT_TRANS_TABLES,STRICT_ALL_TABLES,NO_ZERO_IN_DATE,NO_ZERO_DATE,ERROR_FOR_DIVISION_BY_ZERO,TRADITIONAL,NO_ENGINE_SUBSTITUTION _check_effective_sql_mode /usr/lib/python3/dist-packages/oslo_db/sqlalchemy/engines.py:314
2025-11-10 01:32:11.082 64600 DEBUG heat.engine.service [req-ce1540b8-27b6-40ec-a227-6aa000d9d954 - - - - -] Service 5b1ddd7a-bb3e-46bf-b7eb-d1afdc8c3171 is started service_manage_report /usr/lib/python3/dist-packages/heat/engine/service.py:2363
2025-11-10 01:32:11.110 64600 DEBUG heat.engine.service [req-ce1540b8-27b6-40ec-a227-6aa000d9d954 - - - - -] Service 5b1ddd7a-bb3e-46bf-b7eb-d1afdc8c3171 is updated service_manage_report /usr/lib/python3/dist-packages/heat/engine/service.py:2370
2025-11-10 01:32:11.148 64599 DEBUG heat.engine.service [req-ad156b63-8841-4fd1-8b26-5f2d11d89c23 - - - - -] Service 597233bb-a891-4c1d-ac94-701ca6473d13 is started service_manage_report /usr/lib/python3/dist-packages/heat/engine/service.py:2363
2025-11-10 01:32:11.149 64601 DEBUG heat.engine.service [req-53f94793-8bab-468d-9871-830a63c17354 - - - - -] Service 29f71cea-fbe6-42a1-bd5d-543538f85fad is started service_manage_report /usr/lib/python3/dist-packages/heat/engine/service.py:2363
2025-11-10 01:32:11.155 64602 DEBUG heat.engine.service [req-f59947cb-26ae-4ced-b957-569cca9f32bb - - - - -] Service 79728dc8-40c2-4a38-ad2a-93ccbbb16ac2 is started service_manage_report /usr/lib/python3/dist-packages/heat/engine/service.py:2363
2025-11-10 01:32:11.173 64599 DEBUG heat.engine.service [req-ad156b63-8841-4fd1-8b26-5f2d11d89c23 - - - - -] Service 597233bb-a891-4c1d-ac94-701ca6473d13 is updated service_manage_report /usr/lib/python3/dist-packages/heat/engine/service.py:2370
2025-11-10 01:32:11.182 64602 DEBUG heat.engine.service [req-f59947cb-26ae-4ced-b957-569cca9f32bb - - - - -] Service 79728dc8-40c2-4a38-ad2a-93ccbbb16ac2 is updated service_manage_report /usr/lib/python3/dist-packages/heat/engine/service.py:2370
2025-11-10 01:32:11.182 64601 DEBUG heat.engine.service [req-53f94793-8bab-468d-9871-830a63c17354 - - - - -] Service 29f71cea-fbe6-42a1-bd5d-543538f85fad is updated service_manage_report /usr/lib/python3/dist-packages/heat/engine/service.py:2370
2025-11-10 01:33:11.073 64600 DEBUG heat.engine.service [req-e6dc7af8-fb98-4de3-b724-a93bb3e7b58b - - - - -] Service 5b1ddd7a-bb3e-46bf-b7eb-d1afdc8c3171 is updated service_manage_report /usr/lib/python3/dist-packages/heat/engine/service.py:2370
2025-11-10 01:33:11.115 64601 DEBUG heat.engine.service [req-d848138d-9d63-440a-bc61-264d13120494 - - - - -] Service 29f71cea-fbe6-42a1-bd5d-543538f85fad is updated service_manage_report /usr/lib/python3/dist-packages/heat/engine/service.py:2370
2025-11-10 01:33:11.127 64599 DEBUG heat.engine.service [req-d7991000-d6ee-4907-bbac-1cdb87b27ca0 - - - - -] Service 597233bb-a891-4c1d-ac94-701ca6473d13 is updated service_manage_report /usr/lib/python3/dist-packages/heat/engine/service.py:2370
2025-11-10 01:33:11.134 64602 DEBUG heat.engine.service [req-49d244fa-70eb-4cbe-936f-d0360be55bb3 - - - - -] Service 79728dc8-40c2-4a38-ad2a-93ccbbb16ac2 is updated service_manage_report /usr/lib/python3/dist-packages/heat/engine/service.py:2370
2025-11-10 01:34:11.075 64600 DEBUG heat.engine.service [req-c36bbba3-fc10-4baa-a67a-cc444c276198 - - - - -] Service 5b1ddd7a-bb3e-46bf-b7eb-d1afdc8c3171 is updated service_manage_report /usr/lib/python3/dist-packages/heat/engine/service.py:2370
2025-11-10 01:34:11.119 64601 DEBUG heat.engine.service [req-2082a35a-e0ff-4946-a0dc-555949b9aa48 - - - - -] Service 29f71cea-fbe6-42a1-bd5d-543538f85fad is updated service_manage_report /usr/lib/python3/dist-packages/heat/engine/service.py:2370
2025-11-10 01:34:11.132 64599 DEBUG heat.engine.service [req-cb6972c5-b184-4e18-8eca-e18eb502a3e1 - - - - -] Service 597233bb-a891-4c1d-ac94-701ca6473d13 is updated service_manage_report /usr/lib/python3/dist-packages/heat/engine/service.py:2370
2025-11-10 01:34:11.138 64602 DEBUG heat.engine.service [req-34bd58f5-a14c-4cc6-ab92-ff8234cfdac3 - - - - -] Service 79728dc8-40c2-4a38-ad2a-93ccbbb16ac2 is updated service_manage_report /usr/lib/python3/dist-packages/heat/engine/service.py:2370
2025-11-10 01:35:11.068 64600 DEBUG heat.engine.service [req-4b593c49-9f60-47b8-989f-a86086927ee6 - - - - -] Service 5b1ddd7a-bb3e-46bf-b7eb-d1afdc8c3171 is updated service_manage_report /usr/lib/python3/dist-packages/heat/engine/service.py:2370
2025-11-10 01:35:11.123 64601 DEBUG heat.engine.service [req-ea2df900-b40f-42fe-ac5d-f3a76f12a336 - - - - -] Service 29f71cea-fbe6-42a1-bd5d-543538f85fad is updated service_manage_report /usr/lib/python3/dist-packages/heat/engine/service.py:2370
2025-11-10 01:35:11.134 64599 DEBUG heat.engine.service [req-7d214134-a188-4b2d-8bb5-e236da188c1e - - - - -] Service 597233bb-a891-4c1d-ac94-701ca6473d13 is updated service_manage_report /usr/lib/python3/dist-packages/heat/engine/service.py:2370
2025-11-10 01:35:11.141 64602 DEBUG heat.engine.service [req-db20f70a-eba5-4793-9b1e-c29e55dee9a7 - - - - -] Service 79728dc8-40c2-4a38-ad2a-93ccbbb16ac2 is updated service_manage_report /usr/lib/python3/dist-packages/heat/engine/service.py:2370
2025-11-10 01:36:11.071 64600 DEBUG heat.engine.service [req-dc9e7dce-bb99-4005-a339-671d4bcd9f5f - - - - -] Service 5b1ddd7a-bb3e-46bf-b7eb-d1afdc8c3171 is updated service_manage_report /usr/lib/python3/dist-packages/heat/engine/service.py:2370
2025-11-10 01:36:11.126 64601 DEBUG heat.engine.service [req-072668d1-7e75-4228-99ac-7a5e4c55ce68 - - - - -] Service 29f71cea-fbe6-42a1-bd5d-543538f85fad is updated service_manage_report /usr/lib/python3/dist-packages/heat/engine/service.py:2370
2025-11-10 01:36:11.139 64599 DEBUG heat.engine.service [req-1ec0eb13-dfb2-42b8-adab-07f27d60be6b - - - - -] Service 597233bb-a891-4c1d-ac94-701ca6473d13 is updated service_manage_report /usr/lib/python3/dist-packages/heat/engine/service.py:2370
2025-11-10 01:36:11.147 64602 DEBUG heat.engine.service [req-c471eeed-6a8d-470c-84a3-6019a90849bb - - - - -] Service 79728dc8-40c2-4a38-ad2a-93ccbbb16ac2 is updated service_manage_report /usr/lib/python3/dist-packages/heat/engine/service.py:2370
2025-11-10 01:37:11.074 64600 DEBUG heat.engine.service [req-2c4dc693-b5d1-452a-8641-302912fa3af4 - - - - -] Service 5b1ddd7a-bb3e-46bf-b7eb-d1afdc8c3171 is updated service_manage_report /usr/lib/python3/dist-packages/heat/engine/service.py:2370
2025-11-10 01:37:11.135 64601 DEBUG heat.engine.service [req-c9f72179-59ed-46f2-bcb5-78fcd78828e0 - - - - -] Service 29f71cea-fbe6-42a1-bd5d-543538f85fad is updated service_manage_report /usr/lib/python3/dist-packages/heat/engine/service.py:2370
2025-11-10 01:37:11.140 64599 DEBUG heat.engine.service [req-ab6bf23f-040b-411d-b712-afc072cc3315 - - - - -] Service 597233bb-a891-4c1d-ac94-701ca6473d13 is updated service_manage_report /usr/lib/python3/dist-packages/heat/engine/service.py:2370
2025-11-10 01:37:11.147 64602 DEBUG heat.engine.service [req-99915623-bd74-4ecf-b5b3-6e67bc5adabc - - - - -] Service 79728dc8-40c2-4a38-ad2a-93ccbbb16ac2 is updated service_manage_report /usr/lib/python3/dist-packages/heat/engine/service.py:2370
2025-11-10 01:38:11.079 64600 DEBUG heat.engine.service [req-c9478e0f-ab8b-44ed-83e8-e74ca73ac065 - - - - -] Service 5b1ddd7a-bb3e-46bf-b7eb-d1afdc8c3171 is updated service_manage_report /usr/lib/python3/dist-packages/heat/engine/service.py:2370
2025-11-10 01:38:11.128 64601 DEBUG heat.engine.service [req-0980ea3e-e0d7-4e12-885b-f9fede548b1f - - - - -] Service 29f71cea-fbe6-42a1-bd5d-543538f85fad is updated service_manage_report /usr/lib/python3/dist-packages/heat/engine/service.py:2370
2025-11-10 01:38:11.142 64599 DEBUG heat.engine.service [req-de5cb732-a82a-4487-9407-72f9374def07 - - - - -] Service 597233bb-a891-4c1d-ac94-701ca6473d13 is updated service_manage_report /usr/lib/python3/dist-packages/heat/engine/service.py:2370
2025-11-10 01:38:11.148 64602 DEBUG heat.engine.service [req-4336712f-3dca-4980-bcab-73de1d097188 - - - - -] Service 79728dc8-40c2-4a38-ad2a-93ccbbb16ac2 is updated service_manage_report /usr/lib/python3/dist-packages/heat/engine/service.py:2370
2025-11-10 01:39:11.085 64600 DEBUG heat.engine.service [req-b4ab11c2-da2b-4347-a190-5d4be29cda6f - - - - -] Service 5b1ddd7a-bb3e-46bf-b7eb-d1afdc8c3171 is updated service_manage_report /usr/lib/python3/dist-packages/heat/engine/service.py:2370
2025-11-10 01:39:11.133 64601 DEBUG heat.engine.service [req-170cc2d9-b0a4-42e2-8aec-26b7e53196b4 - - - - -] Service 29f71cea-fbe6-42a1-bd5d-543538f85fad is updated service_manage_report /usr/lib/python3/dist-packages/heat/engine/service.py:2370
2025-11-10 01:39:11.148 64599 DEBUG heat.engine.service [req-7e532363-7417-4c63-99ee-b93392fe60f0 - - - - -] Service 597233bb-a891-4c1d-ac94-701ca6473d13 is updated service_manage_report /usr/lib/python3/dist-packages/heat/engine/service.py:2370
2025-11-10 01:39:11.153 64602 DEBUG heat.engine.service [req-78568d45-358f-472b-8017-c73ef149dbef - - - - -] Service 79728dc8-40c2-4a38-ad2a-93ccbbb16ac2 is updated service_manage_report /usr/lib/python3/dist-packages/heat/engine/service.py:2370
2025-11-10 01:40:11.079 64600 DEBUG heat.engine.service [req-da90d8b2-8eea-4a7a-ab1d-a80d6c1e6676 - - - - -] Service 5b1ddd7a-bb3e-46bf-b7eb-d1afdc8c3171 is updated service_manage_report /usr/lib/python3/dist-packages/heat/engine/service.py:2370
2025-11-10 01:40:11.138 64601 DEBUG heat.engine.service [req-d8d222c9-99c8-4bf8-a636-b487e6fc1c13 - - - - -] Service 29f71cea-fbe6-42a1-bd5d-543538f85fad is updated service_manage_report /usr/lib/python3/dist-packages/heat/engine/service.py:2370
2025-11-10 01:40:11.142 64599 DEBUG heat.engine.service [req-cfe03046-014c-486a-b328-6ff0b9b13977 - - - - -] Service 597233bb-a891-4c1d-ac94-701ca6473d13 is updated service_manage_report /usr/lib/python3/dist-packages/heat/engine/service.py:2370
2025-11-10 01:40:11.156 64602 DEBUG heat.engine.service [req-197a1529-abe5-4d31-bb51-7eb9e1de42db - - - - -] Service 79728dc8-40c2-4a38-ad2a-93ccbbb16ac2 is updated service_manage_report /usr/lib/python3/dist-packages/heat/engine/service.py:2370
2025-11-10 01:41:11.239 64600 DEBUG heat.engine.service [req-8f9004ee-3ea5-40f8-8c95-1929fe7eeea0 - - - - -] Service 5b1ddd7a-bb3e-46bf-b7eb-d1afdc8c3171 is updated service_manage_report /usr/lib/python3/dist-packages/heat/engine/service.py:2370
2025-11-10 01:41:11.258 64599 DEBUG heat.engine.service [req-0bcf6dcc-853b-4241-96fd-e8a03b1547d1 - - - - -] Service 597233bb-a891-4c1d-ac94-701ca6473d13 is updated service_manage_report /usr/lib/python3/dist-packages/heat/engine/service.py:2370
2025-11-10 01:41:11.258 64602 DEBUG heat.engine.service [req-69c7d3a1-cd7b-4c62-99e9-c5bef7b3e9ed - - - - -] Service 79728dc8-40c2-4a38-ad2a-93ccbbb16ac2 is updated service_manage_report /usr/lib/python3/dist-packages/heat/engine/service.py:2370
2025-11-10 01:41:11.258 64601 DEBUG heat.engine.service [req-b9b2c6a0-7cd7-4547-a80f-ef27be7ac20a - - - - -] Service 29f71cea-fbe6-42a1-bd5d-543538f85fad is updated service_manage_report /usr/lib/python3/dist-packages/heat/engine/service.py:2370
2025-11-10 01:42:11.083 64600 DEBUG heat.engine.service [req-c99228a1-bcb0-4278-96a6-6497150760ec - - - - -] Service 5b1ddd7a-bb3e-46bf-b7eb-d1afdc8c3171 is updated service_manage_report /usr/lib/python3/dist-packages/heat/engine/service.py:2370
2025-11-10 01:42:11.140 64599 DEBUG heat.engine.service [req-056ecaf3-494b-4887-849d-9885d087e745 - - - - -] Service 597233bb-a891-4c1d-ac94-701ca6473d13 is updated service_manage_report /usr/lib/python3/dist-packages/heat/engine/service.py:2370
2025-11-10 01:42:11.142 64601 DEBUG heat.engine.service [req-d9f44950-ae93-4a7f-861c-0676e5127e96 - - - - -] Service 29f71cea-fbe6-42a1-bd5d-543538f85fad is updated service_manage_report /usr/lib/python3/dist-packages/heat/engine/service.py:2370
2025-11-10 01:42:11.161 64602 DEBUG heat.engine.service [req-c734b69b-18cf-4900-8c5f-ff08ad369043 - - - - -] Service 79728dc8-40c2-4a38-ad2a-93ccbbb16ac2 is updated service_manage_report /usr/lib/python3/dist-packages/heat/engine/service.py:2370
2025-11-10 01:43:11.087 64600 DEBUG heat.engine.service [req-53eac293-545b-4a8e-85fb-12abe23a12c7 - - - - -] Service 5b1ddd7a-bb3e-46bf-b7eb-d1afdc8c3171 is updated service_manage_report /usr/lib/python3/dist-packages/heat/engine/service.py:2370
2025-11-10 01:43:11.145 64599 DEBUG heat.engine.service [req-80ee4dff-d49d-4ec5-aff3-3c763c7b4990 - - - - -] Service 597233bb-a891-4c1d-ac94-701ca6473d13 is updated service_manage_report /usr/lib/python3/dist-packages/heat/engine/service.py:2370
2025-11-10 01:43:11.149 64601 DEBUG heat.engine.service [req-0b84ef30-2dac-4eab-8929-72fa992b1b6d - - - - -] Service 29f71cea-fbe6-42a1-bd5d-543538f85fad is updated service_manage_report /usr/lib/python3/dist-packages/heat/engine/service.py:2370
2025-11-10 01:43:11.165 64602 DEBUG heat.engine.service [req-25e8ee4b-5966-4244-8eed-f7a0a3e7af85 - - - - -] Service 79728dc8-40c2-4a38-ad2a-93ccbbb16ac2 is updated service_manage_report /usr/lib/python3/dist-packages/heat/engine/service.py:2370
2025-11-10 01:44:11.096 64600 DEBUG heat.engine.service [req-7759311a-1ef0-4953-abb3-3526e8adf146 - - - - -] Service 5b1ddd7a-bb3e-46bf-b7eb-d1afdc8c3171 is updated service_manage_report /usr/lib/python3/dist-packages/heat/engine/service.py:2370
2025-11-10 01:44:11.145 64601 DEBUG heat.engine.service [req-95567002-d717-4aec-8429-a2e113e61686 - - - - -] Service 29f71cea-fbe6-42a1-bd5d-543538f85fad is updated service_manage_report /usr/lib/python3/dist-packages/heat/engine/service.py:2370
2025-11-10 01:44:11.154 64599 DEBUG heat.engine.service [req-75a41a98-f722-4b87-9510-ffd02ba95538 - - - - -] Service 597233bb-a891-4c1d-ac94-701ca6473d13 is updated service_manage_report /usr/lib/python3/dist-packages/heat/engine/service.py:2370
2025-11-10 01:44:11.169 64602 DEBUG heat.engine.service [req-3b3b8469-3b1a-4dcb-b8b8-348dfe856220 - - - - -] Service 79728dc8-40c2-4a38-ad2a-93ccbbb16ac2 is updated service_manage_report /usr/lib/python3/dist-packages/heat/engine/service.py:2370
2025-11-10 01:45:11.090 64600 DEBUG heat.engine.service [req-1112fbff-9b98-429f-9f46-70ea71a65546 - - - - -] Service 5b1ddd7a-bb3e-46bf-b7eb-d1afdc8c3171 is updated service_manage_report /usr/lib/python3/dist-packages/heat/engine/service.py:2370
2025-11-10 01:45:11.151 64601 DEBUG heat.engine.service [req-cb5df62f-1c9b-447b-a8a5-cd939bdfb612 - - - - -] Service 29f71cea-fbe6-42a1-bd5d-543538f85fad is updated service_manage_report /usr/lib/python3/dist-packages/heat/engine/service.py:2370
2025-11-10 01:45:11.155 64599 DEBUG heat.engine.service [req-1c5e7d15-d988-4303-b178-a2b66460c8cd - - - - -] Service 597233bb-a891-4c1d-ac94-701ca6473d13 is updated service_manage_report /usr/lib/python3/dist-packages/heat/engine/service.py:2370
2025-11-10 01:45:11.171 64602 DEBUG heat.engine.service [req-b2766223-7b5f-4b2f-baca-5ded73c9f1c7 - - - - -] Service 79728dc8-40c2-4a38-ad2a-93ccbbb16ac2 is updated service_manage_report /usr/lib/python3/dist-packages/heat/engine/service.py:2370
2025-11-10 01:46:11.092 64600 DEBUG heat.engine.service [req-70c6a93c-2438-4216-a1f2-f9fb00ecf3be - - - - -] Service 5b1ddd7a-bb3e-46bf-b7eb-d1afdc8c3171 is updated service_manage_report /usr/lib/python3/dist-packages/heat/engine/service.py:2370
2025-11-10 01:46:11.145 64601 DEBUG heat.engine.service [req-6f098519-9095-4978-affe-ae69da9c04ea - - - - -] Service 29f71cea-fbe6-42a1-bd5d-543538f85fad is updated service_manage_report /usr/lib/python3/dist-packages/heat/engine/service.py:2370
2025-11-10 01:46:11.148 64599 DEBUG heat.engine.service [req-f343abed-b429-4593-83c9-5f682f12439e - - - - -] Service 597233bb-a891-4c1d-ac94-701ca6473d13 is updated service_manage_report /usr/lib/python3/dist-packages/heat/engine/service.py:2370
2025-11-10 01:46:11.175 64602 DEBUG heat.engine.service [req-585a70ab-fe91-4ab8-a1cd-12207f3d90f0 - - - - -] Service 79728dc8-40c2-4a38-ad2a-93ccbbb16ac2 is updated service_manage_report /usr/lib/python3/dist-packages/heat/engine/service.py:2370
2025-11-10 01:47:11.096 64600 DEBUG heat.engine.service [req-06c41982-26da-4e79-b733-183c611e451a - - - - -] Service 5b1ddd7a-bb3e-46bf-b7eb-d1afdc8c3171 is updated service_manage_report /usr/lib/python3/dist-packages/heat/engine/service.py:2370
2025-11-10 01:47:11.149 64601 DEBUG heat.engine.service [req-9c82d7ac-4dec-4875-b3ca-573204c9c654 - - - - -] Service 29f71cea-fbe6-42a1-bd5d-543538f85fad is updated service_manage_report /usr/lib/python3/dist-packages/heat/engine/service.py:2370
2025-11-10 01:47:11.153 64599 DEBUG heat.engine.service [req-259b5b30-1b1a-45f5-8286-1daeca4e190d - - - - -] Service 597233bb-a891-4c1d-ac94-701ca6473d13 is updated service_manage_report /usr/lib/python3/dist-packages/heat/engine/service.py:2370
2025-11-10 01:47:11.183 64602 DEBUG heat.engine.service [req-a6a0c108-737b-4ca0-9a6a-dc376714d99b - - - - -] Service 79728dc8-40c2-4a38-ad2a-93ccbbb16ac2 is updated service_manage_report /usr/lib/python3/dist-packages/heat/engine/service.py:2370
2025-11-10 01:48:11.101 64600 DEBUG heat.engine.service [req-dc2d7107-7d78-4953-93c6-dcb5cbe43033 - - - - -] Service 5b1ddd7a-bb3e-46bf-b7eb-d1afdc8c3171 is updated service_manage_report /usr/lib/python3/dist-packages/heat/engine/service.py:2370
2025-11-10 01:48:11.154 64601 DEBUG heat.engine.service [req-6835c177-5729-4361-a7d1-54cdc4154515 - - - - -] Service 29f71cea-fbe6-42a1-bd5d-543538f85fad is updated service_manage_report /usr/lib/python3/dist-packages/heat/engine/service.py:2370
2025-11-10 01:48:11.156 64599 DEBUG heat.engine.service [req-1b9c8367-110b-4eb7-8c98-396dd08ef1ba - - - - -] Service 597233bb-a891-4c1d-ac94-701ca6473d13 is updated service_manage_report /usr/lib/python3/dist-packages/heat/engine/service.py:2370
2025-11-10 01:48:11.175 64602 DEBUG heat.engine.service [req-46845e86-cb4c-4dd6-90ca-ee929788d6bc - - - - -] Service 79728dc8-40c2-4a38-ad2a-93ccbbb16ac2 is updated service_manage_report /usr/lib/python3/dist-packages/heat/engine/service.py:2370
2025-11-10 01:49:11.105 64600 DEBUG heat.engine.service [req-1fb5bd91-c0c1-4b7c-babc-a41bf5f6cc15 - - - - -] Service 5b1ddd7a-bb3e-46bf-b7eb-d1afdc8c3171 is updated service_manage_report /usr/lib/python3/dist-packages/heat/engine/service.py:2370
2025-11-10 01:49:11.156 64601 DEBUG heat.engine.service [req-176ad171-e71e-4a1f-b38b-47efe6d8bba2 - - - - -] Service 29f71cea-fbe6-42a1-bd5d-543538f85fad is updated service_manage_report /usr/lib/python3/dist-packages/heat/engine/service.py:2370
2025-11-10 01:49:11.163 64599 DEBUG heat.engine.service [req-4f00fb82-190a-4a67-930e-49128c1a30a9 - - - - -] Service 597233bb-a891-4c1d-ac94-701ca6473d13 is updated service_manage_report /usr/lib/python3/dist-packages/heat/engine/service.py:2370
2025-11-10 01:49:11.177 64602 DEBUG heat.engine.service [req-25e6e789-ea60-4937-aa86-58e4dc1812e1 - - - - -] Service 79728dc8-40c2-4a38-ad2a-93ccbbb16ac2 is updated service_manage_report /usr/lib/python3/dist-packages/heat/engine/service.py:2370
2025-11-10 01:50:11.110 64600 DEBUG heat.engine.service [req-83063381-aea5-4cf7-b5de-a99bde036f54 - - - - -] Service 5b1ddd7a-bb3e-46bf-b7eb-d1afdc8c3171 is updated service_manage_report /usr/lib/python3/dist-packages/heat/engine/service.py:2370
2025-11-10 01:50:11.159 64599 DEBUG heat.engine.service [req-cfa59f1e-21bb-4fab-9428-671ce05f3894 - - - - -] Service 597233bb-a891-4c1d-ac94-701ca6473d13 is updated service_manage_report /usr/lib/python3/dist-packages/heat/engine/service.py:2370
2025-11-10 01:50:11.162 64601 DEBUG heat.engine.service [req-a03913d3-302e-47de-8248-e1d379a425a6 - - - - -] Service 29f71cea-fbe6-42a1-bd5d-543538f85fad is updated service_manage_report /usr/lib/python3/dist-packages/heat/engine/service.py:2370
2025-11-10 01:50:11.178 64602 DEBUG heat.engine.service [req-794aaa1b-04c4-4f65-b112-87d4a5abee79 - - - - -] Service 79728dc8-40c2-4a38-ad2a-93ccbbb16ac2 is updated service_manage_report /usr/lib/python3/dist-packages/heat/engine/service.py:2370
2025-11-10 01:51:11.116 64600 DEBUG heat.engine.service [req-e527d9aa-21d5-4c22-8ea2-5db5b3354ff6 - - - - -] Service 5b1ddd7a-bb3e-46bf-b7eb-d1afdc8c3171 is updated service_manage_report /usr/lib/python3/dist-packages/heat/engine/service.py:2370
2025-11-10 01:51:11.152 64599 DEBUG heat.engine.service [req-7486ab74-0d59-4422-9c86-c3aae3f062b3 - - - - -] Service 597233bb-a891-4c1d-ac94-701ca6473d13 is updated service_manage_report /usr/lib/python3/dist-packages/heat/engine/service.py:2370
2025-11-10 01:51:11.168 64601 DEBUG heat.engine.service [req-5b0f3157-54cb-4fe4-ba82-1e5d54cacd4f - - - - -] Service 29f71cea-fbe6-42a1-bd5d-543538f85fad is updated service_manage_report /usr/lib/python3/dist-packages/heat/engine/service.py:2370
2025-11-10 01:51:11.181 64602 DEBUG heat.engine.service [req-8c238ff3-688b-476b-ac36-927663fe9f44 - - - - -] Service 79728dc8-40c2-4a38-ad2a-93ccbbb16ac2 is updated service_manage_report /usr/lib/python3/dist-packages/heat/engine/service.py:2370