2025-11-10 01:45:58.706 7 DEBUG oslo_service.service [-] database.connection = **** log_opt_values /var/lib/kolla/venv/lib/python3.6/site-packages/oslo_config/cfg.py:2611
2025-11-10 01:45:58.706 7 DEBUG oslo_service.service [-] database.connection_debug = 0 log_opt_values /var/lib/kolla/venv/lib/python3.6/site-packages/oslo_config/cfg.py:2611
2025-11-10 01:45:58.706 7 DEBUG oslo_service.service [-] database.connection_parameters = log_opt_values /var/lib/kolla/venv/lib/python3.6/site-packages/oslo_config/cfg.py:2611
2025-11-10 01:45:58.706 7 DEBUG oslo_service.service [-] database.connection_recycle_time = 10 log_opt_values /var/lib/kolla/venv/lib/python3.6/site-packages/oslo_config/cfg.py:2611
2025-11-10 01:45:58.706 7 DEBUG oslo_service.service [-] database.connection_trace = False log_opt_values /var/lib/kolla/venv/lib/python3.6/site-packages/oslo_config/cfg.py:2611
2025-11-10 01:45:58.706 7 DEBUG oslo_service.service [-] database.db_inc_retry_interval = True log_opt_values /var/lib/kolla/venv/lib/python3.6/site-packages/oslo_config/cfg.py:2611
2025-11-10 01:45:58.706 7 DEBUG oslo_service.service [-] database.db_max_retries = 20 log_opt_values /var/lib/kolla/venv/lib/python3.6/site-packages/oslo_config/cfg.py:2611
2025-11-10 01:45:58.706 7 DEBUG oslo_service.service [-] database.db_max_retry_interval = 10 log_opt_values /var/lib/kolla/venv/lib/python3.6/site-packages/oslo_config/cfg.py:2611
2025-11-10 01:45:58.706 7 DEBUG oslo_service.service [-] database.db_retry_interval = 1 log_opt_values /var/lib/kolla/venv/lib/python3.6/site-packages/oslo_config/cfg.py:2611
2025-11-10 01:45:58.706 7 DEBUG oslo_service.service [-] database.max_overflow = 50 log_opt_values /var/lib/kolla/venv/lib/python3.6/site-packages/oslo_config/cfg.py:2611
2025-11-10 01:45:58.706 7 DEBUG oslo_service.service [-] database.max_pool_size = 1 log_opt_values /var/lib/kolla/venv/lib/python3.6/site-packages/oslo_config/cfg.py:2611
2025-11-10 01:45:58.707 7 DEBUG oslo_service.service [-] database.max_retries = -1 log_opt_values /var/lib/kolla/venv/lib/python3.6/site-packages/oslo_config/cfg.py:2611
2025-11-10 01:45:58.707 7 DEBUG oslo_service.service [-] database.mysql_enable_ndb = False log_opt_values /var/lib/kolla/venv/lib/python3.6/site-packages/oslo_config/cfg.py:2611
2025-11-10 01:45:58.707 7 DEBUG oslo_service.service [-] database.mysql_sql_mode = TRADITIONAL log_opt_values /var/lib/kolla/venv/lib/python3.6/site-packages/oslo_config/cfg.py:2611
2025-11-10 01:45:58.707 7 DEBUG oslo_service.service [-] database.pool_timeout = None log_opt_values /var/lib/kolla/venv/lib/python3.6/site-packages/oslo_config/cfg.py:2611
2025-11-10 01:45:58.707 7 DEBUG oslo_service.service [-] database.retry_interval = 10 log_opt_values /var/lib/kolla/venv/lib/python3.6/site-packages/oslo_config/cfg.py:2611
2025-11-10 01:45:58.707 7 DEBUG oslo_service.service [-] database.slave_connection = **** log_opt_values /var/lib/kolla/venv/lib/python3.6/site-packages/oslo_config/cfg.py:2611
2025-11-10 01:45:58.707 7 DEBUG oslo_service.service [-] database.sqlite_synchronous = True log_opt_values /var/lib/kolla/venv/lib/python3.6/site-packages/oslo_config/cfg.py:2611
2025-11-10 01:45:58.707 7 DEBUG oslo_service.service [-] database.use_db_reconnect = False log_opt_values /var/lib/kolla/venv/lib/python3.6/site-packages/oslo_config/cfg.py:2611
2025-11-10 01:45:58.707 7 DEBUG oslo_service.service [-] ******************************************************************************** log_opt_values /var/lib/kolla/venv/lib/python3.6/site-packages/oslo_config/cfg.py:2613
2025-11-10 01:45:58.709 23 DEBUG neutron.services.l3_router.l3_router_plugin [-] neutron.services.l3_router.l3_router_plugin.L3RouterPlugin method start_rpc_listeners called with arguments () {} wrapper /var/lib/kolla/venv/lib/python3.6/site-packages/oslo_log/helpers.py:66
2025-11-10 01:45:58.718 24 DEBUG neutron.services.l3_router.l3_router_plugin [-] neutron.services.l3_router.l3_router_plugin.L3RouterPlugin method start_rpc_listeners called with arguments () {} wrapper /var/lib/kolla/venv/lib/python3.6/site-packages/oslo_log/helpers.py:66
2025-11-10 01:45:58.721 25 DEBUG neutron.services.l3_router.l3_router_plugin [-] neutron.services.l3_router.l3_router_plugin.L3RouterPlugin method start_rpc_listeners called with arguments () {} wrapper /var/lib/kolla/venv/lib/python3.6/site-packages/oslo_log/helpers.py:66
2025-11-10 01:46:00.028 22 DEBUG neutron.wsgi [-] (22) accepted ('10.0.0.27', 44992) server /var/lib/kolla/venv/lib/python3.6/site-packages/eventlet/wsgi.py:1004
2025-11-10 01:46:00.035 22 INFO neutron.wsgi [-] 10.0.0.27 "GET / HTTP/1.1" status: 200 len: 227 time: 0.0056379
2025-11-10 01:46:02.764 23 DEBUG neutron.api.rpc.handlers.dhcp_rpc [req-7bbf1a2c-137a-4d73-a453-112bc6746ca3 - - - - -] get_active_networks_info from cn-jenkins-deploy-platform-ansible-os-4677-1 get_active_networks_info /var/lib/kolla/venv/lib/python3.6/site-packages/neutron/api/rpc/handlers/dhcp_rpc.py:159
2025-11-10 01:46:02.792 26 DEBUG neutron_lib.callbacks.manager [req-33320953-fe5e-4594-9bc5-93da529ebea4 - - - - -] Publish callbacks ['neutron.services.segments.db._update_segment_host_mapping_for_agent-8766840160576', 'neutron.services.l3_router.l3_router_plugin.DVRResourceOperationHandler.create_fip_agent_gw_ports-3745725'] for agent (cf78dff0-a6a1-4650-877b-3fca37c2992b), after_create _notify_loop /var/lib/kolla/venv/lib/python3.6/site-packages/neutron_lib/callbacks/manager.py:177
2025-11-10 01:46:02.807 23 DEBUG neutron.scheduler.dhcp_agent_scheduler [req-7bbf1a2c-137a-4d73-a453-112bc6746ca3 - - - - -] No non-hosted networks auto_schedule_networks /var/lib/kolla/venv/lib/python3.6/site-packages/neutron/scheduler/dhcp_agent_scheduler.py:60
2025-11-10 01:46:25.532 28 DEBUG neutron_lib.callbacks.manager [req-ba6f15bd-0bd5-4f78-8e2a-2e78d66f4249 - - - - -] Publish callbacks ['neutron.services.segments.db._update_segment_host_mapping_for_agent-8766840160576', 'neutron.services.l3_router.l3_router_plugin.DVRResourceOperationHandler.create_fip_agent_gw_ports-3745725'] for agent (62ef16aa-6082-4ff8-b9ea-cb176359f4e7), after_create _notify_loop /var/lib/kolla/venv/lib/python3.6/site-packages/neutron_lib/callbacks/manager.py:177
2025-11-10 01:46:30.088 22 DEBUG neutron.wsgi [-] (22) accepted ('10.0.0.27', 58148) server /var/lib/kolla/venv/lib/python3.6/site-packages/eventlet/wsgi.py:1004
2025-11-10 01:46:30.092 22 INFO neutron.wsgi [-] 10.0.0.27 "GET / HTTP/1.1" status: 200 len: 227 time: 0.0032322
2025-11-10 01:46:32.780 27 DEBUG neutron_lib.callbacks.manager [req-6ce2748a-b553-4351-8a0a-096bb737aa8a - - - - -] Publish callbacks ['neutron.services.segments.db._update_segment_host_mapping_for_agent-8766840160576', 'neutron.plugins.ml2.plugin.Ml2Plugin._retry_binding_revived_agents-915475'] for agent (cf78dff0-a6a1-4650-877b-3fca37c2992b), after_update _notify_loop /var/lib/kolla/venv/lib/python3.6/site-packages/neutron_lib/callbacks/manager.py:177
2025-11-10 01:46:55.500 23 DEBUG neutron_lib.callbacks.manager [req-ba6f15bd-0bd5-4f78-8e2a-2e78d66f4249 - - - - -] Publish callbacks ['neutron.services.segments.db._update_segment_host_mapping_for_agent-8766840160576', 'neutron.plugins.ml2.plugin.Ml2Plugin._retry_binding_revived_agents-915475'] for agent (62ef16aa-6082-4ff8-b9ea-cb176359f4e7), after_update _notify_loop /var/lib/kolla/venv/lib/python3.6/site-packages/neutron_lib/callbacks/manager.py:177
2025-11-10 01:47:00.136 22 DEBUG neutron.wsgi [-] (22) accepted ('10.0.0.27', 51150) server /var/lib/kolla/venv/lib/python3.6/site-packages/eventlet/wsgi.py:1004
2025-11-10 01:47:00.141 22 INFO neutron.wsgi [-] 10.0.0.27 "GET / HTTP/1.1" status: 200 len: 227 time: 0.0048444
2025-11-10 01:47:02.772 24 DEBUG neutron_lib.callbacks.manager [req-c95de52e-6075-4251-af64-cc188949bf50 - - - - -] Publish callbacks ['neutron.services.segments.db._update_segment_host_mapping_for_agent-8766840160576', 'neutron.plugins.ml2.plugin.Ml2Plugin._retry_binding_revived_agents-915475'] for agent (cf78dff0-a6a1-4650-877b-3fca37c2992b), after_update _notify_loop /var/lib/kolla/venv/lib/python3.6/site-packages/neutron_lib/callbacks/manager.py:177
2025-11-10 01:47:08.672 29 DEBUG neutron.db.agents_db [req-0c2b25b6-1cd1-44d1-8030-16e5c3294892 - - - - -] Agent healthcheck: found 2 active agents agent_health_check /var/lib/kolla/venv/lib/python3.6/site-packages/neutron/db/agents_db.py:318
2025-11-10 01:47:25.510 25 DEBUG neutron_lib.callbacks.manager [req-ba6f15bd-0bd5-4f78-8e2a-2e78d66f4249 - - - - -] Publish callbacks ['neutron.services.segments.db._update_segment_host_mapping_for_agent-8766840160576', 'neutron.plugins.ml2.plugin.Ml2Plugin._retry_binding_revived_agents-915475'] for agent (62ef16aa-6082-4ff8-b9ea-cb176359f4e7), after_update _notify_loop /var/lib/kolla/venv/lib/python3.6/site-packages/neutron_lib/callbacks/manager.py:177
2025-11-10 01:47:30.194 22 DEBUG neutron.wsgi [-] (22) accepted ('10.0.0.27', 41572) server /var/lib/kolla/venv/lib/python3.6/site-packages/eventlet/wsgi.py:1004
2025-11-10 01:47:30.198 22 INFO neutron.wsgi [-] 10.0.0.27 "GET / HTTP/1.1" status: 200 len: 227 time: 0.0028036
2025-11-10 01:47:32.761 26 DEBUG neutron_lib.callbacks.manager [req-053cbd40-2e53-4144-a370-92467e940046 - - - - -] Publish callbacks ['neutron.services.segments.db._update_segment_host_mapping_for_agent-8766840160576', 'neutron.plugins.ml2.plugin.Ml2Plugin._retry_binding_revived_agents-915475'] for agent (cf78dff0-a6a1-4650-877b-3fca37c2992b), after_update _notify_loop /var/lib/kolla/venv/lib/python3.6/site-packages/neutron_lib/callbacks/manager.py:177
2025-11-10 01:47:45.670 29 DEBUG neutron.db.agents_db [req-0c2b25b6-1cd1-44d1-8030-16e5c3294892 - - - - -] Agent healthcheck: found 2 active agents agent_health_check /var/lib/kolla/venv/lib/python3.6/site-packages/neutron/db/agents_db.py:318
2025-11-10 01:47:55.496 28 DEBUG neutron_lib.callbacks.manager [req-ba6f15bd-0bd5-4f78-8e2a-2e78d66f4249 - - - - -] Publish callbacks ['neutron.services.segments.db._update_segment_host_mapping_for_agent-8766840160576', 'neutron.plugins.ml2.plugin.Ml2Plugin._retry_binding_revived_agents-915475'] for agent (62ef16aa-6082-4ff8-b9ea-cb176359f4e7), after_update _notify_loop /var/lib/kolla/venv/lib/python3.6/site-packages/neutron_lib/callbacks/manager.py:177
2025-11-10 01:48:00.247 22 DEBUG neutron.wsgi [-] (22) accepted ('10.0.0.27', 44686) server /var/lib/kolla/venv/lib/python3.6/site-packages/eventlet/wsgi.py:1004
2025-11-10 01:48:00.250 22 INFO neutron.wsgi [-] 10.0.0.27 "GET / HTTP/1.1" status: 200 len: 227 time: 0.0028648
2025-11-10 01:48:02.757 27 DEBUG neutron_lib.callbacks.manager [req-bea0c716-b1b0-4a7c-9079-d8fc6a7d807a - - - - -] Publish callbacks ['neutron.services.segments.db._update_segment_host_mapping_for_agent-8766840160576', 'neutron.plugins.ml2.plugin.Ml2Plugin._retry_binding_revived_agents-915475'] for agent (cf78dff0-a6a1-4650-877b-3fca37c2992b), after_update _notify_loop /var/lib/kolla/venv/lib/python3.6/site-packages/neutron_lib/callbacks/manager.py:177
2025-11-10 01:48:22.683 29 DEBUG neutron.db.agents_db [req-0c2b25b6-1cd1-44d1-8030-16e5c3294892 - - - - -] Agent healthcheck: found 2 active agents agent_health_check /var/lib/kolla/venv/lib/python3.6/site-packages/neutron/db/agents_db.py:318
2025-11-10 01:48:25.497 23 DEBUG neutron_lib.callbacks.manager [req-ba6f15bd-0bd5-4f78-8e2a-2e78d66f4249 - - - - -] Publish callbacks ['neutron.services.segments.db._update_segment_host_mapping_for_agent-8766840160576', 'neutron.plugins.ml2.plugin.Ml2Plugin._retry_binding_revived_agents-915475'] for agent (62ef16aa-6082-4ff8-b9ea-cb176359f4e7), after_update _notify_loop /var/lib/kolla/venv/lib/python3.6/site-packages/neutron_lib/callbacks/manager.py:177
2025-11-10 01:48:30.296 22 DEBUG neutron.wsgi [-] (22) accepted ('10.0.0.27', 55944) server /var/lib/kolla/venv/lib/python3.6/site-packages/eventlet/wsgi.py:1004
2025-11-10 01:48:30.302 22 INFO neutron.wsgi [-] 10.0.0.27 "GET / HTTP/1.1" status: 200 len: 227 time: 0.0054069
2025-11-10 01:48:32.834 24 DEBUG neutron_lib.callbacks.manager [req-96c4f7fc-6ca3-4ca9-99fa-34533990cc80 - - - - -] Publish callbacks ['neutron.services.segments.db._update_segment_host_mapping_for_agent-8766840160576', 'neutron.plugins.ml2.plugin.Ml2Plugin._retry_binding_revived_agents-915475'] for agent (cf78dff0-a6a1-4650-877b-3fca37c2992b), after_update _notify_loop /var/lib/kolla/venv/lib/python3.6/site-packages/neutron_lib/callbacks/manager.py:177
2025-11-10 01:48:55.505 25 DEBUG neutron_lib.callbacks.manager [req-ba6f15bd-0bd5-4f78-8e2a-2e78d66f4249 - - - - -] Publish callbacks ['neutron.services.segments.db._update_segment_host_mapping_for_agent-8766840160576', 'neutron.plugins.ml2.plugin.Ml2Plugin._retry_binding_revived_agents-915475'] for agent (62ef16aa-6082-4ff8-b9ea-cb176359f4e7), after_update _notify_loop /var/lib/kolla/venv/lib/python3.6/site-packages/neutron_lib/callbacks/manager.py:177
2025-11-10 01:48:59.681 29 DEBUG neutron.db.agents_db [req-0c2b25b6-1cd1-44d1-8030-16e5c3294892 - - - - -] Agent healthcheck: found 2 active agents agent_health_check /var/lib/kolla/venv/lib/python3.6/site-packages/neutron/db/agents_db.py:318
2025-11-10 01:49:00.347 22 DEBUG neutron.wsgi [-] (22) accepted ('10.0.0.27', 44440) server /var/lib/kolla/venv/lib/python3.6/site-packages/eventlet/wsgi.py:1004
2025-11-10 01:49:00.351 22 INFO neutron.wsgi [-] 10.0.0.27 "GET / HTTP/1.1" status: 200 len: 227 time: 0.0036626
2025-11-10 01:49:02.755 26 DEBUG neutron_lib.callbacks.manager [req-f0d765eb-99ad-49d0-bfdd-65bac3bdfb61 - - - - -] Publish callbacks ['neutron.services.segments.db._update_segment_host_mapping_for_agent-8766840160576', 'neutron.plugins.ml2.plugin.Ml2Plugin._retry_binding_revived_agents-915475'] for agent (cf78dff0-a6a1-4650-877b-3fca37c2992b), after_update _notify_loop /var/lib/kolla/venv/lib/python3.6/site-packages/neutron_lib/callbacks/manager.py:177
2025-11-10 01:49:25.502 28 DEBUG neutron_lib.callbacks.manager [req-ba6f15bd-0bd5-4f78-8e2a-2e78d66f4249 - - - - -] Publish callbacks ['neutron.services.segments.db._update_segment_host_mapping_for_agent-8766840160576', 'neutron.plugins.ml2.plugin.Ml2Plugin._retry_binding_revived_agents-915475'] for agent (62ef16aa-6082-4ff8-b9ea-cb176359f4e7), after_update _notify_loop /var/lib/kolla/venv/lib/python3.6/site-packages/neutron_lib/callbacks/manager.py:177
2025-11-10 01:49:30.395 22 DEBUG neutron.wsgi [-] (22) accepted ('10.0.0.27', 35742) server /var/lib/kolla/venv/lib/python3.6/site-packages/eventlet/wsgi.py:1004
2025-11-10 01:49:30.401 22 INFO neutron.wsgi [-] 10.0.0.27 "GET / HTTP/1.1" status: 200 len: 227 time: 0.0036204
2025-11-10 01:49:32.758 27 DEBUG neutron_lib.callbacks.manager [req-34263e11-3b31-483f-9269-7347f5e421f0 - - - - -] Publish callbacks ['neutron.services.segments.db._update_segment_host_mapping_for_agent-8766840160576', 'neutron.plugins.ml2.plugin.Ml2Plugin._retry_binding_revived_agents-915475'] for agent (cf78dff0-a6a1-4650-877b-3fca37c2992b), after_update _notify_loop /var/lib/kolla/venv/lib/python3.6/site-packages/neutron_lib/callbacks/manager.py:177
2025-11-10 01:49:36.679 29 DEBUG neutron.db.agents_db [req-0c2b25b6-1cd1-44d1-8030-16e5c3294892 - - - - -] Agent healthcheck: found 2 active agents agent_health_check /var/lib/kolla/venv/lib/python3.6/site-packages/neutron/db/agents_db.py:318
2025-11-10 01:49:55.589 23 DEBUG neutron_lib.callbacks.manager [req-ba6f15bd-0bd5-4f78-8e2a-2e78d66f4249 - - - - -] Publish callbacks ['neutron.services.segments.db._update_segment_host_mapping_for_agent-8766840160576', 'neutron.plugins.ml2.plugin.Ml2Plugin._retry_binding_revived_agents-915475'] for agent (62ef16aa-6082-4ff8-b9ea-cb176359f4e7), after_update _notify_loop /var/lib/kolla/venv/lib/python3.6/site-packages/neutron_lib/callbacks/manager.py:177
2025-11-10 01:50:00.449 22 DEBUG neutron.wsgi [-] (22) accepted ('10.0.0.27', 41832) server /var/lib/kolla/venv/lib/python3.6/site-packages/eventlet/wsgi.py:1004
2025-11-10 01:50:00.453 22 INFO neutron.wsgi [-] 10.0.0.27 "GET / HTTP/1.1" status: 200 len: 227 time: 0.0030584
2025-11-10 01:50:02.756 24 DEBUG neutron_lib.callbacks.manager [req-1cf8bd6c-1630-4381-898c-c66ba98fea8f - - - - -] Publish callbacks ['neutron.services.segments.db._update_segment_host_mapping_for_agent-8766840160576', 'neutron.plugins.ml2.plugin.Ml2Plugin._retry_binding_revived_agents-915475'] for agent (cf78dff0-a6a1-4650-877b-3fca37c2992b), after_update _notify_loop /var/lib/kolla/venv/lib/python3.6/site-packages/neutron_lib/callbacks/manager.py:177
2025-11-10 01:50:13.682 29 DEBUG neutron.db.agents_db [req-0c2b25b6-1cd1-44d1-8030-16e5c3294892 - - - - -] Agent healthcheck: found 2 active agents agent_health_check /var/lib/kolla/venv/lib/python3.6/site-packages/neutron/db/agents_db.py:318
2025-11-10 01:50:25.507 25 DEBUG neutron_lib.callbacks.manager [req-ba6f15bd-0bd5-4f78-8e2a-2e78d66f4249 - - - - -] Publish callbacks ['neutron.services.segments.db._update_segment_host_mapping_for_agent-8766840160576', 'neutron.plugins.ml2.plugin.Ml2Plugin._retry_binding_revived_agents-915475'] for agent (62ef16aa-6082-4ff8-b9ea-cb176359f4e7), after_update _notify_loop /var/lib/kolla/venv/lib/python3.6/site-packages/neutron_lib/callbacks/manager.py:177
2025-11-10 01:50:30.495 22 DEBUG neutron.wsgi [-] (22) accepted ('10.0.0.27', 39292) server /var/lib/kolla/venv/lib/python3.6/site-packages/eventlet/wsgi.py:1004
2025-11-10 01:50:30.498 22 INFO neutron.wsgi [-] 10.0.0.27 "GET / HTTP/1.1" status: 200 len: 227 time: 0.0027542
2025-11-10 01:50:32.766 26 DEBUG neutron_lib.callbacks.manager [req-e1f8c7ba-8015-4678-8dd6-1a965e8324d4 - - - - -] Publish callbacks ['neutron.services.segments.db._update_segment_host_mapping_for_agent-8766840160576', 'neutron.plugins.ml2.plugin.Ml2Plugin._retry_binding_revived_agents-915475'] for agent (cf78dff0-a6a1-4650-877b-3fca37c2992b), after_update _notify_loop /var/lib/kolla/venv/lib/python3.6/site-packages/neutron_lib/callbacks/manager.py:177
2025-11-10 01:50:50.679 29 DEBUG neutron.db.agents_db [req-0c2b25b6-1cd1-44d1-8030-16e5c3294892 - - - - -] Agent healthcheck: found 2 active agents agent_health_check /var/lib/kolla/venv/lib/python3.6/site-packages/neutron/db/agents_db.py:318
2025-11-10 01:50:55.509 28 DEBUG neutron_lib.callbacks.manager [req-ba6f15bd-0bd5-4f78-8e2a-2e78d66f4249 - - - - -] Publish callbacks ['neutron.services.segments.db._update_segment_host_mapping_for_agent-8766840160576', 'neutron.plugins.ml2.plugin.Ml2Plugin._retry_binding_revived_agents-915475'] for agent (62ef16aa-6082-4ff8-b9ea-cb176359f4e7), after_update _notify_loop /var/lib/kolla/venv/lib/python3.6/site-packages/neutron_lib/callbacks/manager.py:177
2025-11-10 01:51:00.544 22 DEBUG neutron.wsgi [-] (22) accepted ('10.0.0.27', 44040) server /var/lib/kolla/venv/lib/python3.6/site-packages/eventlet/wsgi.py:1004
2025-11-10 01:51:00.549 22 INFO neutron.wsgi [-] 10.0.0.27 "GET / HTTP/1.1" status: 200 len: 227 time: 0.0030100
2025-11-10 01:51:02.768 27 DEBUG neutron_lib.callbacks.manager [req-fed85a16-7796-4055-8ed5-6cf4ecba5957 - - - - -] Publish callbacks ['neutron.services.segments.db._update_segment_host_mapping_for_agent-8766840160576', 'neutron.plugins.ml2.plugin.Ml2Plugin._retry_binding_revived_agents-915475'] for agent (cf78dff0-a6a1-4650-877b-3fca37c2992b), after_update _notify_loop /var/lib/kolla/venv/lib/python3.6/site-packages/neutron_lib/callbacks/manager.py:177
2025-11-10 01:51:25.519 23 DEBUG neutron_lib.callbacks.manager [req-ba6f15bd-0bd5-4f78-8e2a-2e78d66f4249 - - - - -] Publish callbacks ['neutron.services.segments.db._update_segment_host_mapping_for_agent-8766840160576', 'neutron.plugins.ml2.plugin.Ml2Plugin._retry_binding_revived_agents-915475'] for agent (62ef16aa-6082-4ff8-b9ea-cb176359f4e7), after_update _notify_loop /var/lib/kolla/venv/lib/python3.6/site-packages/neutron_lib/callbacks/manager.py:177
2025-11-10 01:51:27.683 29 DEBUG neutron.db.agents_db [req-0c2b25b6-1cd1-44d1-8030-16e5c3294892 - - - - -] Agent healthcheck: found 2 active agents agent_health_check /var/lib/kolla/venv/lib/python3.6/site-packages/neutron/db/agents_db.py:318
2025-11-10 01:51:30.592 22 DEBUG neutron.wsgi [-] (22) accepted ('10.0.0.27', 53120) server /var/lib/kolla/venv/lib/python3.6/site-packages/eventlet/wsgi.py:1004
2025-11-10 01:51:30.596 22 INFO neutron.wsgi [-] 10.0.0.27 "GET / HTTP/1.1" status: 200 len: 227 time: 0.0026639
2025-11-10 01:51:32.757 24 DEBUG neutron_lib.callbacks.manager [req-68906e25-a42b-4c61-803f-649d4f5bfc76 - - - - -] Publish callbacks ['neutron.services.segments.db._update_segment_host_mapping_for_agent-8766840160576', 'neutron.plugins.ml2.plugin.Ml2Plugin._retry_binding_revived_agents-915475'] for agent (cf78dff0-a6a1-4650-877b-3fca37c2992b), after_update _notify_loop /var/lib/kolla/venv/lib/python3.6/site-packages/neutron_lib/callbacks/manager.py:177
2025-11-10 01:51:55.516 25 DEBUG neutron_lib.callbacks.manager [req-ba6f15bd-0bd5-4f78-8e2a-2e78d66f4249 - - - - -] Publish callbacks ['neutron.services.segments.db._update_segment_host_mapping_for_agent-8766840160576', 'neutron.plugins.ml2.plugin.Ml2Plugin._retry_binding_revived_agents-915475'] for agent (62ef16aa-6082-4ff8-b9ea-cb176359f4e7), after_update _notify_loop /var/lib/kolla/venv/lib/python3.6/site-packages/neutron_lib/callbacks/manager.py:177
2025-11-10 01:52:00.642 22 DEBUG neutron.wsgi [-] (22) accepted ('10.0.0.27', 52024) server /var/lib/kolla/venv/lib/python3.6/site-packages/eventlet/wsgi.py:1004
2025-11-10 01:52:00.646 22 INFO neutron.wsgi [-] 10.0.0.27 "GET / HTTP/1.1" status: 200 len: 227 time: 0.0029404
2025-11-10 01:52:02.757 26 DEBUG neutron_lib.callbacks.manager [req-92ff1217-bce0-46a2-ba57-6cfc156be44a - - - - -] Publish callbacks ['neutron.services.segments.db._update_segment_host_mapping_for_agent-8766840160576', 'neutron.plugins.ml2.plugin.Ml2Plugin._retry_binding_revived_agents-915475'] for agent (cf78dff0-a6a1-4650-877b-3fca37c2992b), after_update _notify_loop /var/lib/kolla/venv/lib/python3.6/site-packages/neutron_lib/callbacks/manager.py:177
2025-11-10 01:52:04.680 29 DEBUG neutron.db.agents_db [req-0c2b25b6-1cd1-44d1-8030-16e5c3294892 - - - - -] Agent healthcheck: found 2 active agents agent_health_check /var/lib/kolla/venv/lib/python3.6/site-packages/neutron/db/agents_db.py:318
2025-11-10 01:52:25.518 28 DEBUG neutron_lib.callbacks.manager [req-ba6f15bd-0bd5-4f78-8e2a-2e78d66f4249 - - - - -] Publish callbacks ['neutron.services.segments.db._update_segment_host_mapping_for_agent-8766840160576', 'neutron.plugins.ml2.plugin.Ml2Plugin._retry_binding_revived_agents-915475'] for agent (62ef16aa-6082-4ff8-b9ea-cb176359f4e7), after_update _notify_loop /var/lib/kolla/venv/lib/python3.6/site-packages/neutron_lib/callbacks/manager.py:177
2025-11-10 01:52:30.688 22 DEBUG neutron.wsgi [-] (22) accepted ('10.0.0.27', 34624) server /var/lib/kolla/venv/lib/python3.6/site-packages/eventlet/wsgi.py:1004
2025-11-10 01:52:30.692 22 INFO neutron.wsgi [-] 10.0.0.27 "GET / HTTP/1.1" status: 200 len: 227 time: 0.0026453
2025-11-10 01:52:32.757 27 DEBUG neutron_lib.callbacks.manager [req-7b6ddef0-ca4c-4409-9c2b-8c74ff53fda6 - - - - -] Publish callbacks ['neutron.services.segments.db._update_segment_host_mapping_for_agent-8766840160576', 'neutron.plugins.ml2.plugin.Ml2Plugin._retry_binding_revived_agents-915475'] for agent (cf78dff0-a6a1-4650-877b-3fca37c2992b), after_update _notify_loop /var/lib/kolla/venv/lib/python3.6/site-packages/neutron_lib/callbacks/manager.py:177
2025-11-10 01:52:41.678 29 DEBUG neutron.db.agents_db [req-0c2b25b6-1cd1-44d1-8030-16e5c3294892 - - - - -] Agent healthcheck: found 2 active agents agent_health_check /var/lib/kolla/venv/lib/python3.6/site-packages/neutron/db/agents_db.py:318
2025-11-10 01:52:55.524 23 DEBUG neutron_lib.callbacks.manager [req-ba6f15bd-0bd5-4f78-8e2a-2e78d66f4249 - - - - -] Publish callbacks ['neutron.services.segments.db._update_segment_host_mapping_for_agent-8766840160576', 'neutron.plugins.ml2.plugin.Ml2Plugin._retry_binding_revived_agents-915475'] for agent (62ef16aa-6082-4ff8-b9ea-cb176359f4e7), after_update _notify_loop /var/lib/kolla/venv/lib/python3.6/site-packages/neutron_lib/callbacks/manager.py:177
2025-11-10 01:53:00.737 22 DEBUG neutron.wsgi [-] (22) accepted ('10.0.0.27', 34930) server /var/lib/kolla/venv/lib/python3.6/site-packages/eventlet/wsgi.py:1004
2025-11-10 01:53:00.740 22 INFO neutron.wsgi [-] 10.0.0.27 "GET / HTTP/1.1" status: 200 len: 227 time: 0.0029275
2025-11-10 01:53:02.761 24 DEBUG neutron_lib.callbacks.manager [req-65a315a2-bdb4-4afd-9b37-c3df5809bd51 - - - - -] Publish callbacks ['neutron.services.segments.db._update_segment_host_mapping_for_agent-8766840160576', 'neutron.plugins.ml2.plugin.Ml2Plugin._retry_binding_revived_agents-915475'] for agent (cf78dff0-a6a1-4650-877b-3fca37c2992b), after_update _notify_loop /var/lib/kolla/venv/lib/python3.6/site-packages/neutron_lib/callbacks/manager.py:177
2025-11-10 01:53:18.681 29 DEBUG neutron.db.agents_db [req-0c2b25b6-1cd1-44d1-8030-16e5c3294892 - - - - -] Agent healthcheck: found 2 active agents agent_health_check /var/lib/kolla/venv/lib/python3.6/site-packages/neutron/db/agents_db.py:318
2025-11-10 01:53:25.523 25 DEBUG neutron_lib.callbacks.manager [req-ba6f15bd-0bd5-4f78-8e2a-2e78d66f4249 - - - - -] Publish callbacks ['neutron.services.segments.db._update_segment_host_mapping_for_agent-8766840160576', 'neutron.plugins.ml2.plugin.Ml2Plugin._retry_binding_revived_agents-915475'] for agent (62ef16aa-6082-4ff8-b9ea-cb176359f4e7), after_update _notify_loop /var/lib/kolla/venv/lib/python3.6/site-packages/neutron_lib/callbacks/manager.py:177
2025-11-10 01:53:30.787 22 DEBUG neutron.wsgi [-] (22) accepted ('10.0.0.27', 44160) server /var/lib/kolla/venv/lib/python3.6/site-packages/eventlet/wsgi.py:1004
2025-11-10 01:53:30.791 22 INFO neutron.wsgi [-] 10.0.0.27 "GET / HTTP/1.1" status: 200 len: 227 time: 0.0030766
2025-11-10 01:53:32.761 26 DEBUG neutron_lib.callbacks.manager [req-67d10a3b-e663-402b-b44a-ea326e2dd0b9 - - - - -] Publish callbacks ['neutron.services.segments.db._update_segment_host_mapping_for_agent-8766840160576', 'neutron.plugins.ml2.plugin.Ml2Plugin._retry_binding_revived_agents-915475'] for agent (cf78dff0-a6a1-4650-877b-3fca37c2992b), after_update _notify_loop /var/lib/kolla/venv/lib/python3.6/site-packages/neutron_lib/callbacks/manager.py:177
2025-11-10 01:53:55.527 28 DEBUG neutron_lib.callbacks.manager [req-ba6f15bd-0bd5-4f78-8e2a-2e78d66f4249 - - - - -] Publish callbacks ['neutron.services.segments.db._update_segment_host_mapping_for_agent-8766840160576', 'neutron.plugins.ml2.plugin.Ml2Plugin._retry_binding_revived_agents-915475'] for agent (62ef16aa-6082-4ff8-b9ea-cb176359f4e7), after_update _notify_loop /var/lib/kolla/venv/lib/python3.6/site-packages/neutron_lib/callbacks/manager.py:177
2025-11-10 01:53:55.681 29 DEBUG neutron.db.agents_db [req-0c2b25b6-1cd1-44d1-8030-16e5c3294892 - - - - -] Agent healthcheck: found 2 active agents agent_health_check /var/lib/kolla/venv/lib/python3.6/site-packages/neutron/db/agents_db.py:318
2025-11-10 01:54:00.846 22 DEBUG neutron.wsgi [-] (22) accepted ('10.0.0.27', 52974) server /var/lib/kolla/venv/lib/python3.6/site-packages/eventlet/wsgi.py:1004
2025-11-10 01:54:00.852 22 INFO neutron.wsgi [-] 10.0.0.27 "GET / HTTP/1.1" status: 200 len: 227 time: 0.0042579
2025-11-10 01:54:02.763 27 DEBUG neutron_lib.callbacks.manager [req-3d24397e-2f82-4228-a64f-43f3212a81d9 - - - - -] Publish callbacks ['neutron.services.segments.db._update_segment_host_mapping_for_agent-8766840160576', 'neutron.plugins.ml2.plugin.Ml2Plugin._retry_binding_revived_agents-915475'] for agent (cf78dff0-a6a1-4650-877b-3fca37c2992b), after_update _notify_loop /var/lib/kolla/venv/lib/python3.6/site-packages/neutron_lib/callbacks/manager.py:177
2025-11-10 01:54:25.530 23 DEBUG neutron_lib.callbacks.manager [req-ba6f15bd-0bd5-4f78-8e2a-2e78d66f4249 - - - - -] Publish callbacks ['neutron.services.segments.db._update_segment_host_mapping_for_agent-8766840160576', 'neutron.plugins.ml2.plugin.Ml2Plugin._retry_binding_revived_agents-915475'] for agent (62ef16aa-6082-4ff8-b9ea-cb176359f4e7), after_update _notify_loop /var/lib/kolla/venv/lib/python3.6/site-packages/neutron_lib/callbacks/manager.py:177
2025-11-10 01:54:30.895 22 DEBUG neutron.wsgi [-] (22) accepted ('10.0.0.27', 48122) server /var/lib/kolla/venv/lib/python3.6/site-packages/eventlet/wsgi.py:1004
2025-11-10 01:54:30.900 22 INFO neutron.wsgi [-] 10.0.0.27 "GET / HTTP/1.1" status: 200 len: 227 time: 0.0037465
2025-11-10 01:54:32.680 29 DEBUG neutron.db.agents_db [req-0c2b25b6-1cd1-44d1-8030-16e5c3294892 - - - - -] Agent healthcheck: found 2 active agents agent_health_check /var/lib/kolla/venv/lib/python3.6/site-packages/neutron/db/agents_db.py:318
2025-11-10 01:54:32.765 24 DEBUG neutron_lib.callbacks.manager [req-6b42d0ca-d1a5-43ae-990f-014417652a07 - - - - -] Publish callbacks ['neutron.services.segments.db._update_segment_host_mapping_for_agent-8766840160576', 'neutron.plugins.ml2.plugin.Ml2Plugin._retry_binding_revived_agents-915475'] for agent (cf78dff0-a6a1-4650-877b-3fca37c2992b), after_update _notify_loop /var/lib/kolla/venv/lib/python3.6/site-packages/neutron_lib/callbacks/manager.py:177
2025-11-10 01:54:55.536 25 DEBUG neutron_lib.callbacks.manager [req-ba6f15bd-0bd5-4f78-8e2a-2e78d66f4249 - - - - -] Publish callbacks ['neutron.services.segments.db._update_segment_host_mapping_for_agent-8766840160576', 'neutron.plugins.ml2.plugin.Ml2Plugin._retry_binding_revived_agents-915475'] for agent (62ef16aa-6082-4ff8-b9ea-cb176359f4e7), after_update _notify_loop /var/lib/kolla/venv/lib/python3.6/site-packages/neutron_lib/callbacks/manager.py:177
2025-11-10 01:54:57.979 7 INFO oslo_service.service [-] Caught SIGTERM, stopping children
2025-11-10 01:54:57.980 7 DEBUG oslo_concurrency.lockutils [-] Acquired lock "singleton_lock" lock /var/lib/kolla/venv/lib/python3.6/site-packages/oslo_concurrency/lockutils.py:294
2025-11-10 01:54:57.981 7 DEBUG oslo_concurrency.lockutils [-] Releasing lock "singleton_lock" lock /var/lib/kolla/venv/lib/python3.6/site-packages/oslo_concurrency/lockutils.py:312
2025-11-10 01:54:57.981 7 DEBUG oslo_service.service [-] Stop services. stop /var/lib/kolla/venv/lib/python3.6/site-packages/oslo_service/service.py:695
2025-11-10 01:54:57.981 7 DEBUG neutron.service [-] calling RpcWorker stop() stop /var/lib/kolla/venv/lib/python3.6/site-packages/neutron/service.py:138
2025-11-10 01:54:57.981 7 DEBUG neutron.service [-] calling RpcWorker stop() stop /var/lib/kolla/venv/lib/python3.6/site-packages/neutron/service.py:138
2025-11-10 01:54:57.981 7 DEBUG oslo_service.service [-] Killing children. stop /var/lib/kolla/venv/lib/python3.6/site-packages/oslo_service/service.py:700
2025-11-10 01:54:57.982 7 INFO oslo_service.service [-] Waiting on 8 children to exit
2025-11-10 01:54:57.982 22 INFO neutron.wsgi [-] (22) wsgi exited, is_accepting=True
2025-11-10 01:54:57.982 29 DEBUG neutron.service [-] calling RpcWorker stop() stop /var/lib/kolla/venv/lib/python3.6/site-packages/neutron/service.py:138
2025-11-10 01:54:57.983 22 DEBUG oslo_concurrency.lockutils [req-5d6ce138-1970-4b59-8246-4539591921c3 - - - - -] Acquired lock "singleton_lock" lock /var/lib/kolla/venv/lib/python3.6/site-packages/oslo_concurrency/lockutils.py:294
2025-11-10 01:54:57.983 25 DEBUG neutron.service [-] calling RpcWorker stop() stop /var/lib/kolla/venv/lib/python3.6/site-packages/neutron/service.py:138
2025-11-10 01:54:57.983 29 DEBUG neutron.service [-] calling stop on stop /var/lib/kolla/venv/lib/python3.6/site-packages/neutron/service.py:141
2025-11-10 01:54:57.983 22 DEBUG oslo_concurrency.lockutils [req-5d6ce138-1970-4b59-8246-4539591921c3 - - - - -] Releasing lock "singleton_lock" lock /var/lib/kolla/venv/lib/python3.6/site-packages/oslo_concurrency/lockutils.py:312
2025-11-10 01:54:57.987 26 DEBUG neutron.service [-] calling RpcWorker stop() stop /var/lib/kolla/venv/lib/python3.6/site-packages/neutron/service.py:138
2025-11-10 01:54:57.987 27 DEBUG neutron.service [-] calling RpcWorker stop() stop /var/lib/kolla/venv/lib/python3.6/site-packages/neutron/service.py:138
2025-11-10 01:54:57.988 7 INFO oslo_service.service [-] Child 22 exited with status 0
2025-11-10 01:54:57.989 24 DEBUG neutron.service [-] calling RpcWorker stop() stop /var/lib/kolla/venv/lib/python3.6/site-packages/neutron/service.py:138
2025-11-10 01:54:57.989 23 DEBUG neutron.service [-] calling RpcWorker stop() stop /var/lib/kolla/venv/lib/python3.6/site-packages/neutron/service.py:138
2025-11-10 01:54:57.988 26 DEBUG neutron.service [-] calling stop on stop /var/lib/kolla/venv/lib/python3.6/site-packages/neutron/service.py:141
2025-11-10 01:54:57.990 23 DEBUG neutron.service [-] calling stop on stop /var/lib/kolla/venv/lib/python3.6/site-packages/neutron/service.py:141
2025-11-10 01:54:57.984 25 DEBUG neutron.service [-] calling stop on stop /var/lib/kolla/venv/lib/python3.6/site-packages/neutron/service.py:141
2025-11-10 01:54:57.993 28 DEBUG neutron.service [-] calling RpcWorker stop() stop /var/lib/kolla/venv/lib/python3.6/site-packages/neutron/service.py:138
2025-11-10 01:54:57.991 24 DEBUG neutron.service [-] calling stop on stop /var/lib/kolla/venv/lib/python3.6/site-packages/neutron/service.py:141
2025-11-10 01:54:57.993 28 DEBUG neutron.service [-] calling stop on stop /var/lib/kolla/venv/lib/python3.6/site-packages/neutron/service.py:141
2025-11-10 01:54:57.988 27 DEBUG neutron.service [-] calling stop on stop /var/lib/kolla/venv/lib/python3.6/site-packages/neutron/service.py:141
2025-11-10 01:55:02.757 26 DEBUG oslo_concurrency.lockutils [req-5d6ce138-1970-4b59-8246-4539591921c3 - - - - -] Acquired lock "singleton_lock" lock /var/lib/kolla/venv/lib/python3.6/site-packages/oslo_concurrency/lockutils.py:294
2025-11-10 01:55:02.758 26 DEBUG oslo_concurrency.lockutils [req-5d6ce138-1970-4b59-8246-4539591921c3 - - - - -] Releasing lock "singleton_lock" lock /var/lib/kolla/venv/lib/python3.6/site-packages/oslo_concurrency/lockutils.py:312
2025-11-10 01:55:02.758 26 DEBUG neutron.service [req-5d6ce138-1970-4b59-8246-4539591921c3 - - - - -] calling RpcWorker wait() _wait /var/lib/kolla/venv/lib/python3.6/site-packages/neutron/service.py:128
2025-11-10 01:55:02.758 26 DEBUG neutron.service [req-5d6ce138-1970-4b59-8246-4539591921c3 - - - - -] calling wait on _wait /var/lib/kolla/venv/lib/python3.6/site-packages/neutron/service.py:131
2025-11-10 01:55:02.765 26 DEBUG neutron_lib.callbacks.manager [req-f8e231aa-b9ef-4a85-9ee1-f723eaba3f3b - - - - -] Publish callbacks ['neutron.services.segments.db._update_segment_host_mapping_for_agent-8766840160576', 'neutron.plugins.ml2.plugin.Ml2Plugin._retry_binding_revived_agents-915475'] for agent (cf78dff0-a6a1-4650-877b-3fca37c2992b), after_update _notify_loop /var/lib/kolla/venv/lib/python3.6/site-packages/neutron_lib/callbacks/manager.py:177
2025-11-10 01:55:02.774 26 WARNING amqp [req-5d6ce138-1970-4b59-8246-4539591921c3 - - - - -] Received method (60, 30) during closing channel 1. This method will be ignored
2025-11-10 01:55:02.775 26 DEBUG neutron.service [req-5d6ce138-1970-4b59-8246-4539591921c3 - - - - -] returning from RpcWorker wait() _wait /var/lib/kolla/venv/lib/python3.6/site-packages/neutron/service.py:135
2025-11-10 01:55:02.782 7 INFO oslo_service.service [-] Child 26 exited with status 0
2025-11-10 01:55:03.666 24 DEBUG neutron.service [-] calling stop on stop /var/lib/kolla/venv/lib/python3.6/site-packages/neutron/service.py:141
2025-11-10 01:55:03.668 23 DEBUG neutron.service [-] calling stop on stop /var/lib/kolla/venv/lib/python3.6/site-packages/neutron/service.py:141
2025-11-10 01:55:03.677 28 DEBUG oslo_concurrency.lockutils [req-5d6ce138-1970-4b59-8246-4539591921c3 - - - - -] Acquired lock "singleton_lock" lock /var/lib/kolla/venv/lib/python3.6/site-packages/oslo_concurrency/lockutils.py:294
2025-11-10 01:55:03.679 28 DEBUG oslo_concurrency.lockutils [req-5d6ce138-1970-4b59-8246-4539591921c3 - - - - -] Releasing lock "singleton_lock" lock /var/lib/kolla/venv/lib/python3.6/site-packages/oslo_concurrency/lockutils.py:312
2025-11-10 01:55:03.680 28 DEBUG neutron.service [req-5d6ce138-1970-4b59-8246-4539591921c3 - - - - -] calling RpcWorker wait() _wait /var/lib/kolla/venv/lib/python3.6/site-packages/neutron/service.py:128
2025-11-10 01:55:03.680 28 DEBUG neutron.service [req-5d6ce138-1970-4b59-8246-4539591921c3 - - - - -] calling wait on _wait /var/lib/kolla/venv/lib/python3.6/site-packages/neutron/service.py:131
2025-11-10 01:55:03.690 28 WARNING amqp [req-5d6ce138-1970-4b59-8246-4539591921c3 - - - - -] Received method (60, 30) during closing channel 1. This method will be ignored
2025-11-10 01:55:03.691 29 DEBUG oslo_concurrency.lockutils [req-5d6ce138-1970-4b59-8246-4539591921c3 - - - - -] Acquired lock "singleton_lock" lock /var/lib/kolla/venv/lib/python3.6/site-packages/oslo_concurrency/lockutils.py:294
2025-11-10 01:55:03.691 29 DEBUG oslo_concurrency.lockutils [req-5d6ce138-1970-4b59-8246-4539591921c3 - - - - -] Releasing lock "singleton_lock" lock /var/lib/kolla/venv/lib/python3.6/site-packages/oslo_concurrency/lockutils.py:312
2025-11-10 01:55:03.691 29 DEBUG neutron.service [req-5d6ce138-1970-4b59-8246-4539591921c3 - - - - -] calling RpcWorker wait() _wait /var/lib/kolla/venv/lib/python3.6/site-packages/neutron/service.py:128
2025-11-10 01:55:03.692 29 DEBUG neutron.service [req-5d6ce138-1970-4b59-8246-4539591921c3 - - - - -] calling wait on _wait /var/lib/kolla/venv/lib/python3.6/site-packages/neutron/service.py:131
2025-11-10 01:55:03.694 28 DEBUG neutron.service [req-5d6ce138-1970-4b59-8246-4539591921c3 - - - - -] returning from RpcWorker wait() _wait /var/lib/kolla/venv/lib/python3.6/site-packages/neutron/service.py:135
2025-11-10 01:55:03.695 24 DEBUG neutron.service [-] calling stop on stop /var/lib/kolla/venv/lib/python3.6/site-packages/neutron/service.py:141
2025-11-10 01:55:03.696 23 DEBUG neutron.service [-] calling stop on stop /var/lib/kolla/venv/lib/python3.6/site-packages/neutron/service.py:141
2025-11-10 01:55:03.699 29 WARNING amqp [req-5d6ce138-1970-4b59-8246-4539591921c3 - - - - -] Received method (60, 30) during closing channel 1. This method will be ignored
2025-11-10 01:55:03.700 29 DEBUG neutron.service [req-5d6ce138-1970-4b59-8246-4539591921c3 - - - - -] returning from RpcWorker wait() _wait /var/lib/kolla/venv/lib/python3.6/site-packages/neutron/service.py:135
2025-11-10 01:55:03.702 7 INFO oslo_service.service [-] Child 28 exited with status 0
2025-11-10 01:55:03.707 25 DEBUG neutron.service [-] calling stop on stop /var/lib/kolla/venv/lib/python3.6/site-packages/neutron/service.py:141
2025-11-10 01:55:03.708 7 INFO oslo_service.service [-] Child 29 exited with status 0
2025-11-10 01:55:03.709 27 DEBUG oslo_concurrency.lockutils [req-5d6ce138-1970-4b59-8246-4539591921c3 - - - - -] Acquired lock "singleton_lock" lock /var/lib/kolla/venv/lib/python3.6/site-packages/oslo_concurrency/lockutils.py:294
2025-11-10 01:55:03.710 27 DEBUG oslo_concurrency.lockutils [req-5d6ce138-1970-4b59-8246-4539591921c3 - - - - -] Releasing lock "singleton_lock" lock /var/lib/kolla/venv/lib/python3.6/site-packages/oslo_concurrency/lockutils.py:312
2025-11-10 01:55:03.710 27 DEBUG neutron.service [req-5d6ce138-1970-4b59-8246-4539591921c3 - - - - -] calling RpcWorker wait() _wait /var/lib/kolla/venv/lib/python3.6/site-packages/neutron/service.py:128
2025-11-10 01:55:03.710 27 DEBUG neutron.service [req-5d6ce138-1970-4b59-8246-4539591921c3 - - - - -] calling wait on _wait /var/lib/kolla/venv/lib/python3.6/site-packages/neutron/service.py:131
2025-11-10 01:55:03.716 27 WARNING amqp [req-5d6ce138-1970-4b59-8246-4539591921c3 - - - - -] Received method (60, 30) during closing channel 1. This method will be ignored
2025-11-10 01:55:03.717 27 DEBUG neutron.service [req-5d6ce138-1970-4b59-8246-4539591921c3 - - - - -] returning from RpcWorker wait() _wait /var/lib/kolla/venv/lib/python3.6/site-packages/neutron/service.py:135
2025-11-10 01:55:03.723 7 INFO oslo_service.service [-] Child 27 exited with status 0
2025-11-10 01:55:03.725 25 DEBUG neutron.service [-] calling stop on stop /var/lib/kolla/venv/lib/python3.6/site-packages/neutron/service.py:141
2025-11-10 01:55:03.728 23 DEBUG neutron.service [-] calling stop on stop /var/lib/kolla/venv/lib/python3.6/site-packages/neutron/service.py:141
2025-11-10 01:55:03.729 25 DEBUG neutron.service [-] calling stop on stop /var/lib/kolla/venv/lib/python3.6/site-packages/neutron/service.py:141
2025-11-10 01:55:03.731 23 DEBUG oslo_concurrency.lockutils [req-5d6ce138-1970-4b59-8246-4539591921c3 - - - - -] Acquired lock "singleton_lock" lock /var/lib/kolla/venv/lib/python3.6/site-packages/oslo_concurrency/lockutils.py:294
2025-11-10 01:55:03.731 23 DEBUG oslo_concurrency.lockutils [req-5d6ce138-1970-4b59-8246-4539591921c3 - - - - -] Releasing lock "singleton_lock" lock /var/lib/kolla/venv/lib/python3.6/site-packages/oslo_concurrency/lockutils.py:312
2025-11-10 01:55:03.732 23 DEBUG neutron.service [req-5d6ce138-1970-4b59-8246-4539591921c3 - - - - -] calling RpcWorker wait() _wait /var/lib/kolla/venv/lib/python3.6/site-packages/neutron/service.py:128
2025-11-10 01:55:03.732 23 DEBUG neutron.service [req-5d6ce138-1970-4b59-8246-4539591921c3 - - - - -] calling wait on _wait /var/lib/kolla/venv/lib/python3.6/site-packages/neutron/service.py:131
2025-11-10 01:55:03.738 23 WARNING amqp [req-5d6ce138-1970-4b59-8246-4539591921c3 - - - - -] Received method (60, 30) during closing channel 1. This method will be ignored
2025-11-10 01:55:03.739 23 DEBUG neutron.service [req-5d6ce138-1970-4b59-8246-4539591921c3 - - - - -] calling wait on _wait /var/lib/kolla/venv/lib/python3.6/site-packages/neutron/service.py:131
2025-11-10 01:55:03.745 25 DEBUG oslo_concurrency.lockutils [req-5d6ce138-1970-4b59-8246-4539591921c3 - - - - -] Acquired lock "singleton_lock" lock /var/lib/kolla/venv/lib/python3.6/site-packages/oslo_concurrency/lockutils.py:294
2025-11-10 01:55:03.746 25 DEBUG oslo_concurrency.lockutils [req-5d6ce138-1970-4b59-8246-4539591921c3 - - - - -] Releasing lock "singleton_lock" lock /var/lib/kolla/venv/lib/python3.6/site-packages/oslo_concurrency/lockutils.py:312
2025-11-10 01:55:03.747 25 DEBUG neutron.service [req-5d6ce138-1970-4b59-8246-4539591921c3 - - - - -] calling RpcWorker wait() _wait /var/lib/kolla/venv/lib/python3.6/site-packages/neutron/service.py:128
2025-11-10 01:55:03.748 25 DEBUG neutron.service [req-5d6ce138-1970-4b59-8246-4539591921c3 - - - - -] calling wait on _wait /var/lib/kolla/venv/lib/python3.6/site-packages/neutron/service.py:131
2025-11-10 01:55:03.744 23 WARNING amqp [req-5d6ce138-1970-4b59-8246-4539591921c3 - - - - -] Received method (60, 30) during closing channel 1. This method will be ignored
2025-11-10 01:55:03.750 23 DEBUG neutron.service [req-5d6ce138-1970-4b59-8246-4539591921c3 - - - - -] calling wait on _wait /var/lib/kolla/venv/lib/python3.6/site-packages/neutron/service.py:131
2025-11-10 01:55:03.753 25 WARNING amqp [req-5d6ce138-1970-4b59-8246-4539591921c3 - - - - -] Received method (60, 30) during closing channel 1. This method will be ignored
2025-11-10 01:55:03.754 25 DEBUG neutron.service [req-5d6ce138-1970-4b59-8246-4539591921c3 - - - - -] calling wait on _wait /var/lib/kolla/venv/lib/python3.6/site-packages/neutron/service.py:131
2025-11-10 01:55:03.756 23 WARNING amqp [req-5d6ce138-1970-4b59-8246-4539591921c3 - - - - -] Received method (60, 30) during closing channel 1. This method will be ignored
2025-11-10 01:55:03.757 23 DEBUG neutron.service [req-5d6ce138-1970-4b59-8246-4539591921c3 - - - - -] calling wait on _wait /var/lib/kolla/venv/lib/python3.6/site-packages/neutron/service.py:131
2025-11-10 01:55:03.760 25 WARNING amqp [req-5d6ce138-1970-4b59-8246-4539591921c3 - - - - -] Received method (60, 30) during closing channel 1. This method will be ignored
2025-11-10 01:55:03.763 25 DEBUG neutron.service [req-5d6ce138-1970-4b59-8246-4539591921c3 - - - - -] calling wait on _wait /var/lib/kolla/venv/lib/python3.6/site-packages/neutron/service.py:131
2025-11-10 01:55:03.765 23 WARNING amqp [req-5d6ce138-1970-4b59-8246-4539591921c3 - - - - -] Received method (60, 30) during closing channel 1. This method will be ignored
2025-11-10 01:55:03.767 23 DEBUG neutron.service [req-5d6ce138-1970-4b59-8246-4539591921c3 - - - - -] returning from RpcWorker wait() _wait /var/lib/kolla/venv/lib/python3.6/site-packages/neutron/service.py:135
2025-11-10 01:55:03.771 25 WARNING amqp [req-5d6ce138-1970-4b59-8246-4539591921c3 - - - - -] Received method (60, 30) during closing channel 1. This method will be ignored
2025-11-10 01:55:03.772 25 DEBUG neutron.service [req-5d6ce138-1970-4b59-8246-4539591921c3 - - - - -] calling wait on _wait /var/lib/kolla/venv/lib/python3.6/site-packages/neutron/service.py:131
2025-11-10 01:55:03.777 7 INFO oslo_service.service [-] Child 23 exited with status 0
2025-11-10 01:55:03.778 25 WARNING amqp [req-5d6ce138-1970-4b59-8246-4539591921c3 - - - - -] Received method (60, 30) during closing channel 1. This method will be ignored
2025-11-10 01:55:03.780 25 DEBUG neutron.service [req-5d6ce138-1970-4b59-8246-4539591921c3 - - - - -] returning from RpcWorker wait() _wait /var/lib/kolla/venv/lib/python3.6/site-packages/neutron/service.py:135
2025-11-10 01:55:03.788 7 INFO oslo_service.service [-] Child 25 exited with status 0
2025-11-10 01:55:05.963 24 DEBUG neutron.service [-] calling stop on stop /var/lib/kolla/venv/lib/python3.6/site-packages/neutron/service.py:141
2025-11-10 01:55:11.712 7 INFO neutron.common.config [-] Logging enabled!
2025-11-10 01:55:11.712 7 INFO neutron.common.config [-] /var/lib/kolla/venv/bin/neutron-server version 20.5.1.dev23
2025-11-10 01:55:11.714 7 DEBUG neutron.common.config [-] command line: /var/lib/kolla/venv/bin/neutron-server --config-file /etc/neutron/neutron.conf --config-file /etc/neutron/ContrailPlugin.ini --config-file /etc/neutron/api-paste.ini setup_logging /var/lib/kolla/venv/lib/python3.6/site-packages/neutron/common/config.py:115
2025-11-10 01:55:11.717 7 INFO neutron.common.config [-] Logging enabled!
2025-11-10 01:55:11.717 7 INFO neutron.common.config [-] /var/lib/kolla/venv/bin/neutron-server version 20.5.1.dev23
2025-11-10 01:55:11.718 7 DEBUG neutron.common.config [-] command line: /var/lib/kolla/venv/bin/neutron-server --config-file /etc/neutron/neutron.conf --config-file /etc/neutron/ContrailPlugin.ini --config-file /etc/neutron/api-paste.ini setup_logging /var/lib/kolla/venv/lib/python3.6/site-packages/neutron/common/config.py:115
2025-11-10 01:55:11.718 7 DEBUG neutron.common.config [-] ******************************************************************************** log_opt_values /var/lib/kolla/venv/lib/python3.6/site-packages/oslo_config/cfg.py:2589
2025-11-10 01:55:11.718 7 DEBUG neutron.common.config [-] Configuration options gathered from: log_opt_values /var/lib/kolla/venv/lib/python3.6/site-packages/oslo_config/cfg.py:2590
2025-11-10 01:55:11.718 7 DEBUG neutron.common.config [-] command line args: ['--config-file', '/etc/neutron/neutron.conf', '--config-file', '/etc/neutron/ContrailPlugin.ini', '--config-file', '/etc/neutron/api-paste.ini'] log_opt_values /var/lib/kolla/venv/lib/python3.6/site-packages/oslo_config/cfg.py:2591
2025-11-10 01:55:11.719 7 DEBUG neutron.common.config [-] config files: ['/etc/neutron/neutron.conf', '/etc/neutron/ContrailPlugin.ini', '/etc/neutron/api-paste.ini'] log_opt_values /var/lib/kolla/venv/lib/python3.6/site-packages/oslo_config/cfg.py:2593
2025-11-10 01:55:11.719 7 DEBUG neutron.common.config [-] ================================================================================ log_opt_values /var/lib/kolla/venv/lib/python3.6/site-packages/oslo_config/cfg.py:2594
2025-11-10 01:55:11.719 7 DEBUG neutron.common.config [-] allow_bulk = True log_opt_values /var/lib/kolla/venv/lib/python3.6/site-packages/oslo_config/cfg.py:2603
2025-11-10 01:55:11.720 7 WARNING oslo_config.cfg [-] Deprecated: Option "allow_overlapping_ips" from group "DEFAULT" is deprecated for removal. Its value may be silently ignored in the future.
2025-11-10 01:55:11.720 7 DEBUG neutron.common.config [-] allow_overlapping_ips = True log_opt_values /var/lib/kolla/venv/lib/python3.6/site-packages/oslo_config/cfg.py:2603
2025-11-10 01:55:11.720 7 DEBUG neutron.common.config [-] api_extensions_path = /opt/plugin/site-packages/neutron_plugin_contrail/extensions:/opt/plugin/site-packages/neutron_lbaas/extensions log_opt_values /var/lib/kolla/venv/lib/python3.6/site-packages/oslo_config/cfg.py:2603
2025-11-10 01:55:11.720 7 DEBUG neutron.common.config [-] api_paste_config = /etc/neutron/api-paste.ini log_opt_values /var/lib/kolla/venv/lib/python3.6/site-packages/oslo_config/cfg.py:2603
2025-11-10 01:55:11.720 7 DEBUG neutron.common.config [-] api_workers = 1 log_opt_values /var/lib/kolla/venv/lib/python3.6/site-packages/oslo_config/cfg.py:2603
2025-11-10 01:55:11.720 7 DEBUG neutron.common.config [-] auth_strategy = keystone log_opt_values /var/lib/kolla/venv/lib/python3.6/site-packages/oslo_config/cfg.py:2603
2025-11-10 01:55:11.720 7 DEBUG neutron.common.config [-] backlog = 4096 log_opt_values /var/lib/kolla/venv/lib/python3.6/site-packages/oslo_config/cfg.py:2603
2025-11-10 01:55:11.721 7 DEBUG neutron.common.config [-] base_mac = fa:16:3e:00:00:00 log_opt_values /var/lib/kolla/venv/lib/python3.6/site-packages/oslo_config/cfg.py:2603
2025-11-10 01:55:11.721 7 DEBUG neutron.common.config [-] bind_host = 10.0.0.27 log_opt_values /var/lib/kolla/venv/lib/python3.6/site-packages/oslo_config/cfg.py:2603
2025-11-10 01:55:11.721 7 DEBUG neutron.common.config [-] bind_port = 9696 log_opt_values /var/lib/kolla/venv/lib/python3.6/site-packages/oslo_config/cfg.py:2603
2025-11-10 01:55:11.721 7 DEBUG neutron.common.config [-] client_socket_timeout = 900 log_opt_values /var/lib/kolla/venv/lib/python3.6/site-packages/oslo_config/cfg.py:2603
