2025-11-06 00:41:03.300 124757 DEBUG oslo_service.service [req-0c75062d-9a5b-48ea-9680-ced7a1e12dd1 - - - - -] api.vendordata_dynamic_connect_timeout = 5 log_opt_values /usr/lib/python3/dist-packages/oslo_config/cfg.py:2609
2025-11-06 00:41:03.301 124757 DEBUG oslo_service.service [req-0c75062d-9a5b-48ea-9680-ced7a1e12dd1 - - - - -] api.vendordata_dynamic_failure_fatal = False log_opt_values /usr/lib/python3/dist-packages/oslo_config/cfg.py:2609
2025-11-06 00:41:03.301 124757 DEBUG oslo_service.service [req-0c75062d-9a5b-48ea-9680-ced7a1e12dd1 - - - - -] api.vendordata_dynamic_read_timeout = 5 log_opt_values /usr/lib/python3/dist-packages/oslo_config/cfg.py:2609
2025-11-06 00:41:03.301 124757 DEBUG oslo_service.service [req-0c75062d-9a5b-48ea-9680-ced7a1e12dd1 - - - - -] api.vendordata_dynamic_ssl_certfile = log_opt_values /usr/lib/python3/dist-packages/oslo_config/cfg.py:2609
2025-11-06 00:41:03.302 124757 DEBUG oslo_service.service [req-0c75062d-9a5b-48ea-9680-ced7a1e12dd1 - - - - -] api.vendordata_dynamic_targets = [] log_opt_values /usr/lib/python3/dist-packages/oslo_config/cfg.py:2609
2025-11-06 00:41:03.302 124757 DEBUG oslo_service.service [req-0c75062d-9a5b-48ea-9680-ced7a1e12dd1 - - - - -] api.vendordata_jsonfile_path = None log_opt_values /usr/lib/python3/dist-packages/oslo_config/cfg.py:2609
2025-11-06 00:41:03.302 124757 DEBUG oslo_service.service [req-0c75062d-9a5b-48ea-9680-ced7a1e12dd1 - - - - -] api.vendordata_providers = ['StaticJSON'] log_opt_values /usr/lib/python3/dist-packages/oslo_config/cfg.py:2609
2025-11-06 00:41:03.302 124757 DEBUG oslo_service.service [req-0c75062d-9a5b-48ea-9680-ced7a1e12dd1 - - - - -] cache.backend = dogpile.cache.null log_opt_values /usr/lib/python3/dist-packages/oslo_config/cfg.py:2609
2025-11-06 00:41:03.303 124757 DEBUG oslo_service.service [req-0c75062d-9a5b-48ea-9680-ced7a1e12dd1 - - - - -] cache.backend_argument = **** log_opt_values /usr/lib/python3/dist-packages/oslo_config/cfg.py:2609
2025-11-06 00:41:03.303 124757 DEBUG oslo_service.service [req-0c75062d-9a5b-48ea-9680-ced7a1e12dd1 - - - - -] cache.config_prefix = cache.oslo log_opt_values /usr/lib/python3/dist-packages/oslo_config/cfg.py:2609
2025-11-06 00:41:03.303 124757 DEBUG oslo_service.service [req-0c75062d-9a5b-48ea-9680-ced7a1e12dd1 - - - - -] cache.debug_cache_backend = False log_opt_values /usr/lib/python3/dist-packages/oslo_config/cfg.py:2609
2025-11-06 00:41:03.303 124757 DEBUG oslo_service.service [req-0c75062d-9a5b-48ea-9680-ced7a1e12dd1 - - - - -] cache.enabled = False log_opt_values /usr/lib/python3/dist-packages/oslo_config/cfg.py:2609
2025-11-06 00:41:03.303 124757 DEBUG oslo_service.service [req-0c75062d-9a5b-48ea-9680-ced7a1e12dd1 - - - - -] cache.expiration_time = 600 log_opt_values /usr/lib/python3/dist-packages/oslo_config/cfg.py:2609
2025-11-06 00:41:03.304 124757 DEBUG oslo_service.service [req-0c75062d-9a5b-48ea-9680-ced7a1e12dd1 - - - - -] cache.memcache_dead_retry = 300 log_opt_values /usr/lib/python3/dist-packages/oslo_config/cfg.py:2609
2025-11-06 00:41:03.304 124757 DEBUG oslo_service.service [req-0c75062d-9a5b-48ea-9680-ced7a1e12dd1 - - - - -] cache.memcache_pool_connection_get_timeout = 10 log_opt_values /usr/lib/python3/dist-packages/oslo_config/cfg.py:2609
2025-11-06 00:41:03.304 124757 DEBUG oslo_service.service [req-0c75062d-9a5b-48ea-9680-ced7a1e12dd1 - - - - -] cache.memcache_pool_flush_on_reconnect = False log_opt_values /usr/lib/python3/dist-packages/oslo_config/cfg.py:2609
2025-11-06 00:41:03.304 124757 DEBUG oslo_service.service [req-0c75062d-9a5b-48ea-9680-ced7a1e12dd1 - - - - -] cache.memcache_pool_maxsize = 10 log_opt_values /usr/lib/python3/dist-packages/oslo_config/cfg.py:2609
2025-11-06 00:41:03.305 124757 DEBUG oslo_service.service [req-0c75062d-9a5b-48ea-9680-ced7a1e12dd1 - - - - -] cache.memcache_pool_unused_timeout = 60 log_opt_values /usr/lib/python3/dist-packages/oslo_config/cfg.py:2609
2025-11-06 00:41:03.305 124757 DEBUG oslo_service.service [req-0c75062d-9a5b-48ea-9680-ced7a1e12dd1 - - - - -] cache.memcache_servers = ['localhost:11211'] log_opt_values /usr/lib/python3/dist-packages/oslo_config/cfg.py:2609
2025-11-06 00:41:03.305 124757 DEBUG oslo_service.service [req-0c75062d-9a5b-48ea-9680-ced7a1e12dd1 - - - - -] cache.memcache_socket_timeout = 1.0 log_opt_values /usr/lib/python3/dist-packages/oslo_config/cfg.py:2609
2025-11-06 00:41:03.305 124757 DEBUG oslo_service.service [req-0c75062d-9a5b-48ea-9680-ced7a1e12dd1 - - - - -] cache.proxies = [] log_opt_values /usr/lib/python3/dist-packages/oslo_config/cfg.py:2609
2025-11-06 00:41:03.305 124757 DEBUG oslo_service.service [req-0c75062d-9a5b-48ea-9680-ced7a1e12dd1 - - - - -] cache.tls_allowed_ciphers = None log_opt_values /usr/lib/python3/dist-packages/oslo_config/cfg.py:2609
2025-11-06 00:41:03.306 124757 DEBUG oslo_service.service [req-0c75062d-9a5b-48ea-9680-ced7a1e12dd1 - - - - -] cache.tls_cafile = None log_opt_values /usr/lib/python3/dist-packages/oslo_config/cfg.py:2609
2025-11-06 00:41:03.306 124757 DEBUG oslo_service.service [req-0c75062d-9a5b-48ea-9680-ced7a1e12dd1 - - - - -] cache.tls_certfile = None log_opt_values /usr/lib/python3/dist-packages/oslo_config/cfg.py:2609
2025-11-06 00:41:03.306 124757 DEBUG oslo_service.service [req-0c75062d-9a5b-48ea-9680-ced7a1e12dd1 - - - - -] cache.tls_enabled = False log_opt_values /usr/lib/python3/dist-packages/oslo_config/cfg.py:2609
2025-11-06 00:41:03.306 124757 DEBUG oslo_service.service [req-0c75062d-9a5b-48ea-9680-ced7a1e12dd1 - - - - -] cache.tls_keyfile = None log_opt_values /usr/lib/python3/dist-packages/oslo_config/cfg.py:2609
2025-11-06 00:41:03.306 124757 DEBUG oslo_service.service [req-0c75062d-9a5b-48ea-9680-ced7a1e12dd1 - - - - -] cinder.auth_section = None log_opt_values /usr/lib/python3/dist-packages/oslo_config/cfg.py:2609
2025-11-06 00:41:03.307 124757 DEBUG oslo_service.service [req-0c75062d-9a5b-48ea-9680-ced7a1e12dd1 - - - - -] cinder.auth_type = None log_opt_values /usr/lib/python3/dist-packages/oslo_config/cfg.py:2609
2025-11-06 00:41:03.307 124757 DEBUG oslo_service.service [req-0c75062d-9a5b-48ea-9680-ced7a1e12dd1 - - - - -] cinder.cafile = None log_opt_values /usr/lib/python3/dist-packages/oslo_config/cfg.py:2609
2025-11-06 00:41:03.307 124757 DEBUG oslo_service.service [req-0c75062d-9a5b-48ea-9680-ced7a1e12dd1 - - - - -] cinder.catalog_info = volumev3::publicURL log_opt_values /usr/lib/python3/dist-packages/oslo_config/cfg.py:2609
2025-11-06 00:41:03.306 125055 DEBUG oslo_messaging._drivers.amqpdriver [-] Listener is running poll /usr/lib/python3/dist-packages/oslo_messaging/_drivers/amqpdriver.py:343
2025-11-06 00:41:03.307 125055 DEBUG oslo_messaging._drivers.amqpdriver [-] AMQPListener connection consume poll /usr/lib/python3/dist-packages/oslo_messaging/_drivers/amqpdriver.py:357
2025-11-06 00:41:03.307 124757 DEBUG oslo_service.service [req-0c75062d-9a5b-48ea-9680-ced7a1e12dd1 - - - - -] cinder.certfile = None log_opt_values /usr/lib/python3/dist-packages/oslo_config/cfg.py:2609
2025-11-06 00:41:03.307 124757 DEBUG oslo_service.service [req-0c75062d-9a5b-48ea-9680-ced7a1e12dd1 - - - - -] cinder.collect_timing = False log_opt_values /usr/lib/python3/dist-packages/oslo_config/cfg.py:2609
2025-11-06 00:41:03.308 124757 DEBUG oslo_service.service [req-0c75062d-9a5b-48ea-9680-ced7a1e12dd1 - - - - -] cinder.cross_az_attach = True log_opt_values /usr/lib/python3/dist-packages/oslo_config/cfg.py:2609
2025-11-06 00:41:03.308 124757 DEBUG oslo_service.service [req-0c75062d-9a5b-48ea-9680-ced7a1e12dd1 - - - - -] cinder.debug = False log_opt_values /usr/lib/python3/dist-packages/oslo_config/cfg.py:2609
2025-11-06 00:41:03.308 124757 DEBUG oslo_service.service [req-0c75062d-9a5b-48ea-9680-ced7a1e12dd1 - - - - -] cinder.endpoint_template = None log_opt_values /usr/lib/python3/dist-packages/oslo_config/cfg.py:2609
2025-11-06 00:41:03.308 124757 DEBUG oslo_service.service [req-0c75062d-9a5b-48ea-9680-ced7a1e12dd1 - - - - -] cinder.http_retries = 3 log_opt_values /usr/lib/python3/dist-packages/oslo_config/cfg.py:2609
2025-11-06 00:41:03.308 124757 DEBUG oslo_service.service [req-0c75062d-9a5b-48ea-9680-ced7a1e12dd1 - - - - -] cinder.insecure = False log_opt_values /usr/lib/python3/dist-packages/oslo_config/cfg.py:2609
2025-11-06 00:41:03.308 124757 DEBUG oslo_service.service [req-0c75062d-9a5b-48ea-9680-ced7a1e12dd1 - - - - -] cinder.keyfile = None log_opt_values /usr/lib/python3/dist-packages/oslo_config/cfg.py:2609
2025-11-06 00:41:03.308 125054 DEBUG oslo_messaging._drivers.amqpdriver [-] Listener is running poll /usr/lib/python3/dist-packages/oslo_messaging/_drivers/amqpdriver.py:343
2025-11-06 00:41:03.309 124757 DEBUG oslo_service.service [req-0c75062d-9a5b-48ea-9680-ced7a1e12dd1 - - - - -] cinder.os_region_name = None log_opt_values /usr/lib/python3/dist-packages/oslo_config/cfg.py:2609
2025-11-06 00:41:03.309 124757 DEBUG oslo_service.service [req-0c75062d-9a5b-48ea-9680-ced7a1e12dd1 - - - - -] cinder.split_loggers = False log_opt_values /usr/lib/python3/dist-packages/oslo_config/cfg.py:2609
2025-11-06 00:41:03.309 124757 DEBUG oslo_service.service [req-0c75062d-9a5b-48ea-9680-ced7a1e12dd1 - - - - -] cinder.timeout = None log_opt_values /usr/lib/python3/dist-packages/oslo_config/cfg.py:2609
2025-11-06 00:41:03.309 125054 DEBUG oslo_messaging._drivers.amqpdriver [-] AMQPListener connection consume poll /usr/lib/python3/dist-packages/oslo_messaging/_drivers/amqpdriver.py:357
2025-11-06 00:41:03.309 124757 DEBUG oslo_service.service [req-0c75062d-9a5b-48ea-9680-ced7a1e12dd1 - - - - -] compute.consecutive_build_service_disable_threshold = 10 log_opt_values /usr/lib/python3/dist-packages/oslo_config/cfg.py:2609
2025-11-06 00:41:03.309 124757 DEBUG oslo_service.service [req-0c75062d-9a5b-48ea-9680-ced7a1e12dd1 - - - - -] compute.cpu_dedicated_set = None log_opt_values /usr/lib/python3/dist-packages/oslo_config/cfg.py:2609
2025-11-06 00:41:03.309 124757 DEBUG oslo_service.service [req-0c75062d-9a5b-48ea-9680-ced7a1e12dd1 - - - - -] compute.cpu_shared_set = None log_opt_values /usr/lib/python3/dist-packages/oslo_config/cfg.py:2609
2025-11-06 00:41:03.309 125055 DEBUG oslo_messaging._drivers.amqpdriver [-] received message msg_id: d8ffd11a172a4550ba9c693cb4af06e8 reply to reply_36fd4eb34a774df4970f646fe16c3921 __call__ /usr/lib/python3/dist-packages/oslo_messaging/_drivers/amqpdriver.py:320
2025-11-06 00:41:03.310 124757 DEBUG oslo_service.service [req-0c75062d-9a5b-48ea-9680-ced7a1e12dd1 - - - - -] compute.image_type_exclude_list = [] log_opt_values /usr/lib/python3/dist-packages/oslo_config/cfg.py:2609
2025-11-06 00:41:03.310 125054 DEBUG nova.service [req-aaa22522-153d-4793-b71f-7fa03d5e058c - - - - -] Join ServiceGroup membership for this service conductor start /usr/lib/python3/dist-packages/nova/service.py:199
2025-11-06 00:41:03.310 124757 DEBUG oslo_service.service [req-0c75062d-9a5b-48ea-9680-ced7a1e12dd1 - - - - -] compute.live_migration_wait_for_vif_plug = True log_opt_values /usr/lib/python3/dist-packages/oslo_config/cfg.py:2609
2025-11-06 00:41:03.310 124757 DEBUG oslo_service.service [req-0c75062d-9a5b-48ea-9680-ced7a1e12dd1 - - - - -] compute.max_concurrent_disk_ops = 0 log_opt_values /usr/lib/python3/dist-packages/oslo_config/cfg.py:2609
2025-11-06 00:41:03.310 125054 DEBUG nova.servicegroup.drivers.db [req-aaa22522-153d-4793-b71f-7fa03d5e058c - - - - -] DB_Driver: join new ServiceGroup member juju-85bed8-0-lxd-7 to the conductor group, service = join /usr/lib/python3/dist-packages/nova/servicegroup/drivers/db.py:44
2025-11-06 00:41:03.310 124757 DEBUG oslo_service.service [req-0c75062d-9a5b-48ea-9680-ced7a1e12dd1 - - - - -] compute.max_disk_devices_to_attach = -1 log_opt_values /usr/lib/python3/dist-packages/oslo_config/cfg.py:2609
2025-11-06 00:41:03.310 124757 DEBUG oslo_service.service [req-0c75062d-9a5b-48ea-9680-ced7a1e12dd1 - - - - -] compute.packing_host_numa_cells_allocation_strategy = True log_opt_values /usr/lib/python3/dist-packages/oslo_config/cfg.py:2609
2025-11-06 00:41:03.311 124757 DEBUG oslo_service.service [req-0c75062d-9a5b-48ea-9680-ced7a1e12dd1 - - - - -] compute.provider_config_location = /etc/nova/provider_config/ log_opt_values /usr/lib/python3/dist-packages/oslo_config/cfg.py:2609
2025-11-06 00:41:03.310 125055 DEBUG nova.service [req-470f9eed-9a92-44b0-9aac-d7461a0beba2 - - - - -] Join ServiceGroup membership for this service conductor start /usr/lib/python3/dist-packages/nova/service.py:199
2025-11-06 00:41:03.311 124757 DEBUG oslo_service.service [req-0c75062d-9a5b-48ea-9680-ced7a1e12dd1 - - - - -] compute.resource_provider_association_refresh = 300 log_opt_values /usr/lib/python3/dist-packages/oslo_config/cfg.py:2609
2025-11-06 00:41:03.311 125055 DEBUG nova.servicegroup.drivers.db [req-470f9eed-9a92-44b0-9aac-d7461a0beba2 - - - - -] DB_Driver: join new ServiceGroup member juju-85bed8-0-lxd-7 to the conductor group, service = join /usr/lib/python3/dist-packages/nova/servicegroup/drivers/db.py:44
2025-11-06 00:41:03.311 124757 DEBUG oslo_service.service [req-0c75062d-9a5b-48ea-9680-ced7a1e12dd1 - - - - -] compute.shutdown_retry_interval = 10 log_opt_values /usr/lib/python3/dist-packages/oslo_config/cfg.py:2609
2025-11-06 00:41:03.311 125057 DEBUG oslo_messaging._drivers.amqpdriver [-] Listener is running poll /usr/lib/python3/dist-packages/oslo_messaging/_drivers/amqpdriver.py:343
2025-11-06 00:41:03.311 124757 DEBUG oslo_service.service [req-0c75062d-9a5b-48ea-9680-ced7a1e12dd1 - - - - -] compute.vmdk_allowed_types = ['streamOptimized', 'monolithicSparse'] log_opt_values /usr/lib/python3/dist-packages/oslo_config/cfg.py:2609
2025-11-06 00:41:03.312 124757 DEBUG oslo_service.service [req-0c75062d-9a5b-48ea-9680-ced7a1e12dd1 - - - - -] conductor.workers = 4 log_opt_values /usr/lib/python3/dist-packages/oslo_config/cfg.py:2609
2025-11-06 00:41:03.311 125057 DEBUG oslo_messaging._drivers.amqpdriver [-] AMQPListener connection consume poll /usr/lib/python3/dist-packages/oslo_messaging/_drivers/amqpdriver.py:357
2025-11-06 00:41:03.312 124757 DEBUG oslo_service.service [req-0c75062d-9a5b-48ea-9680-ced7a1e12dd1 - - - - -] console.allowed_origins = [] log_opt_values /usr/lib/python3/dist-packages/oslo_config/cfg.py:2609
2025-11-06 00:41:03.312 124757 DEBUG oslo_service.service [req-0c75062d-9a5b-48ea-9680-ced7a1e12dd1 - - - - -] console.ssl_ciphers = None log_opt_values /usr/lib/python3/dist-packages/oslo_config/cfg.py:2609
2025-11-06 00:41:03.312 124757 DEBUG oslo_service.service [req-0c75062d-9a5b-48ea-9680-ced7a1e12dd1 - - - - -] console.ssl_minimum_version = default log_opt_values /usr/lib/python3/dist-packages/oslo_config/cfg.py:2609
2025-11-06 00:41:03.312 124757 DEBUG oslo_service.service [req-0c75062d-9a5b-48ea-9680-ced7a1e12dd1 - - - - -] consoleauth.token_ttl = 600 log_opt_values /usr/lib/python3/dist-packages/oslo_config/cfg.py:2609
2025-11-06 00:41:03.312 125057 DEBUG nova.service [req-a0ccc636-39b3-4d2d-8dc8-76848140495e - - - - -] Join ServiceGroup membership for this service conductor start /usr/lib/python3/dist-packages/nova/service.py:199
2025-11-06 00:41:03.312 124757 DEBUG oslo_service.service [req-0c75062d-9a5b-48ea-9680-ced7a1e12dd1 - - - - -] cyborg.cafile = None log_opt_values /usr/lib/python3/dist-packages/oslo_config/cfg.py:2609
2025-11-06 00:41:03.312 125057 DEBUG nova.servicegroup.drivers.db [req-a0ccc636-39b3-4d2d-8dc8-76848140495e - - - - -] DB_Driver: join new ServiceGroup member juju-85bed8-0-lxd-7 to the conductor group, service = join /usr/lib/python3/dist-packages/nova/servicegroup/drivers/db.py:44
2025-11-06 00:41:03.312 124757 DEBUG oslo_service.service [req-0c75062d-9a5b-48ea-9680-ced7a1e12dd1 - - - - -] cyborg.certfile = None log_opt_values /usr/lib/python3/dist-packages/oslo_config/cfg.py:2609
2025-11-06 00:41:03.312 125054 DEBUG oslo_messaging._drivers.amqpdriver [-] AMQPListener connection timeout poll /usr/lib/python3/dist-packages/oslo_messaging/_drivers/amqpdriver.py:360
2025-11-06 00:41:03.313 124757 DEBUG oslo_service.service [req-0c75062d-9a5b-48ea-9680-ced7a1e12dd1 - - - - -] cyborg.collect_timing = False log_opt_values /usr/lib/python3/dist-packages/oslo_config/cfg.py:2609
2025-11-06 00:41:03.313 125054 DEBUG oslo_messaging._drivers.amqpdriver [-] Listener is running poll /usr/lib/python3/dist-packages/oslo_messaging/_drivers/amqpdriver.py:343
2025-11-06 00:41:03.313 124757 DEBUG oslo_service.service [req-0c75062d-9a5b-48ea-9680-ced7a1e12dd1 - - - - -] cyborg.connect_retries = None log_opt_values /usr/lib/python3/dist-packages/oslo_config/cfg.py:2609
2025-11-06 00:41:03.313 125054 DEBUG oslo_messaging._drivers.amqpdriver [-] AMQPListener connection consume poll /usr/lib/python3/dist-packages/oslo_messaging/_drivers/amqpdriver.py:357
2025-11-06 00:41:03.313 124757 DEBUG oslo_service.service [req-0c75062d-9a5b-48ea-9680-ced7a1e12dd1 - - - - -] cyborg.connect_retry_delay = None log_opt_values /usr/lib/python3/dist-packages/oslo_config/cfg.py:2609
2025-11-06 00:41:03.313 124757 DEBUG oslo_service.service [req-0c75062d-9a5b-48ea-9680-ced7a1e12dd1 - - - - -] cyborg.endpoint_override = None log_opt_values /usr/lib/python3/dist-packages/oslo_config/cfg.py:2609
2025-11-06 00:41:03.313 124757 DEBUG oslo_service.service [req-0c75062d-9a5b-48ea-9680-ced7a1e12dd1 - - - - -] cyborg.insecure = False log_opt_values /usr/lib/python3/dist-packages/oslo_config/cfg.py:2609
2025-11-06 00:41:03.313 125055 DEBUG oslo_messaging._drivers.amqpdriver [-] AMQPListener connection timeout poll /usr/lib/python3/dist-packages/oslo_messaging/_drivers/amqpdriver.py:360
2025-11-06 00:41:03.313 124757 DEBUG oslo_service.service [req-0c75062d-9a5b-48ea-9680-ced7a1e12dd1 - - - - -] cyborg.keyfile = None log_opt_values /usr/lib/python3/dist-packages/oslo_config/cfg.py:2609
2025-11-06 00:41:03.314 124757 DEBUG oslo_service.service [req-0c75062d-9a5b-48ea-9680-ced7a1e12dd1 - - - - -] cyborg.max_version = None log_opt_values /usr/lib/python3/dist-packages/oslo_config/cfg.py:2609
2025-11-06 00:41:03.314 125055 DEBUG oslo_messaging._drivers.amqpdriver [-] Listener is running poll /usr/lib/python3/dist-packages/oslo_messaging/_drivers/amqpdriver.py:343
2025-11-06 00:41:03.314 124757 DEBUG oslo_service.service [req-0c75062d-9a5b-48ea-9680-ced7a1e12dd1 - - - - -] cyborg.min_version = None log_opt_values /usr/lib/python3/dist-packages/oslo_config/cfg.py:2609
2025-11-06 00:41:03.314 125055 DEBUG oslo_messaging._drivers.amqpdriver [-] Poll the incoming message with unique_id: 38ab59dd68e24e1c812f7f6a01db594c poll /usr/lib/python3/dist-packages/oslo_messaging/_drivers/amqpdriver.py:346
2025-11-06 00:41:03.314 124757 DEBUG oslo_service.service [req-0c75062d-9a5b-48ea-9680-ced7a1e12dd1 - - - - -] cyborg.region_name = None log_opt_values /usr/lib/python3/dist-packages/oslo_config/cfg.py:2609
2025-11-06 00:41:03.314 124757 DEBUG oslo_service.service [req-0c75062d-9a5b-48ea-9680-ced7a1e12dd1 - - - - -] cyborg.service_name = None log_opt_values /usr/lib/python3/dist-packages/oslo_config/cfg.py:2609
2025-11-06 00:41:03.314 125055 DEBUG oslo_messaging._drivers.amqpdriver [-] Listener is running poll /usr/lib/python3/dist-packages/oslo_messaging/_drivers/amqpdriver.py:343
2025-11-06 00:41:03.314 125055 DEBUG oslo_messaging._drivers.amqpdriver [-] AMQPListener connection consume poll /usr/lib/python3/dist-packages/oslo_messaging/_drivers/amqpdriver.py:357
2025-11-06 00:41:03.314 124757 DEBUG oslo_service.service [req-0c75062d-9a5b-48ea-9680-ced7a1e12dd1 - - - - -] cyborg.service_type = accelerator log_opt_values /usr/lib/python3/dist-packages/oslo_config/cfg.py:2609
2025-11-06 00:41:03.315 124757 DEBUG oslo_service.service [req-0c75062d-9a5b-48ea-9680-ced7a1e12dd1 - - - - -] cyborg.split_loggers = False log_opt_values /usr/lib/python3/dist-packages/oslo_config/cfg.py:2609
2025-11-06 00:41:03.315 124757 DEBUG oslo_service.service [req-0c75062d-9a5b-48ea-9680-ced7a1e12dd1 - - - - -] cyborg.status_code_retries = None log_opt_values /usr/lib/python3/dist-packages/oslo_config/cfg.py:2609
2025-11-06 00:41:03.315 124757 DEBUG oslo_service.service [req-0c75062d-9a5b-48ea-9680-ced7a1e12dd1 - - - - -] cyborg.status_code_retry_delay = None log_opt_values /usr/lib/python3/dist-packages/oslo_config/cfg.py:2609
2025-11-06 00:41:03.315 125057 DEBUG oslo_messaging._drivers.amqpdriver [-] AMQPListener connection timeout poll /usr/lib/python3/dist-packages/oslo_messaging/_drivers/amqpdriver.py:360
2025-11-06 00:41:03.315 124757 DEBUG oslo_service.service [req-0c75062d-9a5b-48ea-9680-ced7a1e12dd1 - - - - -] cyborg.timeout = None log_opt_values /usr/lib/python3/dist-packages/oslo_config/cfg.py:2609
2025-11-06 00:41:03.315 125057 DEBUG oslo_messaging._drivers.amqpdriver [-] Listener is running poll /usr/lib/python3/dist-packages/oslo_messaging/_drivers/amqpdriver.py:343
2025-11-06 00:41:03.315 125057 DEBUG oslo_messaging._drivers.amqpdriver [-] AMQPListener connection consume poll /usr/lib/python3/dist-packages/oslo_messaging/_drivers/amqpdriver.py:357
2025-11-06 00:41:03.315 124757 DEBUG oslo_service.service [req-0c75062d-9a5b-48ea-9680-ced7a1e12dd1 - - - - -] cyborg.valid_interfaces = ['internal', 'public'] log_opt_values /usr/lib/python3/dist-packages/oslo_config/cfg.py:2609
2025-11-06 00:41:03.316 124757 DEBUG oslo_service.service [req-0c75062d-9a5b-48ea-9680-ced7a1e12dd1 - - - - -] cyborg.version = None log_opt_values /usr/lib/python3/dist-packages/oslo_config/cfg.py:2609
2025-11-06 00:41:03.316 124757 DEBUG oslo_service.service [req-0c75062d-9a5b-48ea-9680-ced7a1e12dd1 - - - - -] database.backend = sqlalchemy log_opt_values /usr/lib/python3/dist-packages/oslo_config/cfg.py:2609
2025-11-06 00:41:03.316 124757 DEBUG oslo_service.service [req-0c75062d-9a5b-48ea-9680-ced7a1e12dd1 - - - - -] database.connection = **** log_opt_values /usr/lib/python3/dist-packages/oslo_config/cfg.py:2609
2025-11-06 00:41:03.316 124757 DEBUG oslo_service.service [req-0c75062d-9a5b-48ea-9680-ced7a1e12dd1 - - - - -] database.connection_debug = 0 log_opt_values /usr/lib/python3/dist-packages/oslo_config/cfg.py:2609
2025-11-06 00:41:03.317 124757 DEBUG oslo_service.service [req-0c75062d-9a5b-48ea-9680-ced7a1e12dd1 - - - - -] database.connection_parameters = log_opt_values /usr/lib/python3/dist-packages/oslo_config/cfg.py:2609
2025-11-06 00:41:03.317 124757 DEBUG oslo_service.service [req-0c75062d-9a5b-48ea-9680-ced7a1e12dd1 - - - - -] database.connection_recycle_time = 3600 log_opt_values /usr/lib/python3/dist-packages/oslo_config/cfg.py:2609
2025-11-06 00:41:03.317 124757 DEBUG oslo_service.service [req-0c75062d-9a5b-48ea-9680-ced7a1e12dd1 - - - - -] database.connection_trace = False log_opt_values /usr/lib/python3/dist-packages/oslo_config/cfg.py:2609
2025-11-06 00:41:03.317 124757 DEBUG oslo_service.service [req-0c75062d-9a5b-48ea-9680-ced7a1e12dd1 - - - - -] database.db_inc_retry_interval = True log_opt_values /usr/lib/python3/dist-packages/oslo_config/cfg.py:2609
2025-11-06 00:41:03.317 124757 DEBUG oslo_service.service [req-0c75062d-9a5b-48ea-9680-ced7a1e12dd1 - - - - -] database.db_max_retries = 20 log_opt_values /usr/lib/python3/dist-packages/oslo_config/cfg.py:2609
2025-11-06 00:41:03.317 124757 DEBUG oslo_service.service [req-0c75062d-9a5b-48ea-9680-ced7a1e12dd1 - - - - -] database.db_max_retry_interval = 10 log_opt_values /usr/lib/python3/dist-packages/oslo_config/cfg.py:2609
2025-11-06 00:41:03.318 124757 DEBUG oslo_service.service [req-0c75062d-9a5b-48ea-9680-ced7a1e12dd1 - - - - -] database.db_retry_interval = 1 log_opt_values /usr/lib/python3/dist-packages/oslo_config/cfg.py:2609
2025-11-06 00:41:03.318 124757 DEBUG oslo_service.service [req-0c75062d-9a5b-48ea-9680-ced7a1e12dd1 - - - - -] database.max_overflow = 50 log_opt_values /usr/lib/python3/dist-packages/oslo_config/cfg.py:2609
2025-11-06 00:41:03.318 124757 DEBUG oslo_service.service [req-0c75062d-9a5b-48ea-9680-ced7a1e12dd1 - - - - -] database.max_pool_size = 4 log_opt_values /usr/lib/python3/dist-packages/oslo_config/cfg.py:2609
2025-11-06 00:41:03.318 124757 DEBUG oslo_service.service [req-0c75062d-9a5b-48ea-9680-ced7a1e12dd1 - - - - -] database.max_retries = 10 log_opt_values /usr/lib/python3/dist-packages/oslo_config/cfg.py:2609
2025-11-06 00:41:03.318 124757 DEBUG oslo_service.service [req-0c75062d-9a5b-48ea-9680-ced7a1e12dd1 - - - - -] database.mysql_enable_ndb = False log_opt_values /usr/lib/python3/dist-packages/oslo_config/cfg.py:2609
2025-11-06 00:41:03.318 124757 DEBUG oslo_service.service [req-0c75062d-9a5b-48ea-9680-ced7a1e12dd1 - - - - -] database.mysql_sql_mode = TRADITIONAL log_opt_values /usr/lib/python3/dist-packages/oslo_config/cfg.py:2609
2025-11-06 00:41:03.319 124757 DEBUG oslo_service.service [req-0c75062d-9a5b-48ea-9680-ced7a1e12dd1 - - - - -] database.pool_timeout = None log_opt_values /usr/lib/python3/dist-packages/oslo_config/cfg.py:2609
2025-11-06 00:41:03.319 124757 DEBUG oslo_service.service [req-0c75062d-9a5b-48ea-9680-ced7a1e12dd1 - - - - -] database.retry_interval = 10 log_opt_values /usr/lib/python3/dist-packages/oslo_config/cfg.py:2609
2025-11-06 00:41:03.319 124757 DEBUG oslo_service.service [req-0c75062d-9a5b-48ea-9680-ced7a1e12dd1 - - - - -] database.slave_connection = **** log_opt_values /usr/lib/python3/dist-packages/oslo_config/cfg.py:2609
2025-11-06 00:41:03.319 124757 DEBUG oslo_service.service [req-0c75062d-9a5b-48ea-9680-ced7a1e12dd1 - - - - -] database.sqlite_synchronous = True log_opt_values /usr/lib/python3/dist-packages/oslo_config/cfg.py:2609
2025-11-06 00:41:03.319 124757 DEBUG oslo_service.service [req-0c75062d-9a5b-48ea-9680-ced7a1e12dd1 - - - - -] database.use_db_reconnect = False log_opt_values /usr/lib/python3/dist-packages/oslo_config/cfg.py:2609
2025-11-06 00:41:03.319 124757 DEBUG oslo_service.service [req-0c75062d-9a5b-48ea-9680-ced7a1e12dd1 - - - - -] api_database.backend = sqlalchemy log_opt_values /usr/lib/python3/dist-packages/oslo_config/cfg.py:2609
2025-11-06 00:41:03.320 124757 DEBUG oslo_service.service [req-0c75062d-9a5b-48ea-9680-ced7a1e12dd1 - - - - -] api_database.connection = **** log_opt_values /usr/lib/python3/dist-packages/oslo_config/cfg.py:2609
2025-11-06 00:41:03.320 124757 DEBUG oslo_service.service [req-0c75062d-9a5b-48ea-9680-ced7a1e12dd1 - - - - -] api_database.connection_debug = 0 log_opt_values /usr/lib/python3/dist-packages/oslo_config/cfg.py:2609
2025-11-06 00:41:03.320 124757 DEBUG oslo_service.service [req-0c75062d-9a5b-48ea-9680-ced7a1e12dd1 - - - - -] api_database.connection_parameters = log_opt_values /usr/lib/python3/dist-packages/oslo_config/cfg.py:2609
2025-11-06 00:41:03.320 125055 DEBUG oslo_messaging._drivers.amqpdriver [req-472255f6-7cf9-46a2-bcfb-81a009cc2a25 - - - - -] sending reply msg_id: d8ffd11a172a4550ba9c693cb4af06e8 reply queue: reply_36fd4eb34a774df4970f646fe16c3921 time elapsed: 0.010301293999873451s _send_reply /usr/lib/python3/dist-packages/oslo_messaging/_drivers/amqpdriver.py:118
2025-11-06 00:41:03.320 124757 DEBUG oslo_service.service [req-0c75062d-9a5b-48ea-9680-ced7a1e12dd1 - - - - -] api_database.connection_recycle_time = 3600 log_opt_values /usr/lib/python3/dist-packages/oslo_config/cfg.py:2609
2025-11-06 00:41:03.321 124757 DEBUG oslo_service.service [req-0c75062d-9a5b-48ea-9680-ced7a1e12dd1 - - - - -] api_database.connection_trace = False log_opt_values /usr/lib/python3/dist-packages/oslo_config/cfg.py:2609
2025-11-06 00:41:03.321 124757 DEBUG oslo_service.service [req-0c75062d-9a5b-48ea-9680-ced7a1e12dd1 - - - - -] api_database.db_inc_retry_interval = True log_opt_values /usr/lib/python3/dist-packages/oslo_config/cfg.py:2609
2025-11-06 00:41:03.321 124757 DEBUG oslo_service.service [req-0c75062d-9a5b-48ea-9680-ced7a1e12dd1 - - - - -] api_database.db_max_retries = 20 log_opt_values /usr/lib/python3/dist-packages/oslo_config/cfg.py:2609
2025-11-06 00:41:03.322 124757 DEBUG oslo_service.service [req-0c75062d-9a5b-48ea-9680-ced7a1e12dd1 - - - - -] api_database.db_max_retry_interval = 10 log_opt_values /usr/lib/python3/dist-packages/oslo_config/cfg.py:2609
2025-11-06 00:41:03.322 124757 DEBUG oslo_service.service [req-0c75062d-9a5b-48ea-9680-ced7a1e12dd1 - - - - -] api_database.db_retry_interval = 1 log_opt_values /usr/lib/python3/dist-packages/oslo_config/cfg.py:2609
2025-11-06 00:41:03.322 124757 DEBUG oslo_service.service [req-0c75062d-9a5b-48ea-9680-ced7a1e12dd1 - - - - -] api_database.max_overflow = 50 log_opt_values /usr/lib/python3/dist-packages/oslo_config/cfg.py:2609
2025-11-06 00:41:03.322 124757 DEBUG oslo_service.service [req-0c75062d-9a5b-48ea-9680-ced7a1e12dd1 - - - - -] api_database.max_pool_size = 4 log_opt_values /usr/lib/python3/dist-packages/oslo_config/cfg.py:2609
2025-11-06 00:41:03.323 124757 DEBUG oslo_service.service [req-0c75062d-9a5b-48ea-9680-ced7a1e12dd1 - - - - -] api_database.max_retries = 10 log_opt_values /usr/lib/python3/dist-packages/oslo_config/cfg.py:2609
2025-11-06 00:41:03.323 124757 DEBUG oslo_service.service [req-0c75062d-9a5b-48ea-9680-ced7a1e12dd1 - - - - -] api_database.mysql_enable_ndb = False log_opt_values /usr/lib/python3/dist-packages/oslo_config/cfg.py:2609
2025-11-06 00:41:03.323 124757 DEBUG oslo_service.service [req-0c75062d-9a5b-48ea-9680-ced7a1e12dd1 - - - - -] api_database.mysql_sql_mode = TRADITIONAL log_opt_values /usr/lib/python3/dist-packages/oslo_config/cfg.py:2609
2025-11-06 00:41:03.323 124757 DEBUG oslo_service.service [req-0c75062d-9a5b-48ea-9680-ced7a1e12dd1 - - - - -] api_database.pool_timeout = None log_opt_values /usr/lib/python3/dist-packages/oslo_config/cfg.py:2609
2025-11-06 00:41:03.323 124757 DEBUG oslo_service.service [req-0c75062d-9a5b-48ea-9680-ced7a1e12dd1 - - - - -] api_database.retry_interval = 10 log_opt_values /usr/lib/python3/dist-packages/oslo_config/cfg.py:2609
2025-11-06 00:41:03.324 124757 DEBUG oslo_service.service [req-0c75062d-9a5b-48ea-9680-ced7a1e12dd1 - - - - -] api_database.slave_connection = **** log_opt_values /usr/lib/python3/dist-packages/oslo_config/cfg.py:2609
2025-11-06 00:41:03.324 124757 DEBUG oslo_service.service [req-0c75062d-9a5b-48ea-9680-ced7a1e12dd1 - - - - -] api_database.sqlite_synchronous = True log_opt_values /usr/lib/python3/dist-packages/oslo_config/cfg.py:2609
2025-11-06 00:41:03.324 124757 DEBUG oslo_service.service [req-0c75062d-9a5b-48ea-9680-ced7a1e12dd1 - - - - -] devices.enabled_mdev_types = [] log_opt_values /usr/lib/python3/dist-packages/oslo_config/cfg.py:2609
2025-11-06 00:41:03.324 124757 DEBUG oslo_service.service [req-0c75062d-9a5b-48ea-9680-ced7a1e12dd1 - - - - -] ephemeral_storage_encryption.cipher = aes-xts-plain64 log_opt_values /usr/lib/python3/dist-packages/oslo_config/cfg.py:2609
2025-11-06 00:41:03.324 124757 DEBUG oslo_service.service [req-0c75062d-9a5b-48ea-9680-ced7a1e12dd1 - - - - -] ephemeral_storage_encryption.enabled = False log_opt_values /usr/lib/python3/dist-packages/oslo_config/cfg.py:2609
2025-11-06 00:41:03.324 125056 DEBUG nova.service [req-05aa617f-3278-4293-a493-1816e5bc4705 - - - - -] Creating RPC server for service conductor start /usr/lib/python3/dist-packages/nova/service.py:182
2025-11-06 00:41:03.325 124757 DEBUG oslo_service.service [req-0c75062d-9a5b-48ea-9680-ced7a1e12dd1 - - - - -] ephemeral_storage_encryption.key_size = 512 log_opt_values /usr/lib/python3/dist-packages/oslo_config/cfg.py:2609
2025-11-06 00:41:03.325 124757 WARNING oslo_config.cfg [req-0c75062d-9a5b-48ea-9680-ced7a1e12dd1 - - - - -] Deprecated: Option "api_servers" from group "glance" is deprecated for removal ( Support for image service configuration via standard keystoneauth1 Adapter options was added in the 17.0.0 Queens release. The api_servers option was retained temporarily to allow consumers time to cut over to a real load balancing solution. ). Its value may be silently ignored in the future.
2025-11-06 00:41:03.325 124757 DEBUG oslo_service.service [req-0c75062d-9a5b-48ea-9680-ced7a1e12dd1 - - - - -] glance.api_servers = ['http://252.141.220.4:9292'] log_opt_values /usr/lib/python3/dist-packages/oslo_config/cfg.py:2609
2025-11-06 00:41:03.325 124757 DEBUG oslo_service.service [req-0c75062d-9a5b-48ea-9680-ced7a1e12dd1 - - - - -] glance.cafile = None log_opt_values /usr/lib/python3/dist-packages/oslo_config/cfg.py:2609
2025-11-06 00:41:03.326 124757 DEBUG oslo_service.service [req-0c75062d-9a5b-48ea-9680-ced7a1e12dd1 - - - - -] glance.certfile = None log_opt_values /usr/lib/python3/dist-packages/oslo_config/cfg.py:2609
2025-11-06 00:41:03.326 124757 DEBUG oslo_service.service [req-0c75062d-9a5b-48ea-9680-ced7a1e12dd1 - - - - -] glance.collect_timing = False log_opt_values /usr/lib/python3/dist-packages/oslo_config/cfg.py:2609
2025-11-06 00:41:03.326 124757 DEBUG oslo_service.service [req-0c75062d-9a5b-48ea-9680-ced7a1e12dd1 - - - - -] glance.connect_retries = None log_opt_values /usr/lib/python3/dist-packages/oslo_config/cfg.py:2609
2025-11-06 00:41:03.326 124757 DEBUG oslo_service.service [req-0c75062d-9a5b-48ea-9680-ced7a1e12dd1 - - - - -] glance.connect_retry_delay = None log_opt_values /usr/lib/python3/dist-packages/oslo_config/cfg.py:2609
2025-11-06 00:41:03.326 124757 DEBUG oslo_service.service [req-0c75062d-9a5b-48ea-9680-ced7a1e12dd1 - - - - -] glance.debug = False log_opt_values /usr/lib/python3/dist-packages/oslo_config/cfg.py:2609
2025-11-06 00:41:03.327 124757 DEBUG oslo_service.service [req-0c75062d-9a5b-48ea-9680-ced7a1e12dd1 - - - - -] glance.default_trusted_certificate_ids = [] log_opt_values /usr/lib/python3/dist-packages/oslo_config/cfg.py:2609
2025-11-06 00:41:03.327 124757 DEBUG oslo_service.service [req-0c75062d-9a5b-48ea-9680-ced7a1e12dd1 - - - - -] glance.enable_certificate_validation = False log_opt_values /usr/lib/python3/dist-packages/oslo_config/cfg.py:2609
2025-11-06 00:41:03.327 124757 DEBUG oslo_service.service [req-0c75062d-9a5b-48ea-9680-ced7a1e12dd1 - - - - -] glance.enable_rbd_download = False log_opt_values /usr/lib/python3/dist-packages/oslo_config/cfg.py:2609
2025-11-06 00:41:03.327 124757 DEBUG oslo_service.service [req-0c75062d-9a5b-48ea-9680-ced7a1e12dd1 - - - - -] glance.endpoint_override = None log_opt_values /usr/lib/python3/dist-packages/oslo_config/cfg.py:2609
2025-11-06 00:41:03.327 124757 DEBUG oslo_service.service [req-0c75062d-9a5b-48ea-9680-ced7a1e12dd1 - - - - -] glance.insecure = False log_opt_values /usr/lib/python3/dist-packages/oslo_config/cfg.py:2609
2025-11-06 00:41:03.328 124757 DEBUG oslo_service.service [req-0c75062d-9a5b-48ea-9680-ced7a1e12dd1 - - - - -] glance.keyfile = None log_opt_values /usr/lib/python3/dist-packages/oslo_config/cfg.py:2609
2025-11-06 00:41:03.328 124757 DEBUG oslo_service.service [req-0c75062d-9a5b-48ea-9680-ced7a1e12dd1 - - - - -] glance.max_version = None log_opt_values /usr/lib/python3/dist-packages/oslo_config/cfg.py:2609
2025-11-06 00:41:03.328 124757 DEBUG oslo_service.service [req-0c75062d-9a5b-48ea-9680-ced7a1e12dd1 - - - - -] glance.min_version = None log_opt_values /usr/lib/python3/dist-packages/oslo_config/cfg.py:2609
2025-11-06 00:41:03.328 124757 DEBUG oslo_service.service [req-0c75062d-9a5b-48ea-9680-ced7a1e12dd1 - - - - -] glance.num_retries = 3 log_opt_values /usr/lib/python3/dist-packages/oslo_config/cfg.py:2609
2025-11-06 00:41:03.328 124757 DEBUG oslo_service.service [req-0c75062d-9a5b-48ea-9680-ced7a1e12dd1 - - - - -] glance.rbd_ceph_conf = log_opt_values /usr/lib/python3/dist-packages/oslo_config/cfg.py:2609
2025-11-06 00:41:03.328 124757 DEBUG oslo_service.service [req-0c75062d-9a5b-48ea-9680-ced7a1e12dd1 - - - - -] glance.rbd_connect_timeout = 5 log_opt_values /usr/lib/python3/dist-packages/oslo_config/cfg.py:2609
2025-11-06 00:41:03.328 124757 DEBUG oslo_service.service [req-0c75062d-9a5b-48ea-9680-ced7a1e12dd1 - - - - -] glance.rbd_pool = log_opt_values /usr/lib/python3/dist-packages/oslo_config/cfg.py:2609
2025-11-06 00:41:03.329 124757 DEBUG oslo_service.service [req-0c75062d-9a5b-48ea-9680-ced7a1e12dd1 - - - - -] glance.rbd_user = log_opt_values /usr/lib/python3/dist-packages/oslo_config/cfg.py:2609
2025-11-06 00:41:03.329 124757 DEBUG oslo_service.service [req-0c75062d-9a5b-48ea-9680-ced7a1e12dd1 - - - - -] glance.region_name = None log_opt_values /usr/lib/python3/dist-packages/oslo_config/cfg.py:2609
2025-11-06 00:41:03.329 124757 DEBUG oslo_service.service [req-0c75062d-9a5b-48ea-9680-ced7a1e12dd1 - - - - -] glance.service_name = None log_opt_values /usr/lib/python3/dist-packages/oslo_config/cfg.py:2609
2025-11-06 00:41:03.329 124757 DEBUG oslo_service.service [req-0c75062d-9a5b-48ea-9680-ced7a1e12dd1 - - - - -] glance.service_type = image log_opt_values /usr/lib/python3/dist-packages/oslo_config/cfg.py:2609
2025-11-06 00:41:03.329 124757 DEBUG oslo_service.service [req-0c75062d-9a5b-48ea-9680-ced7a1e12dd1 - - - - -] glance.split_loggers = False log_opt_values /usr/lib/python3/dist-packages/oslo_config/cfg.py:2609
2025-11-06 00:41:03.329 124757 DEBUG oslo_service.service [req-0c75062d-9a5b-48ea-9680-ced7a1e12dd1 - - - - -] glance.status_code_retries = None log_opt_values /usr/lib/python3/dist-packages/oslo_config/cfg.py:2609
2025-11-06 00:41:03.330 124757 DEBUG oslo_service.service [req-0c75062d-9a5b-48ea-9680-ced7a1e12dd1 - - - - -] glance.status_code_retry_delay = None log_opt_values /usr/lib/python3/dist-packages/oslo_config/cfg.py:2609
2025-11-06 00:41:03.330 124757 DEBUG oslo_service.service [req-0c75062d-9a5b-48ea-9680-ced7a1e12dd1 - - - - -] glance.timeout = None log_opt_values /usr/lib/python3/dist-packages/oslo_config/cfg.py:2609
2025-11-06 00:41:03.330 124757 DEBUG oslo_service.service [req-0c75062d-9a5b-48ea-9680-ced7a1e12dd1 - - - - -] glance.valid_interfaces = ['internal', 'public'] log_opt_values /usr/lib/python3/dist-packages/oslo_config/cfg.py:2609
2025-11-06 00:41:03.330 124757 DEBUG oslo_service.service [req-0c75062d-9a5b-48ea-9680-ced7a1e12dd1 - - - - -] glance.verify_glance_signatures = False log_opt_values /usr/lib/python3/dist-packages/oslo_config/cfg.py:2609
2025-11-06 00:41:03.330 124757 DEBUG oslo_service.service [req-0c75062d-9a5b-48ea-9680-ced7a1e12dd1 - - - - -] glance.version = None log_opt_values /usr/lib/python3/dist-packages/oslo_config/cfg.py:2609
2025-11-06 00:41:03.330 124757 DEBUG oslo_service.service [req-0c75062d-9a5b-48ea-9680-ced7a1e12dd1 - - - - -] guestfs.debug = False log_opt_values /usr/lib/python3/dist-packages/oslo_config/cfg.py:2609
2025-11-06 00:41:03.331 124757 DEBUG oslo_service.service [req-0c75062d-9a5b-48ea-9680-ced7a1e12dd1 - - - - -] hyperv.config_drive_cdrom = False log_opt_values /usr/lib/python3/dist-packages/oslo_config/cfg.py:2609
2025-11-06 00:41:03.331 124757 DEBUG oslo_service.service [req-0c75062d-9a5b-48ea-9680-ced7a1e12dd1 - - - - -] hyperv.config_drive_inject_password = False log_opt_values /usr/lib/python3/dist-packages/oslo_config/cfg.py:2609
2025-11-06 00:41:03.331 124757 DEBUG oslo_service.service [req-0c75062d-9a5b-48ea-9680-ced7a1e12dd1 - - - - -] hyperv.dynamic_memory_ratio = 1.0 log_opt_values /usr/lib/python3/dist-packages/oslo_config/cfg.py:2609
2025-11-06 00:41:03.331 124757 DEBUG oslo_service.service [req-0c75062d-9a5b-48ea-9680-ced7a1e12dd1 - - - - -] hyperv.enable_instance_metrics_collection = False log_opt_values /usr/lib/python3/dist-packages/oslo_config/cfg.py:2609
2025-11-06 00:41:03.331 124757 DEBUG oslo_service.service [req-0c75062d-9a5b-48ea-9680-ced7a1e12dd1 - - - - -] hyperv.enable_remotefx = False log_opt_values /usr/lib/python3/dist-packages/oslo_config/cfg.py:2609
2025-11-06 00:41:03.332 124757 DEBUG oslo_service.service [req-0c75062d-9a5b-48ea-9680-ced7a1e12dd1 - - - - -] hyperv.instances_path_share = log_opt_values /usr/lib/python3/dist-packages/oslo_config/cfg.py:2609
2025-11-06 00:41:03.332 124757 DEBUG oslo_service.service [req-0c75062d-9a5b-48ea-9680-ced7a1e12dd1 - - - - -] hyperv.iscsi_initiator_list = [] log_opt_values /usr/lib/python3/dist-packages/oslo_config/cfg.py:2609
2025-11-06 00:41:03.332 124757 DEBUG oslo_service.service [req-0c75062d-9a5b-48ea-9680-ced7a1e12dd1 - - - - -] hyperv.limit_cpu_features = False log_opt_values /usr/lib/python3/dist-packages/oslo_config/cfg.py:2609
2025-11-06 00:41:03.332 124757 DEBUG oslo_service.service [req-0c75062d-9a5b-48ea-9680-ced7a1e12dd1 - - - - -] hyperv.mounted_disk_query_retry_count = 10 log_opt_values /usr/lib/python3/dist-packages/oslo_config/cfg.py:2609
2025-11-06 00:41:03.332 124757 DEBUG oslo_service.service [req-0c75062d-9a5b-48ea-9680-ced7a1e12dd1 - - - - -] hyperv.mounted_disk_query_retry_interval = 5 log_opt_values /usr/lib/python3/dist-packages/oslo_config/cfg.py:2609
2025-11-06 00:41:03.332 124757 DEBUG oslo_service.service [req-0c75062d-9a5b-48ea-9680-ced7a1e12dd1 - - - - -] hyperv.power_state_check_timeframe = 60 log_opt_values /usr/lib/python3/dist-packages/oslo_config/cfg.py:2609
2025-11-06 00:41:03.333 124757 DEBUG oslo_service.service [req-0c75062d-9a5b-48ea-9680-ced7a1e12dd1 - - - - -] hyperv.power_state_event_polling_interval = 2 log_opt_values /usr/lib/python3/dist-packages/oslo_config/cfg.py:2609
2025-11-06 00:41:03.333 124757 DEBUG oslo_service.service [req-0c75062d-9a5b-48ea-9680-ced7a1e12dd1 - - - - -] hyperv.qemu_img_cmd = qemu-img.exe log_opt_values /usr/lib/python3/dist-packages/oslo_config/cfg.py:2609
2025-11-06 00:41:03.333 124757 DEBUG oslo_service.service [req-0c75062d-9a5b-48ea-9680-ced7a1e12dd1 - - - - -] hyperv.use_multipath_io = False log_opt_values /usr/lib/python3/dist-packages/oslo_config/cfg.py:2609
2025-11-06 00:41:03.333 124757 DEBUG oslo_service.service [req-0c75062d-9a5b-48ea-9680-ced7a1e12dd1 - - - - -] hyperv.volume_attach_retry_count = 10 log_opt_values /usr/lib/python3/dist-packages/oslo_config/cfg.py:2609
2025-11-06 00:41:03.333 124757 DEBUG oslo_service.service [req-0c75062d-9a5b-48ea-9680-ced7a1e12dd1 - - - - -] hyperv.volume_attach_retry_interval = 5 log_opt_values /usr/lib/python3/dist-packages/oslo_config/cfg.py:2609
2025-11-06 00:41:03.333 124757 DEBUG oslo_service.service [req-0c75062d-9a5b-48ea-9680-ced7a1e12dd1 - - - - -] hyperv.vswitch_name = None log_opt_values /usr/lib/python3/dist-packages/oslo_config/cfg.py:2609
2025-11-06 00:41:03.333 124757 DEBUG oslo_service.service [req-0c75062d-9a5b-48ea-9680-ced7a1e12dd1 - - - - -] hyperv.wait_soft_reboot_seconds = 60 log_opt_values /usr/lib/python3/dist-packages/oslo_config/cfg.py:2609
2025-11-06 00:41:03.334 124757 DEBUG oslo_service.service [req-0c75062d-9a5b-48ea-9680-ced7a1e12dd1 - - - - -] mks.enabled = False log_opt_values /usr/lib/python3/dist-packages/oslo_config/cfg.py:2609
2025-11-06 00:41:03.334 124757 DEBUG oslo_service.service [req-0c75062d-9a5b-48ea-9680-ced7a1e12dd1 - - - - -] mks.mksproxy_base_url = http://127.0.0.1:6090/ log_opt_values /usr/lib/python3/dist-packages/oslo_config/cfg.py:2609
2025-11-06 00:41:03.334 124757 DEBUG oslo_service.service [req-0c75062d-9a5b-48ea-9680-ced7a1e12dd1 - - - - -] image_cache.manager_interval = 2400 log_opt_values /usr/lib/python3/dist-packages/oslo_config/cfg.py:2609
2025-11-06 00:41:03.335 124757 DEBUG oslo_service.service [req-0c75062d-9a5b-48ea-9680-ced7a1e12dd1 - - - - -] image_cache.precache_concurrency = 1 log_opt_values /usr/lib/python3/dist-packages/oslo_config/cfg.py:2609
2025-11-06 00:41:03.335 124757 DEBUG oslo_service.service [req-0c75062d-9a5b-48ea-9680-ced7a1e12dd1 - - - - -] image_cache.remove_unused_base_images = True log_opt_values /usr/lib/python3/dist-packages/oslo_config/cfg.py:2609
2025-11-06 00:41:03.335 124757 DEBUG oslo_service.service [req-0c75062d-9a5b-48ea-9680-ced7a1e12dd1 - - - - -] image_cache.remove_unused_original_minimum_age_seconds = 86400 log_opt_values /usr/lib/python3/dist-packages/oslo_config/cfg.py:2609
2025-11-06 00:41:03.335 124757 DEBUG oslo_service.service [req-0c75062d-9a5b-48ea-9680-ced7a1e12dd1 - - - - -] image_cache.remove_unused_resized_minimum_age_seconds = 3600 log_opt_values /usr/lib/python3/dist-packages/oslo_config/cfg.py:2609
2025-11-06 00:41:03.336 124757 DEBUG oslo_service.service [req-0c75062d-9a5b-48ea-9680-ced7a1e12dd1 - - - - -] image_cache.subdirectory_name = _base log_opt_values /usr/lib/python3/dist-packages/oslo_config/cfg.py:2609
2025-11-06 00:41:03.336 124757 DEBUG oslo_service.service [req-0c75062d-9a5b-48ea-9680-ced7a1e12dd1 - - - - -] ironic.api_max_retries = 60 log_opt_values /usr/lib/python3/dist-packages/oslo_config/cfg.py:2609
2025-11-06 00:41:03.336 124757 DEBUG oslo_service.service [req-0c75062d-9a5b-48ea-9680-ced7a1e12dd1 - - - - -] ironic.api_retry_interval = 2 log_opt_values /usr/lib/python3/dist-packages/oslo_config/cfg.py:2609
2025-11-06 00:41:03.336 124757 DEBUG oslo_service.service [req-0c75062d-9a5b-48ea-9680-ced7a1e12dd1 - - - - -] ironic.auth_section = None log_opt_values /usr/lib/python3/dist-packages/oslo_config/cfg.py:2609
2025-11-06 00:41:03.337 124757 DEBUG oslo_service.service [req-0c75062d-9a5b-48ea-9680-ced7a1e12dd1 - - - - -] ironic.auth_type = None log_opt_values /usr/lib/python3/dist-packages/oslo_config/cfg.py:2609
2025-11-06 00:41:03.337 124757 DEBUG oslo_service.service [req-0c75062d-9a5b-48ea-9680-ced7a1e12dd1 - - - - -] ironic.cafile = None log_opt_values /usr/lib/python3/dist-packages/oslo_config/cfg.py:2609
2025-11-06 00:41:03.337 124757 DEBUG oslo_service.service [req-0c75062d-9a5b-48ea-9680-ced7a1e12dd1 - - - - -] ironic.certfile = None log_opt_values /usr/lib/python3/dist-packages/oslo_config/cfg.py:2609
2025-11-06 00:41:03.337 124757 DEBUG oslo_service.service [req-0c75062d-9a5b-48ea-9680-ced7a1e12dd1 - - - - -] ironic.collect_timing = False log_opt_values /usr/lib/python3/dist-packages/oslo_config/cfg.py:2609
2025-11-06 00:41:03.337 124757 DEBUG oslo_service.service [req-0c75062d-9a5b-48ea-9680-ced7a1e12dd1 - - - - -] ironic.connect_retries = None log_opt_values /usr/lib/python3/dist-packages/oslo_config/cfg.py:2609
2025-11-06 00:41:03.338 124757 DEBUG oslo_service.service [req-0c75062d-9a5b-48ea-9680-ced7a1e12dd1 - - - - -] ironic.connect_retry_delay = None log_opt_values /usr/lib/python3/dist-packages/oslo_config/cfg.py:2609
2025-11-06 00:41:03.338 124757 DEBUG oslo_service.service [req-0c75062d-9a5b-48ea-9680-ced7a1e12dd1 - - - - -] ironic.endpoint_override = None log_opt_values /usr/lib/python3/dist-packages/oslo_config/cfg.py:2609
2025-11-06 00:41:03.338 124757 DEBUG oslo_service.service [req-0c75062d-9a5b-48ea-9680-ced7a1e12dd1 - - - - -] ironic.insecure = False log_opt_values /usr/lib/python3/dist-packages/oslo_config/cfg.py:2609
2025-11-06 00:41:03.338 124757 DEBUG oslo_service.service [req-0c75062d-9a5b-48ea-9680-ced7a1e12dd1 - - - - -] ironic.keyfile = None log_opt_values /usr/lib/python3/dist-packages/oslo_config/cfg.py:2609
2025-11-06 00:41:03.338 124757 DEBUG oslo_service.service [req-0c75062d-9a5b-48ea-9680-ced7a1e12dd1 - - - - -] ironic.max_version = None log_opt_values /usr/lib/python3/dist-packages/oslo_config/cfg.py:2609
2025-11-06 00:41:03.338 124757 DEBUG oslo_service.service [req-0c75062d-9a5b-48ea-9680-ced7a1e12dd1 - - - - -] ironic.min_version = None log_opt_values /usr/lib/python3/dist-packages/oslo_config/cfg.py:2609
2025-11-06 00:41:03.338 124757 DEBUG oslo_service.service [req-0c75062d-9a5b-48ea-9680-ced7a1e12dd1 - - - - -] ironic.partition_key = None log_opt_values /usr/lib/python3/dist-packages/oslo_config/cfg.py:2609
2025-11-06 00:41:03.339 124757 DEBUG oslo_service.service [req-0c75062d-9a5b-48ea-9680-ced7a1e12dd1 - - - - -] ironic.peer_list = [] log_opt_values /usr/lib/python3/dist-packages/oslo_config/cfg.py:2609
2025-11-06 00:41:03.339 124757 DEBUG oslo_service.service [req-0c75062d-9a5b-48ea-9680-ced7a1e12dd1 - - - - -] ironic.region_name = None log_opt_values /usr/lib/python3/dist-packages/oslo_config/cfg.py:2609
2025-11-06 00:41:03.339 124757 DEBUG oslo_service.service [req-0c75062d-9a5b-48ea-9680-ced7a1e12dd1 - - - - -] ironic.serial_console_state_timeout = 10 log_opt_values /usr/lib/python3/dist-packages/oslo_config/cfg.py:2609
2025-11-06 00:41:03.339 124757 DEBUG oslo_service.service [req-0c75062d-9a5b-48ea-9680-ced7a1e12dd1 - - - - -] ironic.service_name = None log_opt_values /usr/lib/python3/dist-packages/oslo_config/cfg.py:2609
2025-11-06 00:41:03.339 124757 DEBUG oslo_service.service [req-0c75062d-9a5b-48ea-9680-ced7a1e12dd1 - - - - -] ironic.service_type = baremetal log_opt_values /usr/lib/python3/dist-packages/oslo_config/cfg.py:2609
2025-11-06 00:41:03.340 124757 DEBUG oslo_service.service [req-0c75062d-9a5b-48ea-9680-ced7a1e12dd1 - - - - -] ironic.split_loggers = False log_opt_values /usr/lib/python3/dist-packages/oslo_config/cfg.py:2609
2025-11-06 00:41:03.340 124757 DEBUG oslo_service.service [req-0c75062d-9a5b-48ea-9680-ced7a1e12dd1 - - - - -] ironic.status_code_retries = None log_opt_values /usr/lib/python3/dist-packages/oslo_config/cfg.py:2609
2025-11-06 00:41:03.340 124757 DEBUG oslo_service.service [req-0c75062d-9a5b-48ea-9680-ced7a1e12dd1 - - - - -] ironic.status_code_retry_delay = None log_opt_values /usr/lib/python3/dist-packages/oslo_config/cfg.py:2609
2025-11-06 00:41:03.340 124757 DEBUG oslo_service.service [req-0c75062d-9a5b-48ea-9680-ced7a1e12dd1 - - - - -] ironic.timeout = None log_opt_values /usr/lib/python3/dist-packages/oslo_config/cfg.py:2609
2025-11-06 00:41:03.340 124757 DEBUG oslo_service.service [req-0c75062d-9a5b-48ea-9680-ced7a1e12dd1 - - - - -] ironic.valid_interfaces = ['internal', 'public'] log_opt_values /usr/lib/python3/dist-packages/oslo_config/cfg.py:2609
2025-11-06 00:41:03.341 124757 DEBUG oslo_service.service [req-0c75062d-9a5b-48ea-9680-ced7a1e12dd1 - - - - -] ironic.version = None log_opt_values /usr/lib/python3/dist-packages/oslo_config/cfg.py:2609
2025-11-06 00:41:03.341 124757 DEBUG oslo_service.service [req-0c75062d-9a5b-48ea-9680-ced7a1e12dd1 - - - - -] key_manager.backend = barbican log_opt_values /usr/lib/python3/dist-packages/oslo_config/cfg.py:2609
2025-11-06 00:41:03.341 124757 DEBUG oslo_service.service [req-0c75062d-9a5b-48ea-9680-ced7a1e12dd1 - - - - -] key_manager.fixed_key = **** log_opt_values /usr/lib/python3/dist-packages/oslo_config/cfg.py:2609
