2025-11-06 00:39:49.307 119226 DEBUG oslo_service.service [req-872c5675-8c4d-43d6-8e97-23f842c9c66c - - - - -] update_resources_interval = 0 log_opt_values /usr/lib/python3/dist-packages/oslo_config/cfg.py:2602
2025-11-06 00:39:49.308 119226 DEBUG oslo_service.service [req-872c5675-8c4d-43d6-8e97-23f842c9c66c - - - - -] use_cow_images = True log_opt_values /usr/lib/python3/dist-packages/oslo_config/cfg.py:2602
2025-11-06 00:39:49.308 119226 DEBUG oslo_service.service [req-872c5675-8c4d-43d6-8e97-23f842c9c66c - - - - -] use_eventlog = False log_opt_values /usr/lib/python3/dist-packages/oslo_config/cfg.py:2602
2025-11-06 00:39:49.308 119226 DEBUG oslo_service.service [req-872c5675-8c4d-43d6-8e97-23f842c9c66c - - - - -] use_journal = False log_opt_values /usr/lib/python3/dist-packages/oslo_config/cfg.py:2602
2025-11-06 00:39:49.308 119226 DEBUG oslo_service.service [req-872c5675-8c4d-43d6-8e97-23f842c9c66c - - - - -] use_json = False log_opt_values /usr/lib/python3/dist-packages/oslo_config/cfg.py:2602
2025-11-06 00:39:49.308 119226 DEBUG oslo_service.service [req-872c5675-8c4d-43d6-8e97-23f842c9c66c - - - - -] use_rootwrap_daemon = False log_opt_values /usr/lib/python3/dist-packages/oslo_config/cfg.py:2602
2025-11-06 00:39:49.309 119226 DEBUG oslo_service.service [req-872c5675-8c4d-43d6-8e97-23f842c9c66c - - - - -] use_stderr = False log_opt_values /usr/lib/python3/dist-packages/oslo_config/cfg.py:2602
2025-11-06 00:39:49.309 119226 DEBUG oslo_service.service [req-872c5675-8c4d-43d6-8e97-23f842c9c66c - - - - -] use_syslog = False log_opt_values /usr/lib/python3/dist-packages/oslo_config/cfg.py:2602
2025-11-06 00:39:49.309 119226 DEBUG oslo_service.service [req-872c5675-8c4d-43d6-8e97-23f842c9c66c - - - - -] vcpu_pin_set = None log_opt_values /usr/lib/python3/dist-packages/oslo_config/cfg.py:2602
2025-11-06 00:39:49.309 119226 DEBUG oslo_service.service [req-872c5675-8c4d-43d6-8e97-23f842c9c66c - - - - -] vif_plugging_is_fatal = True log_opt_values /usr/lib/python3/dist-packages/oslo_config/cfg.py:2602
2025-11-06 00:39:49.310 119226 DEBUG oslo_service.service [req-872c5675-8c4d-43d6-8e97-23f842c9c66c - - - - -] vif_plugging_timeout = 300 log_opt_values /usr/lib/python3/dist-packages/oslo_config/cfg.py:2602
2025-11-06 00:39:49.311 119226 DEBUG oslo_service.service [req-872c5675-8c4d-43d6-8e97-23f842c9c66c - - - - -] virt_mkfs = [] log_opt_values /usr/lib/python3/dist-packages/oslo_config/cfg.py:2602
2025-11-06 00:39:49.311 119226 DEBUG oslo_service.service [req-872c5675-8c4d-43d6-8e97-23f842c9c66c - - - - -] volume_usage_poll_interval = 0 log_opt_values /usr/lib/python3/dist-packages/oslo_config/cfg.py:2602
2025-11-06 00:39:49.311 119226 DEBUG oslo_service.service [req-872c5675-8c4d-43d6-8e97-23f842c9c66c - - - - -] watch_log_file = False log_opt_values /usr/lib/python3/dist-packages/oslo_config/cfg.py:2602
2025-11-06 00:39:49.311 119226 DEBUG oslo_service.service [req-872c5675-8c4d-43d6-8e97-23f842c9c66c - - - - -] web = /usr/share/spice-html5 log_opt_values /usr/lib/python3/dist-packages/oslo_config/cfg.py:2602
2025-11-06 00:39:49.312 119226 DEBUG oslo_service.service [req-872c5675-8c4d-43d6-8e97-23f842c9c66c - - - - -] oslo_concurrency.disable_process_locking = False log_opt_values /usr/lib/python3/dist-packages/oslo_config/cfg.py:2609
2025-11-06 00:39:49.312 119226 DEBUG oslo_service.service [req-872c5675-8c4d-43d6-8e97-23f842c9c66c - - - - -] oslo_concurrency.lock_path = /var/lock/nova log_opt_values /usr/lib/python3/dist-packages/oslo_config/cfg.py:2609
2025-11-06 00:39:49.312 119226 DEBUG oslo_service.service [req-872c5675-8c4d-43d6-8e97-23f842c9c66c - - - - -] oslo_messaging_metrics.metrics_buffer_size = 1000 log_opt_values /usr/lib/python3/dist-packages/oslo_config/cfg.py:2609
2025-11-06 00:39:49.312 119226 DEBUG oslo_service.service [req-872c5675-8c4d-43d6-8e97-23f842c9c66c - - - - -] oslo_messaging_metrics.metrics_enabled = False log_opt_values /usr/lib/python3/dist-packages/oslo_config/cfg.py:2609
2025-11-06 00:39:49.312 119226 DEBUG oslo_service.service [req-872c5675-8c4d-43d6-8e97-23f842c9c66c - - - - -] oslo_messaging_metrics.metrics_process_name = log_opt_values /usr/lib/python3/dist-packages/oslo_config/cfg.py:2609
2025-11-06 00:39:49.313 119226 DEBUG oslo_service.service [req-872c5675-8c4d-43d6-8e97-23f842c9c66c - - - - -] oslo_messaging_metrics.metrics_socket_file = /var/tmp/metrics_collector.sock log_opt_values /usr/lib/python3/dist-packages/oslo_config/cfg.py:2609
2025-11-06 00:39:49.313 119226 DEBUG oslo_service.service [req-872c5675-8c4d-43d6-8e97-23f842c9c66c - - - - -] oslo_messaging_metrics.metrics_thread_stop_timeout = 10 log_opt_values /usr/lib/python3/dist-packages/oslo_config/cfg.py:2609
2025-11-06 00:39:49.313 119226 WARNING oslo_config.cfg [req-872c5675-8c4d-43d6-8e97-23f842c9c66c - - - - -] Deprecated: Option "auth_strategy" from group "api" is deprecated for removal ( The only non-default choice, ``noauth2``, is for internal development and testing purposes only and should not be used in deployments. This option and its middleware, NoAuthMiddleware[V2_18], will be removed in a future release. ). Its value may be silently ignored in the future.
2025-11-06 00:39:49.313 119226 DEBUG oslo_service.service [req-872c5675-8c4d-43d6-8e97-23f842c9c66c - - - - -] api.auth_strategy = keystone log_opt_values /usr/lib/python3/dist-packages/oslo_config/cfg.py:2609
2025-11-06 00:39:49.314 119226 DEBUG oslo_service.service [req-872c5675-8c4d-43d6-8e97-23f842c9c66c - - - - -] api.compute_link_prefix = None log_opt_values /usr/lib/python3/dist-packages/oslo_config/cfg.py:2609
2025-11-06 00:39:49.314 119226 DEBUG oslo_service.service [req-872c5675-8c4d-43d6-8e97-23f842c9c66c - - - - -] api.config_drive_skip_versions = 1.0 2007-01-19 2007-03-01 2007-08-29 2007-10-10 2007-12-15 2008-02-01 2008-09-01 log_opt_values /usr/lib/python3/dist-packages/oslo_config/cfg.py:2609
2025-11-06 00:39:49.314 119226 DEBUG oslo_service.service [req-872c5675-8c4d-43d6-8e97-23f842c9c66c - - - - -] api.dhcp_domain = novalocal log_opt_values /usr/lib/python3/dist-packages/oslo_config/cfg.py:2609
2025-11-06 00:39:49.315 119226 DEBUG oslo_service.service [req-872c5675-8c4d-43d6-8e97-23f842c9c66c - - - - -] api.enable_instance_password = True log_opt_values /usr/lib/python3/dist-packages/oslo_config/cfg.py:2609
2025-11-06 00:39:49.315 119226 DEBUG oslo_service.service [req-872c5675-8c4d-43d6-8e97-23f842c9c66c - - - - -] api.glance_link_prefix = None log_opt_values /usr/lib/python3/dist-packages/oslo_config/cfg.py:2609
2025-11-06 00:39:49.315 119226 DEBUG oslo_service.service [req-872c5675-8c4d-43d6-8e97-23f842c9c66c - - - - -] api.instance_list_cells_batch_fixed_size = 100 log_opt_values /usr/lib/python3/dist-packages/oslo_config/cfg.py:2609
2025-11-06 00:39:49.315 119226 DEBUG oslo_service.service [req-872c5675-8c4d-43d6-8e97-23f842c9c66c - - - - -] api.instance_list_cells_batch_strategy = distributed log_opt_values /usr/lib/python3/dist-packages/oslo_config/cfg.py:2609
2025-11-06 00:39:49.315 119226 DEBUG oslo_service.service [req-872c5675-8c4d-43d6-8e97-23f842c9c66c - - - - -] api.instance_list_per_project_cells = False log_opt_values /usr/lib/python3/dist-packages/oslo_config/cfg.py:2609
2025-11-06 00:39:49.315 119226 DEBUG oslo_service.service [req-872c5675-8c4d-43d6-8e97-23f842c9c66c - - - - -] api.list_records_by_skipping_down_cells = True log_opt_values /usr/lib/python3/dist-packages/oslo_config/cfg.py:2609
2025-11-06 00:39:49.316 119226 DEBUG oslo_service.service [req-872c5675-8c4d-43d6-8e97-23f842c9c66c - - - - -] api.local_metadata_per_cell = False log_opt_values /usr/lib/python3/dist-packages/oslo_config/cfg.py:2609
2025-11-06 00:39:49.316 119226 DEBUG oslo_service.service [req-872c5675-8c4d-43d6-8e97-23f842c9c66c - - - - -] api.max_limit = 1000 log_opt_values /usr/lib/python3/dist-packages/oslo_config/cfg.py:2609
2025-11-06 00:39:49.316 119226 DEBUG oslo_service.service [req-872c5675-8c4d-43d6-8e97-23f842c9c66c - - - - -] api.metadata_cache_expiration = 15 log_opt_values /usr/lib/python3/dist-packages/oslo_config/cfg.py:2609
2025-11-06 00:39:49.316 119226 DEBUG oslo_service.service [req-872c5675-8c4d-43d6-8e97-23f842c9c66c - - - - -] api.neutron_default_tenant_id = default log_opt_values /usr/lib/python3/dist-packages/oslo_config/cfg.py:2609
2025-11-06 00:39:49.316 119226 DEBUG oslo_service.service [req-872c5675-8c4d-43d6-8e97-23f842c9c66c - - - - -] api.use_forwarded_for = False log_opt_values /usr/lib/python3/dist-packages/oslo_config/cfg.py:2609
2025-11-06 00:39:49.316 119226 DEBUG oslo_service.service [req-872c5675-8c4d-43d6-8e97-23f842c9c66c - - - - -] api.use_neutron_default_nets = False log_opt_values /usr/lib/python3/dist-packages/oslo_config/cfg.py:2609
2025-11-06 00:39:49.317 119226 DEBUG oslo_service.service [req-872c5675-8c4d-43d6-8e97-23f842c9c66c - - - - -] api.vendordata_dynamic_connect_timeout = 5 log_opt_values /usr/lib/python3/dist-packages/oslo_config/cfg.py:2609
2025-11-06 00:39:49.317 119226 DEBUG oslo_service.service [req-872c5675-8c4d-43d6-8e97-23f842c9c66c - - - - -] api.vendordata_dynamic_failure_fatal = False log_opt_values /usr/lib/python3/dist-packages/oslo_config/cfg.py:2609
2025-11-06 00:39:49.317 119226 DEBUG oslo_service.service [req-872c5675-8c4d-43d6-8e97-23f842c9c66c - - - - -] api.vendordata_dynamic_read_timeout = 5 log_opt_values /usr/lib/python3/dist-packages/oslo_config/cfg.py:2609
2025-11-06 00:39:49.317 119226 DEBUG oslo_service.service [req-872c5675-8c4d-43d6-8e97-23f842c9c66c - - - - -] api.vendordata_dynamic_ssl_certfile = log_opt_values /usr/lib/python3/dist-packages/oslo_config/cfg.py:2609
2025-11-06 00:39:49.317 119226 DEBUG oslo_service.service [req-872c5675-8c4d-43d6-8e97-23f842c9c66c - - - - -] api.vendordata_dynamic_targets = [] log_opt_values /usr/lib/python3/dist-packages/oslo_config/cfg.py:2609
2025-11-06 00:39:49.318 119226 DEBUG oslo_service.service [req-872c5675-8c4d-43d6-8e97-23f842c9c66c - - - - -] api.vendordata_jsonfile_path = None log_opt_values /usr/lib/python3/dist-packages/oslo_config/cfg.py:2609
2025-11-06 00:39:49.318 119226 DEBUG oslo_service.service [req-872c5675-8c4d-43d6-8e97-23f842c9c66c - - - - -] api.vendordata_providers = ['StaticJSON'] log_opt_values /usr/lib/python3/dist-packages/oslo_config/cfg.py:2609
2025-11-06 00:39:49.318 119226 DEBUG oslo_service.service [req-872c5675-8c4d-43d6-8e97-23f842c9c66c - - - - -] cache.backend = dogpile.cache.null log_opt_values /usr/lib/python3/dist-packages/oslo_config/cfg.py:2609
2025-11-06 00:39:49.318 120638 DEBUG nova.service [req-b1d399ee-2d4b-43e5-aa55-2929834f3f59 - - - - -] Creating RPC server for service conductor start /usr/lib/python3/dist-packages/nova/service.py:182
2025-11-06 00:39:49.318 119226 DEBUG oslo_service.service [req-872c5675-8c4d-43d6-8e97-23f842c9c66c - - - - -] cache.backend_argument = **** log_opt_values /usr/lib/python3/dist-packages/oslo_config/cfg.py:2609
2025-11-06 00:39:49.319 119226 DEBUG oslo_service.service [req-872c5675-8c4d-43d6-8e97-23f842c9c66c - - - - -] cache.config_prefix = cache.oslo log_opt_values /usr/lib/python3/dist-packages/oslo_config/cfg.py:2609
2025-11-06 00:39:49.320 119226 DEBUG oslo_service.service [req-872c5675-8c4d-43d6-8e97-23f842c9c66c - - - - -] cache.debug_cache_backend = False log_opt_values /usr/lib/python3/dist-packages/oslo_config/cfg.py:2609
2025-11-06 00:39:49.320 119226 DEBUG oslo_service.service [req-872c5675-8c4d-43d6-8e97-23f842c9c66c - - - - -] cache.enabled = False log_opt_values /usr/lib/python3/dist-packages/oslo_config/cfg.py:2609
2025-11-06 00:39:49.320 119226 DEBUG oslo_service.service [req-872c5675-8c4d-43d6-8e97-23f842c9c66c - - - - -] cache.expiration_time = 600 log_opt_values /usr/lib/python3/dist-packages/oslo_config/cfg.py:2609
2025-11-06 00:39:49.320 119226 DEBUG oslo_service.service [req-872c5675-8c4d-43d6-8e97-23f842c9c66c - - - - -] cache.memcache_dead_retry = 300 log_opt_values /usr/lib/python3/dist-packages/oslo_config/cfg.py:2609
2025-11-06 00:39:49.321 119226 DEBUG oslo_service.service [req-872c5675-8c4d-43d6-8e97-23f842c9c66c - - - - -] cache.memcache_pool_connection_get_timeout = 10 log_opt_values /usr/lib/python3/dist-packages/oslo_config/cfg.py:2609
2025-11-06 00:39:49.321 119226 DEBUG oslo_service.service [req-872c5675-8c4d-43d6-8e97-23f842c9c66c - - - - -] cache.memcache_pool_flush_on_reconnect = False log_opt_values /usr/lib/python3/dist-packages/oslo_config/cfg.py:2609
2025-11-06 00:39:49.321 119226 DEBUG oslo_service.service [req-872c5675-8c4d-43d6-8e97-23f842c9c66c - - - - -] cache.memcache_pool_maxsize = 10 log_opt_values /usr/lib/python3/dist-packages/oslo_config/cfg.py:2609
2025-11-06 00:39:49.321 119226 DEBUG oslo_service.service [req-872c5675-8c4d-43d6-8e97-23f842c9c66c - - - - -] cache.memcache_pool_unused_timeout = 60 log_opt_values /usr/lib/python3/dist-packages/oslo_config/cfg.py:2609
2025-11-06 00:39:49.322 119226 DEBUG oslo_service.service [req-872c5675-8c4d-43d6-8e97-23f842c9c66c - - - - -] cache.memcache_servers = ['localhost:11211'] log_opt_values /usr/lib/python3/dist-packages/oslo_config/cfg.py:2609
2025-11-06 00:39:49.322 119226 DEBUG oslo_service.service [req-872c5675-8c4d-43d6-8e97-23f842c9c66c - - - - -] cache.memcache_socket_timeout = 1.0 log_opt_values /usr/lib/python3/dist-packages/oslo_config/cfg.py:2609
2025-11-06 00:39:49.322 119226 DEBUG oslo_service.service [req-872c5675-8c4d-43d6-8e97-23f842c9c66c - - - - -] cache.proxies = [] log_opt_values /usr/lib/python3/dist-packages/oslo_config/cfg.py:2609
2025-11-06 00:39:49.322 119226 DEBUG oslo_service.service [req-872c5675-8c4d-43d6-8e97-23f842c9c66c - - - - -] cache.tls_allowed_ciphers = None log_opt_values /usr/lib/python3/dist-packages/oslo_config/cfg.py:2609
2025-11-06 00:39:49.322 120639 DEBUG nova.service [req-0e2241f7-3e19-49df-a53c-d08f10b5da8f - - - - -] Creating RPC server for service conductor start /usr/lib/python3/dist-packages/nova/service.py:182
2025-11-06 00:39:49.322 119226 DEBUG oslo_service.service [req-872c5675-8c4d-43d6-8e97-23f842c9c66c - - - - -] cache.tls_cafile = None log_opt_values /usr/lib/python3/dist-packages/oslo_config/cfg.py:2609
2025-11-06 00:39:49.323 119226 DEBUG oslo_service.service [req-872c5675-8c4d-43d6-8e97-23f842c9c66c - - - - -] cache.tls_certfile = None log_opt_values /usr/lib/python3/dist-packages/oslo_config/cfg.py:2609
2025-11-06 00:39:49.323 119226 DEBUG oslo_service.service [req-872c5675-8c4d-43d6-8e97-23f842c9c66c - - - - -] cache.tls_enabled = False log_opt_values /usr/lib/python3/dist-packages/oslo_config/cfg.py:2609
2025-11-06 00:39:49.323 119226 DEBUG oslo_service.service [req-872c5675-8c4d-43d6-8e97-23f842c9c66c - - - - -] cache.tls_keyfile = None log_opt_values /usr/lib/python3/dist-packages/oslo_config/cfg.py:2609
2025-11-06 00:39:49.323 119226 DEBUG oslo_service.service [req-872c5675-8c4d-43d6-8e97-23f842c9c66c - - - - -] cinder.auth_section = None log_opt_values /usr/lib/python3/dist-packages/oslo_config/cfg.py:2609
2025-11-06 00:39:49.323 119226 DEBUG oslo_service.service [req-872c5675-8c4d-43d6-8e97-23f842c9c66c - - - - -] cinder.auth_type = None log_opt_values /usr/lib/python3/dist-packages/oslo_config/cfg.py:2609
2025-11-06 00:39:49.323 119226 DEBUG oslo_service.service [req-872c5675-8c4d-43d6-8e97-23f842c9c66c - - - - -] cinder.cafile = None log_opt_values /usr/lib/python3/dist-packages/oslo_config/cfg.py:2609
2025-11-06 00:39:49.323 119226 DEBUG oslo_service.service [req-872c5675-8c4d-43d6-8e97-23f842c9c66c - - - - -] cinder.catalog_info = volumev3::publicURL log_opt_values /usr/lib/python3/dist-packages/oslo_config/cfg.py:2609
2025-11-06 00:39:49.324 119226 DEBUG oslo_service.service [req-872c5675-8c4d-43d6-8e97-23f842c9c66c - - - - -] cinder.certfile = None log_opt_values /usr/lib/python3/dist-packages/oslo_config/cfg.py:2609
2025-11-06 00:39:49.324 119226 DEBUG oslo_service.service [req-872c5675-8c4d-43d6-8e97-23f842c9c66c - - - - -] cinder.collect_timing = False log_opt_values /usr/lib/python3/dist-packages/oslo_config/cfg.py:2609
2025-11-06 00:39:49.324 119226 DEBUG oslo_service.service [req-872c5675-8c4d-43d6-8e97-23f842c9c66c - - - - -] cinder.cross_az_attach = True log_opt_values /usr/lib/python3/dist-packages/oslo_config/cfg.py:2609
2025-11-06 00:39:49.324 119226 DEBUG oslo_service.service [req-872c5675-8c4d-43d6-8e97-23f842c9c66c - - - - -] cinder.debug = False log_opt_values /usr/lib/python3/dist-packages/oslo_config/cfg.py:2609
2025-11-06 00:39:49.324 119226 DEBUG oslo_service.service [req-872c5675-8c4d-43d6-8e97-23f842c9c66c - - - - -] cinder.endpoint_template = None log_opt_values /usr/lib/python3/dist-packages/oslo_config/cfg.py:2609
2025-11-06 00:39:49.323 120637 DEBUG nova.service [req-3103636f-31d3-4674-94b3-90fbca7548d2 - - - - -] Creating RPC server for service conductor start /usr/lib/python3/dist-packages/nova/service.py:182
2025-11-06 00:39:49.324 119226 DEBUG oslo_service.service [req-872c5675-8c4d-43d6-8e97-23f842c9c66c - - - - -] cinder.http_retries = 3 log_opt_values /usr/lib/python3/dist-packages/oslo_config/cfg.py:2609
2025-11-06 00:39:49.326 119226 DEBUG oslo_service.service [req-872c5675-8c4d-43d6-8e97-23f842c9c66c - - - - -] cinder.insecure = False log_opt_values /usr/lib/python3/dist-packages/oslo_config/cfg.py:2609
2025-11-06 00:39:49.326 119226 DEBUG oslo_service.service [req-872c5675-8c4d-43d6-8e97-23f842c9c66c - - - - -] cinder.keyfile = None log_opt_values /usr/lib/python3/dist-packages/oslo_config/cfg.py:2609
2025-11-06 00:39:49.326 119226 DEBUG oslo_service.service [req-872c5675-8c4d-43d6-8e97-23f842c9c66c - - - - -] cinder.os_region_name = None log_opt_values /usr/lib/python3/dist-packages/oslo_config/cfg.py:2609
2025-11-06 00:39:49.326 119226 DEBUG oslo_service.service [req-872c5675-8c4d-43d6-8e97-23f842c9c66c - - - - -] cinder.split_loggers = False log_opt_values /usr/lib/python3/dist-packages/oslo_config/cfg.py:2609
2025-11-06 00:39:49.327 119226 DEBUG oslo_service.service [req-872c5675-8c4d-43d6-8e97-23f842c9c66c - - - - -] cinder.timeout = None log_opt_values /usr/lib/python3/dist-packages/oslo_config/cfg.py:2609
2025-11-06 00:39:49.327 119226 DEBUG oslo_service.service [req-872c5675-8c4d-43d6-8e97-23f842c9c66c - - - - -] compute.consecutive_build_service_disable_threshold = 10 log_opt_values /usr/lib/python3/dist-packages/oslo_config/cfg.py:2609
2025-11-06 00:39:49.327 119226 DEBUG oslo_service.service [req-872c5675-8c4d-43d6-8e97-23f842c9c66c - - - - -] compute.cpu_dedicated_set = None log_opt_values /usr/lib/python3/dist-packages/oslo_config/cfg.py:2609
2025-11-06 00:39:49.327 119226 DEBUG oslo_service.service [req-872c5675-8c4d-43d6-8e97-23f842c9c66c - - - - -] compute.cpu_shared_set = None log_opt_values /usr/lib/python3/dist-packages/oslo_config/cfg.py:2609
2025-11-06 00:39:49.328 119226 DEBUG oslo_service.service [req-872c5675-8c4d-43d6-8e97-23f842c9c66c - - - - -] compute.image_type_exclude_list = [] log_opt_values /usr/lib/python3/dist-packages/oslo_config/cfg.py:2609
2025-11-06 00:39:49.328 119226 DEBUG oslo_service.service [req-872c5675-8c4d-43d6-8e97-23f842c9c66c - - - - -] compute.live_migration_wait_for_vif_plug = True log_opt_values /usr/lib/python3/dist-packages/oslo_config/cfg.py:2609
2025-11-06 00:39:49.328 119226 DEBUG oslo_service.service [req-872c5675-8c4d-43d6-8e97-23f842c9c66c - - - - -] compute.max_concurrent_disk_ops = 0 log_opt_values /usr/lib/python3/dist-packages/oslo_config/cfg.py:2609
2025-11-06 00:39:49.328 119226 DEBUG oslo_service.service [req-872c5675-8c4d-43d6-8e97-23f842c9c66c - - - - -] compute.max_disk_devices_to_attach = -1 log_opt_values /usr/lib/python3/dist-packages/oslo_config/cfg.py:2609
2025-11-06 00:39:49.328 119226 DEBUG oslo_service.service [req-872c5675-8c4d-43d6-8e97-23f842c9c66c - - - - -] compute.packing_host_numa_cells_allocation_strategy = True log_opt_values /usr/lib/python3/dist-packages/oslo_config/cfg.py:2609
2025-11-06 00:39:49.328 119226 DEBUG oslo_service.service [req-872c5675-8c4d-43d6-8e97-23f842c9c66c - - - - -] compute.provider_config_location = /etc/nova/provider_config/ log_opt_values /usr/lib/python3/dist-packages/oslo_config/cfg.py:2609
2025-11-06 00:39:49.329 119226 DEBUG oslo_service.service [req-872c5675-8c4d-43d6-8e97-23f842c9c66c - - - - -] compute.resource_provider_association_refresh = 300 log_opt_values /usr/lib/python3/dist-packages/oslo_config/cfg.py:2609
2025-11-06 00:39:49.329 119226 DEBUG oslo_service.service [req-872c5675-8c4d-43d6-8e97-23f842c9c66c - - - - -] compute.shutdown_retry_interval = 10 log_opt_values /usr/lib/python3/dist-packages/oslo_config/cfg.py:2609
2025-11-06 00:39:49.329 119226 DEBUG oslo_service.service [req-872c5675-8c4d-43d6-8e97-23f842c9c66c - - - - -] compute.vmdk_allowed_types = ['streamOptimized', 'monolithicSparse'] log_opt_values /usr/lib/python3/dist-packages/oslo_config/cfg.py:2609
2025-11-06 00:39:49.330 119226 DEBUG oslo_service.service [req-872c5675-8c4d-43d6-8e97-23f842c9c66c - - - - -] conductor.workers = 4 log_opt_values /usr/lib/python3/dist-packages/oslo_config/cfg.py:2609
2025-11-06 00:39:49.330 119226 DEBUG oslo_service.service [req-872c5675-8c4d-43d6-8e97-23f842c9c66c - - - - -] console.allowed_origins = [] log_opt_values /usr/lib/python3/dist-packages/oslo_config/cfg.py:2609
2025-11-06 00:39:49.330 119226 DEBUG oslo_service.service [req-872c5675-8c4d-43d6-8e97-23f842c9c66c - - - - -] console.ssl_ciphers = None log_opt_values /usr/lib/python3/dist-packages/oslo_config/cfg.py:2609
2025-11-06 00:39:49.330 119226 DEBUG oslo_service.service [req-872c5675-8c4d-43d6-8e97-23f842c9c66c - - - - -] console.ssl_minimum_version = default log_opt_values /usr/lib/python3/dist-packages/oslo_config/cfg.py:2609
2025-11-06 00:39:49.330 119226 DEBUG oslo_service.service [req-872c5675-8c4d-43d6-8e97-23f842c9c66c - - - - -] consoleauth.token_ttl = 600 log_opt_values /usr/lib/python3/dist-packages/oslo_config/cfg.py:2609
2025-11-06 00:39:49.331 119226 DEBUG oslo_service.service [req-872c5675-8c4d-43d6-8e97-23f842c9c66c - - - - -] cyborg.cafile = None log_opt_values /usr/lib/python3/dist-packages/oslo_config/cfg.py:2609
2025-11-06 00:39:49.331 119226 DEBUG oslo_service.service [req-872c5675-8c4d-43d6-8e97-23f842c9c66c - - - - -] cyborg.certfile = None log_opt_values /usr/lib/python3/dist-packages/oslo_config/cfg.py:2609
2025-11-06 00:39:49.331 119226 DEBUG oslo_service.service [req-872c5675-8c4d-43d6-8e97-23f842c9c66c - - - - -] cyborg.collect_timing = False log_opt_values /usr/lib/python3/dist-packages/oslo_config/cfg.py:2609
2025-11-06 00:39:49.332 119226 DEBUG oslo_service.service [req-872c5675-8c4d-43d6-8e97-23f842c9c66c - - - - -] cyborg.connect_retries = None log_opt_values /usr/lib/python3/dist-packages/oslo_config/cfg.py:2609
2025-11-06 00:39:49.343 119226 DEBUG oslo_service.service [req-872c5675-8c4d-43d6-8e97-23f842c9c66c - - - - -] cyborg.connect_retry_delay = None log_opt_values /usr/lib/python3/dist-packages/oslo_config/cfg.py:2609
2025-11-06 00:39:49.344 119226 DEBUG oslo_service.service [req-872c5675-8c4d-43d6-8e97-23f842c9c66c - - - - -] cyborg.endpoint_override = None log_opt_values /usr/lib/python3/dist-packages/oslo_config/cfg.py:2609
2025-11-06 00:39:49.344 119226 DEBUG oslo_service.service [req-872c5675-8c4d-43d6-8e97-23f842c9c66c - - - - -] cyborg.insecure = False log_opt_values /usr/lib/python3/dist-packages/oslo_config/cfg.py:2609
2025-11-06 00:39:49.344 119226 DEBUG oslo_service.service [req-872c5675-8c4d-43d6-8e97-23f842c9c66c - - - - -] cyborg.keyfile = None log_opt_values /usr/lib/python3/dist-packages/oslo_config/cfg.py:2609
2025-11-06 00:39:49.344 119226 DEBUG oslo_service.service [req-872c5675-8c4d-43d6-8e97-23f842c9c66c - - - - -] cyborg.max_version = None log_opt_values /usr/lib/python3/dist-packages/oslo_config/cfg.py:2609
2025-11-06 00:39:49.345 119226 DEBUG oslo_service.service [req-872c5675-8c4d-43d6-8e97-23f842c9c66c - - - - -] cyborg.min_version = None log_opt_values /usr/lib/python3/dist-packages/oslo_config/cfg.py:2609
2025-11-06 00:39:49.345 119226 DEBUG oslo_service.service [req-872c5675-8c4d-43d6-8e97-23f842c9c66c - - - - -] cyborg.region_name = None log_opt_values /usr/lib/python3/dist-packages/oslo_config/cfg.py:2609
2025-11-06 00:39:49.345 119226 DEBUG oslo_service.service [req-872c5675-8c4d-43d6-8e97-23f842c9c66c - - - - -] cyborg.service_name = None log_opt_values /usr/lib/python3/dist-packages/oslo_config/cfg.py:2609
2025-11-06 00:39:49.345 119226 DEBUG oslo_service.service [req-872c5675-8c4d-43d6-8e97-23f842c9c66c - - - - -] cyborg.service_type = accelerator log_opt_values /usr/lib/python3/dist-packages/oslo_config/cfg.py:2609
2025-11-06 00:39:49.345 119226 DEBUG oslo_service.service [req-872c5675-8c4d-43d6-8e97-23f842c9c66c - - - - -] cyborg.split_loggers = False log_opt_values /usr/lib/python3/dist-packages/oslo_config/cfg.py:2609
2025-11-06 00:39:49.345 119226 DEBUG oslo_service.service [req-872c5675-8c4d-43d6-8e97-23f842c9c66c - - - - -] cyborg.status_code_retries = None log_opt_values /usr/lib/python3/dist-packages/oslo_config/cfg.py:2609
2025-11-06 00:39:49.346 119226 DEBUG oslo_service.service [req-872c5675-8c4d-43d6-8e97-23f842c9c66c - - - - -] cyborg.status_code_retry_delay = None log_opt_values /usr/lib/python3/dist-packages/oslo_config/cfg.py:2609
2025-11-06 00:39:49.346 119226 DEBUG oslo_service.service [req-872c5675-8c4d-43d6-8e97-23f842c9c66c - - - - -] cyborg.timeout = None log_opt_values /usr/lib/python3/dist-packages/oslo_config/cfg.py:2609
2025-11-06 00:39:49.346 119226 DEBUG oslo_service.service [req-872c5675-8c4d-43d6-8e97-23f842c9c66c - - - - -] cyborg.valid_interfaces = ['internal', 'public'] log_opt_values /usr/lib/python3/dist-packages/oslo_config/cfg.py:2609
2025-11-06 00:39:49.346 119226 DEBUG oslo_service.service [req-872c5675-8c4d-43d6-8e97-23f842c9c66c - - - - -] cyborg.version = None log_opt_values /usr/lib/python3/dist-packages/oslo_config/cfg.py:2609
2025-11-06 00:39:49.346 119226 DEBUG oslo_service.service [req-872c5675-8c4d-43d6-8e97-23f842c9c66c - - - - -] database.backend = sqlalchemy log_opt_values /usr/lib/python3/dist-packages/oslo_config/cfg.py:2609
2025-11-06 00:39:49.346 119226 DEBUG oslo_service.service [req-872c5675-8c4d-43d6-8e97-23f842c9c66c - - - - -] database.connection = **** log_opt_values /usr/lib/python3/dist-packages/oslo_config/cfg.py:2609
2025-11-06 00:39:49.347 119226 DEBUG oslo_service.service [req-872c5675-8c4d-43d6-8e97-23f842c9c66c - - - - -] database.connection_debug = 0 log_opt_values /usr/lib/python3/dist-packages/oslo_config/cfg.py:2609
2025-11-06 00:39:49.347 119226 DEBUG oslo_service.service [req-872c5675-8c4d-43d6-8e97-23f842c9c66c - - - - -] database.connection_parameters = log_opt_values /usr/lib/python3/dist-packages/oslo_config/cfg.py:2609
2025-11-06 00:39:49.347 119226 DEBUG oslo_service.service [req-872c5675-8c4d-43d6-8e97-23f842c9c66c - - - - -] database.connection_recycle_time = 3600 log_opt_values /usr/lib/python3/dist-packages/oslo_config/cfg.py:2609
2025-11-06 00:39:49.347 119226 DEBUG oslo_service.service [req-872c5675-8c4d-43d6-8e97-23f842c9c66c - - - - -] database.connection_trace = False log_opt_values /usr/lib/python3/dist-packages/oslo_config/cfg.py:2609
2025-11-06 00:39:49.347 120636 DEBUG oslo_messaging._drivers.amqpdriver [-] Listener is running poll /usr/lib/python3/dist-packages/oslo_messaging/_drivers/amqpdriver.py:343
2025-11-06 00:39:49.347 120638 DEBUG oslo_messaging._drivers.amqpdriver [-] Listener is running poll /usr/lib/python3/dist-packages/oslo_messaging/_drivers/amqpdriver.py:343
2025-11-06 00:39:49.347 119226 DEBUG oslo_service.service [req-872c5675-8c4d-43d6-8e97-23f842c9c66c - - - - -] database.db_inc_retry_interval = True log_opt_values /usr/lib/python3/dist-packages/oslo_config/cfg.py:2609
2025-11-06 00:39:49.347 120636 DEBUG oslo_messaging._drivers.amqpdriver [-] AMQPListener connection consume poll /usr/lib/python3/dist-packages/oslo_messaging/_drivers/amqpdriver.py:357
2025-11-06 00:39:49.348 119226 DEBUG oslo_service.service [req-872c5675-8c4d-43d6-8e97-23f842c9c66c - - - - -] database.db_max_retries = 20 log_opt_values /usr/lib/python3/dist-packages/oslo_config/cfg.py:2609
2025-11-06 00:39:49.348 120638 DEBUG oslo_messaging._drivers.amqpdriver [-] AMQPListener connection consume poll /usr/lib/python3/dist-packages/oslo_messaging/_drivers/amqpdriver.py:357
2025-11-06 00:39:49.348 119226 DEBUG oslo_service.service [req-872c5675-8c4d-43d6-8e97-23f842c9c66c - - - - -] database.db_max_retry_interval = 10 log_opt_values /usr/lib/python3/dist-packages/oslo_config/cfg.py:2609
2025-11-06 00:39:49.348 119226 DEBUG oslo_service.service [req-872c5675-8c4d-43d6-8e97-23f842c9c66c - - - - -] database.db_retry_interval = 1 log_opt_values /usr/lib/python3/dist-packages/oslo_config/cfg.py:2609
2025-11-06 00:39:49.348 119226 DEBUG oslo_service.service [req-872c5675-8c4d-43d6-8e97-23f842c9c66c - - - - -] database.max_overflow = 50 log_opt_values /usr/lib/python3/dist-packages/oslo_config/cfg.py:2609
2025-11-06 00:39:49.348 120638 DEBUG nova.service [req-b1d399ee-2d4b-43e5-aa55-2929834f3f59 - - - - -] Join ServiceGroup membership for this service conductor start /usr/lib/python3/dist-packages/nova/service.py:199
2025-11-06 00:39:49.348 119226 DEBUG oslo_service.service [req-872c5675-8c4d-43d6-8e97-23f842c9c66c - - - - -] database.max_pool_size = 4 log_opt_values /usr/lib/python3/dist-packages/oslo_config/cfg.py:2609
2025-11-06 00:39:49.349 120638 DEBUG nova.servicegroup.drivers.db [req-b1d399ee-2d4b-43e5-aa55-2929834f3f59 - - - - -] DB_Driver: join new ServiceGroup member juju-85bed8-0-lxd-7 to the conductor group, service = join /usr/lib/python3/dist-packages/nova/servicegroup/drivers/db.py:44
2025-11-06 00:39:49.349 119226 DEBUG oslo_service.service [req-872c5675-8c4d-43d6-8e97-23f842c9c66c - - - - -] database.max_retries = 10 log_opt_values /usr/lib/python3/dist-packages/oslo_config/cfg.py:2609
2025-11-06 00:39:49.349 119226 DEBUG oslo_service.service [req-872c5675-8c4d-43d6-8e97-23f842c9c66c - - - - -] database.mysql_enable_ndb = False log_opt_values /usr/lib/python3/dist-packages/oslo_config/cfg.py:2609
2025-11-06 00:39:49.349 119226 DEBUG oslo_service.service [req-872c5675-8c4d-43d6-8e97-23f842c9c66c - - - - -] database.mysql_sql_mode = TRADITIONAL log_opt_values /usr/lib/python3/dist-packages/oslo_config/cfg.py:2609
2025-11-06 00:39:49.350 119226 DEBUG oslo_service.service [req-872c5675-8c4d-43d6-8e97-23f842c9c66c - - - - -] database.pool_timeout = None log_opt_values /usr/lib/python3/dist-packages/oslo_config/cfg.py:2609
2025-11-06 00:39:49.350 119226 DEBUG oslo_service.service [req-872c5675-8c4d-43d6-8e97-23f842c9c66c - - - - -] database.retry_interval = 10 log_opt_values /usr/lib/python3/dist-packages/oslo_config/cfg.py:2609
2025-11-06 00:39:49.350 120636 DEBUG nova.service [req-6111ea98-364e-4da9-9490-8cc3d29a80eb - - - - -] Join ServiceGroup membership for this service conductor start /usr/lib/python3/dist-packages/nova/service.py:199
2025-11-06 00:39:49.350 119226 DEBUG oslo_service.service [req-872c5675-8c4d-43d6-8e97-23f842c9c66c - - - - -] database.slave_connection = **** log_opt_values /usr/lib/python3/dist-packages/oslo_config/cfg.py:2609
2025-11-06 00:39:49.350 119226 DEBUG oslo_service.service [req-872c5675-8c4d-43d6-8e97-23f842c9c66c - - - - -] database.sqlite_synchronous = True log_opt_values /usr/lib/python3/dist-packages/oslo_config/cfg.py:2609
2025-11-06 00:39:49.350 119226 DEBUG oslo_service.service [req-872c5675-8c4d-43d6-8e97-23f842c9c66c - - - - -] database.use_db_reconnect = False log_opt_values /usr/lib/python3/dist-packages/oslo_config/cfg.py:2609
2025-11-06 00:39:49.351 119226 DEBUG oslo_service.service [req-872c5675-8c4d-43d6-8e97-23f842c9c66c - - - - -] api_database.backend = sqlalchemy log_opt_values /usr/lib/python3/dist-packages/oslo_config/cfg.py:2609
2025-11-06 00:39:49.351 119226 DEBUG oslo_service.service [req-872c5675-8c4d-43d6-8e97-23f842c9c66c - - - - -] api_database.connection = **** log_opt_values /usr/lib/python3/dist-packages/oslo_config/cfg.py:2609
2025-11-06 00:39:49.351 119226 DEBUG oslo_service.service [req-872c5675-8c4d-43d6-8e97-23f842c9c66c - - - - -] api_database.connection_debug = 0 log_opt_values /usr/lib/python3/dist-packages/oslo_config/cfg.py:2609
2025-11-06 00:39:49.351 119226 DEBUG oslo_service.service [req-872c5675-8c4d-43d6-8e97-23f842c9c66c - - - - -] api_database.connection_parameters = log_opt_values /usr/lib/python3/dist-packages/oslo_config/cfg.py:2609
2025-11-06 00:39:49.350 120636 DEBUG nova.servicegroup.drivers.db [req-6111ea98-364e-4da9-9490-8cc3d29a80eb - - - - -] DB_Driver: join new ServiceGroup member juju-85bed8-0-lxd-7 to the conductor group, service = join /usr/lib/python3/dist-packages/nova/servicegroup/drivers/db.py:44
2025-11-06 00:39:49.352 119226 DEBUG oslo_service.service [req-872c5675-8c4d-43d6-8e97-23f842c9c66c - - - - -] api_database.connection_recycle_time = 3600 log_opt_values /usr/lib/python3/dist-packages/oslo_config/cfg.py:2609
2025-11-06 00:39:49.352 119226 DEBUG oslo_service.service [req-872c5675-8c4d-43d6-8e97-23f842c9c66c - - - - -] api_database.connection_trace = False log_opt_values /usr/lib/python3/dist-packages/oslo_config/cfg.py:2609
2025-11-06 00:39:49.352 119226 DEBUG oslo_service.service [req-872c5675-8c4d-43d6-8e97-23f842c9c66c - - - - -] api_database.db_inc_retry_interval = True log_opt_values /usr/lib/python3/dist-packages/oslo_config/cfg.py:2609
2025-11-06 00:39:49.352 120638 DEBUG oslo_messaging._drivers.amqpdriver [-] AMQPListener connection timeout poll /usr/lib/python3/dist-packages/oslo_messaging/_drivers/amqpdriver.py:360
2025-11-06 00:39:49.352 119226 DEBUG oslo_service.service [req-872c5675-8c4d-43d6-8e97-23f842c9c66c - - - - -] api_database.db_max_retries = 20 log_opt_values /usr/lib/python3/dist-packages/oslo_config/cfg.py:2609
2025-11-06 00:39:49.352 120638 DEBUG oslo_messaging._drivers.amqpdriver [-] Listener is running poll /usr/lib/python3/dist-packages/oslo_messaging/_drivers/amqpdriver.py:343
2025-11-06 00:39:49.352 120638 DEBUG oslo_messaging._drivers.amqpdriver [-] AMQPListener connection consume poll /usr/lib/python3/dist-packages/oslo_messaging/_drivers/amqpdriver.py:357
2025-11-06 00:39:49.352 119226 DEBUG oslo_service.service [req-872c5675-8c4d-43d6-8e97-23f842c9c66c - - - - -] api_database.db_max_retry_interval = 10 log_opt_values /usr/lib/python3/dist-packages/oslo_config/cfg.py:2609
2025-11-06 00:39:49.352 120636 DEBUG oslo_messaging._drivers.amqpdriver [-] AMQPListener connection timeout poll /usr/lib/python3/dist-packages/oslo_messaging/_drivers/amqpdriver.py:360
2025-11-06 00:39:49.353 120636 DEBUG oslo_messaging._drivers.amqpdriver [-] Listener is running poll /usr/lib/python3/dist-packages/oslo_messaging/_drivers/amqpdriver.py:343
2025-11-06 00:39:49.353 119226 DEBUG oslo_service.service [req-872c5675-8c4d-43d6-8e97-23f842c9c66c - - - - -] api_database.db_retry_interval = 1 log_opt_values /usr/lib/python3/dist-packages/oslo_config/cfg.py:2609
2025-11-06 00:39:49.353 119226 DEBUG oslo_service.service [req-872c5675-8c4d-43d6-8e97-23f842c9c66c - - - - -] api_database.max_overflow = 50 log_opt_values /usr/lib/python3/dist-packages/oslo_config/cfg.py:2609
2025-11-06 00:39:49.353 119226 DEBUG oslo_service.service [req-872c5675-8c4d-43d6-8e97-23f842c9c66c - - - - -] api_database.max_pool_size = 4 log_opt_values /usr/lib/python3/dist-packages/oslo_config/cfg.py:2609
2025-11-06 00:39:49.354 119226 DEBUG oslo_service.service [req-872c5675-8c4d-43d6-8e97-23f842c9c66c - - - - -] api_database.max_retries = 10 log_opt_values /usr/lib/python3/dist-packages/oslo_config/cfg.py:2609
2025-11-06 00:39:49.354 119226 DEBUG oslo_service.service [req-872c5675-8c4d-43d6-8e97-23f842c9c66c - - - - -] api_database.mysql_enable_ndb = False log_opt_values /usr/lib/python3/dist-packages/oslo_config/cfg.py:2609
2025-11-06 00:39:49.354 119226 DEBUG oslo_service.service [req-872c5675-8c4d-43d6-8e97-23f842c9c66c - - - - -] api_database.mysql_sql_mode = TRADITIONAL log_opt_values /usr/lib/python3/dist-packages/oslo_config/cfg.py:2609
2025-11-06 00:39:49.354 120636 DEBUG oslo_messaging._drivers.amqpdriver [-] AMQPListener connection consume poll /usr/lib/python3/dist-packages/oslo_messaging/_drivers/amqpdriver.py:357
2025-11-06 00:39:49.354 119226 DEBUG oslo_service.service [req-872c5675-8c4d-43d6-8e97-23f842c9c66c - - - - -] api_database.pool_timeout = None log_opt_values /usr/lib/python3/dist-packages/oslo_config/cfg.py:2609
2025-11-06 00:39:49.355 119226 DEBUG oslo_service.service [req-872c5675-8c4d-43d6-8e97-23f842c9c66c - - - - -] api_database.retry_interval = 10 log_opt_values /usr/lib/python3/dist-packages/oslo_config/cfg.py:2609
2025-11-06 00:39:49.355 119226 DEBUG oslo_service.service [req-872c5675-8c4d-43d6-8e97-23f842c9c66c - - - - -] api_database.slave_connection = **** log_opt_values /usr/lib/python3/dist-packages/oslo_config/cfg.py:2609
2025-11-06 00:39:49.355 119226 DEBUG oslo_service.service [req-872c5675-8c4d-43d6-8e97-23f842c9c66c - - - - -] api_database.sqlite_synchronous = True log_opt_values /usr/lib/python3/dist-packages/oslo_config/cfg.py:2609
2025-11-06 00:39:49.355 119226 DEBUG oslo_service.service [req-872c5675-8c4d-43d6-8e97-23f842c9c66c - - - - -] devices.enabled_mdev_types = [] log_opt_values /usr/lib/python3/dist-packages/oslo_config/cfg.py:2609
2025-11-06 00:39:49.355 119226 DEBUG oslo_service.service [req-872c5675-8c4d-43d6-8e97-23f842c9c66c - - - - -] ephemeral_storage_encryption.cipher = aes-xts-plain64 log_opt_values /usr/lib/python3/dist-packages/oslo_config/cfg.py:2609
2025-11-06 00:39:49.356 119226 DEBUG oslo_service.service [req-872c5675-8c4d-43d6-8e97-23f842c9c66c - - - - -] ephemeral_storage_encryption.enabled = False log_opt_values /usr/lib/python3/dist-packages/oslo_config/cfg.py:2609
2025-11-06 00:39:49.356 119226 DEBUG oslo_service.service [req-872c5675-8c4d-43d6-8e97-23f842c9c66c - - - - -] ephemeral_storage_encryption.key_size = 512 log_opt_values /usr/lib/python3/dist-packages/oslo_config/cfg.py:2609
2025-11-06 00:39:49.356 119226 WARNING oslo_config.cfg [req-872c5675-8c4d-43d6-8e97-23f842c9c66c - - - - -] Deprecated: Option "api_servers" from group "glance" is deprecated for removal ( Support for image service configuration via standard keystoneauth1 Adapter options was added in the 17.0.0 Queens release. The api_servers option was retained temporarily to allow consumers time to cut over to a real load balancing solution. ). Its value may be silently ignored in the future.
2025-11-06 00:39:49.357 119226 DEBUG oslo_service.service [req-872c5675-8c4d-43d6-8e97-23f842c9c66c - - - - -] glance.api_servers = ['http://252.141.220.4:9292'] log_opt_values /usr/lib/python3/dist-packages/oslo_config/cfg.py:2609
2025-11-06 00:39:49.357 119226 DEBUG oslo_service.service [req-872c5675-8c4d-43d6-8e97-23f842c9c66c - - - - -] glance.cafile = None log_opt_values /usr/lib/python3/dist-packages/oslo_config/cfg.py:2609
2025-11-06 00:39:49.357 119226 DEBUG oslo_service.service [req-872c5675-8c4d-43d6-8e97-23f842c9c66c - - - - -] glance.certfile = None log_opt_values /usr/lib/python3/dist-packages/oslo_config/cfg.py:2609
2025-11-06 00:39:49.358 119226 DEBUG oslo_service.service [req-872c5675-8c4d-43d6-8e97-23f842c9c66c - - - - -] glance.collect_timing = False log_opt_values /usr/lib/python3/dist-packages/oslo_config/cfg.py:2609
2025-11-06 00:39:49.358 119226 DEBUG oslo_service.service [req-872c5675-8c4d-43d6-8e97-23f842c9c66c - - - - -] glance.connect_retries = None log_opt_values /usr/lib/python3/dist-packages/oslo_config/cfg.py:2609
2025-11-06 00:39:49.358 119226 DEBUG oslo_service.service [req-872c5675-8c4d-43d6-8e97-23f842c9c66c - - - - -] glance.connect_retry_delay = None log_opt_values /usr/lib/python3/dist-packages/oslo_config/cfg.py:2609
2025-11-06 00:39:49.359 119226 DEBUG oslo_service.service [req-872c5675-8c4d-43d6-8e97-23f842c9c66c - - - - -] glance.debug = False log_opt_values /usr/lib/python3/dist-packages/oslo_config/cfg.py:2609
2025-11-06 00:39:49.359 119226 DEBUG oslo_service.service [req-872c5675-8c4d-43d6-8e97-23f842c9c66c - - - - -] glance.default_trusted_certificate_ids = [] log_opt_values /usr/lib/python3/dist-packages/oslo_config/cfg.py:2609
2025-11-06 00:39:49.359 119226 DEBUG oslo_service.service [req-872c5675-8c4d-43d6-8e97-23f842c9c66c - - - - -] glance.enable_certificate_validation = False log_opt_values /usr/lib/python3/dist-packages/oslo_config/cfg.py:2609
2025-11-06 00:39:49.360 119226 DEBUG oslo_service.service [req-872c5675-8c4d-43d6-8e97-23f842c9c66c - - - - -] glance.enable_rbd_download = False log_opt_values /usr/lib/python3/dist-packages/oslo_config/cfg.py:2609
2025-11-06 00:39:49.360 119226 DEBUG oslo_service.service [req-872c5675-8c4d-43d6-8e97-23f842c9c66c - - - - -] glance.endpoint_override = None log_opt_values /usr/lib/python3/dist-packages/oslo_config/cfg.py:2609
2025-11-06 00:39:49.360 119226 DEBUG oslo_service.service [req-872c5675-8c4d-43d6-8e97-23f842c9c66c - - - - -] glance.insecure = False log_opt_values /usr/lib/python3/dist-packages/oslo_config/cfg.py:2609
2025-11-06 00:39:49.361 119226 DEBUG oslo_service.service [req-872c5675-8c4d-43d6-8e97-23f842c9c66c - - - - -] glance.keyfile = None log_opt_values /usr/lib/python3/dist-packages/oslo_config/cfg.py:2609
2025-11-06 00:39:49.362 119226 DEBUG oslo_service.service [req-872c5675-8c4d-43d6-8e97-23f842c9c66c - - - - -] glance.max_version = None log_opt_values /usr/lib/python3/dist-packages/oslo_config/cfg.py:2609
2025-11-06 00:39:49.363 119226 DEBUG oslo_service.service [req-872c5675-8c4d-43d6-8e97-23f842c9c66c - - - - -] glance.min_version = None log_opt_values /usr/lib/python3/dist-packages/oslo_config/cfg.py:2609
2025-11-06 00:39:49.364 119226 DEBUG oslo_service.service [req-872c5675-8c4d-43d6-8e97-23f842c9c66c - - - - -] glance.num_retries = 3 log_opt_values /usr/lib/python3/dist-packages/oslo_config/cfg.py:2609
2025-11-06 00:39:49.364 119226 DEBUG oslo_service.service [req-872c5675-8c4d-43d6-8e97-23f842c9c66c - - - - -] glance.rbd_ceph_conf = log_opt_values /usr/lib/python3/dist-packages/oslo_config/cfg.py:2609
2025-11-06 00:39:49.365 120637 DEBUG oslo_messaging._drivers.amqpdriver [-] Listener is running poll /usr/lib/python3/dist-packages/oslo_messaging/_drivers/amqpdriver.py:343
2025-11-06 00:39:49.366 120637 DEBUG oslo_messaging._drivers.amqpdriver [-] AMQPListener connection consume poll /usr/lib/python3/dist-packages/oslo_messaging/_drivers/amqpdriver.py:357
2025-11-06 00:39:49.366 119226 DEBUG oslo_service.service [req-872c5675-8c4d-43d6-8e97-23f842c9c66c - - - - -] glance.rbd_connect_timeout = 5 log_opt_values /usr/lib/python3/dist-packages/oslo_config/cfg.py:2609
2025-11-06 00:39:49.367 119226 DEBUG oslo_service.service [req-872c5675-8c4d-43d6-8e97-23f842c9c66c - - - - -] glance.rbd_pool = log_opt_values /usr/lib/python3/dist-packages/oslo_config/cfg.py:2609
2025-11-06 00:39:49.367 119226 DEBUG oslo_service.service [req-872c5675-8c4d-43d6-8e97-23f842c9c66c - - - - -] glance.rbd_user = log_opt_values /usr/lib/python3/dist-packages/oslo_config/cfg.py:2609
2025-11-06 00:39:49.367 119226 DEBUG oslo_service.service [req-872c5675-8c4d-43d6-8e97-23f842c9c66c - - - - -] glance.region_name = None log_opt_values /usr/lib/python3/dist-packages/oslo_config/cfg.py:2609
2025-11-06 00:39:49.367 119226 DEBUG oslo_service.service [req-872c5675-8c4d-43d6-8e97-23f842c9c66c - - - - -] glance.service_name = None log_opt_values /usr/lib/python3/dist-packages/oslo_config/cfg.py:2609
2025-11-06 00:39:49.368 119226 DEBUG oslo_service.service [req-872c5675-8c4d-43d6-8e97-23f842c9c66c - - - - -] glance.service_type = image log_opt_values /usr/lib/python3/dist-packages/oslo_config/cfg.py:2609
2025-11-06 00:39:49.368 119226 DEBUG oslo_service.service [req-872c5675-8c4d-43d6-8e97-23f842c9c66c - - - - -] glance.split_loggers = False log_opt_values /usr/lib/python3/dist-packages/oslo_config/cfg.py:2609
2025-11-06 00:39:49.368 119226 DEBUG oslo_service.service [req-872c5675-8c4d-43d6-8e97-23f842c9c66c - - - - -] glance.status_code_retries = None log_opt_values /usr/lib/python3/dist-packages/oslo_config/cfg.py:2609
2025-11-06 00:39:49.368 119226 DEBUG oslo_service.service [req-872c5675-8c4d-43d6-8e97-23f842c9c66c - - - - -] glance.status_code_retry_delay = None log_opt_values /usr/lib/python3/dist-packages/oslo_config/cfg.py:2609
2025-11-06 00:39:49.368 119226 DEBUG oslo_service.service [req-872c5675-8c4d-43d6-8e97-23f842c9c66c - - - - -] glance.timeout = None log_opt_values /usr/lib/python3/dist-packages/oslo_config/cfg.py:2609
2025-11-06 00:39:49.368 119226 DEBUG oslo_service.service [req-872c5675-8c4d-43d6-8e97-23f842c9c66c - - - - -] glance.valid_interfaces = ['internal', 'public'] log_opt_values /usr/lib/python3/dist-packages/oslo_config/cfg.py:2609
2025-11-06 00:39:49.368 119226 DEBUG oslo_service.service [req-872c5675-8c4d-43d6-8e97-23f842c9c66c - - - - -] glance.verify_glance_signatures = False log_opt_values /usr/lib/python3/dist-packages/oslo_config/cfg.py:2609
2025-11-06 00:39:49.369 119226 DEBUG oslo_service.service [req-872c5675-8c4d-43d6-8e97-23f842c9c66c - - - - -] glance.version = None log_opt_values /usr/lib/python3/dist-packages/oslo_config/cfg.py:2609
2025-11-06 00:39:49.369 120639 DEBUG oslo_messaging._drivers.amqpdriver [-] Listener is running poll /usr/lib/python3/dist-packages/oslo_messaging/_drivers/amqpdriver.py:343
2025-11-06 00:39:49.369 119226 DEBUG oslo_service.service [req-872c5675-8c4d-43d6-8e97-23f842c9c66c - - - - -] guestfs.debug = False log_opt_values /usr/lib/python3/dist-packages/oslo_config/cfg.py:2609
2025-11-06 00:39:49.369 120639 DEBUG oslo_messaging._drivers.amqpdriver [-] AMQPListener connection consume poll /usr/lib/python3/dist-packages/oslo_messaging/_drivers/amqpdriver.py:357
2025-11-06 00:39:49.369 119226 DEBUG oslo_service.service [req-872c5675-8c4d-43d6-8e97-23f842c9c66c - - - - -] hyperv.config_drive_cdrom = False log_opt_values /usr/lib/python3/dist-packages/oslo_config/cfg.py:2609
2025-11-06 00:39:49.369 119226 DEBUG oslo_service.service [req-872c5675-8c4d-43d6-8e97-23f842c9c66c - - - - -] hyperv.config_drive_inject_password = False log_opt_values /usr/lib/python3/dist-packages/oslo_config/cfg.py:2609
2025-11-06 00:39:49.368 120637 DEBUG nova.service [req-3103636f-31d3-4674-94b3-90fbca7548d2 - - - - -] Join ServiceGroup membership for this service conductor start /usr/lib/python3/dist-packages/nova/service.py:199
2025-11-06 00:39:49.370 119226 DEBUG oslo_service.service [req-872c5675-8c4d-43d6-8e97-23f842c9c66c - - - - -] hyperv.dynamic_memory_ratio = 1.0 log_opt_values /usr/lib/python3/dist-packages/oslo_config/cfg.py:2609
2025-11-06 00:39:49.370 119226 DEBUG oslo_service.service [req-872c5675-8c4d-43d6-8e97-23f842c9c66c - - - - -] hyperv.enable_instance_metrics_collection = False log_opt_values /usr/lib/python3/dist-packages/oslo_config/cfg.py:2609
2025-11-06 00:39:49.370 120637 DEBUG nova.servicegroup.drivers.db [req-3103636f-31d3-4674-94b3-90fbca7548d2 - - - - -] DB_Driver: join new ServiceGroup member juju-85bed8-0-lxd-7 to the conductor group, service = join /usr/lib/python3/dist-packages/nova/servicegroup/drivers/db.py:44
2025-11-06 00:39:49.370 119226 DEBUG oslo_service.service [req-872c5675-8c4d-43d6-8e97-23f842c9c66c - - - - -] hyperv.enable_remotefx = False log_opt_values /usr/lib/python3/dist-packages/oslo_config/cfg.py:2609
2025-11-06 00:39:49.370 119226 DEBUG oslo_service.service [req-872c5675-8c4d-43d6-8e97-23f842c9c66c - - - - -] hyperv.instances_path_share = log_opt_values /usr/lib/python3/dist-packages/oslo_config/cfg.py:2609
2025-11-06 00:39:49.370 119226 DEBUG oslo_service.service [req-872c5675-8c4d-43d6-8e97-23f842c9c66c - - - - -] hyperv.iscsi_initiator_list = [] log_opt_values /usr/lib/python3/dist-packages/oslo_config/cfg.py:2609
2025-11-06 00:39:49.369 120639 DEBUG nova.service [req-0e2241f7-3e19-49df-a53c-d08f10b5da8f - - - - -] Join ServiceGroup membership for this service conductor start /usr/lib/python3/dist-packages/nova/service.py:199
2025-11-06 00:39:49.371 119226 DEBUG oslo_service.service [req-872c5675-8c4d-43d6-8e97-23f842c9c66c - - - - -] hyperv.limit_cpu_features = False log_opt_values /usr/lib/python3/dist-packages/oslo_config/cfg.py:2609
2025-11-06 00:39:49.371 120639 DEBUG nova.servicegroup.drivers.db [req-0e2241f7-3e19-49df-a53c-d08f10b5da8f - - - - -] DB_Driver: join new ServiceGroup member juju-85bed8-0-lxd-7 to the conductor group, service = join /usr/lib/python3/dist-packages/nova/servicegroup/drivers/db.py:44
2025-11-06 00:39:49.371 119226 DEBUG oslo_service.service [req-872c5675-8c4d-43d6-8e97-23f842c9c66c - - - - -] hyperv.mounted_disk_query_retry_count = 10 log_opt_values /usr/lib/python3/dist-packages/oslo_config/cfg.py:2609
2025-11-06 00:39:49.371 119226 DEBUG oslo_service.service [req-872c5675-8c4d-43d6-8e97-23f842c9c66c - - - - -] hyperv.mounted_disk_query_retry_interval = 5 log_opt_values /usr/lib/python3/dist-packages/oslo_config/cfg.py:2609
2025-11-06 00:39:49.371 119226 DEBUG oslo_service.service [req-872c5675-8c4d-43d6-8e97-23f842c9c66c - - - - -] hyperv.power_state_check_timeframe = 60 log_opt_values /usr/lib/python3/dist-packages/oslo_config/cfg.py:2609
2025-11-06 00:39:49.372 119226 DEBUG oslo_service.service [req-872c5675-8c4d-43d6-8e97-23f842c9c66c - - - - -] hyperv.power_state_event_polling_interval = 2 log_opt_values /usr/lib/python3/dist-packages/oslo_config/cfg.py:2609
2025-11-06 00:39:49.372 119226 DEBUG oslo_service.service [req-872c5675-8c4d-43d6-8e97-23f842c9c66c - - - - -] hyperv.qemu_img_cmd = qemu-img.exe log_opt_values /usr/lib/python3/dist-packages/oslo_config/cfg.py:2609
2025-11-06 00:39:49.372 119226 DEBUG oslo_service.service [req-872c5675-8c4d-43d6-8e97-23f842c9c66c - - - - -] hyperv.use_multipath_io = False log_opt_values /usr/lib/python3/dist-packages/oslo_config/cfg.py:2609
2025-11-06 00:39:49.372 119226 DEBUG oslo_service.service [req-872c5675-8c4d-43d6-8e97-23f842c9c66c - - - - -] hyperv.volume_attach_retry_count = 10 log_opt_values /usr/lib/python3/dist-packages/oslo_config/cfg.py:2609
