2025-11-06 00:33:54.381 39943 DEBUG oslo_service.service [-] clients_designate.cert_file = None log_opt_values /usr/lib/python3/dist-packages/oslo_config/cfg.py:2609
2025-11-06 00:33:54.382 39943 DEBUG oslo_service.service [-] clients_designate.endpoint_type = None log_opt_values /usr/lib/python3/dist-packages/oslo_config/cfg.py:2609
2025-11-06 00:33:54.382 39943 DEBUG oslo_service.service [-] clients_designate.insecure = None log_opt_values /usr/lib/python3/dist-packages/oslo_config/cfg.py:2609
2025-11-06 00:33:54.382 39943 DEBUG oslo_service.service [-] clients_designate.key_file = None log_opt_values /usr/lib/python3/dist-packages/oslo_config/cfg.py:2609
2025-11-06 00:33:54.382 39943 DEBUG oslo_service.service [-] clients_glance.ca_file = None log_opt_values /usr/lib/python3/dist-packages/oslo_config/cfg.py:2609
2025-11-06 00:33:54.382 39943 DEBUG oslo_service.service [-] clients_glance.cert_file = None log_opt_values /usr/lib/python3/dist-packages/oslo_config/cfg.py:2609
2025-11-06 00:33:54.382 39943 DEBUG oslo_service.service [-] clients_glance.endpoint_type = None log_opt_values /usr/lib/python3/dist-packages/oslo_config/cfg.py:2609
2025-11-06 00:33:54.382 39943 DEBUG oslo_service.service [-] clients_glance.insecure = None log_opt_values /usr/lib/python3/dist-packages/oslo_config/cfg.py:2609
2025-11-06 00:33:54.382 39943 DEBUG oslo_service.service [-] clients_glance.key_file = None log_opt_values /usr/lib/python3/dist-packages/oslo_config/cfg.py:2609
2025-11-06 00:33:54.385 39943 DEBUG oslo_service.service [-] clients_heat.ca_file = None log_opt_values /usr/lib/python3/dist-packages/oslo_config/cfg.py:2609
2025-11-06 00:33:54.386 39943 DEBUG oslo_service.service [-] clients_heat.cert_file = None log_opt_values /usr/lib/python3/dist-packages/oslo_config/cfg.py:2609
2025-11-06 00:33:54.386 39943 DEBUG oslo_service.service [-] clients_heat.endpoint_type = None log_opt_values /usr/lib/python3/dist-packages/oslo_config/cfg.py:2609
2025-11-06 00:33:54.387 39943 DEBUG oslo_service.service [-] clients_heat.insecure = None log_opt_values /usr/lib/python3/dist-packages/oslo_config/cfg.py:2609
2025-11-06 00:33:54.387 39943 DEBUG oslo_service.service [-] clients_heat.key_file = None log_opt_values /usr/lib/python3/dist-packages/oslo_config/cfg.py:2609
2025-11-06 00:33:54.387 39943 DEBUG oslo_service.service [-] clients_heat.url = log_opt_values /usr/lib/python3/dist-packages/oslo_config/cfg.py:2609
2025-11-06 00:33:54.387 39943 DEBUG oslo_service.service [-] clients_keystone.auth_uri = http://252.141.8.0:5050 log_opt_values /usr/lib/python3/dist-packages/oslo_config/cfg.py:2609
2025-11-06 00:33:54.388 39943 DEBUG oslo_service.service [-] clients_keystone.ca_file = None log_opt_values /usr/lib/python3/dist-packages/oslo_config/cfg.py:2609
2025-11-06 00:33:54.393 39943 DEBUG oslo_service.service [-] clients_keystone.cert_file = None log_opt_values /usr/lib/python3/dist-packages/oslo_config/cfg.py:2609
2025-11-06 00:33:54.404 39943 DEBUG oslo_service.service [-] clients_keystone.endpoint_type = None log_opt_values /usr/lib/python3/dist-packages/oslo_config/cfg.py:2609
2025-11-06 00:33:54.411 39943 DEBUG oslo_service.service [-] clients_keystone.insecure = None log_opt_values /usr/lib/python3/dist-packages/oslo_config/cfg.py:2609
2025-11-06 00:33:54.411 39943 DEBUG oslo_service.service [-] clients_keystone.key_file = None log_opt_values /usr/lib/python3/dist-packages/oslo_config/cfg.py:2609
2025-11-06 00:33:54.411 39943 DEBUG oslo_service.service [-] clients_magnum.ca_file = None log_opt_values /usr/lib/python3/dist-packages/oslo_config/cfg.py:2609
2025-11-06 00:33:54.412 39943 DEBUG oslo_service.service [-] clients_magnum.cert_file = None log_opt_values /usr/lib/python3/dist-packages/oslo_config/cfg.py:2609
2025-11-06 00:33:54.412 39943 DEBUG oslo_service.service [-] clients_magnum.endpoint_type = None log_opt_values /usr/lib/python3/dist-packages/oslo_config/cfg.py:2609
2025-11-06 00:33:54.413 39943 DEBUG oslo_service.service [-] clients_magnum.insecure = None log_opt_values /usr/lib/python3/dist-packages/oslo_config/cfg.py:2609
2025-11-06 00:33:54.413 39943 DEBUG oslo_service.service [-] clients_magnum.key_file = None log_opt_values /usr/lib/python3/dist-packages/oslo_config/cfg.py:2609
2025-11-06 00:33:54.413 39943 DEBUG oslo_service.service [-] clients_manila.ca_file = None log_opt_values /usr/lib/python3/dist-packages/oslo_config/cfg.py:2609
2025-11-06 00:33:54.413 39943 DEBUG oslo_service.service [-] clients_manila.cert_file = None log_opt_values /usr/lib/python3/dist-packages/oslo_config/cfg.py:2609
2025-11-06 00:33:54.413 39943 DEBUG oslo_service.service [-] clients_manila.endpoint_type = None log_opt_values /usr/lib/python3/dist-packages/oslo_config/cfg.py:2609
2025-11-06 00:33:54.414 39943 DEBUG oslo_service.service [-] clients_manila.insecure = None log_opt_values /usr/lib/python3/dist-packages/oslo_config/cfg.py:2609
2025-11-06 00:33:54.414 39943 DEBUG oslo_service.service [-] clients_manila.key_file = None log_opt_values /usr/lib/python3/dist-packages/oslo_config/cfg.py:2609
2025-11-06 00:33:54.414 39943 DEBUG oslo_service.service [-] clients_mistral.ca_file = None log_opt_values /usr/lib/python3/dist-packages/oslo_config/cfg.py:2609
2025-11-06 00:33:54.414 39943 DEBUG oslo_service.service [-] clients_mistral.cert_file = None log_opt_values /usr/lib/python3/dist-packages/oslo_config/cfg.py:2609
2025-11-06 00:33:54.414 39943 DEBUG oslo_service.service [-] clients_mistral.endpoint_type = None log_opt_values /usr/lib/python3/dist-packages/oslo_config/cfg.py:2609
2025-11-06 00:33:54.414 39943 DEBUG oslo_service.service [-] clients_mistral.insecure = None log_opt_values /usr/lib/python3/dist-packages/oslo_config/cfg.py:2609
2025-11-06 00:33:54.415 39943 DEBUG oslo_service.service [-] clients_mistral.key_file = None log_opt_values /usr/lib/python3/dist-packages/oslo_config/cfg.py:2609
2025-11-06 00:33:54.415 39943 DEBUG oslo_service.service [-] clients_monasca.ca_file = None log_opt_values /usr/lib/python3/dist-packages/oslo_config/cfg.py:2609
2025-11-06 00:33:54.415 39943 DEBUG oslo_service.service [-] clients_monasca.cert_file = None log_opt_values /usr/lib/python3/dist-packages/oslo_config/cfg.py:2609
2025-11-06 00:33:54.416 39943 DEBUG oslo_service.service [-] clients_monasca.endpoint_type = None log_opt_values /usr/lib/python3/dist-packages/oslo_config/cfg.py:2609
2025-11-06 00:33:54.417 39943 DEBUG oslo_service.service [-] clients_monasca.insecure = None log_opt_values /usr/lib/python3/dist-packages/oslo_config/cfg.py:2609
2025-11-06 00:33:54.417 39943 DEBUG oslo_service.service [-] clients_monasca.key_file = None log_opt_values /usr/lib/python3/dist-packages/oslo_config/cfg.py:2609
2025-11-06 00:33:54.417 39943 DEBUG oslo_service.service [-] clients_neutron.ca_file = None log_opt_values /usr/lib/python3/dist-packages/oslo_config/cfg.py:2609
2025-11-06 00:33:54.417 39943 DEBUG oslo_service.service [-] clients_neutron.cert_file = None log_opt_values /usr/lib/python3/dist-packages/oslo_config/cfg.py:2609
2025-11-06 00:33:54.418 39943 DEBUG oslo_service.service [-] clients_neutron.endpoint_type = None log_opt_values /usr/lib/python3/dist-packages/oslo_config/cfg.py:2609
2025-11-06 00:33:54.418 39943 DEBUG oslo_service.service [-] clients_neutron.insecure = None log_opt_values /usr/lib/python3/dist-packages/oslo_config/cfg.py:2609
2025-11-06 00:33:54.418 39943 DEBUG oslo_service.service [-] clients_neutron.key_file = None log_opt_values /usr/lib/python3/dist-packages/oslo_config/cfg.py:2609
2025-11-06 00:33:54.418 39943 DEBUG oslo_service.service [-] clients_nova.ca_file = None log_opt_values /usr/lib/python3/dist-packages/oslo_config/cfg.py:2609
2025-11-06 00:33:54.418 39943 DEBUG oslo_service.service [-] clients_nova.cert_file = None log_opt_values /usr/lib/python3/dist-packages/oslo_config/cfg.py:2609
2025-11-06 00:33:54.419 39943 DEBUG oslo_service.service [-] clients_nova.endpoint_type = None log_opt_values /usr/lib/python3/dist-packages/oslo_config/cfg.py:2609
2025-11-06 00:33:54.419 39943 DEBUG oslo_service.service [-] clients_nova.http_log_debug = False log_opt_values /usr/lib/python3/dist-packages/oslo_config/cfg.py:2609
2025-11-06 00:33:54.422 39943 DEBUG oslo_service.service [-] clients_nova.insecure = None log_opt_values /usr/lib/python3/dist-packages/oslo_config/cfg.py:2609
2025-11-06 00:33:54.423 39943 DEBUG oslo_service.service [-] clients_nova.key_file = None log_opt_values /usr/lib/python3/dist-packages/oslo_config/cfg.py:2609
2025-11-06 00:33:54.423 39943 DEBUG oslo_service.service [-] clients_octavia.ca_file = None log_opt_values /usr/lib/python3/dist-packages/oslo_config/cfg.py:2609
2025-11-06 00:33:54.423 39943 DEBUG oslo_service.service [-] clients_octavia.cert_file = None log_opt_values /usr/lib/python3/dist-packages/oslo_config/cfg.py:2609
2025-11-06 00:33:54.423 39943 DEBUG oslo_service.service [-] clients_octavia.endpoint_type = None log_opt_values /usr/lib/python3/dist-packages/oslo_config/cfg.py:2609
2025-11-06 00:33:54.423 39943 DEBUG oslo_service.service [-] clients_octavia.insecure = None log_opt_values /usr/lib/python3/dist-packages/oslo_config/cfg.py:2609
2025-11-06 00:33:54.423 39943 DEBUG oslo_service.service [-] clients_octavia.key_file = None log_opt_values /usr/lib/python3/dist-packages/oslo_config/cfg.py:2609
2025-11-06 00:33:54.423 39943 DEBUG oslo_service.service [-] clients_sahara.ca_file = None log_opt_values /usr/lib/python3/dist-packages/oslo_config/cfg.py:2609
2025-11-06 00:33:54.423 39943 DEBUG oslo_service.service [-] clients_sahara.cert_file = None log_opt_values /usr/lib/python3/dist-packages/oslo_config/cfg.py:2609
2025-11-06 00:33:54.423 39943 DEBUG oslo_service.service [-] clients_sahara.endpoint_type = None log_opt_values /usr/lib/python3/dist-packages/oslo_config/cfg.py:2609
2025-11-06 00:33:54.424 39943 DEBUG oslo_service.service [-] clients_sahara.insecure = None log_opt_values /usr/lib/python3/dist-packages/oslo_config/cfg.py:2609
2025-11-06 00:33:54.428 39943 DEBUG oslo_service.service [-] clients_sahara.key_file = None log_opt_values /usr/lib/python3/dist-packages/oslo_config/cfg.py:2609
2025-11-06 00:33:54.430 39943 DEBUG oslo_service.service [-] clients_senlin.ca_file = None log_opt_values /usr/lib/python3/dist-packages/oslo_config/cfg.py:2609
2025-11-06 00:33:54.430 39943 DEBUG oslo_service.service [-] clients_senlin.cert_file = None log_opt_values /usr/lib/python3/dist-packages/oslo_config/cfg.py:2609
2025-11-06 00:33:54.430 39943 DEBUG oslo_service.service [-] clients_senlin.endpoint_type = None log_opt_values /usr/lib/python3/dist-packages/oslo_config/cfg.py:2609
2025-11-06 00:33:54.430 39943 DEBUG oslo_service.service [-] clients_senlin.insecure = None log_opt_values /usr/lib/python3/dist-packages/oslo_config/cfg.py:2609
2025-11-06 00:33:54.430 39943 DEBUG oslo_service.service [-] clients_senlin.key_file = None log_opt_values /usr/lib/python3/dist-packages/oslo_config/cfg.py:2609
2025-11-06 00:33:54.430 39943 DEBUG oslo_service.service [-] clients_swift.ca_file = None log_opt_values /usr/lib/python3/dist-packages/oslo_config/cfg.py:2609
2025-11-06 00:33:54.431 39943 DEBUG oslo_service.service [-] clients_swift.cert_file = None log_opt_values /usr/lib/python3/dist-packages/oslo_config/cfg.py:2609
2025-11-06 00:33:54.431 39943 DEBUG oslo_service.service [-] clients_swift.endpoint_type = None log_opt_values /usr/lib/python3/dist-packages/oslo_config/cfg.py:2609
2025-11-06 00:33:54.431 39943 DEBUG oslo_service.service [-] clients_swift.insecure = None log_opt_values /usr/lib/python3/dist-packages/oslo_config/cfg.py:2609
2025-11-06 00:33:54.431 39943 DEBUG oslo_service.service [-] clients_swift.key_file = None log_opt_values /usr/lib/python3/dist-packages/oslo_config/cfg.py:2609
2025-11-06 00:33:54.433 39943 DEBUG oslo_service.service [-] clients_trove.ca_file = None log_opt_values /usr/lib/python3/dist-packages/oslo_config/cfg.py:2609
2025-11-06 00:33:54.433 39943 DEBUG oslo_service.service [-] clients_trove.cert_file = None log_opt_values /usr/lib/python3/dist-packages/oslo_config/cfg.py:2609
2025-11-06 00:33:54.433 39943 DEBUG oslo_service.service [-] clients_trove.endpoint_type = None log_opt_values /usr/lib/python3/dist-packages/oslo_config/cfg.py:2609
2025-11-06 00:33:54.433 39943 DEBUG oslo_service.service [-] clients_trove.insecure = None log_opt_values /usr/lib/python3/dist-packages/oslo_config/cfg.py:2609
2025-11-06 00:33:54.434 39943 DEBUG oslo_service.service [-] clients_trove.key_file = None log_opt_values /usr/lib/python3/dist-packages/oslo_config/cfg.py:2609
2025-11-06 00:33:54.434 39943 DEBUG oslo_service.service [-] clients_vitrage.ca_file = None log_opt_values /usr/lib/python3/dist-packages/oslo_config/cfg.py:2609
2025-11-06 00:33:54.434 39943 DEBUG oslo_service.service [-] clients_vitrage.cert_file = None log_opt_values /usr/lib/python3/dist-packages/oslo_config/cfg.py:2609
2025-11-06 00:33:54.434 39943 DEBUG oslo_service.service [-] clients_vitrage.endpoint_type = None log_opt_values /usr/lib/python3/dist-packages/oslo_config/cfg.py:2609
2025-11-06 00:33:54.434 39943 DEBUG oslo_service.service [-] clients_vitrage.insecure = None log_opt_values /usr/lib/python3/dist-packages/oslo_config/cfg.py:2609
2025-11-06 00:33:54.434 39943 DEBUG oslo_service.service [-] clients_vitrage.key_file = None log_opt_values /usr/lib/python3/dist-packages/oslo_config/cfg.py:2609
2025-11-06 00:33:54.434 39943 DEBUG oslo_service.service [-] clients_zaqar.ca_file = None log_opt_values /usr/lib/python3/dist-packages/oslo_config/cfg.py:2609
2025-11-06 00:33:54.434 39943 DEBUG oslo_service.service [-] clients_zaqar.cert_file = None log_opt_values /usr/lib/python3/dist-packages/oslo_config/cfg.py:2609
2025-11-06 00:33:54.434 39943 DEBUG oslo_service.service [-] clients_zaqar.endpoint_type = None log_opt_values /usr/lib/python3/dist-packages/oslo_config/cfg.py:2609
2025-11-06 00:33:54.435 39943 DEBUG oslo_service.service [-] clients_zaqar.insecure = None log_opt_values /usr/lib/python3/dist-packages/oslo_config/cfg.py:2609
2025-11-06 00:33:54.435 39943 DEBUG oslo_service.service [-] clients_zaqar.key_file = None log_opt_values /usr/lib/python3/dist-packages/oslo_config/cfg.py:2609
2025-11-06 00:33:54.435 39943 DEBUG oslo_service.service [-] database.backend = sqlalchemy log_opt_values /usr/lib/python3/dist-packages/oslo_config/cfg.py:2609
2025-11-06 00:33:54.435 39943 DEBUG oslo_service.service [-] database.connection = **** log_opt_values /usr/lib/python3/dist-packages/oslo_config/cfg.py:2609
2025-11-06 00:33:54.435 39943 DEBUG oslo_service.service [-] database.connection_debug = 0 log_opt_values /usr/lib/python3/dist-packages/oslo_config/cfg.py:2609
2025-11-06 00:33:54.435 39943 DEBUG oslo_service.service [-] database.connection_parameters = log_opt_values /usr/lib/python3/dist-packages/oslo_config/cfg.py:2609
2025-11-06 00:33:54.435 39943 DEBUG oslo_service.service [-] database.connection_recycle_time = 3600 log_opt_values /usr/lib/python3/dist-packages/oslo_config/cfg.py:2609
2025-11-06 00:33:54.435 39943 DEBUG oslo_service.service [-] database.connection_trace = False log_opt_values /usr/lib/python3/dist-packages/oslo_config/cfg.py:2609
2025-11-06 00:33:54.436 39943 DEBUG oslo_service.service [-] database.db_inc_retry_interval = True log_opt_values /usr/lib/python3/dist-packages/oslo_config/cfg.py:2609
2025-11-06 00:33:54.436 39943 DEBUG oslo_service.service [-] database.db_max_retries = 20 log_opt_values /usr/lib/python3/dist-packages/oslo_config/cfg.py:2609
2025-11-06 00:33:54.436 39943 DEBUG oslo_service.service [-] database.db_max_retry_interval = 10 log_opt_values /usr/lib/python3/dist-packages/oslo_config/cfg.py:2609
2025-11-06 00:33:54.436 39943 DEBUG oslo_service.service [-] database.db_retry_interval = 1 log_opt_values /usr/lib/python3/dist-packages/oslo_config/cfg.py:2609
2025-11-06 00:33:54.436 39943 DEBUG oslo_service.service [-] database.max_overflow = 50 log_opt_values /usr/lib/python3/dist-packages/oslo_config/cfg.py:2609
2025-11-06 00:33:54.436 39943 DEBUG oslo_service.service [-] database.max_pool_size = 5 log_opt_values /usr/lib/python3/dist-packages/oslo_config/cfg.py:2609
2025-11-06 00:33:54.436 39943 DEBUG oslo_service.service [-] database.max_retries = 10 log_opt_values /usr/lib/python3/dist-packages/oslo_config/cfg.py:2609
2025-11-06 00:33:54.436 39943 DEBUG oslo_service.service [-] database.mysql_enable_ndb = False log_opt_values /usr/lib/python3/dist-packages/oslo_config/cfg.py:2609
2025-11-06 00:33:54.436 39943 DEBUG oslo_service.service [-] database.mysql_sql_mode = TRADITIONAL log_opt_values /usr/lib/python3/dist-packages/oslo_config/cfg.py:2609
2025-11-06 00:33:54.437 39943 DEBUG oslo_service.service [-] database.pool_timeout = None log_opt_values /usr/lib/python3/dist-packages/oslo_config/cfg.py:2609
2025-11-06 00:33:54.437 39943 DEBUG oslo_service.service [-] database.retry_interval = 10 log_opt_values /usr/lib/python3/dist-packages/oslo_config/cfg.py:2609
2025-11-06 00:33:54.439 39943 DEBUG oslo_service.service [-] database.slave_connection = **** log_opt_values /usr/lib/python3/dist-packages/oslo_config/cfg.py:2609
2025-11-06 00:33:54.439 39943 DEBUG oslo_service.service [-] database.sqlite_synchronous = True log_opt_values /usr/lib/python3/dist-packages/oslo_config/cfg.py:2609
2025-11-06 00:33:54.439 39943 DEBUG oslo_service.service [-] database.use_db_reconnect = False log_opt_values /usr/lib/python3/dist-packages/oslo_config/cfg.py:2609
2025-11-06 00:33:54.439 39943 DEBUG oslo_service.service [-] oslo_messaging_metrics.metrics_buffer_size = 1000 log_opt_values /usr/lib/python3/dist-packages/oslo_config/cfg.py:2609
2025-11-06 00:33:54.439 39943 DEBUG oslo_service.service [-] oslo_messaging_metrics.metrics_enabled = False log_opt_values /usr/lib/python3/dist-packages/oslo_config/cfg.py:2609
2025-11-06 00:33:54.439 39943 DEBUG oslo_service.service [-] oslo_messaging_metrics.metrics_process_name = log_opt_values /usr/lib/python3/dist-packages/oslo_config/cfg.py:2609
2025-11-06 00:33:54.440 39943 DEBUG oslo_service.service [-] oslo_messaging_metrics.metrics_socket_file = /var/tmp/metrics_collector.sock log_opt_values /usr/lib/python3/dist-packages/oslo_config/cfg.py:2609
2025-11-06 00:33:54.440 39943 DEBUG oslo_service.service [-] oslo_messaging_metrics.metrics_thread_stop_timeout = 10 log_opt_values /usr/lib/python3/dist-packages/oslo_config/cfg.py:2609
2025-11-06 00:33:54.440 39943 DEBUG oslo_service.service [-] oslo_policy.enforce_new_defaults = False log_opt_values /usr/lib/python3/dist-packages/oslo_config/cfg.py:2609
2025-11-06 00:33:54.440 39943 DEBUG oslo_service.service [-] oslo_policy.enforce_scope = False log_opt_values /usr/lib/python3/dist-packages/oslo_config/cfg.py:2609
2025-11-06 00:33:54.440 39943 DEBUG oslo_service.service [-] oslo_policy.policy_default_rule = default log_opt_values /usr/lib/python3/dist-packages/oslo_config/cfg.py:2609
2025-11-06 00:33:54.440 39943 DEBUG oslo_service.service [-] oslo_policy.policy_dirs = ['policy.d'] log_opt_values /usr/lib/python3/dist-packages/oslo_config/cfg.py:2609
2025-11-06 00:33:54.440 39943 DEBUG oslo_service.service [-] oslo_policy.policy_file = policy.yaml log_opt_values /usr/lib/python3/dist-packages/oslo_config/cfg.py:2609
2025-11-06 00:33:54.440 39943 DEBUG oslo_service.service [-] oslo_policy.remote_content_type = application/x-www-form-urlencoded log_opt_values /usr/lib/python3/dist-packages/oslo_config/cfg.py:2609
2025-11-06 00:33:54.441 39943 DEBUG oslo_service.service [-] oslo_policy.remote_ssl_ca_crt_file = None log_opt_values /usr/lib/python3/dist-packages/oslo_config/cfg.py:2609
2025-11-06 00:33:54.441 39943 DEBUG oslo_service.service [-] oslo_policy.remote_ssl_client_crt_file = None log_opt_values /usr/lib/python3/dist-packages/oslo_config/cfg.py:2609
2025-11-06 00:33:54.441 39943 DEBUG oslo_service.service [-] oslo_policy.remote_ssl_client_key_file = None log_opt_values /usr/lib/python3/dist-packages/oslo_config/cfg.py:2609
2025-11-06 00:33:54.441 39943 DEBUG oslo_service.service [-] oslo_policy.remote_ssl_verify_server_crt = False log_opt_values /usr/lib/python3/dist-packages/oslo_config/cfg.py:2609
2025-11-06 00:33:54.441 39943 DEBUG oslo_service.service [-] trustee.auth_section = None log_opt_values /usr/lib/python3/dist-packages/oslo_config/cfg.py:2609
2025-11-06 00:33:54.441 39943 WARNING oslo_config.cfg [-] Deprecated: Option "auth_plugin" from group "trustee" is deprecated. Use option "auth_type" from group "trustee".
2025-11-06 00:33:54.441 39943 DEBUG oslo_service.service [-] trustee.auth_type = password log_opt_values /usr/lib/python3/dist-packages/oslo_config/cfg.py:2609
2025-11-06 00:33:54.442 39943 DEBUG oslo_service.service [-] oslo_versionedobjects.fatal_exception_format_errors = False log_opt_values /usr/lib/python3/dist-packages/oslo_config/cfg.py:2609
2025-11-06 00:33:54.442 39943 DEBUG oslo_service.service [-] oslo_messaging_rabbit.amqp_auto_delete = False log_opt_values /usr/lib/python3/dist-packages/oslo_config/cfg.py:2609
2025-11-06 00:33:54.442 39943 DEBUG oslo_service.service [-] oslo_messaging_rabbit.amqp_durable_queues = False log_opt_values /usr/lib/python3/dist-packages/oslo_config/cfg.py:2609
2025-11-06 00:33:54.442 39943 DEBUG oslo_service.service [-] oslo_messaging_rabbit.conn_pool_min_size = 2 log_opt_values /usr/lib/python3/dist-packages/oslo_config/cfg.py:2609
2025-11-06 00:33:54.442 39943 DEBUG oslo_service.service [-] oslo_messaging_rabbit.conn_pool_ttl = 1200 log_opt_values /usr/lib/python3/dist-packages/oslo_config/cfg.py:2609
2025-11-06 00:33:54.442 39943 DEBUG oslo_service.service [-] oslo_messaging_rabbit.direct_mandatory_flag = True log_opt_values /usr/lib/python3/dist-packages/oslo_config/cfg.py:2609
2025-11-06 00:33:54.442 39943 DEBUG oslo_service.service [-] oslo_messaging_rabbit.enable_cancel_on_failover = False log_opt_values /usr/lib/python3/dist-packages/oslo_config/cfg.py:2609
2025-11-06 00:33:54.442 39943 DEBUG oslo_service.service [-] oslo_messaging_rabbit.heartbeat_in_pthread = False log_opt_values /usr/lib/python3/dist-packages/oslo_config/cfg.py:2609
2025-11-06 00:33:54.445 39943 DEBUG oslo_service.service [-] oslo_messaging_rabbit.heartbeat_rate = 2 log_opt_values /usr/lib/python3/dist-packages/oslo_config/cfg.py:2609
2025-11-06 00:33:54.445 39943 DEBUG oslo_service.service [-] oslo_messaging_rabbit.heartbeat_timeout_threshold = 60 log_opt_values /usr/lib/python3/dist-packages/oslo_config/cfg.py:2609
2025-11-06 00:33:54.445 39943 DEBUG oslo_service.service [-] oslo_messaging_rabbit.kombu_compression = None log_opt_values /usr/lib/python3/dist-packages/oslo_config/cfg.py:2609
2025-11-06 00:33:54.445 39943 DEBUG oslo_service.service [-] oslo_messaging_rabbit.kombu_failover_strategy = round-robin log_opt_values /usr/lib/python3/dist-packages/oslo_config/cfg.py:2609
2025-11-06 00:33:54.445 39943 DEBUG oslo_service.service [-] oslo_messaging_rabbit.kombu_missing_consumer_retry_timeout = 60 log_opt_values /usr/lib/python3/dist-packages/oslo_config/cfg.py:2609
2025-11-06 00:33:54.445 39943 DEBUG oslo_service.service [-] oslo_messaging_rabbit.kombu_reconnect_delay = 1.0 log_opt_values /usr/lib/python3/dist-packages/oslo_config/cfg.py:2609
2025-11-06 00:33:54.445 39943 DEBUG oslo_service.service [-] oslo_messaging_rabbit.rabbit_ha_queues = False log_opt_values /usr/lib/python3/dist-packages/oslo_config/cfg.py:2609
2025-11-06 00:33:54.446 39943 DEBUG oslo_service.service [-] oslo_messaging_rabbit.rabbit_interval_max = 30 log_opt_values /usr/lib/python3/dist-packages/oslo_config/cfg.py:2609
2025-11-06 00:33:54.446 39943 DEBUG oslo_service.service [-] oslo_messaging_rabbit.rabbit_login_method = AMQPLAIN log_opt_values /usr/lib/python3/dist-packages/oslo_config/cfg.py:2609
2025-11-06 00:33:54.446 39943 DEBUG oslo_service.service [-] oslo_messaging_rabbit.rabbit_qos_prefetch_count = 0 log_opt_values /usr/lib/python3/dist-packages/oslo_config/cfg.py:2609
2025-11-06 00:33:54.446 39943 DEBUG oslo_service.service [-] oslo_messaging_rabbit.rabbit_quorum_queue = False log_opt_values /usr/lib/python3/dist-packages/oslo_config/cfg.py:2609
2025-11-06 00:33:54.446 39943 DEBUG oslo_service.service [-] oslo_messaging_rabbit.rabbit_retry_backoff = 2 log_opt_values /usr/lib/python3/dist-packages/oslo_config/cfg.py:2609
2025-11-06 00:33:54.446 39943 DEBUG oslo_service.service [-] oslo_messaging_rabbit.rabbit_retry_interval = 1 log_opt_values /usr/lib/python3/dist-packages/oslo_config/cfg.py:2609
2025-11-06 00:33:54.446 39943 DEBUG oslo_service.service [-] oslo_messaging_rabbit.rabbit_transient_queues_ttl = 1800 log_opt_values /usr/lib/python3/dist-packages/oslo_config/cfg.py:2609
2025-11-06 00:33:54.446 39943 DEBUG oslo_service.service [-] oslo_messaging_rabbit.rpc_conn_pool_size = 30 log_opt_values /usr/lib/python3/dist-packages/oslo_config/cfg.py:2609
2025-11-06 00:33:54.446 39943 DEBUG oslo_service.service [-] oslo_messaging_rabbit.ssl = False log_opt_values /usr/lib/python3/dist-packages/oslo_config/cfg.py:2609
2025-11-06 00:33:54.447 39943 DEBUG oslo_service.service [-] oslo_messaging_rabbit.ssl_ca_file = log_opt_values /usr/lib/python3/dist-packages/oslo_config/cfg.py:2609
2025-11-06 00:33:54.447 39943 DEBUG oslo_service.service [-] oslo_messaging_rabbit.ssl_cert_file = log_opt_values /usr/lib/python3/dist-packages/oslo_config/cfg.py:2609
2025-11-06 00:33:54.447 39943 DEBUG oslo_service.service [-] oslo_messaging_rabbit.ssl_key_file = log_opt_values /usr/lib/python3/dist-packages/oslo_config/cfg.py:2609
2025-11-06 00:33:54.447 39943 DEBUG oslo_service.service [-] oslo_messaging_rabbit.ssl_version = log_opt_values /usr/lib/python3/dist-packages/oslo_config/cfg.py:2609
2025-11-06 00:33:54.447 39943 DEBUG oslo_service.service [-] oslo_messaging_notifications.driver = [] log_opt_values /usr/lib/python3/dist-packages/oslo_config/cfg.py:2609
2025-11-06 00:33:54.447 39943 DEBUG oslo_service.service [-] oslo_messaging_notifications.retry = -1 log_opt_values /usr/lib/python3/dist-packages/oslo_config/cfg.py:2609
2025-11-06 00:33:54.447 39943 DEBUG oslo_service.service [-] oslo_messaging_notifications.topics = ['notifications'] log_opt_values /usr/lib/python3/dist-packages/oslo_config/cfg.py:2609
2025-11-06 00:33:54.447 39943 DEBUG oslo_service.service [-] oslo_messaging_notifications.transport_url = **** log_opt_values /usr/lib/python3/dist-packages/oslo_config/cfg.py:2609
2025-11-06 00:33:54.448 39943 DEBUG oslo_service.service [-] cache.backend = dogpile.cache.null log_opt_values /usr/lib/python3/dist-packages/oslo_config/cfg.py:2609
2025-11-06 00:33:54.448 39943 DEBUG oslo_service.service [-] cache.backend_argument = **** log_opt_values /usr/lib/python3/dist-packages/oslo_config/cfg.py:2609
2025-11-06 00:33:54.448 39943 DEBUG oslo_service.service [-] cache.config_prefix = cache.oslo log_opt_values /usr/lib/python3/dist-packages/oslo_config/cfg.py:2609
2025-11-06 00:33:54.453 39943 DEBUG oslo_service.service [-] cache.debug_cache_backend = False log_opt_values /usr/lib/python3/dist-packages/oslo_config/cfg.py:2609
2025-11-06 00:33:54.454 39943 DEBUG oslo_service.service [-] cache.enabled = False log_opt_values /usr/lib/python3/dist-packages/oslo_config/cfg.py:2609
2025-11-06 00:33:54.454 39943 DEBUG oslo_service.service [-] cache.expiration_time = 600 log_opt_values /usr/lib/python3/dist-packages/oslo_config/cfg.py:2609
2025-11-06 00:33:54.454 39943 DEBUG oslo_service.service [-] cache.memcache_dead_retry = 300 log_opt_values /usr/lib/python3/dist-packages/oslo_config/cfg.py:2609
2025-11-06 00:33:54.455 39943 DEBUG oslo_service.service [-] cache.memcache_pool_connection_get_timeout = 10 log_opt_values /usr/lib/python3/dist-packages/oslo_config/cfg.py:2609
2025-11-06 00:33:54.455 39943 DEBUG oslo_service.service [-] cache.memcache_pool_flush_on_reconnect = False log_opt_values /usr/lib/python3/dist-packages/oslo_config/cfg.py:2609
2025-11-06 00:33:54.455 39943 DEBUG oslo_service.service [-] cache.memcache_pool_maxsize = 10 log_opt_values /usr/lib/python3/dist-packages/oslo_config/cfg.py:2609
2025-11-06 00:33:54.456 39943 DEBUG oslo_service.service [-] cache.memcache_pool_unused_timeout = 60 log_opt_values /usr/lib/python3/dist-packages/oslo_config/cfg.py:2609
2025-11-06 00:33:54.456 39943 DEBUG oslo_service.service [-] cache.memcache_servers = ['localhost:11211'] log_opt_values /usr/lib/python3/dist-packages/oslo_config/cfg.py:2609
2025-11-06 00:33:54.456 39943 DEBUG oslo_service.service [-] cache.memcache_socket_timeout = 1.0 log_opt_values /usr/lib/python3/dist-packages/oslo_config/cfg.py:2609
2025-11-06 00:33:54.456 39943 DEBUG oslo_service.service [-] cache.proxies = [] log_opt_values /usr/lib/python3/dist-packages/oslo_config/cfg.py:2609
2025-11-06 00:33:54.456 39943 DEBUG oslo_service.service [-] cache.tls_allowed_ciphers = None log_opt_values /usr/lib/python3/dist-packages/oslo_config/cfg.py:2609
2025-11-06 00:33:54.456 39943 DEBUG oslo_service.service [-] cache.tls_cafile = None log_opt_values /usr/lib/python3/dist-packages/oslo_config/cfg.py:2609
2025-11-06 00:33:54.456 39943 DEBUG oslo_service.service [-] cache.tls_certfile = None log_opt_values /usr/lib/python3/dist-packages/oslo_config/cfg.py:2609
2025-11-06 00:33:54.456 39943 DEBUG oslo_service.service [-] cache.tls_enabled = False log_opt_values /usr/lib/python3/dist-packages/oslo_config/cfg.py:2609
2025-11-06 00:33:54.456 39943 DEBUG oslo_service.service [-] cache.tls_keyfile = None log_opt_values /usr/lib/python3/dist-packages/oslo_config/cfg.py:2609
2025-11-06 00:33:54.457 39943 DEBUG oslo_service.service [-] constraint_validation_cache.caching = True log_opt_values /usr/lib/python3/dist-packages/oslo_config/cfg.py:2609
2025-11-06 00:33:54.457 39943 DEBUG oslo_service.service [-] constraint_validation_cache.expiration_time = 60 log_opt_values /usr/lib/python3/dist-packages/oslo_config/cfg.py:2609
2025-11-06 00:33:54.457 39943 DEBUG oslo_service.service [-] service_extension_cache.caching = True log_opt_values /usr/lib/python3/dist-packages/oslo_config/cfg.py:2609
2025-11-06 00:33:54.457 39943 DEBUG oslo_service.service [-] service_extension_cache.expiration_time = 3600 log_opt_values /usr/lib/python3/dist-packages/oslo_config/cfg.py:2609
2025-11-06 00:33:54.457 39943 DEBUG oslo_service.service [-] resource_finder_cache.caching = True log_opt_values /usr/lib/python3/dist-packages/oslo_config/cfg.py:2609
2025-11-06 00:33:54.457 39943 DEBUG oslo_service.service [-] resource_finder_cache.expiration_time = 3600 log_opt_values /usr/lib/python3/dist-packages/oslo_config/cfg.py:2609
2025-11-06 00:33:54.457 39943 DEBUG oslo_service.service [-] yaql.limit_iterators = 200 log_opt_values /usr/lib/python3/dist-packages/oslo_config/cfg.py:2609
2025-11-06 00:33:54.457 39943 DEBUG oslo_service.service [-] yaql.memory_quota = 10000 log_opt_values /usr/lib/python3/dist-packages/oslo_config/cfg.py:2609
2025-11-06 00:33:54.459 39943 DEBUG oslo_service.service [-] ******************************************************************************** log_opt_values /usr/lib/python3/dist-packages/oslo_config/cfg.py:2613
2025-11-06 00:33:54.471 40162 DEBUG oslo_db.sqlalchemy.engines [req-3cb49e52-56b1-4af4-8a7a-0a695654d524 - - - - -] MySQL server mode set to STRICT_TRANS_TABLES,STRICT_ALL_TABLES,NO_ZERO_IN_DATE,NO_ZERO_DATE,ERROR_FOR_DIVISION_BY_ZERO,TRADITIONAL,NO_ENGINE_SUBSTITUTION _check_effective_sql_mode /usr/lib/python3/dist-packages/oslo_db/sqlalchemy/engines.py:314
2025-11-06 00:33:54.485 40165 DEBUG oslo_db.sqlalchemy.engines [req-b14cd768-e442-46bf-a72f-e10d3555ed8f - - - - -] MySQL server mode set to STRICT_TRANS_TABLES,STRICT_ALL_TABLES,NO_ZERO_IN_DATE,NO_ZERO_DATE,ERROR_FOR_DIVISION_BY_ZERO,TRADITIONAL,NO_ENGINE_SUBSTITUTION _check_effective_sql_mode /usr/lib/python3/dist-packages/oslo_db/sqlalchemy/engines.py:314
2025-11-06 00:33:54.495 40164 DEBUG oslo_db.sqlalchemy.engines [req-96f9eeda-460d-47b6-96f8-e140fb688606 - - - - -] MySQL server mode set to STRICT_TRANS_TABLES,STRICT_ALL_TABLES,NO_ZERO_IN_DATE,NO_ZERO_DATE,ERROR_FOR_DIVISION_BY_ZERO,TRADITIONAL,NO_ENGINE_SUBSTITUTION _check_effective_sql_mode /usr/lib/python3/dist-packages/oslo_db/sqlalchemy/engines.py:314
2025-11-06 00:33:54.506 40163 DEBUG oslo_db.sqlalchemy.engines [req-0cf18865-1261-46a1-90b1-a6fb6868c90e - - - - -] MySQL server mode set to STRICT_TRANS_TABLES,STRICT_ALL_TABLES,NO_ZERO_IN_DATE,NO_ZERO_DATE,ERROR_FOR_DIVISION_BY_ZERO,TRADITIONAL,NO_ENGINE_SUBSTITUTION _check_effective_sql_mode /usr/lib/python3/dist-packages/oslo_db/sqlalchemy/engines.py:314
2025-11-06 00:33:54.567 40162 DEBUG heat.engine.service [req-38f2b621-207c-4197-8576-469a916f2d87 - - - - -] Service bc2dc701-f526-43f9-8629-04e4c3b1bc35 is started service_manage_report /usr/lib/python3/dist-packages/heat/engine/service.py:2363
2025-11-06 00:33:54.624 40165 DEBUG heat.engine.service [req-cf2beb8d-8416-48fa-8f1b-bae0cc1ed157 - - - - -] Service e266266b-8fce-4316-8b38-0f36544073d2 is started service_manage_report /usr/lib/python3/dist-packages/heat/engine/service.py:2363
2025-11-06 00:33:54.639 40162 DEBUG heat.engine.service [req-38f2b621-207c-4197-8576-469a916f2d87 - - - - -] Service bc2dc701-f526-43f9-8629-04e4c3b1bc35 is updated service_manage_report /usr/lib/python3/dist-packages/heat/engine/service.py:2370
2025-11-06 00:33:54.669 40165 DEBUG heat.engine.service [req-cf2beb8d-8416-48fa-8f1b-bae0cc1ed157 - - - - -] Service e266266b-8fce-4316-8b38-0f36544073d2 is updated service_manage_report /usr/lib/python3/dist-packages/heat/engine/service.py:2370
2025-11-06 00:33:54.693 40163 DEBUG heat.engine.service [req-7bf59c13-d4bf-49c0-9a49-061fbcc9b0d5 - - - - -] Service f5153885-5596-4c4c-8c7f-6c12c5932d9e is started service_manage_report /usr/lib/python3/dist-packages/heat/engine/service.py:2363
2025-11-06 00:33:54.718 40163 DEBUG heat.engine.service [req-7bf59c13-d4bf-49c0-9a49-061fbcc9b0d5 - - - - -] Service f5153885-5596-4c4c-8c7f-6c12c5932d9e is updated service_manage_report /usr/lib/python3/dist-packages/heat/engine/service.py:2370
2025-11-06 00:33:54.720 40164 DEBUG heat.engine.service [req-5976f234-2d8a-4414-a8dd-7a49708ef5c8 - - - - -] Service 63a71be1-bea0-49fa-890a-a26fa259e85b is started service_manage_report /usr/lib/python3/dist-packages/heat/engine/service.py:2363
2025-11-06 00:33:54.740 40164 DEBUG heat.engine.service [req-5976f234-2d8a-4414-a8dd-7a49708ef5c8 - - - - -] Service 63a71be1-bea0-49fa-890a-a26fa259e85b is updated service_manage_report /usr/lib/python3/dist-packages/heat/engine/service.py:2370
2025-11-06 00:34:54.907 40162 DEBUG heat.engine.service [req-bf88b227-e2c0-4918-8d17-c0f2a29c1a7f - - - - -] Service bc2dc701-f526-43f9-8629-04e4c3b1bc35 is updated service_manage_report /usr/lib/python3/dist-packages/heat/engine/service.py:2370
2025-11-06 00:34:54.915 40163 DEBUG heat.engine.service [req-2c9b6397-2165-40da-b666-48d479d79194 - - - - -] Service f5153885-5596-4c4c-8c7f-6c12c5932d9e is updated service_manage_report /usr/lib/python3/dist-packages/heat/engine/service.py:2370
2025-11-06 00:34:54.916 40164 DEBUG heat.engine.service [req-4657a62b-f42c-4d02-96d3-3aaced3a57f7 - - - - -] Service 63a71be1-bea0-49fa-890a-a26fa259e85b is updated service_manage_report /usr/lib/python3/dist-packages/heat/engine/service.py:2370
2025-11-06 00:34:54.917 40165 DEBUG heat.engine.service [req-59bf4ce0-d1fd-4dd3-9bcd-eeb37588d5d5 - - - - -] Service e266266b-8fce-4316-8b38-0f36544073d2 is updated service_manage_report /usr/lib/python3/dist-packages/heat/engine/service.py:2370
2025-11-06 00:35:54.551 40162 DEBUG heat.engine.service [req-88dca82c-2ab8-43cc-a234-5985f9e30aa5 - - - - -] Service bc2dc701-f526-43f9-8629-04e4c3b1bc35 is updated service_manage_report /usr/lib/python3/dist-packages/heat/engine/service.py:2370
2025-11-06 00:35:54.603 40165 DEBUG heat.engine.service [req-463187d2-e5f7-4a4c-b113-7a374af2ef07 - - - - -] Service e266266b-8fce-4316-8b38-0f36544073d2 is updated service_manage_report /usr/lib/python3/dist-packages/heat/engine/service.py:2370
2025-11-06 00:35:54.681 40163 DEBUG heat.engine.service [req-0a82d84c-1c63-4de4-b09f-400d120308ed - - - - -] Service f5153885-5596-4c4c-8c7f-6c12c5932d9e is updated service_manage_report /usr/lib/python3/dist-packages/heat/engine/service.py:2370
2025-11-06 00:35:54.690 40164 DEBUG heat.engine.service [req-cc87bbe1-4742-4ad4-8a8c-10e8ff487289 - - - - -] Service 63a71be1-bea0-49fa-890a-a26fa259e85b is updated service_manage_report /usr/lib/python3/dist-packages/heat/engine/service.py:2370
2025-11-06 00:36:54.556 40162 DEBUG heat.engine.service [req-2316d0e1-09e4-42d9-b72c-793c2f480683 - - - - -] Service bc2dc701-f526-43f9-8629-04e4c3b1bc35 is updated service_manage_report /usr/lib/python3/dist-packages/heat/engine/service.py:2370
2025-11-06 00:36:54.608 40165 DEBUG heat.engine.service [req-a55f7974-238c-4259-87a0-01c96bfbd60a - - - - -] Service e266266b-8fce-4316-8b38-0f36544073d2 is updated service_manage_report /usr/lib/python3/dist-packages/heat/engine/service.py:2370
2025-11-06 00:36:54.685 40163 DEBUG heat.engine.service [req-39f0143a-0733-4ff4-a9bf-b100401bd4a6 - - - - -] Service f5153885-5596-4c4c-8c7f-6c12c5932d9e is updated service_manage_report /usr/lib/python3/dist-packages/heat/engine/service.py:2370
2025-11-06 00:36:54.693 40164 DEBUG heat.engine.service [req-5a9fc0d7-b498-4caa-8755-e0a64e7bdce0 - - - - -] Service 63a71be1-bea0-49fa-890a-a26fa259e85b is updated service_manage_report /usr/lib/python3/dist-packages/heat/engine/service.py:2370
2025-11-06 00:37:54.569 40162 DEBUG heat.engine.service [req-e47b77b4-1cea-4958-9375-087141cd1d86 - - - - -] Service bc2dc701-f526-43f9-8629-04e4c3b1bc35 is updated service_manage_report /usr/lib/python3/dist-packages/heat/engine/service.py:2370
2025-11-06 00:37:54.632 40165 DEBUG heat.engine.service [req-0a931b50-5c79-4f9a-a2fc-0cd356e80b79 - - - - -] Service e266266b-8fce-4316-8b38-0f36544073d2 is updated service_manage_report /usr/lib/python3/dist-packages/heat/engine/service.py:2370
2025-11-06 00:37:54.741 40163 DEBUG heat.engine.service [req-563b8400-bb7d-4cdf-b5a0-9512459df64f - - - - -] Service f5153885-5596-4c4c-8c7f-6c12c5932d9e is updated service_manage_report /usr/lib/python3/dist-packages/heat/engine/service.py:2370
2025-11-06 00:37:54.755 40164 DEBUG heat.engine.service [req-81784b9e-169d-48db-a5cf-1968dc7dd379 - - - - -] Service 63a71be1-bea0-49fa-890a-a26fa259e85b is updated service_manage_report /usr/lib/python3/dist-packages/heat/engine/service.py:2370
2025-11-06 00:38:54.567 40162 DEBUG heat.engine.service [req-10fb6080-bedb-4df3-9135-2dffef8690d9 - - - - -] Service bc2dc701-f526-43f9-8629-04e4c3b1bc35 is updated service_manage_report /usr/lib/python3/dist-packages/heat/engine/service.py:2370
2025-11-06 00:38:54.616 40165 DEBUG heat.engine.service [req-d2e26369-ec18-4b4c-9322-eca5f8c8d0dc - - - - -] Service e266266b-8fce-4316-8b38-0f36544073d2 is updated service_manage_report /usr/lib/python3/dist-packages/heat/engine/service.py:2370
2025-11-06 00:38:54.690 40163 DEBUG heat.engine.service [req-a1e8486a-155d-4d72-a3c6-e6aeb56eb2db - - - - -] Service f5153885-5596-4c4c-8c7f-6c12c5932d9e is updated service_manage_report /usr/lib/python3/dist-packages/heat/engine/service.py:2370
2025-11-06 00:38:54.700 40164 DEBUG heat.engine.service [req-c6b5adbe-1932-4b47-b150-fff0591187bb - - - - -] Service 63a71be1-bea0-49fa-890a-a26fa259e85b is updated service_manage_report /usr/lib/python3/dist-packages/heat/engine/service.py:2370
2025-11-06 00:39:54.561 40162 DEBUG heat.engine.service [req-567986aa-8194-4518-95a0-2eb7cca2f521 - - - - -] Service bc2dc701-f526-43f9-8629-04e4c3b1bc35 is updated service_manage_report /usr/lib/python3/dist-packages/heat/engine/service.py:2370
2025-11-06 00:39:54.620 40165 DEBUG heat.engine.service [req-7cd60c7f-88ef-4c43-8bf8-d498f75288d0 - - - - -] Service e266266b-8fce-4316-8b38-0f36544073d2 is updated service_manage_report /usr/lib/python3/dist-packages/heat/engine/service.py:2370
2025-11-06 00:39:54.684 40163 DEBUG heat.engine.service [req-defc5112-8a4f-4f12-8f3f-2b28d5ab6cd9 - - - - -] Service f5153885-5596-4c4c-8c7f-6c12c5932d9e is updated service_manage_report /usr/lib/python3/dist-packages/heat/engine/service.py:2370
2025-11-06 00:39:54.706 40164 DEBUG heat.engine.service [req-1bf2c74d-ab89-4648-bf1e-461395d37bb8 - - - - -] Service 63a71be1-bea0-49fa-890a-a26fa259e85b is updated service_manage_report /usr/lib/python3/dist-packages/heat/engine/service.py:2370
2025-11-06 00:40:54.566 40162 DEBUG heat.engine.service [req-8605f9c4-65f7-4388-9ad0-bbeb4986df19 - - - - -] Service bc2dc701-f526-43f9-8629-04e4c3b1bc35 is updated service_manage_report /usr/lib/python3/dist-packages/heat/engine/service.py:2370
2025-11-06 00:40:54.625 40165 DEBUG heat.engine.service [req-e1857c8f-b0ef-4d58-a420-7603b047411c - - - - -] Service e266266b-8fce-4316-8b38-0f36544073d2 is updated service_manage_report /usr/lib/python3/dist-packages/heat/engine/service.py:2370
2025-11-06 00:40:54.689 40163 DEBUG heat.engine.service [req-407e241c-edad-42ef-b8f4-c5a7b2c290a3 - - - - -] Service f5153885-5596-4c4c-8c7f-6c12c5932d9e is updated service_manage_report /usr/lib/python3/dist-packages/heat/engine/service.py:2370
2025-11-06 00:40:54.710 40164 DEBUG heat.engine.service [req-50025d1f-961b-403b-baec-ceda46ebfd0b - - - - -] Service 63a71be1-bea0-49fa-890a-a26fa259e85b is updated service_manage_report /usr/lib/python3/dist-packages/heat/engine/service.py:2370
2025-11-06 00:41:54.574 40162 DEBUG heat.engine.service [req-8274ecfa-d00e-4ee3-8334-b8d809fc9c87 - - - - -] Service bc2dc701-f526-43f9-8629-04e4c3b1bc35 is updated service_manage_report /usr/lib/python3/dist-packages/heat/engine/service.py:2370
2025-11-06 00:41:54.629 40165 DEBUG heat.engine.service [req-7022cc67-7b63-4b48-9067-a1c7dfcca571 - - - - -] Service e266266b-8fce-4316-8b38-0f36544073d2 is updated service_manage_report /usr/lib/python3/dist-packages/heat/engine/service.py:2370
2025-11-06 00:41:54.756 40163 DEBUG heat.engine.service [req-7571cf33-f092-4d7c-9b33-b52e20004909 - - - - -] Service f5153885-5596-4c4c-8c7f-6c12c5932d9e is updated service_manage_report /usr/lib/python3/dist-packages/heat/engine/service.py:2370
2025-11-06 00:41:54.770 40164 DEBUG heat.engine.service [req-76bf3b1c-50d4-4b20-a599-8ace96daf9ff - - - - -] Service 63a71be1-bea0-49fa-890a-a26fa259e85b is updated service_manage_report /usr/lib/python3/dist-packages/heat/engine/service.py:2370
2025-11-06 00:42:54.570 40162 DEBUG heat.engine.service [req-8443b521-7279-4e95-8671-58c39b991d24 - - - - -] Service bc2dc701-f526-43f9-8629-04e4c3b1bc35 is updated service_manage_report /usr/lib/python3/dist-packages/heat/engine/service.py:2370
2025-11-06 00:42:54.636 40165 DEBUG heat.engine.service [req-dd363985-a49c-4b59-95b0-caff1b145dcd - - - - -] Service e266266b-8fce-4316-8b38-0f36544073d2 is updated service_manage_report /usr/lib/python3/dist-packages/heat/engine/service.py:2370
2025-11-06 00:42:54.693 40163 DEBUG heat.engine.service [req-8407a016-5c15-44f0-84c1-2e17f9a4a005 - - - - -] Service f5153885-5596-4c4c-8c7f-6c12c5932d9e is updated service_manage_report /usr/lib/python3/dist-packages/heat/engine/service.py:2370
2025-11-06 00:42:54.715 40164 DEBUG heat.engine.service [req-0a520e2a-516f-4421-afc8-72de7fbf7522 - - - - -] Service 63a71be1-bea0-49fa-890a-a26fa259e85b is updated service_manage_report /usr/lib/python3/dist-packages/heat/engine/service.py:2370
2025-11-06 00:43:54.575 40162 DEBUG heat.engine.service [req-2f8b731b-df8a-486d-841e-56ed530bb4b7 - - - - -] Service bc2dc701-f526-43f9-8629-04e4c3b1bc35 is updated service_manage_report /usr/lib/python3/dist-packages/heat/engine/service.py:2370
2025-11-06 00:43:54.630 40165 DEBUG heat.engine.service [req-a9c1f437-3247-483c-9329-1c224b5d84c4 - - - - -] Service e266266b-8fce-4316-8b38-0f36544073d2 is updated service_manage_report /usr/lib/python3/dist-packages/heat/engine/service.py:2370
2025-11-06 00:43:54.687 40163 DEBUG heat.engine.service [req-0babb4eb-2452-406b-857b-9faf460375c9 - - - - -] Service f5153885-5596-4c4c-8c7f-6c12c5932d9e is updated service_manage_report /usr/lib/python3/dist-packages/heat/engine/service.py:2370
2025-11-06 00:43:54.719 40164 DEBUG heat.engine.service [req-32e0b337-fd57-497e-a6c5-cc64651ef0c4 - - - - -] Service 63a71be1-bea0-49fa-890a-a26fa259e85b is updated service_manage_report /usr/lib/python3/dist-packages/heat/engine/service.py:2370
2025-11-06 00:44:54.581 40162 DEBUG heat.engine.service [req-e53f5b44-27fc-45d8-a105-e1ddfc01ada1 - - - - -] Service bc2dc701-f526-43f9-8629-04e4c3b1bc35 is updated service_manage_report /usr/lib/python3/dist-packages/heat/engine/service.py:2370
2025-11-06 00:44:54.635 40165 DEBUG heat.engine.service [req-844a4958-c31e-41bf-af0d-403565b3c67b - - - - -] Service e266266b-8fce-4316-8b38-0f36544073d2 is updated service_manage_report /usr/lib/python3/dist-packages/heat/engine/service.py:2370
2025-11-06 00:44:54.699 40163 DEBUG heat.engine.service [req-c3d3d669-3286-4436-88a7-af9519413185 - - - - -] Service f5153885-5596-4c4c-8c7f-6c12c5932d9e is updated service_manage_report /usr/lib/python3/dist-packages/heat/engine/service.py:2370
2025-11-06 00:44:54.725 40164 DEBUG heat.engine.service [req-b2dc65b7-7f80-43bd-b6e6-adafb6f07ff2 - - - - -] Service 63a71be1-bea0-49fa-890a-a26fa259e85b is updated service_manage_report /usr/lib/python3/dist-packages/heat/engine/service.py:2370
2025-11-06 00:45:54.577 40162 DEBUG heat.engine.service [req-311dc6ca-190c-4002-bd8f-7ab4e2d73f7d - - - - -] Service bc2dc701-f526-43f9-8629-04e4c3b1bc35 is updated service_manage_report /usr/lib/python3/dist-packages/heat/engine/service.py:2370
2025-11-06 00:45:54.630 40165 DEBUG heat.engine.service [req-660d2387-a085-4efc-9ded-03d0fd75355d - - - - -] Service e266266b-8fce-4316-8b38-0f36544073d2 is updated service_manage_report /usr/lib/python3/dist-packages/heat/engine/service.py:2370
2025-11-06 00:45:54.694 40163 DEBUG heat.engine.service [req-f26708f8-5d75-4264-bf99-3cd753218b56 - - - - -] Service f5153885-5596-4c4c-8c7f-6c12c5932d9e is updated service_manage_report /usr/lib/python3/dist-packages/heat/engine/service.py:2370
2025-11-06 00:45:54.728 40164 DEBUG heat.engine.service [req-04b3a684-6e07-4b93-8628-dcc63d1eeb44 - - - - -] Service 63a71be1-bea0-49fa-890a-a26fa259e85b is updated service_manage_report /usr/lib/python3/dist-packages/heat/engine/service.py:2370
2025-11-06 00:46:54.582 40162 DEBUG heat.engine.service [req-7a61a742-5b97-4e19-a9b5-6364dceaee6c - - - - -] Service bc2dc701-f526-43f9-8629-04e4c3b1bc35 is updated service_manage_report /usr/lib/python3/dist-packages/heat/engine/service.py:2370
2025-11-06 00:46:54.635 40165 DEBUG heat.engine.service [req-570af9fe-ddb4-4451-96d5-b2423c25a683 - - - - -] Service e266266b-8fce-4316-8b38-0f36544073d2 is updated service_manage_report /usr/lib/python3/dist-packages/heat/engine/service.py:2370
2025-11-06 00:46:54.698 40163 DEBUG heat.engine.service [req-fcbfb6b7-b4dc-49ff-82c2-680e0bbed35b - - - - -] Service f5153885-5596-4c4c-8c7f-6c12c5932d9e is updated service_manage_report /usr/lib/python3/dist-packages/heat/engine/service.py:2370
2025-11-06 00:46:54.734 40164 DEBUG heat.engine.service [req-e2f870fd-79f0-4c40-9cde-4628799ed7e2 - - - - -] Service 63a71be1-bea0-49fa-890a-a26fa259e85b is updated service_manage_report /usr/lib/python3/dist-packages/heat/engine/service.py:2370
2025-11-06 00:47:54.588 40162 DEBUG heat.engine.service [req-5388be7e-03b9-4009-8d34-b070b4f591f6 - - - - -] Service bc2dc701-f526-43f9-8629-04e4c3b1bc35 is updated service_manage_report /usr/lib/python3/dist-packages/heat/engine/service.py:2370
2025-11-06 00:47:54.639 40165 DEBUG heat.engine.service [req-b356aa13-41c2-46c3-a69f-8cf08fb68f2c - - - - -] Service e266266b-8fce-4316-8b38-0f36544073d2 is updated service_manage_report /usr/lib/python3/dist-packages/heat/engine/service.py:2370
2025-11-06 00:47:54.704 40163 DEBUG heat.engine.service [req-c05fa3db-e2fc-4373-8dbc-ec1d4d692161 - - - - -] Service f5153885-5596-4c4c-8c7f-6c12c5932d9e is updated service_manage_report /usr/lib/python3/dist-packages/heat/engine/service.py:2370
2025-11-06 00:47:54.746 40164 DEBUG heat.engine.service [req-bb8d55ff-9d97-4a9f-a5fb-d487a600193e - - - - -] Service 63a71be1-bea0-49fa-890a-a26fa259e85b is updated service_manage_report /usr/lib/python3/dist-packages/heat/engine/service.py:2370
2025-11-06 00:48:54.592 40162 DEBUG heat.engine.service [req-33b3c38b-2030-42ae-b1c3-b90a4ddab39d - - - - -] Service bc2dc701-f526-43f9-8629-04e4c3b1bc35 is updated service_manage_report /usr/lib/python3/dist-packages/heat/engine/service.py:2370
2025-11-06 00:48:54.642 40165 DEBUG heat.engine.service [req-bd207988-5edf-4d43-8338-26feab82fbb9 - - - - -] Service e266266b-8fce-4316-8b38-0f36544073d2 is updated service_manage_report /usr/lib/python3/dist-packages/heat/engine/service.py:2370
2025-11-06 00:48:54.698 40163 DEBUG heat.engine.service [req-25a5b7b0-0658-4436-b85d-cdcebcef41eb - - - - -] Service f5153885-5596-4c4c-8c7f-6c12c5932d9e is updated service_manage_report /usr/lib/python3/dist-packages/heat/engine/service.py:2370
2025-11-06 00:48:54.731 40164 DEBUG heat.engine.service [req-5dcfa7d0-869d-4bf8-aa8c-59955a1445d2 - - - - -] Service 63a71be1-bea0-49fa-890a-a26fa259e85b is updated service_manage_report /usr/lib/python3/dist-packages/heat/engine/service.py:2370
2025-11-06 00:49:54.598 40162 DEBUG heat.engine.service [req-60308c7e-ee5c-4284-9693-3773295eed0b - - - - -] Service bc2dc701-f526-43f9-8629-04e4c3b1bc35 is updated service_manage_report /usr/lib/python3/dist-packages/heat/engine/service.py:2370
2025-11-06 00:49:54.648 40165 DEBUG heat.engine.service [req-857cb18c-a753-4c1d-b817-fac4dfedff31 - - - - -] Service e266266b-8fce-4316-8b38-0f36544073d2 is updated service_manage_report /usr/lib/python3/dist-packages/heat/engine/service.py:2370
2025-11-06 00:49:54.706 40163 DEBUG heat.engine.service [req-4420887d-3331-4149-b681-f8d4db875dac - - - - -] Service f5153885-5596-4c4c-8c7f-6c12c5932d9e is updated service_manage_report /usr/lib/python3/dist-packages/heat/engine/service.py:2370
