2025-11-06 01:40:50.049 66832 DEBUG oslo_service.service [-] heat_api_cfn.tcp_keepidle = 600 log_opt_values /usr/lib/python3/dist-packages/oslo_config/cfg.py:2609
2025-11-06 01:40:50.050 66832 DEBUG oslo_service.service [-] heat_api_cfn.workers = 4 log_opt_values /usr/lib/python3/dist-packages/oslo_config/cfg.py:2609
2025-11-06 01:40:50.050 66832 DEBUG oslo_service.service [-] heat_api_cloudwatch.backlog = 4096 log_opt_values /usr/lib/python3/dist-packages/oslo_config/cfg.py:2609
2025-11-06 01:40:50.050 66832 DEBUG oslo_service.service [-] heat_api_cloudwatch.bind_host = 0.0.0.0 log_opt_values /usr/lib/python3/dist-packages/oslo_config/cfg.py:2609
2025-11-06 01:40:50.050 66832 DEBUG oslo_service.service [-] heat_api_cloudwatch.bind_port = 8003 log_opt_values /usr/lib/python3/dist-packages/oslo_config/cfg.py:2609
2025-11-06 01:40:50.050 66832 DEBUG oslo_service.service [-] heat_api_cloudwatch.cert_file = None log_opt_values /usr/lib/python3/dist-packages/oslo_config/cfg.py:2609
2025-11-06 01:40:50.050 66832 DEBUG oslo_service.service [-] heat_api_cloudwatch.key_file = None log_opt_values /usr/lib/python3/dist-packages/oslo_config/cfg.py:2609
2025-11-06 01:40:50.051 66832 DEBUG oslo_service.service [-] heat_api_cloudwatch.max_header_line = 16384 log_opt_values /usr/lib/python3/dist-packages/oslo_config/cfg.py:2609
2025-11-06 01:40:50.051 66832 DEBUG oslo_service.service [-] heat_api_cloudwatch.tcp_keepidle = 600 log_opt_values /usr/lib/python3/dist-packages/oslo_config/cfg.py:2609
2025-11-06 01:40:50.051 66832 DEBUG oslo_service.service [-] heat_api_cloudwatch.workers = 1 log_opt_values /usr/lib/python3/dist-packages/oslo_config/cfg.py:2609
2025-11-06 01:40:50.051 66832 DEBUG oslo_service.service [-] eventlet_opts.client_socket_timeout = 900 log_opt_values /usr/lib/python3/dist-packages/oslo_config/cfg.py:2609
2025-11-06 01:40:50.051 66832 DEBUG oslo_service.service [-] eventlet_opts.wsgi_keep_alive = True log_opt_values /usr/lib/python3/dist-packages/oslo_config/cfg.py:2609
2025-11-06 01:40:50.051 66832 DEBUG oslo_service.service [-] paste_deploy.api_paste_config = /etc/heat/api-paste.ini log_opt_values /usr/lib/python3/dist-packages/oslo_config/cfg.py:2609
2025-11-06 01:40:50.052 66832 DEBUG oslo_service.service [-] paste_deploy.flavor = None log_opt_values /usr/lib/python3/dist-packages/oslo_config/cfg.py:2609
2025-11-06 01:40:50.052 66832 DEBUG oslo_service.service [-] auth_password.allowed_auth_uris = [] log_opt_values /usr/lib/python3/dist-packages/oslo_config/cfg.py:2609
2025-11-06 01:40:50.052 66832 DEBUG oslo_service.service [-] auth_password.multi_cloud = False log_opt_values /usr/lib/python3/dist-packages/oslo_config/cfg.py:2609
2025-11-06 01:40:50.052 66832 DEBUG oslo_service.service [-] revision.heat_revision = unknown log_opt_values /usr/lib/python3/dist-packages/oslo_config/cfg.py:2609
2025-11-06 01:40:50.052 66832 DEBUG oslo_service.service [-] volumes.backups_enabled = True log_opt_values /usr/lib/python3/dist-packages/oslo_config/cfg.py:2609
2025-11-06 01:40:50.052 66832 DEBUG oslo_service.service [-] noauth.token_response = log_opt_values /usr/lib/python3/dist-packages/oslo_config/cfg.py:2609
2025-11-06 01:40:50.052 66832 DEBUG oslo_service.service [-] clients.ca_file = None log_opt_values /usr/lib/python3/dist-packages/oslo_config/cfg.py:2609
2025-11-06 01:40:50.052 66832 DEBUG oslo_service.service [-] clients.cert_file = None log_opt_values /usr/lib/python3/dist-packages/oslo_config/cfg.py:2609
2025-11-06 01:40:50.053 66832 DEBUG oslo_service.service [-] clients.endpoint_type = publicURL log_opt_values /usr/lib/python3/dist-packages/oslo_config/cfg.py:2609
2025-11-06 01:40:50.053 66832 DEBUG oslo_service.service [-] clients.insecure = False log_opt_values /usr/lib/python3/dist-packages/oslo_config/cfg.py:2609
2025-11-06 01:40:50.053 66832 DEBUG oslo_service.service [-] clients.key_file = None log_opt_values /usr/lib/python3/dist-packages/oslo_config/cfg.py:2609
2025-11-06 01:40:50.053 66832 DEBUG oslo_service.service [-] clients_aodh.ca_file = None log_opt_values /usr/lib/python3/dist-packages/oslo_config/cfg.py:2609
2025-11-06 01:40:50.053 66832 DEBUG oslo_service.service [-] clients_aodh.cert_file = None log_opt_values /usr/lib/python3/dist-packages/oslo_config/cfg.py:2609
2025-11-06 01:40:50.053 66832 DEBUG oslo_service.service [-] clients_aodh.endpoint_type = None log_opt_values /usr/lib/python3/dist-packages/oslo_config/cfg.py:2609
2025-11-06 01:40:50.053 66832 DEBUG oslo_service.service [-] clients_aodh.insecure = None log_opt_values /usr/lib/python3/dist-packages/oslo_config/cfg.py:2609
2025-11-06 01:40:50.053 66832 DEBUG oslo_service.service [-] clients_aodh.key_file = None log_opt_values /usr/lib/python3/dist-packages/oslo_config/cfg.py:2609
2025-11-06 01:40:50.054 66832 DEBUG oslo_service.service [-] clients_barbican.ca_file = None log_opt_values /usr/lib/python3/dist-packages/oslo_config/cfg.py:2609
2025-11-06 01:40:50.054 66832 DEBUG oslo_service.service [-] clients_barbican.cert_file = None log_opt_values /usr/lib/python3/dist-packages/oslo_config/cfg.py:2609
2025-11-06 01:40:50.054 66832 DEBUG oslo_service.service [-] clients_barbican.endpoint_type = None log_opt_values /usr/lib/python3/dist-packages/oslo_config/cfg.py:2609
2025-11-06 01:40:50.054 66832 DEBUG oslo_service.service [-] clients_barbican.insecure = None log_opt_values /usr/lib/python3/dist-packages/oslo_config/cfg.py:2609
2025-11-06 01:40:50.054 66832 DEBUG oslo_service.service [-] clients_barbican.key_file = None log_opt_values /usr/lib/python3/dist-packages/oslo_config/cfg.py:2609
2025-11-06 01:40:50.054 66832 DEBUG oslo_service.service [-] clients_cinder.ca_file = None log_opt_values /usr/lib/python3/dist-packages/oslo_config/cfg.py:2609
2025-11-06 01:40:50.054 66832 DEBUG oslo_service.service [-] clients_cinder.cert_file = None log_opt_values /usr/lib/python3/dist-packages/oslo_config/cfg.py:2609
2025-11-06 01:40:50.054 66832 DEBUG oslo_service.service [-] clients_cinder.endpoint_type = None log_opt_values /usr/lib/python3/dist-packages/oslo_config/cfg.py:2609
2025-11-06 01:40:50.055 66832 DEBUG oslo_service.service [-] clients_cinder.http_log_debug = False log_opt_values /usr/lib/python3/dist-packages/oslo_config/cfg.py:2609
2025-11-06 01:40:50.055 66832 DEBUG oslo_service.service [-] clients_cinder.insecure = None log_opt_values /usr/lib/python3/dist-packages/oslo_config/cfg.py:2609
2025-11-06 01:40:50.055 66832 DEBUG oslo_service.service [-] clients_cinder.key_file = None log_opt_values /usr/lib/python3/dist-packages/oslo_config/cfg.py:2609
2025-11-06 01:40:50.055 66832 DEBUG oslo_service.service [-] clients_designate.ca_file = None log_opt_values /usr/lib/python3/dist-packages/oslo_config/cfg.py:2609
2025-11-06 01:40:50.055 66832 DEBUG oslo_service.service [-] clients_designate.cert_file = None log_opt_values /usr/lib/python3/dist-packages/oslo_config/cfg.py:2609
2025-11-06 01:40:50.055 66832 DEBUG oslo_service.service [-] clients_designate.endpoint_type = None log_opt_values /usr/lib/python3/dist-packages/oslo_config/cfg.py:2609
2025-11-06 01:40:50.056 66832 DEBUG oslo_service.service [-] clients_designate.insecure = None log_opt_values /usr/lib/python3/dist-packages/oslo_config/cfg.py:2609
2025-11-06 01:40:50.056 66832 DEBUG oslo_service.service [-] clients_designate.key_file = None log_opt_values /usr/lib/python3/dist-packages/oslo_config/cfg.py:2609
2025-11-06 01:40:50.056 66832 DEBUG oslo_service.service [-] clients_glance.ca_file = None log_opt_values /usr/lib/python3/dist-packages/oslo_config/cfg.py:2609
2025-11-06 01:40:50.056 66832 DEBUG oslo_service.service [-] clients_glance.cert_file = None log_opt_values /usr/lib/python3/dist-packages/oslo_config/cfg.py:2609
2025-11-06 01:40:50.056 66832 DEBUG oslo_service.service [-] clients_glance.endpoint_type = None log_opt_values /usr/lib/python3/dist-packages/oslo_config/cfg.py:2609
2025-11-06 01:40:50.056 66832 DEBUG oslo_service.service [-] clients_glance.insecure = None log_opt_values /usr/lib/python3/dist-packages/oslo_config/cfg.py:2609
2025-11-06 01:40:50.056 66832 DEBUG oslo_service.service [-] clients_glance.key_file = None log_opt_values /usr/lib/python3/dist-packages/oslo_config/cfg.py:2609
2025-11-06 01:40:50.056 66832 DEBUG oslo_service.service [-] clients_heat.ca_file = None log_opt_values /usr/lib/python3/dist-packages/oslo_config/cfg.py:2609
2025-11-06 01:40:50.056 66832 DEBUG oslo_service.service [-] clients_heat.cert_file = None log_opt_values /usr/lib/python3/dist-packages/oslo_config/cfg.py:2609
2025-11-06 01:40:50.057 66832 DEBUG oslo_service.service [-] clients_heat.endpoint_type = None log_opt_values /usr/lib/python3/dist-packages/oslo_config/cfg.py:2609
2025-11-06 01:40:50.057 66832 DEBUG oslo_service.service [-] clients_heat.insecure = None log_opt_values /usr/lib/python3/dist-packages/oslo_config/cfg.py:2609
2025-11-06 01:40:50.057 66832 DEBUG oslo_service.service [-] clients_heat.key_file = None log_opt_values /usr/lib/python3/dist-packages/oslo_config/cfg.py:2609
2025-11-06 01:40:50.057 66832 DEBUG oslo_service.service [-] clients_heat.url = log_opt_values /usr/lib/python3/dist-packages/oslo_config/cfg.py:2609
2025-11-06 01:40:50.057 66832 DEBUG oslo_service.service [-] clients_keystone.auth_uri = http://252.141.8.0:5050 log_opt_values /usr/lib/python3/dist-packages/oslo_config/cfg.py:2609
2025-11-06 01:40:50.057 66832 DEBUG oslo_service.service [-] clients_keystone.ca_file = None log_opt_values /usr/lib/python3/dist-packages/oslo_config/cfg.py:2609
2025-11-06 01:40:50.057 66832 DEBUG oslo_service.service [-] clients_keystone.cert_file = None log_opt_values /usr/lib/python3/dist-packages/oslo_config/cfg.py:2609
2025-11-06 01:40:50.057 66832 DEBUG oslo_service.service [-] clients_keystone.endpoint_type = None log_opt_values /usr/lib/python3/dist-packages/oslo_config/cfg.py:2609
2025-11-06 01:40:50.058 66832 DEBUG oslo_service.service [-] clients_keystone.insecure = None log_opt_values /usr/lib/python3/dist-packages/oslo_config/cfg.py:2609
2025-11-06 01:40:50.058 66832 DEBUG oslo_service.service [-] clients_keystone.key_file = None log_opt_values /usr/lib/python3/dist-packages/oslo_config/cfg.py:2609
2025-11-06 01:40:50.058 66832 DEBUG oslo_service.service [-] clients_magnum.ca_file = None log_opt_values /usr/lib/python3/dist-packages/oslo_config/cfg.py:2609
2025-11-06 01:40:50.058 66832 DEBUG oslo_service.service [-] clients_magnum.cert_file = None log_opt_values /usr/lib/python3/dist-packages/oslo_config/cfg.py:2609
2025-11-06 01:40:50.058 66832 DEBUG oslo_service.service [-] clients_magnum.endpoint_type = None log_opt_values /usr/lib/python3/dist-packages/oslo_config/cfg.py:2609
2025-11-06 01:40:50.058 66832 DEBUG oslo_service.service [-] clients_magnum.insecure = None log_opt_values /usr/lib/python3/dist-packages/oslo_config/cfg.py:2609
2025-11-06 01:40:50.058 66832 DEBUG oslo_service.service [-] clients_magnum.key_file = None log_opt_values /usr/lib/python3/dist-packages/oslo_config/cfg.py:2609
2025-11-06 01:40:50.059 66832 DEBUG oslo_service.service [-] clients_manila.ca_file = None log_opt_values /usr/lib/python3/dist-packages/oslo_config/cfg.py:2609
2025-11-06 01:40:50.059 66832 DEBUG oslo_service.service [-] clients_manila.cert_file = None log_opt_values /usr/lib/python3/dist-packages/oslo_config/cfg.py:2609
2025-11-06 01:40:50.059 66832 DEBUG oslo_service.service [-] clients_manila.endpoint_type = None log_opt_values /usr/lib/python3/dist-packages/oslo_config/cfg.py:2609
2025-11-06 01:40:50.059 66832 DEBUG oslo_service.service [-] clients_manila.insecure = None log_opt_values /usr/lib/python3/dist-packages/oslo_config/cfg.py:2609
2025-11-06 01:40:50.059 66832 DEBUG oslo_service.service [-] clients_manila.key_file = None log_opt_values /usr/lib/python3/dist-packages/oslo_config/cfg.py:2609
2025-11-06 01:40:50.059 66832 DEBUG oslo_service.service [-] clients_mistral.ca_file = None log_opt_values /usr/lib/python3/dist-packages/oslo_config/cfg.py:2609
2025-11-06 01:40:50.059 66832 DEBUG oslo_service.service [-] clients_mistral.cert_file = None log_opt_values /usr/lib/python3/dist-packages/oslo_config/cfg.py:2609
2025-11-06 01:40:50.059 66832 DEBUG oslo_service.service [-] clients_mistral.endpoint_type = None log_opt_values /usr/lib/python3/dist-packages/oslo_config/cfg.py:2609
2025-11-06 01:40:50.059 66832 DEBUG oslo_service.service [-] clients_mistral.insecure = None log_opt_values /usr/lib/python3/dist-packages/oslo_config/cfg.py:2609
2025-11-06 01:40:50.060 66832 DEBUG oslo_service.service [-] clients_mistral.key_file = None log_opt_values /usr/lib/python3/dist-packages/oslo_config/cfg.py:2609
2025-11-06 01:40:50.060 66832 DEBUG oslo_service.service [-] clients_monasca.ca_file = None log_opt_values /usr/lib/python3/dist-packages/oslo_config/cfg.py:2609
2025-11-06 01:40:50.060 66832 DEBUG oslo_service.service [-] clients_monasca.cert_file = None log_opt_values /usr/lib/python3/dist-packages/oslo_config/cfg.py:2609
2025-11-06 01:40:50.060 66832 DEBUG oslo_service.service [-] clients_monasca.endpoint_type = None log_opt_values /usr/lib/python3/dist-packages/oslo_config/cfg.py:2609
2025-11-06 01:40:50.060 66832 DEBUG oslo_service.service [-] clients_monasca.insecure = None log_opt_values /usr/lib/python3/dist-packages/oslo_config/cfg.py:2609
2025-11-06 01:40:50.060 66832 DEBUG oslo_service.service [-] clients_monasca.key_file = None log_opt_values /usr/lib/python3/dist-packages/oslo_config/cfg.py:2609
2025-11-06 01:40:50.060 66832 DEBUG oslo_service.service [-] clients_neutron.ca_file = None log_opt_values /usr/lib/python3/dist-packages/oslo_config/cfg.py:2609
2025-11-06 01:40:50.061 66832 DEBUG oslo_service.service [-] clients_neutron.cert_file = None log_opt_values /usr/lib/python3/dist-packages/oslo_config/cfg.py:2609
2025-11-06 01:40:50.061 66832 DEBUG oslo_service.service [-] clients_neutron.endpoint_type = None log_opt_values /usr/lib/python3/dist-packages/oslo_config/cfg.py:2609
2025-11-06 01:40:50.061 66832 DEBUG oslo_service.service [-] clients_neutron.insecure = None log_opt_values /usr/lib/python3/dist-packages/oslo_config/cfg.py:2609
2025-11-06 01:40:50.061 66832 DEBUG oslo_service.service [-] clients_neutron.key_file = None log_opt_values /usr/lib/python3/dist-packages/oslo_config/cfg.py:2609
2025-11-06 01:40:50.061 66832 DEBUG oslo_service.service [-] clients_nova.ca_file = None log_opt_values /usr/lib/python3/dist-packages/oslo_config/cfg.py:2609
2025-11-06 01:40:50.061 66832 DEBUG oslo_service.service [-] clients_nova.cert_file = None log_opt_values /usr/lib/python3/dist-packages/oslo_config/cfg.py:2609
2025-11-06 01:40:50.061 66832 DEBUG oslo_service.service [-] clients_nova.endpoint_type = None log_opt_values /usr/lib/python3/dist-packages/oslo_config/cfg.py:2609
2025-11-06 01:40:50.061 66832 DEBUG oslo_service.service [-] clients_nova.http_log_debug = False log_opt_values /usr/lib/python3/dist-packages/oslo_config/cfg.py:2609
2025-11-06 01:40:50.062 66832 DEBUG oslo_service.service [-] clients_nova.insecure = None log_opt_values /usr/lib/python3/dist-packages/oslo_config/cfg.py:2609
2025-11-06 01:40:50.062 66832 DEBUG oslo_service.service [-] clients_nova.key_file = None log_opt_values /usr/lib/python3/dist-packages/oslo_config/cfg.py:2609
2025-11-06 01:40:50.062 66832 DEBUG oslo_service.service [-] clients_octavia.ca_file = None log_opt_values /usr/lib/python3/dist-packages/oslo_config/cfg.py:2609
2025-11-06 01:40:50.062 66832 DEBUG oslo_service.service [-] clients_octavia.cert_file = None log_opt_values /usr/lib/python3/dist-packages/oslo_config/cfg.py:2609
2025-11-06 01:40:50.062 66832 DEBUG oslo_service.service [-] clients_octavia.endpoint_type = None log_opt_values /usr/lib/python3/dist-packages/oslo_config/cfg.py:2609
2025-11-06 01:40:50.062 66832 DEBUG oslo_service.service [-] clients_octavia.insecure = None log_opt_values /usr/lib/python3/dist-packages/oslo_config/cfg.py:2609
2025-11-06 01:40:50.062 66832 DEBUG oslo_service.service [-] clients_octavia.key_file = None log_opt_values /usr/lib/python3/dist-packages/oslo_config/cfg.py:2609
2025-11-06 01:40:50.062 66832 DEBUG oslo_service.service [-] clients_sahara.ca_file = None log_opt_values /usr/lib/python3/dist-packages/oslo_config/cfg.py:2609
2025-11-06 01:40:50.062 66832 DEBUG oslo_service.service [-] clients_sahara.cert_file = None log_opt_values /usr/lib/python3/dist-packages/oslo_config/cfg.py:2609
2025-11-06 01:40:50.062 66832 DEBUG oslo_service.service [-] clients_sahara.endpoint_type = None log_opt_values /usr/lib/python3/dist-packages/oslo_config/cfg.py:2609
2025-11-06 01:40:50.063 66832 DEBUG oslo_service.service [-] clients_sahara.insecure = None log_opt_values /usr/lib/python3/dist-packages/oslo_config/cfg.py:2609
2025-11-06 01:40:50.063 66832 DEBUG oslo_service.service [-] clients_sahara.key_file = None log_opt_values /usr/lib/python3/dist-packages/oslo_config/cfg.py:2609
2025-11-06 01:40:50.063 66832 DEBUG oslo_service.service [-] clients_senlin.ca_file = None log_opt_values /usr/lib/python3/dist-packages/oslo_config/cfg.py:2609
2025-11-06 01:40:50.063 66832 DEBUG oslo_service.service [-] clients_senlin.cert_file = None log_opt_values /usr/lib/python3/dist-packages/oslo_config/cfg.py:2609
2025-11-06 01:40:50.063 66832 DEBUG oslo_service.service [-] clients_senlin.endpoint_type = None log_opt_values /usr/lib/python3/dist-packages/oslo_config/cfg.py:2609
2025-11-06 01:40:50.063 66832 DEBUG oslo_service.service [-] clients_senlin.insecure = None log_opt_values /usr/lib/python3/dist-packages/oslo_config/cfg.py:2609
2025-11-06 01:40:50.063 66832 DEBUG oslo_service.service [-] clients_senlin.key_file = None log_opt_values /usr/lib/python3/dist-packages/oslo_config/cfg.py:2609
2025-11-06 01:40:50.063 66832 DEBUG oslo_service.service [-] clients_swift.ca_file = None log_opt_values /usr/lib/python3/dist-packages/oslo_config/cfg.py:2609
2025-11-06 01:40:50.063 66832 DEBUG oslo_service.service [-] clients_swift.cert_file = None log_opt_values /usr/lib/python3/dist-packages/oslo_config/cfg.py:2609
2025-11-06 01:40:50.064 66832 DEBUG oslo_service.service [-] clients_swift.endpoint_type = None log_opt_values /usr/lib/python3/dist-packages/oslo_config/cfg.py:2609
2025-11-06 01:40:50.064 66832 DEBUG oslo_service.service [-] clients_swift.insecure = None log_opt_values /usr/lib/python3/dist-packages/oslo_config/cfg.py:2609
2025-11-06 01:40:50.064 66832 DEBUG oslo_service.service [-] clients_swift.key_file = None log_opt_values /usr/lib/python3/dist-packages/oslo_config/cfg.py:2609
2025-11-06 01:40:50.064 66832 DEBUG oslo_service.service [-] clients_trove.ca_file = None log_opt_values /usr/lib/python3/dist-packages/oslo_config/cfg.py:2609
2025-11-06 01:40:50.064 66832 DEBUG oslo_service.service [-] clients_trove.cert_file = None log_opt_values /usr/lib/python3/dist-packages/oslo_config/cfg.py:2609
2025-11-06 01:40:50.064 66832 DEBUG oslo_service.service [-] clients_trove.endpoint_type = None log_opt_values /usr/lib/python3/dist-packages/oslo_config/cfg.py:2609
2025-11-06 01:40:50.064 66832 DEBUG oslo_service.service [-] clients_trove.insecure = None log_opt_values /usr/lib/python3/dist-packages/oslo_config/cfg.py:2609
2025-11-06 01:40:50.064 66832 DEBUG oslo_service.service [-] clients_trove.key_file = None log_opt_values /usr/lib/python3/dist-packages/oslo_config/cfg.py:2609
2025-11-06 01:40:50.064 66832 DEBUG oslo_service.service [-] clients_vitrage.ca_file = None log_opt_values /usr/lib/python3/dist-packages/oslo_config/cfg.py:2609
2025-11-06 01:40:50.065 66832 DEBUG oslo_service.service [-] clients_vitrage.cert_file = None log_opt_values /usr/lib/python3/dist-packages/oslo_config/cfg.py:2609
2025-11-06 01:40:50.065 66832 DEBUG oslo_service.service [-] clients_vitrage.endpoint_type = None log_opt_values /usr/lib/python3/dist-packages/oslo_config/cfg.py:2609
2025-11-06 01:40:50.065 66832 DEBUG oslo_service.service [-] clients_vitrage.insecure = None log_opt_values /usr/lib/python3/dist-packages/oslo_config/cfg.py:2609
2025-11-06 01:40:50.065 66832 DEBUG oslo_service.service [-] clients_vitrage.key_file = None log_opt_values /usr/lib/python3/dist-packages/oslo_config/cfg.py:2609
2025-11-06 01:40:50.065 66832 DEBUG oslo_service.service [-] clients_zaqar.ca_file = None log_opt_values /usr/lib/python3/dist-packages/oslo_config/cfg.py:2609
2025-11-06 01:40:50.065 66832 DEBUG oslo_service.service [-] clients_zaqar.cert_file = None log_opt_values /usr/lib/python3/dist-packages/oslo_config/cfg.py:2609
2025-11-06 01:40:50.066 66832 DEBUG oslo_service.service [-] clients_zaqar.endpoint_type = None log_opt_values /usr/lib/python3/dist-packages/oslo_config/cfg.py:2609
2025-11-06 01:40:50.066 66832 DEBUG oslo_service.service [-] clients_zaqar.insecure = None log_opt_values /usr/lib/python3/dist-packages/oslo_config/cfg.py:2609
2025-11-06 01:40:50.066 66832 DEBUG oslo_service.service [-] clients_zaqar.key_file = None log_opt_values /usr/lib/python3/dist-packages/oslo_config/cfg.py:2609
2025-11-06 01:40:50.066 66832 DEBUG oslo_service.service [-] database.backend = sqlalchemy log_opt_values /usr/lib/python3/dist-packages/oslo_config/cfg.py:2609
2025-11-06 01:40:50.066 66832 DEBUG oslo_service.service [-] database.connection = **** log_opt_values /usr/lib/python3/dist-packages/oslo_config/cfg.py:2609
2025-11-06 01:40:50.066 66832 DEBUG oslo_service.service [-] database.connection_debug = 0 log_opt_values /usr/lib/python3/dist-packages/oslo_config/cfg.py:2609
2025-11-06 01:40:50.067 66832 DEBUG oslo_service.service [-] database.connection_parameters = log_opt_values /usr/lib/python3/dist-packages/oslo_config/cfg.py:2609
2025-11-06 01:40:50.067 66832 DEBUG oslo_service.service [-] database.connection_recycle_time = 3600 log_opt_values /usr/lib/python3/dist-packages/oslo_config/cfg.py:2609
2025-11-06 01:40:50.067 66832 DEBUG oslo_service.service [-] database.connection_trace = False log_opt_values /usr/lib/python3/dist-packages/oslo_config/cfg.py:2609
2025-11-06 01:40:50.067 66832 DEBUG oslo_service.service [-] database.db_inc_retry_interval = True log_opt_values /usr/lib/python3/dist-packages/oslo_config/cfg.py:2609
2025-11-06 01:40:50.067 66832 DEBUG oslo_service.service [-] database.db_max_retries = 20 log_opt_values /usr/lib/python3/dist-packages/oslo_config/cfg.py:2609
2025-11-06 01:40:50.067 66832 DEBUG oslo_service.service [-] database.db_max_retry_interval = 10 log_opt_values /usr/lib/python3/dist-packages/oslo_config/cfg.py:2609
2025-11-06 01:40:50.067 66832 DEBUG oslo_service.service [-] database.db_retry_interval = 1 log_opt_values /usr/lib/python3/dist-packages/oslo_config/cfg.py:2609
2025-11-06 01:40:50.068 66832 DEBUG oslo_service.service [-] database.max_overflow = 50 log_opt_values /usr/lib/python3/dist-packages/oslo_config/cfg.py:2609
2025-11-06 01:40:50.068 66832 DEBUG oslo_service.service [-] database.max_pool_size = 5 log_opt_values /usr/lib/python3/dist-packages/oslo_config/cfg.py:2609
2025-11-06 01:40:50.068 66832 DEBUG oslo_service.service [-] database.max_retries = 10 log_opt_values /usr/lib/python3/dist-packages/oslo_config/cfg.py:2609
2025-11-06 01:40:50.068 66832 DEBUG oslo_service.service [-] database.mysql_enable_ndb = False log_opt_values /usr/lib/python3/dist-packages/oslo_config/cfg.py:2609
2025-11-06 01:40:50.068 66832 DEBUG oslo_service.service [-] database.mysql_sql_mode = TRADITIONAL log_opt_values /usr/lib/python3/dist-packages/oslo_config/cfg.py:2609
2025-11-06 01:40:50.068 66832 DEBUG oslo_service.service [-] database.pool_timeout = None log_opt_values /usr/lib/python3/dist-packages/oslo_config/cfg.py:2609
2025-11-06 01:40:50.068 66832 DEBUG oslo_service.service [-] database.retry_interval = 10 log_opt_values /usr/lib/python3/dist-packages/oslo_config/cfg.py:2609
2025-11-06 01:40:50.069 66832 DEBUG oslo_service.service [-] database.slave_connection = **** log_opt_values /usr/lib/python3/dist-packages/oslo_config/cfg.py:2609
2025-11-06 01:40:50.069 66832 DEBUG oslo_service.service [-] database.sqlite_synchronous = True log_opt_values /usr/lib/python3/dist-packages/oslo_config/cfg.py:2609
2025-11-06 01:40:50.069 66832 DEBUG oslo_service.service [-] database.use_db_reconnect = False log_opt_values /usr/lib/python3/dist-packages/oslo_config/cfg.py:2609
2025-11-06 01:40:50.069 66832 DEBUG oslo_service.service [-] oslo_messaging_metrics.metrics_buffer_size = 1000 log_opt_values /usr/lib/python3/dist-packages/oslo_config/cfg.py:2609
2025-11-06 01:40:50.069 66832 DEBUG oslo_service.service [-] oslo_messaging_metrics.metrics_enabled = False log_opt_values /usr/lib/python3/dist-packages/oslo_config/cfg.py:2609
2025-11-06 01:40:50.069 66832 DEBUG oslo_service.service [-] oslo_messaging_metrics.metrics_process_name = log_opt_values /usr/lib/python3/dist-packages/oslo_config/cfg.py:2609
2025-11-06 01:40:50.069 66832 DEBUG oslo_service.service [-] oslo_messaging_metrics.metrics_socket_file = /var/tmp/metrics_collector.sock log_opt_values /usr/lib/python3/dist-packages/oslo_config/cfg.py:2609
2025-11-06 01:40:50.069 66832 DEBUG oslo_service.service [-] oslo_messaging_metrics.metrics_thread_stop_timeout = 10 log_opt_values /usr/lib/python3/dist-packages/oslo_config/cfg.py:2609
2025-11-06 01:40:50.070 66832 DEBUG oslo_service.service [-] oslo_policy.enforce_new_defaults = False log_opt_values /usr/lib/python3/dist-packages/oslo_config/cfg.py:2609
2025-11-06 01:40:50.070 66832 DEBUG oslo_service.service [-] oslo_policy.enforce_scope = False log_opt_values /usr/lib/python3/dist-packages/oslo_config/cfg.py:2609
2025-11-06 01:40:50.070 66832 DEBUG oslo_service.service [-] oslo_policy.policy_default_rule = default log_opt_values /usr/lib/python3/dist-packages/oslo_config/cfg.py:2609
2025-11-06 01:40:50.070 66832 DEBUG oslo_service.service [-] oslo_policy.policy_dirs = ['policy.d'] log_opt_values /usr/lib/python3/dist-packages/oslo_config/cfg.py:2609
2025-11-06 01:40:50.070 66832 DEBUG oslo_service.service [-] oslo_policy.policy_file = policy.yaml log_opt_values /usr/lib/python3/dist-packages/oslo_config/cfg.py:2609
2025-11-06 01:40:50.071 66832 DEBUG oslo_service.service [-] oslo_policy.remote_content_type = application/x-www-form-urlencoded log_opt_values /usr/lib/python3/dist-packages/oslo_config/cfg.py:2609
2025-11-06 01:40:50.071 66832 DEBUG oslo_service.service [-] oslo_policy.remote_ssl_ca_crt_file = None log_opt_values /usr/lib/python3/dist-packages/oslo_config/cfg.py:2609
2025-11-06 01:40:50.071 66832 DEBUG oslo_service.service [-] oslo_policy.remote_ssl_client_crt_file = None log_opt_values /usr/lib/python3/dist-packages/oslo_config/cfg.py:2609
2025-11-06 01:40:50.071 66832 DEBUG oslo_service.service [-] oslo_policy.remote_ssl_client_key_file = None log_opt_values /usr/lib/python3/dist-packages/oslo_config/cfg.py:2609
2025-11-06 01:40:50.071 66832 DEBUG oslo_service.service [-] oslo_policy.remote_ssl_verify_server_crt = False log_opt_values /usr/lib/python3/dist-packages/oslo_config/cfg.py:2609
2025-11-06 01:40:50.071 66832 DEBUG oslo_service.service [-] trustee.auth_section = None log_opt_values /usr/lib/python3/dist-packages/oslo_config/cfg.py:2609
2025-11-06 01:40:50.072 66832 WARNING oslo_config.cfg [-] Deprecated: Option "auth_plugin" from group "trustee" is deprecated. Use option "auth_type" from group "trustee".
2025-11-06 01:40:50.072 66832 DEBUG oslo_service.service [-] trustee.auth_type = password log_opt_values /usr/lib/python3/dist-packages/oslo_config/cfg.py:2609
2025-11-06 01:40:50.072 66832 DEBUG oslo_service.service [-] oslo_versionedobjects.fatal_exception_format_errors = False log_opt_values /usr/lib/python3/dist-packages/oslo_config/cfg.py:2609
2025-11-06 01:40:50.072 66832 DEBUG oslo_service.service [-] oslo_messaging_rabbit.amqp_auto_delete = False log_opt_values /usr/lib/python3/dist-packages/oslo_config/cfg.py:2609
2025-11-06 01:40:50.072 66832 DEBUG oslo_service.service [-] oslo_messaging_rabbit.amqp_durable_queues = False log_opt_values /usr/lib/python3/dist-packages/oslo_config/cfg.py:2609
2025-11-06 01:40:50.072 66832 DEBUG oslo_service.service [-] oslo_messaging_rabbit.conn_pool_min_size = 2 log_opt_values /usr/lib/python3/dist-packages/oslo_config/cfg.py:2609
2025-11-06 01:40:50.072 66832 DEBUG oslo_service.service [-] oslo_messaging_rabbit.conn_pool_ttl = 1200 log_opt_values /usr/lib/python3/dist-packages/oslo_config/cfg.py:2609
2025-11-06 01:40:50.072 66832 DEBUG oslo_service.service [-] oslo_messaging_rabbit.direct_mandatory_flag = True log_opt_values /usr/lib/python3/dist-packages/oslo_config/cfg.py:2609
2025-11-06 01:40:50.073 66832 DEBUG oslo_service.service [-] oslo_messaging_rabbit.enable_cancel_on_failover = False log_opt_values /usr/lib/python3/dist-packages/oslo_config/cfg.py:2609
2025-11-06 01:40:50.073 66832 DEBUG oslo_service.service [-] oslo_messaging_rabbit.heartbeat_in_pthread = False log_opt_values /usr/lib/python3/dist-packages/oslo_config/cfg.py:2609
2025-11-06 01:40:50.073 66832 DEBUG oslo_service.service [-] oslo_messaging_rabbit.heartbeat_rate = 2 log_opt_values /usr/lib/python3/dist-packages/oslo_config/cfg.py:2609
2025-11-06 01:40:50.073 66832 DEBUG oslo_service.service [-] oslo_messaging_rabbit.heartbeat_timeout_threshold = 60 log_opt_values /usr/lib/python3/dist-packages/oslo_config/cfg.py:2609
2025-11-06 01:40:50.073 66832 DEBUG oslo_service.service [-] oslo_messaging_rabbit.kombu_compression = None log_opt_values /usr/lib/python3/dist-packages/oslo_config/cfg.py:2609
2025-11-06 01:40:50.074 66832 DEBUG oslo_service.service [-] oslo_messaging_rabbit.kombu_failover_strategy = round-robin log_opt_values /usr/lib/python3/dist-packages/oslo_config/cfg.py:2609
2025-11-06 01:40:50.074 66832 DEBUG oslo_service.service [-] oslo_messaging_rabbit.kombu_missing_consumer_retry_timeout = 60 log_opt_values /usr/lib/python3/dist-packages/oslo_config/cfg.py:2609
2025-11-06 01:40:50.074 66832 DEBUG oslo_service.service [-] oslo_messaging_rabbit.kombu_reconnect_delay = 1.0 log_opt_values /usr/lib/python3/dist-packages/oslo_config/cfg.py:2609
2025-11-06 01:40:50.074 66832 DEBUG oslo_service.service [-] oslo_messaging_rabbit.rabbit_ha_queues = False log_opt_values /usr/lib/python3/dist-packages/oslo_config/cfg.py:2609
2025-11-06 01:40:50.074 66832 DEBUG oslo_service.service [-] oslo_messaging_rabbit.rabbit_interval_max = 30 log_opt_values /usr/lib/python3/dist-packages/oslo_config/cfg.py:2609
2025-11-06 01:40:50.074 66832 DEBUG oslo_service.service [-] oslo_messaging_rabbit.rabbit_login_method = AMQPLAIN log_opt_values /usr/lib/python3/dist-packages/oslo_config/cfg.py:2609
2025-11-06 01:40:50.074 66832 DEBUG oslo_service.service [-] oslo_messaging_rabbit.rabbit_qos_prefetch_count = 0 log_opt_values /usr/lib/python3/dist-packages/oslo_config/cfg.py:2609
2025-11-06 01:40:50.073 67053 DEBUG oslo_db.sqlalchemy.engines [req-cf0414ab-3b4c-4754-b2da-2fad2722cae5 - - - - -] MySQL server mode set to STRICT_TRANS_TABLES,STRICT_ALL_TABLES,NO_ZERO_IN_DATE,NO_ZERO_DATE,ERROR_FOR_DIVISION_BY_ZERO,TRADITIONAL,NO_ENGINE_SUBSTITUTION _check_effective_sql_mode /usr/lib/python3/dist-packages/oslo_db/sqlalchemy/engines.py:314
2025-11-06 01:40:50.075 66832 DEBUG oslo_service.service [-] oslo_messaging_rabbit.rabbit_quorum_queue = False log_opt_values /usr/lib/python3/dist-packages/oslo_config/cfg.py:2609
2025-11-06 01:40:50.075 66832 DEBUG oslo_service.service [-] oslo_messaging_rabbit.rabbit_retry_backoff = 2 log_opt_values /usr/lib/python3/dist-packages/oslo_config/cfg.py:2609
2025-11-06 01:40:50.075 66832 DEBUG oslo_service.service [-] oslo_messaging_rabbit.rabbit_retry_interval = 1 log_opt_values /usr/lib/python3/dist-packages/oslo_config/cfg.py:2609
2025-11-06 01:40:50.075 66832 DEBUG oslo_service.service [-] oslo_messaging_rabbit.rabbit_transient_queues_ttl = 1800 log_opt_values /usr/lib/python3/dist-packages/oslo_config/cfg.py:2609
2025-11-06 01:40:50.075 66832 DEBUG oslo_service.service [-] oslo_messaging_rabbit.rpc_conn_pool_size = 30 log_opt_values /usr/lib/python3/dist-packages/oslo_config/cfg.py:2609
2025-11-06 01:40:50.076 66832 DEBUG oslo_service.service [-] oslo_messaging_rabbit.ssl = False log_opt_values /usr/lib/python3/dist-packages/oslo_config/cfg.py:2609
2025-11-06 01:40:50.076 66832 DEBUG oslo_service.service [-] oslo_messaging_rabbit.ssl_ca_file = log_opt_values /usr/lib/python3/dist-packages/oslo_config/cfg.py:2609
2025-11-06 01:40:50.076 66832 DEBUG oslo_service.service [-] oslo_messaging_rabbit.ssl_cert_file = log_opt_values /usr/lib/python3/dist-packages/oslo_config/cfg.py:2609
2025-11-06 01:40:50.077 66832 DEBUG oslo_service.service [-] oslo_messaging_rabbit.ssl_key_file = log_opt_values /usr/lib/python3/dist-packages/oslo_config/cfg.py:2609
2025-11-06 01:40:50.077 66832 DEBUG oslo_service.service [-] oslo_messaging_rabbit.ssl_version = log_opt_values /usr/lib/python3/dist-packages/oslo_config/cfg.py:2609
2025-11-06 01:40:50.077 66832 DEBUG oslo_service.service [-] oslo_messaging_notifications.driver = [] log_opt_values /usr/lib/python3/dist-packages/oslo_config/cfg.py:2609
2025-11-06 01:40:50.077 66832 DEBUG oslo_service.service [-] oslo_messaging_notifications.retry = -1 log_opt_values /usr/lib/python3/dist-packages/oslo_config/cfg.py:2609
2025-11-06 01:40:50.077 66832 DEBUG oslo_service.service [-] oslo_messaging_notifications.topics = ['notifications'] log_opt_values /usr/lib/python3/dist-packages/oslo_config/cfg.py:2609
2025-11-06 01:40:50.078 66832 DEBUG oslo_service.service [-] oslo_messaging_notifications.transport_url = **** log_opt_values /usr/lib/python3/dist-packages/oslo_config/cfg.py:2609
2025-11-06 01:40:50.078 66832 DEBUG oslo_service.service [-] cache.backend = dogpile.cache.null log_opt_values /usr/lib/python3/dist-packages/oslo_config/cfg.py:2609
2025-11-06 01:40:50.078 66832 DEBUG oslo_service.service [-] cache.backend_argument = **** log_opt_values /usr/lib/python3/dist-packages/oslo_config/cfg.py:2609
2025-11-06 01:40:50.078 66832 DEBUG oslo_service.service [-] cache.config_prefix = cache.oslo log_opt_values /usr/lib/python3/dist-packages/oslo_config/cfg.py:2609
2025-11-06 01:40:50.078 66832 DEBUG oslo_service.service [-] cache.debug_cache_backend = False log_opt_values /usr/lib/python3/dist-packages/oslo_config/cfg.py:2609
2025-11-06 01:40:50.078 66832 DEBUG oslo_service.service [-] cache.enabled = False log_opt_values /usr/lib/python3/dist-packages/oslo_config/cfg.py:2609
2025-11-06 01:40:50.078 66832 DEBUG oslo_service.service [-] cache.expiration_time = 600 log_opt_values /usr/lib/python3/dist-packages/oslo_config/cfg.py:2609
2025-11-06 01:40:50.079 66832 DEBUG oslo_service.service [-] cache.memcache_dead_retry = 300 log_opt_values /usr/lib/python3/dist-packages/oslo_config/cfg.py:2609
2025-11-06 01:40:50.079 66832 DEBUG oslo_service.service [-] cache.memcache_pool_connection_get_timeout = 10 log_opt_values /usr/lib/python3/dist-packages/oslo_config/cfg.py:2609
2025-11-06 01:40:50.079 66832 DEBUG oslo_service.service [-] cache.memcache_pool_flush_on_reconnect = False log_opt_values /usr/lib/python3/dist-packages/oslo_config/cfg.py:2609
2025-11-06 01:40:50.079 66832 DEBUG oslo_service.service [-] cache.memcache_pool_maxsize = 10 log_opt_values /usr/lib/python3/dist-packages/oslo_config/cfg.py:2609
2025-11-06 01:40:50.079 66832 DEBUG oslo_service.service [-] cache.memcache_pool_unused_timeout = 60 log_opt_values /usr/lib/python3/dist-packages/oslo_config/cfg.py:2609
2025-11-06 01:40:50.079 66832 DEBUG oslo_service.service [-] cache.memcache_servers = ['localhost:11211'] log_opt_values /usr/lib/python3/dist-packages/oslo_config/cfg.py:2609
2025-11-06 01:40:50.079 66832 DEBUG oslo_service.service [-] cache.memcache_socket_timeout = 1.0 log_opt_values /usr/lib/python3/dist-packages/oslo_config/cfg.py:2609
2025-11-06 01:40:50.080 66832 DEBUG oslo_service.service [-] cache.proxies = [] log_opt_values /usr/lib/python3/dist-packages/oslo_config/cfg.py:2609
2025-11-06 01:40:50.080 66832 DEBUG oslo_service.service [-] cache.tls_allowed_ciphers = None log_opt_values /usr/lib/python3/dist-packages/oslo_config/cfg.py:2609
2025-11-06 01:40:50.081 66832 DEBUG oslo_service.service [-] cache.tls_cafile = None log_opt_values /usr/lib/python3/dist-packages/oslo_config/cfg.py:2609
2025-11-06 01:40:50.081 66832 DEBUG oslo_service.service [-] cache.tls_certfile = None log_opt_values /usr/lib/python3/dist-packages/oslo_config/cfg.py:2609
2025-11-06 01:40:50.081 66832 DEBUG oslo_service.service [-] cache.tls_enabled = False log_opt_values /usr/lib/python3/dist-packages/oslo_config/cfg.py:2609
2025-11-06 01:40:50.081 66832 DEBUG oslo_service.service [-] cache.tls_keyfile = None log_opt_values /usr/lib/python3/dist-packages/oslo_config/cfg.py:2609
2025-11-06 01:40:50.081 66832 DEBUG oslo_service.service [-] constraint_validation_cache.caching = True log_opt_values /usr/lib/python3/dist-packages/oslo_config/cfg.py:2609
2025-11-06 01:40:50.081 66832 DEBUG oslo_service.service [-] constraint_validation_cache.expiration_time = 60 log_opt_values /usr/lib/python3/dist-packages/oslo_config/cfg.py:2609
2025-11-06 01:40:50.081 66832 DEBUG oslo_service.service [-] service_extension_cache.caching = True log_opt_values /usr/lib/python3/dist-packages/oslo_config/cfg.py:2609
2025-11-06 01:40:50.082 66832 DEBUG oslo_service.service [-] service_extension_cache.expiration_time = 3600 log_opt_values /usr/lib/python3/dist-packages/oslo_config/cfg.py:2609
2025-11-06 01:40:50.082 66832 DEBUG oslo_service.service [-] resource_finder_cache.caching = True log_opt_values /usr/lib/python3/dist-packages/oslo_config/cfg.py:2609
2025-11-06 01:40:50.082 66832 DEBUG oslo_service.service [-] resource_finder_cache.expiration_time = 3600 log_opt_values /usr/lib/python3/dist-packages/oslo_config/cfg.py:2609
2025-11-06 01:40:50.082 66832 DEBUG oslo_service.service [-] yaql.limit_iterators = 200 log_opt_values /usr/lib/python3/dist-packages/oslo_config/cfg.py:2609
2025-11-06 01:40:50.082 66832 DEBUG oslo_service.service [-] yaql.memory_quota = 10000 log_opt_values /usr/lib/python3/dist-packages/oslo_config/cfg.py:2609
2025-11-06 01:40:50.082 66832 DEBUG oslo_service.service [-] ******************************************************************************** log_opt_values /usr/lib/python3/dist-packages/oslo_config/cfg.py:2613
2025-11-06 01:40:50.084 67056 DEBUG oslo_db.sqlalchemy.engines [req-d6117050-3c18-46ce-bfc2-8e462f9d6fda - - - - -] MySQL server mode set to STRICT_TRANS_TABLES,STRICT_ALL_TABLES,NO_ZERO_IN_DATE,NO_ZERO_DATE,ERROR_FOR_DIVISION_BY_ZERO,TRADITIONAL,NO_ENGINE_SUBSTITUTION _check_effective_sql_mode /usr/lib/python3/dist-packages/oslo_db/sqlalchemy/engines.py:314
2025-11-06 01:40:50.085 67055 DEBUG oslo_db.sqlalchemy.engines [req-91d97d2b-5c15-4dec-903e-6c128e22218f - - - - -] MySQL server mode set to STRICT_TRANS_TABLES,STRICT_ALL_TABLES,NO_ZERO_IN_DATE,NO_ZERO_DATE,ERROR_FOR_DIVISION_BY_ZERO,TRADITIONAL,NO_ENGINE_SUBSTITUTION _check_effective_sql_mode /usr/lib/python3/dist-packages/oslo_db/sqlalchemy/engines.py:314
2025-11-06 01:40:50.113 67054 DEBUG oslo_db.sqlalchemy.engines [req-e8f1fd30-6807-4883-971c-c95c9f0511f6 - - - - -] MySQL server mode set to STRICT_TRANS_TABLES,STRICT_ALL_TABLES,NO_ZERO_IN_DATE,NO_ZERO_DATE,ERROR_FOR_DIVISION_BY_ZERO,TRADITIONAL,NO_ENGINE_SUBSTITUTION _check_effective_sql_mode /usr/lib/python3/dist-packages/oslo_db/sqlalchemy/engines.py:314
2025-11-06 01:40:50.132 67053 DEBUG heat.engine.service [req-cf0414ab-3b4c-4754-b2da-2fad2722cae5 - - - - -] Service 080e2008-5569-4ce9-a452-6d8327aa3f7f was aborted service_manage_cleanup /usr/lib/python3/dist-packages/heat/engine/service.py:2391
2025-11-06 01:40:50.145 67055 DEBUG heat.engine.service [req-91d97d2b-5c15-4dec-903e-6c128e22218f - - - - -] Service 080e2008-5569-4ce9-a452-6d8327aa3f7f was aborted service_manage_cleanup /usr/lib/python3/dist-packages/heat/engine/service.py:2391
2025-11-06 01:40:50.153 67056 DEBUG heat.engine.service [req-d6117050-3c18-46ce-bfc2-8e462f9d6fda - - - - -] Service 080e2008-5569-4ce9-a452-6d8327aa3f7f was aborted service_manage_cleanup /usr/lib/python3/dist-packages/heat/engine/service.py:2391
2025-11-06 01:40:50.155 67053 DEBUG heat.engine.service [req-cf0414ab-3b4c-4754-b2da-2fad2722cae5 - - - - -] Service 42a636b0-1295-4990-9d17-a78395eabe8e was aborted service_manage_cleanup /usr/lib/python3/dist-packages/heat/engine/service.py:2391
2025-11-06 01:40:50.155 67055 DEBUG heat.engine.service [req-91d97d2b-5c15-4dec-903e-6c128e22218f - - - - -] Service 42a636b0-1295-4990-9d17-a78395eabe8e was aborted service_manage_cleanup /usr/lib/python3/dist-packages/heat/engine/service.py:2391
2025-11-06 01:40:50.164 67056 DEBUG heat.engine.service [req-d6117050-3c18-46ce-bfc2-8e462f9d6fda - - - - -] Service 42a636b0-1295-4990-9d17-a78395eabe8e was aborted service_manage_cleanup /usr/lib/python3/dist-packages/heat/engine/service.py:2391
2025-11-06 01:40:50.167 67054 DEBUG heat.engine.service [req-e8f1fd30-6807-4883-971c-c95c9f0511f6 - - - - -] Service 42a636b0-1295-4990-9d17-a78395eabe8e was aborted service_manage_cleanup /usr/lib/python3/dist-packages/heat/engine/service.py:2391
2025-11-06 01:40:50.170 67055 DEBUG heat.engine.service [req-91d97d2b-5c15-4dec-903e-6c128e22218f - - - - -] Service 63a71be1-bea0-49fa-890a-a26fa259e85b was aborted service_manage_cleanup /usr/lib/python3/dist-packages/heat/engine/service.py:2391
2025-11-06 01:40:50.171 67053 DEBUG heat.engine.service [req-cf0414ab-3b4c-4754-b2da-2fad2722cae5 - - - - -] Service 63a71be1-bea0-49fa-890a-a26fa259e85b was aborted service_manage_cleanup /usr/lib/python3/dist-packages/heat/engine/service.py:2391
2025-11-06 01:40:50.172 67056 DEBUG heat.engine.service [req-d6117050-3c18-46ce-bfc2-8e462f9d6fda - - - - -] Service 63a71be1-bea0-49fa-890a-a26fa259e85b was aborted service_manage_cleanup /usr/lib/python3/dist-packages/heat/engine/service.py:2391
2025-11-06 01:40:50.176 67054 DEBUG heat.engine.service [req-e8f1fd30-6807-4883-971c-c95c9f0511f6 - - - - -] Service 63a71be1-bea0-49fa-890a-a26fa259e85b was aborted service_manage_cleanup /usr/lib/python3/dist-packages/heat/engine/service.py:2391
2025-11-06 01:40:50.185 67053 DEBUG heat.engine.service [req-cf0414ab-3b4c-4754-b2da-2fad2722cae5 - - - - -] Service a9c20664-52b1-402e-bd9f-b4867aec2979 was aborted service_manage_cleanup /usr/lib/python3/dist-packages/heat/engine/service.py:2391
2025-11-06 01:40:50.185 67056 DEBUG heat.engine.service [req-d6117050-3c18-46ce-bfc2-8e462f9d6fda - - - - -] Service a9c20664-52b1-402e-bd9f-b4867aec2979 was aborted service_manage_cleanup /usr/lib/python3/dist-packages/heat/engine/service.py:2391
2025-11-06 01:40:50.186 67054 DEBUG heat.engine.service [req-e8f1fd30-6807-4883-971c-c95c9f0511f6 - - - - -] Service a9c20664-52b1-402e-bd9f-b4867aec2979 was aborted service_manage_cleanup /usr/lib/python3/dist-packages/heat/engine/service.py:2391
2025-11-06 01:40:50.187 67055 DEBUG heat.engine.service [req-91d97d2b-5c15-4dec-903e-6c128e22218f - - - - -] Service a9c20664-52b1-402e-bd9f-b4867aec2979 was aborted service_manage_cleanup /usr/lib/python3/dist-packages/heat/engine/service.py:2391
2025-11-06 01:40:50.195 67053 DEBUG heat.engine.service [req-cf0414ab-3b4c-4754-b2da-2fad2722cae5 - - - - -] Service afb5e207-898a-41d9-916e-f93f97ec2406 was aborted service_manage_cleanup /usr/lib/python3/dist-packages/heat/engine/service.py:2391
2025-11-06 01:40:50.196 67056 DEBUG heat.engine.service [req-d6117050-3c18-46ce-bfc2-8e462f9d6fda - - - - -] Service afb5e207-898a-41d9-916e-f93f97ec2406 was aborted service_manage_cleanup /usr/lib/python3/dist-packages/heat/engine/service.py:2391
2025-11-06 01:40:50.197 67054 DEBUG heat.engine.service [req-e8f1fd30-6807-4883-971c-c95c9f0511f6 - - - - -] Service afb5e207-898a-41d9-916e-f93f97ec2406 was aborted service_manage_cleanup /usr/lib/python3/dist-packages/heat/engine/service.py:2391
2025-11-06 01:40:50.197 67055 DEBUG heat.engine.service [req-91d97d2b-5c15-4dec-903e-6c128e22218f - - - - -] Service afb5e207-898a-41d9-916e-f93f97ec2406 was aborted service_manage_cleanup /usr/lib/python3/dist-packages/heat/engine/service.py:2391
2025-11-06 01:40:50.209 67053 DEBUG heat.engine.service [req-cf0414ab-3b4c-4754-b2da-2fad2722cae5 - - - - -] Service bc2dc701-f526-43f9-8629-04e4c3b1bc35 was aborted service_manage_cleanup /usr/lib/python3/dist-packages/heat/engine/service.py:2391
2025-11-06 01:40:50.209 67056 DEBUG heat.engine.service [req-d6117050-3c18-46ce-bfc2-8e462f9d6fda - - - - -] Service bc2dc701-f526-43f9-8629-04e4c3b1bc35 was aborted service_manage_cleanup /usr/lib/python3/dist-packages/heat/engine/service.py:2391
2025-11-06 01:40:50.211 67055 DEBUG heat.engine.service [req-91d97d2b-5c15-4dec-903e-6c128e22218f - - - - -] Service bc2dc701-f526-43f9-8629-04e4c3b1bc35 was aborted service_manage_cleanup /usr/lib/python3/dist-packages/heat/engine/service.py:2391
2025-11-06 01:40:50.213 67054 DEBUG heat.engine.service [req-e8f1fd30-6807-4883-971c-c95c9f0511f6 - - - - -] Service bc2dc701-f526-43f9-8629-04e4c3b1bc35 was aborted service_manage_cleanup /usr/lib/python3/dist-packages/heat/engine/service.py:2391
2025-11-06 01:40:50.222 67056 DEBUG heat.engine.service [req-d6117050-3c18-46ce-bfc2-8e462f9d6fda - - - - -] Service e266266b-8fce-4316-8b38-0f36544073d2 was aborted service_manage_cleanup /usr/lib/python3/dist-packages/heat/engine/service.py:2391
2025-11-06 01:40:50.222 67053 DEBUG heat.engine.service [req-cf0414ab-3b4c-4754-b2da-2fad2722cae5 - - - - -] Service e266266b-8fce-4316-8b38-0f36544073d2 was aborted service_manage_cleanup /usr/lib/python3/dist-packages/heat/engine/service.py:2391
2025-11-06 01:40:50.224 67055 DEBUG heat.engine.service [req-91d97d2b-5c15-4dec-903e-6c128e22218f - - - - -] Service e266266b-8fce-4316-8b38-0f36544073d2 was aborted service_manage_cleanup /usr/lib/python3/dist-packages/heat/engine/service.py:2391
2025-11-06 01:40:50.224 67054 DEBUG heat.engine.service [req-e8f1fd30-6807-4883-971c-c95c9f0511f6 - - - - -] Service e266266b-8fce-4316-8b38-0f36544073d2 was aborted service_manage_cleanup /usr/lib/python3/dist-packages/heat/engine/service.py:2391
2025-11-06 01:40:50.234 67056 DEBUG heat.engine.service [req-d6117050-3c18-46ce-bfc2-8e462f9d6fda - - - - -] Service f5153885-5596-4c4c-8c7f-6c12c5932d9e was aborted service_manage_cleanup /usr/lib/python3/dist-packages/heat/engine/service.py:2391
2025-11-06 01:40:50.235 67053 DEBUG heat.engine.service [req-cf0414ab-3b4c-4754-b2da-2fad2722cae5 - - - - -] Service f5153885-5596-4c4c-8c7f-6c12c5932d9e was aborted service_manage_cleanup /usr/lib/python3/dist-packages/heat/engine/service.py:2391
2025-11-06 01:40:50.236 67054 DEBUG heat.engine.service [req-e8f1fd30-6807-4883-971c-c95c9f0511f6 - - - - -] Service f5153885-5596-4c4c-8c7f-6c12c5932d9e was aborted service_manage_cleanup /usr/lib/python3/dist-packages/heat/engine/service.py:2391
2025-11-06 01:40:50.236 67055 DEBUG heat.engine.service [req-91d97d2b-5c15-4dec-903e-6c128e22218f - - - - -] Service f5153885-5596-4c4c-8c7f-6c12c5932d9e was aborted service_manage_cleanup /usr/lib/python3/dist-packages/heat/engine/service.py:2391
2025-11-06 01:40:50.285 67053 DEBUG heat.engine.service [req-33f6dea7-5984-4d47-9202-22823a8d42f0 - - - - -] Service 2e35b7f1-e55e-4a38-b5f1-9dfc2916b394 is started service_manage_report /usr/lib/python3/dist-packages/heat/engine/service.py:2363
2025-11-06 01:40:50.287 67055 DEBUG heat.engine.service [req-29e94cd4-9351-4fe0-9dc6-90a7eb95a7ca - - - - -] Service c9a4f9fc-acaf-4a42-aedc-eff0dd2ebafb is started service_manage_report /usr/lib/python3/dist-packages/heat/engine/service.py:2363
2025-11-06 01:40:50.287 67056 DEBUG heat.engine.service [req-dc0b8297-54a4-4afd-a3b0-a589600c09e6 - - - - -] Service 2775f1bb-434b-4a3c-a99e-a6af59ffe05a is started service_manage_report /usr/lib/python3/dist-packages/heat/engine/service.py:2363
2025-11-06 01:40:50.290 67054 DEBUG heat.engine.service [req-b25b9817-0455-43a8-bdb9-d888fcc098df - - - - -] Service 514277c2-f341-4754-93d9-f18e9f842145 is started service_manage_report /usr/lib/python3/dist-packages/heat/engine/service.py:2363
2025-11-06 01:40:50.297 67053 DEBUG heat.engine.service [req-33f6dea7-5984-4d47-9202-22823a8d42f0 - - - - -] Service 2e35b7f1-e55e-4a38-b5f1-9dfc2916b394 is updated service_manage_report /usr/lib/python3/dist-packages/heat/engine/service.py:2370
2025-11-06 01:40:50.301 67056 DEBUG heat.engine.service [req-dc0b8297-54a4-4afd-a3b0-a589600c09e6 - - - - -] Service 2775f1bb-434b-4a3c-a99e-a6af59ffe05a is updated service_manage_report /usr/lib/python3/dist-packages/heat/engine/service.py:2370
2025-11-06 01:40:50.304 67055 DEBUG heat.engine.service [req-29e94cd4-9351-4fe0-9dc6-90a7eb95a7ca - - - - -] Service c9a4f9fc-acaf-4a42-aedc-eff0dd2ebafb is updated service_manage_report /usr/lib/python3/dist-packages/heat/engine/service.py:2370
2025-11-06 01:40:50.306 67054 DEBUG heat.engine.service [req-b25b9817-0455-43a8-bdb9-d888fcc098df - - - - -] Service 514277c2-f341-4754-93d9-f18e9f842145 is updated service_manage_report /usr/lib/python3/dist-packages/heat/engine/service.py:2370
2025-11-06 01:41:50.272 67054 DEBUG heat.engine.service [req-f5c863aa-3f36-4459-9dda-95273879d1d3 - - - - -] Service 514277c2-f341-4754-93d9-f18e9f842145 is updated service_manage_report /usr/lib/python3/dist-packages/heat/engine/service.py:2370
2025-11-06 01:41:50.275 67056 DEBUG heat.engine.service [req-a7fc90d1-f388-4d0d-9890-50110ce0a764 - - - - -] Service 2775f1bb-434b-4a3c-a99e-a6af59ffe05a is updated service_manage_report /usr/lib/python3/dist-packages/heat/engine/service.py:2370
2025-11-06 01:41:50.275 67053 DEBUG heat.engine.service [req-870c3333-8ac5-4ecb-8141-9b23b7826786 - - - - -] Service 2e35b7f1-e55e-4a38-b5f1-9dfc2916b394 is updated service_manage_report /usr/lib/python3/dist-packages/heat/engine/service.py:2370
2025-11-06 01:41:50.277 67055 DEBUG heat.engine.service [req-c207e97b-4190-452c-b09c-8eb7c76c0c51 - - - - -] Service c9a4f9fc-acaf-4a42-aedc-eff0dd2ebafb is updated service_manage_report /usr/lib/python3/dist-packages/heat/engine/service.py:2370
