2025-11-06 01:42:50.338 71376 DEBUG oslo_service.service [-] clients_nova.insecure = None log_opt_values /usr/lib/python3/dist-packages/oslo_config/cfg.py:2609
2025-11-06 01:42:50.338 71376 DEBUG oslo_service.service [-] clients_nova.key_file = None log_opt_values /usr/lib/python3/dist-packages/oslo_config/cfg.py:2609
2025-11-06 01:42:50.339 71376 DEBUG oslo_service.service [-] clients_octavia.ca_file = None log_opt_values /usr/lib/python3/dist-packages/oslo_config/cfg.py:2609
2025-11-06 01:42:50.339 71376 DEBUG oslo_service.service [-] clients_octavia.cert_file = None log_opt_values /usr/lib/python3/dist-packages/oslo_config/cfg.py:2609
2025-11-06 01:42:50.339 71376 DEBUG oslo_service.service [-] clients_octavia.endpoint_type = None log_opt_values /usr/lib/python3/dist-packages/oslo_config/cfg.py:2609
2025-11-06 01:42:50.340 71376 DEBUG oslo_service.service [-] clients_octavia.insecure = None log_opt_values /usr/lib/python3/dist-packages/oslo_config/cfg.py:2609
2025-11-06 01:42:50.340 71376 DEBUG oslo_service.service [-] clients_octavia.key_file = None log_opt_values /usr/lib/python3/dist-packages/oslo_config/cfg.py:2609
2025-11-06 01:42:50.340 71376 DEBUG oslo_service.service [-] clients_sahara.ca_file = None log_opt_values /usr/lib/python3/dist-packages/oslo_config/cfg.py:2609
2025-11-06 01:42:50.340 71376 DEBUG oslo_service.service [-] clients_sahara.cert_file = None log_opt_values /usr/lib/python3/dist-packages/oslo_config/cfg.py:2609
2025-11-06 01:42:50.340 71376 DEBUG oslo_service.service [-] clients_sahara.endpoint_type = None log_opt_values /usr/lib/python3/dist-packages/oslo_config/cfg.py:2609
2025-11-06 01:42:50.340 71376 DEBUG oslo_service.service [-] clients_sahara.insecure = None log_opt_values /usr/lib/python3/dist-packages/oslo_config/cfg.py:2609
2025-11-06 01:42:50.340 71376 DEBUG oslo_service.service [-] clients_sahara.key_file = None log_opt_values /usr/lib/python3/dist-packages/oslo_config/cfg.py:2609
2025-11-06 01:42:50.341 71376 DEBUG oslo_service.service [-] clients_senlin.ca_file = None log_opt_values /usr/lib/python3/dist-packages/oslo_config/cfg.py:2609
2025-11-06 01:42:50.341 71376 DEBUG oslo_service.service [-] clients_senlin.cert_file = None log_opt_values /usr/lib/python3/dist-packages/oslo_config/cfg.py:2609
2025-11-06 01:42:50.341 71376 DEBUG oslo_service.service [-] clients_senlin.endpoint_type = None log_opt_values /usr/lib/python3/dist-packages/oslo_config/cfg.py:2609
2025-11-06 01:42:50.341 71376 DEBUG oslo_service.service [-] clients_senlin.insecure = None log_opt_values /usr/lib/python3/dist-packages/oslo_config/cfg.py:2609
2025-11-06 01:42:50.341 71376 DEBUG oslo_service.service [-] clients_senlin.key_file = None log_opt_values /usr/lib/python3/dist-packages/oslo_config/cfg.py:2609
2025-11-06 01:42:50.341 71376 DEBUG oslo_service.service [-] clients_swift.ca_file = None log_opt_values /usr/lib/python3/dist-packages/oslo_config/cfg.py:2609
2025-11-06 01:42:50.341 71376 DEBUG oslo_service.service [-] clients_swift.cert_file = None log_opt_values /usr/lib/python3/dist-packages/oslo_config/cfg.py:2609
2025-11-06 01:42:50.342 71376 DEBUG oslo_service.service [-] clients_swift.endpoint_type = None log_opt_values /usr/lib/python3/dist-packages/oslo_config/cfg.py:2609
2025-11-06 01:42:50.342 71376 DEBUG oslo_service.service [-] clients_swift.insecure = None log_opt_values /usr/lib/python3/dist-packages/oslo_config/cfg.py:2609
2025-11-06 01:42:50.342 71376 DEBUG oslo_service.service [-] clients_swift.key_file = None log_opt_values /usr/lib/python3/dist-packages/oslo_config/cfg.py:2609
2025-11-06 01:42:50.342 71376 DEBUG oslo_service.service [-] clients_trove.ca_file = None log_opt_values /usr/lib/python3/dist-packages/oslo_config/cfg.py:2609
2025-11-06 01:42:50.342 71376 DEBUG oslo_service.service [-] clients_trove.cert_file = None log_opt_values /usr/lib/python3/dist-packages/oslo_config/cfg.py:2609
2025-11-06 01:42:50.342 71376 DEBUG oslo_service.service [-] clients_trove.endpoint_type = None log_opt_values /usr/lib/python3/dist-packages/oslo_config/cfg.py:2609
2025-11-06 01:42:50.342 71376 DEBUG oslo_service.service [-] clients_trove.insecure = None log_opt_values /usr/lib/python3/dist-packages/oslo_config/cfg.py:2609
2025-11-06 01:42:50.342 71376 DEBUG oslo_service.service [-] clients_trove.key_file = None log_opt_values /usr/lib/python3/dist-packages/oslo_config/cfg.py:2609
2025-11-06 01:42:50.342 71376 DEBUG oslo_service.service [-] clients_vitrage.ca_file = None log_opt_values /usr/lib/python3/dist-packages/oslo_config/cfg.py:2609
2025-11-06 01:42:50.343 71376 DEBUG oslo_service.service [-] clients_vitrage.cert_file = None log_opt_values /usr/lib/python3/dist-packages/oslo_config/cfg.py:2609
2025-11-06 01:42:50.343 71376 DEBUG oslo_service.service [-] clients_vitrage.endpoint_type = None log_opt_values /usr/lib/python3/dist-packages/oslo_config/cfg.py:2609
2025-11-06 01:42:50.343 71376 DEBUG oslo_service.service [-] clients_vitrage.insecure = None log_opt_values /usr/lib/python3/dist-packages/oslo_config/cfg.py:2609
2025-11-06 01:42:50.343 71376 DEBUG oslo_service.service [-] clients_vitrage.key_file = None log_opt_values /usr/lib/python3/dist-packages/oslo_config/cfg.py:2609
2025-11-06 01:42:50.343 71733 INFO heat.engine.worker [-] Starting engine_worker (1.4) in engine c5dfe13b-5d34-4dde-9dc1-748401cd98b0.
2025-11-06 01:42:50.343 71376 DEBUG oslo_service.service [-] clients_zaqar.ca_file = None log_opt_values /usr/lib/python3/dist-packages/oslo_config/cfg.py:2609
2025-11-06 01:42:50.343 71376 DEBUG oslo_service.service [-] clients_zaqar.cert_file = None log_opt_values /usr/lib/python3/dist-packages/oslo_config/cfg.py:2609
2025-11-06 01:42:50.343 71376 DEBUG oslo_service.service [-] clients_zaqar.endpoint_type = None log_opt_values /usr/lib/python3/dist-packages/oslo_config/cfg.py:2609
2025-11-06 01:42:50.343 71376 DEBUG oslo_service.service [-] clients_zaqar.insecure = None log_opt_values /usr/lib/python3/dist-packages/oslo_config/cfg.py:2609
2025-11-06 01:42:50.344 71376 DEBUG oslo_service.service [-] clients_zaqar.key_file = None log_opt_values /usr/lib/python3/dist-packages/oslo_config/cfg.py:2609
2025-11-06 01:42:50.344 71376 DEBUG oslo_service.service [-] database.backend = sqlalchemy log_opt_values /usr/lib/python3/dist-packages/oslo_config/cfg.py:2609
2025-11-06 01:42:50.344 71376 DEBUG oslo_service.service [-] database.connection = **** log_opt_values /usr/lib/python3/dist-packages/oslo_config/cfg.py:2609
2025-11-06 01:42:50.344 71376 DEBUG oslo_service.service [-] database.connection_debug = 0 log_opt_values /usr/lib/python3/dist-packages/oslo_config/cfg.py:2609
2025-11-06 01:42:50.344 71376 DEBUG oslo_service.service [-] database.connection_parameters = log_opt_values /usr/lib/python3/dist-packages/oslo_config/cfg.py:2609
2025-11-06 01:42:50.345 71376 DEBUG oslo_service.service [-] database.connection_recycle_time = 3600 log_opt_values /usr/lib/python3/dist-packages/oslo_config/cfg.py:2609
2025-11-06 01:42:50.345 71376 DEBUG oslo_service.service [-] database.connection_trace = False log_opt_values /usr/lib/python3/dist-packages/oslo_config/cfg.py:2609
2025-11-06 01:42:50.345 71376 DEBUG oslo_service.service [-] database.db_inc_retry_interval = True log_opt_values /usr/lib/python3/dist-packages/oslo_config/cfg.py:2609
2025-11-06 01:42:50.345 71376 DEBUG oslo_service.service [-] database.db_max_retries = 20 log_opt_values /usr/lib/python3/dist-packages/oslo_config/cfg.py:2609
2025-11-06 01:42:50.345 71376 DEBUG oslo_service.service [-] database.db_max_retry_interval = 10 log_opt_values /usr/lib/python3/dist-packages/oslo_config/cfg.py:2609
2025-11-06 01:42:50.345 71376 DEBUG oslo_service.service [-] database.db_retry_interval = 1 log_opt_values /usr/lib/python3/dist-packages/oslo_config/cfg.py:2609
2025-11-06 01:42:50.345 71376 DEBUG oslo_service.service [-] database.max_overflow = 50 log_opt_values /usr/lib/python3/dist-packages/oslo_config/cfg.py:2609
2025-11-06 01:42:50.346 71376 DEBUG oslo_service.service [-] database.max_pool_size = 5 log_opt_values /usr/lib/python3/dist-packages/oslo_config/cfg.py:2609
2025-11-06 01:42:50.346 71376 DEBUG oslo_service.service [-] database.max_retries = 10 log_opt_values /usr/lib/python3/dist-packages/oslo_config/cfg.py:2609
2025-11-06 01:42:50.346 71376 DEBUG oslo_service.service [-] database.mysql_enable_ndb = False log_opt_values /usr/lib/python3/dist-packages/oslo_config/cfg.py:2609
2025-11-06 01:42:50.346 71376 DEBUG oslo_service.service [-] database.mysql_sql_mode = TRADITIONAL log_opt_values /usr/lib/python3/dist-packages/oslo_config/cfg.py:2609
2025-11-06 01:42:50.346 71376 DEBUG oslo_service.service [-] database.pool_timeout = None log_opt_values /usr/lib/python3/dist-packages/oslo_config/cfg.py:2609
2025-11-06 01:42:50.346 71376 DEBUG oslo_service.service [-] database.retry_interval = 10 log_opt_values /usr/lib/python3/dist-packages/oslo_config/cfg.py:2609
2025-11-06 01:42:50.346 71376 DEBUG oslo_service.service [-] database.slave_connection = **** log_opt_values /usr/lib/python3/dist-packages/oslo_config/cfg.py:2609
2025-11-06 01:42:50.346 71376 DEBUG oslo_service.service [-] database.sqlite_synchronous = True log_opt_values /usr/lib/python3/dist-packages/oslo_config/cfg.py:2609
2025-11-06 01:42:50.347 71376 DEBUG oslo_service.service [-] database.use_db_reconnect = False log_opt_values /usr/lib/python3/dist-packages/oslo_config/cfg.py:2609
2025-11-06 01:42:50.347 71376 DEBUG oslo_service.service [-] oslo_messaging_metrics.metrics_buffer_size = 1000 log_opt_values /usr/lib/python3/dist-packages/oslo_config/cfg.py:2609
2025-11-06 01:42:50.347 71376 DEBUG oslo_service.service [-] oslo_messaging_metrics.metrics_enabled = False log_opt_values /usr/lib/python3/dist-packages/oslo_config/cfg.py:2609
2025-11-06 01:42:50.347 71376 DEBUG oslo_service.service [-] oslo_messaging_metrics.metrics_process_name = log_opt_values /usr/lib/python3/dist-packages/oslo_config/cfg.py:2609
2025-11-06 01:42:50.347 71376 DEBUG oslo_service.service [-] oslo_messaging_metrics.metrics_socket_file = /var/tmp/metrics_collector.sock log_opt_values /usr/lib/python3/dist-packages/oslo_config/cfg.py:2609
2025-11-06 01:42:50.347 71376 DEBUG oslo_service.service [-] oslo_messaging_metrics.metrics_thread_stop_timeout = 10 log_opt_values /usr/lib/python3/dist-packages/oslo_config/cfg.py:2609
2025-11-06 01:42:50.347 71376 DEBUG oslo_service.service [-] oslo_policy.enforce_new_defaults = False log_opt_values /usr/lib/python3/dist-packages/oslo_config/cfg.py:2609
2025-11-06 01:42:50.347 71376 DEBUG oslo_service.service [-] oslo_policy.enforce_scope = False log_opt_values /usr/lib/python3/dist-packages/oslo_config/cfg.py:2609
2025-11-06 01:42:50.348 71376 DEBUG oslo_service.service [-] oslo_policy.policy_default_rule = default log_opt_values /usr/lib/python3/dist-packages/oslo_config/cfg.py:2609
2025-11-06 01:42:50.348 71376 DEBUG oslo_service.service [-] oslo_policy.policy_dirs = ['policy.d'] log_opt_values /usr/lib/python3/dist-packages/oslo_config/cfg.py:2609
2025-11-06 01:42:50.348 71376 DEBUG oslo_service.service [-] oslo_policy.policy_file = policy.yaml log_opt_values /usr/lib/python3/dist-packages/oslo_config/cfg.py:2609
2025-11-06 01:42:50.348 71376 DEBUG oslo_service.service [-] oslo_policy.remote_content_type = application/x-www-form-urlencoded log_opt_values /usr/lib/python3/dist-packages/oslo_config/cfg.py:2609
2025-11-06 01:42:50.348 71376 DEBUG oslo_service.service [-] oslo_policy.remote_ssl_ca_crt_file = None log_opt_values /usr/lib/python3/dist-packages/oslo_config/cfg.py:2609
2025-11-06 01:42:50.348 71376 DEBUG oslo_service.service [-] oslo_policy.remote_ssl_client_crt_file = None log_opt_values /usr/lib/python3/dist-packages/oslo_config/cfg.py:2609
2025-11-06 01:42:50.348 71376 DEBUG oslo_service.service [-] oslo_policy.remote_ssl_client_key_file = None log_opt_values /usr/lib/python3/dist-packages/oslo_config/cfg.py:2609
2025-11-06 01:42:50.348 71376 DEBUG oslo_service.service [-] oslo_policy.remote_ssl_verify_server_crt = False log_opt_values /usr/lib/python3/dist-packages/oslo_config/cfg.py:2609
2025-11-06 01:42:50.349 71376 DEBUG oslo_service.service [-] trustee.auth_section = None log_opt_values /usr/lib/python3/dist-packages/oslo_config/cfg.py:2609
2025-11-06 01:42:50.349 71376 WARNING oslo_config.cfg [-] Deprecated: Option "auth_plugin" from group "trustee" is deprecated. Use option "auth_type" from group "trustee".
2025-11-06 01:42:50.349 71376 DEBUG oslo_service.service [-] trustee.auth_type = password log_opt_values /usr/lib/python3/dist-packages/oslo_config/cfg.py:2609
2025-11-06 01:42:50.349 71376 DEBUG oslo_service.service [-] oslo_versionedobjects.fatal_exception_format_errors = False log_opt_values /usr/lib/python3/dist-packages/oslo_config/cfg.py:2609
2025-11-06 01:42:50.349 71376 DEBUG oslo_service.service [-] oslo_messaging_rabbit.amqp_auto_delete = False log_opt_values /usr/lib/python3/dist-packages/oslo_config/cfg.py:2609
2025-11-06 01:42:50.350 71376 DEBUG oslo_service.service [-] oslo_messaging_rabbit.amqp_durable_queues = False log_opt_values /usr/lib/python3/dist-packages/oslo_config/cfg.py:2609
2025-11-06 01:42:50.350 71376 DEBUG oslo_service.service [-] oslo_messaging_rabbit.conn_pool_min_size = 2 log_opt_values /usr/lib/python3/dist-packages/oslo_config/cfg.py:2609
2025-11-06 01:42:50.350 71376 DEBUG oslo_service.service [-] oslo_messaging_rabbit.conn_pool_ttl = 1200 log_opt_values /usr/lib/python3/dist-packages/oslo_config/cfg.py:2609
2025-11-06 01:42:50.350 71376 DEBUG oslo_service.service [-] oslo_messaging_rabbit.direct_mandatory_flag = True log_opt_values /usr/lib/python3/dist-packages/oslo_config/cfg.py:2609
2025-11-06 01:42:50.350 71376 DEBUG oslo_service.service [-] oslo_messaging_rabbit.enable_cancel_on_failover = False log_opt_values /usr/lib/python3/dist-packages/oslo_config/cfg.py:2609
2025-11-06 01:42:50.350 71376 DEBUG oslo_service.service [-] oslo_messaging_rabbit.heartbeat_in_pthread = False log_opt_values /usr/lib/python3/dist-packages/oslo_config/cfg.py:2609
2025-11-06 01:42:50.350 71376 DEBUG oslo_service.service [-] oslo_messaging_rabbit.heartbeat_rate = 2 log_opt_values /usr/lib/python3/dist-packages/oslo_config/cfg.py:2609
2025-11-06 01:42:50.350 71376 DEBUG oslo_service.service [-] oslo_messaging_rabbit.heartbeat_timeout_threshold = 60 log_opt_values /usr/lib/python3/dist-packages/oslo_config/cfg.py:2609
2025-11-06 01:42:50.351 71376 DEBUG oslo_service.service [-] oslo_messaging_rabbit.kombu_compression = None log_opt_values /usr/lib/python3/dist-packages/oslo_config/cfg.py:2609
2025-11-06 01:42:50.351 71376 DEBUG oslo_service.service [-] oslo_messaging_rabbit.kombu_failover_strategy = round-robin log_opt_values /usr/lib/python3/dist-packages/oslo_config/cfg.py:2609
2025-11-06 01:42:50.351 71376 DEBUG oslo_service.service [-] oslo_messaging_rabbit.kombu_missing_consumer_retry_timeout = 60 log_opt_values /usr/lib/python3/dist-packages/oslo_config/cfg.py:2609
2025-11-06 01:42:50.351 71376 DEBUG oslo_service.service [-] oslo_messaging_rabbit.kombu_reconnect_delay = 1.0 log_opt_values /usr/lib/python3/dist-packages/oslo_config/cfg.py:2609
2025-11-06 01:42:50.351 71376 DEBUG oslo_service.service [-] oslo_messaging_rabbit.rabbit_ha_queues = False log_opt_values /usr/lib/python3/dist-packages/oslo_config/cfg.py:2609
2025-11-06 01:42:50.351 71376 DEBUG oslo_service.service [-] oslo_messaging_rabbit.rabbit_interval_max = 30 log_opt_values /usr/lib/python3/dist-packages/oslo_config/cfg.py:2609
2025-11-06 01:42:50.352 71376 DEBUG oslo_service.service [-] oslo_messaging_rabbit.rabbit_login_method = AMQPLAIN log_opt_values /usr/lib/python3/dist-packages/oslo_config/cfg.py:2609
2025-11-06 01:42:50.352 71376 DEBUG oslo_service.service [-] oslo_messaging_rabbit.rabbit_qos_prefetch_count = 0 log_opt_values /usr/lib/python3/dist-packages/oslo_config/cfg.py:2609
2025-11-06 01:42:50.352 71376 DEBUG oslo_service.service [-] oslo_messaging_rabbit.rabbit_quorum_queue = False log_opt_values /usr/lib/python3/dist-packages/oslo_config/cfg.py:2609
2025-11-06 01:42:50.352 71376 DEBUG oslo_service.service [-] oslo_messaging_rabbit.rabbit_retry_backoff = 2 log_opt_values /usr/lib/python3/dist-packages/oslo_config/cfg.py:2609
2025-11-06 01:42:50.352 71376 DEBUG oslo_service.service [-] oslo_messaging_rabbit.rabbit_retry_interval = 1 log_opt_values /usr/lib/python3/dist-packages/oslo_config/cfg.py:2609
2025-11-06 01:42:50.352 71376 DEBUG oslo_service.service [-] oslo_messaging_rabbit.rabbit_transient_queues_ttl = 1800 log_opt_values /usr/lib/python3/dist-packages/oslo_config/cfg.py:2609
2025-11-06 01:42:50.352 71376 DEBUG oslo_service.service [-] oslo_messaging_rabbit.rpc_conn_pool_size = 30 log_opt_values /usr/lib/python3/dist-packages/oslo_config/cfg.py:2609
2025-11-06 01:42:50.353 71376 DEBUG oslo_service.service [-] oslo_messaging_rabbit.ssl = False log_opt_values /usr/lib/python3/dist-packages/oslo_config/cfg.py:2609
2025-11-06 01:42:50.353 71376 DEBUG oslo_service.service [-] oslo_messaging_rabbit.ssl_ca_file = log_opt_values /usr/lib/python3/dist-packages/oslo_config/cfg.py:2609
2025-11-06 01:42:50.353 71376 DEBUG oslo_service.service [-] oslo_messaging_rabbit.ssl_cert_file = log_opt_values /usr/lib/python3/dist-packages/oslo_config/cfg.py:2609
2025-11-06 01:42:50.353 71376 DEBUG oslo_service.service [-] oslo_messaging_rabbit.ssl_key_file = log_opt_values /usr/lib/python3/dist-packages/oslo_config/cfg.py:2609
2025-11-06 01:42:50.353 71376 DEBUG oslo_service.service [-] oslo_messaging_rabbit.ssl_version = log_opt_values /usr/lib/python3/dist-packages/oslo_config/cfg.py:2609
2025-11-06 01:42:50.354 71376 DEBUG oslo_service.service [-] oslo_messaging_notifications.driver = [] log_opt_values /usr/lib/python3/dist-packages/oslo_config/cfg.py:2609
2025-11-06 01:42:50.354 71376 DEBUG oslo_service.service [-] oslo_messaging_notifications.retry = -1 log_opt_values /usr/lib/python3/dist-packages/oslo_config/cfg.py:2609
2025-11-06 01:42:50.354 71376 DEBUG oslo_service.service [-] oslo_messaging_notifications.topics = ['notifications'] log_opt_values /usr/lib/python3/dist-packages/oslo_config/cfg.py:2609
2025-11-06 01:42:50.354 71376 DEBUG oslo_service.service [-] oslo_messaging_notifications.transport_url = **** log_opt_values /usr/lib/python3/dist-packages/oslo_config/cfg.py:2609
2025-11-06 01:42:50.355 71376 DEBUG oslo_service.service [-] cache.backend = dogpile.cache.null log_opt_values /usr/lib/python3/dist-packages/oslo_config/cfg.py:2609
2025-11-06 01:42:50.355 71376 DEBUG oslo_service.service [-] cache.backend_argument = **** log_opt_values /usr/lib/python3/dist-packages/oslo_config/cfg.py:2609
2025-11-06 01:42:50.355 71376 DEBUG oslo_service.service [-] cache.config_prefix = cache.oslo log_opt_values /usr/lib/python3/dist-packages/oslo_config/cfg.py:2609
2025-11-06 01:42:50.356 71376 DEBUG oslo_service.service [-] cache.debug_cache_backend = False log_opt_values /usr/lib/python3/dist-packages/oslo_config/cfg.py:2609
2025-11-06 01:42:50.356 71376 DEBUG oslo_service.service [-] cache.enabled = False log_opt_values /usr/lib/python3/dist-packages/oslo_config/cfg.py:2609
2025-11-06 01:42:50.356 71376 DEBUG oslo_service.service [-] cache.expiration_time = 600 log_opt_values /usr/lib/python3/dist-packages/oslo_config/cfg.py:2609
2025-11-06 01:42:50.356 71376 DEBUG oslo_service.service [-] cache.memcache_dead_retry = 300 log_opt_values /usr/lib/python3/dist-packages/oslo_config/cfg.py:2609
2025-11-06 01:42:50.356 71376 DEBUG oslo_service.service [-] cache.memcache_pool_connection_get_timeout = 10 log_opt_values /usr/lib/python3/dist-packages/oslo_config/cfg.py:2609
2025-11-06 01:42:50.356 71376 DEBUG oslo_service.service [-] cache.memcache_pool_flush_on_reconnect = False log_opt_values /usr/lib/python3/dist-packages/oslo_config/cfg.py:2609
2025-11-06 01:42:50.356 71376 DEBUG oslo_service.service [-] cache.memcache_pool_maxsize = 10 log_opt_values /usr/lib/python3/dist-packages/oslo_config/cfg.py:2609
2025-11-06 01:42:50.356 71376 DEBUG oslo_service.service [-] cache.memcache_pool_unused_timeout = 60 log_opt_values /usr/lib/python3/dist-packages/oslo_config/cfg.py:2609
2025-11-06 01:42:50.357 71376 DEBUG oslo_service.service [-] cache.memcache_servers = ['localhost:11211'] log_opt_values /usr/lib/python3/dist-packages/oslo_config/cfg.py:2609
2025-11-06 01:42:50.357 71376 DEBUG oslo_service.service [-] cache.memcache_socket_timeout = 1.0 log_opt_values /usr/lib/python3/dist-packages/oslo_config/cfg.py:2609
2025-11-06 01:42:50.357 71376 DEBUG oslo_service.service [-] cache.proxies = [] log_opt_values /usr/lib/python3/dist-packages/oslo_config/cfg.py:2609
2025-11-06 01:42:50.357 71376 DEBUG oslo_service.service [-] cache.tls_allowed_ciphers = None log_opt_values /usr/lib/python3/dist-packages/oslo_config/cfg.py:2609
2025-11-06 01:42:50.357 71376 DEBUG oslo_service.service [-] cache.tls_cafile = None log_opt_values /usr/lib/python3/dist-packages/oslo_config/cfg.py:2609
2025-11-06 01:42:50.357 71376 DEBUG oslo_service.service [-] cache.tls_certfile = None log_opt_values /usr/lib/python3/dist-packages/oslo_config/cfg.py:2609
2025-11-06 01:42:50.357 71376 DEBUG oslo_service.service [-] cache.tls_enabled = False log_opt_values /usr/lib/python3/dist-packages/oslo_config/cfg.py:2609
2025-11-06 01:42:50.357 71376 DEBUG oslo_service.service [-] cache.tls_keyfile = None log_opt_values /usr/lib/python3/dist-packages/oslo_config/cfg.py:2609
2025-11-06 01:42:50.358 71376 DEBUG oslo_service.service [-] constraint_validation_cache.caching = True log_opt_values /usr/lib/python3/dist-packages/oslo_config/cfg.py:2609
2025-11-06 01:42:50.358 71376 DEBUG oslo_service.service [-] constraint_validation_cache.expiration_time = 60 log_opt_values /usr/lib/python3/dist-packages/oslo_config/cfg.py:2609
2025-11-06 01:42:50.358 71376 DEBUG oslo_service.service [-] service_extension_cache.caching = True log_opt_values /usr/lib/python3/dist-packages/oslo_config/cfg.py:2609
2025-11-06 01:42:50.358 71376 DEBUG oslo_service.service [-] service_extension_cache.expiration_time = 3600 log_opt_values /usr/lib/python3/dist-packages/oslo_config/cfg.py:2609
2025-11-06 01:42:50.358 71376 DEBUG oslo_service.service [-] resource_finder_cache.caching = True log_opt_values /usr/lib/python3/dist-packages/oslo_config/cfg.py:2609
2025-11-06 01:42:50.358 71376 DEBUG oslo_service.service [-] resource_finder_cache.expiration_time = 3600 log_opt_values /usr/lib/python3/dist-packages/oslo_config/cfg.py:2609
2025-11-06 01:42:50.359 71376 DEBUG oslo_service.service [-] yaql.limit_iterators = 200 log_opt_values /usr/lib/python3/dist-packages/oslo_config/cfg.py:2609
2025-11-06 01:42:50.359 71376 DEBUG oslo_service.service [-] yaql.memory_quota = 10000 log_opt_values /usr/lib/python3/dist-packages/oslo_config/cfg.py:2609
2025-11-06 01:42:50.359 71376 DEBUG oslo_service.service [-] ******************************************************************************** log_opt_values /usr/lib/python3/dist-packages/oslo_config/cfg.py:2613
2025-11-06 01:42:50.379 71732 DEBUG oslo_db.sqlalchemy.engines [req-2a7d32ca-7357-47cc-a076-152363ae5980 - - - - -] MySQL server mode set to STRICT_TRANS_TABLES,STRICT_ALL_TABLES,NO_ZERO_IN_DATE,NO_ZERO_DATE,ERROR_FOR_DIVISION_BY_ZERO,TRADITIONAL,NO_ENGINE_SUBSTITUTION _check_effective_sql_mode /usr/lib/python3/dist-packages/oslo_db/sqlalchemy/engines.py:314
2025-11-06 01:42:50.400 71731 DEBUG oslo_db.sqlalchemy.engines [req-7f9f3940-240b-4ec1-b8d8-5c200b8a025a - - - - -] MySQL server mode set to STRICT_TRANS_TABLES,STRICT_ALL_TABLES,NO_ZERO_IN_DATE,NO_ZERO_DATE,ERROR_FOR_DIVISION_BY_ZERO,TRADITIONAL,NO_ENGINE_SUBSTITUTION _check_effective_sql_mode /usr/lib/python3/dist-packages/oslo_db/sqlalchemy/engines.py:314
2025-11-06 01:42:50.411 71734 DEBUG oslo_db.sqlalchemy.engines [req-33cf32e0-9d4a-479c-887c-79e8893739a3 - - - - -] MySQL server mode set to STRICT_TRANS_TABLES,STRICT_ALL_TABLES,NO_ZERO_IN_DATE,NO_ZERO_DATE,ERROR_FOR_DIVISION_BY_ZERO,TRADITIONAL,NO_ENGINE_SUBSTITUTION _check_effective_sql_mode /usr/lib/python3/dist-packages/oslo_db/sqlalchemy/engines.py:314
2025-11-06 01:42:50.422 71733 DEBUG oslo_db.sqlalchemy.engines [req-560f0364-27b8-4ede-8edc-af08ea25b9da - - - - -] MySQL server mode set to STRICT_TRANS_TABLES,STRICT_ALL_TABLES,NO_ZERO_IN_DATE,NO_ZERO_DATE,ERROR_FOR_DIVISION_BY_ZERO,TRADITIONAL,NO_ENGINE_SUBSTITUTION _check_effective_sql_mode /usr/lib/python3/dist-packages/oslo_db/sqlalchemy/engines.py:314
2025-11-06 01:42:50.464 71732 DEBUG heat.engine.service [req-558db8d9-842d-44e9-8406-ff862b42be1d - - - - -] Service 2243c023-fba4-4163-926f-fb90072a66f0 is started service_manage_report /usr/lib/python3/dist-packages/heat/engine/service.py:2363
2025-11-06 01:42:50.477 71731 DEBUG heat.engine.service [req-427f61d3-93a8-41aa-9821-e186735dccb3 - - - - -] Service fbb44ed6-b530-441d-b50e-d475b9747572 is started service_manage_report /usr/lib/python3/dist-packages/heat/engine/service.py:2363
2025-11-06 01:42:50.478 71734 DEBUG heat.engine.service [req-bce398d6-0f61-45ca-a24b-c93ff0ecd6fe - - - - -] Service c03145e4-8c1f-45bb-86f8-4f59888c5d70 is started service_manage_report /usr/lib/python3/dist-packages/heat/engine/service.py:2363
2025-11-06 01:42:50.485 71732 DEBUG heat.engine.service [req-558db8d9-842d-44e9-8406-ff862b42be1d - - - - -] Service 2243c023-fba4-4163-926f-fb90072a66f0 is updated service_manage_report /usr/lib/python3/dist-packages/heat/engine/service.py:2370
2025-11-06 01:42:50.492 71731 DEBUG heat.engine.service [req-427f61d3-93a8-41aa-9821-e186735dccb3 - - - - -] Service fbb44ed6-b530-441d-b50e-d475b9747572 is updated service_manage_report /usr/lib/python3/dist-packages/heat/engine/service.py:2370
2025-11-06 01:42:50.492 71733 DEBUG heat.engine.service [req-4fbd3ffe-7c30-45fd-8941-d798a439a81c - - - - -] Service 0d58c21f-b004-4e85-a2ce-275e8e46763d is started service_manage_report /usr/lib/python3/dist-packages/heat/engine/service.py:2363
2025-11-06 01:42:50.495 71734 DEBUG heat.engine.service [req-bce398d6-0f61-45ca-a24b-c93ff0ecd6fe - - - - -] Service c03145e4-8c1f-45bb-86f8-4f59888c5d70 is updated service_manage_report /usr/lib/python3/dist-packages/heat/engine/service.py:2370
2025-11-06 01:42:50.508 71733 DEBUG heat.engine.service [req-4fbd3ffe-7c30-45fd-8941-d798a439a81c - - - - -] Service 0d58c21f-b004-4e85-a2ce-275e8e46763d is updated service_manage_report /usr/lib/python3/dist-packages/heat/engine/service.py:2370
2025-11-06 01:43:50.450 71732 DEBUG heat.engine.service [req-a8e0d526-b407-46ad-bb36-c88f7669b6a2 - - - - -] Service 2243c023-fba4-4163-926f-fb90072a66f0 is updated service_manage_report /usr/lib/python3/dist-packages/heat/engine/service.py:2370
2025-11-06 01:43:50.469 71731 DEBUG heat.engine.service [req-e0d2cd56-fc0c-40f9-9389-3636f7750b2f - - - - -] Service fbb44ed6-b530-441d-b50e-d475b9747572 is updated service_manage_report /usr/lib/python3/dist-packages/heat/engine/service.py:2370
2025-11-06 01:43:50.472 71734 DEBUG heat.engine.service [req-cf41105b-35b8-4074-83da-1d93c1c2a491 - - - - -] Service c03145e4-8c1f-45bb-86f8-4f59888c5d70 is updated service_manage_report /usr/lib/python3/dist-packages/heat/engine/service.py:2370
2025-11-06 01:43:50.544 71733 DEBUG heat.engine.service [req-dcf0de32-c78e-46a4-9d6b-86093e11412b - - - - -] Service 0d58c21f-b004-4e85-a2ce-275e8e46763d is updated service_manage_report /usr/lib/python3/dist-packages/heat/engine/service.py:2370
2025-11-06 01:44:50.454 71732 DEBUG heat.engine.service [req-fa8cfe53-0861-4034-accd-4e6317d616a3 - - - - -] Service 2243c023-fba4-4163-926f-fb90072a66f0 is updated service_manage_report /usr/lib/python3/dist-packages/heat/engine/service.py:2370
2025-11-06 01:44:50.462 71731 DEBUG heat.engine.service [req-efb9516d-4961-4b6b-b759-ec60e039ce01 - - - - -] Service fbb44ed6-b530-441d-b50e-d475b9747572 is updated service_manage_report /usr/lib/python3/dist-packages/heat/engine/service.py:2370
2025-11-06 01:44:50.465 71734 DEBUG heat.engine.service [req-9aa8a1b1-ac89-4bc8-a654-f8890df3e5bf - - - - -] Service c03145e4-8c1f-45bb-86f8-4f59888c5d70 is updated service_manage_report /usr/lib/python3/dist-packages/heat/engine/service.py:2370
2025-11-06 01:44:50.490 71733 DEBUG heat.engine.service [req-121d2e8f-4467-47ea-b4fa-02116d4acc2c - - - - -] Service 0d58c21f-b004-4e85-a2ce-275e8e46763d is updated service_manage_report /usr/lib/python3/dist-packages/heat/engine/service.py:2370
2025-11-06 01:45:50.459 71732 DEBUG heat.engine.service [req-142967ce-1395-4842-9a2d-0f415b7ad58a - - - - -] Service 2243c023-fba4-4163-926f-fb90072a66f0 is updated service_manage_report /usr/lib/python3/dist-packages/heat/engine/service.py:2370
2025-11-06 01:45:50.467 71731 DEBUG heat.engine.service [req-1f5e9bbf-295d-4fcd-bafd-3323a24436c8 - - - - -] Service fbb44ed6-b530-441d-b50e-d475b9747572 is updated service_manage_report /usr/lib/python3/dist-packages/heat/engine/service.py:2370
2025-11-06 01:45:50.473 71734 DEBUG heat.engine.service [req-b95dad50-df5d-49f5-8814-f6584c6dfae2 - - - - -] Service c03145e4-8c1f-45bb-86f8-4f59888c5d70 is updated service_manage_report /usr/lib/python3/dist-packages/heat/engine/service.py:2370
2025-11-06 01:45:50.493 71733 DEBUG heat.engine.service [req-f56a801f-af74-48e1-bb6d-7845cacbcd3d - - - - -] Service 0d58c21f-b004-4e85-a2ce-275e8e46763d is updated service_manage_report /usr/lib/python3/dist-packages/heat/engine/service.py:2370
2025-11-06 01:46:50.462 71731 DEBUG heat.engine.service [req-e56614cc-0503-4eb2-bcb2-16921a879851 - - - - -] Service fbb44ed6-b530-441d-b50e-d475b9747572 is updated service_manage_report /usr/lib/python3/dist-packages/heat/engine/service.py:2370
2025-11-06 01:46:50.472 71732 DEBUG heat.engine.service [req-561e3f69-c692-40c8-a7c5-e73b9cfc26c4 - - - - -] Service 2243c023-fba4-4163-926f-fb90072a66f0 is updated service_manage_report /usr/lib/python3/dist-packages/heat/engine/service.py:2370
2025-11-06 01:46:50.473 71734 DEBUG heat.engine.service [req-6b6900fa-53c7-453e-b6b1-b2e0ddd2585d - - - - -] Service c03145e4-8c1f-45bb-86f8-4f59888c5d70 is updated service_manage_report /usr/lib/python3/dist-packages/heat/engine/service.py:2370
2025-11-06 01:46:50.497 71733 DEBUG heat.engine.service [req-67cd904c-2b0e-4149-ab53-d6ea4928ddd3 - - - - -] Service 0d58c21f-b004-4e85-a2ce-275e8e46763d is updated service_manage_report /usr/lib/python3/dist-packages/heat/engine/service.py:2370
2025-11-06 01:47:50.472 71732 DEBUG heat.engine.service [req-f685d634-43f4-498f-a027-4bd2a4a76340 - - - - -] Service 2243c023-fba4-4163-926f-fb90072a66f0 is updated service_manage_report /usr/lib/python3/dist-packages/heat/engine/service.py:2370
2025-11-06 01:47:50.472 71731 DEBUG heat.engine.service [req-3b3d0647-1637-4bac-b545-32113af559b2 - - - - -] Service fbb44ed6-b530-441d-b50e-d475b9747572 is updated service_manage_report /usr/lib/python3/dist-packages/heat/engine/service.py:2370
2025-11-06 01:47:50.477 71734 DEBUG heat.engine.service [req-ed65c3ef-ea41-4b1a-a3e3-dd89a821c632 - - - - -] Service c03145e4-8c1f-45bb-86f8-4f59888c5d70 is updated service_manage_report /usr/lib/python3/dist-packages/heat/engine/service.py:2370
2025-11-06 01:47:50.503 71733 DEBUG heat.engine.service [req-2a70410c-ed33-45ba-bba1-0ee8bd27aad2 - - - - -] Service 0d58c21f-b004-4e85-a2ce-275e8e46763d is updated service_manage_report /usr/lib/python3/dist-packages/heat/engine/service.py:2370
2025-11-06 01:48:50.467 71731 DEBUG heat.engine.service [req-12e274fc-2dc3-4c59-a1c4-6375c51b1cb8 - - - - -] Service fbb44ed6-b530-441d-b50e-d475b9747572 is updated service_manage_report /usr/lib/python3/dist-packages/heat/engine/service.py:2370
2025-11-06 01:48:50.471 71734 DEBUG heat.engine.service [req-ab563e6f-7d59-41af-a8df-7becbdb2497f - - - - -] Service c03145e4-8c1f-45bb-86f8-4f59888c5d70 is updated service_manage_report /usr/lib/python3/dist-packages/heat/engine/service.py:2370
2025-11-06 01:48:50.471 71732 DEBUG heat.engine.service [req-0a989ac6-f4ff-4cab-b43d-ca96fe2b2bb1 - - - - -] Service 2243c023-fba4-4163-926f-fb90072a66f0 is updated service_manage_report /usr/lib/python3/dist-packages/heat/engine/service.py:2370
2025-11-06 01:48:50.498 71733 DEBUG heat.engine.service [req-c12abd2e-0f2e-406b-aac4-b7dc8e69f997 - - - - -] Service 0d58c21f-b004-4e85-a2ce-275e8e46763d is updated service_manage_report /usr/lib/python3/dist-packages/heat/engine/service.py:2370
2025-11-06 01:49:50.465 71732 DEBUG heat.engine.service [req-aa7800e9-7bd3-47aa-89ab-ca8a177f2783 - - - - -] Service 2243c023-fba4-4163-926f-fb90072a66f0 is updated service_manage_report /usr/lib/python3/dist-packages/heat/engine/service.py:2370
2025-11-06 01:49:50.474 71731 DEBUG heat.engine.service [req-bd4fd21e-fc38-447f-844c-576c23554207 - - - - -] Service fbb44ed6-b530-441d-b50e-d475b9747572 is updated service_manage_report /usr/lib/python3/dist-packages/heat/engine/service.py:2370
2025-11-06 01:49:50.476 71734 DEBUG heat.engine.service [req-89f52bd6-6305-4d88-8c3f-cc5a06d6e73f - - - - -] Service c03145e4-8c1f-45bb-86f8-4f59888c5d70 is updated service_manage_report /usr/lib/python3/dist-packages/heat/engine/service.py:2370
2025-11-06 01:49:50.501 71733 DEBUG heat.engine.service [req-5b10e050-b6f1-4030-be26-49d8175ade63 - - - - -] Service 0d58c21f-b004-4e85-a2ce-275e8e46763d is updated service_manage_report /usr/lib/python3/dist-packages/heat/engine/service.py:2370
2025-11-06 01:50:50.474 71731 DEBUG heat.engine.service [req-226b013f-01e9-4374-b53f-f31e189d84ec - - - - -] Service fbb44ed6-b530-441d-b50e-d475b9747572 is updated service_manage_report /usr/lib/python3/dist-packages/heat/engine/service.py:2370
2025-11-06 01:50:50.475 71732 DEBUG heat.engine.service [req-f548a765-3a11-4227-941d-19968d934add - - - - -] Service 2243c023-fba4-4163-926f-fb90072a66f0 is updated service_manage_report /usr/lib/python3/dist-packages/heat/engine/service.py:2370
2025-11-06 01:50:50.479 71734 DEBUG heat.engine.service [req-188c6da4-b67c-4337-9750-0adce13dd25c - - - - -] Service c03145e4-8c1f-45bb-86f8-4f59888c5d70 is updated service_manage_report /usr/lib/python3/dist-packages/heat/engine/service.py:2370
2025-11-06 01:50:50.506 71733 DEBUG heat.engine.service [req-1d0346f4-532b-4914-99d2-cd17799f6fc2 - - - - -] Service 0d58c21f-b004-4e85-a2ce-275e8e46763d is updated service_manage_report /usr/lib/python3/dist-packages/heat/engine/service.py:2370
2025-11-06 01:51:50.471 71731 DEBUG heat.engine.service [req-cfe3084e-f5d7-4455-b007-963077255e02 - - - - -] Service fbb44ed6-b530-441d-b50e-d475b9747572 is updated service_manage_report /usr/lib/python3/dist-packages/heat/engine/service.py:2370
2025-11-06 01:51:50.473 71732 DEBUG heat.engine.service [req-03d785f2-e725-40ee-ba85-546fc7c210d3 - - - - -] Service 2243c023-fba4-4163-926f-fb90072a66f0 is updated service_manage_report /usr/lib/python3/dist-packages/heat/engine/service.py:2370
2025-11-06 01:51:50.484 71734 DEBUG heat.engine.service [req-c2d21da5-29ee-4bdb-a4eb-a7e8e4594cbc - - - - -] Service c03145e4-8c1f-45bb-86f8-4f59888c5d70 is updated service_manage_report /usr/lib/python3/dist-packages/heat/engine/service.py:2370
2025-11-06 01:51:50.511 71733 DEBUG heat.engine.service [req-d4917416-afcc-4277-8f8b-9e13690e9a08 - - - - -] Service 0d58c21f-b004-4e85-a2ce-275e8e46763d is updated service_manage_report /usr/lib/python3/dist-packages/heat/engine/service.py:2370
2025-11-06 01:52:50.472 71731 DEBUG heat.engine.service [req-ff05ada9-39dc-48b2-9775-e7efd17014c9 - - - - -] Service fbb44ed6-b530-441d-b50e-d475b9747572 is updated service_manage_report /usr/lib/python3/dist-packages/heat/engine/service.py:2370
2025-11-06 01:52:50.478 71732 DEBUG heat.engine.service [req-36f20f5b-6268-4733-87bc-1ea10c444308 - - - - -] Service 2243c023-fba4-4163-926f-fb90072a66f0 is updated service_manage_report /usr/lib/python3/dist-packages/heat/engine/service.py:2370
2025-11-06 01:52:50.484 71734 DEBUG heat.engine.service [req-c8fd32af-fa10-4d6a-970a-abab17419db4 - - - - -] Service c03145e4-8c1f-45bb-86f8-4f59888c5d70 is updated service_manage_report /usr/lib/python3/dist-packages/heat/engine/service.py:2370
2025-11-06 01:52:50.518 71733 DEBUG heat.engine.service [req-aeb23b38-53d6-4e85-9ca5-1b3eb27879c4 - - - - -] Service 0d58c21f-b004-4e85-a2ce-275e8e46763d is updated service_manage_report /usr/lib/python3/dist-packages/heat/engine/service.py:2370
2025-11-06 01:53:50.465 71732 DEBUG heat.engine.service [req-c8f24c54-7a83-4709-b374-c71f769a376e - - - - -] Service 2243c023-fba4-4163-926f-fb90072a66f0 is updated service_manage_report /usr/lib/python3/dist-packages/heat/engine/service.py:2370
2025-11-06 01:53:50.470 71731 DEBUG heat.engine.service [req-76c981a6-87ea-4102-b0bb-7cda136b8508 - - - - -] Service fbb44ed6-b530-441d-b50e-d475b9747572 is updated service_manage_report /usr/lib/python3/dist-packages/heat/engine/service.py:2370
2025-11-06 01:53:50.477 71734 DEBUG heat.engine.service [req-623fca7d-7dc9-4c79-ae75-094ebe0e36bb - - - - -] Service c03145e4-8c1f-45bb-86f8-4f59888c5d70 is updated service_manage_report /usr/lib/python3/dist-packages/heat/engine/service.py:2370
2025-11-06 01:53:50.512 71733 DEBUG heat.engine.service [req-c7dba796-0627-4231-99a2-8be7c1c8b4b0 - - - - -] Service 0d58c21f-b004-4e85-a2ce-275e8e46763d is updated service_manage_report /usr/lib/python3/dist-packages/heat/engine/service.py:2370
2025-11-06 01:54:50.466 71731 DEBUG heat.engine.service [req-8905f1bc-fcaa-45e3-b880-15ac663ad68f - - - - -] Service fbb44ed6-b530-441d-b50e-d475b9747572 is updated service_manage_report /usr/lib/python3/dist-packages/heat/engine/service.py:2370
2025-11-06 01:54:50.474 71732 DEBUG heat.engine.service [req-27b381ae-9f74-4b43-b38a-13ad64ad1f57 - - - - -] Service 2243c023-fba4-4163-926f-fb90072a66f0 is updated service_manage_report /usr/lib/python3/dist-packages/heat/engine/service.py:2370
2025-11-06 01:54:50.484 71734 DEBUG heat.engine.service [req-151649b6-d027-4c35-b868-8d7c6349f708 - - - - -] Service c03145e4-8c1f-45bb-86f8-4f59888c5d70 is updated service_manage_report /usr/lib/python3/dist-packages/heat/engine/service.py:2370
2025-11-06 01:54:50.517 71733 DEBUG heat.engine.service [req-a71e60a7-5049-4f5e-9f7e-4075f6ad511b - - - - -] Service 0d58c21f-b004-4e85-a2ce-275e8e46763d is updated service_manage_report /usr/lib/python3/dist-packages/heat/engine/service.py:2370
2025-11-06 01:55:50.463 71731 DEBUG heat.engine.service [req-3a921aaa-3f6f-45ed-b767-baef6ccad8a7 - - - - -] Service fbb44ed6-b530-441d-b50e-d475b9747572 is updated service_manage_report /usr/lib/python3/dist-packages/heat/engine/service.py:2370
2025-11-06 01:55:50.468 71732 DEBUG heat.engine.service [req-7fd96c4a-f4da-4754-82b3-655c904461b1 - - - - -] Service 2243c023-fba4-4163-926f-fb90072a66f0 is updated service_manage_report /usr/lib/python3/dist-packages/heat/engine/service.py:2370
2025-11-06 01:55:50.481 71734 DEBUG heat.engine.service [req-791b0701-ee0a-45be-becd-cf5e1583a5d0 - - - - -] Service c03145e4-8c1f-45bb-86f8-4f59888c5d70 is updated service_manage_report /usr/lib/python3/dist-packages/heat/engine/service.py:2370
2025-11-06 01:55:50.522 71733 DEBUG heat.engine.service [req-6d10e1b0-6d1e-4d74-bf81-fa15ac2eb392 - - - - -] Service 0d58c21f-b004-4e85-a2ce-275e8e46763d is updated service_manage_report /usr/lib/python3/dist-packages/heat/engine/service.py:2370
2025-11-06 01:56:50.459 71731 DEBUG heat.engine.service [req-304b5f7b-e1f4-4a4f-8ea8-b9349e139c20 - - - - -] Service fbb44ed6-b530-441d-b50e-d475b9747572 is updated service_manage_report /usr/lib/python3/dist-packages/heat/engine/service.py:2370
2025-11-06 01:56:50.478 71732 DEBUG heat.engine.service [req-a1ed5840-1800-4f02-84f7-6147eac8068d - - - - -] Service 2243c023-fba4-4163-926f-fb90072a66f0 is updated service_manage_report /usr/lib/python3/dist-packages/heat/engine/service.py:2370
2025-11-06 01:56:50.480 71734 DEBUG heat.engine.service [req-9e309b71-0716-4e5d-9ecb-1c0c56e993b7 - - - - -] Service c03145e4-8c1f-45bb-86f8-4f59888c5d70 is updated service_manage_report /usr/lib/python3/dist-packages/heat/engine/service.py:2370
2025-11-06 01:56:50.528 71733 DEBUG heat.engine.service [req-635e60d0-9e7d-4674-9f78-567b48f786c9 - - - - -] Service 0d58c21f-b004-4e85-a2ce-275e8e46763d is updated service_manage_report /usr/lib/python3/dist-packages/heat/engine/service.py:2370
2025-11-06 01:57:50.467 71731 DEBUG heat.engine.service [req-0ab8798c-c544-4bd3-ab10-c77a099f7f50 - - - - -] Service fbb44ed6-b530-441d-b50e-d475b9747572 is updated service_manage_report /usr/lib/python3/dist-packages/heat/engine/service.py:2370
2025-11-06 01:57:50.479 71734 DEBUG heat.engine.service [req-fc0b47db-df33-4b84-90df-aea8867cc9f7 - - - - -] Service c03145e4-8c1f-45bb-86f8-4f59888c5d70 is updated service_manage_report /usr/lib/python3/dist-packages/heat/engine/service.py:2370
2025-11-06 01:57:50.485 71732 DEBUG heat.engine.service [req-614481d7-1f65-404d-916a-0652e1c5da13 - - - - -] Service 2243c023-fba4-4163-926f-fb90072a66f0 is updated service_manage_report /usr/lib/python3/dist-packages/heat/engine/service.py:2370
2025-11-06 01:57:50.531 71733 DEBUG heat.engine.service [req-38307d66-39a5-42e6-8b2e-fe517fec0565 - - - - -] Service 0d58c21f-b004-4e85-a2ce-275e8e46763d is updated service_manage_report /usr/lib/python3/dist-packages/heat/engine/service.py:2370
2025-11-06 01:58:50.463 71731 DEBUG heat.engine.service [req-0a7726d0-730f-4a04-887c-940c2c3b52bc - - - - -] Service fbb44ed6-b530-441d-b50e-d475b9747572 is updated service_manage_report /usr/lib/python3/dist-packages/heat/engine/service.py:2370
2025-11-06 01:58:50.474 71732 DEBUG heat.engine.service [req-fdd9d0d8-cc1b-430f-adc7-7c3dab1c91d8 - - - - -] Service 2243c023-fba4-4163-926f-fb90072a66f0 is updated service_manage_report /usr/lib/python3/dist-packages/heat/engine/service.py:2370
2025-11-06 01:58:50.475 71734 DEBUG heat.engine.service [req-cc8b1657-82e0-4927-84ce-b6aa14794fd8 - - - - -] Service c03145e4-8c1f-45bb-86f8-4f59888c5d70 is updated service_manage_report /usr/lib/python3/dist-packages/heat/engine/service.py:2370
2025-11-06 01:58:50.536 71733 DEBUG heat.engine.service [req-c2ef44fe-aa73-4f7f-b1da-82a5e36c5b70 - - - - -] Service 0d58c21f-b004-4e85-a2ce-275e8e46763d is updated service_manage_report /usr/lib/python3/dist-packages/heat/engine/service.py:2370
2025-11-06 01:59:50.464 71731 DEBUG heat.engine.service [req-c8f81b23-0648-4adf-a118-042e5107016f - - - - -] Service fbb44ed6-b530-441d-b50e-d475b9747572 is updated service_manage_report /usr/lib/python3/dist-packages/heat/engine/service.py:2370
2025-11-06 01:59:50.471 71734 DEBUG heat.engine.service [req-c426d825-4224-4da8-9c69-47d0fcaa47ab - - - - -] Service c03145e4-8c1f-45bb-86f8-4f59888c5d70 is updated service_manage_report /usr/lib/python3/dist-packages/heat/engine/service.py:2370
2025-11-06 01:59:50.473 71732 DEBUG heat.engine.service [req-8be9f374-98c5-4453-960d-0004ccae8a47 - - - - -] Service 2243c023-fba4-4163-926f-fb90072a66f0 is updated service_manage_report /usr/lib/python3/dist-packages/heat/engine/service.py:2370
2025-11-06 01:59:50.541 71733 DEBUG heat.engine.service [req-03e10dac-1ca8-4443-9796-1a667d71c5b8 - - - - -] Service 0d58c21f-b004-4e85-a2ce-275e8e46763d is updated service_manage_report /usr/lib/python3/dist-packages/heat/engine/service.py:2370
2025-11-06 02:00:50.461 71731 DEBUG heat.engine.service [req-3efa2be1-33e5-43cc-8b30-fa3755adbeec - - - - -] Service fbb44ed6-b530-441d-b50e-d475b9747572 is updated service_manage_report /usr/lib/python3/dist-packages/heat/engine/service.py:2370
2025-11-06 02:00:50.469 71732 DEBUG heat.engine.service [req-5cdc3d1e-5ae9-4691-bf0e-7fe27367fb97 - - - - -] Service 2243c023-fba4-4163-926f-fb90072a66f0 is updated service_manage_report /usr/lib/python3/dist-packages/heat/engine/service.py:2370
2025-11-06 02:00:50.469 71734 DEBUG heat.engine.service [req-3aaf98db-383b-4377-9c55-e787f2ee5ffc - - - - -] Service c03145e4-8c1f-45bb-86f8-4f59888c5d70 is updated service_manage_report /usr/lib/python3/dist-packages/heat/engine/service.py:2370
2025-11-06 02:00:50.547 71733 DEBUG heat.engine.service [req-2d880de6-78cb-46df-b16b-e8122bb467fa - - - - -] Service 0d58c21f-b004-4e85-a2ce-275e8e46763d is updated service_manage_report /usr/lib/python3/dist-packages/heat/engine/service.py:2370
2025-11-06 02:01:50.465 71732 DEBUG heat.engine.service [req-ba3ac4be-969a-4df6-a434-5edddd49c888 - - - - -] Service 2243c023-fba4-4163-926f-fb90072a66f0 is updated service_manage_report /usr/lib/python3/dist-packages/heat/engine/service.py:2370
2025-11-06 02:01:50.466 71731 DEBUG heat.engine.service [req-ebc25dbb-b1d2-456f-9141-ef50298c6d86 - - - - -] Service fbb44ed6-b530-441d-b50e-d475b9747572 is updated service_manage_report /usr/lib/python3/dist-packages/heat/engine/service.py:2370
2025-11-06 02:01:50.466 71734 DEBUG heat.engine.service [req-caa471d4-48e5-4ec0-ada9-fb2ca165f10b - - - - -] Service c03145e4-8c1f-45bb-86f8-4f59888c5d70 is updated service_manage_report /usr/lib/python3/dist-packages/heat/engine/service.py:2370
2025-11-06 02:01:50.542 71733 DEBUG heat.engine.service [req-3a8f4291-d86d-41d4-bc26-6549a62b8c85 - - - - -] Service 0d58c21f-b004-4e85-a2ce-275e8e46763d is updated service_manage_report /usr/lib/python3/dist-packages/heat/engine/service.py:2370
2025-11-06 02:02:50.460 71732 DEBUG heat.engine.service [req-0315fa8a-c726-461b-9865-5e304cbc4013 - - - - -] Service 2243c023-fba4-4163-926f-fb90072a66f0 is updated service_manage_report /usr/lib/python3/dist-packages/heat/engine/service.py:2370
2025-11-06 02:02:50.460 71734 DEBUG heat.engine.service [req-e7beaaee-ba48-4603-953d-59f72d52beb6 - - - - -] Service c03145e4-8c1f-45bb-86f8-4f59888c5d70 is updated service_manage_report /usr/lib/python3/dist-packages/heat/engine/service.py:2370
2025-11-06 02:02:50.470 71731 DEBUG heat.engine.service [req-45920d26-d571-4f64-a8c9-a3563543e70f - - - - -] Service fbb44ed6-b530-441d-b50e-d475b9747572 is updated service_manage_report /usr/lib/python3/dist-packages/heat/engine/service.py:2370
2025-11-06 02:02:50.547 71733 DEBUG heat.engine.service [req-3c56d3d3-61e8-4d32-bb49-81ef7f40d71b - - - - -] Service 0d58c21f-b004-4e85-a2ce-275e8e46763d is updated service_manage_report /usr/lib/python3/dist-packages/heat/engine/service.py:2370
2025-11-06 02:03:50.469 71734 DEBUG heat.engine.service [req-11d4d9c9-ee51-475f-b886-29b32f184d21 - - - - -] Service c03145e4-8c1f-45bb-86f8-4f59888c5d70 is updated service_manage_report /usr/lib/python3/dist-packages/heat/engine/service.py:2370
2025-11-06 02:03:50.471 71732 DEBUG heat.engine.service [req-f392528a-b654-4418-b3d7-6d86614fd8be - - - - -] Service 2243c023-fba4-4163-926f-fb90072a66f0 is updated service_manage_report /usr/lib/python3/dist-packages/heat/engine/service.py:2370
2025-11-06 02:03:50.474 71731 DEBUG heat.engine.service [req-62a0de23-f0ce-4a53-ae8b-54f86d11ddb3 - - - - -] Service fbb44ed6-b530-441d-b50e-d475b9747572 is updated service_manage_report /usr/lib/python3/dist-packages/heat/engine/service.py:2370
2025-11-06 02:03:50.553 71733 DEBUG heat.engine.service [req-897f8f1f-0f99-41f1-a926-c8bfeccd14b8 - - - - -] Service 0d58c21f-b004-4e85-a2ce-275e8e46763d is updated service_manage_report /usr/lib/python3/dist-packages/heat/engine/service.py:2370
2025-11-06 02:04:50.463 71734 DEBUG heat.engine.service [req-0e62c17c-eb85-46b7-8d87-437d46635eb3 - - - - -] Service c03145e4-8c1f-45bb-86f8-4f59888c5d70 is updated service_manage_report /usr/lib/python3/dist-packages/heat/engine/service.py:2370
2025-11-06 02:04:50.466 71732 DEBUG heat.engine.service [req-54b809f3-20d2-4717-9f89-220b5204281d - - - - -] Service 2243c023-fba4-4163-926f-fb90072a66f0 is updated service_manage_report /usr/lib/python3/dist-packages/heat/engine/service.py:2370
2025-11-06 02:04:50.479 71731 DEBUG heat.engine.service [req-94b0e517-0159-4aa2-9087-c048cf881d3a - - - - -] Service fbb44ed6-b530-441d-b50e-d475b9747572 is updated service_manage_report /usr/lib/python3/dist-packages/heat/engine/service.py:2370
2025-11-06 02:04:50.548 71733 DEBUG heat.engine.service [req-d8641df3-d548-4575-b8d0-312bdb71ac12 - - - - -] Service 0d58c21f-b004-4e85-a2ce-275e8e46763d is updated service_manage_report /usr/lib/python3/dist-packages/heat/engine/service.py:2370
2025-11-06 02:05:50.487 71734 DEBUG heat.engine.service [req-a1aeedbf-945c-483b-85c6-063df87bb674 - - - - -] Service c03145e4-8c1f-45bb-86f8-4f59888c5d70 is updated service_manage_report /usr/lib/python3/dist-packages/heat/engine/service.py:2370
2025-11-06 02:05:50.504 71732 DEBUG heat.engine.service [req-edc51022-eef4-4aec-acbe-0110291cf387 - - - - -] Service 2243c023-fba4-4163-926f-fb90072a66f0 is updated service_manage_report /usr/lib/python3/dist-packages/heat/engine/service.py:2370
2025-11-06 02:05:50.508 71731 DEBUG heat.engine.service [req-ee3e69c5-8a7a-4395-9d66-0fc9ac209b6b - - - - -] Service fbb44ed6-b530-441d-b50e-d475b9747572 is updated service_manage_report /usr/lib/python3/dist-packages/heat/engine/service.py:2370
2025-11-06 02:05:50.554 71733 DEBUG heat.engine.service [req-da3799e3-de2f-4533-96ec-3116c03b2592 - - - - -] Service 0d58c21f-b004-4e85-a2ce-275e8e46763d is updated service_manage_report /usr/lib/python3/dist-packages/heat/engine/service.py:2370
2025-11-06 02:06:50.470 71732 DEBUG heat.engine.service [req-c5371e0c-ea8a-4110-a7dd-e062690e49dd - - - - -] Service 2243c023-fba4-4163-926f-fb90072a66f0 is updated service_manage_report /usr/lib/python3/dist-packages/heat/engine/service.py:2370
2025-11-06 02:06:50.475 71734 DEBUG heat.engine.service [req-87d6ab7e-4b05-406b-a0bb-860ffefcceb9 - - - - -] Service c03145e4-8c1f-45bb-86f8-4f59888c5d70 is updated service_manage_report /usr/lib/python3/dist-packages/heat/engine/service.py:2370
2025-11-06 02:06:50.483 71731 DEBUG heat.engine.service [req-93b01cf0-1222-4b7e-ad42-33b1073c5df3 - - - - -] Service fbb44ed6-b530-441d-b50e-d475b9747572 is updated service_manage_report /usr/lib/python3/dist-packages/heat/engine/service.py:2370
