2025-10-30 00:41:24.488 121861 DEBUG oslo_service.service [req-1c66b9c9-d3c8-4180-9952-e0b32f1d0e29 - - - - -] scheduler.placement_aggregate_required_for_tenants = False log_opt_values /usr/lib/python3/dist-packages/oslo_config/cfg.py:2609
2025-10-30 00:41:24.490 121861 DEBUG oslo_service.service [req-1c66b9c9-d3c8-4180-9952-e0b32f1d0e29 - - - - -] scheduler.query_placement_for_availability_zone = True log_opt_values /usr/lib/python3/dist-packages/oslo_config/cfg.py:2609
2025-10-30 00:41:24.490 121861 DEBUG oslo_service.service [req-1c66b9c9-d3c8-4180-9952-e0b32f1d0e29 - - - - -] scheduler.query_placement_for_image_type_support = False log_opt_values /usr/lib/python3/dist-packages/oslo_config/cfg.py:2609
2025-10-30 00:41:24.490 121861 DEBUG oslo_service.service [req-1c66b9c9-d3c8-4180-9952-e0b32f1d0e29 - - - - -] scheduler.query_placement_for_routed_network_aggregates = False log_opt_values /usr/lib/python3/dist-packages/oslo_config/cfg.py:2609
2025-10-30 00:41:24.491 121861 DEBUG oslo_service.service [req-1c66b9c9-d3c8-4180-9952-e0b32f1d0e29 - - - - -] scheduler.workers = 4 log_opt_values /usr/lib/python3/dist-packages/oslo_config/cfg.py:2609
2025-10-30 00:41:24.493 121861 DEBUG oslo_service.service [req-1c66b9c9-d3c8-4180-9952-e0b32f1d0e29 - - - - -] filter_scheduler.aggregate_image_properties_isolation_namespace = None log_opt_values /usr/lib/python3/dist-packages/oslo_config/cfg.py:2609
2025-10-30 00:41:24.493 121861 DEBUG oslo_service.service [req-1c66b9c9-d3c8-4180-9952-e0b32f1d0e29 - - - - -] filter_scheduler.aggregate_image_properties_isolation_separator = . log_opt_values /usr/lib/python3/dist-packages/oslo_config/cfg.py:2609
2025-10-30 00:41:24.494 121861 DEBUG oslo_service.service [req-1c66b9c9-d3c8-4180-9952-e0b32f1d0e29 - - - - -] filter_scheduler.available_filters = ['nova.scheduler.filters.all_filters'] log_opt_values /usr/lib/python3/dist-packages/oslo_config/cfg.py:2609
2025-10-30 00:41:24.495 121861 DEBUG oslo_service.service [req-1c66b9c9-d3c8-4180-9952-e0b32f1d0e29 - - - - -] filter_scheduler.build_failure_weight_multiplier = 0.0 log_opt_values /usr/lib/python3/dist-packages/oslo_config/cfg.py:2609
2025-10-30 00:41:24.496 121861 DEBUG oslo_service.service [req-1c66b9c9-d3c8-4180-9952-e0b32f1d0e29 - - - - -] filter_scheduler.cpu_weight_multiplier = 1.0 log_opt_values /usr/lib/python3/dist-packages/oslo_config/cfg.py:2609
2025-10-30 00:41:24.496 121861 DEBUG oslo_service.service [req-1c66b9c9-d3c8-4180-9952-e0b32f1d0e29 - - - - -] filter_scheduler.cross_cell_move_weight_multiplier = 1000000.0 log_opt_values /usr/lib/python3/dist-packages/oslo_config/cfg.py:2609
2025-10-30 00:41:24.496 121861 DEBUG oslo_service.service [req-1c66b9c9-d3c8-4180-9952-e0b32f1d0e29 - - - - -] filter_scheduler.disk_weight_multiplier = 1.0 log_opt_values /usr/lib/python3/dist-packages/oslo_config/cfg.py:2609
2025-10-30 00:41:24.497 121861 DEBUG oslo_service.service [req-1c66b9c9-d3c8-4180-9952-e0b32f1d0e29 - - - - -] filter_scheduler.enabled_filters = ['AvailabilityZoneFilter', 'ComputeFilter', 'ComputeCapabilitiesFilter', 'ImagePropertiesFilter', 'ServerGroupAntiAffinityFilter', 'ServerGroupAffinityFilter', 'DifferentHostFilter', 'SameHostFilter'] log_opt_values /usr/lib/python3/dist-packages/oslo_config/cfg.py:2609
2025-10-30 00:41:24.497 121861 DEBUG oslo_service.service [req-1c66b9c9-d3c8-4180-9952-e0b32f1d0e29 - - - - -] filter_scheduler.host_subset_size = 1 log_opt_values /usr/lib/python3/dist-packages/oslo_config/cfg.py:2609
2025-10-30 00:41:24.498 121861 DEBUG oslo_service.service [req-1c66b9c9-d3c8-4180-9952-e0b32f1d0e29 - - - - -] filter_scheduler.image_properties_default_architecture = None log_opt_values /usr/lib/python3/dist-packages/oslo_config/cfg.py:2609
2025-10-30 00:41:24.498 121861 DEBUG oslo_service.service [req-1c66b9c9-d3c8-4180-9952-e0b32f1d0e29 - - - - -] filter_scheduler.io_ops_weight_multiplier = -1.0 log_opt_values /usr/lib/python3/dist-packages/oslo_config/cfg.py:2609
2025-10-30 00:41:24.498 121861 DEBUG oslo_service.service [req-1c66b9c9-d3c8-4180-9952-e0b32f1d0e29 - - - - -] filter_scheduler.isolated_hosts = [] log_opt_values /usr/lib/python3/dist-packages/oslo_config/cfg.py:2609
2025-10-30 00:41:24.499 121861 DEBUG oslo_service.service [req-1c66b9c9-d3c8-4180-9952-e0b32f1d0e29 - - - - -] filter_scheduler.isolated_images = [] log_opt_values /usr/lib/python3/dist-packages/oslo_config/cfg.py:2609
2025-10-30 00:41:24.499 121861 DEBUG oslo_service.service [req-1c66b9c9-d3c8-4180-9952-e0b32f1d0e29 - - - - -] filter_scheduler.max_instances_per_host = 50 log_opt_values /usr/lib/python3/dist-packages/oslo_config/cfg.py:2609
2025-10-30 00:41:24.499 121861 DEBUG oslo_service.service [req-1c66b9c9-d3c8-4180-9952-e0b32f1d0e29 - - - - -] filter_scheduler.max_io_ops_per_host = 8 log_opt_values /usr/lib/python3/dist-packages/oslo_config/cfg.py:2609
2025-10-30 00:41:24.499 121861 DEBUG oslo_service.service [req-1c66b9c9-d3c8-4180-9952-e0b32f1d0e29 - - - - -] filter_scheduler.pci_weight_multiplier = 1.0 log_opt_values /usr/lib/python3/dist-packages/oslo_config/cfg.py:2609
2025-10-30 00:41:24.500 121861 DEBUG oslo_service.service [req-1c66b9c9-d3c8-4180-9952-e0b32f1d0e29 - - - - -] filter_scheduler.ram_weight_multiplier = 1.0 log_opt_values /usr/lib/python3/dist-packages/oslo_config/cfg.py:2609
2025-10-30 00:41:24.500 121861 DEBUG oslo_service.service [req-1c66b9c9-d3c8-4180-9952-e0b32f1d0e29 - - - - -] filter_scheduler.restrict_isolated_hosts_to_isolated_images = True log_opt_values /usr/lib/python3/dist-packages/oslo_config/cfg.py:2609
2025-10-30 00:41:24.501 121861 DEBUG oslo_service.service [req-1c66b9c9-d3c8-4180-9952-e0b32f1d0e29 - - - - -] filter_scheduler.shuffle_best_same_weighed_hosts = False log_opt_values /usr/lib/python3/dist-packages/oslo_config/cfg.py:2609
2025-10-30 00:41:24.501 121861 DEBUG oslo_service.service [req-1c66b9c9-d3c8-4180-9952-e0b32f1d0e29 - - - - -] filter_scheduler.soft_affinity_weight_multiplier = 1.0 log_opt_values /usr/lib/python3/dist-packages/oslo_config/cfg.py:2609
2025-10-30 00:41:24.501 121861 DEBUG oslo_service.service [req-1c66b9c9-d3c8-4180-9952-e0b32f1d0e29 - - - - -] filter_scheduler.soft_anti_affinity_weight_multiplier = 1.0 log_opt_values /usr/lib/python3/dist-packages/oslo_config/cfg.py:2609
2025-10-30 00:41:24.502 121861 DEBUG oslo_service.service [req-1c66b9c9-d3c8-4180-9952-e0b32f1d0e29 - - - - -] filter_scheduler.track_instance_changes = True log_opt_values /usr/lib/python3/dist-packages/oslo_config/cfg.py:2609
2025-10-30 00:41:24.502 121861 DEBUG oslo_service.service [req-1c66b9c9-d3c8-4180-9952-e0b32f1d0e29 - - - - -] filter_scheduler.weight_classes = ['nova.scheduler.weights.all_weighers'] log_opt_values /usr/lib/python3/dist-packages/oslo_config/cfg.py:2609
2025-10-30 00:41:24.502 121861 DEBUG oslo_service.service [req-1c66b9c9-d3c8-4180-9952-e0b32f1d0e29 - - - - -] metrics.required = True log_opt_values /usr/lib/python3/dist-packages/oslo_config/cfg.py:2609
2025-10-30 00:41:24.502 121861 DEBUG oslo_service.service [req-1c66b9c9-d3c8-4180-9952-e0b32f1d0e29 - - - - -] metrics.weight_multiplier = 1.0 log_opt_values /usr/lib/python3/dist-packages/oslo_config/cfg.py:2609
2025-10-30 00:41:24.503 121861 DEBUG oslo_service.service [req-1c66b9c9-d3c8-4180-9952-e0b32f1d0e29 - - - - -] metrics.weight_of_unavailable = -10000.0 log_opt_values /usr/lib/python3/dist-packages/oslo_config/cfg.py:2609
2025-10-30 00:41:24.503 121861 DEBUG oslo_service.service [req-1c66b9c9-d3c8-4180-9952-e0b32f1d0e29 - - - - -] metrics.weight_setting = [] log_opt_values /usr/lib/python3/dist-packages/oslo_config/cfg.py:2609
2025-10-30 00:41:24.503 122513 DEBUG oslo_messaging._drivers.amqpdriver [-] Listener is running poll /usr/lib/python3/dist-packages/oslo_messaging/_drivers/amqpdriver.py:343
2025-10-30 00:41:24.503 121861 DEBUG oslo_service.service [req-1c66b9c9-d3c8-4180-9952-e0b32f1d0e29 - - - - -] serial_console.base_url = wss://252.27.25.205:6083/ log_opt_values /usr/lib/python3/dist-packages/oslo_config/cfg.py:2609
2025-10-30 00:41:24.503 122513 DEBUG oslo_messaging._drivers.amqpdriver [-] AMQPListener connection consume poll /usr/lib/python3/dist-packages/oslo_messaging/_drivers/amqpdriver.py:357
2025-10-30 00:41:24.504 121861 DEBUG oslo_service.service [req-1c66b9c9-d3c8-4180-9952-e0b32f1d0e29 - - - - -] serial_console.enabled = False log_opt_values /usr/lib/python3/dist-packages/oslo_config/cfg.py:2609
2025-10-30 00:41:24.504 121861 DEBUG oslo_service.service [req-1c66b9c9-d3c8-4180-9952-e0b32f1d0e29 - - - - -] serial_console.port_range = 10000:20000 log_opt_values /usr/lib/python3/dist-packages/oslo_config/cfg.py:2609
2025-10-30 00:41:24.504 122513 DEBUG nova.service [req-249330d1-91c1-412d-a603-d417ab43b0b1 - - - - -] Join ServiceGroup membership for this service conductor start /usr/lib/python3/dist-packages/nova/service.py:199
2025-10-30 00:41:24.504 121861 DEBUG oslo_service.service [req-1c66b9c9-d3c8-4180-9952-e0b32f1d0e29 - - - - -] serial_console.proxyclient_address = 127.0.0.1 log_opt_values /usr/lib/python3/dist-packages/oslo_config/cfg.py:2609
2025-10-30 00:41:24.504 122513 DEBUG nova.servicegroup.drivers.db [req-249330d1-91c1-412d-a603-d417ab43b0b1 - - - - -] DB_Driver: join new ServiceGroup member juju-cb7c75-0-lxd-7 to the conductor group, service = join /usr/lib/python3/dist-packages/nova/servicegroup/drivers/db.py:44
2025-10-30 00:41:24.504 121861 DEBUG oslo_service.service [req-1c66b9c9-d3c8-4180-9952-e0b32f1d0e29 - - - - -] serial_console.serialproxy_host = 0.0.0.0 log_opt_values /usr/lib/python3/dist-packages/oslo_config/cfg.py:2609
2025-10-30 00:41:24.505 121861 DEBUG oslo_service.service [req-1c66b9c9-d3c8-4180-9952-e0b32f1d0e29 - - - - -] serial_console.serialproxy_port = 6083 log_opt_values /usr/lib/python3/dist-packages/oslo_config/cfg.py:2609
2025-10-30 00:41:24.505 121861 DEBUG oslo_service.service [req-1c66b9c9-d3c8-4180-9952-e0b32f1d0e29 - - - - -] service_user.auth_section = None log_opt_values /usr/lib/python3/dist-packages/oslo_config/cfg.py:2609
2025-10-30 00:41:24.505 121861 DEBUG oslo_service.service [req-1c66b9c9-d3c8-4180-9952-e0b32f1d0e29 - - - - -] service_user.auth_type = password log_opt_values /usr/lib/python3/dist-packages/oslo_config/cfg.py:2609
2025-10-30 00:41:24.505 121861 DEBUG oslo_service.service [req-1c66b9c9-d3c8-4180-9952-e0b32f1d0e29 - - - - -] service_user.cafile = None log_opt_values /usr/lib/python3/dist-packages/oslo_config/cfg.py:2609
2025-10-30 00:41:24.506 121861 DEBUG oslo_service.service [req-1c66b9c9-d3c8-4180-9952-e0b32f1d0e29 - - - - -] service_user.certfile = None log_opt_values /usr/lib/python3/dist-packages/oslo_config/cfg.py:2609
2025-10-30 00:41:24.506 121861 DEBUG oslo_service.service [req-1c66b9c9-d3c8-4180-9952-e0b32f1d0e29 - - - - -] service_user.collect_timing = False log_opt_values /usr/lib/python3/dist-packages/oslo_config/cfg.py:2609
2025-10-30 00:41:24.506 121861 DEBUG oslo_service.service [req-1c66b9c9-d3c8-4180-9952-e0b32f1d0e29 - - - - -] service_user.insecure = False log_opt_values /usr/lib/python3/dist-packages/oslo_config/cfg.py:2609
2025-10-30 00:41:24.507 121861 DEBUG oslo_service.service [req-1c66b9c9-d3c8-4180-9952-e0b32f1d0e29 - - - - -] service_user.keyfile = None log_opt_values /usr/lib/python3/dist-packages/oslo_config/cfg.py:2609
2025-10-30 00:41:24.507 121861 DEBUG oslo_service.service [req-1c66b9c9-d3c8-4180-9952-e0b32f1d0e29 - - - - -] service_user.send_service_user_token = True log_opt_values /usr/lib/python3/dist-packages/oslo_config/cfg.py:2609
2025-10-30 00:41:24.507 122511 DEBUG oslo_messaging._drivers.amqpdriver [-] Listener is running poll /usr/lib/python3/dist-packages/oslo_messaging/_drivers/amqpdriver.py:343
2025-10-30 00:41:24.507 121861 DEBUG oslo_service.service [req-1c66b9c9-d3c8-4180-9952-e0b32f1d0e29 - - - - -] service_user.split_loggers = False log_opt_values /usr/lib/python3/dist-packages/oslo_config/cfg.py:2609
2025-10-30 00:41:24.508 122511 DEBUG oslo_messaging._drivers.amqpdriver [-] AMQPListener connection consume poll /usr/lib/python3/dist-packages/oslo_messaging/_drivers/amqpdriver.py:357
2025-10-30 00:41:24.508 121861 DEBUG oslo_service.service [req-1c66b9c9-d3c8-4180-9952-e0b32f1d0e29 - - - - -] service_user.timeout = None log_opt_values /usr/lib/python3/dist-packages/oslo_config/cfg.py:2609
2025-10-30 00:41:24.506 122513 DEBUG oslo_messaging._drivers.amqpdriver [-] AMQPListener connection timeout poll /usr/lib/python3/dist-packages/oslo_messaging/_drivers/amqpdriver.py:360
2025-10-30 00:41:24.508 121861 DEBUG oslo_service.service [req-1c66b9c9-d3c8-4180-9952-e0b32f1d0e29 - - - - -] spice.agent_enabled = True log_opt_values /usr/lib/python3/dist-packages/oslo_config/cfg.py:2609
2025-10-30 00:41:24.508 122513 DEBUG oslo_messaging._drivers.amqpdriver [-] Listener is running poll /usr/lib/python3/dist-packages/oslo_messaging/_drivers/amqpdriver.py:343
2025-10-30 00:41:24.508 121861 DEBUG oslo_service.service [req-1c66b9c9-d3c8-4180-9952-e0b32f1d0e29 - - - - -] spice.enabled = False log_opt_values /usr/lib/python3/dist-packages/oslo_config/cfg.py:2609
2025-10-30 00:41:24.508 122513 DEBUG oslo_messaging._drivers.amqpdriver [-] AMQPListener connection consume poll /usr/lib/python3/dist-packages/oslo_messaging/_drivers/amqpdriver.py:357
2025-10-30 00:41:24.508 121861 DEBUG oslo_service.service [req-1c66b9c9-d3c8-4180-9952-e0b32f1d0e29 - - - - -] spice.html5proxy_base_url = http://127.0.0.1:6082/spice_auto.html log_opt_values /usr/lib/python3/dist-packages/oslo_config/cfg.py:2609
2025-10-30 00:41:24.509 121861 DEBUG oslo_service.service [req-1c66b9c9-d3c8-4180-9952-e0b32f1d0e29 - - - - -] spice.html5proxy_host = 0.0.0.0 log_opt_values /usr/lib/python3/dist-packages/oslo_config/cfg.py:2609
2025-10-30 00:41:24.509 122511 DEBUG nova.service [req-cf6a1aef-af7c-4e57-b8ac-7865a797e6bc - - - - -] Join ServiceGroup membership for this service conductor start /usr/lib/python3/dist-packages/nova/service.py:199
2025-10-30 00:41:24.509 121861 DEBUG oslo_service.service [req-1c66b9c9-d3c8-4180-9952-e0b32f1d0e29 - - - - -] spice.html5proxy_port = 6082 log_opt_values /usr/lib/python3/dist-packages/oslo_config/cfg.py:2609
2025-10-30 00:41:24.509 122511 DEBUG nova.servicegroup.drivers.db [req-cf6a1aef-af7c-4e57-b8ac-7865a797e6bc - - - - -] DB_Driver: join new ServiceGroup member juju-cb7c75-0-lxd-7 to the conductor group, service = join /usr/lib/python3/dist-packages/nova/servicegroup/drivers/db.py:44
2025-10-30 00:41:24.509 121861 DEBUG oslo_service.service [req-1c66b9c9-d3c8-4180-9952-e0b32f1d0e29 - - - - -] spice.server_listen = 127.0.0.1 log_opt_values /usr/lib/python3/dist-packages/oslo_config/cfg.py:2609
2025-10-30 00:41:24.510 121861 DEBUG oslo_service.service [req-1c66b9c9-d3c8-4180-9952-e0b32f1d0e29 - - - - -] spice.server_proxyclient_address = 127.0.0.1 log_opt_values /usr/lib/python3/dist-packages/oslo_config/cfg.py:2609
2025-10-30 00:41:24.510 121861 DEBUG oslo_service.service [req-1c66b9c9-d3c8-4180-9952-e0b32f1d0e29 - - - - -] upgrade_levels.baseapi = None log_opt_values /usr/lib/python3/dist-packages/oslo_config/cfg.py:2609
2025-10-30 00:41:24.510 121861 DEBUG oslo_service.service [req-1c66b9c9-d3c8-4180-9952-e0b32f1d0e29 - - - - -] upgrade_levels.cert = None log_opt_values /usr/lib/python3/dist-packages/oslo_config/cfg.py:2609
2025-10-30 00:41:24.511 121861 DEBUG oslo_service.service [req-1c66b9c9-d3c8-4180-9952-e0b32f1d0e29 - - - - -] upgrade_levels.compute = auto log_opt_values /usr/lib/python3/dist-packages/oslo_config/cfg.py:2609
2025-10-30 00:41:24.511 121861 DEBUG oslo_service.service [req-1c66b9c9-d3c8-4180-9952-e0b32f1d0e29 - - - - -] upgrade_levels.conductor = None log_opt_values /usr/lib/python3/dist-packages/oslo_config/cfg.py:2609
2025-10-30 00:41:24.511 121861 DEBUG oslo_service.service [req-1c66b9c9-d3c8-4180-9952-e0b32f1d0e29 - - - - -] upgrade_levels.scheduler = None log_opt_values /usr/lib/python3/dist-packages/oslo_config/cfg.py:2609
2025-10-30 00:41:24.511 122511 DEBUG oslo_messaging._drivers.amqpdriver [-] AMQPListener connection timeout poll /usr/lib/python3/dist-packages/oslo_messaging/_drivers/amqpdriver.py:360
2025-10-30 00:41:24.512 122511 DEBUG oslo_messaging._drivers.amqpdriver [-] Listener is running poll /usr/lib/python3/dist-packages/oslo_messaging/_drivers/amqpdriver.py:343
2025-10-30 00:41:24.512 122511 DEBUG oslo_messaging._drivers.amqpdriver [-] AMQPListener connection consume poll /usr/lib/python3/dist-packages/oslo_messaging/_drivers/amqpdriver.py:357
2025-10-30 00:41:24.511 121861 DEBUG oslo_service.service [req-1c66b9c9-d3c8-4180-9952-e0b32f1d0e29 - - - - -] vendordata_dynamic_auth.auth_section = None log_opt_values /usr/lib/python3/dist-packages/oslo_config/cfg.py:2609
2025-10-30 00:41:24.512 122512 DEBUG oslo_messaging._drivers.amqpdriver [-] Listener is running poll /usr/lib/python3/dist-packages/oslo_messaging/_drivers/amqpdriver.py:343
2025-10-30 00:41:24.512 121861 DEBUG oslo_service.service [req-1c66b9c9-d3c8-4180-9952-e0b32f1d0e29 - - - - -] vendordata_dynamic_auth.auth_type = None log_opt_values /usr/lib/python3/dist-packages/oslo_config/cfg.py:2609
2025-10-30 00:41:24.512 122512 DEBUG oslo_messaging._drivers.amqpdriver [-] AMQPListener connection consume poll /usr/lib/python3/dist-packages/oslo_messaging/_drivers/amqpdriver.py:357
2025-10-30 00:41:24.512 121861 DEBUG oslo_service.service [req-1c66b9c9-d3c8-4180-9952-e0b32f1d0e29 - - - - -] vendordata_dynamic_auth.cafile = None log_opt_values /usr/lib/python3/dist-packages/oslo_config/cfg.py:2609
2025-10-30 00:41:24.512 121861 DEBUG oslo_service.service [req-1c66b9c9-d3c8-4180-9952-e0b32f1d0e29 - - - - -] vendordata_dynamic_auth.certfile = None log_opt_values /usr/lib/python3/dist-packages/oslo_config/cfg.py:2609
2025-10-30 00:41:24.512 121861 DEBUG oslo_service.service [req-1c66b9c9-d3c8-4180-9952-e0b32f1d0e29 - - - - -] vendordata_dynamic_auth.collect_timing = False log_opt_values /usr/lib/python3/dist-packages/oslo_config/cfg.py:2609
2025-10-30 00:41:24.512 122512 DEBUG nova.service [req-ab1ccffe-7df5-4307-a2e9-faad7c71d582 - - - - -] Join ServiceGroup membership for this service conductor start /usr/lib/python3/dist-packages/nova/service.py:199
2025-10-30 00:41:24.513 121861 DEBUG oslo_service.service [req-1c66b9c9-d3c8-4180-9952-e0b32f1d0e29 - - - - -] vendordata_dynamic_auth.insecure = False log_opt_values /usr/lib/python3/dist-packages/oslo_config/cfg.py:2609
2025-10-30 00:41:24.513 122512 DEBUG nova.servicegroup.drivers.db [req-ab1ccffe-7df5-4307-a2e9-faad7c71d582 - - - - -] DB_Driver: join new ServiceGroup member juju-cb7c75-0-lxd-7 to the conductor group, service = join /usr/lib/python3/dist-packages/nova/servicegroup/drivers/db.py:44
2025-10-30 00:41:24.513 121861 DEBUG oslo_service.service [req-1c66b9c9-d3c8-4180-9952-e0b32f1d0e29 - - - - -] vendordata_dynamic_auth.keyfile = None log_opt_values /usr/lib/python3/dist-packages/oslo_config/cfg.py:2609
2025-10-30 00:41:24.513 121861 DEBUG oslo_service.service [req-1c66b9c9-d3c8-4180-9952-e0b32f1d0e29 - - - - -] vendordata_dynamic_auth.split_loggers = False log_opt_values /usr/lib/python3/dist-packages/oslo_config/cfg.py:2609
2025-10-30 00:41:24.513 121861 DEBUG oslo_service.service [req-1c66b9c9-d3c8-4180-9952-e0b32f1d0e29 - - - - -] vendordata_dynamic_auth.timeout = None log_opt_values /usr/lib/python3/dist-packages/oslo_config/cfg.py:2609
2025-10-30 00:41:24.513 121861 DEBUG oslo_service.service [req-1c66b9c9-d3c8-4180-9952-e0b32f1d0e29 - - - - -] vmware.api_retry_count = 10 log_opt_values /usr/lib/python3/dist-packages/oslo_config/cfg.py:2609
2025-10-30 00:41:24.514 121861 DEBUG oslo_service.service [req-1c66b9c9-d3c8-4180-9952-e0b32f1d0e29 - - - - -] vmware.ca_file = None log_opt_values /usr/lib/python3/dist-packages/oslo_config/cfg.py:2609
2025-10-30 00:41:24.514 121861 DEBUG oslo_service.service [req-1c66b9c9-d3c8-4180-9952-e0b32f1d0e29 - - - - -] vmware.cache_prefix = None log_opt_values /usr/lib/python3/dist-packages/oslo_config/cfg.py:2609
2025-10-30 00:41:24.514 121861 DEBUG oslo_service.service [req-1c66b9c9-d3c8-4180-9952-e0b32f1d0e29 - - - - -] vmware.cluster_name = None log_opt_values /usr/lib/python3/dist-packages/oslo_config/cfg.py:2609
2025-10-30 00:41:24.514 121861 DEBUG oslo_service.service [req-1c66b9c9-d3c8-4180-9952-e0b32f1d0e29 - - - - -] vmware.connection_pool_size = 10 log_opt_values /usr/lib/python3/dist-packages/oslo_config/cfg.py:2609
2025-10-30 00:41:24.515 121861 DEBUG oslo_service.service [req-1c66b9c9-d3c8-4180-9952-e0b32f1d0e29 - - - - -] vmware.console_delay_seconds = None log_opt_values /usr/lib/python3/dist-packages/oslo_config/cfg.py:2609
2025-10-30 00:41:24.515 121861 DEBUG oslo_service.service [req-1c66b9c9-d3c8-4180-9952-e0b32f1d0e29 - - - - -] vmware.datastore_regex = None log_opt_values /usr/lib/python3/dist-packages/oslo_config/cfg.py:2609
2025-10-30 00:41:24.515 121861 DEBUG oslo_service.service [req-1c66b9c9-d3c8-4180-9952-e0b32f1d0e29 - - - - -] vmware.host_ip = None log_opt_values /usr/lib/python3/dist-packages/oslo_config/cfg.py:2609
2025-10-30 00:41:24.515 121861 DEBUG oslo_service.service [req-1c66b9c9-d3c8-4180-9952-e0b32f1d0e29 - - - - -] vmware.host_password = **** log_opt_values /usr/lib/python3/dist-packages/oslo_config/cfg.py:2609
2025-10-30 00:41:24.515 122512 DEBUG oslo_messaging._drivers.amqpdriver [-] AMQPListener connection timeout poll /usr/lib/python3/dist-packages/oslo_messaging/_drivers/amqpdriver.py:360
2025-10-30 00:41:24.516 122512 DEBUG oslo_messaging._drivers.amqpdriver [-] Listener is running poll /usr/lib/python3/dist-packages/oslo_messaging/_drivers/amqpdriver.py:343
2025-10-30 00:41:24.516 121861 DEBUG oslo_service.service [req-1c66b9c9-d3c8-4180-9952-e0b32f1d0e29 - - - - -] vmware.host_port = 443 log_opt_values /usr/lib/python3/dist-packages/oslo_config/cfg.py:2609
2025-10-30 00:41:24.516 122512 DEBUG oslo_messaging._drivers.amqpdriver [-] AMQPListener connection consume poll /usr/lib/python3/dist-packages/oslo_messaging/_drivers/amqpdriver.py:357
2025-10-30 00:41:24.516 121861 DEBUG oslo_service.service [req-1c66b9c9-d3c8-4180-9952-e0b32f1d0e29 - - - - -] vmware.host_username = None log_opt_values /usr/lib/python3/dist-packages/oslo_config/cfg.py:2609
2025-10-30 00:41:24.516 122514 DEBUG oslo_messaging._drivers.amqpdriver [-] Listener is running poll /usr/lib/python3/dist-packages/oslo_messaging/_drivers/amqpdriver.py:343
2025-10-30 00:41:24.516 121861 DEBUG oslo_service.service [req-1c66b9c9-d3c8-4180-9952-e0b32f1d0e29 - - - - -] vmware.insecure = False log_opt_values /usr/lib/python3/dist-packages/oslo_config/cfg.py:2609
2025-10-30 00:41:24.516 122514 DEBUG oslo_messaging._drivers.amqpdriver [-] AMQPListener connection consume poll /usr/lib/python3/dist-packages/oslo_messaging/_drivers/amqpdriver.py:357
2025-10-30 00:41:24.516 121861 DEBUG oslo_service.service [req-1c66b9c9-d3c8-4180-9952-e0b32f1d0e29 - - - - -] vmware.integration_bridge = None log_opt_values /usr/lib/python3/dist-packages/oslo_config/cfg.py:2609
2025-10-30 00:41:24.517 121861 DEBUG oslo_service.service [req-1c66b9c9-d3c8-4180-9952-e0b32f1d0e29 - - - - -] vmware.maximum_objects = 100 log_opt_values /usr/lib/python3/dist-packages/oslo_config/cfg.py:2609
2025-10-30 00:41:24.517 122514 DEBUG nova.service [req-5a561ea6-44ae-4d5a-8e99-9ed895449916 - - - - -] Join ServiceGroup membership for this service conductor start /usr/lib/python3/dist-packages/nova/service.py:199
2025-10-30 00:41:24.517 121861 DEBUG oslo_service.service [req-1c66b9c9-d3c8-4180-9952-e0b32f1d0e29 - - - - -] vmware.pbm_default_policy = None log_opt_values /usr/lib/python3/dist-packages/oslo_config/cfg.py:2609
2025-10-30 00:41:24.517 122514 DEBUG nova.servicegroup.drivers.db [req-5a561ea6-44ae-4d5a-8e99-9ed895449916 - - - - -] DB_Driver: join new ServiceGroup member juju-cb7c75-0-lxd-7 to the conductor group, service = join /usr/lib/python3/dist-packages/nova/servicegroup/drivers/db.py:44
2025-10-30 00:41:24.517 121861 DEBUG oslo_service.service [req-1c66b9c9-d3c8-4180-9952-e0b32f1d0e29 - - - - -] vmware.pbm_enabled = False log_opt_values /usr/lib/python3/dist-packages/oslo_config/cfg.py:2609
2025-10-30 00:41:24.518 121861 DEBUG oslo_service.service [req-1c66b9c9-d3c8-4180-9952-e0b32f1d0e29 - - - - -] vmware.pbm_wsdl_location = None log_opt_values /usr/lib/python3/dist-packages/oslo_config/cfg.py:2609
2025-10-30 00:41:24.518 121861 DEBUG oslo_service.service [req-1c66b9c9-d3c8-4180-9952-e0b32f1d0e29 - - - - -] vmware.serial_log_dir = /opt/vmware/vspc log_opt_values /usr/lib/python3/dist-packages/oslo_config/cfg.py:2609
2025-10-30 00:41:24.518 121861 DEBUG oslo_service.service [req-1c66b9c9-d3c8-4180-9952-e0b32f1d0e29 - - - - -] vmware.serial_port_proxy_uri = None log_opt_values /usr/lib/python3/dist-packages/oslo_config/cfg.py:2609
2025-10-30 00:41:24.518 121861 DEBUG oslo_service.service [req-1c66b9c9-d3c8-4180-9952-e0b32f1d0e29 - - - - -] vmware.serial_port_service_uri = None log_opt_values /usr/lib/python3/dist-packages/oslo_config/cfg.py:2609
2025-10-30 00:41:24.518 121861 DEBUG oslo_service.service [req-1c66b9c9-d3c8-4180-9952-e0b32f1d0e29 - - - - -] vmware.task_poll_interval = 0.5 log_opt_values /usr/lib/python3/dist-packages/oslo_config/cfg.py:2609
2025-10-30 00:41:24.519 121861 DEBUG oslo_service.service [req-1c66b9c9-d3c8-4180-9952-e0b32f1d0e29 - - - - -] vmware.use_linked_clone = True log_opt_values /usr/lib/python3/dist-packages/oslo_config/cfg.py:2609
2025-10-30 00:41:24.519 122514 DEBUG oslo_messaging._drivers.amqpdriver [-] AMQPListener connection timeout poll /usr/lib/python3/dist-packages/oslo_messaging/_drivers/amqpdriver.py:360
2025-10-30 00:41:24.519 121861 DEBUG oslo_service.service [req-1c66b9c9-d3c8-4180-9952-e0b32f1d0e29 - - - - -] vmware.vnc_keymap = en-us log_opt_values /usr/lib/python3/dist-packages/oslo_config/cfg.py:2609
2025-10-30 00:41:24.519 122514 DEBUG oslo_messaging._drivers.amqpdriver [-] Listener is running poll /usr/lib/python3/dist-packages/oslo_messaging/_drivers/amqpdriver.py:343
2025-10-30 00:41:24.519 122514 DEBUG oslo_messaging._drivers.amqpdriver [-] AMQPListener connection consume poll /usr/lib/python3/dist-packages/oslo_messaging/_drivers/amqpdriver.py:357
2025-10-30 00:41:24.519 121861 DEBUG oslo_service.service [req-1c66b9c9-d3c8-4180-9952-e0b32f1d0e29 - - - - -] vmware.vnc_port = 5900 log_opt_values /usr/lib/python3/dist-packages/oslo_config/cfg.py:2609
2025-10-30 00:41:24.520 121861 DEBUG oslo_service.service [req-1c66b9c9-d3c8-4180-9952-e0b32f1d0e29 - - - - -] vmware.vnc_port_total = 10000 log_opt_values /usr/lib/python3/dist-packages/oslo_config/cfg.py:2609
2025-10-30 00:41:24.520 121861 DEBUG oslo_service.service [req-1c66b9c9-d3c8-4180-9952-e0b32f1d0e29 - - - - -] vnc.auth_schemes = ['none'] log_opt_values /usr/lib/python3/dist-packages/oslo_config/cfg.py:2609
2025-10-30 00:41:24.520 121861 DEBUG oslo_service.service [req-1c66b9c9-d3c8-4180-9952-e0b32f1d0e29 - - - - -] vnc.enabled = True log_opt_values /usr/lib/python3/dist-packages/oslo_config/cfg.py:2609
2025-10-30 00:41:24.521 121861 DEBUG oslo_service.service [req-1c66b9c9-d3c8-4180-9952-e0b32f1d0e29 - - - - -] vnc.novncproxy_base_url = http://127.0.0.1:6080/vnc_auto.html log_opt_values /usr/lib/python3/dist-packages/oslo_config/cfg.py:2609
2025-10-30 00:41:24.521 121861 DEBUG oslo_service.service [req-1c66b9c9-d3c8-4180-9952-e0b32f1d0e29 - - - - -] vnc.novncproxy_host = 0.0.0.0 log_opt_values /usr/lib/python3/dist-packages/oslo_config/cfg.py:2609
2025-10-30 00:41:24.521 121861 DEBUG oslo_service.service [req-1c66b9c9-d3c8-4180-9952-e0b32f1d0e29 - - - - -] vnc.novncproxy_port = 6080 log_opt_values /usr/lib/python3/dist-packages/oslo_config/cfg.py:2609
2025-10-30 00:41:24.521 121861 DEBUG oslo_service.service [req-1c66b9c9-d3c8-4180-9952-e0b32f1d0e29 - - - - -] vnc.server_listen = 127.0.0.1 log_opt_values /usr/lib/python3/dist-packages/oslo_config/cfg.py:2609
2025-10-30 00:41:24.522 121861 DEBUG oslo_service.service [req-1c66b9c9-d3c8-4180-9952-e0b32f1d0e29 - - - - -] vnc.server_proxyclient_address = 127.0.0.1 log_opt_values /usr/lib/python3/dist-packages/oslo_config/cfg.py:2609
2025-10-30 00:41:24.522 121861 DEBUG oslo_service.service [req-1c66b9c9-d3c8-4180-9952-e0b32f1d0e29 - - - - -] vnc.vencrypt_ca_certs = None log_opt_values /usr/lib/python3/dist-packages/oslo_config/cfg.py:2609
2025-10-30 00:41:24.523 121861 DEBUG oslo_service.service [req-1c66b9c9-d3c8-4180-9952-e0b32f1d0e29 - - - - -] vnc.vencrypt_client_cert = None log_opt_values /usr/lib/python3/dist-packages/oslo_config/cfg.py:2609
2025-10-30 00:41:24.523 121861 DEBUG oslo_service.service [req-1c66b9c9-d3c8-4180-9952-e0b32f1d0e29 - - - - -] vnc.vencrypt_client_key = None log_opt_values /usr/lib/python3/dist-packages/oslo_config/cfg.py:2609
2025-10-30 00:41:24.524 121861 DEBUG oslo_service.service [req-1c66b9c9-d3c8-4180-9952-e0b32f1d0e29 - - - - -] workarounds.disable_compute_service_check_for_ffu = False log_opt_values /usr/lib/python3/dist-packages/oslo_config/cfg.py:2609
2025-10-30 00:41:24.524 121861 DEBUG oslo_service.service [req-1c66b9c9-d3c8-4180-9952-e0b32f1d0e29 - - - - -] workarounds.disable_deep_image_inspection = False log_opt_values /usr/lib/python3/dist-packages/oslo_config/cfg.py:2609
2025-10-30 00:41:24.524 121861 DEBUG oslo_service.service [req-1c66b9c9-d3c8-4180-9952-e0b32f1d0e29 - - - - -] workarounds.disable_fallback_pcpu_query = False log_opt_values /usr/lib/python3/dist-packages/oslo_config/cfg.py:2609
2025-10-30 00:41:24.524 121861 DEBUG oslo_service.service [req-1c66b9c9-d3c8-4180-9952-e0b32f1d0e29 - - - - -] workarounds.disable_group_policy_check_upcall = False log_opt_values /usr/lib/python3/dist-packages/oslo_config/cfg.py:2609
2025-10-30 00:41:24.525 121861 DEBUG oslo_service.service [req-1c66b9c9-d3c8-4180-9952-e0b32f1d0e29 - - - - -] workarounds.disable_libvirt_livesnapshot = False log_opt_values /usr/lib/python3/dist-packages/oslo_config/cfg.py:2609
2025-10-30 00:41:24.526 121861 DEBUG oslo_service.service [req-1c66b9c9-d3c8-4180-9952-e0b32f1d0e29 - - - - -] workarounds.disable_rootwrap = False log_opt_values /usr/lib/python3/dist-packages/oslo_config/cfg.py:2609
2025-10-30 00:41:24.526 121861 DEBUG oslo_service.service [req-1c66b9c9-d3c8-4180-9952-e0b32f1d0e29 - - - - -] workarounds.enable_numa_live_migration = False log_opt_values /usr/lib/python3/dist-packages/oslo_config/cfg.py:2609
2025-10-30 00:41:24.526 121861 DEBUG oslo_service.service [req-1c66b9c9-d3c8-4180-9952-e0b32f1d0e29 - - - - -] workarounds.enable_qemu_monitor_announce_self = False log_opt_values /usr/lib/python3/dist-packages/oslo_config/cfg.py:2609
2025-10-30 00:41:24.527 121861 DEBUG oslo_service.service [req-1c66b9c9-d3c8-4180-9952-e0b32f1d0e29 - - - - -] workarounds.ensure_libvirt_rbd_instance_dir_cleanup = False log_opt_values /usr/lib/python3/dist-packages/oslo_config/cfg.py:2609
2025-10-30 00:41:24.527 121861 DEBUG oslo_service.service [req-1c66b9c9-d3c8-4180-9952-e0b32f1d0e29 - - - - -] workarounds.handle_virt_lifecycle_events = True log_opt_values /usr/lib/python3/dist-packages/oslo_config/cfg.py:2609
2025-10-30 00:41:24.528 121861 DEBUG oslo_service.service [req-1c66b9c9-d3c8-4180-9952-e0b32f1d0e29 - - - - -] workarounds.libvirt_disable_apic = False log_opt_values /usr/lib/python3/dist-packages/oslo_config/cfg.py:2609
2025-10-30 00:41:24.528 121861 DEBUG oslo_service.service [req-1c66b9c9-d3c8-4180-9952-e0b32f1d0e29 - - - - -] workarounds.never_download_image_if_on_rbd = False log_opt_values /usr/lib/python3/dist-packages/oslo_config/cfg.py:2609
2025-10-30 00:41:24.528 121861 DEBUG oslo_service.service [req-1c66b9c9-d3c8-4180-9952-e0b32f1d0e29 - - - - -] workarounds.reserve_disk_resource_for_image_cache = False log_opt_values /usr/lib/python3/dist-packages/oslo_config/cfg.py:2609
2025-10-30 00:41:24.529 121861 DEBUG oslo_service.service [req-1c66b9c9-d3c8-4180-9952-e0b32f1d0e29 - - - - -] workarounds.skip_cpu_compare_at_startup = False log_opt_values /usr/lib/python3/dist-packages/oslo_config/cfg.py:2609
2025-10-30 00:41:24.529 121861 DEBUG oslo_service.service [req-1c66b9c9-d3c8-4180-9952-e0b32f1d0e29 - - - - -] workarounds.skip_cpu_compare_on_dest = False log_opt_values /usr/lib/python3/dist-packages/oslo_config/cfg.py:2609
2025-10-30 00:41:24.530 121861 DEBUG oslo_service.service [req-1c66b9c9-d3c8-4180-9952-e0b32f1d0e29 - - - - -] workarounds.skip_hypervisor_version_check_on_lm = False log_opt_values /usr/lib/python3/dist-packages/oslo_config/cfg.py:2609
2025-10-30 00:41:24.530 121861 DEBUG oslo_service.service [req-1c66b9c9-d3c8-4180-9952-e0b32f1d0e29 - - - - -] workarounds.unified_limits_count_pcpu_as_vcpu = False log_opt_values /usr/lib/python3/dist-packages/oslo_config/cfg.py:2609
2025-10-30 00:41:24.530 121861 DEBUG oslo_service.service [req-1c66b9c9-d3c8-4180-9952-e0b32f1d0e29 - - - - -] workarounds.wait_for_vif_plugged_event_during_hard_reboot = [] log_opt_values /usr/lib/python3/dist-packages/oslo_config/cfg.py:2609
2025-10-30 00:41:24.530 121861 DEBUG oslo_service.service [req-1c66b9c9-d3c8-4180-9952-e0b32f1d0e29 - - - - -] wsgi.api_paste_config = /etc/nova/api-paste.ini log_opt_values /usr/lib/python3/dist-packages/oslo_config/cfg.py:2609
2025-10-30 00:41:24.531 121861 DEBUG oslo_service.service [req-1c66b9c9-d3c8-4180-9952-e0b32f1d0e29 - - - - -] wsgi.client_socket_timeout = 900 log_opt_values /usr/lib/python3/dist-packages/oslo_config/cfg.py:2609
2025-10-30 00:41:24.531 121861 DEBUG oslo_service.service [req-1c66b9c9-d3c8-4180-9952-e0b32f1d0e29 - - - - -] wsgi.default_pool_size = 1000 log_opt_values /usr/lib/python3/dist-packages/oslo_config/cfg.py:2609
2025-10-30 00:41:24.531 121861 DEBUG oslo_service.service [req-1c66b9c9-d3c8-4180-9952-e0b32f1d0e29 - - - - -] wsgi.keep_alive = True log_opt_values /usr/lib/python3/dist-packages/oslo_config/cfg.py:2609
2025-10-30 00:41:24.531 121861 DEBUG oslo_service.service [req-1c66b9c9-d3c8-4180-9952-e0b32f1d0e29 - - - - -] wsgi.max_header_line = 16384 log_opt_values /usr/lib/python3/dist-packages/oslo_config/cfg.py:2609
2025-10-30 00:41:24.532 121861 DEBUG oslo_service.service [req-1c66b9c9-d3c8-4180-9952-e0b32f1d0e29 - - - - -] wsgi.secure_proxy_ssl_header = None log_opt_values /usr/lib/python3/dist-packages/oslo_config/cfg.py:2609
2025-10-30 00:41:24.532 121861 DEBUG oslo_service.service [req-1c66b9c9-d3c8-4180-9952-e0b32f1d0e29 - - - - -] wsgi.ssl_ca_file = None log_opt_values /usr/lib/python3/dist-packages/oslo_config/cfg.py:2609
2025-10-30 00:41:24.532 121861 DEBUG oslo_service.service [req-1c66b9c9-d3c8-4180-9952-e0b32f1d0e29 - - - - -] wsgi.ssl_cert_file = None log_opt_values /usr/lib/python3/dist-packages/oslo_config/cfg.py:2609
2025-10-30 00:41:24.532 121861 DEBUG oslo_service.service [req-1c66b9c9-d3c8-4180-9952-e0b32f1d0e29 - - - - -] wsgi.ssl_key_file = None log_opt_values /usr/lib/python3/dist-packages/oslo_config/cfg.py:2609
2025-10-30 00:41:24.533 121861 DEBUG oslo_service.service [req-1c66b9c9-d3c8-4180-9952-e0b32f1d0e29 - - - - -] wsgi.tcp_keepidle = 600 log_opt_values /usr/lib/python3/dist-packages/oslo_config/cfg.py:2609
2025-10-30 00:41:24.533 121861 DEBUG oslo_service.service [req-1c66b9c9-d3c8-4180-9952-e0b32f1d0e29 - - - - -] wsgi.wsgi_log_format = %(client_ip)s "%(request_line)s" status: %(status_code)s len: %(body_length)s time: %(wall_seconds).7f log_opt_values /usr/lib/python3/dist-packages/oslo_config/cfg.py:2609
2025-10-30 00:41:24.533 121861 DEBUG oslo_service.service [req-1c66b9c9-d3c8-4180-9952-e0b32f1d0e29 - - - - -] zvm.ca_file = None log_opt_values /usr/lib/python3/dist-packages/oslo_config/cfg.py:2609
2025-10-30 00:41:24.533 121861 DEBUG oslo_service.service [req-1c66b9c9-d3c8-4180-9952-e0b32f1d0e29 - - - - -] zvm.cloud_connector_url = None log_opt_values /usr/lib/python3/dist-packages/oslo_config/cfg.py:2609
2025-10-30 00:41:24.533 121861 DEBUG oslo_service.service [req-1c66b9c9-d3c8-4180-9952-e0b32f1d0e29 - - - - -] zvm.image_tmp_path = /var/lib/nova/images log_opt_values /usr/lib/python3/dist-packages/oslo_config/cfg.py:2609
2025-10-30 00:41:24.534 121861 DEBUG oslo_service.service [req-1c66b9c9-d3c8-4180-9952-e0b32f1d0e29 - - - - -] zvm.reachable_timeout = 300 log_opt_values /usr/lib/python3/dist-packages/oslo_config/cfg.py:2609
2025-10-30 00:41:24.534 121861 DEBUG oslo_service.service [req-1c66b9c9-d3c8-4180-9952-e0b32f1d0e29 - - - - -] oslo_policy.enforce_new_defaults = False log_opt_values /usr/lib/python3/dist-packages/oslo_config/cfg.py:2609
2025-10-30 00:41:24.534 121861 DEBUG oslo_service.service [req-1c66b9c9-d3c8-4180-9952-e0b32f1d0e29 - - - - -] oslo_policy.enforce_scope = False log_opt_values /usr/lib/python3/dist-packages/oslo_config/cfg.py:2609
2025-10-30 00:41:24.534 121861 DEBUG oslo_service.service [req-1c66b9c9-d3c8-4180-9952-e0b32f1d0e29 - - - - -] oslo_policy.policy_default_rule = default log_opt_values /usr/lib/python3/dist-packages/oslo_config/cfg.py:2609
2025-10-30 00:41:24.535 121861 DEBUG oslo_service.service [req-1c66b9c9-d3c8-4180-9952-e0b32f1d0e29 - - - - -] oslo_policy.policy_dirs = ['policy.d'] log_opt_values /usr/lib/python3/dist-packages/oslo_config/cfg.py:2609
2025-10-30 00:41:24.535 121861 DEBUG oslo_service.service [req-1c66b9c9-d3c8-4180-9952-e0b32f1d0e29 - - - - -] oslo_policy.policy_file = policy.yaml log_opt_values /usr/lib/python3/dist-packages/oslo_config/cfg.py:2609
2025-10-30 00:41:24.535 121861 DEBUG oslo_service.service [req-1c66b9c9-d3c8-4180-9952-e0b32f1d0e29 - - - - -] oslo_policy.remote_content_type = application/x-www-form-urlencoded log_opt_values /usr/lib/python3/dist-packages/oslo_config/cfg.py:2609
2025-10-30 00:41:24.535 121861 DEBUG oslo_service.service [req-1c66b9c9-d3c8-4180-9952-e0b32f1d0e29 - - - - -] oslo_policy.remote_ssl_ca_crt_file = None log_opt_values /usr/lib/python3/dist-packages/oslo_config/cfg.py:2609
2025-10-30 00:41:24.535 121861 DEBUG oslo_service.service [req-1c66b9c9-d3c8-4180-9952-e0b32f1d0e29 - - - - -] oslo_policy.remote_ssl_client_crt_file = None log_opt_values /usr/lib/python3/dist-packages/oslo_config/cfg.py:2609
2025-10-30 00:41:24.536 121861 DEBUG oslo_service.service [req-1c66b9c9-d3c8-4180-9952-e0b32f1d0e29 - - - - -] oslo_policy.remote_ssl_client_key_file = None log_opt_values /usr/lib/python3/dist-packages/oslo_config/cfg.py:2609
2025-10-30 00:41:24.536 121861 DEBUG oslo_service.service [req-1c66b9c9-d3c8-4180-9952-e0b32f1d0e29 - - - - -] oslo_policy.remote_ssl_verify_server_crt = False log_opt_values /usr/lib/python3/dist-packages/oslo_config/cfg.py:2609
2025-10-30 00:41:24.536 121861 DEBUG oslo_service.service [req-1c66b9c9-d3c8-4180-9952-e0b32f1d0e29 - - - - -] oslo_versionedobjects.fatal_exception_format_errors = False log_opt_values /usr/lib/python3/dist-packages/oslo_config/cfg.py:2609
2025-10-30 00:41:24.536 121861 DEBUG oslo_service.service [req-1c66b9c9-d3c8-4180-9952-e0b32f1d0e29 - - - - -] oslo_middleware.http_basic_auth_user_file = /etc/htpasswd log_opt_values /usr/lib/python3/dist-packages/oslo_config/cfg.py:2609
2025-10-30 00:41:24.537 121861 DEBUG oslo_service.service [req-1c66b9c9-d3c8-4180-9952-e0b32f1d0e29 - - - - -] profiler.connection_string = messaging:// log_opt_values /usr/lib/python3/dist-packages/oslo_config/cfg.py:2609
2025-10-30 00:41:24.537 121861 DEBUG oslo_service.service [req-1c66b9c9-d3c8-4180-9952-e0b32f1d0e29 - - - - -] profiler.enabled = False log_opt_values /usr/lib/python3/dist-packages/oslo_config/cfg.py:2609
2025-10-30 00:41:24.537 121861 DEBUG oslo_service.service [req-1c66b9c9-d3c8-4180-9952-e0b32f1d0e29 - - - - -] profiler.es_doc_type = notification log_opt_values /usr/lib/python3/dist-packages/oslo_config/cfg.py:2609
2025-10-30 00:41:24.537 121861 DEBUG oslo_service.service [req-1c66b9c9-d3c8-4180-9952-e0b32f1d0e29 - - - - -] profiler.es_scroll_size = 10000 log_opt_values /usr/lib/python3/dist-packages/oslo_config/cfg.py:2609
2025-10-30 00:41:24.537 121861 DEBUG oslo_service.service [req-1c66b9c9-d3c8-4180-9952-e0b32f1d0e29 - - - - -] profiler.es_scroll_time = 2m log_opt_values /usr/lib/python3/dist-packages/oslo_config/cfg.py:2609
2025-10-30 00:41:24.538 121861 DEBUG oslo_service.service [req-1c66b9c9-d3c8-4180-9952-e0b32f1d0e29 - - - - -] profiler.filter_error_trace = False log_opt_values /usr/lib/python3/dist-packages/oslo_config/cfg.py:2609
2025-10-30 00:41:24.538 121861 DEBUG oslo_service.service [req-1c66b9c9-d3c8-4180-9952-e0b32f1d0e29 - - - - -] profiler.hmac_keys = SECRET_KEY log_opt_values /usr/lib/python3/dist-packages/oslo_config/cfg.py:2609
2025-10-30 00:41:24.538 121861 DEBUG oslo_service.service [req-1c66b9c9-d3c8-4180-9952-e0b32f1d0e29 - - - - -] profiler.sentinel_service_name = mymaster log_opt_values /usr/lib/python3/dist-packages/oslo_config/cfg.py:2609
2025-10-30 00:41:24.538 121861 DEBUG oslo_service.service [req-1c66b9c9-d3c8-4180-9952-e0b32f1d0e29 - - - - -] profiler.socket_timeout = 0.1 log_opt_values /usr/lib/python3/dist-packages/oslo_config/cfg.py:2609
2025-10-30 00:41:24.539 121861 DEBUG oslo_service.service [req-1c66b9c9-d3c8-4180-9952-e0b32f1d0e29 - - - - -] profiler.trace_sqlalchemy = False log_opt_values /usr/lib/python3/dist-packages/oslo_config/cfg.py:2609
2025-10-30 00:41:24.539 121861 DEBUG oslo_service.service [req-1c66b9c9-d3c8-4180-9952-e0b32f1d0e29 - - - - -] remote_debug.host = None log_opt_values /usr/lib/python3/dist-packages/oslo_config/cfg.py:2609
2025-10-30 00:41:24.539 121861 DEBUG oslo_service.service [req-1c66b9c9-d3c8-4180-9952-e0b32f1d0e29 - - - - -] remote_debug.port = None log_opt_values /usr/lib/python3/dist-packages/oslo_config/cfg.py:2609
2025-10-30 00:41:24.539 121861 DEBUG oslo_service.service [req-1c66b9c9-d3c8-4180-9952-e0b32f1d0e29 - - - - -] oslo_messaging_rabbit.amqp_auto_delete = False log_opt_values /usr/lib/python3/dist-packages/oslo_config/cfg.py:2609
2025-10-30 00:41:24.539 121861 DEBUG oslo_service.service [req-1c66b9c9-d3c8-4180-9952-e0b32f1d0e29 - - - - -] oslo_messaging_rabbit.amqp_durable_queues = False log_opt_values /usr/lib/python3/dist-packages/oslo_config/cfg.py:2609
2025-10-30 00:41:24.540 121861 DEBUG oslo_service.service [req-1c66b9c9-d3c8-4180-9952-e0b32f1d0e29 - - - - -] oslo_messaging_rabbit.conn_pool_min_size = 2 log_opt_values /usr/lib/python3/dist-packages/oslo_config/cfg.py:2609
2025-10-30 00:41:24.540 121861 DEBUG oslo_service.service [req-1c66b9c9-d3c8-4180-9952-e0b32f1d0e29 - - - - -] oslo_messaging_rabbit.conn_pool_ttl = 1200 log_opt_values /usr/lib/python3/dist-packages/oslo_config/cfg.py:2609
2025-10-30 00:41:24.540 121861 DEBUG oslo_service.service [req-1c66b9c9-d3c8-4180-9952-e0b32f1d0e29 - - - - -] oslo_messaging_rabbit.direct_mandatory_flag = True log_opt_values /usr/lib/python3/dist-packages/oslo_config/cfg.py:2609
2025-10-30 00:41:24.540 121861 DEBUG oslo_service.service [req-1c66b9c9-d3c8-4180-9952-e0b32f1d0e29 - - - - -] oslo_messaging_rabbit.enable_cancel_on_failover = False log_opt_values /usr/lib/python3/dist-packages/oslo_config/cfg.py:2609
2025-10-30 00:41:24.540 121861 DEBUG oslo_service.service [req-1c66b9c9-d3c8-4180-9952-e0b32f1d0e29 - - - - -] oslo_messaging_rabbit.heartbeat_in_pthread = False log_opt_values /usr/lib/python3/dist-packages/oslo_config/cfg.py:2609
2025-10-30 00:41:24.541 121861 DEBUG oslo_service.service [req-1c66b9c9-d3c8-4180-9952-e0b32f1d0e29 - - - - -] oslo_messaging_rabbit.heartbeat_rate = 2 log_opt_values /usr/lib/python3/dist-packages/oslo_config/cfg.py:2609
2025-10-30 00:41:24.541 121861 DEBUG oslo_service.service [req-1c66b9c9-d3c8-4180-9952-e0b32f1d0e29 - - - - -] oslo_messaging_rabbit.heartbeat_timeout_threshold = 60 log_opt_values /usr/lib/python3/dist-packages/oslo_config/cfg.py:2609
2025-10-30 00:41:24.541 121861 DEBUG oslo_service.service [req-1c66b9c9-d3c8-4180-9952-e0b32f1d0e29 - - - - -] oslo_messaging_rabbit.kombu_compression = None log_opt_values /usr/lib/python3/dist-packages/oslo_config/cfg.py:2609
2025-10-30 00:41:24.541 121861 DEBUG oslo_service.service [req-1c66b9c9-d3c8-4180-9952-e0b32f1d0e29 - - - - -] oslo_messaging_rabbit.kombu_failover_strategy = round-robin log_opt_values /usr/lib/python3/dist-packages/oslo_config/cfg.py:2609
2025-10-30 00:41:24.541 121861 DEBUG oslo_service.service [req-1c66b9c9-d3c8-4180-9952-e0b32f1d0e29 - - - - -] oslo_messaging_rabbit.kombu_missing_consumer_retry_timeout = 60 log_opt_values /usr/lib/python3/dist-packages/oslo_config/cfg.py:2609
2025-10-30 00:41:24.542 121861 DEBUG oslo_service.service [req-1c66b9c9-d3c8-4180-9952-e0b32f1d0e29 - - - - -] oslo_messaging_rabbit.kombu_reconnect_delay = 1.0 log_opt_values /usr/lib/python3/dist-packages/oslo_config/cfg.py:2609
2025-10-30 00:41:24.542 121861 DEBUG oslo_service.service [req-1c66b9c9-d3c8-4180-9952-e0b32f1d0e29 - - - - -] oslo_messaging_rabbit.rabbit_ha_queues = False log_opt_values /usr/lib/python3/dist-packages/oslo_config/cfg.py:2609
2025-10-30 00:41:24.542 121861 DEBUG oslo_service.service [req-1c66b9c9-d3c8-4180-9952-e0b32f1d0e29 - - - - -] oslo_messaging_rabbit.rabbit_interval_max = 30 log_opt_values /usr/lib/python3/dist-packages/oslo_config/cfg.py:2609
2025-10-30 00:41:24.542 121861 DEBUG oslo_service.service [req-1c66b9c9-d3c8-4180-9952-e0b32f1d0e29 - - - - -] oslo_messaging_rabbit.rabbit_login_method = AMQPLAIN log_opt_values /usr/lib/python3/dist-packages/oslo_config/cfg.py:2609
2025-10-30 00:41:24.543 121861 DEBUG oslo_service.service [req-1c66b9c9-d3c8-4180-9952-e0b32f1d0e29 - - - - -] oslo_messaging_rabbit.rabbit_qos_prefetch_count = 0 log_opt_values /usr/lib/python3/dist-packages/oslo_config/cfg.py:2609
2025-10-30 00:41:24.543 121861 DEBUG oslo_service.service [req-1c66b9c9-d3c8-4180-9952-e0b32f1d0e29 - - - - -] oslo_messaging_rabbit.rabbit_quorum_queue = False log_opt_values /usr/lib/python3/dist-packages/oslo_config/cfg.py:2609
2025-10-30 00:41:24.543 121861 DEBUG oslo_service.service [req-1c66b9c9-d3c8-4180-9952-e0b32f1d0e29 - - - - -] oslo_messaging_rabbit.rabbit_retry_backoff = 2 log_opt_values /usr/lib/python3/dist-packages/oslo_config/cfg.py:2609
2025-10-30 00:41:24.543 121861 DEBUG oslo_service.service [req-1c66b9c9-d3c8-4180-9952-e0b32f1d0e29 - - - - -] oslo_messaging_rabbit.rabbit_retry_interval = 1 log_opt_values /usr/lib/python3/dist-packages/oslo_config/cfg.py:2609
2025-10-30 00:41:24.543 121861 DEBUG oslo_service.service [req-1c66b9c9-d3c8-4180-9952-e0b32f1d0e29 - - - - -] oslo_messaging_rabbit.rabbit_transient_queues_ttl = 1800 log_opt_values /usr/lib/python3/dist-packages/oslo_config/cfg.py:2609
2025-10-30 00:41:24.544 121861 DEBUG oslo_service.service [req-1c66b9c9-d3c8-4180-9952-e0b32f1d0e29 - - - - -] oslo_messaging_rabbit.rpc_conn_pool_size = 30 log_opt_values /usr/lib/python3/dist-packages/oslo_config/cfg.py:2609
2025-10-30 00:41:24.544 121861 DEBUG oslo_service.service [req-1c66b9c9-d3c8-4180-9952-e0b32f1d0e29 - - - - -] oslo_messaging_rabbit.ssl = False log_opt_values /usr/lib/python3/dist-packages/oslo_config/cfg.py:2609
2025-10-30 00:41:24.544 121861 DEBUG oslo_service.service [req-1c66b9c9-d3c8-4180-9952-e0b32f1d0e29 - - - - -] oslo_messaging_rabbit.ssl_ca_file = log_opt_values /usr/lib/python3/dist-packages/oslo_config/cfg.py:2609
2025-10-30 00:41:24.544 121861 DEBUG oslo_service.service [req-1c66b9c9-d3c8-4180-9952-e0b32f1d0e29 - - - - -] oslo_messaging_rabbit.ssl_cert_file = log_opt_values /usr/lib/python3/dist-packages/oslo_config/cfg.py:2609
2025-10-30 00:41:24.544 121861 DEBUG oslo_service.service [req-1c66b9c9-d3c8-4180-9952-e0b32f1d0e29 - - - - -] oslo_messaging_rabbit.ssl_key_file = log_opt_values /usr/lib/python3/dist-packages/oslo_config/cfg.py:2609
2025-10-30 00:41:24.545 121861 DEBUG oslo_service.service [req-1c66b9c9-d3c8-4180-9952-e0b32f1d0e29 - - - - -] oslo_messaging_rabbit.ssl_version = log_opt_values /usr/lib/python3/dist-packages/oslo_config/cfg.py:2609
2025-10-30 00:41:24.545 121861 DEBUG oslo_service.service [req-1c66b9c9-d3c8-4180-9952-e0b32f1d0e29 - - - - -] oslo_messaging_notifications.driver = ['messagingv2'] log_opt_values /usr/lib/python3/dist-packages/oslo_config/cfg.py:2609
2025-10-30 00:41:24.545 121861 DEBUG oslo_service.service [req-1c66b9c9-d3c8-4180-9952-e0b32f1d0e29 - - - - -] oslo_messaging_notifications.retry = -1 log_opt_values /usr/lib/python3/dist-packages/oslo_config/cfg.py:2609
2025-10-30 00:41:24.545 121861 DEBUG oslo_service.service [req-1c66b9c9-d3c8-4180-9952-e0b32f1d0e29 - - - - -] oslo_messaging_notifications.topics = ['notifications'] log_opt_values /usr/lib/python3/dist-packages/oslo_config/cfg.py:2609
2025-10-30 00:41:24.546 121861 DEBUG oslo_service.service [req-1c66b9c9-d3c8-4180-9952-e0b32f1d0e29 - - - - -] oslo_messaging_notifications.transport_url = **** log_opt_values /usr/lib/python3/dist-packages/oslo_config/cfg.py:2609
2025-10-30 00:41:24.546 121861 DEBUG oslo_service.service [req-1c66b9c9-d3c8-4180-9952-e0b32f1d0e29 - - - - -] oslo_limit.auth_section = None log_opt_values /usr/lib/python3/dist-packages/oslo_config/cfg.py:2609
2025-10-30 00:41:24.546 121861 DEBUG oslo_service.service [req-1c66b9c9-d3c8-4180-9952-e0b32f1d0e29 - - - - -] oslo_limit.auth_type = None log_opt_values /usr/lib/python3/dist-packages/oslo_config/cfg.py:2609
2025-10-30 00:41:24.546 121861 DEBUG oslo_service.service [req-1c66b9c9-d3c8-4180-9952-e0b32f1d0e29 - - - - -] oslo_limit.cafile = None log_opt_values /usr/lib/python3/dist-packages/oslo_config/cfg.py:2609
2025-10-30 00:41:24.546 121861 DEBUG oslo_service.service [req-1c66b9c9-d3c8-4180-9952-e0b32f1d0e29 - - - - -] oslo_limit.certfile = None log_opt_values /usr/lib/python3/dist-packages/oslo_config/cfg.py:2609
2025-10-30 00:41:24.547 121861 DEBUG oslo_service.service [req-1c66b9c9-d3c8-4180-9952-e0b32f1d0e29 - - - - -] oslo_limit.collect_timing = False log_opt_values /usr/lib/python3/dist-packages/oslo_config/cfg.py:2609
2025-10-30 00:41:24.547 121861 DEBUG oslo_service.service [req-1c66b9c9-d3c8-4180-9952-e0b32f1d0e29 - - - - -] oslo_limit.connect_retries = None log_opt_values /usr/lib/python3/dist-packages/oslo_config/cfg.py:2609
2025-10-30 00:41:24.547 121861 DEBUG oslo_service.service [req-1c66b9c9-d3c8-4180-9952-e0b32f1d0e29 - - - - -] oslo_limit.connect_retry_delay = None log_opt_values /usr/lib/python3/dist-packages/oslo_config/cfg.py:2609
