2025-10-30 01:48:37.150 69061 DEBUG oslo_service.service [-] oslo_messaging_metrics.metrics_process_name = log_opt_values /usr/lib/python3/dist-packages/oslo_config/cfg.py:2609
2025-10-30 01:48:37.150 69061 DEBUG oslo_service.service [-] oslo_messaging_metrics.metrics_socket_file = /var/tmp/metrics_collector.sock log_opt_values /usr/lib/python3/dist-packages/oslo_config/cfg.py:2609
2025-10-30 01:48:37.150 69061 DEBUG oslo_service.service [-] oslo_messaging_metrics.metrics_thread_stop_timeout = 10 log_opt_values /usr/lib/python3/dist-packages/oslo_config/cfg.py:2609
2025-10-30 01:48:37.150 69061 DEBUG oslo_service.service [-] oslo_policy.enforce_new_defaults = False log_opt_values /usr/lib/python3/dist-packages/oslo_config/cfg.py:2609
2025-10-30 01:48:37.150 69061 DEBUG oslo_service.service [-] oslo_policy.enforce_scope = False log_opt_values /usr/lib/python3/dist-packages/oslo_config/cfg.py:2609
2025-10-30 01:48:37.150 69061 DEBUG oslo_service.service [-] oslo_policy.policy_default_rule = default log_opt_values /usr/lib/python3/dist-packages/oslo_config/cfg.py:2609
2025-10-30 01:48:37.150 69061 DEBUG oslo_service.service [-] oslo_policy.policy_dirs = ['policy.d'] log_opt_values /usr/lib/python3/dist-packages/oslo_config/cfg.py:2609
2025-10-30 01:48:37.151 69061 DEBUG oslo_service.service [-] oslo_policy.policy_file = policy.yaml log_opt_values /usr/lib/python3/dist-packages/oslo_config/cfg.py:2609
2025-10-30 01:48:37.151 69061 DEBUG oslo_service.service [-] oslo_policy.remote_content_type = application/x-www-form-urlencoded log_opt_values /usr/lib/python3/dist-packages/oslo_config/cfg.py:2609
2025-10-30 01:48:37.152 69061 DEBUG oslo_service.service [-] oslo_policy.remote_ssl_ca_crt_file = None log_opt_values /usr/lib/python3/dist-packages/oslo_config/cfg.py:2609
2025-10-30 01:48:37.152 69061 DEBUG oslo_service.service [-] oslo_policy.remote_ssl_client_crt_file = None log_opt_values /usr/lib/python3/dist-packages/oslo_config/cfg.py:2609
2025-10-30 01:48:37.152 69061 DEBUG oslo_service.service [-] oslo_policy.remote_ssl_client_key_file = None log_opt_values /usr/lib/python3/dist-packages/oslo_config/cfg.py:2609
2025-10-30 01:48:37.152 69061 DEBUG oslo_service.service [-] oslo_policy.remote_ssl_verify_server_crt = False log_opt_values /usr/lib/python3/dist-packages/oslo_config/cfg.py:2609
2025-10-30 01:48:37.152 69061 DEBUG oslo_service.service [-] trustee.auth_section = None log_opt_values /usr/lib/python3/dist-packages/oslo_config/cfg.py:2609
2025-10-30 01:48:37.153 69061 WARNING oslo_config.cfg [-] Deprecated: Option "auth_plugin" from group "trustee" is deprecated. Use option "auth_type" from group "trustee".
2025-10-30 01:48:37.153 69061 DEBUG oslo_service.service [-] trustee.auth_type = password log_opt_values /usr/lib/python3/dist-packages/oslo_config/cfg.py:2609
2025-10-30 01:48:37.153 69061 DEBUG oslo_service.service [-] oslo_versionedobjects.fatal_exception_format_errors = False log_opt_values /usr/lib/python3/dist-packages/oslo_config/cfg.py:2609
2025-10-30 01:48:37.153 69061 DEBUG oslo_service.service [-] oslo_messaging_rabbit.amqp_auto_delete = False log_opt_values /usr/lib/python3/dist-packages/oslo_config/cfg.py:2609
2025-10-30 01:48:37.154 69061 DEBUG oslo_service.service [-] oslo_messaging_rabbit.amqp_durable_queues = False log_opt_values /usr/lib/python3/dist-packages/oslo_config/cfg.py:2609
2025-10-30 01:48:37.154 69061 DEBUG oslo_service.service [-] oslo_messaging_rabbit.conn_pool_min_size = 2 log_opt_values /usr/lib/python3/dist-packages/oslo_config/cfg.py:2609
2025-10-30 01:48:37.154 69061 DEBUG oslo_service.service [-] oslo_messaging_rabbit.conn_pool_ttl = 1200 log_opt_values /usr/lib/python3/dist-packages/oslo_config/cfg.py:2609
2025-10-30 01:48:37.154 69061 DEBUG oslo_service.service [-] oslo_messaging_rabbit.direct_mandatory_flag = True log_opt_values /usr/lib/python3/dist-packages/oslo_config/cfg.py:2609
2025-10-30 01:48:37.154 69061 DEBUG oslo_service.service [-] oslo_messaging_rabbit.enable_cancel_on_failover = False log_opt_values /usr/lib/python3/dist-packages/oslo_config/cfg.py:2609
2025-10-30 01:48:37.154 69061 DEBUG oslo_service.service [-] oslo_messaging_rabbit.heartbeat_in_pthread = False log_opt_values /usr/lib/python3/dist-packages/oslo_config/cfg.py:2609
2025-10-30 01:48:37.155 69061 DEBUG oslo_service.service [-] oslo_messaging_rabbit.heartbeat_rate = 2 log_opt_values /usr/lib/python3/dist-packages/oslo_config/cfg.py:2609
2025-10-30 01:48:37.155 69061 DEBUG oslo_service.service [-] oslo_messaging_rabbit.heartbeat_timeout_threshold = 60 log_opt_values /usr/lib/python3/dist-packages/oslo_config/cfg.py:2609
2025-10-30 01:48:37.155 69061 DEBUG oslo_service.service [-] oslo_messaging_rabbit.kombu_compression = None log_opt_values /usr/lib/python3/dist-packages/oslo_config/cfg.py:2609
2025-10-30 01:48:37.155 69061 DEBUG oslo_service.service [-] oslo_messaging_rabbit.kombu_failover_strategy = round-robin log_opt_values /usr/lib/python3/dist-packages/oslo_config/cfg.py:2609
2025-10-30 01:48:37.155 69061 DEBUG oslo_service.service [-] oslo_messaging_rabbit.kombu_missing_consumer_retry_timeout = 60 log_opt_values /usr/lib/python3/dist-packages/oslo_config/cfg.py:2609
2025-10-30 01:48:37.155 69061 DEBUG oslo_service.service [-] oslo_messaging_rabbit.kombu_reconnect_delay = 1.0 log_opt_values /usr/lib/python3/dist-packages/oslo_config/cfg.py:2609
2025-10-30 01:48:37.155 69061 DEBUG oslo_service.service [-] oslo_messaging_rabbit.rabbit_ha_queues = False log_opt_values /usr/lib/python3/dist-packages/oslo_config/cfg.py:2609
2025-10-30 01:48:37.155 69061 DEBUG oslo_service.service [-] oslo_messaging_rabbit.rabbit_interval_max = 30 log_opt_values /usr/lib/python3/dist-packages/oslo_config/cfg.py:2609
2025-10-30 01:48:37.155 69061 DEBUG oslo_service.service [-] oslo_messaging_rabbit.rabbit_login_method = AMQPLAIN log_opt_values /usr/lib/python3/dist-packages/oslo_config/cfg.py:2609
2025-10-30 01:48:37.156 69061 DEBUG oslo_service.service [-] oslo_messaging_rabbit.rabbit_qos_prefetch_count = 0 log_opt_values /usr/lib/python3/dist-packages/oslo_config/cfg.py:2609
2025-10-30 01:48:37.156 69061 DEBUG oslo_service.service [-] oslo_messaging_rabbit.rabbit_quorum_queue = False log_opt_values /usr/lib/python3/dist-packages/oslo_config/cfg.py:2609
2025-10-30 01:48:37.156 69061 DEBUG oslo_service.service [-] oslo_messaging_rabbit.rabbit_retry_backoff = 2 log_opt_values /usr/lib/python3/dist-packages/oslo_config/cfg.py:2609
2025-10-30 01:48:37.156 69061 DEBUG oslo_service.service [-] oslo_messaging_rabbit.rabbit_retry_interval = 1 log_opt_values /usr/lib/python3/dist-packages/oslo_config/cfg.py:2609
2025-10-30 01:48:37.156 69061 DEBUG oslo_service.service [-] oslo_messaging_rabbit.rabbit_transient_queues_ttl = 1800 log_opt_values /usr/lib/python3/dist-packages/oslo_config/cfg.py:2609
2025-10-30 01:48:37.156 69061 DEBUG oslo_service.service [-] oslo_messaging_rabbit.rpc_conn_pool_size = 30 log_opt_values /usr/lib/python3/dist-packages/oslo_config/cfg.py:2609
2025-10-30 01:48:37.156 69061 DEBUG oslo_service.service [-] oslo_messaging_rabbit.ssl = False log_opt_values /usr/lib/python3/dist-packages/oslo_config/cfg.py:2609
2025-10-30 01:48:37.156 69061 DEBUG oslo_service.service [-] oslo_messaging_rabbit.ssl_ca_file = log_opt_values /usr/lib/python3/dist-packages/oslo_config/cfg.py:2609
2025-10-30 01:48:37.156 69061 DEBUG oslo_service.service [-] oslo_messaging_rabbit.ssl_cert_file = log_opt_values /usr/lib/python3/dist-packages/oslo_config/cfg.py:2609
2025-10-30 01:48:37.157 69061 DEBUG oslo_service.service [-] oslo_messaging_rabbit.ssl_key_file = log_opt_values /usr/lib/python3/dist-packages/oslo_config/cfg.py:2609
2025-10-30 01:48:37.157 69061 DEBUG oslo_service.service [-] oslo_messaging_rabbit.ssl_version = log_opt_values /usr/lib/python3/dist-packages/oslo_config/cfg.py:2609
2025-10-30 01:48:37.157 69061 DEBUG oslo_service.service [-] oslo_messaging_notifications.driver = [] log_opt_values /usr/lib/python3/dist-packages/oslo_config/cfg.py:2609
2025-10-30 01:48:37.158 69061 DEBUG oslo_service.service [-] oslo_messaging_notifications.retry = -1 log_opt_values /usr/lib/python3/dist-packages/oslo_config/cfg.py:2609
2025-10-30 01:48:37.158 69061 DEBUG oslo_service.service [-] oslo_messaging_notifications.topics = ['notifications'] log_opt_values /usr/lib/python3/dist-packages/oslo_config/cfg.py:2609
2025-10-30 01:48:37.159 69061 DEBUG oslo_service.service [-] oslo_messaging_notifications.transport_url = **** log_opt_values /usr/lib/python3/dist-packages/oslo_config/cfg.py:2609
2025-10-30 01:48:37.159 69061 DEBUG oslo_service.service [-] cache.backend = dogpile.cache.null log_opt_values /usr/lib/python3/dist-packages/oslo_config/cfg.py:2609
2025-10-30 01:48:37.160 69061 DEBUG oslo_service.service [-] cache.backend_argument = **** log_opt_values /usr/lib/python3/dist-packages/oslo_config/cfg.py:2609
2025-10-30 01:48:37.160 69061 DEBUG oslo_service.service [-] cache.config_prefix = cache.oslo log_opt_values /usr/lib/python3/dist-packages/oslo_config/cfg.py:2609
2025-10-30 01:48:37.160 69061 DEBUG oslo_service.service [-] cache.debug_cache_backend = False log_opt_values /usr/lib/python3/dist-packages/oslo_config/cfg.py:2609
2025-10-30 01:48:37.161 69061 DEBUG oslo_service.service [-] cache.enabled = False log_opt_values /usr/lib/python3/dist-packages/oslo_config/cfg.py:2609
2025-10-30 01:48:37.161 69061 DEBUG oslo_service.service [-] cache.expiration_time = 600 log_opt_values /usr/lib/python3/dist-packages/oslo_config/cfg.py:2609
2025-10-30 01:48:37.162 69061 DEBUG oslo_service.service [-] cache.memcache_dead_retry = 300 log_opt_values /usr/lib/python3/dist-packages/oslo_config/cfg.py:2609
2025-10-30 01:48:37.162 69061 DEBUG oslo_service.service [-] cache.memcache_pool_connection_get_timeout = 10 log_opt_values /usr/lib/python3/dist-packages/oslo_config/cfg.py:2609
2025-10-30 01:48:37.163 69061 DEBUG oslo_service.service [-] cache.memcache_pool_flush_on_reconnect = False log_opt_values /usr/lib/python3/dist-packages/oslo_config/cfg.py:2609
2025-10-30 01:48:37.163 69061 DEBUG oslo_service.service [-] cache.memcache_pool_maxsize = 10 log_opt_values /usr/lib/python3/dist-packages/oslo_config/cfg.py:2609
2025-10-30 01:48:37.167 69061 DEBUG oslo_service.service [-] cache.memcache_pool_unused_timeout = 60 log_opt_values /usr/lib/python3/dist-packages/oslo_config/cfg.py:2609
2025-10-30 01:48:37.167 69061 DEBUG oslo_service.service [-] cache.memcache_servers = ['localhost:11211'] log_opt_values /usr/lib/python3/dist-packages/oslo_config/cfg.py:2609
2025-10-30 01:48:37.167 69061 DEBUG oslo_service.service [-] cache.memcache_socket_timeout = 1.0 log_opt_values /usr/lib/python3/dist-packages/oslo_config/cfg.py:2609
2025-10-30 01:48:37.167 69061 DEBUG oslo_service.service [-] cache.proxies = [] log_opt_values /usr/lib/python3/dist-packages/oslo_config/cfg.py:2609
2025-10-30 01:48:37.167 69061 DEBUG oslo_service.service [-] cache.tls_allowed_ciphers = None log_opt_values /usr/lib/python3/dist-packages/oslo_config/cfg.py:2609
2025-10-30 01:48:37.168 69061 DEBUG oslo_service.service [-] cache.tls_cafile = None log_opt_values /usr/lib/python3/dist-packages/oslo_config/cfg.py:2609
2025-10-30 01:48:37.169 69061 DEBUG oslo_service.service [-] cache.tls_certfile = None log_opt_values /usr/lib/python3/dist-packages/oslo_config/cfg.py:2609
2025-10-30 01:48:37.169 69061 DEBUG oslo_service.service [-] cache.tls_enabled = False log_opt_values /usr/lib/python3/dist-packages/oslo_config/cfg.py:2609
2025-10-30 01:48:37.170 69061 DEBUG oslo_service.service [-] cache.tls_keyfile = None log_opt_values /usr/lib/python3/dist-packages/oslo_config/cfg.py:2609
2025-10-30 01:48:37.170 69061 DEBUG oslo_service.service [-] constraint_validation_cache.caching = True log_opt_values /usr/lib/python3/dist-packages/oslo_config/cfg.py:2609
2025-10-30 01:48:37.170 69061 DEBUG oslo_service.service [-] constraint_validation_cache.expiration_time = 60 log_opt_values /usr/lib/python3/dist-packages/oslo_config/cfg.py:2609
2025-10-30 01:48:37.170 69061 DEBUG oslo_service.service [-] service_extension_cache.caching = True log_opt_values /usr/lib/python3/dist-packages/oslo_config/cfg.py:2609
2025-10-30 01:48:37.171 69061 DEBUG oslo_service.service [-] service_extension_cache.expiration_time = 3600 log_opt_values /usr/lib/python3/dist-packages/oslo_config/cfg.py:2609
2025-10-30 01:48:37.171 69061 DEBUG oslo_service.service [-] resource_finder_cache.caching = True log_opt_values /usr/lib/python3/dist-packages/oslo_config/cfg.py:2609
2025-10-30 01:48:37.171 69061 DEBUG oslo_service.service [-] resource_finder_cache.expiration_time = 3600 log_opt_values /usr/lib/python3/dist-packages/oslo_config/cfg.py:2609
2025-10-30 01:48:37.171 69061 DEBUG oslo_service.service [-] yaql.limit_iterators = 200 log_opt_values /usr/lib/python3/dist-packages/oslo_config/cfg.py:2609
2025-10-30 01:48:37.171 69061 DEBUG oslo_service.service [-] yaql.memory_quota = 10000 log_opt_values /usr/lib/python3/dist-packages/oslo_config/cfg.py:2609
2025-10-30 01:48:37.172 69061 DEBUG oslo_service.service [-] ******************************************************************************** log_opt_values /usr/lib/python3/dist-packages/oslo_config/cfg.py:2613
2025-10-30 01:48:37.200 69288 DEBUG oslo_db.sqlalchemy.engines [req-6d8659b2-a674-4a9e-a3b2-22a7d3bab522 - - - - -] MySQL server mode set to STRICT_TRANS_TABLES,STRICT_ALL_TABLES,NO_ZERO_IN_DATE,NO_ZERO_DATE,ERROR_FOR_DIVISION_BY_ZERO,TRADITIONAL,NO_ENGINE_SUBSTITUTION _check_effective_sql_mode /usr/lib/python3/dist-packages/oslo_db/sqlalchemy/engines.py:314
2025-10-30 01:48:37.203 69286 DEBUG oslo_db.sqlalchemy.engines [req-81abfd62-e5a5-4145-9333-12a73d7641b1 - - - - -] MySQL server mode set to STRICT_TRANS_TABLES,STRICT_ALL_TABLES,NO_ZERO_IN_DATE,NO_ZERO_DATE,ERROR_FOR_DIVISION_BY_ZERO,TRADITIONAL,NO_ENGINE_SUBSTITUTION _check_effective_sql_mode /usr/lib/python3/dist-packages/oslo_db/sqlalchemy/engines.py:314
2025-10-30 01:48:37.207 69287 DEBUG oslo_db.sqlalchemy.engines [req-8e205d58-4310-450f-a853-b2e24389e5a9 - - - - -] MySQL server mode set to STRICT_TRANS_TABLES,STRICT_ALL_TABLES,NO_ZERO_IN_DATE,NO_ZERO_DATE,ERROR_FOR_DIVISION_BY_ZERO,TRADITIONAL,NO_ENGINE_SUBSTITUTION _check_effective_sql_mode /usr/lib/python3/dist-packages/oslo_db/sqlalchemy/engines.py:314
2025-10-30 01:48:37.213 69289 DEBUG oslo_db.sqlalchemy.engines [req-e33a2e80-943e-4968-8e07-caadef40df96 - - - - -] MySQL server mode set to STRICT_TRANS_TABLES,STRICT_ALL_TABLES,NO_ZERO_IN_DATE,NO_ZERO_DATE,ERROR_FOR_DIVISION_BY_ZERO,TRADITIONAL,NO_ENGINE_SUBSTITUTION _check_effective_sql_mode /usr/lib/python3/dist-packages/oslo_db/sqlalchemy/engines.py:314
2025-10-30 01:48:37.249 69288 DEBUG heat.engine.service [req-6d8659b2-a674-4a9e-a3b2-22a7d3bab522 - - - - -] Service 0ed5b9ab-c504-447b-8850-a52b8302d8c3 was aborted service_manage_cleanup /usr/lib/python3/dist-packages/heat/engine/service.py:2391
2025-10-30 01:48:37.251 69287 DEBUG heat.engine.service [req-8e205d58-4310-450f-a853-b2e24389e5a9 - - - - -] Service 0ed5b9ab-c504-447b-8850-a52b8302d8c3 was aborted service_manage_cleanup /usr/lib/python3/dist-packages/heat/engine/service.py:2391
2025-10-30 01:48:37.258 69286 DEBUG heat.engine.service [req-81abfd62-e5a5-4145-9333-12a73d7641b1 - - - - -] Service 0ed5b9ab-c504-447b-8850-a52b8302d8c3 was aborted service_manage_cleanup /usr/lib/python3/dist-packages/heat/engine/service.py:2391
2025-10-30 01:48:37.272 69287 DEBUG heat.engine.service [req-8e205d58-4310-450f-a853-b2e24389e5a9 - - - - -] Service 27cb23a5-7f50-43f1-8efe-ecc3fa9718c4 was aborted service_manage_cleanup /usr/lib/python3/dist-packages/heat/engine/service.py:2391
2025-10-30 01:48:37.272 69289 DEBUG heat.engine.service [req-e33a2e80-943e-4968-8e07-caadef40df96 - - - - -] Service 0ed5b9ab-c504-447b-8850-a52b8302d8c3 was aborted service_manage_cleanup /usr/lib/python3/dist-packages/heat/engine/service.py:2391
2025-10-30 01:48:37.273 69286 DEBUG heat.engine.service [req-81abfd62-e5a5-4145-9333-12a73d7641b1 - - - - -] Service 27cb23a5-7f50-43f1-8efe-ecc3fa9718c4 was aborted service_manage_cleanup /usr/lib/python3/dist-packages/heat/engine/service.py:2391
2025-10-30 01:48:37.274 69288 DEBUG heat.engine.service [req-6d8659b2-a674-4a9e-a3b2-22a7d3bab522 - - - - -] Service 27cb23a5-7f50-43f1-8efe-ecc3fa9718c4 was aborted service_manage_cleanup /usr/lib/python3/dist-packages/heat/engine/service.py:2391
2025-10-30 01:48:37.282 69289 DEBUG heat.engine.service [req-e33a2e80-943e-4968-8e07-caadef40df96 - - - - -] Service 27cb23a5-7f50-43f1-8efe-ecc3fa9718c4 was aborted service_manage_cleanup /usr/lib/python3/dist-packages/heat/engine/service.py:2391
2025-10-30 01:48:37.284 69287 DEBUG heat.engine.service [req-8e205d58-4310-450f-a853-b2e24389e5a9 - - - - -] Service 4060749e-a062-4768-9826-f4ee4602e62f was aborted service_manage_cleanup /usr/lib/python3/dist-packages/heat/engine/service.py:2391
2025-10-30 01:48:37.284 69288 DEBUG heat.engine.service [req-6d8659b2-a674-4a9e-a3b2-22a7d3bab522 - - - - -] Service 4060749e-a062-4768-9826-f4ee4602e62f was aborted service_manage_cleanup /usr/lib/python3/dist-packages/heat/engine/service.py:2391
2025-10-30 01:48:37.287 69286 DEBUG heat.engine.service [req-81abfd62-e5a5-4145-9333-12a73d7641b1 - - - - -] Service 4060749e-a062-4768-9826-f4ee4602e62f was aborted service_manage_cleanup /usr/lib/python3/dist-packages/heat/engine/service.py:2391
2025-10-30 01:48:37.288 69289 DEBUG heat.engine.service [req-e33a2e80-943e-4968-8e07-caadef40df96 - - - - -] Service 4060749e-a062-4768-9826-f4ee4602e62f was aborted service_manage_cleanup /usr/lib/python3/dist-packages/heat/engine/service.py:2391
2025-10-30 01:48:37.293 69287 DEBUG heat.engine.service [req-8e205d58-4310-450f-a853-b2e24389e5a9 - - - - -] Service 6db8e6fd-bbff-48ca-823c-855b3e95371b was aborted service_manage_cleanup /usr/lib/python3/dist-packages/heat/engine/service.py:2391
2025-10-30 01:48:37.294 69288 DEBUG heat.engine.service [req-6d8659b2-a674-4a9e-a3b2-22a7d3bab522 - - - - -] Service 6db8e6fd-bbff-48ca-823c-855b3e95371b was aborted service_manage_cleanup /usr/lib/python3/dist-packages/heat/engine/service.py:2391
2025-10-30 01:48:37.295 69289 DEBUG heat.engine.service [req-e33a2e80-943e-4968-8e07-caadef40df96 - - - - -] Service 6db8e6fd-bbff-48ca-823c-855b3e95371b was aborted service_manage_cleanup /usr/lib/python3/dist-packages/heat/engine/service.py:2391
2025-10-30 01:48:37.305 69287 DEBUG heat.engine.service [req-8e205d58-4310-450f-a853-b2e24389e5a9 - - - - -] Service 770932c5-9fb7-4c0d-8886-52006bacc0aa was aborted service_manage_cleanup /usr/lib/python3/dist-packages/heat/engine/service.py:2391
2025-10-30 01:48:37.306 69288 DEBUG heat.engine.service [req-6d8659b2-a674-4a9e-a3b2-22a7d3bab522 - - - - -] Service 770932c5-9fb7-4c0d-8886-52006bacc0aa was aborted service_manage_cleanup /usr/lib/python3/dist-packages/heat/engine/service.py:2391
2025-10-30 01:48:37.307 69289 DEBUG heat.engine.service [req-e33a2e80-943e-4968-8e07-caadef40df96 - - - - -] Service 770932c5-9fb7-4c0d-8886-52006bacc0aa was aborted service_manage_cleanup /usr/lib/python3/dist-packages/heat/engine/service.py:2391
2025-10-30 01:48:37.308 69286 DEBUG heat.engine.service [req-81abfd62-e5a5-4145-9333-12a73d7641b1 - - - - -] Service 6db8e6fd-bbff-48ca-823c-855b3e95371b was aborted service_manage_cleanup /usr/lib/python3/dist-packages/heat/engine/service.py:2391
2025-10-30 01:48:37.313 69286 DEBUG heat.engine.service [req-81abfd62-e5a5-4145-9333-12a73d7641b1 - - - - -] Service 770932c5-9fb7-4c0d-8886-52006bacc0aa was aborted service_manage_cleanup /usr/lib/python3/dist-packages/heat/engine/service.py:2391
2025-10-30 01:48:37.319 69287 DEBUG heat.engine.service [req-8e205d58-4310-450f-a853-b2e24389e5a9 - - - - -] Service 8c95604c-5bd0-48b6-91e9-0141216dc98f was aborted service_manage_cleanup /usr/lib/python3/dist-packages/heat/engine/service.py:2391
2025-10-30 01:48:37.319 69289 DEBUG heat.engine.service [req-e33a2e80-943e-4968-8e07-caadef40df96 - - - - -] Service 8c95604c-5bd0-48b6-91e9-0141216dc98f was aborted service_manage_cleanup /usr/lib/python3/dist-packages/heat/engine/service.py:2391
2025-10-30 01:48:37.321 69286 DEBUG heat.engine.service [req-81abfd62-e5a5-4145-9333-12a73d7641b1 - - - - -] Service 8c95604c-5bd0-48b6-91e9-0141216dc98f was aborted service_manage_cleanup /usr/lib/python3/dist-packages/heat/engine/service.py:2391
2025-10-30 01:48:37.321 69288 DEBUG heat.engine.service [req-6d8659b2-a674-4a9e-a3b2-22a7d3bab522 - - - - -] Service 8c95604c-5bd0-48b6-91e9-0141216dc98f was aborted service_manage_cleanup /usr/lib/python3/dist-packages/heat/engine/service.py:2391
2025-10-30 01:48:37.331 69287 DEBUG heat.engine.service [req-8e205d58-4310-450f-a853-b2e24389e5a9 - - - - -] Service 99897738-43a8-4118-a223-3373ec00aad4 was aborted service_manage_cleanup /usr/lib/python3/dist-packages/heat/engine/service.py:2391
2025-10-30 01:48:37.331 69286 DEBUG heat.engine.service [req-81abfd62-e5a5-4145-9333-12a73d7641b1 - - - - -] Service 99897738-43a8-4118-a223-3373ec00aad4 was aborted service_manage_cleanup /usr/lib/python3/dist-packages/heat/engine/service.py:2391
2025-10-30 01:48:37.332 69289 DEBUG heat.engine.service [req-e33a2e80-943e-4968-8e07-caadef40df96 - - - - -] Service 99897738-43a8-4118-a223-3373ec00aad4 was aborted service_manage_cleanup /usr/lib/python3/dist-packages/heat/engine/service.py:2391
2025-10-30 01:48:37.343 69289 DEBUG heat.engine.service [req-e33a2e80-943e-4968-8e07-caadef40df96 - - - - -] Service bae0cf62-d7c3-4e78-b447-371656017740 was aborted service_manage_cleanup /usr/lib/python3/dist-packages/heat/engine/service.py:2391
2025-10-30 01:48:37.344 69287 DEBUG heat.engine.service [req-8e205d58-4310-450f-a853-b2e24389e5a9 - - - - -] Service bae0cf62-d7c3-4e78-b447-371656017740 was aborted service_manage_cleanup /usr/lib/python3/dist-packages/heat/engine/service.py:2391
2025-10-30 01:48:37.344 69288 DEBUG heat.engine.service [req-6d8659b2-a674-4a9e-a3b2-22a7d3bab522 - - - - -] Service 99897738-43a8-4118-a223-3373ec00aad4 was aborted service_manage_cleanup /usr/lib/python3/dist-packages/heat/engine/service.py:2391
2025-10-30 01:48:37.344 69286 DEBUG heat.engine.service [req-81abfd62-e5a5-4145-9333-12a73d7641b1 - - - - -] Service bae0cf62-d7c3-4e78-b447-371656017740 was aborted service_manage_cleanup /usr/lib/python3/dist-packages/heat/engine/service.py:2391
2025-10-30 01:48:37.351 69288 DEBUG heat.engine.service [req-6d8659b2-a674-4a9e-a3b2-22a7d3bab522 - - - - -] Service bae0cf62-d7c3-4e78-b447-371656017740 was aborted service_manage_cleanup /usr/lib/python3/dist-packages/heat/engine/service.py:2391
2025-10-30 01:48:37.355 69289 DEBUG heat.engine.service [req-e33a2e80-943e-4968-8e07-caadef40df96 - - - - -] Service bbbc2381-3fbe-4319-9262-f7a6e884ddfe was aborted service_manage_cleanup /usr/lib/python3/dist-packages/heat/engine/service.py:2391
2025-10-30 01:48:37.356 69287 DEBUG heat.engine.service [req-8e205d58-4310-450f-a853-b2e24389e5a9 - - - - -] Service bbbc2381-3fbe-4319-9262-f7a6e884ddfe was aborted service_manage_cleanup /usr/lib/python3/dist-packages/heat/engine/service.py:2391
2025-10-30 01:48:37.356 69286 DEBUG heat.engine.service [req-81abfd62-e5a5-4145-9333-12a73d7641b1 - - - - -] Service bbbc2381-3fbe-4319-9262-f7a6e884ddfe was aborted service_manage_cleanup /usr/lib/python3/dist-packages/heat/engine/service.py:2391
2025-10-30 01:48:37.357 69288 DEBUG heat.engine.service [req-6d8659b2-a674-4a9e-a3b2-22a7d3bab522 - - - - -] Service bbbc2381-3fbe-4319-9262-f7a6e884ddfe was aborted service_manage_cleanup /usr/lib/python3/dist-packages/heat/engine/service.py:2391
2025-10-30 01:48:37.366 69289 DEBUG heat.engine.service [req-e33a2e80-943e-4968-8e07-caadef40df96 - - - - -] Service bdf559b1-dc6d-4200-b207-0932ed69ed69 was aborted service_manage_cleanup /usr/lib/python3/dist-packages/heat/engine/service.py:2391
2025-10-30 01:48:37.366 69288 DEBUG heat.engine.service [req-6d8659b2-a674-4a9e-a3b2-22a7d3bab522 - - - - -] Service bdf559b1-dc6d-4200-b207-0932ed69ed69 was aborted service_manage_cleanup /usr/lib/python3/dist-packages/heat/engine/service.py:2391
2025-10-30 01:48:37.367 69286 DEBUG heat.engine.service [req-81abfd62-e5a5-4145-9333-12a73d7641b1 - - - - -] Service bdf559b1-dc6d-4200-b207-0932ed69ed69 was aborted service_manage_cleanup /usr/lib/python3/dist-packages/heat/engine/service.py:2391
2025-10-30 01:48:37.368 69287 DEBUG heat.engine.service [req-8e205d58-4310-450f-a853-b2e24389e5a9 - - - - -] Service bdf559b1-dc6d-4200-b207-0932ed69ed69 was aborted service_manage_cleanup /usr/lib/python3/dist-packages/heat/engine/service.py:2391
2025-10-30 01:48:37.378 69289 DEBUG heat.engine.service [req-e33a2e80-943e-4968-8e07-caadef40df96 - - - - -] Service be18330f-85f5-4b2d-9e6b-796282648a59 was aborted service_manage_cleanup /usr/lib/python3/dist-packages/heat/engine/service.py:2391
2025-10-30 01:48:37.379 69287 DEBUG heat.engine.service [req-8e205d58-4310-450f-a853-b2e24389e5a9 - - - - -] Service be18330f-85f5-4b2d-9e6b-796282648a59 was aborted service_manage_cleanup /usr/lib/python3/dist-packages/heat/engine/service.py:2391
2025-10-30 01:48:37.380 69286 DEBUG heat.engine.service [req-81abfd62-e5a5-4145-9333-12a73d7641b1 - - - - -] Service be18330f-85f5-4b2d-9e6b-796282648a59 was aborted service_manage_cleanup /usr/lib/python3/dist-packages/heat/engine/service.py:2391
2025-10-30 01:48:37.381 69288 DEBUG heat.engine.service [req-6d8659b2-a674-4a9e-a3b2-22a7d3bab522 - - - - -] Service be18330f-85f5-4b2d-9e6b-796282648a59 was aborted service_manage_cleanup /usr/lib/python3/dist-packages/heat/engine/service.py:2391
2025-10-30 01:48:37.390 69289 DEBUG heat.engine.service [req-e33a2e80-943e-4968-8e07-caadef40df96 - - - - -] Service c28b4353-7e67-42c1-b1e9-350d0c6436d2 was aborted service_manage_cleanup /usr/lib/python3/dist-packages/heat/engine/service.py:2391
2025-10-30 01:48:37.391 69287 DEBUG heat.engine.service [req-8e205d58-4310-450f-a853-b2e24389e5a9 - - - - -] Service c28b4353-7e67-42c1-b1e9-350d0c6436d2 was aborted service_manage_cleanup /usr/lib/python3/dist-packages/heat/engine/service.py:2391
2025-10-30 01:48:37.391 69286 DEBUG heat.engine.service [req-81abfd62-e5a5-4145-9333-12a73d7641b1 - - - - -] Service c28b4353-7e67-42c1-b1e9-350d0c6436d2 was aborted service_manage_cleanup /usr/lib/python3/dist-packages/heat/engine/service.py:2391
2025-10-30 01:48:37.392 69288 DEBUG heat.engine.service [req-6d8659b2-a674-4a9e-a3b2-22a7d3bab522 - - - - -] Service c28b4353-7e67-42c1-b1e9-350d0c6436d2 was aborted service_manage_cleanup /usr/lib/python3/dist-packages/heat/engine/service.py:2391
2025-10-30 01:48:37.422 69289 DEBUG heat.engine.service [req-ec041070-b36a-4b52-97f8-80c3ccb7c5ab - - - - -] Service f647699a-2303-4e71-b0c1-f29219140eff is started service_manage_report /usr/lib/python3/dist-packages/heat/engine/service.py:2363
2025-10-30 01:48:37.423 69286 DEBUG heat.engine.service [req-4207bb34-28b1-48e7-b387-aa50fe943327 - - - - -] Service 14af28d7-dff9-40c6-9afd-fe85991089a5 is started service_manage_report /usr/lib/python3/dist-packages/heat/engine/service.py:2363
2025-10-30 01:48:37.429 69287 DEBUG heat.engine.service [req-7c086268-2398-4fbe-bdef-9acfe6b19ff8 - - - - -] Service 1ac58bc5-33b6-4b26-a152-da4e41540d19 is started service_manage_report /usr/lib/python3/dist-packages/heat/engine/service.py:2363
2025-10-30 01:48:37.433 69289 DEBUG heat.engine.service [req-ec041070-b36a-4b52-97f8-80c3ccb7c5ab - - - - -] Service f647699a-2303-4e71-b0c1-f29219140eff is updated service_manage_report /usr/lib/python3/dist-packages/heat/engine/service.py:2370
2025-10-30 01:48:37.434 69288 DEBUG heat.engine.service [req-ea9777bf-e708-4ee5-8a7f-6f631885779c - - - - -] Service 0d203c6a-ffeb-459e-8b76-6cc38fdbed5a is started service_manage_report /usr/lib/python3/dist-packages/heat/engine/service.py:2363
2025-10-30 01:48:37.438 69286 DEBUG heat.engine.service [req-4207bb34-28b1-48e7-b387-aa50fe943327 - - - - -] Service 14af28d7-dff9-40c6-9afd-fe85991089a5 is updated service_manage_report /usr/lib/python3/dist-packages/heat/engine/service.py:2370
2025-10-30 01:48:37.441 69287 DEBUG heat.engine.service [req-7c086268-2398-4fbe-bdef-9acfe6b19ff8 - - - - -] Service 1ac58bc5-33b6-4b26-a152-da4e41540d19 is updated service_manage_report /usr/lib/python3/dist-packages/heat/engine/service.py:2370
2025-10-30 01:48:37.446 69288 DEBUG heat.engine.service [req-ea9777bf-e708-4ee5-8a7f-6f631885779c - - - - -] Service 0d203c6a-ffeb-459e-8b76-6cc38fdbed5a is updated service_manage_report /usr/lib/python3/dist-packages/heat/engine/service.py:2370
2025-10-30 01:49:37.411 69286 DEBUG heat.engine.service [req-34cd2153-dcd1-4237-9d8e-643d702066fd - - - - -] Service 14af28d7-dff9-40c6-9afd-fe85991089a5 is updated service_manage_report /usr/lib/python3/dist-packages/heat/engine/service.py:2370
2025-10-30 01:49:37.417 69287 DEBUG heat.engine.service [req-425fc263-67e3-4450-ba09-cac34a4a3567 - - - - -] Service 1ac58bc5-33b6-4b26-a152-da4e41540d19 is updated service_manage_report /usr/lib/python3/dist-packages/heat/engine/service.py:2370
2025-10-30 01:49:37.424 69288 DEBUG heat.engine.service [req-2920d6b9-c524-41bc-b0ce-1faf8a596106 - - - - -] Service 0d203c6a-ffeb-459e-8b76-6cc38fdbed5a is updated service_manage_report /usr/lib/python3/dist-packages/heat/engine/service.py:2370
2025-10-30 01:49:37.424 69289 DEBUG heat.engine.service [req-53c1ae3f-4e95-4b5d-ab85-032b37a0f5e9 - - - - -] Service f647699a-2303-4e71-b0c1-f29219140eff is updated service_manage_report /usr/lib/python3/dist-packages/heat/engine/service.py:2370
2025-10-30 01:49:50.356 69287 DEBUG heat.engine.service [-] Attempting to stop engine service... _stop_rpc_server /usr/lib/python3/dist-packages/heat/engine/service.py:437
2025-10-30 01:49:50.356 69286 DEBUG heat.engine.service [-] Attempting to stop engine service... _stop_rpc_server /usr/lib/python3/dist-packages/heat/engine/service.py:437
2025-10-30 01:49:50.356 69289 DEBUG heat.engine.service [-] Attempting to stop engine service... _stop_rpc_server /usr/lib/python3/dist-packages/heat/engine/service.py:437
2025-10-30 01:49:50.357 69288 DEBUG heat.engine.service [-] Attempting to stop engine service... _stop_rpc_server /usr/lib/python3/dist-packages/heat/engine/service.py:437
2025-10-30 01:49:50.362 69061 INFO oslo_service.service [-] Caught SIGTERM, stopping children
2025-10-30 01:49:50.363 69061 DEBUG oslo_concurrency.lockutils [-] Acquired lock "singleton_lock" lock /usr/lib/python3/dist-packages/oslo_concurrency/lockutils.py:294
2025-10-30 01:49:50.363 69061 DEBUG oslo_concurrency.lockutils [-] Releasing lock "singleton_lock" lock /usr/lib/python3/dist-packages/oslo_concurrency/lockutils.py:312
2025-10-30 01:49:50.363 69061 DEBUG oslo_service.service [-] Stop services. stop /usr/lib/python3/dist-packages/oslo_service/service.py:695
2025-10-30 01:49:50.363 69061 INFO heat.engine.service [-] All threads were gone, terminating engine
2025-10-30 01:49:50.363 69061 DEBUG oslo_service.service [-] Killing children. stop /usr/lib/python3/dist-packages/oslo_service/service.py:700
2025-10-30 01:49:50.385 69061 INFO oslo_service.service [-] Waiting on 4 children to exit
2025-10-30 01:49:50.386 69061 INFO oslo_service.service [-] Child 69286 killed by signal 15
2025-10-30 01:49:50.386 69061 INFO oslo_service.service [-] Child 69287 killed by signal 15
2025-10-30 01:49:50.387 69061 INFO oslo_service.service [-] Child 69288 killed by signal 15
2025-10-30 01:49:50.387 69061 INFO oslo_service.service [-] Child 69289 killed by signal 15
2025-10-30 01:49:52.233 70552 DEBUG oslo_concurrency.lockutils [-] Lock "context-manager" acquired by "neutron_lib.db.api._create_context_manager" :: waited 0.000s inner /usr/lib/python3/dist-packages/oslo_concurrency/lockutils.py:386
2025-10-30 01:49:52.233 70552 DEBUG oslo_concurrency.lockutils [-] Lock "context-manager" "released" by "neutron_lib.db.api._create_context_manager" :: held 0.001s inner /usr/lib/python3/dist-packages/oslo_concurrency/lockutils.py:400
2025-10-30 01:49:54.833 70552 WARNING heat.engine.environment [-] OS::Aodh::Alarm is DEPRECATED. Theshold alarm relies on ceilometer-api and has been deprecated in aodh since Ocata. Use OS::Aodh::GnocchiAggregationByResourcesAlarm instead.
2025-10-30 01:49:54.833 70552 WARNING heat.engine.environment [-] OS::Aodh::CombinationAlarm is HIDDEN. OS::Aodh::CombinationAlarm is deprecated and has been removed from Aodh, use OS::Aodh::CompositeAlarm instead.
2025-10-30 01:49:54.834 70552 WARNING heat.engine.environment [-] OS::Designate::Domain is HIDDEN. This resource has been removed, use OS::Designate::Zone instead.
2025-10-30 01:49:54.841 70552 WARNING heat.engine.environment [-] OS::Designate::Record is HIDDEN. This resource has been removed, use OS::Designate::RecordSet instead.
2025-10-30 01:49:54.842 70552 WARNING heat.engine.environment [-] OS::Glance::Image is DEPRECATED. Creating a Glance Image based on an existing URL location requires the Glance v1 API, which is deprecated.
2025-10-30 01:49:54.842 70552 WARNING heat.engine.environment [-] OS::Heat::HARestarter is HIDDEN. The HARestarter resource type has been removed. Existing stacks containing HARestarter resources can still be used, but the HARestarter resource will be a placeholder that does nothing.
2025-10-30 01:49:54.842 70552 WARNING heat.engine.environment [-] OS::Heat::SoftwareDeployments is HIDDEN. Please use OS::Heat::SoftwareDeploymentGroup instead.
2025-10-30 01:49:54.842 70552 WARNING heat.engine.environment [-] OS::Heat::StructuredDeployments is HIDDEN. Please use OS::Heat::StructuredDeploymentGroup instead.
2025-10-30 01:49:54.843 70552 WARNING heat.engine.environment [-] OS::Magnum::Bay is HIDDEN. Please use OS::Magnum::Cluster instead.
2025-10-30 01:49:54.843 70552 WARNING heat.engine.environment [-] OS::Magnum::BayModel is HIDDEN. Please use OS::Magnum::ClusterTemplate instead.
2025-10-30 01:49:54.843 70552 WARNING heat.engine.environment [-] OS::Neutron::ExtraRoute is UNSUPPORTED. Use this resource at your own risk.
2025-10-30 01:49:54.843 70552 WARNING heat.engine.environment [-] OS::Neutron::HealthMonitor is HIDDEN. Use LBaaS V2 instead.
2025-10-30 01:49:54.843 70552 WARNING heat.engine.environment [-] OS::Neutron::Pool is HIDDEN. Use LBaaS V2 instead.
2025-10-30 01:49:54.843 70552 WARNING heat.engine.environment [-] OS::Neutron::PoolMember is HIDDEN. Use LBaaS V2 instead.
2025-10-30 01:49:54.844 70552 WARNING heat.engine.environment [-] OS::Neutron::LoadBalancer is HIDDEN. Use LBaaS V2 instead.
2025-10-30 01:49:54.844 70552 WARNING heat.engine.environment [-] OS::Neutron::RouterGateway is HIDDEN. Use the `external_gateway_info` property in the router resource to set up the gateway.
2025-10-30 01:49:54.844 70552 WARNING heat.engine.environment [-] OS::Nova::FloatingIP is HIDDEN. Please use OS::Neutron::FloatingIP instead.
2025-10-30 01:49:54.844 70552 WARNING heat.engine.environment [-] OS::Nova::FloatingIPAssociation is HIDDEN. Please use OS::Neutron::FloatingIPAssociation instead.
2025-10-30 01:49:54.847 70552 INFO heat.engine.environment [-] Loading /etc/heat/environment.d/default.yaml
2025-10-30 01:49:54.848 70552 INFO heat.engine.environment [-] Registered: [Plugin](User:False) AWS::AutoScaling::AutoScalingGroup ->
2025-10-30 01:49:54.848 70552 INFO heat.engine.environment [-] Registered: [Plugin](User:False) AWS::AutoScaling::LaunchConfiguration ->
2025-10-30 01:49:54.848 70552 INFO heat.engine.environment [-] Registered: [Plugin](User:False) AWS::AutoScaling::ScalingPolicy ->
2025-10-30 01:49:54.848 70552 INFO heat.engine.environment [-] Registered: [Plugin](User:False) AWS::CloudFormation::Stack ->
2025-10-30 01:49:54.848 70552 INFO heat.engine.environment [-] Registered: [Plugin](User:False) AWS::CloudFormation::WaitCondition ->
2025-10-30 01:49:54.848 70552 INFO heat.engine.environment [-] Registered: [Plugin](User:False) AWS::CloudFormation::WaitConditionHandle ->
2025-10-30 01:49:54.848 70552 INFO heat.engine.environment [-] Registered: [Plugin](User:False) AWS::EC2::EIP ->
2025-10-30 01:49:54.848 70552 INFO heat.engine.environment [-] Registered: [Plugin](User:False) AWS::EC2::EIPAssociation ->
2025-10-30 01:49:54.849 70552 INFO heat.engine.environment [-] Registered: [Plugin](User:False) AWS::EC2::Instance ->
2025-10-30 01:49:54.849 70552 INFO heat.engine.environment [-] Registered: [Plugin](User:False) AWS::EC2::InternetGateway ->
2025-10-30 01:49:54.849 70552 INFO heat.engine.environment [-] Registered: [Plugin](User:False) AWS::EC2::VPCGatewayAttachment ->
2025-10-30 01:49:54.849 70552 INFO heat.engine.environment [-] Registered: [Plugin](User:False) AWS::EC2::NetworkInterface ->
2025-10-30 01:49:54.849 70552 INFO heat.engine.environment [-] Registered: [Plugin](User:False) AWS::EC2::RouteTable ->
2025-10-30 01:49:54.849 70552 INFO heat.engine.environment [-] Registered: [Plugin](User:False) AWS::EC2::SubnetRouteTableAssociation ->
2025-10-30 01:49:54.849 70552 INFO heat.engine.environment [-] Registered: [Plugin](User:False) AWS::EC2::SecurityGroup ->
2025-10-30 01:49:54.849 70552 INFO heat.engine.environment [-] Registered: [Plugin](User:False) AWS::EC2::Subnet ->
2025-10-30 01:49:54.849 70552 INFO heat.engine.environment [-] Registered: [Plugin](User:False) AWS::EC2::Volume ->
2025-10-30 01:49:54.849 70552 INFO heat.engine.environment [-] Registered: [Plugin](User:False) AWS::EC2::VolumeAttachment ->
2025-10-30 01:49:54.849 70552 INFO heat.engine.environment [-] Registered: [Plugin](User:False) AWS::EC2::VPC ->
2025-10-30 01:49:54.850 70552 INFO heat.engine.environment [-] Registered: [Plugin](User:False) AWS::IAM::User ->
2025-10-30 01:49:54.850 70552 INFO heat.engine.environment [-] Registered: [Plugin](User:False) AWS::IAM::AccessKey ->
2025-10-30 01:49:54.850 70552 INFO heat.engine.environment [-] Registered: [Plugin](User:False) AWS::ElasticLoadBalancing::LoadBalancer ->
2025-10-30 01:49:54.850 70552 INFO heat.engine.environment [-] Registered: [Plugin](User:False) AWS::S3::Bucket ->
2025-10-30 01:49:54.850 70552 INFO heat.engine.environment [-] Registered: [Plugin](User:False) OS::Aodh::Alarm ->
2025-10-30 01:49:54.850 70552 INFO heat.engine.environment [-] Registered: [Plugin](User:False) OS::Aodh::CombinationAlarm ->
2025-10-30 01:49:54.850 70552 INFO heat.engine.environment [-] Registered: [Plugin](User:False) OS::Aodh::EventAlarm ->
2025-10-30 01:49:54.850 70552 INFO heat.engine.environment [-] Registered: [Plugin](User:False) OS::Aodh::LBMemberHealthAlarm ->
2025-10-30 01:49:54.850 70552 INFO heat.engine.environment [-] Registered: [Plugin](User:False) OS::Aodh::CompositeAlarm ->
2025-10-30 01:49:54.850 70552 INFO heat.engine.environment [-] Registered: [Plugin](User:False) OS::Aodh::GnocchiResourcesAlarm ->
2025-10-30 01:49:54.850 70552 INFO heat.engine.environment [-] Registered: [Plugin](User:False) OS::Aodh::GnocchiAggregationByMetricsAlarm ->
2025-10-30 01:49:54.850 70552 INFO heat.engine.environment [-] Registered: [Plugin](User:False) OS::Aodh::GnocchiAggregationByResourcesAlarm ->
2025-10-30 01:49:54.851 70552 INFO heat.engine.environment [-] Registered: [Plugin](User:False) OS::Barbican::GenericContainer ->
2025-10-30 01:49:54.851 70552 INFO heat.engine.environment [-] Registered: [Plugin](User:False) OS::Barbican::CertificateContainer ->
2025-10-30 01:49:54.851 70552 INFO heat.engine.environment [-] Registered: [Plugin](User:False) OS::Barbican::RSAContainer ->
2025-10-30 01:49:54.851 70552 INFO heat.engine.environment [-] Registered: [Plugin](User:False) OS::Barbican::Order ->
2025-10-30 01:49:54.851 70552 INFO heat.engine.environment [-] Registered: [Plugin](User:False) OS::Barbican::Secret ->
2025-10-30 01:49:54.851 70552 INFO heat.engine.environment [-] Registered: [Plugin](User:False) OS::Blazar::Host ->
2025-10-30 01:49:54.851 70552 INFO heat.engine.environment [-] Registered: [Plugin](User:False) OS::Blazar::Lease ->
2025-10-30 01:49:54.851 70552 INFO heat.engine.environment [-] Registered: [Plugin](User:False) OS::Cinder::EncryptedVolumeType ->
2025-10-30 01:49:54.851 70552 INFO heat.engine.environment [-] Registered: [Plugin](User:False) OS::Cinder::QoSSpecs ->
2025-10-30 01:49:54.851 70552 INFO heat.engine.environment [-] Registered: [Plugin](User:False) OS::Cinder::QoSAssociation ->
2025-10-30 01:49:54.851 70552 INFO heat.engine.environment [-] Registered: [Plugin](User:False) OS::Cinder::Quota ->
2025-10-30 01:49:54.851 70552 INFO heat.engine.environment [-] Registered: [Plugin](User:False) OS::Cinder::Volume ->
2025-10-30 01:49:54.852 70552 INFO heat.engine.environment [-] Registered: [Plugin](User:False) OS::Cinder::VolumeAttachment ->
2025-10-30 01:49:54.852 70552 INFO heat.engine.environment [-] Registered: [Plugin](User:False) OS::Cinder::VolumeType ->
2025-10-30 01:49:54.852 70552 INFO heat.engine.environment [-] Registered: [Plugin](User:False) OS::Designate::Domain ->
2025-10-30 01:49:54.852 70552 INFO heat.engine.environment [-] Registered: [Plugin](User:False) OS::Designate::Record ->
2025-10-30 01:49:54.852 70552 INFO heat.engine.environment [-] Registered: [Plugin](User:False) OS::Designate::RecordSet ->
2025-10-30 01:49:54.852 70552 INFO heat.engine.environment [-] Registered: [Plugin](User:False) OS::Designate::Zone ->
2025-10-30 01:49:54.852 70552 INFO heat.engine.environment [-] Registered: [Plugin](User:False) OS::Glance::Image ->
2025-10-30 01:49:54.852 70552 INFO heat.engine.environment [-] Registered: [Plugin](User:False) OS::Glance::WebImage ->
2025-10-30 01:49:54.852 70552 INFO heat.engine.environment [-] Registered: [Plugin](User:False) OS::Heat::AccessPolicy ->
2025-10-30 01:49:54.852 70552 INFO heat.engine.environment [-] Registered: [Plugin](User:False) OS::Heat::AutoScalingGroup ->
2025-10-30 01:49:54.852 70552 INFO heat.engine.environment [-] Registered: [Plugin](User:False) OS::Heat::CloudConfig ->
2025-10-30 01:49:54.853 70552 INFO heat.engine.environment [-] Registered: [Plugin](User:False) OS::Heat::Delay ->
2025-10-30 01:49:54.853 70552 INFO heat.engine.environment [-] Registered: [Plugin](User:False) OS::Heat::DeployedServer ->
2025-10-30 01:49:54.853 70552 INFO heat.engine.environment [-] Registered: [Plugin](User:False) OS::Heat::HARestarter ->
2025-10-30 01:49:54.853 70552 INFO heat.engine.environment [-] Registered: [Plugin](User:False) OS::Heat::InstanceGroup ->
2025-10-30 01:49:54.853 70552 INFO heat.engine.environment [-] Registered: [Plugin](User:False) OS::Heat::MultipartMime ->
2025-10-30 01:49:54.853 70552 INFO heat.engine.environment [-] Registered: [Plugin](User:False) OS::Heat::None ->
2025-10-30 01:49:54.853 70552 INFO heat.engine.environment [-] Registered: [Plugin](User:False) OS::Heat::RandomString ->
2025-10-30 01:49:54.853 70552 INFO heat.engine.environment [-] Registered: [Plugin](User:False) OS::Heat::Stack ->
2025-10-30 01:49:54.853 70552 INFO heat.engine.environment [-] Registered: [Plugin](User:False) OS::Heat::ResourceChain ->
2025-10-30 01:49:54.853 70552 INFO heat.engine.environment [-] Registered: [Plugin](User:False) OS::Heat::ResourceGroup ->
2025-10-30 01:49:54.853 70552 INFO heat.engine.environment [-] Registered: [Plugin](User:False) OS::Heat::ScalingPolicy ->
2025-10-30 01:49:54.853 70552 INFO heat.engine.environment [-] Registered: [Plugin](User:False) OS::Heat::SoftwareComponent ->
2025-10-30 01:49:54.854 70552 INFO heat.engine.environment [-] Registered: [Plugin](User:False) OS::Heat::SoftwareConfig ->
2025-10-30 01:49:54.854 70552 INFO heat.engine.environment [-] Registered: [Plugin](User:False) OS::Heat::SoftwareDeployment ->
2025-10-30 01:49:54.854 70552 INFO heat.engine.environment [-] Registered: [Plugin](User:False) OS::Heat::SoftwareDeploymentGroup ->
2025-10-30 01:49:54.854 70552 INFO heat.engine.environment [-] Registered: [Plugin](User:False) OS::Heat::SoftwareDeployments ->
2025-10-30 01:49:54.854 70552 INFO heat.engine.environment [-] Registered: [Plugin](User:False) OS::Heat::StructuredConfig ->
2025-10-30 01:49:54.854 70552 INFO heat.engine.environment [-] Registered: [Plugin](User:False) OS::Heat::StructuredDeployment ->
2025-10-30 01:49:54.854 70552 INFO heat.engine.environment [-] Registered: [Plugin](User:False) OS::Heat::StructuredDeploymentGroup ->
2025-10-30 01:49:54.854 70552 INFO heat.engine.environment [-] Registered: [Plugin](User:False) OS::Heat::StructuredDeployments ->
2025-10-30 01:49:54.854 70552 INFO heat.engine.environment [-] Registered: [Plugin](User:False) OS::Heat::SwiftSignal ->
2025-10-30 01:49:54.854 70552 INFO heat.engine.environment [-] Registered: [Plugin](User:False) OS::Heat::SwiftSignalHandle ->
2025-10-30 01:49:54.854 70552 INFO heat.engine.environment [-] Registered: [Plugin](User:False) OS::Heat::TestResource ->
2025-10-30 01:49:54.855 70552 INFO heat.engine.environment [-] Registered: [Plugin](User:False) OS::Heat::Value ->
2025-10-30 01:49:54.855 70552 INFO heat.engine.environment [-] Registered: [Plugin](User:False) OS::Heat::WaitCondition ->
2025-10-30 01:49:54.855 70552 INFO heat.engine.environment [-] Registered: [Plugin](User:False) OS::Heat::WaitConditionHandle ->
2025-10-30 01:49:54.855 70552 INFO heat.engine.environment [-] Registered: [Plugin](User:False) OS::Heat::UpdateWaitConditionHandle ->
2025-10-30 01:49:54.855 70552 INFO heat.engine.environment [-] Registered: [Plugin](User:False) OS::Ironic::Port ->
2025-10-30 01:49:54.855 70552 INFO heat.engine.environment [-] Registered: [Plugin](User:False) OS::Keystone::Domain ->
2025-10-30 01:49:54.855 70552 INFO heat.engine.environment [-] Registered: [Plugin](User:False) OS::Keystone::Endpoint ->
2025-10-30 01:49:54.855 70552 INFO heat.engine.environment [-] Registered: [Plugin](User:False) OS::Keystone::Group ->
2025-10-30 01:49:54.855 70552 INFO heat.engine.environment [-] Registered: [Plugin](User:False) OS::Keystone::Project ->
2025-10-30 01:49:54.855 70552 INFO heat.engine.environment [-] Registered: [Plugin](User:False) OS::Keystone::Region ->
2025-10-30 01:49:54.855 70552 INFO heat.engine.environment [-] Registered: [Plugin](User:False) OS::Keystone::Role ->
2025-10-30 01:49:54.856 70552 INFO heat.engine.environment [-] Registered: [Plugin](User:False) OS::Keystone::UserRoleAssignment ->
2025-10-30 01:49:54.856 70552 INFO heat.engine.environment [-] Registered: [Plugin](User:False) OS::Keystone::GroupRoleAssignment ->
2025-10-30 01:49:54.856 70552 INFO heat.engine.environment [-] Registered: [Plugin](User:False) OS::Keystone::Service ->
2025-10-30 01:49:54.856 70552 INFO heat.engine.environment [-] Registered: [Plugin](User:False) OS::Keystone::User ->
2025-10-30 01:49:54.856 70552 INFO heat.engine.environment [-] Registered: [Plugin](User:False) OS::Magnum::Bay ->
2025-10-30 01:49:54.856 70552 INFO heat.engine.environment [-] Registered: [Plugin](User:False) OS::Magnum::BayModel ->
2025-10-30 01:49:54.856 70552 INFO heat.engine.environment [-] Registered: [Plugin](User:False) OS::Magnum::Cluster ->
2025-10-30 01:49:54.856 70552 INFO heat.engine.environment [-] Registered: [Plugin](User:False) OS::Magnum::ClusterTemplate ->
2025-10-30 01:49:54.856 70552 INFO heat.engine.environment [-] Registered: [Plugin](User:False) OS::Manila::SecurityService ->
2025-10-30 01:49:54.856 70552 INFO heat.engine.environment [-] Registered: [Plugin](User:False) OS::Manila::Share ->
2025-10-30 01:49:54.856 70552 INFO heat.engine.environment [-] Registered: [Plugin](User:False) OS::Manila::ShareNetwork ->
2025-10-30 01:49:54.856 70552 INFO heat.engine.environment [-] Registered: [Plugin](User:False) OS::Manila::ShareType ->
2025-10-30 01:49:54.857 70552 INFO heat.engine.environment [-] Registered: [Plugin](User:False) OS::Mistral::CronTrigger ->
2025-10-30 01:49:54.857 70552 INFO heat.engine.environment [-] Registered: [Plugin](User:False) OS::Mistral::ExternalResource ->
2025-10-30 01:49:54.857 70552 INFO heat.engine.environment [-] Registered: [Plugin](User:False) OS::Mistral::Workflow ->
2025-10-30 01:49:54.857 70552 INFO heat.engine.environment [-] Registered: [Plugin](User:False) OS::Monasca::AlarmDefinition ->
2025-10-30 01:49:54.857 70552 INFO heat.engine.environment [-] Registered: [Plugin](User:False) OS::Monasca::Notification ->
2025-10-30 01:49:54.857 70552 INFO heat.engine.environment [-] Registered: [Plugin](User:False) OS::Neutron::AddressScope ->
2025-10-30 01:49:54.857 70552 INFO heat.engine.environment [-] Registered: [Plugin](User:False) OS::Neutron::ExtraRoute ->
2025-10-30 01:49:54.857 70552 INFO heat.engine.environment [-] Registered: [Plugin](User:False) OS::Neutron::ExtraRouteSet ->
2025-10-30 01:49:54.857 70552 INFO heat.engine.environment [-] Registered: [Plugin](User:False) OS::Neutron::Firewall ->
2025-10-30 01:49:54.857 70552 INFO heat.engine.environment [-] Registered: [Plugin](User:False) OS::Neutron::FirewallPolicy ->
2025-10-30 01:49:54.857 70552 INFO heat.engine.environment [-] Registered: [Plugin](User:False) OS::Neutron::FirewallRule ->
2025-10-30 01:49:54.857 70552 INFO heat.engine.environment [-] Registered: [Plugin](User:False) OS::Neutron::FloatingIP ->
2025-10-30 01:49:54.858 70552 INFO heat.engine.environment [-] Registered: [Plugin](User:False) OS::Neutron::FloatingIPAssociation ->
2025-10-30 01:49:54.858 70552 INFO heat.engine.environment [-] Registered: [Plugin](User:False) OS::Neutron::L2Gateway ->
2025-10-30 01:49:54.858 70552 INFO heat.engine.environment [-] Registered: [Plugin](User:False) OS::Neutron::L2GatewayConnection ->
2025-10-30 01:49:54.858 70552 INFO heat.engine.environment [-] Registered: [Plugin](User:False) OS::Neutron::LBaaS::HealthMonitor ->
2025-10-30 01:49:54.858 70552 INFO heat.engine.environment [-] Registered: [Plugin](User:False) OS::Neutron::LBaaS::L7Policy ->
2025-10-30 01:49:54.858 70552 INFO heat.engine.environment [-] Registered: [Plugin](User:False) OS::Neutron::LBaaS::L7Rule ->
2025-10-30 01:49:54.858 70552 INFO heat.engine.environment [-] Registered: [Plugin](User:False) OS::Neutron::LBaaS::Listener ->
