2025-10-30 01:20:41.045 40293 DEBUG heat.engine.service [req-5a2eeca5-c999-4c19-8194-6e6548b95708 - - - - -] Service bae0cf62-d7c3-4e78-b447-371656017740 is updated service_manage_report /usr/lib/python3/dist-packages/heat/engine/service.py:2370
2025-10-30 01:20:41.053 40292 DEBUG heat.engine.service [req-6aa4955e-c2e5-496e-a9a4-f56547240369 - - - - -] Service 770932c5-9fb7-4c0d-8886-52006bacc0aa is updated service_manage_report /usr/lib/python3/dist-packages/heat/engine/service.py:2370
2025-10-30 01:20:41.105 40291 DEBUG heat.engine.service [req-766709df-0857-461a-90d6-e40b549d7bcd - - - - -] Service 27cb23a5-7f50-43f1-8efe-ecc3fa9718c4 is updated service_manage_report /usr/lib/python3/dist-packages/heat/engine/service.py:2370
2025-10-30 01:20:41.159 40294 DEBUG heat.engine.service [req-d727ea19-7b0f-4e10-bf40-415b0e8d39bd - - - - -] Service bbbc2381-3fbe-4319-9262-f7a6e884ddfe is updated service_manage_report /usr/lib/python3/dist-packages/heat/engine/service.py:2370
2025-10-30 01:21:41.050 40293 DEBUG heat.engine.service [req-7ba5d138-9a87-4ad1-adad-fa2af46354ee - - - - -] Service bae0cf62-d7c3-4e78-b447-371656017740 is updated service_manage_report /usr/lib/python3/dist-packages/heat/engine/service.py:2370
2025-10-30 01:21:41.055 40292 DEBUG heat.engine.service [req-31f15b64-4c0f-4285-aa21-befc0934a2b6 - - - - -] Service 770932c5-9fb7-4c0d-8886-52006bacc0aa is updated service_manage_report /usr/lib/python3/dist-packages/heat/engine/service.py:2370
2025-10-30 01:21:41.099 40291 DEBUG heat.engine.service [req-d28d112e-ed0b-4964-b09f-b8bbe22041aa - - - - -] Service 27cb23a5-7f50-43f1-8efe-ecc3fa9718c4 is updated service_manage_report /usr/lib/python3/dist-packages/heat/engine/service.py:2370
2025-10-30 01:21:41.152 40294 DEBUG heat.engine.service [req-66a9bbf7-3870-4e8e-ab31-3a04a2a804c3 - - - - -] Service bbbc2381-3fbe-4319-9262-f7a6e884ddfe is updated service_manage_report /usr/lib/python3/dist-packages/heat/engine/service.py:2370
2025-10-30 01:22:41.053 40293 DEBUG heat.engine.service [req-3934daf9-63c1-44bf-8d53-b2674e0cff07 - - - - -] Service bae0cf62-d7c3-4e78-b447-371656017740 is updated service_manage_report /usr/lib/python3/dist-packages/heat/engine/service.py:2370
2025-10-30 01:22:41.058 40292 DEBUG heat.engine.service [req-cde86270-a149-401e-97f0-046866ed0335 - - - - -] Service 770932c5-9fb7-4c0d-8886-52006bacc0aa is updated service_manage_report /usr/lib/python3/dist-packages/heat/engine/service.py:2370
2025-10-30 01:22:41.104 40291 DEBUG heat.engine.service [req-24f73b1e-c5f5-41a1-9ab5-a366929cbafd - - - - -] Service 27cb23a5-7f50-43f1-8efe-ecc3fa9718c4 is updated service_manage_report /usr/lib/python3/dist-packages/heat/engine/service.py:2370
2025-10-30 01:22:41.155 40294 DEBUG heat.engine.service [req-274561cd-4554-441f-a1b7-86070f13cb0f - - - - -] Service bbbc2381-3fbe-4319-9262-f7a6e884ddfe is updated service_manage_report /usr/lib/python3/dist-packages/heat/engine/service.py:2370
2025-10-30 01:23:41.056 40293 DEBUG heat.engine.service [req-fb9c858b-3ee6-4762-bdcd-186bae5be6fe - - - - -] Service bae0cf62-d7c3-4e78-b447-371656017740 is updated service_manage_report /usr/lib/python3/dist-packages/heat/engine/service.py:2370
2025-10-30 01:23:41.059 40292 DEBUG heat.engine.service [req-7f2df242-061c-48c2-baa2-e8aa571a233f - - - - -] Service 770932c5-9fb7-4c0d-8886-52006bacc0aa is updated service_manage_report /usr/lib/python3/dist-packages/heat/engine/service.py:2370
2025-10-30 01:23:41.108 40291 DEBUG heat.engine.service [req-5d401a6c-ddfb-4053-842d-f6fc52f9039f - - - - -] Service 27cb23a5-7f50-43f1-8efe-ecc3fa9718c4 is updated service_manage_report /usr/lib/python3/dist-packages/heat/engine/service.py:2370
2025-10-30 01:23:41.157 40294 DEBUG heat.engine.service [req-cb4bf1f8-91ec-4a28-82ca-85003212e97b - - - - -] Service bbbc2381-3fbe-4319-9262-f7a6e884ddfe is updated service_manage_report /usr/lib/python3/dist-packages/heat/engine/service.py:2370
2025-10-30 01:24:41.059 40293 DEBUG heat.engine.service [req-b11b93b7-8784-4e16-afe8-7a6e49cd7fd0 - - - - -] Service bae0cf62-d7c3-4e78-b447-371656017740 is updated service_manage_report /usr/lib/python3/dist-packages/heat/engine/service.py:2370
2025-10-30 01:24:41.064 40292 DEBUG heat.engine.service [req-8f7bf271-e572-40cf-a2e3-82c678b8eaa4 - - - - -] Service 770932c5-9fb7-4c0d-8886-52006bacc0aa is updated service_manage_report /usr/lib/python3/dist-packages/heat/engine/service.py:2370
2025-10-30 01:24:41.110 40291 DEBUG heat.engine.service [req-11dcdcbd-f9fb-4a46-a010-39884b873755 - - - - -] Service 27cb23a5-7f50-43f1-8efe-ecc3fa9718c4 is updated service_manage_report /usr/lib/python3/dist-packages/heat/engine/service.py:2370
2025-10-30 01:24:41.160 40294 DEBUG heat.engine.service [req-0deff5dd-5341-46cb-933e-20698320ce89 - - - - -] Service bbbc2381-3fbe-4319-9262-f7a6e884ddfe is updated service_manage_report /usr/lib/python3/dist-packages/heat/engine/service.py:2370
2025-10-30 01:25:41.061 40293 DEBUG heat.engine.service [req-10f9cc9d-5ec7-4798-862b-f7cf610d181b - - - - -] Service bae0cf62-d7c3-4e78-b447-371656017740 is updated service_manage_report /usr/lib/python3/dist-packages/heat/engine/service.py:2370
2025-10-30 01:25:41.069 40292 DEBUG heat.engine.service [req-831cc843-ba24-48e5-bb5f-889ebfc31077 - - - - -] Service 770932c5-9fb7-4c0d-8886-52006bacc0aa is updated service_manage_report /usr/lib/python3/dist-packages/heat/engine/service.py:2370
2025-10-30 01:25:41.113 40291 DEBUG heat.engine.service [req-3e1c5076-6d60-4867-bfe7-4291df2a9edd - - - - -] Service 27cb23a5-7f50-43f1-8efe-ecc3fa9718c4 is updated service_manage_report /usr/lib/python3/dist-packages/heat/engine/service.py:2370
2025-10-30 01:25:41.165 40294 DEBUG heat.engine.service [req-b3d77d02-f8da-4de5-b922-2ae8d8551060 - - - - -] Service bbbc2381-3fbe-4319-9262-f7a6e884ddfe is updated service_manage_report /usr/lib/python3/dist-packages/heat/engine/service.py:2370
2025-10-30 01:26:41.065 40293 DEBUG heat.engine.service [req-36635d33-29dc-45c2-b93b-36be0dc6c25b - - - - -] Service bae0cf62-d7c3-4e78-b447-371656017740 is updated service_manage_report /usr/lib/python3/dist-packages/heat/engine/service.py:2370
2025-10-30 01:26:41.073 40292 DEBUG heat.engine.service [req-773d58d9-eec2-4fbf-818a-e58ff2fadbe9 - - - - -] Service 770932c5-9fb7-4c0d-8886-52006bacc0aa is updated service_manage_report /usr/lib/python3/dist-packages/heat/engine/service.py:2370
2025-10-30 01:26:41.116 40291 DEBUG heat.engine.service [req-45a7f841-4825-4b93-a631-8121a6ab3cef - - - - -] Service 27cb23a5-7f50-43f1-8efe-ecc3fa9718c4 is updated service_manage_report /usr/lib/python3/dist-packages/heat/engine/service.py:2370
2025-10-30 01:26:41.168 40294 DEBUG heat.engine.service [req-49e8db05-06e3-47be-ba33-b9852a5a5fba - - - - -] Service bbbc2381-3fbe-4319-9262-f7a6e884ddfe is updated service_manage_report /usr/lib/python3/dist-packages/heat/engine/service.py:2370
2025-10-30 01:27:41.067 40293 DEBUG heat.engine.service [req-d0d80b31-8082-4b2b-abbb-05514c953333 - - - - -] Service bae0cf62-d7c3-4e78-b447-371656017740 is updated service_manage_report /usr/lib/python3/dist-packages/heat/engine/service.py:2370
2025-10-30 01:27:41.082 40292 DEBUG heat.engine.service [req-ea017eff-7371-47a7-a9ac-8cad4a6dbdc1 - - - - -] Service 770932c5-9fb7-4c0d-8886-52006bacc0aa is updated service_manage_report /usr/lib/python3/dist-packages/heat/engine/service.py:2370
2025-10-30 01:27:41.120 40291 DEBUG heat.engine.service [req-89325aef-ecaf-4191-826a-658d9421c77e - - - - -] Service 27cb23a5-7f50-43f1-8efe-ecc3fa9718c4 is updated service_manage_report /usr/lib/python3/dist-packages/heat/engine/service.py:2370
2025-10-30 01:27:41.171 40294 DEBUG heat.engine.service [req-2c35214f-653f-41f2-95ef-d735781114ec - - - - -] Service bbbc2381-3fbe-4319-9262-f7a6e884ddfe is updated service_manage_report /usr/lib/python3/dist-packages/heat/engine/service.py:2370
2025-10-30 01:28:41.073 40293 DEBUG heat.engine.service [req-a0454cf4-9cae-487a-946f-30feb04e70c9 - - - - -] Service bae0cf62-d7c3-4e78-b447-371656017740 is updated service_manage_report /usr/lib/python3/dist-packages/heat/engine/service.py:2370
2025-10-30 01:28:41.080 40292 DEBUG heat.engine.service [req-0bf92860-af19-4017-b04c-304aa605b67e - - - - -] Service 770932c5-9fb7-4c0d-8886-52006bacc0aa is updated service_manage_report /usr/lib/python3/dist-packages/heat/engine/service.py:2370
2025-10-30 01:28:41.124 40291 DEBUG heat.engine.service [req-ea1dc596-585c-43e5-bb52-fa0a65848a13 - - - - -] Service 27cb23a5-7f50-43f1-8efe-ecc3fa9718c4 is updated service_manage_report /usr/lib/python3/dist-packages/heat/engine/service.py:2370
2025-10-30 01:28:41.173 40294 DEBUG heat.engine.service [req-22c119f4-27cc-44ac-a1da-66f19513ca7a - - - - -] Service bbbc2381-3fbe-4319-9262-f7a6e884ddfe is updated service_manage_report /usr/lib/python3/dist-packages/heat/engine/service.py:2370
2025-10-30 01:29:41.068 40293 DEBUG heat.engine.service [req-47b003fb-ae31-4ec0-a089-726c014828cb - - - - -] Service bae0cf62-d7c3-4e78-b447-371656017740 is updated service_manage_report /usr/lib/python3/dist-packages/heat/engine/service.py:2370
2025-10-30 01:29:41.075 40292 DEBUG heat.engine.service [req-f70b730c-de5b-46a5-9d60-f2206019a249 - - - - -] Service 770932c5-9fb7-4c0d-8886-52006bacc0aa is updated service_manage_report /usr/lib/python3/dist-packages/heat/engine/service.py:2370
2025-10-30 01:29:41.128 40291 DEBUG heat.engine.service [req-6eb22a09-3c14-4e21-a179-e79bc2172593 - - - - -] Service 27cb23a5-7f50-43f1-8efe-ecc3fa9718c4 is updated service_manage_report /usr/lib/python3/dist-packages/heat/engine/service.py:2370
2025-10-30 01:29:41.176 40294 DEBUG heat.engine.service [req-c0a8e190-a849-44b6-a373-2cd9b73adebe - - - - -] Service bbbc2381-3fbe-4319-9262-f7a6e884ddfe is updated service_manage_report /usr/lib/python3/dist-packages/heat/engine/service.py:2370
2025-10-30 01:30:41.073 40293 DEBUG heat.engine.service [req-84a4f574-67f9-4f3b-859e-25f71dc955fa - - - - -] Service bae0cf62-d7c3-4e78-b447-371656017740 is updated service_manage_report /usr/lib/python3/dist-packages/heat/engine/service.py:2370
2025-10-30 01:30:41.082 40292 DEBUG heat.engine.service [req-d2780077-f537-449c-82a4-ffd20c0bc2aa - - - - -] Service 770932c5-9fb7-4c0d-8886-52006bacc0aa is updated service_manage_report /usr/lib/python3/dist-packages/heat/engine/service.py:2370
2025-10-30 01:30:41.133 40291 DEBUG heat.engine.service [req-4aa41649-e8f0-4661-949d-45cd5f4e1485 - - - - -] Service 27cb23a5-7f50-43f1-8efe-ecc3fa9718c4 is updated service_manage_report /usr/lib/python3/dist-packages/heat/engine/service.py:2370
2025-10-30 01:30:41.182 40294 DEBUG heat.engine.service [req-612a38ca-c89c-4bd7-a2c9-48d159a6a7dc - - - - -] Service bbbc2381-3fbe-4319-9262-f7a6e884ddfe is updated service_manage_report /usr/lib/python3/dist-packages/heat/engine/service.py:2370
2025-10-30 01:31:41.076 40292 DEBUG heat.engine.service [req-508adce1-bc79-452b-bf35-80aa0d694c2d - - - - -] Service 770932c5-9fb7-4c0d-8886-52006bacc0aa is updated service_manage_report /usr/lib/python3/dist-packages/heat/engine/service.py:2370
2025-10-30 01:31:41.077 40293 DEBUG heat.engine.service [req-4a384bca-9477-41d3-a328-6bb55c3dd81e - - - - -] Service bae0cf62-d7c3-4e78-b447-371656017740 is updated service_manage_report /usr/lib/python3/dist-packages/heat/engine/service.py:2370
2025-10-30 01:31:41.135 40291 DEBUG heat.engine.service [req-be0b0903-30c1-4289-b5ca-2350be4eedc0 - - - - -] Service 27cb23a5-7f50-43f1-8efe-ecc3fa9718c4 is updated service_manage_report /usr/lib/python3/dist-packages/heat/engine/service.py:2370
2025-10-30 01:31:41.185 40294 DEBUG heat.engine.service [req-8c606638-41ad-47ea-8f9d-a01da5478555 - - - - -] Service bbbc2381-3fbe-4319-9262-f7a6e884ddfe is updated service_manage_report /usr/lib/python3/dist-packages/heat/engine/service.py:2370
2025-10-30 01:32:41.081 40293 DEBUG heat.engine.service [req-3fd42f28-7071-451e-857e-e9a9f2bf1574 - - - - -] Service bae0cf62-d7c3-4e78-b447-371656017740 is updated service_manage_report /usr/lib/python3/dist-packages/heat/engine/service.py:2370
2025-10-30 01:32:41.082 40292 DEBUG heat.engine.service [req-670e50be-6cc5-45d1-9b4f-83d33ef1ab62 - - - - -] Service 770932c5-9fb7-4c0d-8886-52006bacc0aa is updated service_manage_report /usr/lib/python3/dist-packages/heat/engine/service.py:2370
2025-10-30 01:32:41.145 40291 DEBUG heat.engine.service [req-3d6b7a2b-a6af-41c5-b76a-300ad1f9d5dd - - - - -] Service 27cb23a5-7f50-43f1-8efe-ecc3fa9718c4 is updated service_manage_report /usr/lib/python3/dist-packages/heat/engine/service.py:2370
2025-10-30 01:32:41.189 40294 DEBUG heat.engine.service [req-d135c75a-e51c-4a8a-a9c1-a3836241012a - - - - -] Service bbbc2381-3fbe-4319-9262-f7a6e884ddfe is updated service_manage_report /usr/lib/python3/dist-packages/heat/engine/service.py:2370
2025-10-30 01:33:41.085 40293 DEBUG heat.engine.service [req-2c08e534-c0fb-4f33-b4b9-3b14d7e91faa - - - - -] Service bae0cf62-d7c3-4e78-b447-371656017740 is updated service_manage_report /usr/lib/python3/dist-packages/heat/engine/service.py:2370
2025-10-30 01:33:41.085 40292 DEBUG heat.engine.service [req-7594e0fd-ff16-40f4-af25-4a311155b26a - - - - -] Service 770932c5-9fb7-4c0d-8886-52006bacc0aa is updated service_manage_report /usr/lib/python3/dist-packages/heat/engine/service.py:2370
2025-10-30 01:33:41.140 40291 DEBUG heat.engine.service [req-18ec81d7-2b9b-4686-b05f-abd5479aa288 - - - - -] Service 27cb23a5-7f50-43f1-8efe-ecc3fa9718c4 is updated service_manage_report /usr/lib/python3/dist-packages/heat/engine/service.py:2370
2025-10-30 01:33:41.195 40294 DEBUG heat.engine.service [req-3cfea988-5f9e-4517-8138-40fe2a260ac9 - - - - -] Service bbbc2381-3fbe-4319-9262-f7a6e884ddfe is updated service_manage_report /usr/lib/python3/dist-packages/heat/engine/service.py:2370
2025-10-30 01:34:41.107 40292 DEBUG heat.engine.service [req-3d0dc728-7b5e-4616-b9d7-090bc4dea99b - - - - -] Service 770932c5-9fb7-4c0d-8886-52006bacc0aa is updated service_manage_report /usr/lib/python3/dist-packages/heat/engine/service.py:2370
2025-10-30 01:34:41.112 40293 DEBUG heat.engine.service [req-d2270963-70be-4e22-aae7-a2abe75324f6 - - - - -] Service bae0cf62-d7c3-4e78-b447-371656017740 is updated service_manage_report /usr/lib/python3/dist-packages/heat/engine/service.py:2370
2025-10-30 01:34:41.145 40291 DEBUG heat.engine.service [req-af5ef0ab-486f-473a-8d77-99a6922ef3cb - - - - -] Service 27cb23a5-7f50-43f1-8efe-ecc3fa9718c4 is updated service_manage_report /usr/lib/python3/dist-packages/heat/engine/service.py:2370
2025-10-30 01:34:41.192 40294 DEBUG heat.engine.service [req-0445b0de-c28f-4a1c-afd9-9fdcd4b34f12 - - - - -] Service bbbc2381-3fbe-4319-9262-f7a6e884ddfe is updated service_manage_report /usr/lib/python3/dist-packages/heat/engine/service.py:2370
2025-10-30 01:35:41.088 40293 DEBUG heat.engine.service [req-c9f0f353-34a5-453f-a016-884710692e97 - - - - -] Service bae0cf62-d7c3-4e78-b447-371656017740 is updated service_manage_report /usr/lib/python3/dist-packages/heat/engine/service.py:2370
2025-10-30 01:35:41.092 40292 DEBUG heat.engine.service [req-c5b015d9-d5ae-40fc-85f4-bd5e69a16e4e - - - - -] Service 770932c5-9fb7-4c0d-8886-52006bacc0aa is updated service_manage_report /usr/lib/python3/dist-packages/heat/engine/service.py:2370
2025-10-30 01:35:41.148 40291 DEBUG heat.engine.service [req-2bf20df4-7097-4da8-b865-039e4636508e - - - - -] Service 27cb23a5-7f50-43f1-8efe-ecc3fa9718c4 is updated service_manage_report /usr/lib/python3/dist-packages/heat/engine/service.py:2370
2025-10-30 01:35:41.189 40294 DEBUG heat.engine.service [req-a6e6c191-7a5e-422a-a5b2-b41f58df0095 - - - - -] Service bbbc2381-3fbe-4319-9262-f7a6e884ddfe is updated service_manage_report /usr/lib/python3/dist-packages/heat/engine/service.py:2370
2025-10-30 01:36:41.083 40293 DEBUG heat.engine.service [req-8075e098-8a58-4a3f-8b3a-3895288a2a2e - - - - -] Service bae0cf62-d7c3-4e78-b447-371656017740 is updated service_manage_report /usr/lib/python3/dist-packages/heat/engine/service.py:2370
2025-10-30 01:36:41.097 40292 DEBUG heat.engine.service [req-db24500c-940f-4e89-be32-3447a27aea00 - - - - -] Service 770932c5-9fb7-4c0d-8886-52006bacc0aa is updated service_manage_report /usr/lib/python3/dist-packages/heat/engine/service.py:2370
2025-10-30 01:36:41.151 40291 DEBUG heat.engine.service [req-fb50f15a-2f2b-4950-8e2b-99a515e00c8a - - - - -] Service 27cb23a5-7f50-43f1-8efe-ecc3fa9718c4 is updated service_manage_report /usr/lib/python3/dist-packages/heat/engine/service.py:2370
2025-10-30 01:36:41.183 40294 DEBUG heat.engine.service [req-c731e236-a1e9-485e-9868-75ed952bb148 - - - - -] Service bbbc2381-3fbe-4319-9262-f7a6e884ddfe is updated service_manage_report /usr/lib/python3/dist-packages/heat/engine/service.py:2370
2025-10-30 01:37:41.087 40293 DEBUG heat.engine.service [req-dd95f720-99d1-405d-b648-c8c68e57aa41 - - - - -] Service bae0cf62-d7c3-4e78-b447-371656017740 is updated service_manage_report /usr/lib/python3/dist-packages/heat/engine/service.py:2370
2025-10-30 01:37:41.103 40292 DEBUG heat.engine.service [req-52ebbb51-ca1c-4d94-b01d-5321a220e67a - - - - -] Service 770932c5-9fb7-4c0d-8886-52006bacc0aa is updated service_manage_report /usr/lib/python3/dist-packages/heat/engine/service.py:2370
2025-10-30 01:37:41.155 40291 DEBUG heat.engine.service [req-df4769e8-4e62-4aaf-9e2f-f65e50ed512f - - - - -] Service 27cb23a5-7f50-43f1-8efe-ecc3fa9718c4 is updated service_manage_report /usr/lib/python3/dist-packages/heat/engine/service.py:2370
2025-10-30 01:37:41.191 40294 DEBUG heat.engine.service [req-989027e5-1d5f-4e76-9de6-fa1c817f2b1f - - - - -] Service bbbc2381-3fbe-4319-9262-f7a6e884ddfe is updated service_manage_report /usr/lib/python3/dist-packages/heat/engine/service.py:2370
2025-10-30 01:38:41.092 40293 DEBUG heat.engine.service [req-ab1b6650-5980-4c5c-858c-68f0cb1b7474 - - - - -] Service bae0cf62-d7c3-4e78-b447-371656017740 is updated service_manage_report /usr/lib/python3/dist-packages/heat/engine/service.py:2370
2025-10-30 01:38:41.109 40292 DEBUG heat.engine.service [req-f58e1c0b-3ea2-4f2d-85aa-22bc95af50a9 - - - - -] Service 770932c5-9fb7-4c0d-8886-52006bacc0aa is updated service_manage_report /usr/lib/python3/dist-packages/heat/engine/service.py:2370
2025-10-30 01:38:41.165 40291 DEBUG heat.engine.service [req-67742798-2265-4b14-b0b8-4fc1a4291505 - - - - -] Service 27cb23a5-7f50-43f1-8efe-ecc3fa9718c4 is updated service_manage_report /usr/lib/python3/dist-packages/heat/engine/service.py:2370
2025-10-30 01:38:41.187 40294 DEBUG heat.engine.service [req-3a62e949-ec43-4ce0-9845-6af30886e751 - - - - -] Service bbbc2381-3fbe-4319-9262-f7a6e884ddfe is updated service_manage_report /usr/lib/python3/dist-packages/heat/engine/service.py:2370
2025-10-30 01:39:41.096 40293 DEBUG heat.engine.service [req-dd3d88c0-b6f0-4360-a08a-275bbea0dcc8 - - - - -] Service bae0cf62-d7c3-4e78-b447-371656017740 is updated service_manage_report /usr/lib/python3/dist-packages/heat/engine/service.py:2370
2025-10-30 01:39:41.106 40292 DEBUG heat.engine.service [req-a886b840-4dad-4b13-b1d3-ca0b34685f7a - - - - -] Service 770932c5-9fb7-4c0d-8886-52006bacc0aa is updated service_manage_report /usr/lib/python3/dist-packages/heat/engine/service.py:2370
2025-10-30 01:39:41.159 40291 DEBUG heat.engine.service [req-023eba82-e3aa-460e-a441-adbb24612877 - - - - -] Service 27cb23a5-7f50-43f1-8efe-ecc3fa9718c4 is updated service_manage_report /usr/lib/python3/dist-packages/heat/engine/service.py:2370
2025-10-30 01:39:41.190 40294 DEBUG heat.engine.service [req-979988cf-62b9-45bf-95e2-bca338257c1d - - - - -] Service bbbc2381-3fbe-4319-9262-f7a6e884ddfe is updated service_manage_report /usr/lib/python3/dist-packages/heat/engine/service.py:2370
2025-10-30 01:40:41.102 40293 DEBUG heat.engine.service [req-4bbc03df-9478-4424-8445-2d38f5bbb654 - - - - -] Service bae0cf62-d7c3-4e78-b447-371656017740 is updated service_manage_report /usr/lib/python3/dist-packages/heat/engine/service.py:2370
2025-10-30 01:40:41.103 40292 DEBUG heat.engine.service [req-464af2b7-21f4-438f-a079-c60488c87953 - - - - -] Service 770932c5-9fb7-4c0d-8886-52006bacc0aa is updated service_manage_report /usr/lib/python3/dist-packages/heat/engine/service.py:2370
2025-10-30 01:40:41.161 40291 DEBUG heat.engine.service [req-c7567126-d587-4a7d-baf2-26fd5680b8fc - - - - -] Service 27cb23a5-7f50-43f1-8efe-ecc3fa9718c4 is updated service_manage_report /usr/lib/python3/dist-packages/heat/engine/service.py:2370
2025-10-30 01:40:41.194 40294 DEBUG heat.engine.service [req-368ab424-3ea5-4bf9-bed9-1b309b7f2252 - - - - -] Service bbbc2381-3fbe-4319-9262-f7a6e884ddfe is updated service_manage_report /usr/lib/python3/dist-packages/heat/engine/service.py:2370
2025-10-30 01:41:41.097 40293 DEBUG heat.engine.service [req-dbc6270e-bb90-41bc-a9f3-edbbf29160a0 - - - - -] Service bae0cf62-d7c3-4e78-b447-371656017740 is updated service_manage_report /usr/lib/python3/dist-packages/heat/engine/service.py:2370
2025-10-30 01:41:41.099 40292 DEBUG heat.engine.service [req-40718342-bf36-404b-bdf3-45211665fe07 - - - - -] Service 770932c5-9fb7-4c0d-8886-52006bacc0aa is updated service_manage_report /usr/lib/python3/dist-packages/heat/engine/service.py:2370
2025-10-30 01:41:41.165 40291 DEBUG heat.engine.service [req-21291941-2a95-47c9-bf68-bc447034eaa6 - - - - -] Service 27cb23a5-7f50-43f1-8efe-ecc3fa9718c4 is updated service_manage_report /usr/lib/python3/dist-packages/heat/engine/service.py:2370
2025-10-30 01:41:41.198 40294 DEBUG heat.engine.service [req-4fd97d73-c31a-4f2b-a421-cf45abe6f353 - - - - -] Service bbbc2381-3fbe-4319-9262-f7a6e884ddfe is updated service_manage_report /usr/lib/python3/dist-packages/heat/engine/service.py:2370
2025-10-30 01:42:41.093 40292 DEBUG heat.engine.service [req-37873b5b-7a3a-48ed-881c-1326e1e8618d - - - - -] Service 770932c5-9fb7-4c0d-8886-52006bacc0aa is updated service_manage_report /usr/lib/python3/dist-packages/heat/engine/service.py:2370
2025-10-30 01:42:41.100 40293 DEBUG heat.engine.service [req-82d85527-ac8a-4200-8d11-8fbc4c77657d - - - - -] Service bae0cf62-d7c3-4e78-b447-371656017740 is updated service_manage_report /usr/lib/python3/dist-packages/heat/engine/service.py:2370
2025-10-30 01:42:41.167 40291 DEBUG heat.engine.service [req-5751a576-b3fc-43eb-855b-6a71d977f825 - - - - -] Service 27cb23a5-7f50-43f1-8efe-ecc3fa9718c4 is updated service_manage_report /usr/lib/python3/dist-packages/heat/engine/service.py:2370
2025-10-30 01:42:41.203 40294 DEBUG heat.engine.service [req-574cf04a-908f-45c0-9a03-ef4c22d9b7df - - - - -] Service bbbc2381-3fbe-4319-9262-f7a6e884ddfe is updated service_manage_report /usr/lib/python3/dist-packages/heat/engine/service.py:2370
2025-10-30 01:43:41.099 40292 DEBUG heat.engine.service [req-085f8752-4b32-4642-b02f-8e8161ffa897 - - - - -] Service 770932c5-9fb7-4c0d-8886-52006bacc0aa is updated service_manage_report /usr/lib/python3/dist-packages/heat/engine/service.py:2370
2025-10-30 01:43:41.103 40293 DEBUG heat.engine.service [req-ebc6c41c-3149-4442-92ad-5eff2fb58bf8 - - - - -] Service bae0cf62-d7c3-4e78-b447-371656017740 is updated service_manage_report /usr/lib/python3/dist-packages/heat/engine/service.py:2370
2025-10-30 01:43:41.171 40291 DEBUG heat.engine.service [req-94e46eb8-2b8b-453e-97b7-11fde906083c - - - - -] Service 27cb23a5-7f50-43f1-8efe-ecc3fa9718c4 is updated service_manage_report /usr/lib/python3/dist-packages/heat/engine/service.py:2370
2025-10-30 01:43:41.208 40294 DEBUG heat.engine.service [req-a83c1237-72e8-471a-8a13-a1105cbfa9e6 - - - - -] Service bbbc2381-3fbe-4319-9262-f7a6e884ddfe is updated service_manage_report /usr/lib/python3/dist-packages/heat/engine/service.py:2370
2025-10-30 01:44:41.507 40292 DEBUG heat.engine.service [req-6be4d9cd-968a-4ac8-b55b-27af8c7a1f76 - - - - -] Service 770932c5-9fb7-4c0d-8886-52006bacc0aa is updated service_manage_report /usr/lib/python3/dist-packages/heat/engine/service.py:2370
2025-10-30 01:44:41.552 40291 DEBUG heat.engine.service [req-bd90f68c-f00b-4154-832e-78aa3343fed8 - - - - -] Service 27cb23a5-7f50-43f1-8efe-ecc3fa9718c4 is updated service_manage_report /usr/lib/python3/dist-packages/heat/engine/service.py:2370
2025-10-30 01:44:41.552 40293 DEBUG heat.engine.service [req-2354f363-0728-4cdd-ae2c-9033edd79746 - - - - -] Service bae0cf62-d7c3-4e78-b447-371656017740 is updated service_manage_report /usr/lib/python3/dist-packages/heat/engine/service.py:2370
2025-10-30 01:44:41.552 40294 DEBUG heat.engine.service [req-bd688c71-66af-4436-9505-6f6a5e735db1 - - - - -] Service bbbc2381-3fbe-4319-9262-f7a6e884ddfe is updated service_manage_report /usr/lib/python3/dist-packages/heat/engine/service.py:2370
2025-10-30 01:45:00.554 40292 DEBUG heat.engine.service [-] Attempting to stop engine service... _stop_rpc_server /usr/lib/python3/dist-packages/heat/engine/service.py:437
2025-10-30 01:45:00.554 40291 DEBUG heat.engine.service [-] Attempting to stop engine service... _stop_rpc_server /usr/lib/python3/dist-packages/heat/engine/service.py:437
2025-10-30 01:45:00.554 40293 DEBUG heat.engine.service [-] Attempting to stop engine service... _stop_rpc_server /usr/lib/python3/dist-packages/heat/engine/service.py:437
2025-10-30 01:45:00.554 40294 DEBUG heat.engine.service [-] Attempting to stop engine service... _stop_rpc_server /usr/lib/python3/dist-packages/heat/engine/service.py:437
2025-10-30 01:45:00.557 40069 INFO oslo_service.service [-] Caught SIGTERM, stopping children
2025-10-30 01:45:00.558 40069 DEBUG oslo_concurrency.lockutils [-] Acquired lock "singleton_lock" lock /usr/lib/python3/dist-packages/oslo_concurrency/lockutils.py:294
2025-10-30 01:45:00.558 40069 DEBUG oslo_concurrency.lockutils [-] Releasing lock "singleton_lock" lock /usr/lib/python3/dist-packages/oslo_concurrency/lockutils.py:312
2025-10-30 01:45:00.558 40069 DEBUG oslo_service.service [-] Stop services. stop /usr/lib/python3/dist-packages/oslo_service/service.py:695
2025-10-30 01:45:00.558 40069 INFO heat.engine.service [-] All threads were gone, terminating engine
2025-10-30 01:45:00.559 40069 DEBUG oslo_service.service [-] Killing children. stop /usr/lib/python3/dist-packages/oslo_service/service.py:700
2025-10-30 01:45:00.559 40069 INFO oslo_service.service [-] Waiting on 4 children to exit
2025-10-30 01:45:00.566 40069 INFO oslo_service.service [-] Child 40293 killed by signal 15
2025-10-30 01:45:00.568 40069 INFO oslo_service.service [-] Child 40294 killed by signal 15
2025-10-30 01:45:00.570 40069 INFO oslo_service.service [-] Child 40292 killed by signal 15
2025-10-30 01:45:00.575 40069 INFO oslo_service.service [-] Child 40291 killed by signal 15
2025-10-30 01:45:02.756 64616 DEBUG oslo_concurrency.lockutils [-] Lock "context-manager" acquired by "neutron_lib.db.api._create_context_manager" :: waited 0.000s inner /usr/lib/python3/dist-packages/oslo_concurrency/lockutils.py:386
2025-10-30 01:45:02.756 64616 DEBUG oslo_concurrency.lockutils [-] Lock "context-manager" "released" by "neutron_lib.db.api._create_context_manager" :: held 0.000s inner /usr/lib/python3/dist-packages/oslo_concurrency/lockutils.py:400
2025-10-30 01:45:03.027 64616 WARNING heat.engine.environment [-] OS::Aodh::Alarm is DEPRECATED. Theshold alarm relies on ceilometer-api and has been deprecated in aodh since Ocata. Use OS::Aodh::GnocchiAggregationByResourcesAlarm instead.
2025-10-30 01:45:03.027 64616 WARNING heat.engine.environment [-] OS::Aodh::CombinationAlarm is HIDDEN. OS::Aodh::CombinationAlarm is deprecated and has been removed from Aodh, use OS::Aodh::CompositeAlarm instead.
2025-10-30 01:45:03.028 64616 WARNING heat.engine.environment [-] OS::Designate::Domain is HIDDEN. This resource has been removed, use OS::Designate::Zone instead.
2025-10-30 01:45:03.028 64616 WARNING heat.engine.environment [-] OS::Designate::Record is HIDDEN. This resource has been removed, use OS::Designate::RecordSet instead.
2025-10-30 01:45:03.028 64616 WARNING heat.engine.environment [-] OS::Glance::Image is DEPRECATED. Creating a Glance Image based on an existing URL location requires the Glance v1 API, which is deprecated.
2025-10-30 01:45:03.028 64616 WARNING heat.engine.environment [-] OS::Heat::HARestarter is HIDDEN. The HARestarter resource type has been removed. Existing stacks containing HARestarter resources can still be used, but the HARestarter resource will be a placeholder that does nothing.
2025-10-30 01:45:03.028 64616 WARNING heat.engine.environment [-] OS::Heat::SoftwareDeployments is HIDDEN. Please use OS::Heat::SoftwareDeploymentGroup instead.
2025-10-30 01:45:03.028 64616 WARNING heat.engine.environment [-] OS::Heat::StructuredDeployments is HIDDEN. Please use OS::Heat::StructuredDeploymentGroup instead.
2025-10-30 01:45:03.029 64616 WARNING heat.engine.environment [-] OS::Magnum::Bay is HIDDEN. Please use OS::Magnum::Cluster instead.
2025-10-30 01:45:03.029 64616 WARNING heat.engine.environment [-] OS::Magnum::BayModel is HIDDEN. Please use OS::Magnum::ClusterTemplate instead.
2025-10-30 01:45:03.029 64616 WARNING heat.engine.environment [-] OS::Neutron::ExtraRoute is UNSUPPORTED. Use this resource at your own risk.
2025-10-30 01:45:03.029 64616 WARNING heat.engine.environment [-] OS::Neutron::HealthMonitor is HIDDEN. Use LBaaS V2 instead.
2025-10-30 01:45:03.029 64616 WARNING heat.engine.environment [-] OS::Neutron::Pool is HIDDEN. Use LBaaS V2 instead.
2025-10-30 01:45:03.030 64616 WARNING heat.engine.environment [-] OS::Neutron::PoolMember is HIDDEN. Use LBaaS V2 instead.
2025-10-30 01:45:03.030 64616 WARNING heat.engine.environment [-] OS::Neutron::LoadBalancer is HIDDEN. Use LBaaS V2 instead.
2025-10-30 01:45:03.030 64616 WARNING heat.engine.environment [-] OS::Neutron::RouterGateway is HIDDEN. Use the `external_gateway_info` property in the router resource to set up the gateway.
2025-10-30 01:45:03.030 64616 WARNING heat.engine.environment [-] OS::Nova::FloatingIP is HIDDEN. Please use OS::Neutron::FloatingIP instead.
2025-10-30 01:45:03.030 64616 WARNING heat.engine.environment [-] OS::Nova::FloatingIPAssociation is HIDDEN. Please use OS::Neutron::FloatingIPAssociation instead.
2025-10-30 01:45:03.031 64616 INFO heat.engine.environment [-] Loading /etc/heat/environment.d/default.yaml
2025-10-30 01:45:03.032 64616 INFO heat.engine.environment [-] Registered: [Plugin](User:False) AWS::AutoScaling::AutoScalingGroup ->
2025-10-30 01:45:03.032 64616 INFO heat.engine.environment [-] Registered: [Plugin](User:False) AWS::AutoScaling::LaunchConfiguration ->
2025-10-30 01:45:03.032 64616 INFO heat.engine.environment [-] Registered: [Plugin](User:False) AWS::AutoScaling::ScalingPolicy ->
2025-10-30 01:45:03.033 64616 INFO heat.engine.environment [-] Registered: [Plugin](User:False) AWS::CloudFormation::Stack ->
2025-10-30 01:45:03.033 64616 INFO heat.engine.environment [-] Registered: [Plugin](User:False) AWS::CloudFormation::WaitCondition ->
2025-10-30 01:45:03.033 64616 INFO heat.engine.environment [-] Registered: [Plugin](User:False) AWS::CloudFormation::WaitConditionHandle ->
2025-10-30 01:45:03.033 64616 INFO heat.engine.environment [-] Registered: [Plugin](User:False) AWS::EC2::EIP ->
2025-10-30 01:45:03.033 64616 INFO heat.engine.environment [-] Registered: [Plugin](User:False) AWS::EC2::EIPAssociation ->
2025-10-30 01:45:03.033 64616 INFO heat.engine.environment [-] Registered: [Plugin](User:False) AWS::EC2::Instance ->
2025-10-30 01:45:03.033 64616 INFO heat.engine.environment [-] Registered: [Plugin](User:False) AWS::EC2::InternetGateway ->
2025-10-30 01:45:03.033 64616 INFO heat.engine.environment [-] Registered: [Plugin](User:False) AWS::EC2::VPCGatewayAttachment ->
2025-10-30 01:45:03.033 64616 INFO heat.engine.environment [-] Registered: [Plugin](User:False) AWS::EC2::NetworkInterface ->
2025-10-30 01:45:03.033 64616 INFO heat.engine.environment [-] Registered: [Plugin](User:False) AWS::EC2::RouteTable ->
2025-10-30 01:45:03.033 64616 INFO heat.engine.environment [-] Registered: [Plugin](User:False) AWS::EC2::SubnetRouteTableAssociation ->
2025-10-30 01:45:03.033 64616 INFO heat.engine.environment [-] Registered: [Plugin](User:False) AWS::EC2::SecurityGroup ->
2025-10-30 01:45:03.034 64616 INFO heat.engine.environment [-] Registered: [Plugin](User:False) AWS::EC2::Subnet ->
2025-10-30 01:45:03.034 64616 INFO heat.engine.environment [-] Registered: [Plugin](User:False) AWS::EC2::Volume ->
2025-10-30 01:45:03.034 64616 INFO heat.engine.environment [-] Registered: [Plugin](User:False) AWS::EC2::VolumeAttachment ->
2025-10-30 01:45:03.034 64616 INFO heat.engine.environment [-] Registered: [Plugin](User:False) AWS::EC2::VPC ->
2025-10-30 01:45:03.034 64616 INFO heat.engine.environment [-] Registered: [Plugin](User:False) AWS::IAM::User ->
2025-10-30 01:45:03.034 64616 INFO heat.engine.environment [-] Registered: [Plugin](User:False) AWS::IAM::AccessKey ->
2025-10-30 01:45:03.034 64616 INFO heat.engine.environment [-] Registered: [Plugin](User:False) AWS::ElasticLoadBalancing::LoadBalancer ->
2025-10-30 01:45:03.034 64616 INFO heat.engine.environment [-] Registered: [Plugin](User:False) AWS::S3::Bucket ->
2025-10-30 01:45:03.034 64616 INFO heat.engine.environment [-] Registered: [Plugin](User:False) OS::Aodh::Alarm ->
2025-10-30 01:45:03.034 64616 INFO heat.engine.environment [-] Registered: [Plugin](User:False) OS::Aodh::CombinationAlarm ->
2025-10-30 01:45:03.034 64616 INFO heat.engine.environment [-] Registered: [Plugin](User:False) OS::Aodh::EventAlarm ->
2025-10-30 01:45:03.034 64616 INFO heat.engine.environment [-] Registered: [Plugin](User:False) OS::Aodh::LBMemberHealthAlarm ->
2025-10-30 01:45:03.035 64616 INFO heat.engine.environment [-] Registered: [Plugin](User:False) OS::Aodh::CompositeAlarm ->
2025-10-30 01:45:03.035 64616 INFO heat.engine.environment [-] Registered: [Plugin](User:False) OS::Aodh::GnocchiResourcesAlarm ->
2025-10-30 01:45:03.035 64616 INFO heat.engine.environment [-] Registered: [Plugin](User:False) OS::Aodh::GnocchiAggregationByMetricsAlarm ->
2025-10-30 01:45:03.035 64616 INFO heat.engine.environment [-] Registered: [Plugin](User:False) OS::Aodh::GnocchiAggregationByResourcesAlarm ->
2025-10-30 01:45:03.035 64616 INFO heat.engine.environment [-] Registered: [Plugin](User:False) OS::Barbican::GenericContainer ->
2025-10-30 01:45:03.035 64616 INFO heat.engine.environment [-] Registered: [Plugin](User:False) OS::Barbican::CertificateContainer ->
2025-10-30 01:45:03.035 64616 INFO heat.engine.environment [-] Registered: [Plugin](User:False) OS::Barbican::RSAContainer ->
2025-10-30 01:45:03.035 64616 INFO heat.engine.environment [-] Registered: [Plugin](User:False) OS::Barbican::Order ->
2025-10-30 01:45:03.035 64616 INFO heat.engine.environment [-] Registered: [Plugin](User:False) OS::Barbican::Secret ->
2025-10-30 01:45:03.035 64616 INFO heat.engine.environment [-] Registered: [Plugin](User:False) OS::Blazar::Host ->
2025-10-30 01:45:03.035 64616 INFO heat.engine.environment [-] Registered: [Plugin](User:False) OS::Blazar::Lease ->
2025-10-30 01:45:03.035 64616 INFO heat.engine.environment [-] Registered: [Plugin](User:False) OS::Cinder::EncryptedVolumeType ->
2025-10-30 01:45:03.036 64616 INFO heat.engine.environment [-] Registered: [Plugin](User:False) OS::Cinder::QoSSpecs ->
2025-10-30 01:45:03.036 64616 INFO heat.engine.environment [-] Registered: [Plugin](User:False) OS::Cinder::QoSAssociation ->
2025-10-30 01:45:03.036 64616 INFO heat.engine.environment [-] Registered: [Plugin](User:False) OS::Cinder::Quota ->
2025-10-30 01:45:03.036 64616 INFO heat.engine.environment [-] Registered: [Plugin](User:False) OS::Cinder::Volume ->
2025-10-30 01:45:03.036 64616 INFO heat.engine.environment [-] Registered: [Plugin](User:False) OS::Cinder::VolumeAttachment ->
2025-10-30 01:45:03.036 64616 INFO heat.engine.environment [-] Registered: [Plugin](User:False) OS::Cinder::VolumeType ->
2025-10-30 01:45:03.036 64616 INFO heat.engine.environment [-] Registered: [Plugin](User:False) OS::Designate::Domain ->
2025-10-30 01:45:03.036 64616 INFO heat.engine.environment [-] Registered: [Plugin](User:False) OS::Designate::Record ->
2025-10-30 01:45:03.036 64616 INFO heat.engine.environment [-] Registered: [Plugin](User:False) OS::Designate::RecordSet ->
2025-10-30 01:45:03.036 64616 INFO heat.engine.environment [-] Registered: [Plugin](User:False) OS::Designate::Zone ->
2025-10-30 01:45:03.036 64616 INFO heat.engine.environment [-] Registered: [Plugin](User:False) OS::Glance::Image ->
2025-10-30 01:45:03.036 64616 INFO heat.engine.environment [-] Registered: [Plugin](User:False) OS::Glance::WebImage ->
2025-10-30 01:45:03.037 64616 INFO heat.engine.environment [-] Registered: [Plugin](User:False) OS::Heat::AccessPolicy ->
2025-10-30 01:45:03.037 64616 INFO heat.engine.environment [-] Registered: [Plugin](User:False) OS::Heat::AutoScalingGroup ->
2025-10-30 01:45:03.037 64616 INFO heat.engine.environment [-] Registered: [Plugin](User:False) OS::Heat::CloudConfig ->
2025-10-30 01:45:03.037 64616 INFO heat.engine.environment [-] Registered: [Plugin](User:False) OS::Heat::Delay ->
2025-10-30 01:45:03.037 64616 INFO heat.engine.environment [-] Registered: [Plugin](User:False) OS::Heat::DeployedServer ->
2025-10-30 01:45:03.037 64616 INFO heat.engine.environment [-] Registered: [Plugin](User:False) OS::Heat::HARestarter ->
2025-10-30 01:45:03.038 64616 INFO heat.engine.environment [-] Registered: [Plugin](User:False) OS::Heat::InstanceGroup ->
2025-10-30 01:45:03.038 64616 INFO heat.engine.environment [-] Registered: [Plugin](User:False) OS::Heat::MultipartMime ->
2025-10-30 01:45:03.038 64616 INFO heat.engine.environment [-] Registered: [Plugin](User:False) OS::Heat::None ->
2025-10-30 01:45:03.039 64616 INFO heat.engine.environment [-] Registered: [Plugin](User:False) OS::Heat::RandomString ->
2025-10-30 01:45:03.039 64616 INFO heat.engine.environment [-] Registered: [Plugin](User:False) OS::Heat::Stack ->
2025-10-30 01:45:03.039 64616 INFO heat.engine.environment [-] Registered: [Plugin](User:False) OS::Heat::ResourceChain ->
2025-10-30 01:45:03.039 64616 INFO heat.engine.environment [-] Registered: [Plugin](User:False) OS::Heat::ResourceGroup ->
2025-10-30 01:45:03.039 64616 INFO heat.engine.environment [-] Registered: [Plugin](User:False) OS::Heat::ScalingPolicy ->
2025-10-30 01:45:03.039 64616 INFO heat.engine.environment [-] Registered: [Plugin](User:False) OS::Heat::SoftwareComponent ->
2025-10-30 01:45:03.039 64616 INFO heat.engine.environment [-] Registered: [Plugin](User:False) OS::Heat::SoftwareConfig ->
2025-10-30 01:45:03.039 64616 INFO heat.engine.environment [-] Registered: [Plugin](User:False) OS::Heat::SoftwareDeployment ->
2025-10-30 01:45:03.039 64616 INFO heat.engine.environment [-] Registered: [Plugin](User:False) OS::Heat::SoftwareDeploymentGroup ->
2025-10-30 01:45:03.039 64616 INFO heat.engine.environment [-] Registered: [Plugin](User:False) OS::Heat::SoftwareDeployments ->
2025-10-30 01:45:03.039 64616 INFO heat.engine.environment [-] Registered: [Plugin](User:False) OS::Heat::StructuredConfig ->
2025-10-30 01:45:03.040 64616 INFO heat.engine.environment [-] Registered: [Plugin](User:False) OS::Heat::StructuredDeployment ->
2025-10-30 01:45:03.040 64616 INFO heat.engine.environment [-] Registered: [Plugin](User:False) OS::Heat::StructuredDeploymentGroup ->
2025-10-30 01:45:03.040 64616 INFO heat.engine.environment [-] Registered: [Plugin](User:False) OS::Heat::StructuredDeployments ->
2025-10-30 01:45:03.040 64616 INFO heat.engine.environment [-] Registered: [Plugin](User:False) OS::Heat::SwiftSignal ->
2025-10-30 01:45:03.040 64616 INFO heat.engine.environment [-] Registered: [Plugin](User:False) OS::Heat::SwiftSignalHandle ->
2025-10-30 01:45:03.040 64616 INFO heat.engine.environment [-] Registered: [Plugin](User:False) OS::Heat::TestResource ->
2025-10-30 01:45:03.040 64616 INFO heat.engine.environment [-] Registered: [Plugin](User:False) OS::Heat::Value ->
2025-10-30 01:45:03.040 64616 INFO heat.engine.environment [-] Registered: [Plugin](User:False) OS::Heat::WaitCondition ->
2025-10-30 01:45:03.040 64616 INFO heat.engine.environment [-] Registered: [Plugin](User:False) OS::Heat::WaitConditionHandle ->
2025-10-30 01:45:03.040 64616 INFO heat.engine.environment [-] Registered: [Plugin](User:False) OS::Heat::UpdateWaitConditionHandle ->
2025-10-30 01:45:03.040 64616 INFO heat.engine.environment [-] Registered: [Plugin](User:False) OS::Ironic::Port ->
2025-10-30 01:45:03.040 64616 INFO heat.engine.environment [-] Registered: [Plugin](User:False) OS::Keystone::Domain ->
2025-10-30 01:45:03.041 64616 INFO heat.engine.environment [-] Registered: [Plugin](User:False) OS::Keystone::Endpoint ->
2025-10-30 01:45:03.041 64616 INFO heat.engine.environment [-] Registered: [Plugin](User:False) OS::Keystone::Group ->
2025-10-30 01:45:03.041 64616 INFO heat.engine.environment [-] Registered: [Plugin](User:False) OS::Keystone::Project ->
2025-10-30 01:45:03.041 64616 INFO heat.engine.environment [-] Registered: [Plugin](User:False) OS::Keystone::Region ->
2025-10-30 01:45:03.041 64616 INFO heat.engine.environment [-] Registered: [Plugin](User:False) OS::Keystone::Role ->
2025-10-30 01:45:03.041 64616 INFO heat.engine.environment [-] Registered: [Plugin](User:False) OS::Keystone::UserRoleAssignment ->
2025-10-30 01:45:03.041 64616 INFO heat.engine.environment [-] Registered: [Plugin](User:False) OS::Keystone::GroupRoleAssignment ->
2025-10-30 01:45:03.041 64616 INFO heat.engine.environment [-] Registered: [Plugin](User:False) OS::Keystone::Service ->
2025-10-30 01:45:03.041 64616 INFO heat.engine.environment [-] Registered: [Plugin](User:False) OS::Keystone::User ->
2025-10-30 01:45:03.042 64616 INFO heat.engine.environment [-] Registered: [Plugin](User:False) OS::Magnum::Bay ->
2025-10-30 01:45:03.042 64616 INFO heat.engine.environment [-] Registered: [Plugin](User:False) OS::Magnum::BayModel ->
2025-10-30 01:45:03.042 64616 INFO heat.engine.environment [-] Registered: [Plugin](User:False) OS::Magnum::Cluster ->
2025-10-30 01:45:03.042 64616 INFO heat.engine.environment [-] Registered: [Plugin](User:False) OS::Magnum::ClusterTemplate ->
2025-10-30 01:45:03.042 64616 INFO heat.engine.environment [-] Registered: [Plugin](User:False) OS::Manila::SecurityService ->
2025-10-30 01:45:03.042 64616 INFO heat.engine.environment [-] Registered: [Plugin](User:False) OS::Manila::Share ->
2025-10-30 01:45:03.042 64616 INFO heat.engine.environment [-] Registered: [Plugin](User:False) OS::Manila::ShareNetwork ->
2025-10-30 01:45:03.042 64616 INFO heat.engine.environment [-] Registered: [Plugin](User:False) OS::Manila::ShareType ->
2025-10-30 01:45:03.042 64616 INFO heat.engine.environment [-] Registered: [Plugin](User:False) OS::Mistral::CronTrigger ->
2025-10-30 01:45:03.042 64616 INFO heat.engine.environment [-] Registered: [Plugin](User:False) OS::Mistral::ExternalResource ->
2025-10-30 01:45:03.042 64616 INFO heat.engine.environment [-] Registered: [Plugin](User:False) OS::Mistral::Workflow ->
2025-10-30 01:45:03.043 64616 INFO heat.engine.environment [-] Registered: [Plugin](User:False) OS::Monasca::AlarmDefinition ->
2025-10-30 01:45:03.043 64616 INFO heat.engine.environment [-] Registered: [Plugin](User:False) OS::Monasca::Notification ->
2025-10-30 01:45:03.043 64616 INFO heat.engine.environment [-] Registered: [Plugin](User:False) OS::Neutron::AddressScope ->
2025-10-30 01:45:03.043 64616 INFO heat.engine.environment [-] Registered: [Plugin](User:False) OS::Neutron::ExtraRoute ->
2025-10-30 01:45:03.043 64616 INFO heat.engine.environment [-] Registered: [Plugin](User:False) OS::Neutron::ExtraRouteSet ->
2025-10-30 01:45:03.043 64616 INFO heat.engine.environment [-] Registered: [Plugin](User:False) OS::Neutron::Firewall ->
2025-10-30 01:45:03.043 64616 INFO heat.engine.environment [-] Registered: [Plugin](User:False) OS::Neutron::FirewallPolicy ->
2025-10-30 01:45:03.043 64616 INFO heat.engine.environment [-] Registered: [Plugin](User:False) OS::Neutron::FirewallRule ->
2025-10-30 01:45:03.043 64616 INFO heat.engine.environment [-] Registered: [Plugin](User:False) OS::Neutron::FloatingIP ->
2025-10-30 01:45:03.043 64616 INFO heat.engine.environment [-] Registered: [Plugin](User:False) OS::Neutron::FloatingIPAssociation ->
2025-10-30 01:45:03.044 64616 INFO heat.engine.environment [-] Registered: [Plugin](User:False) OS::Neutron::L2Gateway ->
2025-10-30 01:45:03.044 64616 INFO heat.engine.environment [-] Registered: [Plugin](User:False) OS::Neutron::L2GatewayConnection ->
2025-10-30 01:45:03.044 64616 INFO heat.engine.environment [-] Registered: [Plugin](User:False) OS::Neutron::LBaaS::HealthMonitor ->
2025-10-30 01:45:03.044 64616 INFO heat.engine.environment [-] Registered: [Plugin](User:False) OS::Neutron::LBaaS::L7Policy ->
2025-10-30 01:45:03.044 64616 INFO heat.engine.environment [-] Registered: [Plugin](User:False) OS::Neutron::LBaaS::L7Rule ->
2025-10-30 01:45:03.044 64616 INFO heat.engine.environment [-] Registered: [Plugin](User:False) OS::Neutron::LBaaS::Listener ->
2025-10-30 01:45:03.044 64616 INFO heat.engine.environment [-] Registered: [Plugin](User:False) OS::Neutron::LBaaS::LoadBalancer ->
2025-10-30 01:45:03.044 64616 INFO heat.engine.environment [-] Registered: [Plugin](User:False) OS::Neutron::LBaaS::Pool ->
2025-10-30 01:45:03.044 64616 INFO heat.engine.environment [-] Registered: [Plugin](User:False) OS::Neutron::LBaaS::PoolMember ->
2025-10-30 01:45:03.044 64616 INFO heat.engine.environment [-] Registered: [Plugin](User:False) OS::Neutron::HealthMonitor ->
2025-10-30 01:45:03.044 64616 INFO heat.engine.environment [-] Registered: [Plugin](User:False) OS::Neutron::Pool ->
2025-10-30 01:45:03.045 64616 INFO heat.engine.environment [-] Registered: [Plugin](User:False) OS::Neutron::PoolMember ->
2025-10-30 01:45:03.045 64616 INFO heat.engine.environment [-] Registered: [Plugin](User:False) OS::Neutron::LoadBalancer ->
2025-10-30 01:45:03.045 64616 INFO heat.engine.environment [-] Registered: [Plugin](User:False) OS::Neutron::MeteringLabel ->
2025-10-30 01:45:03.045 64616 INFO heat.engine.environment [-] Registered: [Plugin](User:False) OS::Neutron::MeteringRule ->
2025-10-30 01:45:03.045 64616 INFO heat.engine.environment [-] Registered: [Plugin](User:False) OS::Neutron::Net ->
2025-10-30 01:45:03.045 64616 INFO heat.engine.environment [-] Registered: [Plugin](User:False) OS::Neutron::NetworkGateway ->
2025-10-30 01:45:03.045 64616 INFO heat.engine.environment [-] Registered: [Plugin](User:False) OS::Neutron::Port ->
2025-10-30 01:45:03.045 64616 INFO heat.engine.environment [-] Registered: [Plugin](User:False) OS::Neutron::ProviderNet ->
2025-10-30 01:45:03.045 64616 INFO heat.engine.environment [-] Registered: [Plugin](User:False) OS::Neutron::QoSPolicy ->
2025-10-30 01:45:03.045 64616 INFO heat.engine.environment [-] Registered: [Plugin](User:False) OS::Neutron::QoSBandwidthLimitRule ->
2025-10-30 01:45:03.045 64616 INFO heat.engine.environment [-] Registered: [Plugin](User:False) OS::Neutron::QoSDscpMarkingRule ->
2025-10-30 01:45:03.045 64616 INFO heat.engine.environment [-] Registered: [Plugin](User:False) OS::Neutron::QoSMinimumBandwidthRule ->
2025-10-30 01:45:03.046 64616 INFO heat.engine.environment [-] Registered: [Plugin](User:False) OS::Neutron::Quota ->
2025-10-30 01:45:03.046 64616 INFO heat.engine.environment [-] Registered: [Plugin](User:False) OS::Neutron::RBACPolicy ->
2025-10-30 01:45:03.046 64616 INFO heat.engine.environment [-] Registered: [Plugin](User:False) OS::Neutron::Router ->
2025-10-30 01:45:03.046 64616 INFO heat.engine.environment [-] Registered: [Plugin](User:False) OS::Neutron::RouterInterface ->
2025-10-30 01:45:03.046 64616 INFO heat.engine.environment [-] Registered: [Plugin](User:False) OS::Neutron::RouterGateway ->
2025-10-30 01:45:03.046 64616 INFO heat.engine.environment [-] Registered: [Plugin](User:False) OS::Neutron::SecurityGroup ->
2025-10-30 01:45:03.046 64616 INFO heat.engine.environment [-] Registered: [Plugin](User:False) OS::Neutron::SecurityGroupRule ->
2025-10-30 01:45:03.046 64616 INFO heat.engine.environment [-] Registered: [Plugin](User:False) OS::Neutron::Segment ->
2025-10-30 01:45:03.046 64616 INFO heat.engine.environment [-] Registered: [Plugin](User:False) OS::Neutron::FlowClassifier ->
2025-10-30 01:45:03.046 64616 INFO heat.engine.environment [-] Registered: [Plugin](User:False) OS::Neutron::PortChain ->
2025-10-30 01:45:03.046 64616 INFO heat.engine.environment [-] Registered: [Plugin](User:False) OS::Neutron::PortPair ->
2025-10-30 01:45:03.047 64616 INFO heat.engine.environment [-] Registered: [Plugin](User:False) OS::Neutron::PortPairGroup ->
2025-10-30 01:45:03.047 64616 INFO heat.engine.environment [-] Registered: [Plugin](User:False) OS::Neutron::Subnet ->
2025-10-30 01:45:03.047 64616 INFO heat.engine.environment [-] Registered: [Plugin](User:False) OS::Neutron::SubnetPool ->
2025-10-30 01:45:03.047 64616 INFO heat.engine.environment [-] Registered: [Plugin](User:False) OS::Neutron::TaaS::TapFlow ->
2025-10-30 01:45:03.047 64616 INFO heat.engine.environment [-] Registered: [Plugin](User:False) OS::Neutron::TaaS::TapService ->
2025-10-30 01:45:03.047 64616 INFO heat.engine.environment [-] Registered: [Plugin](User:False) OS::Neutron::Trunk ->
2025-10-30 01:45:03.047 64616 INFO heat.engine.environment [-] Registered: [Plugin](User:False) OS::Neutron::VPNService ->
2025-10-30 01:45:03.047 64616 INFO heat.engine.environment [-] Registered: [Plugin](User:False) OS::Neutron::IPsecSiteConnection ->
2025-10-30 01:45:03.047 64616 INFO heat.engine.environment [-] Registered: [Plugin](User:False) OS::Neutron::IKEPolicy ->
2025-10-30 01:45:03.047 64616 INFO heat.engine.environment [-] Registered: [Plugin](User:False) OS::Neutron::IPsecPolicy ->
2025-10-30 01:45:03.047 64616 INFO heat.engine.environment [-] Registered: [Plugin](User:False) OS::Nova::Flavor ->
2025-10-30 01:45:03.047 64616 INFO heat.engine.environment [-] Registered: [Plugin](User:False) OS::Nova::FloatingIP ->
