2025-10-30 02:04:19.008 7 DEBUG oslo_service.service [-] ml2_type_gre.tunnel_id_ranges = [] log_opt_values /var/lib/kolla/venv/lib/python3.6/site-packages/oslo_config/cfg.py:2611
2025-10-30 02:04:19.009 7 DEBUG oslo_service.service [-] ml2_type_vlan.network_vlan_ranges = [] log_opt_values /var/lib/kolla/venv/lib/python3.6/site-packages/oslo_config/cfg.py:2611
2025-10-30 02:04:19.009 7 DEBUG oslo_service.service [-] ml2_type_vxlan.vni_ranges = [] log_opt_values /var/lib/kolla/venv/lib/python3.6/site-packages/oslo_config/cfg.py:2611
2025-10-30 02:04:19.009 7 DEBUG oslo_service.service [-] ml2_type_vxlan.vxlan_group = None log_opt_values /var/lib/kolla/venv/lib/python3.6/site-packages/oslo_config/cfg.py:2611
2025-10-30 02:04:19.009 7 DEBUG oslo_service.service [-] database.backend = sqlalchemy log_opt_values /var/lib/kolla/venv/lib/python3.6/site-packages/oslo_config/cfg.py:2611
2025-10-30 02:04:19.009 7 DEBUG oslo_service.service [-] database.connection = **** log_opt_values /var/lib/kolla/venv/lib/python3.6/site-packages/oslo_config/cfg.py:2611
2025-10-30 02:04:19.009 7 DEBUG oslo_service.service [-] database.connection_debug = 0 log_opt_values /var/lib/kolla/venv/lib/python3.6/site-packages/oslo_config/cfg.py:2611
2025-10-30 02:04:19.009 7 DEBUG oslo_service.service [-] database.connection_parameters = log_opt_values /var/lib/kolla/venv/lib/python3.6/site-packages/oslo_config/cfg.py:2611
2025-10-30 02:04:19.009 7 DEBUG oslo_service.service [-] database.connection_recycle_time = 10 log_opt_values /var/lib/kolla/venv/lib/python3.6/site-packages/oslo_config/cfg.py:2611
2025-10-30 02:04:19.009 7 DEBUG oslo_service.service [-] database.connection_trace = False log_opt_values /var/lib/kolla/venv/lib/python3.6/site-packages/oslo_config/cfg.py:2611
2025-10-30 02:04:19.009 7 DEBUG oslo_service.service [-] database.db_inc_retry_interval = True log_opt_values /var/lib/kolla/venv/lib/python3.6/site-packages/oslo_config/cfg.py:2611
2025-10-30 02:04:19.009 7 DEBUG oslo_service.service [-] database.db_max_retries = 20 log_opt_values /var/lib/kolla/venv/lib/python3.6/site-packages/oslo_config/cfg.py:2611
2025-10-30 02:04:19.009 7 DEBUG oslo_service.service [-] database.db_max_retry_interval = 10 log_opt_values /var/lib/kolla/venv/lib/python3.6/site-packages/oslo_config/cfg.py:2611
2025-10-30 02:04:19.009 7 DEBUG oslo_service.service [-] database.db_retry_interval = 1 log_opt_values /var/lib/kolla/venv/lib/python3.6/site-packages/oslo_config/cfg.py:2611
2025-10-30 02:04:19.009 7 DEBUG oslo_service.service [-] database.max_overflow = 50 log_opt_values /var/lib/kolla/venv/lib/python3.6/site-packages/oslo_config/cfg.py:2611
2025-10-30 02:04:19.009 7 DEBUG oslo_service.service [-] database.max_pool_size = 1 log_opt_values /var/lib/kolla/venv/lib/python3.6/site-packages/oslo_config/cfg.py:2611
2025-10-30 02:04:19.009 7 DEBUG oslo_service.service [-] database.max_retries = -1 log_opt_values /var/lib/kolla/venv/lib/python3.6/site-packages/oslo_config/cfg.py:2611
2025-10-30 02:04:19.009 7 DEBUG oslo_service.service [-] database.mysql_enable_ndb = False log_opt_values /var/lib/kolla/venv/lib/python3.6/site-packages/oslo_config/cfg.py:2611
2025-10-30 02:04:19.010 7 DEBUG oslo_service.service [-] database.mysql_sql_mode = TRADITIONAL log_opt_values /var/lib/kolla/venv/lib/python3.6/site-packages/oslo_config/cfg.py:2611
2025-10-30 02:04:19.010 7 DEBUG oslo_service.service [-] database.pool_timeout = None log_opt_values /var/lib/kolla/venv/lib/python3.6/site-packages/oslo_config/cfg.py:2611
2025-10-30 02:04:19.010 7 DEBUG oslo_service.service [-] database.retry_interval = 10 log_opt_values /var/lib/kolla/venv/lib/python3.6/site-packages/oslo_config/cfg.py:2611
2025-10-30 02:04:19.010 7 DEBUG oslo_service.service [-] database.slave_connection = **** log_opt_values /var/lib/kolla/venv/lib/python3.6/site-packages/oslo_config/cfg.py:2611
2025-10-30 02:04:19.010 7 DEBUG oslo_service.service [-] database.sqlite_synchronous = True log_opt_values /var/lib/kolla/venv/lib/python3.6/site-packages/oslo_config/cfg.py:2611
2025-10-30 02:04:19.010 7 DEBUG oslo_service.service [-] database.use_db_reconnect = False log_opt_values /var/lib/kolla/venv/lib/python3.6/site-packages/oslo_config/cfg.py:2611
2025-10-30 02:04:19.010 7 DEBUG oslo_service.service [-] ******************************************************************************** log_opt_values /var/lib/kolla/venv/lib/python3.6/site-packages/oslo_config/cfg.py:2613
2025-10-30 02:04:21.019 22 DEBUG neutron.wsgi [-] (22) accepted ('10.0.0.33', 39004) server /var/lib/kolla/venv/lib/python3.6/site-packages/eventlet/wsgi.py:1004
2025-10-30 02:04:21.025 22 INFO neutron.wsgi [-] 10.0.0.33 "GET / HTTP/1.1" status: 200 len: 227 time: 0.0044413
2025-10-30 02:04:22.747 25 DEBUG neutron.api.rpc.handlers.dhcp_rpc [req-f8445774-6056-4b84-8ecf-3a0db0951912 - - - - -] get_active_networks_info from cn-jenkins-deploy-platform-ansible-os-4534-1 get_active_networks_info /var/lib/kolla/venv/lib/python3.6/site-packages/neutron/api/rpc/handlers/dhcp_rpc.py:159
2025-10-30 02:04:22.769 28 DEBUG neutron_lib.callbacks.manager [req-85e054a0-9962-43aa-b012-70875c1ea38d - - - - -] Publish callbacks ['neutron.services.segments.db._update_segment_host_mapping_for_agent-8738273621107', 'neutron.services.l3_router.l3_router_plugin.DVRResourceOperationHandler.create_fip_agent_gw_ports-1800451'] for agent (9ea7906a-d789-420d-b2de-3a654e82bb7e), after_create _notify_loop /var/lib/kolla/venv/lib/python3.6/site-packages/neutron_lib/callbacks/manager.py:177
2025-10-30 02:04:22.783 25 DEBUG neutron.scheduler.dhcp_agent_scheduler [req-f8445774-6056-4b84-8ecf-3a0db0951912 - - - - -] No non-hosted networks auto_schedule_networks /var/lib/kolla/venv/lib/python3.6/site-packages/neutron/scheduler/dhcp_agent_scheduler.py:60
2025-10-30 02:04:41.306 26 DEBUG neutron_lib.callbacks.manager [req-c1d9af65-e649-438a-8e3c-e0b6a80907b5 - - - - -] Publish callbacks ['neutron.services.segments.db._update_segment_host_mapping_for_agent-8738273621107', 'neutron.services.l3_router.l3_router_plugin.DVRResourceOperationHandler.create_fip_agent_gw_ports-1800451'] for agent (61ffcdb0-8e29-49ac-8796-507916bcfa34), after_create _notify_loop /var/lib/kolla/venv/lib/python3.6/site-packages/neutron_lib/callbacks/manager.py:177
2025-10-30 02:04:51.065 22 DEBUG neutron.wsgi [-] (22) accepted ('10.0.0.33', 36436) server /var/lib/kolla/venv/lib/python3.6/site-packages/eventlet/wsgi.py:1004
2025-10-30 02:04:51.068 22 INFO neutron.wsgi [-] 10.0.0.33 "GET / HTTP/1.1" status: 200 len: 227 time: 0.0029171
2025-10-30 02:04:52.755 27 DEBUG neutron_lib.callbacks.manager [req-a9c84656-3188-440e-8f96-f727ed09664c - - - - -] Publish callbacks ['neutron.services.segments.db._update_segment_host_mapping_for_agent-8738273621107', 'neutron.plugins.ml2.plugin.Ml2Plugin._retry_binding_revived_agents-795116'] for agent (9ea7906a-d789-420d-b2de-3a654e82bb7e), after_update _notify_loop /var/lib/kolla/venv/lib/python3.6/site-packages/neutron_lib/callbacks/manager.py:177
2025-10-30 02:05:11.281 25 DEBUG neutron_lib.callbacks.manager [req-c1d9af65-e649-438a-8e3c-e0b6a80907b5 - - - - -] Publish callbacks ['neutron.services.segments.db._update_segment_host_mapping_for_agent-8738273621107', 'neutron.plugins.ml2.plugin.Ml2Plugin._retry_binding_revived_agents-795116'] for agent (61ffcdb0-8e29-49ac-8796-507916bcfa34), after_update _notify_loop /var/lib/kolla/venv/lib/python3.6/site-packages/neutron_lib/callbacks/manager.py:177
2025-10-30 02:05:20.970 29 DEBUG neutron.db.agents_db [req-cbe01e1d-60c7-469d-8ea5-9c5e931dd84f - - - - -] Agent healthcheck: found 2 active agents agent_health_check /var/lib/kolla/venv/lib/python3.6/site-packages/neutron/db/agents_db.py:318
2025-10-30 02:05:21.108 22 DEBUG neutron.wsgi [-] (22) accepted ('10.0.0.33', 37116) server /var/lib/kolla/venv/lib/python3.6/site-packages/eventlet/wsgi.py:1004
2025-10-30 02:05:21.111 22 INFO neutron.wsgi [-] 10.0.0.33 "GET / HTTP/1.1" status: 200 len: 227 time: 0.0024889
2025-10-30 02:05:22.762 23 DEBUG neutron_lib.callbacks.manager [req-01bc8715-1da3-478f-af85-d4a54aa23fc6 - - - - -] Publish callbacks ['neutron.services.segments.db._update_segment_host_mapping_for_agent-8738273621107', 'neutron.plugins.ml2.plugin.Ml2Plugin._retry_binding_revived_agents-795116'] for agent (9ea7906a-d789-420d-b2de-3a654e82bb7e), after_update _notify_loop /var/lib/kolla/venv/lib/python3.6/site-packages/neutron_lib/callbacks/manager.py:177
2025-10-30 02:05:41.293 24 DEBUG neutron_lib.callbacks.manager [req-c1d9af65-e649-438a-8e3c-e0b6a80907b5 - - - - -] Publish callbacks ['neutron.services.segments.db._update_segment_host_mapping_for_agent-8738273621107', 'neutron.plugins.ml2.plugin.Ml2Plugin._retry_binding_revived_agents-795116'] for agent (61ffcdb0-8e29-49ac-8796-507916bcfa34), after_update _notify_loop /var/lib/kolla/venv/lib/python3.6/site-packages/neutron_lib/callbacks/manager.py:177
2025-10-30 02:05:51.150 22 DEBUG neutron.wsgi [-] (22) accepted ('10.0.0.33', 43606) server /var/lib/kolla/venv/lib/python3.6/site-packages/eventlet/wsgi.py:1004
2025-10-30 02:05:51.153 22 INFO neutron.wsgi [-] 10.0.0.33 "GET / HTTP/1.1" status: 200 len: 227 time: 0.0025790
2025-10-30 02:05:52.745 28 DEBUG neutron_lib.callbacks.manager [req-22013e48-80a4-4ad3-be5f-619b4d55e645 - - - - -] Publish callbacks ['neutron.services.segments.db._update_segment_host_mapping_for_agent-8738273621107', 'neutron.plugins.ml2.plugin.Ml2Plugin._retry_binding_revived_agents-795116'] for agent (9ea7906a-d789-420d-b2de-3a654e82bb7e), after_update _notify_loop /var/lib/kolla/venv/lib/python3.6/site-packages/neutron_lib/callbacks/manager.py:177
2025-10-30 02:05:57.967 29 DEBUG neutron.db.agents_db [req-cbe01e1d-60c7-469d-8ea5-9c5e931dd84f - - - - -] Agent healthcheck: found 2 active agents agent_health_check /var/lib/kolla/venv/lib/python3.6/site-packages/neutron/db/agents_db.py:318
2025-10-30 02:06:11.283 26 DEBUG neutron_lib.callbacks.manager [req-c1d9af65-e649-438a-8e3c-e0b6a80907b5 - - - - -] Publish callbacks ['neutron.services.segments.db._update_segment_host_mapping_for_agent-8738273621107', 'neutron.plugins.ml2.plugin.Ml2Plugin._retry_binding_revived_agents-795116'] for agent (61ffcdb0-8e29-49ac-8796-507916bcfa34), after_update _notify_loop /var/lib/kolla/venv/lib/python3.6/site-packages/neutron_lib/callbacks/manager.py:177
2025-10-30 02:06:21.195 22 DEBUG neutron.wsgi [-] (22) accepted ('10.0.0.33', 55714) server /var/lib/kolla/venv/lib/python3.6/site-packages/eventlet/wsgi.py:1004
2025-10-30 02:06:21.199 22 INFO neutron.wsgi [-] 10.0.0.33 "GET / HTTP/1.1" status: 200 len: 227 time: 0.0024903
2025-10-30 02:06:22.741 27 DEBUG neutron_lib.callbacks.manager [req-b37d0c0d-b999-4768-9bde-3c37dcb07850 - - - - -] Publish callbacks ['neutron.services.segments.db._update_segment_host_mapping_for_agent-8738273621107', 'neutron.plugins.ml2.plugin.Ml2Plugin._retry_binding_revived_agents-795116'] for agent (9ea7906a-d789-420d-b2de-3a654e82bb7e), after_update _notify_loop /var/lib/kolla/venv/lib/python3.6/site-packages/neutron_lib/callbacks/manager.py:177
2025-10-30 02:06:34.963 29 DEBUG neutron.db.agents_db [req-cbe01e1d-60c7-469d-8ea5-9c5e931dd84f - - - - -] Agent healthcheck: found 2 active agents agent_health_check /var/lib/kolla/venv/lib/python3.6/site-packages/neutron/db/agents_db.py:318
2025-10-30 02:06:41.286 25 DEBUG neutron_lib.callbacks.manager [req-c1d9af65-e649-438a-8e3c-e0b6a80907b5 - - - - -] Publish callbacks ['neutron.services.segments.db._update_segment_host_mapping_for_agent-8738273621107', 'neutron.plugins.ml2.plugin.Ml2Plugin._retry_binding_revived_agents-795116'] for agent (61ffcdb0-8e29-49ac-8796-507916bcfa34), after_update _notify_loop /var/lib/kolla/venv/lib/python3.6/site-packages/neutron_lib/callbacks/manager.py:177
2025-10-30 02:06:51.243 22 DEBUG neutron.wsgi [-] (22) accepted ('10.0.0.33', 44212) server /var/lib/kolla/venv/lib/python3.6/site-packages/eventlet/wsgi.py:1004
2025-10-30 02:06:51.247 22 INFO neutron.wsgi [-] 10.0.0.33 "GET / HTTP/1.1" status: 200 len: 227 time: 0.0029361
2025-10-30 02:06:52.746 23 DEBUG neutron_lib.callbacks.manager [req-57c1cc0e-43eb-4ea9-b3eb-11dbe31dc894 - - - - -] Publish callbacks ['neutron.services.segments.db._update_segment_host_mapping_for_agent-8738273621107', 'neutron.plugins.ml2.plugin.Ml2Plugin._retry_binding_revived_agents-795116'] for agent (9ea7906a-d789-420d-b2de-3a654e82bb7e), after_update _notify_loop /var/lib/kolla/venv/lib/python3.6/site-packages/neutron_lib/callbacks/manager.py:177
2025-10-30 02:07:11.286 24 DEBUG neutron_lib.callbacks.manager [req-c1d9af65-e649-438a-8e3c-e0b6a80907b5 - - - - -] Publish callbacks ['neutron.services.segments.db._update_segment_host_mapping_for_agent-8738273621107', 'neutron.plugins.ml2.plugin.Ml2Plugin._retry_binding_revived_agents-795116'] for agent (61ffcdb0-8e29-49ac-8796-507916bcfa34), after_update _notify_loop /var/lib/kolla/venv/lib/python3.6/site-packages/neutron_lib/callbacks/manager.py:177
2025-10-30 02:07:11.971 29 DEBUG neutron.db.agents_db [req-cbe01e1d-60c7-469d-8ea5-9c5e931dd84f - - - - -] Agent healthcheck: found 2 active agents agent_health_check /var/lib/kolla/venv/lib/python3.6/site-packages/neutron/db/agents_db.py:318
2025-10-30 02:07:21.287 22 DEBUG neutron.wsgi [-] (22) accepted ('10.0.0.33', 56884) server /var/lib/kolla/venv/lib/python3.6/site-packages/eventlet/wsgi.py:1004
2025-10-30 02:07:21.291 22 INFO neutron.wsgi [-] 10.0.0.33 "GET / HTTP/1.1" status: 200 len: 227 time: 0.0034289
2025-10-30 02:07:22.751 28 DEBUG neutron_lib.callbacks.manager [req-101febad-2db8-4f32-b396-e5d1e7224b66 - - - - -] Publish callbacks ['neutron.services.segments.db._update_segment_host_mapping_for_agent-8738273621107', 'neutron.plugins.ml2.plugin.Ml2Plugin._retry_binding_revived_agents-795116'] for agent (9ea7906a-d789-420d-b2de-3a654e82bb7e), after_update _notify_loop /var/lib/kolla/venv/lib/python3.6/site-packages/neutron_lib/callbacks/manager.py:177
2025-10-30 02:07:41.325 26 DEBUG neutron_lib.callbacks.manager [req-c1d9af65-e649-438a-8e3c-e0b6a80907b5 - - - - -] Publish callbacks ['neutron.services.segments.db._update_segment_host_mapping_for_agent-8738273621107', 'neutron.plugins.ml2.plugin.Ml2Plugin._retry_binding_revived_agents-795116'] for agent (61ffcdb0-8e29-49ac-8796-507916bcfa34), after_update _notify_loop /var/lib/kolla/venv/lib/python3.6/site-packages/neutron_lib/callbacks/manager.py:177
2025-10-30 02:07:48.972 29 DEBUG neutron.db.agents_db [req-cbe01e1d-60c7-469d-8ea5-9c5e931dd84f - - - - -] Agent healthcheck: found 2 active agents agent_health_check /var/lib/kolla/venv/lib/python3.6/site-packages/neutron/db/agents_db.py:318
2025-10-30 02:07:51.332 22 DEBUG neutron.wsgi [-] (22) accepted ('10.0.0.33', 42598) server /var/lib/kolla/venv/lib/python3.6/site-packages/eventlet/wsgi.py:1004
2025-10-30 02:07:51.335 22 INFO neutron.wsgi [-] 10.0.0.33 "GET / HTTP/1.1" status: 200 len: 227 time: 0.0025334
2025-10-30 02:07:52.756 27 DEBUG neutron_lib.callbacks.manager [req-519ce8f0-5cb8-4350-adc5-f1cc5b0395be - - - - -] Publish callbacks ['neutron.services.segments.db._update_segment_host_mapping_for_agent-8738273621107', 'neutron.plugins.ml2.plugin.Ml2Plugin._retry_binding_revived_agents-795116'] for agent (9ea7906a-d789-420d-b2de-3a654e82bb7e), after_update _notify_loop /var/lib/kolla/venv/lib/python3.6/site-packages/neutron_lib/callbacks/manager.py:177
2025-10-30 02:08:11.291 25 DEBUG neutron_lib.callbacks.manager [req-c1d9af65-e649-438a-8e3c-e0b6a80907b5 - - - - -] Publish callbacks ['neutron.services.segments.db._update_segment_host_mapping_for_agent-8738273621107', 'neutron.plugins.ml2.plugin.Ml2Plugin._retry_binding_revived_agents-795116'] for agent (61ffcdb0-8e29-49ac-8796-507916bcfa34), after_update _notify_loop /var/lib/kolla/venv/lib/python3.6/site-packages/neutron_lib/callbacks/manager.py:177
2025-10-30 02:08:21.374 22 DEBUG neutron.wsgi [-] (22) accepted ('10.0.0.33', 35386) server /var/lib/kolla/venv/lib/python3.6/site-packages/eventlet/wsgi.py:1004
2025-10-30 02:08:21.377 22 INFO neutron.wsgi [-] 10.0.0.33 "GET / HTTP/1.1" status: 200 len: 227 time: 0.0024815
2025-10-30 02:08:22.760 23 DEBUG neutron_lib.callbacks.manager [req-20be4e16-48e4-41b9-8768-5ed7a1d9d415 - - - - -] Publish callbacks ['neutron.services.segments.db._update_segment_host_mapping_for_agent-8738273621107', 'neutron.plugins.ml2.plugin.Ml2Plugin._retry_binding_revived_agents-795116'] for agent (9ea7906a-d789-420d-b2de-3a654e82bb7e), after_update _notify_loop /var/lib/kolla/venv/lib/python3.6/site-packages/neutron_lib/callbacks/manager.py:177
2025-10-30 02:08:25.971 29 DEBUG neutron.db.agents_db [req-cbe01e1d-60c7-469d-8ea5-9c5e931dd84f - - - - -] Agent healthcheck: found 2 active agents agent_health_check /var/lib/kolla/venv/lib/python3.6/site-packages/neutron/db/agents_db.py:318
2025-10-30 02:08:41.294 24 DEBUG neutron_lib.callbacks.manager [req-c1d9af65-e649-438a-8e3c-e0b6a80907b5 - - - - -] Publish callbacks ['neutron.services.segments.db._update_segment_host_mapping_for_agent-8738273621107', 'neutron.plugins.ml2.plugin.Ml2Plugin._retry_binding_revived_agents-795116'] for agent (61ffcdb0-8e29-49ac-8796-507916bcfa34), after_update _notify_loop /var/lib/kolla/venv/lib/python3.6/site-packages/neutron_lib/callbacks/manager.py:177
2025-10-30 02:08:51.416 22 DEBUG neutron.wsgi [-] (22) accepted ('10.0.0.33', 32806) server /var/lib/kolla/venv/lib/python3.6/site-packages/eventlet/wsgi.py:1004
2025-10-30 02:08:51.424 22 INFO neutron.wsgi [-] 10.0.0.33 "GET / HTTP/1.1" status: 200 len: 227 time: 0.0067863
2025-10-30 02:08:52.765 28 DEBUG neutron_lib.callbacks.manager [req-22ae3b4a-76b2-435c-a3c2-9bd4fd956634 - - - - -] Publish callbacks ['neutron.services.segments.db._update_segment_host_mapping_for_agent-8738273621107', 'neutron.plugins.ml2.plugin.Ml2Plugin._retry_binding_revived_agents-795116'] for agent (9ea7906a-d789-420d-b2de-3a654e82bb7e), after_update _notify_loop /var/lib/kolla/venv/lib/python3.6/site-packages/neutron_lib/callbacks/manager.py:177
2025-10-30 02:09:02.971 29 DEBUG neutron.db.agents_db [req-cbe01e1d-60c7-469d-8ea5-9c5e931dd84f - - - - -] Agent healthcheck: found 2 active agents agent_health_check /var/lib/kolla/venv/lib/python3.6/site-packages/neutron/db/agents_db.py:318
2025-10-30 02:09:11.297 26 DEBUG neutron_lib.callbacks.manager [req-c1d9af65-e649-438a-8e3c-e0b6a80907b5 - - - - -] Publish callbacks ['neutron.services.segments.db._update_segment_host_mapping_for_agent-8738273621107', 'neutron.plugins.ml2.plugin.Ml2Plugin._retry_binding_revived_agents-795116'] for agent (61ffcdb0-8e29-49ac-8796-507916bcfa34), after_update _notify_loop /var/lib/kolla/venv/lib/python3.6/site-packages/neutron_lib/callbacks/manager.py:177
2025-10-30 02:09:21.465 22 DEBUG neutron.wsgi [-] (22) accepted ('10.0.0.33', 53302) server /var/lib/kolla/venv/lib/python3.6/site-packages/eventlet/wsgi.py:1004
2025-10-30 02:09:21.468 22 INFO neutron.wsgi [-] 10.0.0.33 "GET / HTTP/1.1" status: 200 len: 227 time: 0.0025995
2025-10-30 02:09:22.769 27 DEBUG neutron_lib.callbacks.manager [req-80869522-1ce7-47d7-88d2-a655457bad46 - - - - -] Publish callbacks ['neutron.services.segments.db._update_segment_host_mapping_for_agent-8738273621107', 'neutron.plugins.ml2.plugin.Ml2Plugin._retry_binding_revived_agents-795116'] for agent (9ea7906a-d789-420d-b2de-3a654e82bb7e), after_update _notify_loop /var/lib/kolla/venv/lib/python3.6/site-packages/neutron_lib/callbacks/manager.py:177
2025-10-30 02:09:39.968 29 DEBUG neutron.db.agents_db [req-cbe01e1d-60c7-469d-8ea5-9c5e931dd84f - - - - -] Agent healthcheck: found 2 active agents agent_health_check /var/lib/kolla/venv/lib/python3.6/site-packages/neutron/db/agents_db.py:318
2025-10-30 02:09:41.298 25 DEBUG neutron_lib.callbacks.manager [req-c1d9af65-e649-438a-8e3c-e0b6a80907b5 - - - - -] Publish callbacks ['neutron.services.segments.db._update_segment_host_mapping_for_agent-8738273621107', 'neutron.plugins.ml2.plugin.Ml2Plugin._retry_binding_revived_agents-795116'] for agent (61ffcdb0-8e29-49ac-8796-507916bcfa34), after_update _notify_loop /var/lib/kolla/venv/lib/python3.6/site-packages/neutron_lib/callbacks/manager.py:177
2025-10-30 02:09:51.650 22 DEBUG neutron.wsgi [-] (22) accepted ('10.0.0.33', 47932) server /var/lib/kolla/venv/lib/python3.6/site-packages/eventlet/wsgi.py:1004
2025-10-30 02:09:51.653 22 INFO neutron.wsgi [-] 10.0.0.33 "GET / HTTP/1.1" status: 200 len: 227 time: 0.0023947
2025-10-30 02:09:52.775 23 DEBUG neutron_lib.callbacks.manager [req-ad392154-d674-4b69-8527-48e8dee8a686 - - - - -] Publish callbacks ['neutron.services.segments.db._update_segment_host_mapping_for_agent-8738273621107', 'neutron.plugins.ml2.plugin.Ml2Plugin._retry_binding_revived_agents-795116'] for agent (9ea7906a-d789-420d-b2de-3a654e82bb7e), after_update _notify_loop /var/lib/kolla/venv/lib/python3.6/site-packages/neutron_lib/callbacks/manager.py:177
2025-10-30 02:10:11.303 24 DEBUG neutron_lib.callbacks.manager [req-c1d9af65-e649-438a-8e3c-e0b6a80907b5 - - - - -] Publish callbacks ['neutron.services.segments.db._update_segment_host_mapping_for_agent-8738273621107', 'neutron.plugins.ml2.plugin.Ml2Plugin._retry_binding_revived_agents-795116'] for agent (61ffcdb0-8e29-49ac-8796-507916bcfa34), after_update _notify_loop /var/lib/kolla/venv/lib/python3.6/site-packages/neutron_lib/callbacks/manager.py:177
2025-10-30 02:10:16.968 29 DEBUG neutron.db.agents_db [req-cbe01e1d-60c7-469d-8ea5-9c5e931dd84f - - - - -] Agent healthcheck: found 2 active agents agent_health_check /var/lib/kolla/venv/lib/python3.6/site-packages/neutron/db/agents_db.py:318
2025-10-30 02:10:21.695 22 DEBUG neutron.wsgi [-] (22) accepted ('10.0.0.33', 58630) server /var/lib/kolla/venv/lib/python3.6/site-packages/eventlet/wsgi.py:1004
2025-10-30 02:10:21.699 22 INFO neutron.wsgi [-] 10.0.0.33 "GET / HTTP/1.1" status: 200 len: 227 time: 0.0025878
2025-10-30 02:10:22.770 28 DEBUG neutron_lib.callbacks.manager [req-2af168d6-4add-4820-afab-7374d4388cc5 - - - - -] Publish callbacks ['neutron.services.segments.db._update_segment_host_mapping_for_agent-8738273621107', 'neutron.plugins.ml2.plugin.Ml2Plugin._retry_binding_revived_agents-795116'] for agent (9ea7906a-d789-420d-b2de-3a654e82bb7e), after_update _notify_loop /var/lib/kolla/venv/lib/python3.6/site-packages/neutron_lib/callbacks/manager.py:177
2025-10-30 02:10:41.306 26 DEBUG neutron_lib.callbacks.manager [req-c1d9af65-e649-438a-8e3c-e0b6a80907b5 - - - - -] Publish callbacks ['neutron.services.segments.db._update_segment_host_mapping_for_agent-8738273621107', 'neutron.plugins.ml2.plugin.Ml2Plugin._retry_binding_revived_agents-795116'] for agent (61ffcdb0-8e29-49ac-8796-507916bcfa34), after_update _notify_loop /var/lib/kolla/venv/lib/python3.6/site-packages/neutron_lib/callbacks/manager.py:177
2025-10-30 02:10:51.739 22 DEBUG neutron.wsgi [-] (22) accepted ('10.0.0.33', 50016) server /var/lib/kolla/venv/lib/python3.6/site-packages/eventlet/wsgi.py:1004
2025-10-30 02:10:51.743 22 INFO neutron.wsgi [-] 10.0.0.33 "GET / HTTP/1.1" status: 200 len: 227 time: 0.0024793
2025-10-30 02:10:52.778 27 DEBUG neutron_lib.callbacks.manager [req-db9943a3-cac7-4968-8265-268d82b1502a - - - - -] Publish callbacks ['neutron.services.segments.db._update_segment_host_mapping_for_agent-8738273621107', 'neutron.plugins.ml2.plugin.Ml2Plugin._retry_binding_revived_agents-795116'] for agent (9ea7906a-d789-420d-b2de-3a654e82bb7e), after_update _notify_loop /var/lib/kolla/venv/lib/python3.6/site-packages/neutron_lib/callbacks/manager.py:177
2025-10-30 02:10:53.967 29 DEBUG neutron.db.agents_db [req-cbe01e1d-60c7-469d-8ea5-9c5e931dd84f - - - - -] Agent healthcheck: found 2 active agents agent_health_check /var/lib/kolla/venv/lib/python3.6/site-packages/neutron/db/agents_db.py:318
2025-10-30 02:11:11.310 25 DEBUG neutron_lib.callbacks.manager [req-c1d9af65-e649-438a-8e3c-e0b6a80907b5 - - - - -] Publish callbacks ['neutron.services.segments.db._update_segment_host_mapping_for_agent-8738273621107', 'neutron.plugins.ml2.plugin.Ml2Plugin._retry_binding_revived_agents-795116'] for agent (61ffcdb0-8e29-49ac-8796-507916bcfa34), after_update _notify_loop /var/lib/kolla/venv/lib/python3.6/site-packages/neutron_lib/callbacks/manager.py:177
2025-10-30 02:11:21.787 22 DEBUG neutron.wsgi [-] (22) accepted ('10.0.0.33', 44530) server /var/lib/kolla/venv/lib/python3.6/site-packages/eventlet/wsgi.py:1004
2025-10-30 02:11:21.791 22 INFO neutron.wsgi [-] 10.0.0.33 "GET / HTTP/1.1" status: 200 len: 227 time: 0.0026684
2025-10-30 02:11:22.773 23 DEBUG neutron_lib.callbacks.manager [req-3514b2c9-1917-441d-8314-ad386466140c - - - - -] Publish callbacks ['neutron.services.segments.db._update_segment_host_mapping_for_agent-8738273621107', 'neutron.plugins.ml2.plugin.Ml2Plugin._retry_binding_revived_agents-795116'] for agent (9ea7906a-d789-420d-b2de-3a654e82bb7e), after_update _notify_loop /var/lib/kolla/venv/lib/python3.6/site-packages/neutron_lib/callbacks/manager.py:177
2025-10-30 02:11:30.965 29 DEBUG neutron.db.agents_db [req-cbe01e1d-60c7-469d-8ea5-9c5e931dd84f - - - - -] Agent healthcheck: found 2 active agents agent_health_check /var/lib/kolla/venv/lib/python3.6/site-packages/neutron/db/agents_db.py:318
2025-10-30 02:11:41.309 24 DEBUG neutron_lib.callbacks.manager [req-c1d9af65-e649-438a-8e3c-e0b6a80907b5 - - - - -] Publish callbacks ['neutron.services.segments.db._update_segment_host_mapping_for_agent-8738273621107', 'neutron.plugins.ml2.plugin.Ml2Plugin._retry_binding_revived_agents-795116'] for agent (61ffcdb0-8e29-49ac-8796-507916bcfa34), after_update _notify_loop /var/lib/kolla/venv/lib/python3.6/site-packages/neutron_lib/callbacks/manager.py:177
2025-10-30 02:11:51.831 22 DEBUG neutron.wsgi [-] (22) accepted ('10.0.0.33', 34346) server /var/lib/kolla/venv/lib/python3.6/site-packages/eventlet/wsgi.py:1004
2025-10-30 02:11:51.834 22 INFO neutron.wsgi [-] 10.0.0.33 "GET / HTTP/1.1" status: 200 len: 227 time: 0.0024610
2025-10-30 02:11:52.777 28 DEBUG neutron_lib.callbacks.manager [req-15ddb6b0-f506-46af-88d5-deddf796d651 - - - - -] Publish callbacks ['neutron.services.segments.db._update_segment_host_mapping_for_agent-8738273621107', 'neutron.plugins.ml2.plugin.Ml2Plugin._retry_binding_revived_agents-795116'] for agent (9ea7906a-d789-420d-b2de-3a654e82bb7e), after_update _notify_loop /var/lib/kolla/venv/lib/python3.6/site-packages/neutron_lib/callbacks/manager.py:177
2025-10-30 02:12:07.965 29 DEBUG neutron.db.agents_db [req-cbe01e1d-60c7-469d-8ea5-9c5e931dd84f - - - - -] Agent healthcheck: found 2 active agents agent_health_check /var/lib/kolla/venv/lib/python3.6/site-packages/neutron/db/agents_db.py:318
2025-10-30 02:12:11.377 26 DEBUG neutron_lib.callbacks.manager [req-c1d9af65-e649-438a-8e3c-e0b6a80907b5 - - - - -] Publish callbacks ['neutron.services.segments.db._update_segment_host_mapping_for_agent-8738273621107', 'neutron.plugins.ml2.plugin.Ml2Plugin._retry_binding_revived_agents-795116'] for agent (61ffcdb0-8e29-49ac-8796-507916bcfa34), after_update _notify_loop /var/lib/kolla/venv/lib/python3.6/site-packages/neutron_lib/callbacks/manager.py:177
2025-10-30 02:12:13.140 7 INFO oslo_service.service [-] Caught SIGTERM, stopping children
2025-10-30 02:12:13.140 7 DEBUG oslo_concurrency.lockutils [-] Acquired lock "singleton_lock" lock /var/lib/kolla/venv/lib/python3.6/site-packages/oslo_concurrency/lockutils.py:294
2025-10-30 02:12:13.141 7 DEBUG oslo_concurrency.lockutils [-] Releasing lock "singleton_lock" lock /var/lib/kolla/venv/lib/python3.6/site-packages/oslo_concurrency/lockutils.py:312
2025-10-30 02:12:13.141 7 DEBUG oslo_service.service [-] Stop services. stop /var/lib/kolla/venv/lib/python3.6/site-packages/oslo_service/service.py:695
2025-10-30 02:12:13.141 7 DEBUG neutron.service [-] calling RpcWorker stop() stop /var/lib/kolla/venv/lib/python3.6/site-packages/neutron/service.py:138
2025-10-30 02:12:13.141 7 DEBUG neutron.service [-] calling RpcWorker stop() stop /var/lib/kolla/venv/lib/python3.6/site-packages/neutron/service.py:138
2025-10-30 02:12:13.141 7 DEBUG oslo_service.service [-] Killing children. stop /var/lib/kolla/venv/lib/python3.6/site-packages/oslo_service/service.py:700
2025-10-30 02:12:13.142 7 INFO oslo_service.service [-] Waiting on 8 children to exit
2025-10-30 02:12:13.142 24 DEBUG neutron.service [-] calling RpcWorker stop() stop /var/lib/kolla/venv/lib/python3.6/site-packages/neutron/service.py:138
2025-10-30 02:12:13.142 27 DEBUG neutron.service [-] calling RpcWorker stop() stop /var/lib/kolla/venv/lib/python3.6/site-packages/neutron/service.py:138
2025-10-30 02:12:13.142 22 INFO neutron.wsgi [-] (22) wsgi exited, is_accepting=True
2025-10-30 02:12:13.143 29 DEBUG neutron.service [-] calling RpcWorker stop() stop /var/lib/kolla/venv/lib/python3.6/site-packages/neutron/service.py:138
2025-10-30 02:12:13.143 27 DEBUG neutron.service [-] calling stop on stop /var/lib/kolla/venv/lib/python3.6/site-packages/neutron/service.py:141
2025-10-30 02:12:13.142 24 DEBUG neutron.service [-] calling stop on stop /var/lib/kolla/venv/lib/python3.6/site-packages/neutron/service.py:141
2025-10-30 02:12:13.144 29 DEBUG neutron.service [-] calling stop on stop /var/lib/kolla/venv/lib/python3.6/site-packages/neutron/service.py:141
2025-10-30 02:12:13.145 26 DEBUG neutron.service [-] calling RpcWorker stop() stop /var/lib/kolla/venv/lib/python3.6/site-packages/neutron/service.py:138
2025-10-30 02:12:13.143 22 DEBUG oslo_concurrency.lockutils [req-1332bd0e-cdd8-419e-9422-656d1ee08d6e - - - - -] Acquired lock "singleton_lock" lock /var/lib/kolla/venv/lib/python3.6/site-packages/oslo_concurrency/lockutils.py:294
2025-10-30 02:12:13.145 22 DEBUG oslo_concurrency.lockutils [req-1332bd0e-cdd8-419e-9422-656d1ee08d6e - - - - -] Releasing lock "singleton_lock" lock /var/lib/kolla/venv/lib/python3.6/site-packages/oslo_concurrency/lockutils.py:312
2025-10-30 02:12:13.146 28 DEBUG neutron.service [-] calling RpcWorker stop() stop /var/lib/kolla/venv/lib/python3.6/site-packages/neutron/service.py:138
2025-10-30 02:12:13.145 26 DEBUG neutron.service [-] calling stop on stop /var/lib/kolla/venv/lib/python3.6/site-packages/neutron/service.py:141
2025-10-30 02:12:13.147 28 DEBUG neutron.service [-] calling stop on stop /var/lib/kolla/venv/lib/python3.6/site-packages/neutron/service.py:141
2025-10-30 02:12:13.149 7 INFO oslo_service.service [-] Child 22 exited with status 0
2025-10-30 02:12:13.149 25 DEBUG neutron.service [-] calling RpcWorker stop() stop /var/lib/kolla/venv/lib/python3.6/site-packages/neutron/service.py:138
2025-10-30 02:12:13.150 23 DEBUG neutron.service [-] calling RpcWorker stop() stop /var/lib/kolla/venv/lib/python3.6/site-packages/neutron/service.py:138
2025-10-30 02:12:13.150 25 DEBUG neutron.service [-] calling stop on stop /var/lib/kolla/venv/lib/python3.6/site-packages/neutron/service.py:141
2025-10-30 02:12:13.150 23 DEBUG neutron.service [-] calling stop on stop /var/lib/kolla/venv/lib/python3.6/site-packages/neutron/service.py:141
2025-10-30 02:12:13.358 26 DEBUG oslo_concurrency.lockutils [req-1332bd0e-cdd8-419e-9422-656d1ee08d6e - - - - -] Acquired lock "singleton_lock" lock /var/lib/kolla/venv/lib/python3.6/site-packages/oslo_concurrency/lockutils.py:294
2025-10-30 02:12:13.359 26 DEBUG oslo_concurrency.lockutils [req-1332bd0e-cdd8-419e-9422-656d1ee08d6e - - - - -] Releasing lock "singleton_lock" lock /var/lib/kolla/venv/lib/python3.6/site-packages/oslo_concurrency/lockutils.py:312
2025-10-30 02:12:13.359 26 DEBUG neutron.service [req-1332bd0e-cdd8-419e-9422-656d1ee08d6e - - - - -] calling RpcWorker wait() _wait /var/lib/kolla/venv/lib/python3.6/site-packages/neutron/service.py:128
2025-10-30 02:12:13.359 26 DEBUG neutron.service [req-1332bd0e-cdd8-419e-9422-656d1ee08d6e - - - - -] calling wait on _wait /var/lib/kolla/venv/lib/python3.6/site-packages/neutron/service.py:131
2025-10-30 02:12:13.366 26 WARNING amqp [req-1332bd0e-cdd8-419e-9422-656d1ee08d6e - - - - -] Received method (60, 30) during closing channel 1. This method will be ignored
2025-10-30 02:12:13.367 26 DEBUG neutron.service [req-1332bd0e-cdd8-419e-9422-656d1ee08d6e - - - - -] returning from RpcWorker wait() _wait /var/lib/kolla/venv/lib/python3.6/site-packages/neutron/service.py:135
2025-10-30 02:12:13.373 7 INFO oslo_service.service [-] Child 26 exited with status 0
2025-10-30 02:12:13.968 23 DEBUG neutron.service [-] calling stop on stop /var/lib/kolla/venv/lib/python3.6/site-packages/neutron/service.py:141
2025-10-30 02:12:13.970 25 DEBUG neutron.service [-] calling stop on stop /var/lib/kolla/venv/lib/python3.6/site-packages/neutron/service.py:141
2025-10-30 02:12:13.977 24 DEBUG neutron.service [-] calling stop on stop /var/lib/kolla/venv/lib/python3.6/site-packages/neutron/service.py:141
2025-10-30 02:12:13.984 24 DEBUG neutron.service [-] calling stop on stop /var/lib/kolla/venv/lib/python3.6/site-packages/neutron/service.py:141
2025-10-30 02:12:13.993 25 DEBUG neutron.service [-] calling stop on stop /var/lib/kolla/venv/lib/python3.6/site-packages/neutron/service.py:141
2025-10-30 02:12:13.993 29 DEBUG oslo_concurrency.lockutils [req-1332bd0e-cdd8-419e-9422-656d1ee08d6e - - - - -] Acquired lock "singleton_lock" lock /var/lib/kolla/venv/lib/python3.6/site-packages/oslo_concurrency/lockutils.py:294
2025-10-30 02:12:13.994 29 DEBUG oslo_concurrency.lockutils [req-1332bd0e-cdd8-419e-9422-656d1ee08d6e - - - - -] Releasing lock "singleton_lock" lock /var/lib/kolla/venv/lib/python3.6/site-packages/oslo_concurrency/lockutils.py:312
2025-10-30 02:12:13.994 29 DEBUG neutron.service [req-1332bd0e-cdd8-419e-9422-656d1ee08d6e - - - - -] calling RpcWorker wait() _wait /var/lib/kolla/venv/lib/python3.6/site-packages/neutron/service.py:128
2025-10-30 02:12:13.994 29 DEBUG neutron.service [req-1332bd0e-cdd8-419e-9422-656d1ee08d6e - - - - -] calling wait on _wait /var/lib/kolla/venv/lib/python3.6/site-packages/neutron/service.py:131
2025-10-30 02:12:13.998 27 DEBUG oslo_concurrency.lockutils [req-1332bd0e-cdd8-419e-9422-656d1ee08d6e - - - - -] Acquired lock "singleton_lock" lock /var/lib/kolla/venv/lib/python3.6/site-packages/oslo_concurrency/lockutils.py:294
2025-10-30 02:12:14.002 27 DEBUG oslo_concurrency.lockutils [req-1332bd0e-cdd8-419e-9422-656d1ee08d6e - - - - -] Releasing lock "singleton_lock" lock /var/lib/kolla/venv/lib/python3.6/site-packages/oslo_concurrency/lockutils.py:312
2025-10-30 02:12:14.002 29 WARNING amqp [req-1332bd0e-cdd8-419e-9422-656d1ee08d6e - - - - -] Received method (60, 30) during closing channel 1. This method will be ignored
2025-10-30 02:12:14.003 27 DEBUG neutron.service [req-1332bd0e-cdd8-419e-9422-656d1ee08d6e - - - - -] calling RpcWorker wait() _wait /var/lib/kolla/venv/lib/python3.6/site-packages/neutron/service.py:128
2025-10-30 02:12:14.004 27 DEBUG neutron.service [req-1332bd0e-cdd8-419e-9422-656d1ee08d6e - - - - -] calling wait on _wait /var/lib/kolla/venv/lib/python3.6/site-packages/neutron/service.py:131
2025-10-30 02:12:14.006 25 DEBUG neutron.service [-] calling stop on stop /var/lib/kolla/venv/lib/python3.6/site-packages/neutron/service.py:141
2025-10-30 02:12:14.006 29 DEBUG neutron.service [req-1332bd0e-cdd8-419e-9422-656d1ee08d6e - - - - -] returning from RpcWorker wait() _wait /var/lib/kolla/venv/lib/python3.6/site-packages/neutron/service.py:135
2025-10-30 02:12:14.009 23 DEBUG neutron.service [-] calling stop on stop /var/lib/kolla/venv/lib/python3.6/site-packages/neutron/service.py:141
2025-10-30 02:12:14.010 27 WARNING amqp [req-1332bd0e-cdd8-419e-9422-656d1ee08d6e - - - - -] Received method (60, 30) during closing channel 1. This method will be ignored
2025-10-30 02:12:14.011 27 DEBUG neutron.service [req-1332bd0e-cdd8-419e-9422-656d1ee08d6e - - - - -] returning from RpcWorker wait() _wait /var/lib/kolla/venv/lib/python3.6/site-packages/neutron/service.py:135
2025-10-30 02:12:14.019 7 INFO oslo_service.service [-] Child 29 exited with status 0
2025-10-30 02:12:14.019 25 DEBUG oslo_concurrency.lockutils [req-1332bd0e-cdd8-419e-9422-656d1ee08d6e - - - - -] Acquired lock "singleton_lock" lock /var/lib/kolla/venv/lib/python3.6/site-packages/oslo_concurrency/lockutils.py:294
2025-10-30 02:12:14.019 7 INFO oslo_service.service [-] Child 27 exited with status 0
2025-10-30 02:12:14.019 25 DEBUG oslo_concurrency.lockutils [req-1332bd0e-cdd8-419e-9422-656d1ee08d6e - - - - -] Releasing lock "singleton_lock" lock /var/lib/kolla/venv/lib/python3.6/site-packages/oslo_concurrency/lockutils.py:312
2025-10-30 02:12:14.019 25 DEBUG neutron.service [req-1332bd0e-cdd8-419e-9422-656d1ee08d6e - - - - -] calling RpcWorker wait() _wait /var/lib/kolla/venv/lib/python3.6/site-packages/neutron/service.py:128
2025-10-30 02:12:14.019 25 DEBUG neutron.service [req-1332bd0e-cdd8-419e-9422-656d1ee08d6e - - - - -] calling wait on _wait /var/lib/kolla/venv/lib/python3.6/site-packages/neutron/service.py:131
2025-10-30 02:12:14.025 25 WARNING amqp [req-1332bd0e-cdd8-419e-9422-656d1ee08d6e - - - - -] Received method (60, 30) during closing channel 1. This method will be ignored
2025-10-30 02:12:14.026 25 DEBUG neutron.service [req-1332bd0e-cdd8-419e-9422-656d1ee08d6e - - - - -] calling wait on _wait /var/lib/kolla/venv/lib/python3.6/site-packages/neutron/service.py:131
2025-10-30 02:12:14.032 25 WARNING amqp [req-1332bd0e-cdd8-419e-9422-656d1ee08d6e - - - - -] Received method (60, 30) during closing channel 1. This method will be ignored
2025-10-30 02:12:14.033 25 DEBUG neutron.service [req-1332bd0e-cdd8-419e-9422-656d1ee08d6e - - - - -] calling wait on _wait /var/lib/kolla/venv/lib/python3.6/site-packages/neutron/service.py:131
2025-10-30 02:12:14.038 25 WARNING amqp [req-1332bd0e-cdd8-419e-9422-656d1ee08d6e - - - - -] Received method (60, 30) during closing channel 1. This method will be ignored
2025-10-30 02:12:14.040 25 DEBUG neutron.service [req-1332bd0e-cdd8-419e-9422-656d1ee08d6e - - - - -] calling wait on _wait /var/lib/kolla/venv/lib/python3.6/site-packages/neutron/service.py:131
2025-10-30 02:12:14.044 25 WARNING amqp [req-1332bd0e-cdd8-419e-9422-656d1ee08d6e - - - - -] Received method (60, 30) during closing channel 1. This method will be ignored
2025-10-30 02:12:14.046 25 DEBUG neutron.service [req-1332bd0e-cdd8-419e-9422-656d1ee08d6e - - - - -] returning from RpcWorker wait() _wait /var/lib/kolla/venv/lib/python3.6/site-packages/neutron/service.py:135
2025-10-30 02:12:14.051 7 INFO oslo_service.service [-] Child 25 exited with status 0
2025-10-30 02:12:14.510 24 DEBUG neutron.service [-] calling stop on stop /var/lib/kolla/venv/lib/python3.6/site-packages/neutron/service.py:141
2025-10-30 02:12:15.971 28 DEBUG oslo_concurrency.lockutils [req-1332bd0e-cdd8-419e-9422-656d1ee08d6e - - - - -] Acquired lock "singleton_lock" lock /var/lib/kolla/venv/lib/python3.6/site-packages/oslo_concurrency/lockutils.py:294
2025-10-30 02:12:15.972 28 DEBUG oslo_concurrency.lockutils [req-1332bd0e-cdd8-419e-9422-656d1ee08d6e - - - - -] Releasing lock "singleton_lock" lock /var/lib/kolla/venv/lib/python3.6/site-packages/oslo_concurrency/lockutils.py:312
2025-10-30 02:12:15.972 28 DEBUG neutron.service [req-1332bd0e-cdd8-419e-9422-656d1ee08d6e - - - - -] calling RpcWorker wait() _wait /var/lib/kolla/venv/lib/python3.6/site-packages/neutron/service.py:128
2025-10-30 02:12:15.972 28 DEBUG neutron.service [req-1332bd0e-cdd8-419e-9422-656d1ee08d6e - - - - -] calling wait on _wait /var/lib/kolla/venv/lib/python3.6/site-packages/neutron/service.py:131
2025-10-30 02:12:15.975 23 DEBUG neutron.service [-] calling stop on stop /var/lib/kolla/venv/lib/python3.6/site-packages/neutron/service.py:141
2025-10-30 02:12:15.979 28 WARNING amqp [req-1332bd0e-cdd8-419e-9422-656d1ee08d6e - - - - -] Received method (60, 30) during closing channel 1. This method will be ignored
2025-10-30 02:12:15.981 28 DEBUG neutron.service [req-1332bd0e-cdd8-419e-9422-656d1ee08d6e - - - - -] returning from RpcWorker wait() _wait /var/lib/kolla/venv/lib/python3.6/site-packages/neutron/service.py:135
2025-10-30 02:12:15.988 7 INFO oslo_service.service [-] Child 28 exited with status 0
2025-10-30 02:12:26.411 7 INFO neutron.common.config [-] Logging enabled!
2025-10-30 02:12:26.412 7 INFO neutron.common.config [-] /var/lib/kolla/venv/bin/neutron-server version 20.5.1.dev23
2025-10-30 02:12:26.412 7 DEBUG neutron.common.config [-] command line: /var/lib/kolla/venv/bin/neutron-server --config-file /etc/neutron/neutron.conf --config-file /etc/neutron/ContrailPlugin.ini --config-file /etc/neutron/api-paste.ini setup_logging /var/lib/kolla/venv/lib/python3.6/site-packages/neutron/common/config.py:115
2025-10-30 02:12:26.415 7 INFO neutron.common.config [-] Logging enabled!
2025-10-30 02:12:26.415 7 INFO neutron.common.config [-] /var/lib/kolla/venv/bin/neutron-server version 20.5.1.dev23
2025-10-30 02:12:26.415 7 DEBUG neutron.common.config [-] command line: /var/lib/kolla/venv/bin/neutron-server --config-file /etc/neutron/neutron.conf --config-file /etc/neutron/ContrailPlugin.ini --config-file /etc/neutron/api-paste.ini setup_logging /var/lib/kolla/venv/lib/python3.6/site-packages/neutron/common/config.py:115
2025-10-30 02:12:26.416 7 DEBUG neutron.common.config [-] ******************************************************************************** log_opt_values /var/lib/kolla/venv/lib/python3.6/site-packages/oslo_config/cfg.py:2589
2025-10-30 02:12:26.416 7 DEBUG neutron.common.config [-] Configuration options gathered from: log_opt_values /var/lib/kolla/venv/lib/python3.6/site-packages/oslo_config/cfg.py:2590
2025-10-30 02:12:26.416 7 DEBUG neutron.common.config [-] command line args: ['--config-file', '/etc/neutron/neutron.conf', '--config-file', '/etc/neutron/ContrailPlugin.ini', '--config-file', '/etc/neutron/api-paste.ini'] log_opt_values /var/lib/kolla/venv/lib/python3.6/site-packages/oslo_config/cfg.py:2591
2025-10-30 02:12:26.417 7 DEBUG neutron.common.config [-] config files: ['/etc/neutron/neutron.conf', '/etc/neutron/ContrailPlugin.ini', '/etc/neutron/api-paste.ini'] log_opt_values /var/lib/kolla/venv/lib/python3.6/site-packages/oslo_config/cfg.py:2593
2025-10-30 02:12:26.417 7 DEBUG neutron.common.config [-] ================================================================================ log_opt_values /var/lib/kolla/venv/lib/python3.6/site-packages/oslo_config/cfg.py:2594
2025-10-30 02:12:26.417 7 DEBUG neutron.common.config [-] allow_bulk = True log_opt_values /var/lib/kolla/venv/lib/python3.6/site-packages/oslo_config/cfg.py:2603
2025-10-30 02:12:26.417 7 WARNING oslo_config.cfg [-] Deprecated: Option "allow_overlapping_ips" from group "DEFAULT" is deprecated for removal. Its value may be silently ignored in the future.
2025-10-30 02:12:26.417 7 DEBUG neutron.common.config [-] allow_overlapping_ips = True log_opt_values /var/lib/kolla/venv/lib/python3.6/site-packages/oslo_config/cfg.py:2603
2025-10-30 02:12:26.417 7 DEBUG neutron.common.config [-] api_extensions_path = /opt/plugin/site-packages/neutron_plugin_contrail/extensions:/opt/plugin/site-packages/neutron_lbaas/extensions log_opt_values /var/lib/kolla/venv/lib/python3.6/site-packages/oslo_config/cfg.py:2603
2025-10-30 02:12:26.417 7 DEBUG neutron.common.config [-] api_paste_config = /etc/neutron/api-paste.ini log_opt_values /var/lib/kolla/venv/lib/python3.6/site-packages/oslo_config/cfg.py:2603
2025-10-30 02:12:26.418 7 DEBUG neutron.common.config [-] api_workers = 1 log_opt_values /var/lib/kolla/venv/lib/python3.6/site-packages/oslo_config/cfg.py:2603
2025-10-30 02:12:26.418 7 DEBUG neutron.common.config [-] auth_strategy = keystone log_opt_values /var/lib/kolla/venv/lib/python3.6/site-packages/oslo_config/cfg.py:2603
2025-10-30 02:12:26.418 7 DEBUG neutron.common.config [-] backlog = 4096 log_opt_values /var/lib/kolla/venv/lib/python3.6/site-packages/oslo_config/cfg.py:2603
2025-10-30 02:12:26.418 7 DEBUG neutron.common.config [-] base_mac = fa:16:3e:00:00:00 log_opt_values /var/lib/kolla/venv/lib/python3.6/site-packages/oslo_config/cfg.py:2603
2025-10-30 02:12:26.418 7 DEBUG neutron.common.config [-] bind_host = 10.0.0.33 log_opt_values /var/lib/kolla/venv/lib/python3.6/site-packages/oslo_config/cfg.py:2603
2025-10-30 02:12:26.418 7 DEBUG neutron.common.config [-] bind_port = 9696 log_opt_values /var/lib/kolla/venv/lib/python3.6/site-packages/oslo_config/cfg.py:2603
2025-10-30 02:12:26.418 7 DEBUG neutron.common.config [-] client_socket_timeout = 900 log_opt_values /var/lib/kolla/venv/lib/python3.6/site-packages/oslo_config/cfg.py:2603
2025-10-30 02:12:26.418 7 DEBUG neutron.common.config [-] config_dir = [] log_opt_values /var/lib/kolla/venv/lib/python3.6/site-packages/oslo_config/cfg.py:2603
2025-10-30 02:12:26.419 7 DEBUG neutron.common.config [-] config_file = ['/etc/neutron/neutron.conf', '/etc/neutron/ContrailPlugin.ini', '/etc/neutron/api-paste.ini'] log_opt_values /var/lib/kolla/venv/lib/python3.6/site-packages/oslo_config/cfg.py:2603
2025-10-30 02:12:26.419 7 DEBUG neutron.common.config [-] config_source = [] log_opt_values /var/lib/kolla/venv/lib/python3.6/site-packages/oslo_config/cfg.py:2603
2025-10-30 02:12:26.419 7 DEBUG neutron.common.config [-] control_exchange = neutron log_opt_values /var/lib/kolla/venv/lib/python3.6/site-packages/oslo_config/cfg.py:2603
2025-10-30 02:12:26.419 7 DEBUG neutron.common.config [-] core_plugin = neutron_plugin_contrail.plugins.opencontrail.contrail_plugin.NeutronPluginContrailCoreV2 log_opt_values /var/lib/kolla/venv/lib/python3.6/site-packages/oslo_config/cfg.py:2603
2025-10-30 02:12:26.419 7 DEBUG neutron.common.config [-] debug = True log_opt_values /var/lib/kolla/venv/lib/python3.6/site-packages/oslo_config/cfg.py:2603
2025-10-30 02:12:26.419 7 DEBUG neutron.common.config [-] default_availability_zones = [] log_opt_values /var/lib/kolla/venv/lib/python3.6/site-packages/oslo_config/cfg.py:2603
2025-10-30 02:12:26.419 7 DEBUG neutron.common.config [-] default_log_levels = ['amqp=WARN', 'amqplib=WARN', 'boto=WARN', 'qpid=WARN', 'sqlalchemy=WARN', 'suds=INFO', 'oslo.messaging=INFO', 'oslo_messaging=INFO', 'iso8601=WARN', 'requests.packages.urllib3.connectionpool=WARN', 'urllib3.connectionpool=WARN', 'websocket=WARN', 'requests.packages.urllib3.util.retry=WARN', 'urllib3.util.retry=WARN', 'keystonemiddleware=WARN', 'routes.middleware=WARN', 'stevedore=WARN', 'taskflow=WARN', 'keystoneauth=WARN', 'oslo.cache=INFO', 'oslo_policy=INFO', 'dogpile.core.dogpile=INFO', 'OFPHandler=INFO', 'OfctlService=INFO', 'os_ken.base.app_manager=INFO', 'os_ken.controller.controller=INFO'] log_opt_values /var/lib/kolla/venv/lib/python3.6/site-packages/oslo_config/cfg.py:2603
2025-10-30 02:12:26.419 7 DEBUG neutron.common.config [-] dhcp_agent_notification = True log_opt_values /var/lib/kolla/venv/lib/python3.6/site-packages/oslo_config/cfg.py:2603
2025-10-30 02:12:26.419 7 DEBUG neutron.common.config [-] dhcp_lease_duration = 86400 log_opt_values /var/lib/kolla/venv/lib/python3.6/site-packages/oslo_config/cfg.py:2603
2025-10-30 02:12:26.420 7 DEBUG neutron.common.config [-] dns_domain = openstacklocal log_opt_values /var/lib/kolla/venv/lib/python3.6/site-packages/oslo_config/cfg.py:2603
2025-10-30 02:12:26.420 7 DEBUG neutron.common.config [-] enable_traditional_dhcp = True log_opt_values /var/lib/kolla/venv/lib/python3.6/site-packages/oslo_config/cfg.py:2603
2025-10-30 02:12:26.420 7 DEBUG neutron.common.config [-] external_dns_driver = None log_opt_values /var/lib/kolla/venv/lib/python3.6/site-packages/oslo_config/cfg.py:2603
2025-10-30 02:12:26.420 7 DEBUG neutron.common.config [-] filter_validation = True log_opt_values /var/lib/kolla/venv/lib/python3.6/site-packages/oslo_config/cfg.py:2603
2025-10-30 02:12:26.420 7 DEBUG neutron.common.config [-] global_physnet_mtu = 1500 log_opt_values /var/lib/kolla/venv/lib/python3.6/site-packages/oslo_config/cfg.py:2603
2025-10-30 02:12:26.420 7 DEBUG neutron.common.config [-] host = cn-jenkins-deploy-platform-ansible-os-4534-1 log_opt_values /var/lib/kolla/venv/lib/python3.6/site-packages/oslo_config/cfg.py:2603
2025-10-30 02:12:26.420 7 DEBUG neutron.common.config [-] http_retries = 3 log_opt_values /var/lib/kolla/venv/lib/python3.6/site-packages/oslo_config/cfg.py:2603
2025-10-30 02:12:26.420 7 DEBUG neutron.common.config [-] instance_format = [instance: %(uuid)s] log_opt_values /var/lib/kolla/venv/lib/python3.6/site-packages/oslo_config/cfg.py:2603
2025-10-30 02:12:26.420 7 DEBUG neutron.common.config [-] instance_uuid_format = [instance: %(uuid)s] log_opt_values /var/lib/kolla/venv/lib/python3.6/site-packages/oslo_config/cfg.py:2603
2025-10-30 02:12:26.420 7 DEBUG neutron.common.config [-] ipam_driver = internal log_opt_values /var/lib/kolla/venv/lib/python3.6/site-packages/oslo_config/cfg.py:2603
2025-10-30 02:12:26.421 7 DEBUG neutron.common.config [-] ipv6_pd_enabled = False log_opt_values /var/lib/kolla/venv/lib/python3.6/site-packages/oslo_config/cfg.py:2603
2025-10-30 02:12:26.421 7 DEBUG neutron.common.config [-] log_config_append = None log_opt_values /var/lib/kolla/venv/lib/python3.6/site-packages/oslo_config/cfg.py:2603
2025-10-30 02:12:26.421 7 DEBUG neutron.common.config [-] log_date_format = %Y-%m-%d %H:%M:%S log_opt_values /var/lib/kolla/venv/lib/python3.6/site-packages/oslo_config/cfg.py:2603
2025-10-30 02:12:26.421 7 DEBUG neutron.common.config [-] log_dir = /var/log/kolla/neutron log_opt_values /var/lib/kolla/venv/lib/python3.6/site-packages/oslo_config/cfg.py:2603
2025-10-30 02:12:26.421 7 DEBUG neutron.common.config [-] log_file = None log_opt_values /var/lib/kolla/venv/lib/python3.6/site-packages/oslo_config/cfg.py:2603
2025-10-30 02:12:26.421 7 DEBUG neutron.common.config [-] log_rotate_interval = 1 log_opt_values /var/lib/kolla/venv/lib/python3.6/site-packages/oslo_config/cfg.py:2603
2025-10-30 02:12:26.421 7 DEBUG neutron.common.config [-] log_rotate_interval_type = days log_opt_values /var/lib/kolla/venv/lib/python3.6/site-packages/oslo_config/cfg.py:2603
