2025-10-27 00:41:41.920 128654 DEBUG oslo_service.service [req-6fed0a91-41df-4aed-95a4-d2fdeac6b1b7 - - - - -] shutdown_timeout = 60 log_opt_values /usr/lib/python3/dist-packages/oslo_config/cfg.py:2602
2025-10-27 00:41:41.920 128654 DEBUG oslo_service.service [req-6fed0a91-41df-4aed-95a4-d2fdeac6b1b7 - - - - -] source_is_ipv6 = False log_opt_values /usr/lib/python3/dist-packages/oslo_config/cfg.py:2602
2025-10-27 00:41:41.920 128654 DEBUG oslo_service.service [req-6fed0a91-41df-4aed-95a4-d2fdeac6b1b7 - - - - -] ssl_only = False log_opt_values /usr/lib/python3/dist-packages/oslo_config/cfg.py:2602
2025-10-27 00:41:41.920 128654 DEBUG oslo_service.service [req-6fed0a91-41df-4aed-95a4-d2fdeac6b1b7 - - - - -] state_path = /var/lib/nova log_opt_values /usr/lib/python3/dist-packages/oslo_config/cfg.py:2602
2025-10-27 00:41:41.921 128654 DEBUG oslo_service.service [req-6fed0a91-41df-4aed-95a4-d2fdeac6b1b7 - - - - -] sync_power_state_interval = 600 log_opt_values /usr/lib/python3/dist-packages/oslo_config/cfg.py:2602
2025-10-27 00:41:41.921 128654 DEBUG oslo_service.service [req-6fed0a91-41df-4aed-95a4-d2fdeac6b1b7 - - - - -] sync_power_state_pool_size = 1000 log_opt_values /usr/lib/python3/dist-packages/oslo_config/cfg.py:2602
2025-10-27 00:41:41.921 128654 DEBUG oslo_service.service [req-6fed0a91-41df-4aed-95a4-d2fdeac6b1b7 - - - - -] syslog_log_facility = LOG_USER log_opt_values /usr/lib/python3/dist-packages/oslo_config/cfg.py:2602
2025-10-27 00:41:41.921 128654 DEBUG oslo_service.service [req-6fed0a91-41df-4aed-95a4-d2fdeac6b1b7 - - - - -] tempdir = None log_opt_values /usr/lib/python3/dist-packages/oslo_config/cfg.py:2602
2025-10-27 00:41:41.921 128654 DEBUG oslo_service.service [req-6fed0a91-41df-4aed-95a4-d2fdeac6b1b7 - - - - -] timeout_nbd = 10 log_opt_values /usr/lib/python3/dist-packages/oslo_config/cfg.py:2602
2025-10-27 00:41:41.921 128654 DEBUG oslo_service.service [req-6fed0a91-41df-4aed-95a4-d2fdeac6b1b7 - - - - -] transport_url = **** log_opt_values /usr/lib/python3/dist-packages/oslo_config/cfg.py:2602
2025-10-27 00:41:41.922 128654 DEBUG oslo_service.service [req-6fed0a91-41df-4aed-95a4-d2fdeac6b1b7 - - - - -] update_resources_interval = 0 log_opt_values /usr/lib/python3/dist-packages/oslo_config/cfg.py:2602
2025-10-27 00:41:41.922 128654 DEBUG oslo_service.service [req-6fed0a91-41df-4aed-95a4-d2fdeac6b1b7 - - - - -] use_cow_images = True log_opt_values /usr/lib/python3/dist-packages/oslo_config/cfg.py:2602
2025-10-27 00:41:41.922 128654 DEBUG oslo_service.service [req-6fed0a91-41df-4aed-95a4-d2fdeac6b1b7 - - - - -] use_eventlog = False log_opt_values /usr/lib/python3/dist-packages/oslo_config/cfg.py:2602
2025-10-27 00:41:41.922 128654 DEBUG oslo_service.service [req-6fed0a91-41df-4aed-95a4-d2fdeac6b1b7 - - - - -] use_journal = False log_opt_values /usr/lib/python3/dist-packages/oslo_config/cfg.py:2602
2025-10-27 00:41:41.922 128654 DEBUG oslo_service.service [req-6fed0a91-41df-4aed-95a4-d2fdeac6b1b7 - - - - -] use_json = False log_opt_values /usr/lib/python3/dist-packages/oslo_config/cfg.py:2602
2025-10-27 00:41:41.922 128654 DEBUG oslo_service.service [req-6fed0a91-41df-4aed-95a4-d2fdeac6b1b7 - - - - -] use_rootwrap_daemon = False log_opt_values /usr/lib/python3/dist-packages/oslo_config/cfg.py:2602
2025-10-27 00:41:41.922 128654 DEBUG oslo_service.service [req-6fed0a91-41df-4aed-95a4-d2fdeac6b1b7 - - - - -] use_stderr = False log_opt_values /usr/lib/python3/dist-packages/oslo_config/cfg.py:2602
2025-10-27 00:41:41.922 129053 DEBUG oslo_db.sqlalchemy.engines [req-0e71c38f-2bc7-4bee-a238-b05c4416860b - - - - -] MySQL server mode set to STRICT_TRANS_TABLES,STRICT_ALL_TABLES,NO_ZERO_IN_DATE,NO_ZERO_DATE,ERROR_FOR_DIVISION_BY_ZERO,TRADITIONAL,NO_ENGINE_SUBSTITUTION _check_effective_sql_mode /usr/lib/python3/dist-packages/oslo_db/sqlalchemy/engines.py:314
2025-10-27 00:41:41.923 128654 DEBUG oslo_service.service [req-6fed0a91-41df-4aed-95a4-d2fdeac6b1b7 - - - - -] use_syslog = False log_opt_values /usr/lib/python3/dist-packages/oslo_config/cfg.py:2602
2025-10-27 00:41:41.923 128654 DEBUG oslo_service.service [req-6fed0a91-41df-4aed-95a4-d2fdeac6b1b7 - - - - -] vcpu_pin_set = None log_opt_values /usr/lib/python3/dist-packages/oslo_config/cfg.py:2602
2025-10-27 00:41:41.923 128654 DEBUG oslo_service.service [req-6fed0a91-41df-4aed-95a4-d2fdeac6b1b7 - - - - -] vif_plugging_is_fatal = True log_opt_values /usr/lib/python3/dist-packages/oslo_config/cfg.py:2602
2025-10-27 00:41:41.924 128654 DEBUG oslo_service.service [req-6fed0a91-41df-4aed-95a4-d2fdeac6b1b7 - - - - -] vif_plugging_timeout = 300 log_opt_values /usr/lib/python3/dist-packages/oslo_config/cfg.py:2602
2025-10-27 00:41:41.926 128654 DEBUG oslo_service.service [req-6fed0a91-41df-4aed-95a4-d2fdeac6b1b7 - - - - -] virt_mkfs = [] log_opt_values /usr/lib/python3/dist-packages/oslo_config/cfg.py:2602
2025-10-27 00:41:41.926 128654 DEBUG oslo_service.service [req-6fed0a91-41df-4aed-95a4-d2fdeac6b1b7 - - - - -] volume_usage_poll_interval = 0 log_opt_values /usr/lib/python3/dist-packages/oslo_config/cfg.py:2602
2025-10-27 00:41:41.927 128654 DEBUG oslo_service.service [req-6fed0a91-41df-4aed-95a4-d2fdeac6b1b7 - - - - -] watch_log_file = False log_opt_values /usr/lib/python3/dist-packages/oslo_config/cfg.py:2602
2025-10-27 00:41:41.927 128654 DEBUG oslo_service.service [req-6fed0a91-41df-4aed-95a4-d2fdeac6b1b7 - - - - -] web = /usr/share/spice-html5 log_opt_values /usr/lib/python3/dist-packages/oslo_config/cfg.py:2602
2025-10-27 00:41:41.928 128654 DEBUG oslo_service.service [req-6fed0a91-41df-4aed-95a4-d2fdeac6b1b7 - - - - -] oslo_concurrency.disable_process_locking = False log_opt_values /usr/lib/python3/dist-packages/oslo_config/cfg.py:2609
2025-10-27 00:41:41.929 128654 DEBUG oslo_service.service [req-6fed0a91-41df-4aed-95a4-d2fdeac6b1b7 - - - - -] oslo_concurrency.lock_path = /var/lock/nova log_opt_values /usr/lib/python3/dist-packages/oslo_config/cfg.py:2609
2025-10-27 00:41:41.929 128654 DEBUG oslo_service.service [req-6fed0a91-41df-4aed-95a4-d2fdeac6b1b7 - - - - -] oslo_messaging_metrics.metrics_buffer_size = 1000 log_opt_values /usr/lib/python3/dist-packages/oslo_config/cfg.py:2609
2025-10-27 00:41:41.930 128654 DEBUG oslo_service.service [req-6fed0a91-41df-4aed-95a4-d2fdeac6b1b7 - - - - -] oslo_messaging_metrics.metrics_enabled = False log_opt_values /usr/lib/python3/dist-packages/oslo_config/cfg.py:2609
2025-10-27 00:41:41.930 128654 DEBUG oslo_service.service [req-6fed0a91-41df-4aed-95a4-d2fdeac6b1b7 - - - - -] oslo_messaging_metrics.metrics_process_name = log_opt_values /usr/lib/python3/dist-packages/oslo_config/cfg.py:2609
2025-10-27 00:41:41.930 128654 DEBUG oslo_service.service [req-6fed0a91-41df-4aed-95a4-d2fdeac6b1b7 - - - - -] oslo_messaging_metrics.metrics_socket_file = /var/tmp/metrics_collector.sock log_opt_values /usr/lib/python3/dist-packages/oslo_config/cfg.py:2609
2025-10-27 00:41:41.930 128654 DEBUG oslo_service.service [req-6fed0a91-41df-4aed-95a4-d2fdeac6b1b7 - - - - -] oslo_messaging_metrics.metrics_thread_stop_timeout = 10 log_opt_values /usr/lib/python3/dist-packages/oslo_config/cfg.py:2609
2025-10-27 00:41:41.931 128654 WARNING oslo_config.cfg [req-6fed0a91-41df-4aed-95a4-d2fdeac6b1b7 - - - - -] Deprecated: Option "auth_strategy" from group "api" is deprecated for removal ( The only non-default choice, ``noauth2``, is for internal development and testing purposes only and should not be used in deployments. This option and its middleware, NoAuthMiddleware[V2_18], will be removed in a future release. ). Its value may be silently ignored in the future.
2025-10-27 00:41:41.932 128654 DEBUG oslo_service.service [req-6fed0a91-41df-4aed-95a4-d2fdeac6b1b7 - - - - -] api.auth_strategy = keystone log_opt_values /usr/lib/python3/dist-packages/oslo_config/cfg.py:2609
2025-10-27 00:41:41.932 128654 DEBUG oslo_service.service [req-6fed0a91-41df-4aed-95a4-d2fdeac6b1b7 - - - - -] api.compute_link_prefix = None log_opt_values /usr/lib/python3/dist-packages/oslo_config/cfg.py:2609
2025-10-27 00:41:41.933 128654 DEBUG oslo_service.service [req-6fed0a91-41df-4aed-95a4-d2fdeac6b1b7 - - - - -] api.config_drive_skip_versions = 1.0 2007-01-19 2007-03-01 2007-08-29 2007-10-10 2007-12-15 2008-02-01 2008-09-01 log_opt_values /usr/lib/python3/dist-packages/oslo_config/cfg.py:2609
2025-10-27 00:41:41.933 128654 DEBUG oslo_service.service [req-6fed0a91-41df-4aed-95a4-d2fdeac6b1b7 - - - - -] api.dhcp_domain = novalocal log_opt_values /usr/lib/python3/dist-packages/oslo_config/cfg.py:2609
2025-10-27 00:41:41.934 128654 DEBUG oslo_service.service [req-6fed0a91-41df-4aed-95a4-d2fdeac6b1b7 - - - - -] api.enable_instance_password = True log_opt_values /usr/lib/python3/dist-packages/oslo_config/cfg.py:2609
2025-10-27 00:41:41.934 128654 DEBUG oslo_service.service [req-6fed0a91-41df-4aed-95a4-d2fdeac6b1b7 - - - - -] api.glance_link_prefix = None log_opt_values /usr/lib/python3/dist-packages/oslo_config/cfg.py:2609
2025-10-27 00:41:41.935 128654 DEBUG oslo_service.service [req-6fed0a91-41df-4aed-95a4-d2fdeac6b1b7 - - - - -] api.instance_list_cells_batch_fixed_size = 100 log_opt_values /usr/lib/python3/dist-packages/oslo_config/cfg.py:2609
2025-10-27 00:41:41.935 128654 DEBUG oslo_service.service [req-6fed0a91-41df-4aed-95a4-d2fdeac6b1b7 - - - - -] api.instance_list_cells_batch_strategy = distributed log_opt_values /usr/lib/python3/dist-packages/oslo_config/cfg.py:2609
2025-10-27 00:41:41.935 128654 DEBUG oslo_service.service [req-6fed0a91-41df-4aed-95a4-d2fdeac6b1b7 - - - - -] api.instance_list_per_project_cells = False log_opt_values /usr/lib/python3/dist-packages/oslo_config/cfg.py:2609
2025-10-27 00:41:41.935 129051 DEBUG nova.service [req-0e09b8e7-7299-45a6-b892-4eff2b853ab2 - - - - -] Creating RPC server for service conductor start /usr/lib/python3/dist-packages/nova/service.py:182
2025-10-27 00:41:41.936 128654 DEBUG oslo_service.service [req-6fed0a91-41df-4aed-95a4-d2fdeac6b1b7 - - - - -] api.list_records_by_skipping_down_cells = True log_opt_values /usr/lib/python3/dist-packages/oslo_config/cfg.py:2609
2025-10-27 00:41:41.936 128654 DEBUG oslo_service.service [req-6fed0a91-41df-4aed-95a4-d2fdeac6b1b7 - - - - -] api.local_metadata_per_cell = False log_opt_values /usr/lib/python3/dist-packages/oslo_config/cfg.py:2609
2025-10-27 00:41:41.936 128654 DEBUG oslo_service.service [req-6fed0a91-41df-4aed-95a4-d2fdeac6b1b7 - - - - -] api.max_limit = 1000 log_opt_values /usr/lib/python3/dist-packages/oslo_config/cfg.py:2609
2025-10-27 00:41:41.936 128654 DEBUG oslo_service.service [req-6fed0a91-41df-4aed-95a4-d2fdeac6b1b7 - - - - -] api.metadata_cache_expiration = 15 log_opt_values /usr/lib/python3/dist-packages/oslo_config/cfg.py:2609
2025-10-27 00:41:41.936 128654 DEBUG oslo_service.service [req-6fed0a91-41df-4aed-95a4-d2fdeac6b1b7 - - - - -] api.neutron_default_tenant_id = default log_opt_values /usr/lib/python3/dist-packages/oslo_config/cfg.py:2609
2025-10-27 00:41:41.937 128654 DEBUG oslo_service.service [req-6fed0a91-41df-4aed-95a4-d2fdeac6b1b7 - - - - -] api.use_forwarded_for = False log_opt_values /usr/lib/python3/dist-packages/oslo_config/cfg.py:2609
2025-10-27 00:41:41.937 128654 DEBUG oslo_service.service [req-6fed0a91-41df-4aed-95a4-d2fdeac6b1b7 - - - - -] api.use_neutron_default_nets = False log_opt_values /usr/lib/python3/dist-packages/oslo_config/cfg.py:2609
2025-10-27 00:41:41.937 128654 DEBUG oslo_service.service [req-6fed0a91-41df-4aed-95a4-d2fdeac6b1b7 - - - - -] api.vendordata_dynamic_connect_timeout = 5 log_opt_values /usr/lib/python3/dist-packages/oslo_config/cfg.py:2609
2025-10-27 00:41:41.938 128654 DEBUG oslo_service.service [req-6fed0a91-41df-4aed-95a4-d2fdeac6b1b7 - - - - -] api.vendordata_dynamic_failure_fatal = False log_opt_values /usr/lib/python3/dist-packages/oslo_config/cfg.py:2609
2025-10-27 00:41:41.938 128654 DEBUG oslo_service.service [req-6fed0a91-41df-4aed-95a4-d2fdeac6b1b7 - - - - -] api.vendordata_dynamic_read_timeout = 5 log_opt_values /usr/lib/python3/dist-packages/oslo_config/cfg.py:2609
2025-10-27 00:41:41.938 128654 DEBUG oslo_service.service [req-6fed0a91-41df-4aed-95a4-d2fdeac6b1b7 - - - - -] api.vendordata_dynamic_ssl_certfile = log_opt_values /usr/lib/python3/dist-packages/oslo_config/cfg.py:2609
2025-10-27 00:41:41.938 128654 DEBUG oslo_service.service [req-6fed0a91-41df-4aed-95a4-d2fdeac6b1b7 - - - - -] api.vendordata_dynamic_targets = [] log_opt_values /usr/lib/python3/dist-packages/oslo_config/cfg.py:2609
2025-10-27 00:41:41.938 128654 DEBUG oslo_service.service [req-6fed0a91-41df-4aed-95a4-d2fdeac6b1b7 - - - - -] api.vendordata_jsonfile_path = None log_opt_values /usr/lib/python3/dist-packages/oslo_config/cfg.py:2609
2025-10-27 00:41:41.939 128654 DEBUG oslo_service.service [req-6fed0a91-41df-4aed-95a4-d2fdeac6b1b7 - - - - -] api.vendordata_providers = ['StaticJSON'] log_opt_values /usr/lib/python3/dist-packages/oslo_config/cfg.py:2609
2025-10-27 00:41:41.939 128654 DEBUG oslo_service.service [req-6fed0a91-41df-4aed-95a4-d2fdeac6b1b7 - - - - -] cache.backend = dogpile.cache.null log_opt_values /usr/lib/python3/dist-packages/oslo_config/cfg.py:2609
2025-10-27 00:41:41.939 128654 DEBUG oslo_service.service [req-6fed0a91-41df-4aed-95a4-d2fdeac6b1b7 - - - - -] cache.backend_argument = **** log_opt_values /usr/lib/python3/dist-packages/oslo_config/cfg.py:2609
2025-10-27 00:41:41.939 128654 DEBUG oslo_service.service [req-6fed0a91-41df-4aed-95a4-d2fdeac6b1b7 - - - - -] cache.config_prefix = cache.oslo log_opt_values /usr/lib/python3/dist-packages/oslo_config/cfg.py:2609
2025-10-27 00:41:41.939 128654 DEBUG oslo_service.service [req-6fed0a91-41df-4aed-95a4-d2fdeac6b1b7 - - - - -] cache.debug_cache_backend = False log_opt_values /usr/lib/python3/dist-packages/oslo_config/cfg.py:2609
2025-10-27 00:41:41.940 128654 DEBUG oslo_service.service [req-6fed0a91-41df-4aed-95a4-d2fdeac6b1b7 - - - - -] cache.enabled = False log_opt_values /usr/lib/python3/dist-packages/oslo_config/cfg.py:2609
2025-10-27 00:41:41.940 128654 DEBUG oslo_service.service [req-6fed0a91-41df-4aed-95a4-d2fdeac6b1b7 - - - - -] cache.expiration_time = 600 log_opt_values /usr/lib/python3/dist-packages/oslo_config/cfg.py:2609
2025-10-27 00:41:41.940 128654 DEBUG oslo_service.service [req-6fed0a91-41df-4aed-95a4-d2fdeac6b1b7 - - - - -] cache.memcache_dead_retry = 300 log_opt_values /usr/lib/python3/dist-packages/oslo_config/cfg.py:2609
2025-10-27 00:41:41.940 128654 DEBUG oslo_service.service [req-6fed0a91-41df-4aed-95a4-d2fdeac6b1b7 - - - - -] cache.memcache_pool_connection_get_timeout = 10 log_opt_values /usr/lib/python3/dist-packages/oslo_config/cfg.py:2609
2025-10-27 00:41:41.941 128654 DEBUG oslo_service.service [req-6fed0a91-41df-4aed-95a4-d2fdeac6b1b7 - - - - -] cache.memcache_pool_flush_on_reconnect = False log_opt_values /usr/lib/python3/dist-packages/oslo_config/cfg.py:2609
2025-10-27 00:41:41.941 128654 DEBUG oslo_service.service [req-6fed0a91-41df-4aed-95a4-d2fdeac6b1b7 - - - - -] cache.memcache_pool_maxsize = 10 log_opt_values /usr/lib/python3/dist-packages/oslo_config/cfg.py:2609
2025-10-27 00:41:41.941 128654 DEBUG oslo_service.service [req-6fed0a91-41df-4aed-95a4-d2fdeac6b1b7 - - - - -] cache.memcache_pool_unused_timeout = 60 log_opt_values /usr/lib/python3/dist-packages/oslo_config/cfg.py:2609
2025-10-27 00:41:41.941 128654 DEBUG oslo_service.service [req-6fed0a91-41df-4aed-95a4-d2fdeac6b1b7 - - - - -] cache.memcache_servers = ['localhost:11211'] log_opt_values /usr/lib/python3/dist-packages/oslo_config/cfg.py:2609
2025-10-27 00:41:41.942 128654 DEBUG oslo_service.service [req-6fed0a91-41df-4aed-95a4-d2fdeac6b1b7 - - - - -] cache.memcache_socket_timeout = 1.0 log_opt_values /usr/lib/python3/dist-packages/oslo_config/cfg.py:2609
2025-10-27 00:41:41.942 128654 DEBUG oslo_service.service [req-6fed0a91-41df-4aed-95a4-d2fdeac6b1b7 - - - - -] cache.proxies = [] log_opt_values /usr/lib/python3/dist-packages/oslo_config/cfg.py:2609
2025-10-27 00:41:41.942 128654 DEBUG oslo_service.service [req-6fed0a91-41df-4aed-95a4-d2fdeac6b1b7 - - - - -] cache.tls_allowed_ciphers = None log_opt_values /usr/lib/python3/dist-packages/oslo_config/cfg.py:2609
2025-10-27 00:41:41.942 128654 DEBUG oslo_service.service [req-6fed0a91-41df-4aed-95a4-d2fdeac6b1b7 - - - - -] cache.tls_cafile = None log_opt_values /usr/lib/python3/dist-packages/oslo_config/cfg.py:2609
2025-10-27 00:41:41.943 128654 DEBUG oslo_service.service [req-6fed0a91-41df-4aed-95a4-d2fdeac6b1b7 - - - - -] cache.tls_certfile = None log_opt_values /usr/lib/python3/dist-packages/oslo_config/cfg.py:2609
2025-10-27 00:41:41.943 128654 DEBUG oslo_service.service [req-6fed0a91-41df-4aed-95a4-d2fdeac6b1b7 - - - - -] cache.tls_enabled = False log_opt_values /usr/lib/python3/dist-packages/oslo_config/cfg.py:2609
2025-10-27 00:41:41.943 128654 DEBUG oslo_service.service [req-6fed0a91-41df-4aed-95a4-d2fdeac6b1b7 - - - - -] cache.tls_keyfile = None log_opt_values /usr/lib/python3/dist-packages/oslo_config/cfg.py:2609
2025-10-27 00:41:41.943 128654 DEBUG oslo_service.service [req-6fed0a91-41df-4aed-95a4-d2fdeac6b1b7 - - - - -] cinder.auth_section = None log_opt_values /usr/lib/python3/dist-packages/oslo_config/cfg.py:2609
2025-10-27 00:41:41.944 128654 DEBUG oslo_service.service [req-6fed0a91-41df-4aed-95a4-d2fdeac6b1b7 - - - - -] cinder.auth_type = None log_opt_values /usr/lib/python3/dist-packages/oslo_config/cfg.py:2609
2025-10-27 00:41:41.943 129053 DEBUG nova.service [req-0e71c38f-2bc7-4bee-a238-b05c4416860b - - - - -] Creating RPC server for service conductor start /usr/lib/python3/dist-packages/nova/service.py:182
2025-10-27 00:41:41.944 128654 DEBUG oslo_service.service [req-6fed0a91-41df-4aed-95a4-d2fdeac6b1b7 - - - - -] cinder.cafile = None log_opt_values /usr/lib/python3/dist-packages/oslo_config/cfg.py:2609
2025-10-27 00:41:41.945 128654 DEBUG oslo_service.service [req-6fed0a91-41df-4aed-95a4-d2fdeac6b1b7 - - - - -] cinder.catalog_info = volumev3::publicURL log_opt_values /usr/lib/python3/dist-packages/oslo_config/cfg.py:2609
2025-10-27 00:41:41.945 128654 DEBUG oslo_service.service [req-6fed0a91-41df-4aed-95a4-d2fdeac6b1b7 - - - - -] cinder.certfile = None log_opt_values /usr/lib/python3/dist-packages/oslo_config/cfg.py:2609
2025-10-27 00:41:41.946 128654 DEBUG oslo_service.service [req-6fed0a91-41df-4aed-95a4-d2fdeac6b1b7 - - - - -] cinder.collect_timing = False log_opt_values /usr/lib/python3/dist-packages/oslo_config/cfg.py:2609
2025-10-27 00:41:41.947 128654 DEBUG oslo_service.service [req-6fed0a91-41df-4aed-95a4-d2fdeac6b1b7 - - - - -] cinder.cross_az_attach = True log_opt_values /usr/lib/python3/dist-packages/oslo_config/cfg.py:2609
2025-10-27 00:41:41.947 128654 DEBUG oslo_service.service [req-6fed0a91-41df-4aed-95a4-d2fdeac6b1b7 - - - - -] cinder.debug = False log_opt_values /usr/lib/python3/dist-packages/oslo_config/cfg.py:2609
2025-10-27 00:41:41.947 128654 DEBUG oslo_service.service [req-6fed0a91-41df-4aed-95a4-d2fdeac6b1b7 - - - - -] cinder.endpoint_template = None log_opt_values /usr/lib/python3/dist-packages/oslo_config/cfg.py:2609
2025-10-27 00:41:41.947 128654 DEBUG oslo_service.service [req-6fed0a91-41df-4aed-95a4-d2fdeac6b1b7 - - - - -] cinder.http_retries = 3 log_opt_values /usr/lib/python3/dist-packages/oslo_config/cfg.py:2609
2025-10-27 00:41:41.947 128654 DEBUG oslo_service.service [req-6fed0a91-41df-4aed-95a4-d2fdeac6b1b7 - - - - -] cinder.insecure = False log_opt_values /usr/lib/python3/dist-packages/oslo_config/cfg.py:2609
2025-10-27 00:41:41.948 128654 DEBUG oslo_service.service [req-6fed0a91-41df-4aed-95a4-d2fdeac6b1b7 - - - - -] cinder.keyfile = None log_opt_values /usr/lib/python3/dist-packages/oslo_config/cfg.py:2609
2025-10-27 00:41:41.948 128654 DEBUG oslo_service.service [req-6fed0a91-41df-4aed-95a4-d2fdeac6b1b7 - - - - -] cinder.os_region_name = None log_opt_values /usr/lib/python3/dist-packages/oslo_config/cfg.py:2609
2025-10-27 00:41:41.949 128654 DEBUG oslo_service.service [req-6fed0a91-41df-4aed-95a4-d2fdeac6b1b7 - - - - -] cinder.split_loggers = False log_opt_values /usr/lib/python3/dist-packages/oslo_config/cfg.py:2609
2025-10-27 00:41:41.949 128654 DEBUG oslo_service.service [req-6fed0a91-41df-4aed-95a4-d2fdeac6b1b7 - - - - -] cinder.timeout = None log_opt_values /usr/lib/python3/dist-packages/oslo_config/cfg.py:2609
2025-10-27 00:41:41.949 128654 DEBUG oslo_service.service [req-6fed0a91-41df-4aed-95a4-d2fdeac6b1b7 - - - - -] compute.consecutive_build_service_disable_threshold = 10 log_opt_values /usr/lib/python3/dist-packages/oslo_config/cfg.py:2609
2025-10-27 00:41:41.949 128654 DEBUG oslo_service.service [req-6fed0a91-41df-4aed-95a4-d2fdeac6b1b7 - - - - -] compute.cpu_dedicated_set = None log_opt_values /usr/lib/python3/dist-packages/oslo_config/cfg.py:2609
2025-10-27 00:41:41.949 128654 DEBUG oslo_service.service [req-6fed0a91-41df-4aed-95a4-d2fdeac6b1b7 - - - - -] compute.cpu_shared_set = None log_opt_values /usr/lib/python3/dist-packages/oslo_config/cfg.py:2609
2025-10-27 00:41:41.949 128654 DEBUG oslo_service.service [req-6fed0a91-41df-4aed-95a4-d2fdeac6b1b7 - - - - -] compute.image_type_exclude_list = [] log_opt_values /usr/lib/python3/dist-packages/oslo_config/cfg.py:2609
2025-10-27 00:41:41.950 128654 DEBUG oslo_service.service [req-6fed0a91-41df-4aed-95a4-d2fdeac6b1b7 - - - - -] compute.live_migration_wait_for_vif_plug = True log_opt_values /usr/lib/python3/dist-packages/oslo_config/cfg.py:2609
2025-10-27 00:41:41.950 128654 DEBUG oslo_service.service [req-6fed0a91-41df-4aed-95a4-d2fdeac6b1b7 - - - - -] compute.max_concurrent_disk_ops = 0 log_opt_values /usr/lib/python3/dist-packages/oslo_config/cfg.py:2609
2025-10-27 00:41:41.950 128654 DEBUG oslo_service.service [req-6fed0a91-41df-4aed-95a4-d2fdeac6b1b7 - - - - -] compute.max_disk_devices_to_attach = -1 log_opt_values /usr/lib/python3/dist-packages/oslo_config/cfg.py:2609
2025-10-27 00:41:41.950 128654 DEBUG oslo_service.service [req-6fed0a91-41df-4aed-95a4-d2fdeac6b1b7 - - - - -] compute.packing_host_numa_cells_allocation_strategy = True log_opt_values /usr/lib/python3/dist-packages/oslo_config/cfg.py:2609
2025-10-27 00:41:41.950 128654 DEBUG oslo_service.service [req-6fed0a91-41df-4aed-95a4-d2fdeac6b1b7 - - - - -] compute.provider_config_location = /etc/nova/provider_config/ log_opt_values /usr/lib/python3/dist-packages/oslo_config/cfg.py:2609
2025-10-27 00:41:41.951 128654 DEBUG oslo_service.service [req-6fed0a91-41df-4aed-95a4-d2fdeac6b1b7 - - - - -] compute.resource_provider_association_refresh = 300 log_opt_values /usr/lib/python3/dist-packages/oslo_config/cfg.py:2609
2025-10-27 00:41:41.951 128654 DEBUG oslo_service.service [req-6fed0a91-41df-4aed-95a4-d2fdeac6b1b7 - - - - -] compute.shutdown_retry_interval = 10 log_opt_values /usr/lib/python3/dist-packages/oslo_config/cfg.py:2609
2025-10-27 00:41:41.951 128654 DEBUG oslo_service.service [req-6fed0a91-41df-4aed-95a4-d2fdeac6b1b7 - - - - -] compute.vmdk_allowed_types = ['streamOptimized', 'monolithicSparse'] log_opt_values /usr/lib/python3/dist-packages/oslo_config/cfg.py:2609
2025-10-27 00:41:41.951 128654 DEBUG oslo_service.service [req-6fed0a91-41df-4aed-95a4-d2fdeac6b1b7 - - - - -] conductor.workers = 4 log_opt_values /usr/lib/python3/dist-packages/oslo_config/cfg.py:2609
2025-10-27 00:41:41.952 128654 DEBUG oslo_service.service [req-6fed0a91-41df-4aed-95a4-d2fdeac6b1b7 - - - - -] console.allowed_origins = [] log_opt_values /usr/lib/python3/dist-packages/oslo_config/cfg.py:2609
2025-10-27 00:41:41.953 128654 DEBUG oslo_service.service [req-6fed0a91-41df-4aed-95a4-d2fdeac6b1b7 - - - - -] console.ssl_ciphers = None log_opt_values /usr/lib/python3/dist-packages/oslo_config/cfg.py:2609
2025-10-27 00:41:41.953 128654 DEBUG oslo_service.service [req-6fed0a91-41df-4aed-95a4-d2fdeac6b1b7 - - - - -] console.ssl_minimum_version = default log_opt_values /usr/lib/python3/dist-packages/oslo_config/cfg.py:2609
2025-10-27 00:41:41.953 128654 DEBUG oslo_service.service [req-6fed0a91-41df-4aed-95a4-d2fdeac6b1b7 - - - - -] consoleauth.token_ttl = 600 log_opt_values /usr/lib/python3/dist-packages/oslo_config/cfg.py:2609
2025-10-27 00:41:41.954 128654 DEBUG oslo_service.service [req-6fed0a91-41df-4aed-95a4-d2fdeac6b1b7 - - - - -] cyborg.cafile = None log_opt_values /usr/lib/python3/dist-packages/oslo_config/cfg.py:2609
2025-10-27 00:41:41.954 129054 DEBUG nova.service [req-af30e405-c764-4b9b-9f5e-4221cd115f84 - - - - -] Creating RPC server for service conductor start /usr/lib/python3/dist-packages/nova/service.py:182
2025-10-27 00:41:41.955 128654 DEBUG oslo_service.service [req-6fed0a91-41df-4aed-95a4-d2fdeac6b1b7 - - - - -] cyborg.certfile = None log_opt_values /usr/lib/python3/dist-packages/oslo_config/cfg.py:2609
2025-10-27 00:41:41.955 128654 DEBUG oslo_service.service [req-6fed0a91-41df-4aed-95a4-d2fdeac6b1b7 - - - - -] cyborg.collect_timing = False log_opt_values /usr/lib/python3/dist-packages/oslo_config/cfg.py:2609
2025-10-27 00:41:41.955 128654 DEBUG oslo_service.service [req-6fed0a91-41df-4aed-95a4-d2fdeac6b1b7 - - - - -] cyborg.connect_retries = None log_opt_values /usr/lib/python3/dist-packages/oslo_config/cfg.py:2609
2025-10-27 00:41:41.956 128654 DEBUG oslo_service.service [req-6fed0a91-41df-4aed-95a4-d2fdeac6b1b7 - - - - -] cyborg.connect_retry_delay = None log_opt_values /usr/lib/python3/dist-packages/oslo_config/cfg.py:2609
2025-10-27 00:41:41.956 129052 DEBUG nova.service [req-c7065b88-ba83-48a0-bfb1-fbd335ca3214 - - - - -] Creating RPC server for service conductor start /usr/lib/python3/dist-packages/nova/service.py:182
2025-10-27 00:41:41.957 128654 DEBUG oslo_service.service [req-6fed0a91-41df-4aed-95a4-d2fdeac6b1b7 - - - - -] cyborg.endpoint_override = None log_opt_values /usr/lib/python3/dist-packages/oslo_config/cfg.py:2609
2025-10-27 00:41:41.958 128654 DEBUG oslo_service.service [req-6fed0a91-41df-4aed-95a4-d2fdeac6b1b7 - - - - -] cyborg.insecure = False log_opt_values /usr/lib/python3/dist-packages/oslo_config/cfg.py:2609
2025-10-27 00:41:41.959 128654 DEBUG oslo_service.service [req-6fed0a91-41df-4aed-95a4-d2fdeac6b1b7 - - - - -] cyborg.keyfile = None log_opt_values /usr/lib/python3/dist-packages/oslo_config/cfg.py:2609
2025-10-27 00:41:41.959 128654 DEBUG oslo_service.service [req-6fed0a91-41df-4aed-95a4-d2fdeac6b1b7 - - - - -] cyborg.max_version = None log_opt_values /usr/lib/python3/dist-packages/oslo_config/cfg.py:2609
2025-10-27 00:41:41.959 128654 DEBUG oslo_service.service [req-6fed0a91-41df-4aed-95a4-d2fdeac6b1b7 - - - - -] cyborg.min_version = None log_opt_values /usr/lib/python3/dist-packages/oslo_config/cfg.py:2609
2025-10-27 00:41:41.959 128654 DEBUG oslo_service.service [req-6fed0a91-41df-4aed-95a4-d2fdeac6b1b7 - - - - -] cyborg.region_name = None log_opt_values /usr/lib/python3/dist-packages/oslo_config/cfg.py:2609
2025-10-27 00:41:41.960 128654 DEBUG oslo_service.service [req-6fed0a91-41df-4aed-95a4-d2fdeac6b1b7 - - - - -] cyborg.service_name = None log_opt_values /usr/lib/python3/dist-packages/oslo_config/cfg.py:2609
2025-10-27 00:41:41.960 128654 DEBUG oslo_service.service [req-6fed0a91-41df-4aed-95a4-d2fdeac6b1b7 - - - - -] cyborg.service_type = accelerator log_opt_values /usr/lib/python3/dist-packages/oslo_config/cfg.py:2609
2025-10-27 00:41:41.961 128654 DEBUG oslo_service.service [req-6fed0a91-41df-4aed-95a4-d2fdeac6b1b7 - - - - -] cyborg.split_loggers = False log_opt_values /usr/lib/python3/dist-packages/oslo_config/cfg.py:2609
2025-10-27 00:41:41.961 128654 DEBUG oslo_service.service [req-6fed0a91-41df-4aed-95a4-d2fdeac6b1b7 - - - - -] cyborg.status_code_retries = None log_opt_values /usr/lib/python3/dist-packages/oslo_config/cfg.py:2609
2025-10-27 00:41:41.961 128654 DEBUG oslo_service.service [req-6fed0a91-41df-4aed-95a4-d2fdeac6b1b7 - - - - -] cyborg.status_code_retry_delay = None log_opt_values /usr/lib/python3/dist-packages/oslo_config/cfg.py:2609
2025-10-27 00:41:41.962 128654 DEBUG oslo_service.service [req-6fed0a91-41df-4aed-95a4-d2fdeac6b1b7 - - - - -] cyborg.timeout = None log_opt_values /usr/lib/python3/dist-packages/oslo_config/cfg.py:2609
2025-10-27 00:41:41.962 128654 DEBUG oslo_service.service [req-6fed0a91-41df-4aed-95a4-d2fdeac6b1b7 - - - - -] cyborg.valid_interfaces = ['internal', 'public'] log_opt_values /usr/lib/python3/dist-packages/oslo_config/cfg.py:2609
2025-10-27 00:41:41.963 128654 DEBUG oslo_service.service [req-6fed0a91-41df-4aed-95a4-d2fdeac6b1b7 - - - - -] cyborg.version = None log_opt_values /usr/lib/python3/dist-packages/oslo_config/cfg.py:2609
2025-10-27 00:41:41.963 128654 DEBUG oslo_service.service [req-6fed0a91-41df-4aed-95a4-d2fdeac6b1b7 - - - - -] database.backend = sqlalchemy log_opt_values /usr/lib/python3/dist-packages/oslo_config/cfg.py:2609
2025-10-27 00:41:41.964 128654 DEBUG oslo_service.service [req-6fed0a91-41df-4aed-95a4-d2fdeac6b1b7 - - - - -] database.connection = **** log_opt_values /usr/lib/python3/dist-packages/oslo_config/cfg.py:2609
2025-10-27 00:41:41.964 128654 DEBUG oslo_service.service [req-6fed0a91-41df-4aed-95a4-d2fdeac6b1b7 - - - - -] database.connection_debug = 0 log_opt_values /usr/lib/python3/dist-packages/oslo_config/cfg.py:2609
2025-10-27 00:41:41.965 128654 DEBUG oslo_service.service [req-6fed0a91-41df-4aed-95a4-d2fdeac6b1b7 - - - - -] database.connection_parameters = log_opt_values /usr/lib/python3/dist-packages/oslo_config/cfg.py:2609
2025-10-27 00:41:41.965 128654 DEBUG oslo_service.service [req-6fed0a91-41df-4aed-95a4-d2fdeac6b1b7 - - - - -] database.connection_recycle_time = 3600 log_opt_values /usr/lib/python3/dist-packages/oslo_config/cfg.py:2609
2025-10-27 00:41:41.968 128654 DEBUG oslo_service.service [req-6fed0a91-41df-4aed-95a4-d2fdeac6b1b7 - - - - -] database.connection_trace = False log_opt_values /usr/lib/python3/dist-packages/oslo_config/cfg.py:2609
2025-10-27 00:41:41.968 128654 DEBUG oslo_service.service [req-6fed0a91-41df-4aed-95a4-d2fdeac6b1b7 - - - - -] database.db_inc_retry_interval = True log_opt_values /usr/lib/python3/dist-packages/oslo_config/cfg.py:2609
2025-10-27 00:41:41.968 128654 DEBUG oslo_service.service [req-6fed0a91-41df-4aed-95a4-d2fdeac6b1b7 - - - - -] database.db_max_retries = 20 log_opt_values /usr/lib/python3/dist-packages/oslo_config/cfg.py:2609
2025-10-27 00:41:41.969 128654 DEBUG oslo_service.service [req-6fed0a91-41df-4aed-95a4-d2fdeac6b1b7 - - - - -] database.db_max_retry_interval = 10 log_opt_values /usr/lib/python3/dist-packages/oslo_config/cfg.py:2609
2025-10-27 00:41:41.969 128654 DEBUG oslo_service.service [req-6fed0a91-41df-4aed-95a4-d2fdeac6b1b7 - - - - -] database.db_retry_interval = 1 log_opt_values /usr/lib/python3/dist-packages/oslo_config/cfg.py:2609
2025-10-27 00:41:41.969 128654 DEBUG oslo_service.service [req-6fed0a91-41df-4aed-95a4-d2fdeac6b1b7 - - - - -] database.max_overflow = 50 log_opt_values /usr/lib/python3/dist-packages/oslo_config/cfg.py:2609
2025-10-27 00:41:41.969 129051 DEBUG oslo_messaging._drivers.amqpdriver [-] Listener is running poll /usr/lib/python3/dist-packages/oslo_messaging/_drivers/amqpdriver.py:343
2025-10-27 00:41:41.970 128654 DEBUG oslo_service.service [req-6fed0a91-41df-4aed-95a4-d2fdeac6b1b7 - - - - -] database.max_pool_size = 4 log_opt_values /usr/lib/python3/dist-packages/oslo_config/cfg.py:2609
2025-10-27 00:41:41.970 128654 DEBUG oslo_service.service [req-6fed0a91-41df-4aed-95a4-d2fdeac6b1b7 - - - - -] database.max_retries = 10 log_opt_values /usr/lib/python3/dist-packages/oslo_config/cfg.py:2609
2025-10-27 00:41:41.970 129051 DEBUG oslo_messaging._drivers.amqpdriver [-] AMQPListener connection consume poll /usr/lib/python3/dist-packages/oslo_messaging/_drivers/amqpdriver.py:357
2025-10-27 00:41:41.971 128654 DEBUG oslo_service.service [req-6fed0a91-41df-4aed-95a4-d2fdeac6b1b7 - - - - -] database.mysql_enable_ndb = False log_opt_values /usr/lib/python3/dist-packages/oslo_config/cfg.py:2609
2025-10-27 00:41:41.971 128654 DEBUG oslo_service.service [req-6fed0a91-41df-4aed-95a4-d2fdeac6b1b7 - - - - -] database.mysql_sql_mode = TRADITIONAL log_opt_values /usr/lib/python3/dist-packages/oslo_config/cfg.py:2609
2025-10-27 00:41:41.971 129053 DEBUG oslo_messaging._drivers.amqpdriver [-] Listener is running poll /usr/lib/python3/dist-packages/oslo_messaging/_drivers/amqpdriver.py:343
2025-10-27 00:41:41.971 128654 DEBUG oslo_service.service [req-6fed0a91-41df-4aed-95a4-d2fdeac6b1b7 - - - - -] database.pool_timeout = None log_opt_values /usr/lib/python3/dist-packages/oslo_config/cfg.py:2609
2025-10-27 00:41:41.971 129053 DEBUG oslo_messaging._drivers.amqpdriver [-] AMQPListener connection consume poll /usr/lib/python3/dist-packages/oslo_messaging/_drivers/amqpdriver.py:357
2025-10-27 00:41:41.972 128654 DEBUG oslo_service.service [req-6fed0a91-41df-4aed-95a4-d2fdeac6b1b7 - - - - -] database.retry_interval = 10 log_opt_values /usr/lib/python3/dist-packages/oslo_config/cfg.py:2609
2025-10-27 00:41:41.972 128654 DEBUG oslo_service.service [req-6fed0a91-41df-4aed-95a4-d2fdeac6b1b7 - - - - -] database.slave_connection = **** log_opt_values /usr/lib/python3/dist-packages/oslo_config/cfg.py:2609
2025-10-27 00:41:41.972 128654 DEBUG oslo_service.service [req-6fed0a91-41df-4aed-95a4-d2fdeac6b1b7 - - - - -] database.sqlite_synchronous = True log_opt_values /usr/lib/python3/dist-packages/oslo_config/cfg.py:2609
2025-10-27 00:41:41.972 129053 DEBUG nova.service [req-0e71c38f-2bc7-4bee-a238-b05c4416860b - - - - -] Join ServiceGroup membership for this service conductor start /usr/lib/python3/dist-packages/nova/service.py:199
2025-10-27 00:41:41.973 128654 DEBUG oslo_service.service [req-6fed0a91-41df-4aed-95a4-d2fdeac6b1b7 - - - - -] database.use_db_reconnect = False log_opt_values /usr/lib/python3/dist-packages/oslo_config/cfg.py:2609
2025-10-27 00:41:41.973 129053 DEBUG nova.servicegroup.drivers.db [req-0e71c38f-2bc7-4bee-a238-b05c4416860b - - - - -] DB_Driver: join new ServiceGroup member juju-f4e0ae-0-lxd-7 to the conductor group, service = join /usr/lib/python3/dist-packages/nova/servicegroup/drivers/db.py:44
2025-10-27 00:41:41.973 128654 DEBUG oslo_service.service [req-6fed0a91-41df-4aed-95a4-d2fdeac6b1b7 - - - - -] api_database.backend = sqlalchemy log_opt_values /usr/lib/python3/dist-packages/oslo_config/cfg.py:2609
2025-10-27 00:41:41.974 128654 DEBUG oslo_service.service [req-6fed0a91-41df-4aed-95a4-d2fdeac6b1b7 - - - - -] api_database.connection = **** log_opt_values /usr/lib/python3/dist-packages/oslo_config/cfg.py:2609
2025-10-27 00:41:41.974 128654 DEBUG oslo_service.service [req-6fed0a91-41df-4aed-95a4-d2fdeac6b1b7 - - - - -] api_database.connection_debug = 0 log_opt_values /usr/lib/python3/dist-packages/oslo_config/cfg.py:2609
2025-10-27 00:41:41.974 128654 DEBUG oslo_service.service [req-6fed0a91-41df-4aed-95a4-d2fdeac6b1b7 - - - - -] api_database.connection_parameters = log_opt_values /usr/lib/python3/dist-packages/oslo_config/cfg.py:2609
2025-10-27 00:41:41.975 128654 DEBUG oslo_service.service [req-6fed0a91-41df-4aed-95a4-d2fdeac6b1b7 - - - - -] api_database.connection_recycle_time = 3600 log_opt_values /usr/lib/python3/dist-packages/oslo_config/cfg.py:2609
2025-10-27 00:41:41.975 128654 DEBUG oslo_service.service [req-6fed0a91-41df-4aed-95a4-d2fdeac6b1b7 - - - - -] api_database.connection_trace = False log_opt_values /usr/lib/python3/dist-packages/oslo_config/cfg.py:2609
2025-10-27 00:41:41.973 129051 DEBUG nova.service [req-0e09b8e7-7299-45a6-b892-4eff2b853ab2 - - - - -] Join ServiceGroup membership for this service conductor start /usr/lib/python3/dist-packages/nova/service.py:199
2025-10-27 00:41:41.976 128654 DEBUG oslo_service.service [req-6fed0a91-41df-4aed-95a4-d2fdeac6b1b7 - - - - -] api_database.db_inc_retry_interval = True log_opt_values /usr/lib/python3/dist-packages/oslo_config/cfg.py:2609
2025-10-27 00:41:41.976 129053 DEBUG oslo_messaging._drivers.amqpdriver [-] AMQPListener connection timeout poll /usr/lib/python3/dist-packages/oslo_messaging/_drivers/amqpdriver.py:360
2025-10-27 00:41:41.976 129053 DEBUG oslo_messaging._drivers.amqpdriver [-] Listener is running poll /usr/lib/python3/dist-packages/oslo_messaging/_drivers/amqpdriver.py:343
2025-10-27 00:41:41.976 129053 DEBUG oslo_messaging._drivers.amqpdriver [-] AMQPListener connection consume poll /usr/lib/python3/dist-packages/oslo_messaging/_drivers/amqpdriver.py:357
2025-10-27 00:41:41.976 129051 DEBUG nova.servicegroup.drivers.db [req-0e09b8e7-7299-45a6-b892-4eff2b853ab2 - - - - -] DB_Driver: join new ServiceGroup member juju-f4e0ae-0-lxd-7 to the conductor group, service = join /usr/lib/python3/dist-packages/nova/servicegroup/drivers/db.py:44
2025-10-27 00:41:41.976 128654 DEBUG oslo_service.service [req-6fed0a91-41df-4aed-95a4-d2fdeac6b1b7 - - - - -] api_database.db_max_retries = 20 log_opt_values /usr/lib/python3/dist-packages/oslo_config/cfg.py:2609
2025-10-27 00:41:41.977 129051 DEBUG oslo_messaging._drivers.amqpdriver [-] AMQPListener connection timeout poll /usr/lib/python3/dist-packages/oslo_messaging/_drivers/amqpdriver.py:360
2025-10-27 00:41:41.977 128654 DEBUG oslo_service.service [req-6fed0a91-41df-4aed-95a4-d2fdeac6b1b7 - - - - -] api_database.db_max_retry_interval = 10 log_opt_values /usr/lib/python3/dist-packages/oslo_config/cfg.py:2609
2025-10-27 00:41:41.977 129054 DEBUG oslo_messaging._drivers.amqpdriver [-] Listener is running poll /usr/lib/python3/dist-packages/oslo_messaging/_drivers/amqpdriver.py:343
2025-10-27 00:41:41.977 129051 DEBUG oslo_messaging._drivers.amqpdriver [-] Listener is running poll /usr/lib/python3/dist-packages/oslo_messaging/_drivers/amqpdriver.py:343
2025-10-27 00:41:41.977 129054 DEBUG oslo_messaging._drivers.amqpdriver [-] AMQPListener connection consume poll /usr/lib/python3/dist-packages/oslo_messaging/_drivers/amqpdriver.py:357
2025-10-27 00:41:41.977 129051 DEBUG oslo_messaging._drivers.amqpdriver [-] AMQPListener connection consume poll /usr/lib/python3/dist-packages/oslo_messaging/_drivers/amqpdriver.py:357
2025-10-27 00:41:41.977 128654 DEBUG oslo_service.service [req-6fed0a91-41df-4aed-95a4-d2fdeac6b1b7 - - - - -] api_database.db_retry_interval = 1 log_opt_values /usr/lib/python3/dist-packages/oslo_config/cfg.py:2609
2025-10-27 00:41:41.978 128654 DEBUG oslo_service.service [req-6fed0a91-41df-4aed-95a4-d2fdeac6b1b7 - - - - -] api_database.max_overflow = 50 log_opt_values /usr/lib/python3/dist-packages/oslo_config/cfg.py:2609
2025-10-27 00:41:41.978 129054 DEBUG nova.service [req-af30e405-c764-4b9b-9f5e-4221cd115f84 - - - - -] Join ServiceGroup membership for this service conductor start /usr/lib/python3/dist-packages/nova/service.py:199
2025-10-27 00:41:41.978 128654 DEBUG oslo_service.service [req-6fed0a91-41df-4aed-95a4-d2fdeac6b1b7 - - - - -] api_database.max_pool_size = 4 log_opt_values /usr/lib/python3/dist-packages/oslo_config/cfg.py:2609
2025-10-27 00:41:41.978 129054 DEBUG nova.servicegroup.drivers.db [req-af30e405-c764-4b9b-9f5e-4221cd115f84 - - - - -] DB_Driver: join new ServiceGroup member juju-f4e0ae-0-lxd-7 to the conductor group, service = join /usr/lib/python3/dist-packages/nova/servicegroup/drivers/db.py:44
2025-10-27 00:41:41.978 128654 DEBUG oslo_service.service [req-6fed0a91-41df-4aed-95a4-d2fdeac6b1b7 - - - - -] api_database.max_retries = 10 log_opt_values /usr/lib/python3/dist-packages/oslo_config/cfg.py:2609
2025-10-27 00:41:41.978 128654 DEBUG oslo_service.service [req-6fed0a91-41df-4aed-95a4-d2fdeac6b1b7 - - - - -] api_database.mysql_enable_ndb = False log_opt_values /usr/lib/python3/dist-packages/oslo_config/cfg.py:2609
2025-10-27 00:41:41.979 128654 DEBUG oslo_service.service [req-6fed0a91-41df-4aed-95a4-d2fdeac6b1b7 - - - - -] api_database.mysql_sql_mode = TRADITIONAL log_opt_values /usr/lib/python3/dist-packages/oslo_config/cfg.py:2609
2025-10-27 00:41:41.979 128654 DEBUG oslo_service.service [req-6fed0a91-41df-4aed-95a4-d2fdeac6b1b7 - - - - -] api_database.pool_timeout = None log_opt_values /usr/lib/python3/dist-packages/oslo_config/cfg.py:2609
2025-10-27 00:41:41.979 128654 DEBUG oslo_service.service [req-6fed0a91-41df-4aed-95a4-d2fdeac6b1b7 - - - - -] api_database.retry_interval = 10 log_opt_values /usr/lib/python3/dist-packages/oslo_config/cfg.py:2609
2025-10-27 00:41:41.980 128654 DEBUG oslo_service.service [req-6fed0a91-41df-4aed-95a4-d2fdeac6b1b7 - - - - -] api_database.slave_connection = **** log_opt_values /usr/lib/python3/dist-packages/oslo_config/cfg.py:2609
2025-10-27 00:41:41.980 128654 DEBUG oslo_service.service [req-6fed0a91-41df-4aed-95a4-d2fdeac6b1b7 - - - - -] api_database.sqlite_synchronous = True log_opt_values /usr/lib/python3/dist-packages/oslo_config/cfg.py:2609
2025-10-27 00:41:41.980 129054 DEBUG oslo_messaging._drivers.amqpdriver [-] AMQPListener connection timeout poll /usr/lib/python3/dist-packages/oslo_messaging/_drivers/amqpdriver.py:360
2025-10-27 00:41:41.980 128654 DEBUG oslo_service.service [req-6fed0a91-41df-4aed-95a4-d2fdeac6b1b7 - - - - -] devices.enabled_mdev_types = [] log_opt_values /usr/lib/python3/dist-packages/oslo_config/cfg.py:2609
2025-10-27 00:41:41.981 128654 DEBUG oslo_service.service [req-6fed0a91-41df-4aed-95a4-d2fdeac6b1b7 - - - - -] ephemeral_storage_encryption.cipher = aes-xts-plain64 log_opt_values /usr/lib/python3/dist-packages/oslo_config/cfg.py:2609
2025-10-27 00:41:41.982 129054 DEBUG oslo_messaging._drivers.amqpdriver [-] Listener is running poll /usr/lib/python3/dist-packages/oslo_messaging/_drivers/amqpdriver.py:343
2025-10-27 00:41:41.982 129054 DEBUG oslo_messaging._drivers.amqpdriver [-] AMQPListener connection consume poll /usr/lib/python3/dist-packages/oslo_messaging/_drivers/amqpdriver.py:357
2025-10-27 00:41:41.982 129052 DEBUG oslo_messaging._drivers.amqpdriver [-] Listener is running poll /usr/lib/python3/dist-packages/oslo_messaging/_drivers/amqpdriver.py:343
2025-10-27 00:41:41.982 129052 DEBUG oslo_messaging._drivers.amqpdriver [-] AMQPListener connection consume poll /usr/lib/python3/dist-packages/oslo_messaging/_drivers/amqpdriver.py:357
2025-10-27 00:41:41.981 128654 DEBUG oslo_service.service [req-6fed0a91-41df-4aed-95a4-d2fdeac6b1b7 - - - - -] ephemeral_storage_encryption.enabled = False log_opt_values /usr/lib/python3/dist-packages/oslo_config/cfg.py:2609
2025-10-27 00:41:41.983 128654 DEBUG oslo_service.service [req-6fed0a91-41df-4aed-95a4-d2fdeac6b1b7 - - - - -] ephemeral_storage_encryption.key_size = 512 log_opt_values /usr/lib/python3/dist-packages/oslo_config/cfg.py:2609
2025-10-27 00:41:41.983 129052 DEBUG nova.service [req-c7065b88-ba83-48a0-bfb1-fbd335ca3214 - - - - -] Join ServiceGroup membership for this service conductor start /usr/lib/python3/dist-packages/nova/service.py:199
2025-10-27 00:41:41.983 129052 DEBUG nova.servicegroup.drivers.db [req-c7065b88-ba83-48a0-bfb1-fbd335ca3214 - - - - -] DB_Driver: join new ServiceGroup member juju-f4e0ae-0-lxd-7 to the conductor group, service = join /usr/lib/python3/dist-packages/nova/servicegroup/drivers/db.py:44
2025-10-27 00:41:41.983 128654 WARNING oslo_config.cfg [req-6fed0a91-41df-4aed-95a4-d2fdeac6b1b7 - - - - -] Deprecated: Option "api_servers" from group "glance" is deprecated for removal ( Support for image service configuration via standard keystoneauth1 Adapter options was added in the 17.0.0 Queens release. The api_servers option was retained temporarily to allow consumers time to cut over to a real load balancing solution. ). Its value may be silently ignored in the future.
2025-10-27 00:41:41.983 128654 DEBUG oslo_service.service [req-6fed0a91-41df-4aed-95a4-d2fdeac6b1b7 - - - - -] glance.api_servers = ['http://252.27.6.89:9292'] log_opt_values /usr/lib/python3/dist-packages/oslo_config/cfg.py:2609
2025-10-27 00:41:41.984 128654 DEBUG oslo_service.service [req-6fed0a91-41df-4aed-95a4-d2fdeac6b1b7 - - - - -] glance.cafile = None log_opt_values /usr/lib/python3/dist-packages/oslo_config/cfg.py:2609
2025-10-27 00:41:41.984 128654 DEBUG oslo_service.service [req-6fed0a91-41df-4aed-95a4-d2fdeac6b1b7 - - - - -] glance.certfile = None log_opt_values /usr/lib/python3/dist-packages/oslo_config/cfg.py:2609
2025-10-27 00:41:41.984 128654 DEBUG oslo_service.service [req-6fed0a91-41df-4aed-95a4-d2fdeac6b1b7 - - - - -] glance.collect_timing = False log_opt_values /usr/lib/python3/dist-packages/oslo_config/cfg.py:2609
2025-10-27 00:41:41.985 128654 DEBUG oslo_service.service [req-6fed0a91-41df-4aed-95a4-d2fdeac6b1b7 - - - - -] glance.connect_retries = None log_opt_values /usr/lib/python3/dist-packages/oslo_config/cfg.py:2609
2025-10-27 00:41:41.985 128654 DEBUG oslo_service.service [req-6fed0a91-41df-4aed-95a4-d2fdeac6b1b7 - - - - -] glance.connect_retry_delay = None log_opt_values /usr/lib/python3/dist-packages/oslo_config/cfg.py:2609
2025-10-27 00:41:41.986 128654 DEBUG oslo_service.service [req-6fed0a91-41df-4aed-95a4-d2fdeac6b1b7 - - - - -] glance.debug = False log_opt_values /usr/lib/python3/dist-packages/oslo_config/cfg.py:2609
2025-10-27 00:41:41.986 129052 DEBUG oslo_messaging._drivers.amqpdriver [-] AMQPListener connection timeout poll /usr/lib/python3/dist-packages/oslo_messaging/_drivers/amqpdriver.py:360
2025-10-27 00:41:41.986 129052 DEBUG oslo_messaging._drivers.amqpdriver [-] Listener is running poll /usr/lib/python3/dist-packages/oslo_messaging/_drivers/amqpdriver.py:343
2025-10-27 00:41:41.987 129052 DEBUG oslo_messaging._drivers.amqpdriver [-] AMQPListener connection consume poll /usr/lib/python3/dist-packages/oslo_messaging/_drivers/amqpdriver.py:357
2025-10-27 00:41:41.986 128654 DEBUG oslo_service.service [req-6fed0a91-41df-4aed-95a4-d2fdeac6b1b7 - - - - -] glance.default_trusted_certificate_ids = [] log_opt_values /usr/lib/python3/dist-packages/oslo_config/cfg.py:2609
2025-10-27 00:41:41.987 128654 DEBUG oslo_service.service [req-6fed0a91-41df-4aed-95a4-d2fdeac6b1b7 - - - - -] glance.enable_certificate_validation = False log_opt_values /usr/lib/python3/dist-packages/oslo_config/cfg.py:2609
2025-10-27 00:41:41.987 128654 DEBUG oslo_service.service [req-6fed0a91-41df-4aed-95a4-d2fdeac6b1b7 - - - - -] glance.enable_rbd_download = False log_opt_values /usr/lib/python3/dist-packages/oslo_config/cfg.py:2609
2025-10-27 00:41:41.988 128654 DEBUG oslo_service.service [req-6fed0a91-41df-4aed-95a4-d2fdeac6b1b7 - - - - -] glance.endpoint_override = None log_opt_values /usr/lib/python3/dist-packages/oslo_config/cfg.py:2609
2025-10-27 00:41:41.988 128654 DEBUG oslo_service.service [req-6fed0a91-41df-4aed-95a4-d2fdeac6b1b7 - - - - -] glance.insecure = False log_opt_values /usr/lib/python3/dist-packages/oslo_config/cfg.py:2609
2025-10-27 00:41:41.989 128654 DEBUG oslo_service.service [req-6fed0a91-41df-4aed-95a4-d2fdeac6b1b7 - - - - -] glance.keyfile = None log_opt_values /usr/lib/python3/dist-packages/oslo_config/cfg.py:2609
2025-10-27 00:41:41.989 128654 DEBUG oslo_service.service [req-6fed0a91-41df-4aed-95a4-d2fdeac6b1b7 - - - - -] glance.max_version = None log_opt_values /usr/lib/python3/dist-packages/oslo_config/cfg.py:2609
2025-10-27 00:41:41.989 128654 DEBUG oslo_service.service [req-6fed0a91-41df-4aed-95a4-d2fdeac6b1b7 - - - - -] glance.min_version = None log_opt_values /usr/lib/python3/dist-packages/oslo_config/cfg.py:2609
2025-10-27 00:41:41.990 128654 DEBUG oslo_service.service [req-6fed0a91-41df-4aed-95a4-d2fdeac6b1b7 - - - - -] glance.num_retries = 3 log_opt_values /usr/lib/python3/dist-packages/oslo_config/cfg.py:2609
2025-10-27 00:41:41.990 128654 DEBUG oslo_service.service [req-6fed0a91-41df-4aed-95a4-d2fdeac6b1b7 - - - - -] glance.rbd_ceph_conf = log_opt_values /usr/lib/python3/dist-packages/oslo_config/cfg.py:2609
2025-10-27 00:41:41.990 128654 DEBUG oslo_service.service [req-6fed0a91-41df-4aed-95a4-d2fdeac6b1b7 - - - - -] glance.rbd_connect_timeout = 5 log_opt_values /usr/lib/python3/dist-packages/oslo_config/cfg.py:2609
2025-10-27 00:41:41.990 128654 DEBUG oslo_service.service [req-6fed0a91-41df-4aed-95a4-d2fdeac6b1b7 - - - - -] glance.rbd_pool = log_opt_values /usr/lib/python3/dist-packages/oslo_config/cfg.py:2609
2025-10-27 00:41:41.991 128654 DEBUG oslo_service.service [req-6fed0a91-41df-4aed-95a4-d2fdeac6b1b7 - - - - -] glance.rbd_user = log_opt_values /usr/lib/python3/dist-packages/oslo_config/cfg.py:2609
2025-10-27 00:41:41.991 128654 DEBUG oslo_service.service [req-6fed0a91-41df-4aed-95a4-d2fdeac6b1b7 - - - - -] glance.region_name = None log_opt_values /usr/lib/python3/dist-packages/oslo_config/cfg.py:2609
2025-10-27 00:41:41.991 128654 DEBUG oslo_service.service [req-6fed0a91-41df-4aed-95a4-d2fdeac6b1b7 - - - - -] glance.service_name = None log_opt_values /usr/lib/python3/dist-packages/oslo_config/cfg.py:2609
2025-10-27 00:41:41.991 128654 DEBUG oslo_service.service [req-6fed0a91-41df-4aed-95a4-d2fdeac6b1b7 - - - - -] glance.service_type = image log_opt_values /usr/lib/python3/dist-packages/oslo_config/cfg.py:2609
2025-10-27 00:41:41.991 128654 DEBUG oslo_service.service [req-6fed0a91-41df-4aed-95a4-d2fdeac6b1b7 - - - - -] glance.split_loggers = False log_opt_values /usr/lib/python3/dist-packages/oslo_config/cfg.py:2609
2025-10-27 00:41:41.991 128654 DEBUG oslo_service.service [req-6fed0a91-41df-4aed-95a4-d2fdeac6b1b7 - - - - -] glance.status_code_retries = None log_opt_values /usr/lib/python3/dist-packages/oslo_config/cfg.py:2609
2025-10-27 00:41:41.991 128654 DEBUG oslo_service.service [req-6fed0a91-41df-4aed-95a4-d2fdeac6b1b7 - - - - -] glance.status_code_retry_delay = None log_opt_values /usr/lib/python3/dist-packages/oslo_config/cfg.py:2609
2025-10-27 00:41:41.992 128654 DEBUG oslo_service.service [req-6fed0a91-41df-4aed-95a4-d2fdeac6b1b7 - - - - -] glance.timeout = None log_opt_values /usr/lib/python3/dist-packages/oslo_config/cfg.py:2609
2025-10-27 00:41:41.992 128654 DEBUG oslo_service.service [req-6fed0a91-41df-4aed-95a4-d2fdeac6b1b7 - - - - -] glance.valid_interfaces = ['internal', 'public'] log_opt_values /usr/lib/python3/dist-packages/oslo_config/cfg.py:2609
2025-10-27 00:41:41.992 128654 DEBUG oslo_service.service [req-6fed0a91-41df-4aed-95a4-d2fdeac6b1b7 - - - - -] glance.verify_glance_signatures = False log_opt_values /usr/lib/python3/dist-packages/oslo_config/cfg.py:2609
