2025-10-27 00:41:53.803 129090 DEBUG oslo_service.service [req-ee16effb-50e2-4d6a-b5d5-179cd1971470 - - - - -] api_database.db_max_retries = 20 log_opt_values /usr/lib/python3/dist-packages/oslo_config/cfg.py:2609
2025-10-27 00:41:53.803 129090 DEBUG oslo_service.service [req-ee16effb-50e2-4d6a-b5d5-179cd1971470 - - - - -] api_database.db_max_retry_interval = 10 log_opt_values /usr/lib/python3/dist-packages/oslo_config/cfg.py:2609
2025-10-27 00:41:53.803 129090 DEBUG oslo_service.service [req-ee16effb-50e2-4d6a-b5d5-179cd1971470 - - - - -] api_database.db_retry_interval = 1 log_opt_values /usr/lib/python3/dist-packages/oslo_config/cfg.py:2609
2025-10-27 00:41:53.804 129090 DEBUG oslo_service.service [req-ee16effb-50e2-4d6a-b5d5-179cd1971470 - - - - -] api_database.max_overflow = 50 log_opt_values /usr/lib/python3/dist-packages/oslo_config/cfg.py:2609
2025-10-27 00:41:53.804 129090 DEBUG oslo_service.service [req-ee16effb-50e2-4d6a-b5d5-179cd1971470 - - - - -] api_database.max_pool_size = 4 log_opt_values /usr/lib/python3/dist-packages/oslo_config/cfg.py:2609
2025-10-27 00:41:53.804 129090 DEBUG oslo_service.service [req-ee16effb-50e2-4d6a-b5d5-179cd1971470 - - - - -] api_database.max_retries = 10 log_opt_values /usr/lib/python3/dist-packages/oslo_config/cfg.py:2609
2025-10-27 00:41:53.804 129090 DEBUG oslo_service.service [req-ee16effb-50e2-4d6a-b5d5-179cd1971470 - - - - -] api_database.mysql_enable_ndb = False log_opt_values /usr/lib/python3/dist-packages/oslo_config/cfg.py:2609
2025-10-27 00:41:53.805 129090 DEBUG oslo_service.service [req-ee16effb-50e2-4d6a-b5d5-179cd1971470 - - - - -] api_database.mysql_sql_mode = TRADITIONAL log_opt_values /usr/lib/python3/dist-packages/oslo_config/cfg.py:2609
2025-10-27 00:41:53.805 129090 DEBUG oslo_service.service [req-ee16effb-50e2-4d6a-b5d5-179cd1971470 - - - - -] api_database.pool_timeout = None log_opt_values /usr/lib/python3/dist-packages/oslo_config/cfg.py:2609
2025-10-27 00:41:53.805 129090 DEBUG oslo_service.service [req-ee16effb-50e2-4d6a-b5d5-179cd1971470 - - - - -] api_database.retry_interval = 10 log_opt_values /usr/lib/python3/dist-packages/oslo_config/cfg.py:2609
2025-10-27 00:41:53.805 129090 DEBUG oslo_service.service [req-ee16effb-50e2-4d6a-b5d5-179cd1971470 - - - - -] api_database.slave_connection = **** log_opt_values /usr/lib/python3/dist-packages/oslo_config/cfg.py:2609
2025-10-27 00:41:53.805 129090 DEBUG oslo_service.service [req-ee16effb-50e2-4d6a-b5d5-179cd1971470 - - - - -] api_database.sqlite_synchronous = True log_opt_values /usr/lib/python3/dist-packages/oslo_config/cfg.py:2609
2025-10-27 00:41:53.806 129090 DEBUG oslo_service.service [req-ee16effb-50e2-4d6a-b5d5-179cd1971470 - - - - -] devices.enabled_mdev_types = [] log_opt_values /usr/lib/python3/dist-packages/oslo_config/cfg.py:2609
2025-10-27 00:41:53.806 129090 DEBUG oslo_service.service [req-ee16effb-50e2-4d6a-b5d5-179cd1971470 - - - - -] ephemeral_storage_encryption.cipher = aes-xts-plain64 log_opt_values /usr/lib/python3/dist-packages/oslo_config/cfg.py:2609
2025-10-27 00:41:53.806 129090 DEBUG oslo_service.service [req-ee16effb-50e2-4d6a-b5d5-179cd1971470 - - - - -] ephemeral_storage_encryption.enabled = False log_opt_values /usr/lib/python3/dist-packages/oslo_config/cfg.py:2609
2025-10-27 00:41:53.806 129090 DEBUG oslo_service.service [req-ee16effb-50e2-4d6a-b5d5-179cd1971470 - - - - -] ephemeral_storage_encryption.key_size = 512 log_opt_values /usr/lib/python3/dist-packages/oslo_config/cfg.py:2609
2025-10-27 00:41:53.807 129090 WARNING oslo_config.cfg [req-ee16effb-50e2-4d6a-b5d5-179cd1971470 - - - - -] Deprecated: Option "api_servers" from group "glance" is deprecated for removal ( Support for image service configuration via standard keystoneauth1 Adapter options was added in the 17.0.0 Queens release. The api_servers option was retained temporarily to allow consumers time to cut over to a real load balancing solution. ). Its value may be silently ignored in the future.
2025-10-27 00:41:53.807 129090 DEBUG oslo_service.service [req-ee16effb-50e2-4d6a-b5d5-179cd1971470 - - - - -] glance.api_servers = ['http://252.27.6.89:9292'] log_opt_values /usr/lib/python3/dist-packages/oslo_config/cfg.py:2609
2025-10-27 00:41:53.807 129090 DEBUG oslo_service.service [req-ee16effb-50e2-4d6a-b5d5-179cd1971470 - - - - -] glance.cafile = None log_opt_values /usr/lib/python3/dist-packages/oslo_config/cfg.py:2609
2025-10-27 00:41:53.807 129090 DEBUG oslo_service.service [req-ee16effb-50e2-4d6a-b5d5-179cd1971470 - - - - -] glance.certfile = None log_opt_values /usr/lib/python3/dist-packages/oslo_config/cfg.py:2609
2025-10-27 00:41:53.808 129090 DEBUG oslo_service.service [req-ee16effb-50e2-4d6a-b5d5-179cd1971470 - - - - -] glance.collect_timing = False log_opt_values /usr/lib/python3/dist-packages/oslo_config/cfg.py:2609
2025-10-27 00:41:53.808 129090 DEBUG oslo_service.service [req-ee16effb-50e2-4d6a-b5d5-179cd1971470 - - - - -] glance.connect_retries = None log_opt_values /usr/lib/python3/dist-packages/oslo_config/cfg.py:2609
2025-10-27 00:41:53.808 129090 DEBUG oslo_service.service [req-ee16effb-50e2-4d6a-b5d5-179cd1971470 - - - - -] glance.connect_retry_delay = None log_opt_values /usr/lib/python3/dist-packages/oslo_config/cfg.py:2609
2025-10-27 00:41:53.808 129090 DEBUG oslo_service.service [req-ee16effb-50e2-4d6a-b5d5-179cd1971470 - - - - -] glance.debug = False log_opt_values /usr/lib/python3/dist-packages/oslo_config/cfg.py:2609
2025-10-27 00:41:53.808 129090 DEBUG oslo_service.service [req-ee16effb-50e2-4d6a-b5d5-179cd1971470 - - - - -] glance.default_trusted_certificate_ids = [] log_opt_values /usr/lib/python3/dist-packages/oslo_config/cfg.py:2609
2025-10-27 00:41:53.809 129090 DEBUG oslo_service.service [req-ee16effb-50e2-4d6a-b5d5-179cd1971470 - - - - -] glance.enable_certificate_validation = False log_opt_values /usr/lib/python3/dist-packages/oslo_config/cfg.py:2609
2025-10-27 00:41:53.808 129399 DEBUG oslo_messaging._drivers.amqpdriver [-] Listener is running poll /usr/lib/python3/dist-packages/oslo_messaging/_drivers/amqpdriver.py:343
2025-10-27 00:41:53.809 129090 DEBUG oslo_service.service [req-ee16effb-50e2-4d6a-b5d5-179cd1971470 - - - - -] glance.enable_rbd_download = False log_opt_values /usr/lib/python3/dist-packages/oslo_config/cfg.py:2609
2025-10-27 00:41:53.809 129399 DEBUG oslo_messaging._drivers.amqpdriver [-] AMQPListener connection consume poll /usr/lib/python3/dist-packages/oslo_messaging/_drivers/amqpdriver.py:357
2025-10-27 00:41:53.809 129090 DEBUG oslo_service.service [req-ee16effb-50e2-4d6a-b5d5-179cd1971470 - - - - -] glance.endpoint_override = None log_opt_values /usr/lib/python3/dist-packages/oslo_config/cfg.py:2609
2025-10-27 00:41:53.809 129090 DEBUG oslo_service.service [req-ee16effb-50e2-4d6a-b5d5-179cd1971470 - - - - -] glance.insecure = False log_opt_values /usr/lib/python3/dist-packages/oslo_config/cfg.py:2609
2025-10-27 00:41:53.809 129090 DEBUG oslo_service.service [req-ee16effb-50e2-4d6a-b5d5-179cd1971470 - - - - -] glance.keyfile = None log_opt_values /usr/lib/python3/dist-packages/oslo_config/cfg.py:2609
2025-10-27 00:41:53.809 129399 DEBUG nova.service [req-a5bfd264-526b-4574-bb51-d6fb364067c6 - - - - -] Join ServiceGroup membership for this service conductor start /usr/lib/python3/dist-packages/nova/service.py:199
2025-10-27 00:41:53.810 129090 DEBUG oslo_service.service [req-ee16effb-50e2-4d6a-b5d5-179cd1971470 - - - - -] glance.max_version = None log_opt_values /usr/lib/python3/dist-packages/oslo_config/cfg.py:2609
2025-10-27 00:41:53.810 129399 DEBUG nova.servicegroup.drivers.db [req-a5bfd264-526b-4574-bb51-d6fb364067c6 - - - - -] DB_Driver: join new ServiceGroup member juju-f4e0ae-0-lxd-7 to the conductor group, service = join /usr/lib/python3/dist-packages/nova/servicegroup/drivers/db.py:44
2025-10-27 00:41:53.810 129090 DEBUG oslo_service.service [req-ee16effb-50e2-4d6a-b5d5-179cd1971470 - - - - -] glance.min_version = None log_opt_values /usr/lib/python3/dist-packages/oslo_config/cfg.py:2609
2025-10-27 00:41:53.810 129090 DEBUG oslo_service.service [req-ee16effb-50e2-4d6a-b5d5-179cd1971470 - - - - -] glance.num_retries = 3 log_opt_values /usr/lib/python3/dist-packages/oslo_config/cfg.py:2609
2025-10-27 00:41:53.810 129090 DEBUG oslo_service.service [req-ee16effb-50e2-4d6a-b5d5-179cd1971470 - - - - -] glance.rbd_ceph_conf = log_opt_values /usr/lib/python3/dist-packages/oslo_config/cfg.py:2609
2025-10-27 00:41:53.810 129090 DEBUG oslo_service.service [req-ee16effb-50e2-4d6a-b5d5-179cd1971470 - - - - -] glance.rbd_connect_timeout = 5 log_opt_values /usr/lib/python3/dist-packages/oslo_config/cfg.py:2609
2025-10-27 00:41:53.811 129090 DEBUG oslo_service.service [req-ee16effb-50e2-4d6a-b5d5-179cd1971470 - - - - -] glance.rbd_pool = log_opt_values /usr/lib/python3/dist-packages/oslo_config/cfg.py:2609
2025-10-27 00:41:53.811 129090 DEBUG oslo_service.service [req-ee16effb-50e2-4d6a-b5d5-179cd1971470 - - - - -] glance.rbd_user = log_opt_values /usr/lib/python3/dist-packages/oslo_config/cfg.py:2609
2025-10-27 00:41:53.811 129090 DEBUG oslo_service.service [req-ee16effb-50e2-4d6a-b5d5-179cd1971470 - - - - -] glance.region_name = None log_opt_values /usr/lib/python3/dist-packages/oslo_config/cfg.py:2609
2025-10-27 00:41:53.811 129090 DEBUG oslo_service.service [req-ee16effb-50e2-4d6a-b5d5-179cd1971470 - - - - -] glance.service_name = None log_opt_values /usr/lib/python3/dist-packages/oslo_config/cfg.py:2609
2025-10-27 00:41:53.811 129090 DEBUG oslo_service.service [req-ee16effb-50e2-4d6a-b5d5-179cd1971470 - - - - -] glance.service_type = image log_opt_values /usr/lib/python3/dist-packages/oslo_config/cfg.py:2609
2025-10-27 00:41:53.812 129090 DEBUG oslo_service.service [req-ee16effb-50e2-4d6a-b5d5-179cd1971470 - - - - -] glance.split_loggers = False log_opt_values /usr/lib/python3/dist-packages/oslo_config/cfg.py:2609
2025-10-27 00:41:53.812 129399 DEBUG oslo_messaging._drivers.amqpdriver [-] AMQPListener connection timeout poll /usr/lib/python3/dist-packages/oslo_messaging/_drivers/amqpdriver.py:360
2025-10-27 00:41:53.812 129090 DEBUG oslo_service.service [req-ee16effb-50e2-4d6a-b5d5-179cd1971470 - - - - -] glance.status_code_retries = None log_opt_values /usr/lib/python3/dist-packages/oslo_config/cfg.py:2609
2025-10-27 00:41:53.812 129399 DEBUG oslo_messaging._drivers.amqpdriver [-] Listener is running poll /usr/lib/python3/dist-packages/oslo_messaging/_drivers/amqpdriver.py:343
2025-10-27 00:41:53.812 129399 DEBUG oslo_messaging._drivers.amqpdriver [-] AMQPListener connection consume poll /usr/lib/python3/dist-packages/oslo_messaging/_drivers/amqpdriver.py:357
2025-10-27 00:41:53.812 129090 DEBUG oslo_service.service [req-ee16effb-50e2-4d6a-b5d5-179cd1971470 - - - - -] glance.status_code_retry_delay = None log_opt_values /usr/lib/python3/dist-packages/oslo_config/cfg.py:2609
2025-10-27 00:41:53.812 129090 DEBUG oslo_service.service [req-ee16effb-50e2-4d6a-b5d5-179cd1971470 - - - - -] glance.timeout = None log_opt_values /usr/lib/python3/dist-packages/oslo_config/cfg.py:2609
2025-10-27 00:41:53.812 129090 DEBUG oslo_service.service [req-ee16effb-50e2-4d6a-b5d5-179cd1971470 - - - - -] glance.valid_interfaces = ['internal', 'public'] log_opt_values /usr/lib/python3/dist-packages/oslo_config/cfg.py:2609
2025-10-27 00:41:53.813 129090 DEBUG oslo_service.service [req-ee16effb-50e2-4d6a-b5d5-179cd1971470 - - - - -] glance.verify_glance_signatures = False log_opt_values /usr/lib/python3/dist-packages/oslo_config/cfg.py:2609
2025-10-27 00:41:53.813 129090 DEBUG oslo_service.service [req-ee16effb-50e2-4d6a-b5d5-179cd1971470 - - - - -] glance.version = None log_opt_values /usr/lib/python3/dist-packages/oslo_config/cfg.py:2609
2025-10-27 00:41:53.813 129090 DEBUG oslo_service.service [req-ee16effb-50e2-4d6a-b5d5-179cd1971470 - - - - -] guestfs.debug = False log_opt_values /usr/lib/python3/dist-packages/oslo_config/cfg.py:2609
2025-10-27 00:41:53.813 129090 DEBUG oslo_service.service [req-ee16effb-50e2-4d6a-b5d5-179cd1971470 - - - - -] hyperv.config_drive_cdrom = False log_opt_values /usr/lib/python3/dist-packages/oslo_config/cfg.py:2609
2025-10-27 00:41:53.813 129090 DEBUG oslo_service.service [req-ee16effb-50e2-4d6a-b5d5-179cd1971470 - - - - -] hyperv.config_drive_inject_password = False log_opt_values /usr/lib/python3/dist-packages/oslo_config/cfg.py:2609
2025-10-27 00:41:53.814 129090 DEBUG oslo_service.service [req-ee16effb-50e2-4d6a-b5d5-179cd1971470 - - - - -] hyperv.dynamic_memory_ratio = 1.0 log_opt_values /usr/lib/python3/dist-packages/oslo_config/cfg.py:2609
2025-10-27 00:41:53.814 129090 DEBUG oslo_service.service [req-ee16effb-50e2-4d6a-b5d5-179cd1971470 - - - - -] hyperv.enable_instance_metrics_collection = False log_opt_values /usr/lib/python3/dist-packages/oslo_config/cfg.py:2609
2025-10-27 00:41:53.814 129090 DEBUG oslo_service.service [req-ee16effb-50e2-4d6a-b5d5-179cd1971470 - - - - -] hyperv.enable_remotefx = False log_opt_values /usr/lib/python3/dist-packages/oslo_config/cfg.py:2609
2025-10-27 00:41:53.814 129090 DEBUG oslo_service.service [req-ee16effb-50e2-4d6a-b5d5-179cd1971470 - - - - -] hyperv.instances_path_share = log_opt_values /usr/lib/python3/dist-packages/oslo_config/cfg.py:2609
2025-10-27 00:41:53.814 129090 DEBUG oslo_service.service [req-ee16effb-50e2-4d6a-b5d5-179cd1971470 - - - - -] hyperv.iscsi_initiator_list = [] log_opt_values /usr/lib/python3/dist-packages/oslo_config/cfg.py:2609
2025-10-27 00:41:53.815 129090 DEBUG oslo_service.service [req-ee16effb-50e2-4d6a-b5d5-179cd1971470 - - - - -] hyperv.limit_cpu_features = False log_opt_values /usr/lib/python3/dist-packages/oslo_config/cfg.py:2609
2025-10-27 00:41:53.815 129090 DEBUG oslo_service.service [req-ee16effb-50e2-4d6a-b5d5-179cd1971470 - - - - -] hyperv.mounted_disk_query_retry_count = 10 log_opt_values /usr/lib/python3/dist-packages/oslo_config/cfg.py:2609
2025-10-27 00:41:53.815 129090 DEBUG oslo_service.service [req-ee16effb-50e2-4d6a-b5d5-179cd1971470 - - - - -] hyperv.mounted_disk_query_retry_interval = 5 log_opt_values /usr/lib/python3/dist-packages/oslo_config/cfg.py:2609
2025-10-27 00:41:53.815 129090 DEBUG oslo_service.service [req-ee16effb-50e2-4d6a-b5d5-179cd1971470 - - - - -] hyperv.power_state_check_timeframe = 60 log_opt_values /usr/lib/python3/dist-packages/oslo_config/cfg.py:2609
2025-10-27 00:41:53.815 129090 DEBUG oslo_service.service [req-ee16effb-50e2-4d6a-b5d5-179cd1971470 - - - - -] hyperv.power_state_event_polling_interval = 2 log_opt_values /usr/lib/python3/dist-packages/oslo_config/cfg.py:2609
2025-10-27 00:41:53.816 129090 DEBUG oslo_service.service [req-ee16effb-50e2-4d6a-b5d5-179cd1971470 - - - - -] hyperv.qemu_img_cmd = qemu-img.exe log_opt_values /usr/lib/python3/dist-packages/oslo_config/cfg.py:2609
2025-10-27 00:41:53.816 129090 DEBUG oslo_service.service [req-ee16effb-50e2-4d6a-b5d5-179cd1971470 - - - - -] hyperv.use_multipath_io = False log_opt_values /usr/lib/python3/dist-packages/oslo_config/cfg.py:2609
2025-10-27 00:41:53.816 129397 DEBUG oslo_messaging._drivers.amqpdriver [req-f4d62a9c-5965-4f6c-a7c9-9777a8408bb7 - - - - -] sending reply msg_id: c8af7414778342e1b941254f3cf95a44 reply queue: reply_b262cedf68974be6bc3751d1dc56e1a2 time elapsed: 0.025368460999743547s _send_reply /usr/lib/python3/dist-packages/oslo_messaging/_drivers/amqpdriver.py:118
2025-10-27 00:41:53.816 129090 DEBUG oslo_service.service [req-ee16effb-50e2-4d6a-b5d5-179cd1971470 - - - - -] hyperv.volume_attach_retry_count = 10 log_opt_values /usr/lib/python3/dist-packages/oslo_config/cfg.py:2609
2025-10-27 00:41:53.816 129090 DEBUG oslo_service.service [req-ee16effb-50e2-4d6a-b5d5-179cd1971470 - - - - -] hyperv.volume_attach_retry_interval = 5 log_opt_values /usr/lib/python3/dist-packages/oslo_config/cfg.py:2609
2025-10-27 00:41:53.817 129090 DEBUG oslo_service.service [req-ee16effb-50e2-4d6a-b5d5-179cd1971470 - - - - -] hyperv.vswitch_name = None log_opt_values /usr/lib/python3/dist-packages/oslo_config/cfg.py:2609
2025-10-27 00:41:53.817 129090 DEBUG oslo_service.service [req-ee16effb-50e2-4d6a-b5d5-179cd1971470 - - - - -] hyperv.wait_soft_reboot_seconds = 60 log_opt_values /usr/lib/python3/dist-packages/oslo_config/cfg.py:2609
2025-10-27 00:41:53.817 129090 DEBUG oslo_service.service [req-ee16effb-50e2-4d6a-b5d5-179cd1971470 - - - - -] mks.enabled = False log_opt_values /usr/lib/python3/dist-packages/oslo_config/cfg.py:2609
2025-10-27 00:41:53.818 129090 DEBUG oslo_service.service [req-ee16effb-50e2-4d6a-b5d5-179cd1971470 - - - - -] mks.mksproxy_base_url = http://127.0.0.1:6090/ log_opt_values /usr/lib/python3/dist-packages/oslo_config/cfg.py:2609
2025-10-27 00:41:53.818 129090 DEBUG oslo_service.service [req-ee16effb-50e2-4d6a-b5d5-179cd1971470 - - - - -] image_cache.manager_interval = 2400 log_opt_values /usr/lib/python3/dist-packages/oslo_config/cfg.py:2609
2025-10-27 00:41:53.818 129090 DEBUG oslo_service.service [req-ee16effb-50e2-4d6a-b5d5-179cd1971470 - - - - -] image_cache.precache_concurrency = 1 log_opt_values /usr/lib/python3/dist-packages/oslo_config/cfg.py:2609
2025-10-27 00:41:53.818 129090 DEBUG oslo_service.service [req-ee16effb-50e2-4d6a-b5d5-179cd1971470 - - - - -] image_cache.remove_unused_base_images = True log_opt_values /usr/lib/python3/dist-packages/oslo_config/cfg.py:2609
2025-10-27 00:41:53.818 129090 DEBUG oslo_service.service [req-ee16effb-50e2-4d6a-b5d5-179cd1971470 - - - - -] image_cache.remove_unused_original_minimum_age_seconds = 86400 log_opt_values /usr/lib/python3/dist-packages/oslo_config/cfg.py:2609
2025-10-27 00:41:53.819 129090 DEBUG oslo_service.service [req-ee16effb-50e2-4d6a-b5d5-179cd1971470 - - - - -] image_cache.remove_unused_resized_minimum_age_seconds = 3600 log_opt_values /usr/lib/python3/dist-packages/oslo_config/cfg.py:2609
2025-10-27 00:41:53.819 129090 DEBUG oslo_service.service [req-ee16effb-50e2-4d6a-b5d5-179cd1971470 - - - - -] image_cache.subdirectory_name = _base log_opt_values /usr/lib/python3/dist-packages/oslo_config/cfg.py:2609
2025-10-27 00:41:53.819 129090 DEBUG oslo_service.service [req-ee16effb-50e2-4d6a-b5d5-179cd1971470 - - - - -] ironic.api_max_retries = 60 log_opt_values /usr/lib/python3/dist-packages/oslo_config/cfg.py:2609
2025-10-27 00:41:53.819 129090 DEBUG oslo_service.service [req-ee16effb-50e2-4d6a-b5d5-179cd1971470 - - - - -] ironic.api_retry_interval = 2 log_opt_values /usr/lib/python3/dist-packages/oslo_config/cfg.py:2609
2025-10-27 00:41:53.820 129090 DEBUG oslo_service.service [req-ee16effb-50e2-4d6a-b5d5-179cd1971470 - - - - -] ironic.auth_section = None log_opt_values /usr/lib/python3/dist-packages/oslo_config/cfg.py:2609
2025-10-27 00:41:53.820 129090 DEBUG oslo_service.service [req-ee16effb-50e2-4d6a-b5d5-179cd1971470 - - - - -] ironic.auth_type = None log_opt_values /usr/lib/python3/dist-packages/oslo_config/cfg.py:2609
2025-10-27 00:41:53.820 129090 DEBUG oslo_service.service [req-ee16effb-50e2-4d6a-b5d5-179cd1971470 - - - - -] ironic.cafile = None log_opt_values /usr/lib/python3/dist-packages/oslo_config/cfg.py:2609
2025-10-27 00:41:53.820 129090 DEBUG oslo_service.service [req-ee16effb-50e2-4d6a-b5d5-179cd1971470 - - - - -] ironic.certfile = None log_opt_values /usr/lib/python3/dist-packages/oslo_config/cfg.py:2609
2025-10-27 00:41:53.820 129090 DEBUG oslo_service.service [req-ee16effb-50e2-4d6a-b5d5-179cd1971470 - - - - -] ironic.collect_timing = False log_opt_values /usr/lib/python3/dist-packages/oslo_config/cfg.py:2609
2025-10-27 00:41:53.821 129090 DEBUG oslo_service.service [req-ee16effb-50e2-4d6a-b5d5-179cd1971470 - - - - -] ironic.connect_retries = None log_opt_values /usr/lib/python3/dist-packages/oslo_config/cfg.py:2609
2025-10-27 00:41:53.821 129090 DEBUG oslo_service.service [req-ee16effb-50e2-4d6a-b5d5-179cd1971470 - - - - -] ironic.connect_retry_delay = None log_opt_values /usr/lib/python3/dist-packages/oslo_config/cfg.py:2609
2025-10-27 00:41:53.821 129090 DEBUG oslo_service.service [req-ee16effb-50e2-4d6a-b5d5-179cd1971470 - - - - -] ironic.endpoint_override = None log_opt_values /usr/lib/python3/dist-packages/oslo_config/cfg.py:2609
2025-10-27 00:41:53.821 129090 DEBUG oslo_service.service [req-ee16effb-50e2-4d6a-b5d5-179cd1971470 - - - - -] ironic.insecure = False log_opt_values /usr/lib/python3/dist-packages/oslo_config/cfg.py:2609
2025-10-27 00:41:53.821 129090 DEBUG oslo_service.service [req-ee16effb-50e2-4d6a-b5d5-179cd1971470 - - - - -] ironic.keyfile = None log_opt_values /usr/lib/python3/dist-packages/oslo_config/cfg.py:2609
2025-10-27 00:41:53.821 129397 DEBUG oslo_messaging._drivers.amqpdriver [-] received message msg_id: d0a8902b7b6b464681bcc6d2f08746fc reply to reply_b262cedf68974be6bc3751d1dc56e1a2 __call__ /usr/lib/python3/dist-packages/oslo_messaging/_drivers/amqpdriver.py:320
2025-10-27 00:41:53.822 129090 DEBUG oslo_service.service [req-ee16effb-50e2-4d6a-b5d5-179cd1971470 - - - - -] ironic.max_version = None log_opt_values /usr/lib/python3/dist-packages/oslo_config/cfg.py:2609
2025-10-27 00:41:53.822 129397 DEBUG oslo_messaging._drivers.amqpdriver [-] Listener is running poll /usr/lib/python3/dist-packages/oslo_messaging/_drivers/amqpdriver.py:343
2025-10-27 00:41:53.822 129090 DEBUG oslo_service.service [req-ee16effb-50e2-4d6a-b5d5-179cd1971470 - - - - -] ironic.min_version = None log_opt_values /usr/lib/python3/dist-packages/oslo_config/cfg.py:2609
2025-10-27 00:41:53.822 129397 DEBUG oslo_messaging._drivers.amqpdriver [-] Poll the incoming message with unique_id: 7d991912a4cc41178de39a36cbc92c14 poll /usr/lib/python3/dist-packages/oslo_messaging/_drivers/amqpdriver.py:346
2025-10-27 00:41:53.822 129090 DEBUG oslo_service.service [req-ee16effb-50e2-4d6a-b5d5-179cd1971470 - - - - -] ironic.partition_key = None log_opt_values /usr/lib/python3/dist-packages/oslo_config/cfg.py:2609
2025-10-27 00:41:53.822 129397 DEBUG oslo_messaging._drivers.amqpdriver [-] Listener is running poll /usr/lib/python3/dist-packages/oslo_messaging/_drivers/amqpdriver.py:343
2025-10-27 00:41:53.822 129397 DEBUG oslo_messaging._drivers.amqpdriver [-] AMQPListener connection consume poll /usr/lib/python3/dist-packages/oslo_messaging/_drivers/amqpdriver.py:357
2025-10-27 00:41:53.822 129090 DEBUG oslo_service.service [req-ee16effb-50e2-4d6a-b5d5-179cd1971470 - - - - -] ironic.peer_list = [] log_opt_values /usr/lib/python3/dist-packages/oslo_config/cfg.py:2609
2025-10-27 00:41:53.822 129090 DEBUG oslo_service.service [req-ee16effb-50e2-4d6a-b5d5-179cd1971470 - - - - -] ironic.region_name = None log_opt_values /usr/lib/python3/dist-packages/oslo_config/cfg.py:2609
2025-10-27 00:41:53.823 129090 DEBUG oslo_service.service [req-ee16effb-50e2-4d6a-b5d5-179cd1971470 - - - - -] ironic.serial_console_state_timeout = 10 log_opt_values /usr/lib/python3/dist-packages/oslo_config/cfg.py:2609
2025-10-27 00:41:53.823 129090 DEBUG oslo_service.service [req-ee16effb-50e2-4d6a-b5d5-179cd1971470 - - - - -] ironic.service_name = None log_opt_values /usr/lib/python3/dist-packages/oslo_config/cfg.py:2609
2025-10-27 00:41:53.823 129090 DEBUG oslo_service.service [req-ee16effb-50e2-4d6a-b5d5-179cd1971470 - - - - -] ironic.service_type = baremetal log_opt_values /usr/lib/python3/dist-packages/oslo_config/cfg.py:2609
2025-10-27 00:41:53.823 129090 DEBUG oslo_service.service [req-ee16effb-50e2-4d6a-b5d5-179cd1971470 - - - - -] ironic.split_loggers = False log_opt_values /usr/lib/python3/dist-packages/oslo_config/cfg.py:2609
2025-10-27 00:41:53.823 129090 DEBUG oslo_service.service [req-ee16effb-50e2-4d6a-b5d5-179cd1971470 - - - - -] ironic.status_code_retries = None log_opt_values /usr/lib/python3/dist-packages/oslo_config/cfg.py:2609
2025-10-27 00:41:53.824 129090 DEBUG oslo_service.service [req-ee16effb-50e2-4d6a-b5d5-179cd1971470 - - - - -] ironic.status_code_retry_delay = None log_opt_values /usr/lib/python3/dist-packages/oslo_config/cfg.py:2609
2025-10-27 00:41:53.824 129090 DEBUG oslo_service.service [req-ee16effb-50e2-4d6a-b5d5-179cd1971470 - - - - -] ironic.timeout = None log_opt_values /usr/lib/python3/dist-packages/oslo_config/cfg.py:2609
2025-10-27 00:41:53.824 129090 DEBUG oslo_service.service [req-ee16effb-50e2-4d6a-b5d5-179cd1971470 - - - - -] ironic.valid_interfaces = ['internal', 'public'] log_opt_values /usr/lib/python3/dist-packages/oslo_config/cfg.py:2609
2025-10-27 00:41:53.824 129090 DEBUG oslo_service.service [req-ee16effb-50e2-4d6a-b5d5-179cd1971470 - - - - -] ironic.version = None log_opt_values /usr/lib/python3/dist-packages/oslo_config/cfg.py:2609
2025-10-27 00:41:53.825 129090 DEBUG oslo_service.service [req-ee16effb-50e2-4d6a-b5d5-179cd1971470 - - - - -] key_manager.backend = barbican log_opt_values /usr/lib/python3/dist-packages/oslo_config/cfg.py:2609
2025-10-27 00:41:53.825 129090 DEBUG oslo_service.service [req-ee16effb-50e2-4d6a-b5d5-179cd1971470 - - - - -] key_manager.fixed_key = **** log_opt_values /usr/lib/python3/dist-packages/oslo_config/cfg.py:2609
2025-10-27 00:41:53.825 129090 DEBUG oslo_service.service [req-ee16effb-50e2-4d6a-b5d5-179cd1971470 - - - - -] barbican.auth_endpoint = http://localhost/identity/v3 log_opt_values /usr/lib/python3/dist-packages/oslo_config/cfg.py:2609
2025-10-27 00:41:53.825 129397 DEBUG oslo_messaging._drivers.amqpdriver [-] AMQPListener connection timeout poll /usr/lib/python3/dist-packages/oslo_messaging/_drivers/amqpdriver.py:360
2025-10-27 00:41:53.825 129397 DEBUG oslo_messaging._drivers.amqpdriver [-] Listener is running poll /usr/lib/python3/dist-packages/oslo_messaging/_drivers/amqpdriver.py:343
2025-10-27 00:41:53.825 129090 DEBUG oslo_service.service [req-ee16effb-50e2-4d6a-b5d5-179cd1971470 - - - - -] barbican.barbican_api_version = None log_opt_values /usr/lib/python3/dist-packages/oslo_config/cfg.py:2609
2025-10-27 00:41:53.825 129397 DEBUG oslo_messaging._drivers.amqpdriver [-] AMQPListener connection consume poll /usr/lib/python3/dist-packages/oslo_messaging/_drivers/amqpdriver.py:357
2025-10-27 00:41:53.825 129090 DEBUG oslo_service.service [req-ee16effb-50e2-4d6a-b5d5-179cd1971470 - - - - -] barbican.barbican_endpoint = None log_opt_values /usr/lib/python3/dist-packages/oslo_config/cfg.py:2609
2025-10-27 00:41:53.826 129090 DEBUG oslo_service.service [req-ee16effb-50e2-4d6a-b5d5-179cd1971470 - - - - -] barbican.barbican_endpoint_type = public log_opt_values /usr/lib/python3/dist-packages/oslo_config/cfg.py:2609
2025-10-27 00:41:53.826 129090 DEBUG oslo_service.service [req-ee16effb-50e2-4d6a-b5d5-179cd1971470 - - - - -] barbican.barbican_region_name = None log_opt_values /usr/lib/python3/dist-packages/oslo_config/cfg.py:2609
2025-10-27 00:41:53.826 129090 DEBUG oslo_service.service [req-ee16effb-50e2-4d6a-b5d5-179cd1971470 - - - - -] barbican.cafile = None log_opt_values /usr/lib/python3/dist-packages/oslo_config/cfg.py:2609
2025-10-27 00:41:53.826 129090 DEBUG oslo_service.service [req-ee16effb-50e2-4d6a-b5d5-179cd1971470 - - - - -] barbican.certfile = None log_opt_values /usr/lib/python3/dist-packages/oslo_config/cfg.py:2609
2025-10-27 00:41:53.826 129090 DEBUG oslo_service.service [req-ee16effb-50e2-4d6a-b5d5-179cd1971470 - - - - -] barbican.collect_timing = False log_opt_values /usr/lib/python3/dist-packages/oslo_config/cfg.py:2609
2025-10-27 00:41:53.827 129090 DEBUG oslo_service.service [req-ee16effb-50e2-4d6a-b5d5-179cd1971470 - - - - -] barbican.insecure = False log_opt_values /usr/lib/python3/dist-packages/oslo_config/cfg.py:2609
2025-10-27 00:41:53.827 129090 DEBUG oslo_service.service [req-ee16effb-50e2-4d6a-b5d5-179cd1971470 - - - - -] barbican.keyfile = None log_opt_values /usr/lib/python3/dist-packages/oslo_config/cfg.py:2609
2025-10-27 00:41:53.827 129090 DEBUG oslo_service.service [req-ee16effb-50e2-4d6a-b5d5-179cd1971470 - - - - -] barbican.number_of_retries = 60 log_opt_values /usr/lib/python3/dist-packages/oslo_config/cfg.py:2609
2025-10-27 00:41:53.827 129090 DEBUG oslo_service.service [req-ee16effb-50e2-4d6a-b5d5-179cd1971470 - - - - -] barbican.retry_delay = 1 log_opt_values /usr/lib/python3/dist-packages/oslo_config/cfg.py:2609
2025-10-27 00:41:53.828 129090 DEBUG oslo_service.service [req-ee16effb-50e2-4d6a-b5d5-179cd1971470 - - - - -] barbican.send_service_user_token = False log_opt_values /usr/lib/python3/dist-packages/oslo_config/cfg.py:2609
2025-10-27 00:41:53.828 129090 DEBUG oslo_service.service [req-ee16effb-50e2-4d6a-b5d5-179cd1971470 - - - - -] barbican.split_loggers = False log_opt_values /usr/lib/python3/dist-packages/oslo_config/cfg.py:2609
2025-10-27 00:41:53.828 129090 DEBUG oslo_service.service [req-ee16effb-50e2-4d6a-b5d5-179cd1971470 - - - - -] barbican.timeout = None log_opt_values /usr/lib/python3/dist-packages/oslo_config/cfg.py:2609
2025-10-27 00:41:53.828 129090 DEBUG oslo_service.service [req-ee16effb-50e2-4d6a-b5d5-179cd1971470 - - - - -] barbican.verify_ssl = True log_opt_values /usr/lib/python3/dist-packages/oslo_config/cfg.py:2609
2025-10-27 00:41:53.828 129090 DEBUG oslo_service.service [req-ee16effb-50e2-4d6a-b5d5-179cd1971470 - - - - -] barbican.verify_ssl_path = None log_opt_values /usr/lib/python3/dist-packages/oslo_config/cfg.py:2609
2025-10-27 00:41:53.829 129090 DEBUG oslo_service.service [req-ee16effb-50e2-4d6a-b5d5-179cd1971470 - - - - -] barbican_service_user.auth_section = None log_opt_values /usr/lib/python3/dist-packages/oslo_config/cfg.py:2609
2025-10-27 00:41:53.829 129090 DEBUG oslo_service.service [req-ee16effb-50e2-4d6a-b5d5-179cd1971470 - - - - -] barbican_service_user.auth_type = None log_opt_values /usr/lib/python3/dist-packages/oslo_config/cfg.py:2609
2025-10-27 00:41:53.829 129090 DEBUG oslo_service.service [req-ee16effb-50e2-4d6a-b5d5-179cd1971470 - - - - -] barbican_service_user.cafile = None log_opt_values /usr/lib/python3/dist-packages/oslo_config/cfg.py:2609
2025-10-27 00:41:53.829 129090 DEBUG oslo_service.service [req-ee16effb-50e2-4d6a-b5d5-179cd1971470 - - - - -] barbican_service_user.certfile = None log_opt_values /usr/lib/python3/dist-packages/oslo_config/cfg.py:2609
2025-10-27 00:41:53.829 129090 DEBUG oslo_service.service [req-ee16effb-50e2-4d6a-b5d5-179cd1971470 - - - - -] barbican_service_user.collect_timing = False log_opt_values /usr/lib/python3/dist-packages/oslo_config/cfg.py:2609
2025-10-27 00:41:53.830 129090 DEBUG oslo_service.service [req-ee16effb-50e2-4d6a-b5d5-179cd1971470 - - - - -] barbican_service_user.insecure = False log_opt_values /usr/lib/python3/dist-packages/oslo_config/cfg.py:2609
2025-10-27 00:41:53.830 129090 DEBUG oslo_service.service [req-ee16effb-50e2-4d6a-b5d5-179cd1971470 - - - - -] barbican_service_user.keyfile = None log_opt_values /usr/lib/python3/dist-packages/oslo_config/cfg.py:2609
2025-10-27 00:41:53.830 129090 DEBUG oslo_service.service [req-ee16effb-50e2-4d6a-b5d5-179cd1971470 - - - - -] barbican_service_user.split_loggers = False log_opt_values /usr/lib/python3/dist-packages/oslo_config/cfg.py:2609
2025-10-27 00:41:53.830 129090 DEBUG oslo_service.service [req-ee16effb-50e2-4d6a-b5d5-179cd1971470 - - - - -] barbican_service_user.timeout = None log_opt_values /usr/lib/python3/dist-packages/oslo_config/cfg.py:2609
2025-10-27 00:41:53.830 129090 DEBUG oslo_service.service [req-ee16effb-50e2-4d6a-b5d5-179cd1971470 - - - - -] vault.approle_role_id = None log_opt_values /usr/lib/python3/dist-packages/oslo_config/cfg.py:2609
2025-10-27 00:41:53.831 129090 DEBUG oslo_service.service [req-ee16effb-50e2-4d6a-b5d5-179cd1971470 - - - - -] vault.approle_secret_id = None log_opt_values /usr/lib/python3/dist-packages/oslo_config/cfg.py:2609
2025-10-27 00:41:53.831 129090 DEBUG oslo_service.service [req-ee16effb-50e2-4d6a-b5d5-179cd1971470 - - - - -] vault.cafile = None log_opt_values /usr/lib/python3/dist-packages/oslo_config/cfg.py:2609
2025-10-27 00:41:53.831 129090 DEBUG oslo_service.service [req-ee16effb-50e2-4d6a-b5d5-179cd1971470 - - - - -] vault.certfile = None log_opt_values /usr/lib/python3/dist-packages/oslo_config/cfg.py:2609
2025-10-27 00:41:53.831 129090 DEBUG oslo_service.service [req-ee16effb-50e2-4d6a-b5d5-179cd1971470 - - - - -] vault.collect_timing = False log_opt_values /usr/lib/python3/dist-packages/oslo_config/cfg.py:2609
2025-10-27 00:41:53.831 129090 DEBUG oslo_service.service [req-ee16effb-50e2-4d6a-b5d5-179cd1971470 - - - - -] vault.insecure = False log_opt_values /usr/lib/python3/dist-packages/oslo_config/cfg.py:2609
2025-10-27 00:41:53.832 129090 DEBUG oslo_service.service [req-ee16effb-50e2-4d6a-b5d5-179cd1971470 - - - - -] vault.keyfile = None log_opt_values /usr/lib/python3/dist-packages/oslo_config/cfg.py:2609
2025-10-27 00:41:53.832 129090 DEBUG oslo_service.service [req-ee16effb-50e2-4d6a-b5d5-179cd1971470 - - - - -] vault.kv_mountpoint = secret log_opt_values /usr/lib/python3/dist-packages/oslo_config/cfg.py:2609
2025-10-27 00:41:53.832 129090 DEBUG oslo_service.service [req-ee16effb-50e2-4d6a-b5d5-179cd1971470 - - - - -] vault.kv_version = 2 log_opt_values /usr/lib/python3/dist-packages/oslo_config/cfg.py:2609
2025-10-27 00:41:53.832 129090 DEBUG oslo_service.service [req-ee16effb-50e2-4d6a-b5d5-179cd1971470 - - - - -] vault.namespace = None log_opt_values /usr/lib/python3/dist-packages/oslo_config/cfg.py:2609
2025-10-27 00:41:53.832 129090 DEBUG oslo_service.service [req-ee16effb-50e2-4d6a-b5d5-179cd1971470 - - - - -] vault.root_token_id = None log_opt_values /usr/lib/python3/dist-packages/oslo_config/cfg.py:2609
2025-10-27 00:41:53.833 129090 DEBUG oslo_service.service [req-ee16effb-50e2-4d6a-b5d5-179cd1971470 - - - - -] vault.split_loggers = False log_opt_values /usr/lib/python3/dist-packages/oslo_config/cfg.py:2609
2025-10-27 00:41:53.833 129090 DEBUG oslo_service.service [req-ee16effb-50e2-4d6a-b5d5-179cd1971470 - - - - -] vault.ssl_ca_crt_file = None log_opt_values /usr/lib/python3/dist-packages/oslo_config/cfg.py:2609
2025-10-27 00:41:53.833 129090 DEBUG oslo_service.service [req-ee16effb-50e2-4d6a-b5d5-179cd1971470 - - - - -] vault.timeout = None log_opt_values /usr/lib/python3/dist-packages/oslo_config/cfg.py:2609
2025-10-27 00:41:53.833 129090 DEBUG oslo_service.service [req-ee16effb-50e2-4d6a-b5d5-179cd1971470 - - - - -] vault.use_ssl = False log_opt_values /usr/lib/python3/dist-packages/oslo_config/cfg.py:2609
2025-10-27 00:41:53.833 129090 DEBUG oslo_service.service [req-ee16effb-50e2-4d6a-b5d5-179cd1971470 - - - - -] vault.vault_url = http://127.0.0.1:8200 log_opt_values /usr/lib/python3/dist-packages/oslo_config/cfg.py:2609
2025-10-27 00:41:53.834 129090 DEBUG oslo_service.service [req-ee16effb-50e2-4d6a-b5d5-179cd1971470 - - - - -] keystone.cafile = None log_opt_values /usr/lib/python3/dist-packages/oslo_config/cfg.py:2609
2025-10-27 00:41:53.834 129090 DEBUG oslo_service.service [req-ee16effb-50e2-4d6a-b5d5-179cd1971470 - - - - -] keystone.certfile = None log_opt_values /usr/lib/python3/dist-packages/oslo_config/cfg.py:2609
2025-10-27 00:41:53.834 129090 DEBUG oslo_service.service [req-ee16effb-50e2-4d6a-b5d5-179cd1971470 - - - - -] keystone.collect_timing = False log_opt_values /usr/lib/python3/dist-packages/oslo_config/cfg.py:2609
2025-10-27 00:41:53.834 129090 DEBUG oslo_service.service [req-ee16effb-50e2-4d6a-b5d5-179cd1971470 - - - - -] keystone.connect_retries = None log_opt_values /usr/lib/python3/dist-packages/oslo_config/cfg.py:2609
2025-10-27 00:41:53.835 129090 DEBUG oslo_service.service [req-ee16effb-50e2-4d6a-b5d5-179cd1971470 - - - - -] keystone.connect_retry_delay = None log_opt_values /usr/lib/python3/dist-packages/oslo_config/cfg.py:2609
2025-10-27 00:41:53.835 129090 DEBUG oslo_service.service [req-ee16effb-50e2-4d6a-b5d5-179cd1971470 - - - - -] keystone.endpoint_override = None log_opt_values /usr/lib/python3/dist-packages/oslo_config/cfg.py:2609
2025-10-27 00:41:53.835 129090 DEBUG oslo_service.service [req-ee16effb-50e2-4d6a-b5d5-179cd1971470 - - - - -] keystone.insecure = False log_opt_values /usr/lib/python3/dist-packages/oslo_config/cfg.py:2609
2025-10-27 00:41:53.835 129090 DEBUG oslo_service.service [req-ee16effb-50e2-4d6a-b5d5-179cd1971470 - - - - -] keystone.keyfile = None log_opt_values /usr/lib/python3/dist-packages/oslo_config/cfg.py:2609
2025-10-27 00:41:53.835 129090 DEBUG oslo_service.service [req-ee16effb-50e2-4d6a-b5d5-179cd1971470 - - - - -] keystone.max_version = None log_opt_values /usr/lib/python3/dist-packages/oslo_config/cfg.py:2609
2025-10-27 00:41:53.836 129090 DEBUG oslo_service.service [req-ee16effb-50e2-4d6a-b5d5-179cd1971470 - - - - -] keystone.min_version = None log_opt_values /usr/lib/python3/dist-packages/oslo_config/cfg.py:2609
2025-10-27 00:41:53.836 129090 DEBUG oslo_service.service [req-ee16effb-50e2-4d6a-b5d5-179cd1971470 - - - - -] keystone.region_name = None log_opt_values /usr/lib/python3/dist-packages/oslo_config/cfg.py:2609
2025-10-27 00:41:53.836 129090 DEBUG oslo_service.service [req-ee16effb-50e2-4d6a-b5d5-179cd1971470 - - - - -] keystone.service_name = None log_opt_values /usr/lib/python3/dist-packages/oslo_config/cfg.py:2609
2025-10-27 00:41:53.836 129090 DEBUG oslo_service.service [req-ee16effb-50e2-4d6a-b5d5-179cd1971470 - - - - -] keystone.service_type = identity log_opt_values /usr/lib/python3/dist-packages/oslo_config/cfg.py:2609
2025-10-27 00:41:53.836 129090 DEBUG oslo_service.service [req-ee16effb-50e2-4d6a-b5d5-179cd1971470 - - - - -] keystone.split_loggers = False log_opt_values /usr/lib/python3/dist-packages/oslo_config/cfg.py:2609
2025-10-27 00:41:53.837 129090 DEBUG oslo_service.service [req-ee16effb-50e2-4d6a-b5d5-179cd1971470 - - - - -] keystone.status_code_retries = None log_opt_values /usr/lib/python3/dist-packages/oslo_config/cfg.py:2609
2025-10-27 00:41:53.837 129397 DEBUG oslo_messaging._drivers.amqpdriver [req-3360aff0-e12d-4a71-8dba-eb6ee43af731 - - - - -] sending reply msg_id: d0a8902b7b6b464681bcc6d2f08746fc reply queue: reply_b262cedf68974be6bc3751d1dc56e1a2 time elapsed: 0.014971778000017366s _send_reply /usr/lib/python3/dist-packages/oslo_messaging/_drivers/amqpdriver.py:118
2025-10-27 00:41:53.837 129090 DEBUG oslo_service.service [req-ee16effb-50e2-4d6a-b5d5-179cd1971470 - - - - -] keystone.status_code_retry_delay = None log_opt_values /usr/lib/python3/dist-packages/oslo_config/cfg.py:2609
2025-10-27 00:41:53.837 129090 DEBUG oslo_service.service [req-ee16effb-50e2-4d6a-b5d5-179cd1971470 - - - - -] keystone.timeout = None log_opt_values /usr/lib/python3/dist-packages/oslo_config/cfg.py:2609
2025-10-27 00:41:53.837 129090 DEBUG oslo_service.service [req-ee16effb-50e2-4d6a-b5d5-179cd1971470 - - - - -] keystone.valid_interfaces = ['internal', 'public'] log_opt_values /usr/lib/python3/dist-packages/oslo_config/cfg.py:2609
2025-10-27 00:41:53.837 129090 DEBUG oslo_service.service [req-ee16effb-50e2-4d6a-b5d5-179cd1971470 - - - - -] keystone.version = None log_opt_values /usr/lib/python3/dist-packages/oslo_config/cfg.py:2609
2025-10-27 00:41:53.838 129090 DEBUG oslo_service.service [req-ee16effb-50e2-4d6a-b5d5-179cd1971470 - - - - -] libvirt.connection_uri = log_opt_values /usr/lib/python3/dist-packages/oslo_config/cfg.py:2609
2025-10-27 00:41:53.838 129090 DEBUG oslo_service.service [req-ee16effb-50e2-4d6a-b5d5-179cd1971470 - - - - -] libvirt.cpu_mode = None log_opt_values /usr/lib/python3/dist-packages/oslo_config/cfg.py:2609
2025-10-27 00:41:53.838 129090 DEBUG oslo_service.service [req-ee16effb-50e2-4d6a-b5d5-179cd1971470 - - - - -] libvirt.cpu_model_extra_flags = [] log_opt_values /usr/lib/python3/dist-packages/oslo_config/cfg.py:2609
2025-10-27 00:41:53.838 129090 DEBUG oslo_service.service [req-ee16effb-50e2-4d6a-b5d5-179cd1971470 - - - - -] libvirt.cpu_models = [] log_opt_values /usr/lib/python3/dist-packages/oslo_config/cfg.py:2609
2025-10-27 00:41:53.839 129090 DEBUG oslo_service.service [req-ee16effb-50e2-4d6a-b5d5-179cd1971470 - - - - -] libvirt.device_detach_attempts = 8 log_opt_values /usr/lib/python3/dist-packages/oslo_config/cfg.py:2609
2025-10-27 00:41:53.839 129090 DEBUG oslo_service.service [req-ee16effb-50e2-4d6a-b5d5-179cd1971470 - - - - -] libvirt.device_detach_timeout = 20 log_opt_values /usr/lib/python3/dist-packages/oslo_config/cfg.py:2609
2025-10-27 00:41:53.839 129090 DEBUG oslo_service.service [req-ee16effb-50e2-4d6a-b5d5-179cd1971470 - - - - -] libvirt.disk_cachemodes = [] log_opt_values /usr/lib/python3/dist-packages/oslo_config/cfg.py:2609
2025-10-27 00:41:53.839 129090 DEBUG oslo_service.service [req-ee16effb-50e2-4d6a-b5d5-179cd1971470 - - - - -] libvirt.disk_prefix = None log_opt_values /usr/lib/python3/dist-packages/oslo_config/cfg.py:2609
2025-10-27 00:41:53.839 129090 DEBUG oslo_service.service [req-ee16effb-50e2-4d6a-b5d5-179cd1971470 - - - - -] libvirt.enabled_perf_events = [] log_opt_values /usr/lib/python3/dist-packages/oslo_config/cfg.py:2609
2025-10-27 00:41:53.840 129090 DEBUG oslo_service.service [req-ee16effb-50e2-4d6a-b5d5-179cd1971470 - - - - -] libvirt.file_backed_memory = 0 log_opt_values /usr/lib/python3/dist-packages/oslo_config/cfg.py:2609
2025-10-27 00:41:53.840 129090 DEBUG oslo_service.service [req-ee16effb-50e2-4d6a-b5d5-179cd1971470 - - - - -] libvirt.gid_maps = [] log_opt_values /usr/lib/python3/dist-packages/oslo_config/cfg.py:2609
2025-10-27 00:41:53.840 129090 DEBUG oslo_service.service [req-ee16effb-50e2-4d6a-b5d5-179cd1971470 - - - - -] libvirt.hw_disk_discard = None log_opt_values /usr/lib/python3/dist-packages/oslo_config/cfg.py:2609
2025-10-27 00:41:53.840 129090 DEBUG oslo_service.service [req-ee16effb-50e2-4d6a-b5d5-179cd1971470 - - - - -] libvirt.hw_machine_type = None log_opt_values /usr/lib/python3/dist-packages/oslo_config/cfg.py:2609
2025-10-27 00:41:53.840 129090 DEBUG oslo_service.service [req-ee16effb-50e2-4d6a-b5d5-179cd1971470 - - - - -] libvirt.images_rbd_ceph_conf = log_opt_values /usr/lib/python3/dist-packages/oslo_config/cfg.py:2609
2025-10-27 00:41:53.841 129090 DEBUG oslo_service.service [req-ee16effb-50e2-4d6a-b5d5-179cd1971470 - - - - -] libvirt.images_rbd_glance_copy_poll_interval = 15 log_opt_values /usr/lib/python3/dist-packages/oslo_config/cfg.py:2609
2025-10-27 00:41:53.841 129090 DEBUG oslo_service.service [req-ee16effb-50e2-4d6a-b5d5-179cd1971470 - - - - -] libvirt.images_rbd_glance_copy_timeout = 600 log_opt_values /usr/lib/python3/dist-packages/oslo_config/cfg.py:2609
2025-10-27 00:41:53.841 129090 DEBUG oslo_service.service [req-ee16effb-50e2-4d6a-b5d5-179cd1971470 - - - - -] libvirt.images_rbd_glance_store_name = log_opt_values /usr/lib/python3/dist-packages/oslo_config/cfg.py:2609
2025-10-27 00:41:53.841 129090 DEBUG oslo_service.service [req-ee16effb-50e2-4d6a-b5d5-179cd1971470 - - - - -] libvirt.images_rbd_pool = rbd log_opt_values /usr/lib/python3/dist-packages/oslo_config/cfg.py:2609
2025-10-27 00:41:53.841 129090 DEBUG oslo_service.service [req-ee16effb-50e2-4d6a-b5d5-179cd1971470 - - - - -] libvirt.images_type = default log_opt_values /usr/lib/python3/dist-packages/oslo_config/cfg.py:2609
2025-10-27 00:41:53.841 129396 DEBUG oslo_messaging._drivers.amqpdriver [-] received message msg_id: bbf18e037ed0419b8eff4f77b802fe93 reply to reply_b262cedf68974be6bc3751d1dc56e1a2 __call__ /usr/lib/python3/dist-packages/oslo_messaging/_drivers/amqpdriver.py:320
2025-10-27 00:41:53.842 129090 DEBUG oslo_service.service [req-ee16effb-50e2-4d6a-b5d5-179cd1971470 - - - - -] libvirt.images_volume_group = None log_opt_values /usr/lib/python3/dist-packages/oslo_config/cfg.py:2609
2025-10-27 00:41:53.842 129396 DEBUG oslo_messaging._drivers.amqpdriver [-] Listener is running poll /usr/lib/python3/dist-packages/oslo_messaging/_drivers/amqpdriver.py:343
2025-10-27 00:41:53.842 129396 DEBUG oslo_messaging._drivers.amqpdriver [-] Poll the incoming message with unique_id: 836fe79c5e234f588dca4e235d244b1a poll /usr/lib/python3/dist-packages/oslo_messaging/_drivers/amqpdriver.py:346
2025-10-27 00:41:53.842 129090 DEBUG oslo_service.service [req-ee16effb-50e2-4d6a-b5d5-179cd1971470 - - - - -] libvirt.inject_key = False log_opt_values /usr/lib/python3/dist-packages/oslo_config/cfg.py:2609
2025-10-27 00:41:53.842 129396 DEBUG oslo_messaging._drivers.amqpdriver [-] Listener is running poll /usr/lib/python3/dist-packages/oslo_messaging/_drivers/amqpdriver.py:343
2025-10-27 00:41:53.842 129396 DEBUG oslo_messaging._drivers.amqpdriver [-] AMQPListener connection consume poll /usr/lib/python3/dist-packages/oslo_messaging/_drivers/amqpdriver.py:357
2025-10-27 00:41:53.842 129090 DEBUG oslo_service.service [req-ee16effb-50e2-4d6a-b5d5-179cd1971470 - - - - -] libvirt.inject_partition = -2 log_opt_values /usr/lib/python3/dist-packages/oslo_config/cfg.py:2609
2025-10-27 00:41:53.842 129090 DEBUG oslo_service.service [req-ee16effb-50e2-4d6a-b5d5-179cd1971470 - - - - -] libvirt.inject_password = False log_opt_values /usr/lib/python3/dist-packages/oslo_config/cfg.py:2609
2025-10-27 00:41:53.843 129090 DEBUG oslo_service.service [req-ee16effb-50e2-4d6a-b5d5-179cd1971470 - - - - -] libvirt.iscsi_iface = None log_opt_values /usr/lib/python3/dist-packages/oslo_config/cfg.py:2609
2025-10-27 00:41:53.843 129090 DEBUG oslo_service.service [req-ee16effb-50e2-4d6a-b5d5-179cd1971470 - - - - -] libvirt.iser_use_multipath = False log_opt_values /usr/lib/python3/dist-packages/oslo_config/cfg.py:2609
2025-10-27 00:41:53.843 129090 DEBUG oslo_service.service [req-ee16effb-50e2-4d6a-b5d5-179cd1971470 - - - - -] libvirt.live_migration_bandwidth = 0 log_opt_values /usr/lib/python3/dist-packages/oslo_config/cfg.py:2609
2025-10-27 00:41:53.843 129090 DEBUG oslo_service.service [req-ee16effb-50e2-4d6a-b5d5-179cd1971470 - - - - -] libvirt.live_migration_completion_timeout = 800 log_opt_values /usr/lib/python3/dist-packages/oslo_config/cfg.py:2609
2025-10-27 00:41:53.843 129090 DEBUG oslo_service.service [req-ee16effb-50e2-4d6a-b5d5-179cd1971470 - - - - -] libvirt.live_migration_downtime = 500 log_opt_values /usr/lib/python3/dist-packages/oslo_config/cfg.py:2609
2025-10-27 00:41:53.844 129090 DEBUG oslo_service.service [req-ee16effb-50e2-4d6a-b5d5-179cd1971470 - - - - -] libvirt.live_migration_downtime_delay = 75 log_opt_values /usr/lib/python3/dist-packages/oslo_config/cfg.py:2609
2025-10-27 00:41:53.844 129090 DEBUG oslo_service.service [req-ee16effb-50e2-4d6a-b5d5-179cd1971470 - - - - -] libvirt.live_migration_downtime_steps = 10 log_opt_values /usr/lib/python3/dist-packages/oslo_config/cfg.py:2609
2025-10-27 00:41:53.844 129090 DEBUG oslo_service.service [req-ee16effb-50e2-4d6a-b5d5-179cd1971470 - - - - -] libvirt.live_migration_inbound_addr = None log_opt_values /usr/lib/python3/dist-packages/oslo_config/cfg.py:2609
2025-10-27 00:41:53.844 129090 DEBUG oslo_service.service [req-ee16effb-50e2-4d6a-b5d5-179cd1971470 - - - - -] libvirt.live_migration_permit_auto_converge = False log_opt_values /usr/lib/python3/dist-packages/oslo_config/cfg.py:2609
2025-10-27 00:41:53.844 129090 DEBUG oslo_service.service [req-ee16effb-50e2-4d6a-b5d5-179cd1971470 - - - - -] libvirt.live_migration_permit_post_copy = False log_opt_values /usr/lib/python3/dist-packages/oslo_config/cfg.py:2609
2025-10-27 00:41:53.845 129090 DEBUG oslo_service.service [req-ee16effb-50e2-4d6a-b5d5-179cd1971470 - - - - -] libvirt.live_migration_scheme = None log_opt_values /usr/lib/python3/dist-packages/oslo_config/cfg.py:2609
2025-10-27 00:41:53.845 129090 DEBUG oslo_service.service [req-ee16effb-50e2-4d6a-b5d5-179cd1971470 - - - - -] libvirt.live_migration_timeout_action = abort log_opt_values /usr/lib/python3/dist-packages/oslo_config/cfg.py:2609
2025-10-27 00:41:53.845 129090 DEBUG oslo_service.service [req-ee16effb-50e2-4d6a-b5d5-179cd1971470 - - - - -] libvirt.live_migration_tunnelled = False log_opt_values /usr/lib/python3/dist-packages/oslo_config/cfg.py:2609
2025-10-27 00:41:53.845 129396 DEBUG oslo_messaging._drivers.amqpdriver [-] AMQPListener connection timeout poll /usr/lib/python3/dist-packages/oslo_messaging/_drivers/amqpdriver.py:360
2025-10-27 00:41:53.845 129396 DEBUG oslo_messaging._drivers.amqpdriver [-] Listener is running poll /usr/lib/python3/dist-packages/oslo_messaging/_drivers/amqpdriver.py:343
2025-10-27 00:41:53.845 129090 DEBUG oslo_service.service [req-ee16effb-50e2-4d6a-b5d5-179cd1971470 - - - - -] libvirt.live_migration_uri = None log_opt_values /usr/lib/python3/dist-packages/oslo_config/cfg.py:2609
2025-10-27 00:41:53.845 129396 DEBUG oslo_messaging._drivers.amqpdriver [-] AMQPListener connection consume poll /usr/lib/python3/dist-packages/oslo_messaging/_drivers/amqpdriver.py:357
2025-10-27 00:41:53.845 129090 DEBUG oslo_service.service [req-ee16effb-50e2-4d6a-b5d5-179cd1971470 - - - - -] libvirt.live_migration_with_native_tls = False log_opt_values /usr/lib/python3/dist-packages/oslo_config/cfg.py:2609
2025-10-27 00:41:53.846 129090 DEBUG oslo_service.service [req-ee16effb-50e2-4d6a-b5d5-179cd1971470 - - - - -] libvirt.max_queues = None log_opt_values /usr/lib/python3/dist-packages/oslo_config/cfg.py:2609
2025-10-27 00:41:53.846 129090 DEBUG oslo_service.service [req-ee16effb-50e2-4d6a-b5d5-179cd1971470 - - - - -] libvirt.mem_stats_period_seconds = 10 log_opt_values /usr/lib/python3/dist-packages/oslo_config/cfg.py:2609
2025-10-27 00:41:53.846 129090 DEBUG oslo_service.service [req-ee16effb-50e2-4d6a-b5d5-179cd1971470 - - - - -] libvirt.nfs_mount_options = None log_opt_values /usr/lib/python3/dist-packages/oslo_config/cfg.py:2609
2025-10-27 00:41:53.846 129090 DEBUG oslo_service.service [req-ee16effb-50e2-4d6a-b5d5-179cd1971470 - - - - -] libvirt.nfs_mount_point_base = /var/lib/nova/mnt log_opt_values /usr/lib/python3/dist-packages/oslo_config/cfg.py:2609
2025-10-27 00:41:53.847 129090 DEBUG oslo_service.service [req-ee16effb-50e2-4d6a-b5d5-179cd1971470 - - - - -] libvirt.num_aoe_discover_tries = 3 log_opt_values /usr/lib/python3/dist-packages/oslo_config/cfg.py:2609
2025-10-27 00:41:53.847 129090 DEBUG oslo_service.service [req-ee16effb-50e2-4d6a-b5d5-179cd1971470 - - - - -] libvirt.num_iser_scan_tries = 5 log_opt_values /usr/lib/python3/dist-packages/oslo_config/cfg.py:2609
