2025-10-27 00:41:53.762 129090 DEBUG oslo_service.service [req-ee16effb-50e2-4d6a-b5d5-179cd1971470 - - - - -] max_concurrent_builds = 10 log_opt_values /usr/lib/python3/dist-packages/oslo_config/cfg.py:2602
2025-10-27 00:41:53.762 129090 DEBUG oslo_service.service [req-ee16effb-50e2-4d6a-b5d5-179cd1971470 - - - - -] max_concurrent_live_migrations = 1 log_opt_values /usr/lib/python3/dist-packages/oslo_config/cfg.py:2602
2025-10-27 00:41:53.762 129090 DEBUG oslo_service.service [req-ee16effb-50e2-4d6a-b5d5-179cd1971470 - - - - -] max_concurrent_snapshots = 5 log_opt_values /usr/lib/python3/dist-packages/oslo_config/cfg.py:2602
2025-10-27 00:41:53.762 129090 DEBUG oslo_service.service [req-ee16effb-50e2-4d6a-b5d5-179cd1971470 - - - - -] max_local_block_devices = 3 log_opt_values /usr/lib/python3/dist-packages/oslo_config/cfg.py:2602
2025-10-27 00:41:53.762 129090 DEBUG oslo_service.service [req-ee16effb-50e2-4d6a-b5d5-179cd1971470 - - - - -] max_logfile_count = 30 log_opt_values /usr/lib/python3/dist-packages/oslo_config/cfg.py:2602
2025-10-27 00:41:53.762 129090 DEBUG oslo_service.service [req-ee16effb-50e2-4d6a-b5d5-179cd1971470 - - - - -] max_logfile_size_mb = 200 log_opt_values /usr/lib/python3/dist-packages/oslo_config/cfg.py:2602
2025-10-27 00:41:53.763 129090 DEBUG oslo_service.service [req-ee16effb-50e2-4d6a-b5d5-179cd1971470 - - - - -] maximum_instance_delete_attempts = 5 log_opt_values /usr/lib/python3/dist-packages/oslo_config/cfg.py:2602
2025-10-27 00:41:53.763 129090 DEBUG oslo_service.service [req-ee16effb-50e2-4d6a-b5d5-179cd1971470 - - - - -] metadata_listen = 0.0.0.0 log_opt_values /usr/lib/python3/dist-packages/oslo_config/cfg.py:2602
2025-10-27 00:41:53.763 129090 DEBUG oslo_service.service [req-ee16effb-50e2-4d6a-b5d5-179cd1971470 - - - - -] metadata_listen_port = 8765 log_opt_values /usr/lib/python3/dist-packages/oslo_config/cfg.py:2602
2025-10-27 00:41:53.763 129397 DEBUG nova.service [req-1f3a0562-c847-48a0-b5b1-ccb626f6f184 - - - - -] Creating RPC server for service conductor start /usr/lib/python3/dist-packages/nova/service.py:182
2025-10-27 00:41:53.763 129090 DEBUG oslo_service.service [req-ee16effb-50e2-4d6a-b5d5-179cd1971470 - - - - -] metadata_workers = None log_opt_values /usr/lib/python3/dist-packages/oslo_config/cfg.py:2602
2025-10-27 00:41:53.764 129090 DEBUG oslo_service.service [req-ee16effb-50e2-4d6a-b5d5-179cd1971470 - - - - -] migrate_max_retries = -1 log_opt_values /usr/lib/python3/dist-packages/oslo_config/cfg.py:2602
2025-10-27 00:41:53.764 129090 DEBUG oslo_service.service [req-ee16effb-50e2-4d6a-b5d5-179cd1971470 - - - - -] mkisofs_cmd = genisoimage log_opt_values /usr/lib/python3/dist-packages/oslo_config/cfg.py:2602
2025-10-27 00:41:53.764 129090 DEBUG oslo_service.service [req-ee16effb-50e2-4d6a-b5d5-179cd1971470 - - - - -] my_block_storage_ip = 252.27.108.123 log_opt_values /usr/lib/python3/dist-packages/oslo_config/cfg.py:2602
2025-10-27 00:41:53.764 129090 DEBUG oslo_service.service [req-ee16effb-50e2-4d6a-b5d5-179cd1971470 - - - - -] my_ip = 252.27.108.123 log_opt_values /usr/lib/python3/dist-packages/oslo_config/cfg.py:2602
2025-10-27 00:41:53.765 129090 DEBUG oslo_service.service [req-ee16effb-50e2-4d6a-b5d5-179cd1971470 - - - - -] network_allocate_retries = 0 log_opt_values /usr/lib/python3/dist-packages/oslo_config/cfg.py:2602
2025-10-27 00:41:53.765 129090 DEBUG oslo_service.service [req-ee16effb-50e2-4d6a-b5d5-179cd1971470 - - - - -] non_inheritable_image_properties = ['cache_in_nova', 'bittorrent'] log_opt_values /usr/lib/python3/dist-packages/oslo_config/cfg.py:2602
2025-10-27 00:41:53.765 129090 DEBUG oslo_service.service [req-ee16effb-50e2-4d6a-b5d5-179cd1971470 - - - - -] osapi_compute_listen = 0.0.0.0 log_opt_values /usr/lib/python3/dist-packages/oslo_config/cfg.py:2602
2025-10-27 00:41:53.765 129090 DEBUG oslo_service.service [req-ee16effb-50e2-4d6a-b5d5-179cd1971470 - - - - -] osapi_compute_listen_port = 8764 log_opt_values /usr/lib/python3/dist-packages/oslo_config/cfg.py:2602
2025-10-27 00:41:53.765 129090 DEBUG oslo_service.service [req-ee16effb-50e2-4d6a-b5d5-179cd1971470 - - - - -] osapi_compute_unique_server_name_scope = log_opt_values /usr/lib/python3/dist-packages/oslo_config/cfg.py:2602
2025-10-27 00:41:53.766 129090 DEBUG oslo_service.service [req-ee16effb-50e2-4d6a-b5d5-179cd1971470 - - - - -] osapi_compute_workers = 4 log_opt_values /usr/lib/python3/dist-packages/oslo_config/cfg.py:2602
2025-10-27 00:41:53.766 129090 DEBUG oslo_service.service [req-ee16effb-50e2-4d6a-b5d5-179cd1971470 - - - - -] password_length = 12 log_opt_values /usr/lib/python3/dist-packages/oslo_config/cfg.py:2602
2025-10-27 00:41:53.766 129090 DEBUG oslo_service.service [req-ee16effb-50e2-4d6a-b5d5-179cd1971470 - - - - -] periodic_enable = True log_opt_values /usr/lib/python3/dist-packages/oslo_config/cfg.py:2602
2025-10-27 00:41:53.766 129090 DEBUG oslo_service.service [req-ee16effb-50e2-4d6a-b5d5-179cd1971470 - - - - -] periodic_fuzzy_delay = 60 log_opt_values /usr/lib/python3/dist-packages/oslo_config/cfg.py:2602
2025-10-27 00:41:53.766 129090 DEBUG oslo_service.service [req-ee16effb-50e2-4d6a-b5d5-179cd1971470 - - - - -] pointer_model = usbtablet log_opt_values /usr/lib/python3/dist-packages/oslo_config/cfg.py:2602
2025-10-27 00:41:53.766 129090 DEBUG oslo_service.service [req-ee16effb-50e2-4d6a-b5d5-179cd1971470 - - - - -] preallocate_images = none log_opt_values /usr/lib/python3/dist-packages/oslo_config/cfg.py:2602
2025-10-27 00:41:53.767 129090 DEBUG oslo_service.service [req-ee16effb-50e2-4d6a-b5d5-179cd1971470 - - - - -] publish_errors = False log_opt_values /usr/lib/python3/dist-packages/oslo_config/cfg.py:2602
2025-10-27 00:41:53.767 129090 DEBUG oslo_service.service [req-ee16effb-50e2-4d6a-b5d5-179cd1971470 - - - - -] pybasedir = /usr/lib/python3/dist-packages log_opt_values /usr/lib/python3/dist-packages/oslo_config/cfg.py:2602
2025-10-27 00:41:53.767 129090 DEBUG oslo_service.service [req-ee16effb-50e2-4d6a-b5d5-179cd1971470 - - - - -] ram_allocation_ratio = 0.98 log_opt_values /usr/lib/python3/dist-packages/oslo_config/cfg.py:2602
2025-10-27 00:41:53.767 129090 DEBUG oslo_service.service [req-ee16effb-50e2-4d6a-b5d5-179cd1971470 - - - - -] rate_limit_burst = 0 log_opt_values /usr/lib/python3/dist-packages/oslo_config/cfg.py:2602
2025-10-27 00:41:53.768 129090 DEBUG oslo_service.service [req-ee16effb-50e2-4d6a-b5d5-179cd1971470 - - - - -] rate_limit_except_level = CRITICAL log_opt_values /usr/lib/python3/dist-packages/oslo_config/cfg.py:2602
2025-10-27 00:41:53.768 129090 DEBUG oslo_service.service [req-ee16effb-50e2-4d6a-b5d5-179cd1971470 - - - - -] rate_limit_interval = 0 log_opt_values /usr/lib/python3/dist-packages/oslo_config/cfg.py:2602
2025-10-27 00:41:53.768 129090 DEBUG oslo_service.service [req-ee16effb-50e2-4d6a-b5d5-179cd1971470 - - - - -] reboot_timeout = 0 log_opt_values /usr/lib/python3/dist-packages/oslo_config/cfg.py:2602
2025-10-27 00:41:53.768 129090 DEBUG oslo_service.service [req-ee16effb-50e2-4d6a-b5d5-179cd1971470 - - - - -] reclaim_instance_interval = 0 log_opt_values /usr/lib/python3/dist-packages/oslo_config/cfg.py:2602
2025-10-27 00:41:53.768 129090 DEBUG oslo_service.service [req-ee16effb-50e2-4d6a-b5d5-179cd1971470 - - - - -] record = None log_opt_values /usr/lib/python3/dist-packages/oslo_config/cfg.py:2602
2025-10-27 00:41:53.769 129090 DEBUG oslo_service.service [req-ee16effb-50e2-4d6a-b5d5-179cd1971470 - - - - -] report_interval = 10 log_opt_values /usr/lib/python3/dist-packages/oslo_config/cfg.py:2602
2025-10-27 00:41:53.769 129090 DEBUG oslo_service.service [req-ee16effb-50e2-4d6a-b5d5-179cd1971470 - - - - -] rescue_timeout = 0 log_opt_values /usr/lib/python3/dist-packages/oslo_config/cfg.py:2602
2025-10-27 00:41:53.769 129090 DEBUG oslo_service.service [req-ee16effb-50e2-4d6a-b5d5-179cd1971470 - - - - -] reserved_host_cpus = 0 log_opt_values /usr/lib/python3/dist-packages/oslo_config/cfg.py:2602
2025-10-27 00:41:53.769 129090 DEBUG oslo_service.service [req-ee16effb-50e2-4d6a-b5d5-179cd1971470 - - - - -] reserved_host_disk_mb = 0 log_opt_values /usr/lib/python3/dist-packages/oslo_config/cfg.py:2602
2025-10-27 00:41:53.770 129090 DEBUG oslo_service.service [req-ee16effb-50e2-4d6a-b5d5-179cd1971470 - - - - -] reserved_host_memory_mb = 512 log_opt_values /usr/lib/python3/dist-packages/oslo_config/cfg.py:2602
2025-10-27 00:41:53.770 129090 DEBUG oslo_service.service [req-ee16effb-50e2-4d6a-b5d5-179cd1971470 - - - - -] reserved_huge_pages = None log_opt_values /usr/lib/python3/dist-packages/oslo_config/cfg.py:2602
2025-10-27 00:41:53.770 129090 DEBUG oslo_service.service [req-ee16effb-50e2-4d6a-b5d5-179cd1971470 - - - - -] resize_confirm_window = 0 log_opt_values /usr/lib/python3/dist-packages/oslo_config/cfg.py:2602
2025-10-27 00:41:53.770 129090 DEBUG oslo_service.service [req-ee16effb-50e2-4d6a-b5d5-179cd1971470 - - - - -] resize_fs_using_block_device = False log_opt_values /usr/lib/python3/dist-packages/oslo_config/cfg.py:2602
2025-10-27 00:41:53.770 129090 DEBUG oslo_service.service [req-ee16effb-50e2-4d6a-b5d5-179cd1971470 - - - - -] resume_guests_state_on_host_boot = False log_opt_values /usr/lib/python3/dist-packages/oslo_config/cfg.py:2602
2025-10-27 00:41:53.770 129398 DEBUG nova.service [req-11ad19d0-3e22-4551-a270-476e7aa3c38c - - - - -] Creating RPC server for service conductor start /usr/lib/python3/dist-packages/nova/service.py:182
2025-10-27 00:41:53.771 129090 DEBUG oslo_service.service [req-ee16effb-50e2-4d6a-b5d5-179cd1971470 - - - - -] rootwrap_config = /etc/nova/rootwrap.conf log_opt_values /usr/lib/python3/dist-packages/oslo_config/cfg.py:2602
2025-10-27 00:41:53.771 129090 DEBUG oslo_service.service [req-ee16effb-50e2-4d6a-b5d5-179cd1971470 - - - - -] rpc_response_timeout = 60 log_opt_values /usr/lib/python3/dist-packages/oslo_config/cfg.py:2602
2025-10-27 00:41:53.771 129090 DEBUG oslo_service.service [req-ee16effb-50e2-4d6a-b5d5-179cd1971470 - - - - -] run_external_periodic_tasks = True log_opt_values /usr/lib/python3/dist-packages/oslo_config/cfg.py:2602
2025-10-27 00:41:53.771 129090 DEBUG oslo_service.service [req-ee16effb-50e2-4d6a-b5d5-179cd1971470 - - - - -] running_deleted_instance_action = reap log_opt_values /usr/lib/python3/dist-packages/oslo_config/cfg.py:2602
2025-10-27 00:41:53.771 129090 DEBUG oslo_service.service [req-ee16effb-50e2-4d6a-b5d5-179cd1971470 - - - - -] running_deleted_instance_poll_interval = 1800 log_opt_values /usr/lib/python3/dist-packages/oslo_config/cfg.py:2602
2025-10-27 00:41:53.771 129090 DEBUG oslo_service.service [req-ee16effb-50e2-4d6a-b5d5-179cd1971470 - - - - -] running_deleted_instance_timeout = 0 log_opt_values /usr/lib/python3/dist-packages/oslo_config/cfg.py:2602
2025-10-27 00:41:53.772 129090 DEBUG oslo_service.service [req-ee16effb-50e2-4d6a-b5d5-179cd1971470 - - - - -] scheduler_instance_sync_interval = 120 log_opt_values /usr/lib/python3/dist-packages/oslo_config/cfg.py:2602
2025-10-27 00:41:53.772 129090 DEBUG oslo_service.service [req-ee16effb-50e2-4d6a-b5d5-179cd1971470 - - - - -] service_down_time = 60 log_opt_values /usr/lib/python3/dist-packages/oslo_config/cfg.py:2602
2025-10-27 00:41:53.772 129090 DEBUG oslo_service.service [req-ee16effb-50e2-4d6a-b5d5-179cd1971470 - - - - -] servicegroup_driver = db log_opt_values /usr/lib/python3/dist-packages/oslo_config/cfg.py:2602
2025-10-27 00:41:53.772 129090 DEBUG oslo_service.service [req-ee16effb-50e2-4d6a-b5d5-179cd1971470 - - - - -] shelved_offload_time = 0 log_opt_values /usr/lib/python3/dist-packages/oslo_config/cfg.py:2602
2025-10-27 00:41:53.772 129090 DEBUG oslo_service.service [req-ee16effb-50e2-4d6a-b5d5-179cd1971470 - - - - -] shelved_poll_interval = 3600 log_opt_values /usr/lib/python3/dist-packages/oslo_config/cfg.py:2602
2025-10-27 00:41:53.772 129090 DEBUG oslo_service.service [req-ee16effb-50e2-4d6a-b5d5-179cd1971470 - - - - -] shutdown_timeout = 60 log_opt_values /usr/lib/python3/dist-packages/oslo_config/cfg.py:2602
2025-10-27 00:41:53.773 129090 DEBUG oslo_service.service [req-ee16effb-50e2-4d6a-b5d5-179cd1971470 - - - - -] source_is_ipv6 = False log_opt_values /usr/lib/python3/dist-packages/oslo_config/cfg.py:2602
2025-10-27 00:41:53.773 129090 DEBUG oslo_service.service [req-ee16effb-50e2-4d6a-b5d5-179cd1971470 - - - - -] ssl_only = False log_opt_values /usr/lib/python3/dist-packages/oslo_config/cfg.py:2602
2025-10-27 00:41:53.773 129090 DEBUG oslo_service.service [req-ee16effb-50e2-4d6a-b5d5-179cd1971470 - - - - -] state_path = /var/lib/nova log_opt_values /usr/lib/python3/dist-packages/oslo_config/cfg.py:2602
2025-10-27 00:41:53.773 129090 DEBUG oslo_service.service [req-ee16effb-50e2-4d6a-b5d5-179cd1971470 - - - - -] sync_power_state_interval = 600 log_opt_values /usr/lib/python3/dist-packages/oslo_config/cfg.py:2602
2025-10-27 00:41:53.773 129090 DEBUG oslo_service.service [req-ee16effb-50e2-4d6a-b5d5-179cd1971470 - - - - -] sync_power_state_pool_size = 1000 log_opt_values /usr/lib/python3/dist-packages/oslo_config/cfg.py:2602
2025-10-27 00:41:53.773 129399 DEBUG nova.service [req-a5bfd264-526b-4574-bb51-d6fb364067c6 - - - - -] Creating RPC server for service conductor start /usr/lib/python3/dist-packages/nova/service.py:182
2025-10-27 00:41:53.773 129090 DEBUG oslo_service.service [req-ee16effb-50e2-4d6a-b5d5-179cd1971470 - - - - -] syslog_log_facility = LOG_USER log_opt_values /usr/lib/python3/dist-packages/oslo_config/cfg.py:2602
2025-10-27 00:41:53.774 129090 DEBUG oslo_service.service [req-ee16effb-50e2-4d6a-b5d5-179cd1971470 - - - - -] tempdir = None log_opt_values /usr/lib/python3/dist-packages/oslo_config/cfg.py:2602
2025-10-27 00:41:53.774 129090 DEBUG oslo_service.service [req-ee16effb-50e2-4d6a-b5d5-179cd1971470 - - - - -] timeout_nbd = 10 log_opt_values /usr/lib/python3/dist-packages/oslo_config/cfg.py:2602
2025-10-27 00:41:53.774 129090 DEBUG oslo_service.service [req-ee16effb-50e2-4d6a-b5d5-179cd1971470 - - - - -] transport_url = **** log_opt_values /usr/lib/python3/dist-packages/oslo_config/cfg.py:2602
2025-10-27 00:41:53.774 129090 DEBUG oslo_service.service [req-ee16effb-50e2-4d6a-b5d5-179cd1971470 - - - - -] update_resources_interval = 0 log_opt_values /usr/lib/python3/dist-packages/oslo_config/cfg.py:2602
2025-10-27 00:41:53.774 129090 DEBUG oslo_service.service [req-ee16effb-50e2-4d6a-b5d5-179cd1971470 - - - - -] use_cow_images = True log_opt_values /usr/lib/python3/dist-packages/oslo_config/cfg.py:2602
2025-10-27 00:41:53.774 129090 DEBUG oslo_service.service [req-ee16effb-50e2-4d6a-b5d5-179cd1971470 - - - - -] use_eventlog = False log_opt_values /usr/lib/python3/dist-packages/oslo_config/cfg.py:2602
2025-10-27 00:41:53.775 129090 DEBUG oslo_service.service [req-ee16effb-50e2-4d6a-b5d5-179cd1971470 - - - - -] use_journal = False log_opt_values /usr/lib/python3/dist-packages/oslo_config/cfg.py:2602
2025-10-27 00:41:53.775 129090 DEBUG oslo_service.service [req-ee16effb-50e2-4d6a-b5d5-179cd1971470 - - - - -] use_json = False log_opt_values /usr/lib/python3/dist-packages/oslo_config/cfg.py:2602
2025-10-27 00:41:53.775 129090 DEBUG oslo_service.service [req-ee16effb-50e2-4d6a-b5d5-179cd1971470 - - - - -] use_rootwrap_daemon = False log_opt_values /usr/lib/python3/dist-packages/oslo_config/cfg.py:2602
2025-10-27 00:41:53.775 129090 DEBUG oslo_service.service [req-ee16effb-50e2-4d6a-b5d5-179cd1971470 - - - - -] use_stderr = False log_opt_values /usr/lib/python3/dist-packages/oslo_config/cfg.py:2602
2025-10-27 00:41:53.775 129090 DEBUG oslo_service.service [req-ee16effb-50e2-4d6a-b5d5-179cd1971470 - - - - -] use_syslog = False log_opt_values /usr/lib/python3/dist-packages/oslo_config/cfg.py:2602
2025-10-27 00:41:53.776 129090 DEBUG oslo_service.service [req-ee16effb-50e2-4d6a-b5d5-179cd1971470 - - - - -] vcpu_pin_set = None log_opt_values /usr/lib/python3/dist-packages/oslo_config/cfg.py:2602
2025-10-27 00:41:53.776 129090 DEBUG oslo_service.service [req-ee16effb-50e2-4d6a-b5d5-179cd1971470 - - - - -] vif_plugging_is_fatal = True log_opt_values /usr/lib/python3/dist-packages/oslo_config/cfg.py:2602
2025-10-27 00:41:53.776 129090 DEBUG oslo_service.service [req-ee16effb-50e2-4d6a-b5d5-179cd1971470 - - - - -] vif_plugging_timeout = 300 log_opt_values /usr/lib/python3/dist-packages/oslo_config/cfg.py:2602
2025-10-27 00:41:53.776 129090 DEBUG oslo_service.service [req-ee16effb-50e2-4d6a-b5d5-179cd1971470 - - - - -] virt_mkfs = [] log_opt_values /usr/lib/python3/dist-packages/oslo_config/cfg.py:2602
2025-10-27 00:41:53.776 129090 DEBUG oslo_service.service [req-ee16effb-50e2-4d6a-b5d5-179cd1971470 - - - - -] volume_usage_poll_interval = 0 log_opt_values /usr/lib/python3/dist-packages/oslo_config/cfg.py:2602
2025-10-27 00:41:53.776 129090 DEBUG oslo_service.service [req-ee16effb-50e2-4d6a-b5d5-179cd1971470 - - - - -] watch_log_file = False log_opt_values /usr/lib/python3/dist-packages/oslo_config/cfg.py:2602
2025-10-27 00:41:53.777 129090 DEBUG oslo_service.service [req-ee16effb-50e2-4d6a-b5d5-179cd1971470 - - - - -] web = /usr/share/spice-html5 log_opt_values /usr/lib/python3/dist-packages/oslo_config/cfg.py:2602
2025-10-27 00:41:53.777 129090 DEBUG oslo_service.service [req-ee16effb-50e2-4d6a-b5d5-179cd1971470 - - - - -] oslo_concurrency.disable_process_locking = False log_opt_values /usr/lib/python3/dist-packages/oslo_config/cfg.py:2609
2025-10-27 00:41:53.777 129090 DEBUG oslo_service.service [req-ee16effb-50e2-4d6a-b5d5-179cd1971470 - - - - -] oslo_concurrency.lock_path = /var/lock/nova log_opt_values /usr/lib/python3/dist-packages/oslo_config/cfg.py:2609
2025-10-27 00:41:53.777 129090 DEBUG oslo_service.service [req-ee16effb-50e2-4d6a-b5d5-179cd1971470 - - - - -] oslo_messaging_metrics.metrics_buffer_size = 1000 log_opt_values /usr/lib/python3/dist-packages/oslo_config/cfg.py:2609
2025-10-27 00:41:53.778 129090 DEBUG oslo_service.service [req-ee16effb-50e2-4d6a-b5d5-179cd1971470 - - - - -] oslo_messaging_metrics.metrics_enabled = False log_opt_values /usr/lib/python3/dist-packages/oslo_config/cfg.py:2609
2025-10-27 00:41:53.778 129090 DEBUG oslo_service.service [req-ee16effb-50e2-4d6a-b5d5-179cd1971470 - - - - -] oslo_messaging_metrics.metrics_process_name = log_opt_values /usr/lib/python3/dist-packages/oslo_config/cfg.py:2609
2025-10-27 00:41:53.778 129090 DEBUG oslo_service.service [req-ee16effb-50e2-4d6a-b5d5-179cd1971470 - - - - -] oslo_messaging_metrics.metrics_socket_file = /var/tmp/metrics_collector.sock log_opt_values /usr/lib/python3/dist-packages/oslo_config/cfg.py:2609
2025-10-27 00:41:53.778 129090 DEBUG oslo_service.service [req-ee16effb-50e2-4d6a-b5d5-179cd1971470 - - - - -] oslo_messaging_metrics.metrics_thread_stop_timeout = 10 log_opt_values /usr/lib/python3/dist-packages/oslo_config/cfg.py:2609
2025-10-27 00:41:53.778 129090 WARNING oslo_config.cfg [req-ee16effb-50e2-4d6a-b5d5-179cd1971470 - - - - -] Deprecated: Option "auth_strategy" from group "api" is deprecated for removal ( The only non-default choice, ``noauth2``, is for internal development and testing purposes only and should not be used in deployments. This option and its middleware, NoAuthMiddleware[V2_18], will be removed in a future release. ). Its value may be silently ignored in the future.
2025-10-27 00:41:53.779 129090 DEBUG oslo_service.service [req-ee16effb-50e2-4d6a-b5d5-179cd1971470 - - - - -] api.auth_strategy = keystone log_opt_values /usr/lib/python3/dist-packages/oslo_config/cfg.py:2609
2025-10-27 00:41:53.779 129090 DEBUG oslo_service.service [req-ee16effb-50e2-4d6a-b5d5-179cd1971470 - - - - -] api.compute_link_prefix = None log_opt_values /usr/lib/python3/dist-packages/oslo_config/cfg.py:2609
2025-10-27 00:41:53.779 129090 DEBUG oslo_service.service [req-ee16effb-50e2-4d6a-b5d5-179cd1971470 - - - - -] api.config_drive_skip_versions = 1.0 2007-01-19 2007-03-01 2007-08-29 2007-10-10 2007-12-15 2008-02-01 2008-09-01 log_opt_values /usr/lib/python3/dist-packages/oslo_config/cfg.py:2609
2025-10-27 00:41:53.779 129090 DEBUG oslo_service.service [req-ee16effb-50e2-4d6a-b5d5-179cd1971470 - - - - -] api.dhcp_domain = novalocal log_opt_values /usr/lib/python3/dist-packages/oslo_config/cfg.py:2609
2025-10-27 00:41:53.779 129090 DEBUG oslo_service.service [req-ee16effb-50e2-4d6a-b5d5-179cd1971470 - - - - -] api.enable_instance_password = True log_opt_values /usr/lib/python3/dist-packages/oslo_config/cfg.py:2609
2025-10-27 00:41:53.780 129090 DEBUG oslo_service.service [req-ee16effb-50e2-4d6a-b5d5-179cd1971470 - - - - -] api.glance_link_prefix = None log_opt_values /usr/lib/python3/dist-packages/oslo_config/cfg.py:2609
2025-10-27 00:41:53.780 129090 DEBUG oslo_service.service [req-ee16effb-50e2-4d6a-b5d5-179cd1971470 - - - - -] api.instance_list_cells_batch_fixed_size = 100 log_opt_values /usr/lib/python3/dist-packages/oslo_config/cfg.py:2609
2025-10-27 00:41:53.780 129090 DEBUG oslo_service.service [req-ee16effb-50e2-4d6a-b5d5-179cd1971470 - - - - -] api.instance_list_cells_batch_strategy = distributed log_opt_values /usr/lib/python3/dist-packages/oslo_config/cfg.py:2609
2025-10-27 00:41:53.780 129090 DEBUG oslo_service.service [req-ee16effb-50e2-4d6a-b5d5-179cd1971470 - - - - -] api.instance_list_per_project_cells = False log_opt_values /usr/lib/python3/dist-packages/oslo_config/cfg.py:2609
2025-10-27 00:41:53.780 129090 DEBUG oslo_service.service [req-ee16effb-50e2-4d6a-b5d5-179cd1971470 - - - - -] api.list_records_by_skipping_down_cells = True log_opt_values /usr/lib/python3/dist-packages/oslo_config/cfg.py:2609
2025-10-27 00:41:53.780 129090 DEBUG oslo_service.service [req-ee16effb-50e2-4d6a-b5d5-179cd1971470 - - - - -] api.local_metadata_per_cell = False log_opt_values /usr/lib/python3/dist-packages/oslo_config/cfg.py:2609
2025-10-27 00:41:53.781 129090 DEBUG oslo_service.service [req-ee16effb-50e2-4d6a-b5d5-179cd1971470 - - - - -] api.max_limit = 1000 log_opt_values /usr/lib/python3/dist-packages/oslo_config/cfg.py:2609
2025-10-27 00:41:53.781 129090 DEBUG oslo_service.service [req-ee16effb-50e2-4d6a-b5d5-179cd1971470 - - - - -] api.metadata_cache_expiration = 15 log_opt_values /usr/lib/python3/dist-packages/oslo_config/cfg.py:2609
2025-10-27 00:41:53.781 129090 DEBUG oslo_service.service [req-ee16effb-50e2-4d6a-b5d5-179cd1971470 - - - - -] api.neutron_default_tenant_id = default log_opt_values /usr/lib/python3/dist-packages/oslo_config/cfg.py:2609
2025-10-27 00:41:53.781 129090 DEBUG oslo_service.service [req-ee16effb-50e2-4d6a-b5d5-179cd1971470 - - - - -] api.use_forwarded_for = False log_opt_values /usr/lib/python3/dist-packages/oslo_config/cfg.py:2609
2025-10-27 00:41:53.781 129090 DEBUG oslo_service.service [req-ee16effb-50e2-4d6a-b5d5-179cd1971470 - - - - -] api.use_neutron_default_nets = False log_opt_values /usr/lib/python3/dist-packages/oslo_config/cfg.py:2609
2025-10-27 00:41:53.781 129090 DEBUG oslo_service.service [req-ee16effb-50e2-4d6a-b5d5-179cd1971470 - - - - -] api.vendordata_dynamic_connect_timeout = 5 log_opt_values /usr/lib/python3/dist-packages/oslo_config/cfg.py:2609
2025-10-27 00:41:53.782 129090 DEBUG oslo_service.service [req-ee16effb-50e2-4d6a-b5d5-179cd1971470 - - - - -] api.vendordata_dynamic_failure_fatal = False log_opt_values /usr/lib/python3/dist-packages/oslo_config/cfg.py:2609
2025-10-27 00:41:53.782 129090 DEBUG oslo_service.service [req-ee16effb-50e2-4d6a-b5d5-179cd1971470 - - - - -] api.vendordata_dynamic_read_timeout = 5 log_opt_values /usr/lib/python3/dist-packages/oslo_config/cfg.py:2609
2025-10-27 00:41:53.782 129090 DEBUG oslo_service.service [req-ee16effb-50e2-4d6a-b5d5-179cd1971470 - - - - -] api.vendordata_dynamic_ssl_certfile = log_opt_values /usr/lib/python3/dist-packages/oslo_config/cfg.py:2609
2025-10-27 00:41:53.782 129090 DEBUG oslo_service.service [req-ee16effb-50e2-4d6a-b5d5-179cd1971470 - - - - -] api.vendordata_dynamic_targets = [] log_opt_values /usr/lib/python3/dist-packages/oslo_config/cfg.py:2609
2025-10-27 00:41:53.782 129090 DEBUG oslo_service.service [req-ee16effb-50e2-4d6a-b5d5-179cd1971470 - - - - -] api.vendordata_jsonfile_path = None log_opt_values /usr/lib/python3/dist-packages/oslo_config/cfg.py:2609
2025-10-27 00:41:53.782 129090 DEBUG oslo_service.service [req-ee16effb-50e2-4d6a-b5d5-179cd1971470 - - - - -] api.vendordata_providers = ['StaticJSON'] log_opt_values /usr/lib/python3/dist-packages/oslo_config/cfg.py:2609
2025-10-27 00:41:53.783 129090 DEBUG oslo_service.service [req-ee16effb-50e2-4d6a-b5d5-179cd1971470 - - - - -] cache.backend = dogpile.cache.null log_opt_values /usr/lib/python3/dist-packages/oslo_config/cfg.py:2609
2025-10-27 00:41:53.783 129090 DEBUG oslo_service.service [req-ee16effb-50e2-4d6a-b5d5-179cd1971470 - - - - -] cache.backend_argument = **** log_opt_values /usr/lib/python3/dist-packages/oslo_config/cfg.py:2609
2025-10-27 00:41:53.783 129090 DEBUG oslo_service.service [req-ee16effb-50e2-4d6a-b5d5-179cd1971470 - - - - -] cache.config_prefix = cache.oslo log_opt_values /usr/lib/python3/dist-packages/oslo_config/cfg.py:2609
2025-10-27 00:41:53.783 129090 DEBUG oslo_service.service [req-ee16effb-50e2-4d6a-b5d5-179cd1971470 - - - - -] cache.debug_cache_backend = False log_opt_values /usr/lib/python3/dist-packages/oslo_config/cfg.py:2609
2025-10-27 00:41:53.783 129090 DEBUG oslo_service.service [req-ee16effb-50e2-4d6a-b5d5-179cd1971470 - - - - -] cache.enabled = False log_opt_values /usr/lib/python3/dist-packages/oslo_config/cfg.py:2609
2025-10-27 00:41:53.784 129090 DEBUG oslo_service.service [req-ee16effb-50e2-4d6a-b5d5-179cd1971470 - - - - -] cache.expiration_time = 600 log_opt_values /usr/lib/python3/dist-packages/oslo_config/cfg.py:2609
2025-10-27 00:41:53.784 129090 DEBUG oslo_service.service [req-ee16effb-50e2-4d6a-b5d5-179cd1971470 - - - - -] cache.memcache_dead_retry = 300 log_opt_values /usr/lib/python3/dist-packages/oslo_config/cfg.py:2609
2025-10-27 00:41:53.784 129090 DEBUG oslo_service.service [req-ee16effb-50e2-4d6a-b5d5-179cd1971470 - - - - -] cache.memcache_pool_connection_get_timeout = 10 log_opt_values /usr/lib/python3/dist-packages/oslo_config/cfg.py:2609
2025-10-27 00:41:53.784 129090 DEBUG oslo_service.service [req-ee16effb-50e2-4d6a-b5d5-179cd1971470 - - - - -] cache.memcache_pool_flush_on_reconnect = False log_opt_values /usr/lib/python3/dist-packages/oslo_config/cfg.py:2609
2025-10-27 00:41:53.784 129090 DEBUG oslo_service.service [req-ee16effb-50e2-4d6a-b5d5-179cd1971470 - - - - -] cache.memcache_pool_maxsize = 10 log_opt_values /usr/lib/python3/dist-packages/oslo_config/cfg.py:2609
2025-10-27 00:41:53.785 129090 DEBUG oslo_service.service [req-ee16effb-50e2-4d6a-b5d5-179cd1971470 - - - - -] cache.memcache_pool_unused_timeout = 60 log_opt_values /usr/lib/python3/dist-packages/oslo_config/cfg.py:2609
2025-10-27 00:41:53.785 129090 DEBUG oslo_service.service [req-ee16effb-50e2-4d6a-b5d5-179cd1971470 - - - - -] cache.memcache_servers = ['localhost:11211'] log_opt_values /usr/lib/python3/dist-packages/oslo_config/cfg.py:2609
2025-10-27 00:41:53.785 129090 DEBUG oslo_service.service [req-ee16effb-50e2-4d6a-b5d5-179cd1971470 - - - - -] cache.memcache_socket_timeout = 1.0 log_opt_values /usr/lib/python3/dist-packages/oslo_config/cfg.py:2609
2025-10-27 00:41:53.785 129090 DEBUG oslo_service.service [req-ee16effb-50e2-4d6a-b5d5-179cd1971470 - - - - -] cache.proxies = [] log_opt_values /usr/lib/python3/dist-packages/oslo_config/cfg.py:2609
2025-10-27 00:41:53.786 129090 DEBUG oslo_service.service [req-ee16effb-50e2-4d6a-b5d5-179cd1971470 - - - - -] cache.tls_allowed_ciphers = None log_opt_values /usr/lib/python3/dist-packages/oslo_config/cfg.py:2609
2025-10-27 00:41:53.786 129090 DEBUG oslo_service.service [req-ee16effb-50e2-4d6a-b5d5-179cd1971470 - - - - -] cache.tls_cafile = None log_opt_values /usr/lib/python3/dist-packages/oslo_config/cfg.py:2609
2025-10-27 00:41:53.786 129090 DEBUG oslo_service.service [req-ee16effb-50e2-4d6a-b5d5-179cd1971470 - - - - -] cache.tls_certfile = None log_opt_values /usr/lib/python3/dist-packages/oslo_config/cfg.py:2609
2025-10-27 00:41:53.786 129090 DEBUG oslo_service.service [req-ee16effb-50e2-4d6a-b5d5-179cd1971470 - - - - -] cache.tls_enabled = False log_opt_values /usr/lib/python3/dist-packages/oslo_config/cfg.py:2609
2025-10-27 00:41:53.786 129090 DEBUG oslo_service.service [req-ee16effb-50e2-4d6a-b5d5-179cd1971470 - - - - -] cache.tls_keyfile = None log_opt_values /usr/lib/python3/dist-packages/oslo_config/cfg.py:2609
2025-10-27 00:41:53.787 129090 DEBUG oslo_service.service [req-ee16effb-50e2-4d6a-b5d5-179cd1971470 - - - - -] cinder.auth_section = None log_opt_values /usr/lib/python3/dist-packages/oslo_config/cfg.py:2609
2025-10-27 00:41:53.787 129090 DEBUG oslo_service.service [req-ee16effb-50e2-4d6a-b5d5-179cd1971470 - - - - -] cinder.auth_type = None log_opt_values /usr/lib/python3/dist-packages/oslo_config/cfg.py:2609
2025-10-27 00:41:53.787 129090 DEBUG oslo_service.service [req-ee16effb-50e2-4d6a-b5d5-179cd1971470 - - - - -] cinder.cafile = None log_opt_values /usr/lib/python3/dist-packages/oslo_config/cfg.py:2609
2025-10-27 00:41:53.787 129090 DEBUG oslo_service.service [req-ee16effb-50e2-4d6a-b5d5-179cd1971470 - - - - -] cinder.catalog_info = volumev3::publicURL log_opt_values /usr/lib/python3/dist-packages/oslo_config/cfg.py:2609
2025-10-27 00:41:53.788 129090 DEBUG oslo_service.service [req-ee16effb-50e2-4d6a-b5d5-179cd1971470 - - - - -] cinder.certfile = None log_opt_values /usr/lib/python3/dist-packages/oslo_config/cfg.py:2609
2025-10-27 00:41:53.788 129090 DEBUG oslo_service.service [req-ee16effb-50e2-4d6a-b5d5-179cd1971470 - - - - -] cinder.collect_timing = False log_opt_values /usr/lib/python3/dist-packages/oslo_config/cfg.py:2609
2025-10-27 00:41:53.788 129090 DEBUG oslo_service.service [req-ee16effb-50e2-4d6a-b5d5-179cd1971470 - - - - -] cinder.cross_az_attach = True log_opt_values /usr/lib/python3/dist-packages/oslo_config/cfg.py:2609
2025-10-27 00:41:53.788 129090 DEBUG oslo_service.service [req-ee16effb-50e2-4d6a-b5d5-179cd1971470 - - - - -] cinder.debug = False log_opt_values /usr/lib/python3/dist-packages/oslo_config/cfg.py:2609
2025-10-27 00:41:53.788 129397 DEBUG oslo_messaging._drivers.amqpdriver [-] Listener is running poll /usr/lib/python3/dist-packages/oslo_messaging/_drivers/amqpdriver.py:343
2025-10-27 00:41:53.788 129090 DEBUG oslo_service.service [req-ee16effb-50e2-4d6a-b5d5-179cd1971470 - - - - -] cinder.endpoint_template = None log_opt_values /usr/lib/python3/dist-packages/oslo_config/cfg.py:2609
2025-10-27 00:41:53.789 129397 DEBUG oslo_messaging._drivers.amqpdriver [-] AMQPListener connection consume poll /usr/lib/python3/dist-packages/oslo_messaging/_drivers/amqpdriver.py:357
2025-10-27 00:41:53.789 129090 DEBUG oslo_service.service [req-ee16effb-50e2-4d6a-b5d5-179cd1971470 - - - - -] cinder.http_retries = 3 log_opt_values /usr/lib/python3/dist-packages/oslo_config/cfg.py:2609
2025-10-27 00:41:53.789 129090 DEBUG oslo_service.service [req-ee16effb-50e2-4d6a-b5d5-179cd1971470 - - - - -] cinder.insecure = False log_opt_values /usr/lib/python3/dist-packages/oslo_config/cfg.py:2609
2025-10-27 00:41:53.789 129090 DEBUG oslo_service.service [req-ee16effb-50e2-4d6a-b5d5-179cd1971470 - - - - -] cinder.keyfile = None log_opt_values /usr/lib/python3/dist-packages/oslo_config/cfg.py:2609
2025-10-27 00:41:53.789 129397 DEBUG nova.service [req-1f3a0562-c847-48a0-b5b1-ccb626f6f184 - - - - -] Join ServiceGroup membership for this service conductor start /usr/lib/python3/dist-packages/nova/service.py:199
2025-10-27 00:41:53.789 129090 DEBUG oslo_service.service [req-ee16effb-50e2-4d6a-b5d5-179cd1971470 - - - - -] cinder.os_region_name = None log_opt_values /usr/lib/python3/dist-packages/oslo_config/cfg.py:2609
2025-10-27 00:41:53.789 129397 DEBUG nova.servicegroup.drivers.db [req-1f3a0562-c847-48a0-b5b1-ccb626f6f184 - - - - -] DB_Driver: join new ServiceGroup member juju-f4e0ae-0-lxd-7 to the conductor group, service = join /usr/lib/python3/dist-packages/nova/servicegroup/drivers/db.py:44
2025-10-27 00:41:53.789 129090 DEBUG oslo_service.service [req-ee16effb-50e2-4d6a-b5d5-179cd1971470 - - - - -] cinder.split_loggers = False log_opt_values /usr/lib/python3/dist-packages/oslo_config/cfg.py:2609
2025-10-27 00:41:53.790 129090 DEBUG oslo_service.service [req-ee16effb-50e2-4d6a-b5d5-179cd1971470 - - - - -] cinder.timeout = None log_opt_values /usr/lib/python3/dist-packages/oslo_config/cfg.py:2609
2025-10-27 00:41:53.790 129090 DEBUG oslo_service.service [req-ee16effb-50e2-4d6a-b5d5-179cd1971470 - - - - -] compute.consecutive_build_service_disable_threshold = 10 log_opt_values /usr/lib/python3/dist-packages/oslo_config/cfg.py:2609
2025-10-27 00:41:53.790 129090 DEBUG oslo_service.service [req-ee16effb-50e2-4d6a-b5d5-179cd1971470 - - - - -] compute.cpu_dedicated_set = None log_opt_values /usr/lib/python3/dist-packages/oslo_config/cfg.py:2609
2025-10-27 00:41:53.790 129090 DEBUG oslo_service.service [req-ee16effb-50e2-4d6a-b5d5-179cd1971470 - - - - -] compute.cpu_shared_set = None log_opt_values /usr/lib/python3/dist-packages/oslo_config/cfg.py:2609
2025-10-27 00:41:53.790 129397 DEBUG oslo_messaging._drivers.amqpdriver [-] received message msg_id: c8af7414778342e1b941254f3cf95a44 reply to reply_b262cedf68974be6bc3751d1dc56e1a2 __call__ /usr/lib/python3/dist-packages/oslo_messaging/_drivers/amqpdriver.py:320
2025-10-27 00:41:53.790 129090 DEBUG oslo_service.service [req-ee16effb-50e2-4d6a-b5d5-179cd1971470 - - - - -] compute.image_type_exclude_list = [] log_opt_values /usr/lib/python3/dist-packages/oslo_config/cfg.py:2609
2025-10-27 00:41:53.791 129090 DEBUG oslo_service.service [req-ee16effb-50e2-4d6a-b5d5-179cd1971470 - - - - -] compute.live_migration_wait_for_vif_plug = True log_opt_values /usr/lib/python3/dist-packages/oslo_config/cfg.py:2609
2025-10-27 00:41:53.791 129090 DEBUG oslo_service.service [req-ee16effb-50e2-4d6a-b5d5-179cd1971470 - - - - -] compute.max_concurrent_disk_ops = 0 log_opt_values /usr/lib/python3/dist-packages/oslo_config/cfg.py:2609
2025-10-27 00:41:53.791 129090 DEBUG oslo_service.service [req-ee16effb-50e2-4d6a-b5d5-179cd1971470 - - - - -] compute.max_disk_devices_to_attach = -1 log_opt_values /usr/lib/python3/dist-packages/oslo_config/cfg.py:2609
2025-10-27 00:41:53.791 129090 DEBUG oslo_service.service [req-ee16effb-50e2-4d6a-b5d5-179cd1971470 - - - - -] compute.packing_host_numa_cells_allocation_strategy = True log_opt_values /usr/lib/python3/dist-packages/oslo_config/cfg.py:2609
2025-10-27 00:41:53.791 129090 DEBUG oslo_service.service [req-ee16effb-50e2-4d6a-b5d5-179cd1971470 - - - - -] compute.provider_config_location = /etc/nova/provider_config/ log_opt_values /usr/lib/python3/dist-packages/oslo_config/cfg.py:2609
2025-10-27 00:41:53.792 129090 DEBUG oslo_service.service [req-ee16effb-50e2-4d6a-b5d5-179cd1971470 - - - - -] compute.resource_provider_association_refresh = 300 log_opt_values /usr/lib/python3/dist-packages/oslo_config/cfg.py:2609
2025-10-27 00:41:53.792 129090 DEBUG oslo_service.service [req-ee16effb-50e2-4d6a-b5d5-179cd1971470 - - - - -] compute.shutdown_retry_interval = 10 log_opt_values /usr/lib/python3/dist-packages/oslo_config/cfg.py:2609
2025-10-27 00:41:53.792 129090 DEBUG oslo_service.service [req-ee16effb-50e2-4d6a-b5d5-179cd1971470 - - - - -] compute.vmdk_allowed_types = ['streamOptimized', 'monolithicSparse'] log_opt_values /usr/lib/python3/dist-packages/oslo_config/cfg.py:2609
2025-10-27 00:41:53.792 129397 DEBUG oslo_messaging._drivers.amqpdriver [-] AMQPListener connection timeout poll /usr/lib/python3/dist-packages/oslo_messaging/_drivers/amqpdriver.py:360
2025-10-27 00:41:53.792 129090 DEBUG oslo_service.service [req-ee16effb-50e2-4d6a-b5d5-179cd1971470 - - - - -] conductor.workers = 4 log_opt_values /usr/lib/python3/dist-packages/oslo_config/cfg.py:2609
2025-10-27 00:41:53.793 129090 DEBUG oslo_service.service [req-ee16effb-50e2-4d6a-b5d5-179cd1971470 - - - - -] console.allowed_origins = [] log_opt_values /usr/lib/python3/dist-packages/oslo_config/cfg.py:2609
2025-10-27 00:41:53.792 129397 DEBUG oslo_messaging._drivers.amqpdriver [-] Listener is running poll /usr/lib/python3/dist-packages/oslo_messaging/_drivers/amqpdriver.py:343
2025-10-27 00:41:53.793 129397 DEBUG oslo_messaging._drivers.amqpdriver [-] Poll the incoming message with unique_id: cc3bc984a03941a4b68ba5867baf29d8 poll /usr/lib/python3/dist-packages/oslo_messaging/_drivers/amqpdriver.py:346
2025-10-27 00:41:53.793 129090 DEBUG oslo_service.service [req-ee16effb-50e2-4d6a-b5d5-179cd1971470 - - - - -] console.ssl_ciphers = None log_opt_values /usr/lib/python3/dist-packages/oslo_config/cfg.py:2609
2025-10-27 00:41:53.793 129397 DEBUG oslo_messaging._drivers.amqpdriver [-] Listener is running poll /usr/lib/python3/dist-packages/oslo_messaging/_drivers/amqpdriver.py:343
2025-10-27 00:41:53.793 129090 DEBUG oslo_service.service [req-ee16effb-50e2-4d6a-b5d5-179cd1971470 - - - - -] console.ssl_minimum_version = default log_opt_values /usr/lib/python3/dist-packages/oslo_config/cfg.py:2609
2025-10-27 00:41:53.793 129397 DEBUG oslo_messaging._drivers.amqpdriver [-] AMQPListener connection consume poll /usr/lib/python3/dist-packages/oslo_messaging/_drivers/amqpdriver.py:357
2025-10-27 00:41:53.793 129090 DEBUG oslo_service.service [req-ee16effb-50e2-4d6a-b5d5-179cd1971470 - - - - -] consoleauth.token_ttl = 600 log_opt_values /usr/lib/python3/dist-packages/oslo_config/cfg.py:2609
2025-10-27 00:41:53.793 129090 DEBUG oslo_service.service [req-ee16effb-50e2-4d6a-b5d5-179cd1971470 - - - - -] cyborg.cafile = None log_opt_values /usr/lib/python3/dist-packages/oslo_config/cfg.py:2609
2025-10-27 00:41:53.794 129090 DEBUG oslo_service.service [req-ee16effb-50e2-4d6a-b5d5-179cd1971470 - - - - -] cyborg.certfile = None log_opt_values /usr/lib/python3/dist-packages/oslo_config/cfg.py:2609
2025-10-27 00:41:53.794 129090 DEBUG oslo_service.service [req-ee16effb-50e2-4d6a-b5d5-179cd1971470 - - - - -] cyborg.collect_timing = False log_opt_values /usr/lib/python3/dist-packages/oslo_config/cfg.py:2609
2025-10-27 00:41:53.794 129090 DEBUG oslo_service.service [req-ee16effb-50e2-4d6a-b5d5-179cd1971470 - - - - -] cyborg.connect_retries = None log_opt_values /usr/lib/python3/dist-packages/oslo_config/cfg.py:2609
2025-10-27 00:41:53.794 129090 DEBUG oslo_service.service [req-ee16effb-50e2-4d6a-b5d5-179cd1971470 - - - - -] cyborg.connect_retry_delay = None log_opt_values /usr/lib/python3/dist-packages/oslo_config/cfg.py:2609
2025-10-27 00:41:53.794 129090 DEBUG oslo_service.service [req-ee16effb-50e2-4d6a-b5d5-179cd1971470 - - - - -] cyborg.endpoint_override = None log_opt_values /usr/lib/python3/dist-packages/oslo_config/cfg.py:2609
2025-10-27 00:41:53.795 129090 DEBUG oslo_service.service [req-ee16effb-50e2-4d6a-b5d5-179cd1971470 - - - - -] cyborg.insecure = False log_opt_values /usr/lib/python3/dist-packages/oslo_config/cfg.py:2609
2025-10-27 00:41:53.795 129090 DEBUG oslo_service.service [req-ee16effb-50e2-4d6a-b5d5-179cd1971470 - - - - -] cyborg.keyfile = None log_opt_values /usr/lib/python3/dist-packages/oslo_config/cfg.py:2609
2025-10-27 00:41:53.795 129090 DEBUG oslo_service.service [req-ee16effb-50e2-4d6a-b5d5-179cd1971470 - - - - -] cyborg.max_version = None log_opt_values /usr/lib/python3/dist-packages/oslo_config/cfg.py:2609
2025-10-27 00:41:53.795 129090 DEBUG oslo_service.service [req-ee16effb-50e2-4d6a-b5d5-179cd1971470 - - - - -] cyborg.min_version = None log_opt_values /usr/lib/python3/dist-packages/oslo_config/cfg.py:2609
2025-10-27 00:41:53.795 129090 DEBUG oslo_service.service [req-ee16effb-50e2-4d6a-b5d5-179cd1971470 - - - - -] cyborg.region_name = None log_opt_values /usr/lib/python3/dist-packages/oslo_config/cfg.py:2609
2025-10-27 00:41:53.796 129090 DEBUG oslo_service.service [req-ee16effb-50e2-4d6a-b5d5-179cd1971470 - - - - -] cyborg.service_name = None log_opt_values /usr/lib/python3/dist-packages/oslo_config/cfg.py:2609
2025-10-27 00:41:53.796 129090 DEBUG oslo_service.service [req-ee16effb-50e2-4d6a-b5d5-179cd1971470 - - - - -] cyborg.service_type = accelerator log_opt_values /usr/lib/python3/dist-packages/oslo_config/cfg.py:2609
2025-10-27 00:41:53.796 129090 DEBUG oslo_service.service [req-ee16effb-50e2-4d6a-b5d5-179cd1971470 - - - - -] cyborg.split_loggers = False log_opt_values /usr/lib/python3/dist-packages/oslo_config/cfg.py:2609
2025-10-27 00:41:53.796 129396 DEBUG oslo_messaging._drivers.amqpdriver [-] Listener is running poll /usr/lib/python3/dist-packages/oslo_messaging/_drivers/amqpdriver.py:343
2025-10-27 00:41:53.796 129090 DEBUG oslo_service.service [req-ee16effb-50e2-4d6a-b5d5-179cd1971470 - - - - -] cyborg.status_code_retries = None log_opt_values /usr/lib/python3/dist-packages/oslo_config/cfg.py:2609
2025-10-27 00:41:53.796 129396 DEBUG oslo_messaging._drivers.amqpdriver [-] AMQPListener connection consume poll /usr/lib/python3/dist-packages/oslo_messaging/_drivers/amqpdriver.py:357
2025-10-27 00:41:53.796 129398 DEBUG oslo_messaging._drivers.amqpdriver [-] Listener is running poll /usr/lib/python3/dist-packages/oslo_messaging/_drivers/amqpdriver.py:343
2025-10-27 00:41:53.797 129090 DEBUG oslo_service.service [req-ee16effb-50e2-4d6a-b5d5-179cd1971470 - - - - -] cyborg.status_code_retry_delay = None log_opt_values /usr/lib/python3/dist-packages/oslo_config/cfg.py:2609
2025-10-27 00:41:53.797 129398 DEBUG oslo_messaging._drivers.amqpdriver [-] AMQPListener connection consume poll /usr/lib/python3/dist-packages/oslo_messaging/_drivers/amqpdriver.py:357
2025-10-27 00:41:53.797 129090 DEBUG oslo_service.service [req-ee16effb-50e2-4d6a-b5d5-179cd1971470 - - - - -] cyborg.timeout = None log_opt_values /usr/lib/python3/dist-packages/oslo_config/cfg.py:2609
2025-10-27 00:41:53.797 129090 DEBUG oslo_service.service [req-ee16effb-50e2-4d6a-b5d5-179cd1971470 - - - - -] cyborg.valid_interfaces = ['internal', 'public'] log_opt_values /usr/lib/python3/dist-packages/oslo_config/cfg.py:2609
2025-10-27 00:41:53.797 129090 DEBUG oslo_service.service [req-ee16effb-50e2-4d6a-b5d5-179cd1971470 - - - - -] cyborg.version = None log_opt_values /usr/lib/python3/dist-packages/oslo_config/cfg.py:2609
2025-10-27 00:41:53.797 129090 DEBUG oslo_service.service [req-ee16effb-50e2-4d6a-b5d5-179cd1971470 - - - - -] database.backend = sqlalchemy log_opt_values /usr/lib/python3/dist-packages/oslo_config/cfg.py:2609
2025-10-27 00:41:53.798 129090 DEBUG oslo_service.service [req-ee16effb-50e2-4d6a-b5d5-179cd1971470 - - - - -] database.connection = **** log_opt_values /usr/lib/python3/dist-packages/oslo_config/cfg.py:2609
2025-10-27 00:41:53.798 129090 DEBUG oslo_service.service [req-ee16effb-50e2-4d6a-b5d5-179cd1971470 - - - - -] database.connection_debug = 0 log_opt_values /usr/lib/python3/dist-packages/oslo_config/cfg.py:2609
2025-10-27 00:41:53.798 129090 DEBUG oslo_service.service [req-ee16effb-50e2-4d6a-b5d5-179cd1971470 - - - - -] database.connection_parameters = log_opt_values /usr/lib/python3/dist-packages/oslo_config/cfg.py:2609
2025-10-27 00:41:53.798 129396 DEBUG nova.service [req-0672b3e4-ddb1-46cc-bdbf-5169fd903ac7 - - - - -] Join ServiceGroup membership for this service conductor start /usr/lib/python3/dist-packages/nova/service.py:199
2025-10-27 00:41:53.798 129090 DEBUG oslo_service.service [req-ee16effb-50e2-4d6a-b5d5-179cd1971470 - - - - -] database.connection_recycle_time = 3600 log_opt_values /usr/lib/python3/dist-packages/oslo_config/cfg.py:2609
2025-10-27 00:41:53.799 129090 DEBUG oslo_service.service [req-ee16effb-50e2-4d6a-b5d5-179cd1971470 - - - - -] database.connection_trace = False log_opt_values /usr/lib/python3/dist-packages/oslo_config/cfg.py:2609
2025-10-27 00:41:53.798 129396 DEBUG nova.servicegroup.drivers.db [req-0672b3e4-ddb1-46cc-bdbf-5169fd903ac7 - - - - -] DB_Driver: join new ServiceGroup member juju-f4e0ae-0-lxd-7 to the conductor group, service = join /usr/lib/python3/dist-packages/nova/servicegroup/drivers/db.py:44
2025-10-27 00:41:53.799 129090 DEBUG oslo_service.service [req-ee16effb-50e2-4d6a-b5d5-179cd1971470 - - - - -] database.db_inc_retry_interval = True log_opt_values /usr/lib/python3/dist-packages/oslo_config/cfg.py:2609
2025-10-27 00:41:53.798 129398 DEBUG nova.service [req-11ad19d0-3e22-4551-a270-476e7aa3c38c - - - - -] Join ServiceGroup membership for this service conductor start /usr/lib/python3/dist-packages/nova/service.py:199
2025-10-27 00:41:53.799 129090 DEBUG oslo_service.service [req-ee16effb-50e2-4d6a-b5d5-179cd1971470 - - - - -] database.db_max_retries = 20 log_opt_values /usr/lib/python3/dist-packages/oslo_config/cfg.py:2609
2025-10-27 00:41:53.799 129090 DEBUG oslo_service.service [req-ee16effb-50e2-4d6a-b5d5-179cd1971470 - - - - -] database.db_max_retry_interval = 10 log_opt_values /usr/lib/python3/dist-packages/oslo_config/cfg.py:2609
2025-10-27 00:41:53.799 129398 DEBUG nova.servicegroup.drivers.db [req-11ad19d0-3e22-4551-a270-476e7aa3c38c - - - - -] DB_Driver: join new ServiceGroup member juju-f4e0ae-0-lxd-7 to the conductor group, service = join /usr/lib/python3/dist-packages/nova/servicegroup/drivers/db.py:44
2025-10-27 00:41:53.799 129090 DEBUG oslo_service.service [req-ee16effb-50e2-4d6a-b5d5-179cd1971470 - - - - -] database.db_retry_interval = 1 log_opt_values /usr/lib/python3/dist-packages/oslo_config/cfg.py:2609
2025-10-27 00:41:53.800 129090 DEBUG oslo_service.service [req-ee16effb-50e2-4d6a-b5d5-179cd1971470 - - - - -] database.max_overflow = 50 log_opt_values /usr/lib/python3/dist-packages/oslo_config/cfg.py:2609
2025-10-27 00:41:53.800 129090 DEBUG oslo_service.service [req-ee16effb-50e2-4d6a-b5d5-179cd1971470 - - - - -] database.max_pool_size = 4 log_opt_values /usr/lib/python3/dist-packages/oslo_config/cfg.py:2609
2025-10-27 00:41:53.800 129398 DEBUG oslo_messaging._drivers.amqpdriver [-] AMQPListener connection timeout poll /usr/lib/python3/dist-packages/oslo_messaging/_drivers/amqpdriver.py:360
2025-10-27 00:41:53.800 129398 DEBUG oslo_messaging._drivers.amqpdriver [-] Listener is running poll /usr/lib/python3/dist-packages/oslo_messaging/_drivers/amqpdriver.py:343
2025-10-27 00:41:53.800 129090 DEBUG oslo_service.service [req-ee16effb-50e2-4d6a-b5d5-179cd1971470 - - - - -] database.max_retries = 10 log_opt_values /usr/lib/python3/dist-packages/oslo_config/cfg.py:2609
2025-10-27 00:41:53.800 129398 DEBUG oslo_messaging._drivers.amqpdriver [-] AMQPListener connection consume poll /usr/lib/python3/dist-packages/oslo_messaging/_drivers/amqpdriver.py:357
2025-10-27 00:41:53.800 129090 DEBUG oslo_service.service [req-ee16effb-50e2-4d6a-b5d5-179cd1971470 - - - - -] database.mysql_enable_ndb = False log_opt_values /usr/lib/python3/dist-packages/oslo_config/cfg.py:2609
2025-10-27 00:41:53.800 129090 DEBUG oslo_service.service [req-ee16effb-50e2-4d6a-b5d5-179cd1971470 - - - - -] database.mysql_sql_mode = TRADITIONAL log_opt_values /usr/lib/python3/dist-packages/oslo_config/cfg.py:2609
2025-10-27 00:41:53.801 129090 DEBUG oslo_service.service [req-ee16effb-50e2-4d6a-b5d5-179cd1971470 - - - - -] database.pool_timeout = None log_opt_values /usr/lib/python3/dist-packages/oslo_config/cfg.py:2609
2025-10-27 00:41:53.801 129090 DEBUG oslo_service.service [req-ee16effb-50e2-4d6a-b5d5-179cd1971470 - - - - -] database.retry_interval = 10 log_opt_values /usr/lib/python3/dist-packages/oslo_config/cfg.py:2609
2025-10-27 00:41:53.801 129396 DEBUG oslo_messaging._drivers.amqpdriver [-] AMQPListener connection timeout poll /usr/lib/python3/dist-packages/oslo_messaging/_drivers/amqpdriver.py:360
2025-10-27 00:41:53.801 129396 DEBUG oslo_messaging._drivers.amqpdriver [-] Listener is running poll /usr/lib/python3/dist-packages/oslo_messaging/_drivers/amqpdriver.py:343
2025-10-27 00:41:53.801 129090 DEBUG oslo_service.service [req-ee16effb-50e2-4d6a-b5d5-179cd1971470 - - - - -] database.slave_connection = **** log_opt_values /usr/lib/python3/dist-packages/oslo_config/cfg.py:2609
2025-10-27 00:41:53.801 129396 DEBUG oslo_messaging._drivers.amqpdriver [-] AMQPListener connection consume poll /usr/lib/python3/dist-packages/oslo_messaging/_drivers/amqpdriver.py:357
2025-10-27 00:41:53.801 129090 DEBUG oslo_service.service [req-ee16effb-50e2-4d6a-b5d5-179cd1971470 - - - - -] database.sqlite_synchronous = True log_opt_values /usr/lib/python3/dist-packages/oslo_config/cfg.py:2609
2025-10-27 00:41:53.801 129090 DEBUG oslo_service.service [req-ee16effb-50e2-4d6a-b5d5-179cd1971470 - - - - -] database.use_db_reconnect = False log_opt_values /usr/lib/python3/dist-packages/oslo_config/cfg.py:2609
2025-10-27 00:41:53.802 129090 DEBUG oslo_service.service [req-ee16effb-50e2-4d6a-b5d5-179cd1971470 - - - - -] api_database.backend = sqlalchemy log_opt_values /usr/lib/python3/dist-packages/oslo_config/cfg.py:2609
2025-10-27 00:41:53.802 129090 DEBUG oslo_service.service [req-ee16effb-50e2-4d6a-b5d5-179cd1971470 - - - - -] api_database.connection = **** log_opt_values /usr/lib/python3/dist-packages/oslo_config/cfg.py:2609
2025-10-27 00:41:53.802 129090 DEBUG oslo_service.service [req-ee16effb-50e2-4d6a-b5d5-179cd1971470 - - - - -] api_database.connection_debug = 0 log_opt_values /usr/lib/python3/dist-packages/oslo_config/cfg.py:2609
2025-10-27 00:41:53.802 129090 DEBUG oslo_service.service [req-ee16effb-50e2-4d6a-b5d5-179cd1971470 - - - - -] api_database.connection_parameters = log_opt_values /usr/lib/python3/dist-packages/oslo_config/cfg.py:2609
2025-10-27 00:41:53.802 129090 DEBUG oslo_service.service [req-ee16effb-50e2-4d6a-b5d5-179cd1971470 - - - - -] api_database.connection_recycle_time = 3600 log_opt_values /usr/lib/python3/dist-packages/oslo_config/cfg.py:2609
2025-10-27 00:41:53.803 129090 DEBUG oslo_service.service [req-ee16effb-50e2-4d6a-b5d5-179cd1971470 - - - - -] api_database.connection_trace = False log_opt_values /usr/lib/python3/dist-packages/oslo_config/cfg.py:2609
2025-10-27 00:41:53.803 129090 DEBUG oslo_service.service [req-ee16effb-50e2-4d6a-b5d5-179cd1971470 - - - - -] api_database.db_inc_retry_interval = True log_opt_values /usr/lib/python3/dist-packages/oslo_config/cfg.py:2609
