2025-10-27 01:03:49.585 38912 DEBUG heat.engine.service [req-d0cdbe46-0c3c-4867-8c94-bfd39ced65e1 - - - - -] Service ae1f1edd-b193-40a0-a573-efca4bcee84c is updated service_manage_report /usr/lib/python3/dist-packages/heat/engine/service.py:2370
2025-10-27 01:04:49.545 38911 DEBUG heat.engine.service [req-33842b95-4ae6-4890-909f-4cd4c0f3e898 - - - - -] Service 52ba8677-21f4-4a14-ad8f-a801dc4fd0bd is updated service_manage_report /usr/lib/python3/dist-packages/heat/engine/service.py:2370
2025-10-27 01:04:49.564 38914 DEBUG heat.engine.service [req-10bd43f7-91d9-4c5c-a06a-64fa00177e3f - - - - -] Service 38554589-0948-48e0-91d9-abb5e31027ad is updated service_manage_report /usr/lib/python3/dist-packages/heat/engine/service.py:2370
2025-10-27 01:04:49.586 38913 DEBUG heat.engine.service [req-76c2d145-4375-4881-a045-87919a6ab70a - - - - -] Service 21a92350-5400-404f-ade1-c3b1e482ff11 is updated service_manage_report /usr/lib/python3/dist-packages/heat/engine/service.py:2370
2025-10-27 01:04:49.592 38912 DEBUG heat.engine.service [req-29a7f63d-280a-46b2-b69c-544d28b0b9a8 - - - - -] Service ae1f1edd-b193-40a0-a573-efca4bcee84c is updated service_manage_report /usr/lib/python3/dist-packages/heat/engine/service.py:2370
2025-10-27 01:05:49.550 38911 DEBUG heat.engine.service [req-7bcec6ca-76a2-4901-a3f2-69faff311fbc - - - - -] Service 52ba8677-21f4-4a14-ad8f-a801dc4fd0bd is updated service_manage_report /usr/lib/python3/dist-packages/heat/engine/service.py:2370
2025-10-27 01:05:49.561 38914 DEBUG heat.engine.service [req-b26abf0e-ff9f-426d-aad0-0282e7e0ec40 - - - - -] Service 38554589-0948-48e0-91d9-abb5e31027ad is updated service_manage_report /usr/lib/python3/dist-packages/heat/engine/service.py:2370
2025-10-27 01:05:49.579 38913 DEBUG heat.engine.service [req-643d518b-347f-4e42-9a60-7d5c7be9fd8b - - - - -] Service 21a92350-5400-404f-ade1-c3b1e482ff11 is updated service_manage_report /usr/lib/python3/dist-packages/heat/engine/service.py:2370
2025-10-27 01:05:49.586 38912 DEBUG heat.engine.service [req-0346e2b1-2f13-4447-89e0-b1684392e9ab - - - - -] Service ae1f1edd-b193-40a0-a573-efca4bcee84c is updated service_manage_report /usr/lib/python3/dist-packages/heat/engine/service.py:2370
2025-10-27 01:06:49.553 38914 DEBUG heat.engine.service [req-3b61c8f8-16be-45de-992a-84762c0a3cf5 - - - - -] Service 38554589-0948-48e0-91d9-abb5e31027ad is updated service_manage_report /usr/lib/python3/dist-packages/heat/engine/service.py:2370
2025-10-27 01:06:49.556 38911 DEBUG heat.engine.service [req-24ca4403-7fea-45ca-8777-3ff13612bb74 - - - - -] Service 52ba8677-21f4-4a14-ad8f-a801dc4fd0bd is updated service_manage_report /usr/lib/python3/dist-packages/heat/engine/service.py:2370
2025-10-27 01:06:49.586 38913 DEBUG heat.engine.service [req-31425069-f579-4259-a89b-8abe3e5113f1 - - - - -] Service 21a92350-5400-404f-ade1-c3b1e482ff11 is updated service_manage_report /usr/lib/python3/dist-packages/heat/engine/service.py:2370
2025-10-27 01:06:49.593 38912 DEBUG heat.engine.service [req-4388ab66-e8d8-45a5-8c8b-73d9d813c01f - - - - -] Service ae1f1edd-b193-40a0-a573-efca4bcee84c is updated service_manage_report /usr/lib/python3/dist-packages/heat/engine/service.py:2370
2025-10-27 01:07:49.559 38914 DEBUG heat.engine.service [req-b4fffa2f-56e8-47b7-b5e6-fcd83120f4dc - - - - -] Service 38554589-0948-48e0-91d9-abb5e31027ad is updated service_manage_report /usr/lib/python3/dist-packages/heat/engine/service.py:2370
2025-10-27 01:07:49.560 38911 DEBUG heat.engine.service [req-a21b533a-b003-4713-ac01-021dcf619f08 - - - - -] Service 52ba8677-21f4-4a14-ad8f-a801dc4fd0bd is updated service_manage_report /usr/lib/python3/dist-packages/heat/engine/service.py:2370
2025-10-27 01:07:49.583 38913 DEBUG heat.engine.service [req-7db3b59e-29cb-42d2-8b6b-2fa118df5bb8 - - - - -] Service 21a92350-5400-404f-ade1-c3b1e482ff11 is updated service_manage_report /usr/lib/python3/dist-packages/heat/engine/service.py:2370
2025-10-27 01:07:49.587 38912 DEBUG heat.engine.service [req-2df4e5e3-c074-4fef-9802-bc6129531bcd - - - - -] Service ae1f1edd-b193-40a0-a573-efca4bcee84c is updated service_manage_report /usr/lib/python3/dist-packages/heat/engine/service.py:2370
2025-10-27 01:08:49.565 38914 DEBUG heat.engine.service [req-d0b1e95e-3bc9-4663-b512-37e3fb72ff25 - - - - -] Service 38554589-0948-48e0-91d9-abb5e31027ad is updated service_manage_report /usr/lib/python3/dist-packages/heat/engine/service.py:2370
2025-10-27 01:08:49.568 38911 DEBUG heat.engine.service [req-e1dcd386-ac5f-4b0e-ae8f-ad54e821e760 - - - - -] Service 52ba8677-21f4-4a14-ad8f-a801dc4fd0bd is updated service_manage_report /usr/lib/python3/dist-packages/heat/engine/service.py:2370
2025-10-27 01:08:49.581 38913 DEBUG heat.engine.service [req-b2664a74-def3-4194-bfa8-53a5dd0b5e00 - - - - -] Service 21a92350-5400-404f-ade1-c3b1e482ff11 is updated service_manage_report /usr/lib/python3/dist-packages/heat/engine/service.py:2370
2025-10-27 01:08:49.591 38912 DEBUG heat.engine.service [req-7d6291d1-145e-470b-ba68-afc9b912f2eb - - - - -] Service ae1f1edd-b193-40a0-a573-efca4bcee84c is updated service_manage_report /usr/lib/python3/dist-packages/heat/engine/service.py:2370
2025-10-27 01:09:49.558 38914 DEBUG heat.engine.service [req-6118b9b8-043d-4a8b-9713-6827bdcb294d - - - - -] Service 38554589-0948-48e0-91d9-abb5e31027ad is updated service_manage_report /usr/lib/python3/dist-packages/heat/engine/service.py:2370
2025-10-27 01:09:49.562 38911 DEBUG heat.engine.service [req-58303c8d-94f6-48d2-b860-611e1310af8c - - - - -] Service 52ba8677-21f4-4a14-ad8f-a801dc4fd0bd is updated service_manage_report /usr/lib/python3/dist-packages/heat/engine/service.py:2370
2025-10-27 01:09:49.575 38913 DEBUG heat.engine.service [req-7ac8a19d-a4ae-4b9c-9146-b000e74bc6e5 - - - - -] Service 21a92350-5400-404f-ade1-c3b1e482ff11 is updated service_manage_report /usr/lib/python3/dist-packages/heat/engine/service.py:2370
2025-10-27 01:09:49.593 38912 DEBUG heat.engine.service [req-77037387-27d0-4532-a193-210d8c28416e - - - - -] Service ae1f1edd-b193-40a0-a573-efca4bcee84c is updated service_manage_report /usr/lib/python3/dist-packages/heat/engine/service.py:2370
2025-10-27 01:10:49.562 38914 DEBUG heat.engine.service [req-06d96bba-4331-4da3-a328-eda5746d653b - - - - -] Service 38554589-0948-48e0-91d9-abb5e31027ad is updated service_manage_report /usr/lib/python3/dist-packages/heat/engine/service.py:2370
2025-10-27 01:10:49.567 38911 DEBUG heat.engine.service [req-4eb12f2f-a9f2-4dfd-ae07-1e0abace1ed0 - - - - -] Service 52ba8677-21f4-4a14-ad8f-a801dc4fd0bd is updated service_manage_report /usr/lib/python3/dist-packages/heat/engine/service.py:2370
2025-10-27 01:10:49.578 38913 DEBUG heat.engine.service [req-bbef6eb0-0d5f-45d9-98f6-bb475f35e8fa - - - - -] Service 21a92350-5400-404f-ade1-c3b1e482ff11 is updated service_manage_report /usr/lib/python3/dist-packages/heat/engine/service.py:2370
2025-10-27 01:10:49.596 38912 DEBUG heat.engine.service [req-94a60b11-24e0-42b8-b0d8-cbf1f3fc953c - - - - -] Service ae1f1edd-b193-40a0-a573-efca4bcee84c is updated service_manage_report /usr/lib/python3/dist-packages/heat/engine/service.py:2370
2025-10-27 01:11:49.569 38914 DEBUG heat.engine.service [req-57967b15-0188-4550-94d2-c8aa5e78061e - - - - -] Service 38554589-0948-48e0-91d9-abb5e31027ad is updated service_manage_report /usr/lib/python3/dist-packages/heat/engine/service.py:2370
2025-10-27 01:11:49.570 38911 DEBUG heat.engine.service [req-832ae5b0-42f2-46be-8a5e-69cafcbe199c - - - - -] Service 52ba8677-21f4-4a14-ad8f-a801dc4fd0bd is updated service_manage_report /usr/lib/python3/dist-packages/heat/engine/service.py:2370
2025-10-27 01:11:49.582 38913 DEBUG heat.engine.service [req-fdbde5c3-4e9d-48c4-a8a1-6a18eb2f7de7 - - - - -] Service 21a92350-5400-404f-ade1-c3b1e482ff11 is updated service_manage_report /usr/lib/python3/dist-packages/heat/engine/service.py:2370
2025-10-27 01:11:49.599 38912 DEBUG heat.engine.service [req-7ba850d7-5a37-4bc4-b9c5-d55589aad4b3 - - - - -] Service ae1f1edd-b193-40a0-a573-efca4bcee84c is updated service_manage_report /usr/lib/python3/dist-packages/heat/engine/service.py:2370
2025-10-27 01:12:49.565 38914 DEBUG heat.engine.service [req-ea69a464-dec9-4c52-8c00-647b0cd304bf - - - - -] Service 38554589-0948-48e0-91d9-abb5e31027ad is updated service_manage_report /usr/lib/python3/dist-packages/heat/engine/service.py:2370
2025-10-27 01:12:49.574 38911 DEBUG heat.engine.service [req-1405db51-d7a3-40a9-9c1a-faf42a3e1f06 - - - - -] Service 52ba8677-21f4-4a14-ad8f-a801dc4fd0bd is updated service_manage_report /usr/lib/python3/dist-packages/heat/engine/service.py:2370
2025-10-27 01:12:49.584 38913 DEBUG heat.engine.service [req-9290ed3b-1227-4bf6-a8fa-e6d56b590d8b - - - - -] Service 21a92350-5400-404f-ade1-c3b1e482ff11 is updated service_manage_report /usr/lib/python3/dist-packages/heat/engine/service.py:2370
2025-10-27 01:12:49.602 38912 DEBUG heat.engine.service [req-8fc1f7a7-e0f4-48d4-b8c3-5b695f4a92c0 - - - - -] Service ae1f1edd-b193-40a0-a573-efca4bcee84c is updated service_manage_report /usr/lib/python3/dist-packages/heat/engine/service.py:2370
2025-10-27 01:13:49.568 38914 DEBUG heat.engine.service [req-4534370c-d7ce-49df-bf0b-a5dd34f3b6bf - - - - -] Service 38554589-0948-48e0-91d9-abb5e31027ad is updated service_manage_report /usr/lib/python3/dist-packages/heat/engine/service.py:2370
2025-10-27 01:13:49.576 38911 DEBUG heat.engine.service [req-85a890c9-f90d-4230-b022-546a375ba581 - - - - -] Service 52ba8677-21f4-4a14-ad8f-a801dc4fd0bd is updated service_manage_report /usr/lib/python3/dist-packages/heat/engine/service.py:2370
2025-10-27 01:13:49.587 38913 DEBUG heat.engine.service [req-2be20f9b-08b7-42a1-9e80-56acc071313a - - - - -] Service 21a92350-5400-404f-ade1-c3b1e482ff11 is updated service_manage_report /usr/lib/python3/dist-packages/heat/engine/service.py:2370
2025-10-27 01:13:49.607 38912 DEBUG heat.engine.service [req-21335a59-3ba1-4ec5-9f78-e3a1dfb983ea - - - - -] Service ae1f1edd-b193-40a0-a573-efca4bcee84c is updated service_manage_report /usr/lib/python3/dist-packages/heat/engine/service.py:2370
2025-10-27 01:14:49.572 38914 DEBUG heat.engine.service [req-fb119bdf-7ebf-4b4e-bb3c-7678174a793b - - - - -] Service 38554589-0948-48e0-91d9-abb5e31027ad is updated service_manage_report /usr/lib/python3/dist-packages/heat/engine/service.py:2370
2025-10-27 01:14:49.583 38911 DEBUG heat.engine.service [req-c68b75ea-7d0e-4e3b-aa30-45b9084960d4 - - - - -] Service 52ba8677-21f4-4a14-ad8f-a801dc4fd0bd is updated service_manage_report /usr/lib/python3/dist-packages/heat/engine/service.py:2370
2025-10-27 01:14:49.589 38913 DEBUG heat.engine.service [req-9d5528ee-7ddd-4566-8308-1eeaf29b3154 - - - - -] Service 21a92350-5400-404f-ade1-c3b1e482ff11 is updated service_manage_report /usr/lib/python3/dist-packages/heat/engine/service.py:2370
2025-10-27 01:14:49.610 38912 DEBUG heat.engine.service [req-6f763c01-62aa-4222-8248-b65aca900b7c - - - - -] Service ae1f1edd-b193-40a0-a573-efca4bcee84c is updated service_manage_report /usr/lib/python3/dist-packages/heat/engine/service.py:2370
2025-10-27 01:15:49.578 38914 DEBUG heat.engine.service [req-b90ba0b4-784a-499b-ba31-af8c931ed873 - - - - -] Service 38554589-0948-48e0-91d9-abb5e31027ad is updated service_manage_report /usr/lib/python3/dist-packages/heat/engine/service.py:2370
2025-10-27 01:15:49.579 38911 DEBUG heat.engine.service [req-f7687d61-21fc-480e-86e7-f09a26a515e5 - - - - -] Service 52ba8677-21f4-4a14-ad8f-a801dc4fd0bd is updated service_manage_report /usr/lib/python3/dist-packages/heat/engine/service.py:2370
2025-10-27 01:15:49.595 38913 DEBUG heat.engine.service [req-365e4262-e232-4bee-92c9-76548b86eab3 - - - - -] Service 21a92350-5400-404f-ade1-c3b1e482ff11 is updated service_manage_report /usr/lib/python3/dist-packages/heat/engine/service.py:2370
2025-10-27 01:15:49.617 38912 DEBUG heat.engine.service [req-ec54c313-62a4-41cb-a1d3-693c57fcceb2 - - - - -] Service ae1f1edd-b193-40a0-a573-efca4bcee84c is updated service_manage_report /usr/lib/python3/dist-packages/heat/engine/service.py:2370
2025-10-27 01:16:49.571 38914 DEBUG heat.engine.service [req-682bb835-74a7-4c85-987d-5ac082d80f46 - - - - -] Service 38554589-0948-48e0-91d9-abb5e31027ad is updated service_manage_report /usr/lib/python3/dist-packages/heat/engine/service.py:2370
2025-10-27 01:16:49.581 38911 DEBUG heat.engine.service [req-67293658-4fc1-4495-8b56-cf048a8deded - - - - -] Service 52ba8677-21f4-4a14-ad8f-a801dc4fd0bd is updated service_manage_report /usr/lib/python3/dist-packages/heat/engine/service.py:2370
2025-10-27 01:16:49.599 38913 DEBUG heat.engine.service [req-c831ab33-7fa8-4ba8-9b76-df7fd86d8345 - - - - -] Service 21a92350-5400-404f-ade1-c3b1e482ff11 is updated service_manage_report /usr/lib/python3/dist-packages/heat/engine/service.py:2370
2025-10-27 01:16:49.610 38912 DEBUG heat.engine.service [req-cc45f37a-ca6f-460b-94f9-e0524525ff19 - - - - -] Service ae1f1edd-b193-40a0-a573-efca4bcee84c is updated service_manage_report /usr/lib/python3/dist-packages/heat/engine/service.py:2370
2025-10-27 01:17:49.577 38914 DEBUG heat.engine.service [req-6ff2f335-fc00-4fd6-88dc-9f4554c65539 - - - - -] Service 38554589-0948-48e0-91d9-abb5e31027ad is updated service_manage_report /usr/lib/python3/dist-packages/heat/engine/service.py:2370
2025-10-27 01:17:49.583 38911 DEBUG heat.engine.service [req-5fa8aafd-ef25-440d-b139-d7f34221a794 - - - - -] Service 52ba8677-21f4-4a14-ad8f-a801dc4fd0bd is updated service_manage_report /usr/lib/python3/dist-packages/heat/engine/service.py:2370
2025-10-27 01:17:49.602 38913 DEBUG heat.engine.service [req-52b0e8c1-0b81-4e35-b9a1-eb450712766e - - - - -] Service 21a92350-5400-404f-ade1-c3b1e482ff11 is updated service_manage_report /usr/lib/python3/dist-packages/heat/engine/service.py:2370
2025-10-27 01:17:49.612 38912 DEBUG heat.engine.service [req-202e58f6-e954-4f9a-aba5-ac6ef3b7d037 - - - - -] Service ae1f1edd-b193-40a0-a573-efca4bcee84c is updated service_manage_report /usr/lib/python3/dist-packages/heat/engine/service.py:2370
2025-10-27 01:18:49.571 38914 DEBUG heat.engine.service [req-932e7837-6a7b-4960-a5fc-ee39b7725337 - - - - -] Service 38554589-0948-48e0-91d9-abb5e31027ad is updated service_manage_report /usr/lib/python3/dist-packages/heat/engine/service.py:2370
2025-10-27 01:18:49.587 38911 DEBUG heat.engine.service [req-67ae27f9-b9a8-4c4f-8e83-0416426a8899 - - - - -] Service 52ba8677-21f4-4a14-ad8f-a801dc4fd0bd is updated service_manage_report /usr/lib/python3/dist-packages/heat/engine/service.py:2370
2025-10-27 01:18:49.605 38913 DEBUG heat.engine.service [req-edfc6e5d-127d-4998-b0c0-37189a8a21b2 - - - - -] Service 21a92350-5400-404f-ade1-c3b1e482ff11 is updated service_manage_report /usr/lib/python3/dist-packages/heat/engine/service.py:2370
2025-10-27 01:18:49.615 38912 DEBUG heat.engine.service [req-3add2a2f-1d53-44ba-b10b-6263fd3abfc9 - - - - -] Service ae1f1edd-b193-40a0-a573-efca4bcee84c is updated service_manage_report /usr/lib/python3/dist-packages/heat/engine/service.py:2370
2025-10-27 01:19:49.574 38914 DEBUG heat.engine.service [req-2d192c23-28bf-47ff-82d8-a51685d47e46 - - - - -] Service 38554589-0948-48e0-91d9-abb5e31027ad is updated service_manage_report /usr/lib/python3/dist-packages/heat/engine/service.py:2370
2025-10-27 01:19:49.591 38911 DEBUG heat.engine.service [req-e67762b3-ec1a-49b8-a3dc-ab3efe74ca5e - - - - -] Service 52ba8677-21f4-4a14-ad8f-a801dc4fd0bd is updated service_manage_report /usr/lib/python3/dist-packages/heat/engine/service.py:2370
2025-10-27 01:19:49.607 38913 DEBUG heat.engine.service [req-8a94b149-8083-4e02-ae07-11e2e6e40fd0 - - - - -] Service 21a92350-5400-404f-ade1-c3b1e482ff11 is updated service_manage_report /usr/lib/python3/dist-packages/heat/engine/service.py:2370
2025-10-27 01:19:49.617 38912 DEBUG heat.engine.service [req-97e4ee15-d358-45c6-adf7-df679fdb5efb - - - - -] Service ae1f1edd-b193-40a0-a573-efca4bcee84c is updated service_manage_report /usr/lib/python3/dist-packages/heat/engine/service.py:2370
2025-10-27 01:20:49.578 38914 DEBUG heat.engine.service [req-76c07c03-e41a-4daa-9bd6-d4a9df7407a4 - - - - -] Service 38554589-0948-48e0-91d9-abb5e31027ad is updated service_manage_report /usr/lib/python3/dist-packages/heat/engine/service.py:2370
2025-10-27 01:20:49.595 38911 DEBUG heat.engine.service [req-46069a66-c584-4d02-9c30-cc51c5dd2da3 - - - - -] Service 52ba8677-21f4-4a14-ad8f-a801dc4fd0bd is updated service_manage_report /usr/lib/python3/dist-packages/heat/engine/service.py:2370
2025-10-27 01:20:49.611 38913 DEBUG heat.engine.service [req-b07e3b2c-bac5-43e3-881e-f1b46aef9911 - - - - -] Service 21a92350-5400-404f-ade1-c3b1e482ff11 is updated service_manage_report /usr/lib/python3/dist-packages/heat/engine/service.py:2370
2025-10-27 01:20:49.621 38912 DEBUG heat.engine.service [req-cb0c0aae-144f-4621-84ee-79a4c1094364 - - - - -] Service ae1f1edd-b193-40a0-a573-efca4bcee84c is updated service_manage_report /usr/lib/python3/dist-packages/heat/engine/service.py:2370
2025-10-27 01:21:49.582 38914 DEBUG heat.engine.service [req-6674df52-3efd-41f2-a996-4781b69cf594 - - - - -] Service 38554589-0948-48e0-91d9-abb5e31027ad is updated service_manage_report /usr/lib/python3/dist-packages/heat/engine/service.py:2370
2025-10-27 01:21:49.599 38911 DEBUG heat.engine.service [req-1914e6d2-1cb0-42b0-a45f-ca2de8ce6443 - - - - -] Service 52ba8677-21f4-4a14-ad8f-a801dc4fd0bd is updated service_manage_report /usr/lib/python3/dist-packages/heat/engine/service.py:2370
2025-10-27 01:21:49.615 38913 DEBUG heat.engine.service [req-3866bd01-dcfa-47f1-9763-81e8836ebfe1 - - - - -] Service 21a92350-5400-404f-ade1-c3b1e482ff11 is updated service_manage_report /usr/lib/python3/dist-packages/heat/engine/service.py:2370
2025-10-27 01:21:49.628 38912 DEBUG heat.engine.service [req-60b60834-11a9-4117-87ec-43f3e126d2d2 - - - - -] Service ae1f1edd-b193-40a0-a573-efca4bcee84c is updated service_manage_report /usr/lib/python3/dist-packages/heat/engine/service.py:2370
2025-10-27 01:22:49.585 38914 DEBUG heat.engine.service [req-315bf7de-af2c-40b5-96a6-2991c976d971 - - - - -] Service 38554589-0948-48e0-91d9-abb5e31027ad is updated service_manage_report /usr/lib/python3/dist-packages/heat/engine/service.py:2370
2025-10-27 01:22:49.602 38911 DEBUG heat.engine.service [req-0988d506-2f1c-4b0b-b6fb-95c13e8cf573 - - - - -] Service 52ba8677-21f4-4a14-ad8f-a801dc4fd0bd is updated service_manage_report /usr/lib/python3/dist-packages/heat/engine/service.py:2370
2025-10-27 01:22:49.616 38913 DEBUG heat.engine.service [req-ec81f835-eb3e-4a1a-be73-ac3514b37f8c - - - - -] Service 21a92350-5400-404f-ade1-c3b1e482ff11 is updated service_manage_report /usr/lib/python3/dist-packages/heat/engine/service.py:2370
2025-10-27 01:22:49.619 38912 DEBUG heat.engine.service [req-76e1223a-c70a-41ea-88f1-6b032d954b19 - - - - -] Service ae1f1edd-b193-40a0-a573-efca4bcee84c is updated service_manage_report /usr/lib/python3/dist-packages/heat/engine/service.py:2370
2025-10-27 01:23:49.589 38914 DEBUG heat.engine.service [req-d3d95c17-81c0-4ec4-8b37-9aafce51e2ee - - - - -] Service 38554589-0948-48e0-91d9-abb5e31027ad is updated service_manage_report /usr/lib/python3/dist-packages/heat/engine/service.py:2370
2025-10-27 01:23:49.605 38911 DEBUG heat.engine.service [req-b0a04049-a9e3-429a-b361-4cb28f8b6595 - - - - -] Service 52ba8677-21f4-4a14-ad8f-a801dc4fd0bd is updated service_manage_report /usr/lib/python3/dist-packages/heat/engine/service.py:2370
2025-10-27 01:23:49.620 38913 DEBUG heat.engine.service [req-c6352d95-fc4f-4286-9fe0-e0150d3e332d - - - - -] Service 21a92350-5400-404f-ade1-c3b1e482ff11 is updated service_manage_report /usr/lib/python3/dist-packages/heat/engine/service.py:2370
2025-10-27 01:23:49.623 38912 DEBUG heat.engine.service [req-0dcac5de-9945-41db-a18e-f8618e872d1a - - - - -] Service ae1f1edd-b193-40a0-a573-efca4bcee84c is updated service_manage_report /usr/lib/python3/dist-packages/heat/engine/service.py:2370
2025-10-27 01:24:49.597 38914 DEBUG heat.engine.service [req-76f952b4-83db-4e2b-938f-a9aa7285e8bc - - - - -] Service 38554589-0948-48e0-91d9-abb5e31027ad is updated service_manage_report /usr/lib/python3/dist-packages/heat/engine/service.py:2370
2025-10-27 01:24:49.608 38911 DEBUG heat.engine.service [req-62c054b4-ffec-42b5-acd0-0c5e90b4a538 - - - - -] Service 52ba8677-21f4-4a14-ad8f-a801dc4fd0bd is updated service_manage_report /usr/lib/python3/dist-packages/heat/engine/service.py:2370
2025-10-27 01:24:49.624 38913 DEBUG heat.engine.service [req-6fd2a3a6-8a33-457b-9d70-2aa7bfeeb4d1 - - - - -] Service 21a92350-5400-404f-ade1-c3b1e482ff11 is updated service_manage_report /usr/lib/python3/dist-packages/heat/engine/service.py:2370
2025-10-27 01:24:49.626 38912 DEBUG heat.engine.service [req-2f141579-2b6a-42b0-9f39-893dbe5dd41f - - - - -] Service ae1f1edd-b193-40a0-a573-efca4bcee84c is updated service_manage_report /usr/lib/python3/dist-packages/heat/engine/service.py:2370
2025-10-27 01:25:49.590 38914 DEBUG heat.engine.service [req-f3d9d20c-8b4c-40a8-b860-83037bd0a0b7 - - - - -] Service 38554589-0948-48e0-91d9-abb5e31027ad is updated service_manage_report /usr/lib/python3/dist-packages/heat/engine/service.py:2370
2025-10-27 01:25:49.612 38911 DEBUG heat.engine.service [req-47972230-7277-4294-8fb6-b3adb93da7d8 - - - - -] Service 52ba8677-21f4-4a14-ad8f-a801dc4fd0bd is updated service_manage_report /usr/lib/python3/dist-packages/heat/engine/service.py:2370
2025-10-27 01:25:49.632 38913 DEBUG heat.engine.service [req-75a30271-98ad-4d6b-b7e3-d0eadc73b941 - - - - -] Service 21a92350-5400-404f-ade1-c3b1e482ff11 is updated service_manage_report /usr/lib/python3/dist-packages/heat/engine/service.py:2370
2025-10-27 01:25:49.633 38912 DEBUG heat.engine.service [req-df26c6fa-107b-4f34-bae1-866fdfebbc79 - - - - -] Service ae1f1edd-b193-40a0-a573-efca4bcee84c is updated service_manage_report /usr/lib/python3/dist-packages/heat/engine/service.py:2370
2025-10-27 01:26:49.595 38914 DEBUG heat.engine.service [req-36b5a09d-ba2f-4b20-8328-f102eea41459 - - - - -] Service 38554589-0948-48e0-91d9-abb5e31027ad is updated service_manage_report /usr/lib/python3/dist-packages/heat/engine/service.py:2370
2025-10-27 01:26:49.616 38911 DEBUG heat.engine.service [req-d057191b-90bc-42ad-8e4f-cafd90b913d7 - - - - -] Service 52ba8677-21f4-4a14-ad8f-a801dc4fd0bd is updated service_manage_report /usr/lib/python3/dist-packages/heat/engine/service.py:2370
2025-10-27 01:26:49.625 38912 DEBUG heat.engine.service [req-e9314441-f8d2-486b-b608-d1c5ee28ee90 - - - - -] Service ae1f1edd-b193-40a0-a573-efca4bcee84c is updated service_manage_report /usr/lib/python3/dist-packages/heat/engine/service.py:2370
2025-10-27 01:26:49.627 38913 DEBUG heat.engine.service [req-56b0a53d-30a1-4a57-b779-f24792a234eb - - - - -] Service 21a92350-5400-404f-ade1-c3b1e482ff11 is updated service_manage_report /usr/lib/python3/dist-packages/heat/engine/service.py:2370
2025-10-27 01:27:49.598 38914 DEBUG heat.engine.service [req-d6d15951-57b4-4056-852e-fa3b6bff5198 - - - - -] Service 38554589-0948-48e0-91d9-abb5e31027ad is updated service_manage_report /usr/lib/python3/dist-packages/heat/engine/service.py:2370
2025-10-27 01:27:49.621 38911 DEBUG heat.engine.service [req-89363f54-dac9-416e-9a67-27dedf9ee5d4 - - - - -] Service 52ba8677-21f4-4a14-ad8f-a801dc4fd0bd is updated service_manage_report /usr/lib/python3/dist-packages/heat/engine/service.py:2370
2025-10-27 01:27:49.628 38912 DEBUG heat.engine.service [req-90b08870-0a2d-4de8-be3b-cd0de8b5f7af - - - - -] Service ae1f1edd-b193-40a0-a573-efca4bcee84c is updated service_manage_report /usr/lib/python3/dist-packages/heat/engine/service.py:2370
2025-10-27 01:27:49.630 38913 DEBUG heat.engine.service [req-ab71ab5b-5975-4e46-a42c-6c292fc72878 - - - - -] Service 21a92350-5400-404f-ade1-c3b1e482ff11 is updated service_manage_report /usr/lib/python3/dist-packages/heat/engine/service.py:2370
2025-10-27 01:28:49.601 38914 DEBUG heat.engine.service [req-9bdf1754-a991-4342-b961-4d1a1339816d - - - - -] Service 38554589-0948-48e0-91d9-abb5e31027ad is updated service_manage_report /usr/lib/python3/dist-packages/heat/engine/service.py:2370
2025-10-27 01:28:49.624 38911 DEBUG heat.engine.service [req-73ba2a8b-61ea-4f4e-b712-94587f35702c - - - - -] Service 52ba8677-21f4-4a14-ad8f-a801dc4fd0bd is updated service_manage_report /usr/lib/python3/dist-packages/heat/engine/service.py:2370
2025-10-27 01:28:49.629 38912 DEBUG heat.engine.service [req-ce40f321-7124-4e3d-9736-4e81bb13a68e - - - - -] Service ae1f1edd-b193-40a0-a573-efca4bcee84c is updated service_manage_report /usr/lib/python3/dist-packages/heat/engine/service.py:2370
2025-10-27 01:28:49.634 38913 DEBUG heat.engine.service [req-e14b43bc-2b55-4918-9201-01e0e49e48fb - - - - -] Service 21a92350-5400-404f-ade1-c3b1e482ff11 is updated service_manage_report /usr/lib/python3/dist-packages/heat/engine/service.py:2370
2025-10-27 01:29:49.609 38914 DEBUG heat.engine.service [req-fd8b394f-b162-46a5-88d7-1cf16dca6aba - - - - -] Service 38554589-0948-48e0-91d9-abb5e31027ad is updated service_manage_report /usr/lib/python3/dist-packages/heat/engine/service.py:2370
2025-10-27 01:29:49.630 38911 DEBUG heat.engine.service [req-2194e913-dab6-460b-a32b-b7ecd5dfa215 - - - - -] Service 52ba8677-21f4-4a14-ad8f-a801dc4fd0bd is updated service_manage_report /usr/lib/python3/dist-packages/heat/engine/service.py:2370
2025-10-27 01:29:49.633 38912 DEBUG heat.engine.service [req-4d00acd2-1868-492f-979d-dfc4c7676676 - - - - -] Service ae1f1edd-b193-40a0-a573-efca4bcee84c is updated service_manage_report /usr/lib/python3/dist-packages/heat/engine/service.py:2370
2025-10-27 01:29:49.637 38913 DEBUG heat.engine.service [req-632fd2d1-3db8-49d3-ab87-700540a328f8 - - - - -] Service 21a92350-5400-404f-ade1-c3b1e482ff11 is updated service_manage_report /usr/lib/python3/dist-packages/heat/engine/service.py:2370
2025-10-27 01:30:49.605 38914 DEBUG heat.engine.service [req-9580e465-a4c0-49aa-a320-2c85102bd232 - - - - -] Service 38554589-0948-48e0-91d9-abb5e31027ad is updated service_manage_report /usr/lib/python3/dist-packages/heat/engine/service.py:2370
2025-10-27 01:30:49.635 38911 DEBUG heat.engine.service [req-84509d9d-29b8-478c-98b2-408d2f981ead - - - - -] Service 52ba8677-21f4-4a14-ad8f-a801dc4fd0bd is updated service_manage_report /usr/lib/python3/dist-packages/heat/engine/service.py:2370
2025-10-27 01:30:49.637 38912 DEBUG heat.engine.service [req-ac46dfe3-ff9c-4483-afd4-494a56eb10c1 - - - - -] Service ae1f1edd-b193-40a0-a573-efca4bcee84c is updated service_manage_report /usr/lib/python3/dist-packages/heat/engine/service.py:2370
2025-10-27 01:30:49.641 38913 DEBUG heat.engine.service [req-ec1bd422-1f73-484c-9f0d-a015adbbdddd - - - - -] Service 21a92350-5400-404f-ade1-c3b1e482ff11 is updated service_manage_report /usr/lib/python3/dist-packages/heat/engine/service.py:2370
2025-10-27 01:31:49.609 38914 DEBUG heat.engine.service [req-64c64610-3443-4cc1-8df1-3f6e04bc5180 - - - - -] Service 38554589-0948-48e0-91d9-abb5e31027ad is updated service_manage_report /usr/lib/python3/dist-packages/heat/engine/service.py:2370
2025-10-27 01:31:49.640 38911 DEBUG heat.engine.service [req-9c5a8915-5b7e-4c56-a85d-6131a6ecbe6c - - - - -] Service 52ba8677-21f4-4a14-ad8f-a801dc4fd0bd is updated service_manage_report /usr/lib/python3/dist-packages/heat/engine/service.py:2370
2025-10-27 01:31:49.642 38912 DEBUG heat.engine.service [req-2e5d937c-a2e5-4a61-99c0-cae0f16d7718 - - - - -] Service ae1f1edd-b193-40a0-a573-efca4bcee84c is updated service_manage_report /usr/lib/python3/dist-packages/heat/engine/service.py:2370
2025-10-27 01:31:49.649 38913 DEBUG heat.engine.service [req-d9a39530-4a37-45ca-b99b-5b04aa263710 - - - - -] Service 21a92350-5400-404f-ade1-c3b1e482ff11 is updated service_manage_report /usr/lib/python3/dist-packages/heat/engine/service.py:2370
2025-10-27 01:32:49.613 38914 DEBUG heat.engine.service [req-884bcfd1-4117-4453-85bd-61e4ed0e9836 - - - - -] Service 38554589-0948-48e0-91d9-abb5e31027ad is updated service_manage_report /usr/lib/python3/dist-packages/heat/engine/service.py:2370
2025-10-27 01:32:49.635 38912 DEBUG heat.engine.service [req-04af9be5-47ce-44e4-804a-ed7d0f03eee2 - - - - -] Service ae1f1edd-b193-40a0-a573-efca4bcee84c is updated service_manage_report /usr/lib/python3/dist-packages/heat/engine/service.py:2370
2025-10-27 01:32:49.643 38913 DEBUG heat.engine.service [req-3e93b7f3-33de-45fd-a022-e483f44469ff - - - - -] Service 21a92350-5400-404f-ade1-c3b1e482ff11 is updated service_manage_report /usr/lib/python3/dist-packages/heat/engine/service.py:2370
2025-10-27 01:32:49.644 38911 DEBUG heat.engine.service [req-6a53bb9e-3769-4902-8455-b475f955795e - - - - -] Service 52ba8677-21f4-4a14-ad8f-a801dc4fd0bd is updated service_manage_report /usr/lib/python3/dist-packages/heat/engine/service.py:2370
2025-10-27 01:33:49.615 38914 DEBUG heat.engine.service [req-ab562edd-a714-4652-919e-dc0db4baa939 - - - - -] Service 38554589-0948-48e0-91d9-abb5e31027ad is updated service_manage_report /usr/lib/python3/dist-packages/heat/engine/service.py:2370
2025-10-27 01:33:49.638 38912 DEBUG heat.engine.service [req-85843f31-e621-4d8c-9175-c6677f530079 - - - - -] Service ae1f1edd-b193-40a0-a573-efca4bcee84c is updated service_manage_report /usr/lib/python3/dist-packages/heat/engine/service.py:2370
2025-10-27 01:33:49.649 38911 DEBUG heat.engine.service [req-e4d5eeb2-3538-453e-bd23-31109aa3ca40 - - - - -] Service 52ba8677-21f4-4a14-ad8f-a801dc4fd0bd is updated service_manage_report /usr/lib/python3/dist-packages/heat/engine/service.py:2370
2025-10-27 01:33:49.649 38913 DEBUG heat.engine.service [req-edefd4aa-0de2-475f-b66c-ceff84f6233c - - - - -] Service 21a92350-5400-404f-ade1-c3b1e482ff11 is updated service_manage_report /usr/lib/python3/dist-packages/heat/engine/service.py:2370
2025-10-27 01:34:49.619 38914 DEBUG heat.engine.service [req-98ed9a15-1690-4c69-ad8f-f98c732910c6 - - - - -] Service 38554589-0948-48e0-91d9-abb5e31027ad is updated service_manage_report /usr/lib/python3/dist-packages/heat/engine/service.py:2370
2025-10-27 01:34:49.641 38912 DEBUG heat.engine.service [req-7bb9cdc8-bb45-4efe-ae19-fef35e7ff4f8 - - - - -] Service ae1f1edd-b193-40a0-a573-efca4bcee84c is updated service_manage_report /usr/lib/python3/dist-packages/heat/engine/service.py:2370
2025-10-27 01:34:49.642 38913 DEBUG heat.engine.service [req-6f914fa7-41b4-48d0-975b-40a9ddfe5185 - - - - -] Service 21a92350-5400-404f-ade1-c3b1e482ff11 is updated service_manage_report /usr/lib/python3/dist-packages/heat/engine/service.py:2370
2025-10-27 01:34:49.653 38911 DEBUG heat.engine.service [req-cd06d13a-7104-4743-9e12-e12fb44b85fa - - - - -] Service 52ba8677-21f4-4a14-ad8f-a801dc4fd0bd is updated service_manage_report /usr/lib/python3/dist-packages/heat/engine/service.py:2370
2025-10-27 01:35:49.624 38914 DEBUG heat.engine.service [req-d3a917b2-319f-4d52-b55b-e99882c9110b - - - - -] Service 38554589-0948-48e0-91d9-abb5e31027ad is updated service_manage_report /usr/lib/python3/dist-packages/heat/engine/service.py:2370
2025-10-27 01:35:49.643 38912 DEBUG heat.engine.service [req-14e3a09b-10d3-49e8-99f2-4da99b3b30f9 - - - - -] Service ae1f1edd-b193-40a0-a573-efca4bcee84c is updated service_manage_report /usr/lib/python3/dist-packages/heat/engine/service.py:2370
2025-10-27 01:35:49.646 38913 DEBUG heat.engine.service [req-2e8300e9-7664-41fd-80e9-7157719dc737 - - - - -] Service 21a92350-5400-404f-ade1-c3b1e482ff11 is updated service_manage_report /usr/lib/python3/dist-packages/heat/engine/service.py:2370
2025-10-27 01:35:49.656 38911 DEBUG heat.engine.service [req-d2bdb965-3bd3-436e-8e5a-dde8f6437ea2 - - - - -] Service 52ba8677-21f4-4a14-ad8f-a801dc4fd0bd is updated service_manage_report /usr/lib/python3/dist-packages/heat/engine/service.py:2370
2025-10-27 01:36:49.636 38914 DEBUG heat.engine.service [req-fb2a8a41-5d4c-4207-8040-eccf7e895e8a - - - - -] Service 38554589-0948-48e0-91d9-abb5e31027ad is updated service_manage_report /usr/lib/python3/dist-packages/heat/engine/service.py:2370
2025-10-27 01:36:49.653 38912 DEBUG heat.engine.service [req-17a1d9c3-62b0-403f-90c6-8bf139d7ccbe - - - - -] Service ae1f1edd-b193-40a0-a573-efca4bcee84c is updated service_manage_report /usr/lib/python3/dist-packages/heat/engine/service.py:2370
2025-10-27 01:36:49.663 38911 DEBUG heat.engine.service [req-47422f1e-29b3-4e4e-8e6a-172e34ca2db3 - - - - -] Service 52ba8677-21f4-4a14-ad8f-a801dc4fd0bd is updated service_manage_report /usr/lib/python3/dist-packages/heat/engine/service.py:2370
2025-10-27 01:36:49.663 38913 DEBUG heat.engine.service [req-acc78867-7d31-4a19-aa84-f6ccd1fb89a4 - - - - -] Service 21a92350-5400-404f-ade1-c3b1e482ff11 is updated service_manage_report /usr/lib/python3/dist-packages/heat/engine/service.py:2370
2025-10-27 01:37:49.971 38912 DEBUG heat.engine.service [req-fcbc913a-17a5-476c-a747-c09c467ca42f - - - - -] Service ae1f1edd-b193-40a0-a573-efca4bcee84c is updated service_manage_report /usr/lib/python3/dist-packages/heat/engine/service.py:2370
2025-10-27 01:37:49.971 38911 DEBUG heat.engine.service [req-31eeb607-b171-4afb-b9de-fe59035c47bc - - - - -] Service 52ba8677-21f4-4a14-ad8f-a801dc4fd0bd is updated service_manage_report /usr/lib/python3/dist-packages/heat/engine/service.py:2370
2025-10-27 01:37:49.971 38914 DEBUG heat.engine.service [req-6ee4a636-aa01-4ff0-a331-41a10827a485 - - - - -] Service 38554589-0948-48e0-91d9-abb5e31027ad is updated service_manage_report /usr/lib/python3/dist-packages/heat/engine/service.py:2370
2025-10-27 01:37:49.971 38913 DEBUG heat.engine.service [req-9324239e-625a-4f31-9a1e-6b171636df8d - - - - -] Service 21a92350-5400-404f-ade1-c3b1e482ff11 is updated service_manage_report /usr/lib/python3/dist-packages/heat/engine/service.py:2370
2025-10-27 01:37:55.176 38911 DEBUG heat.engine.service [-] Attempting to stop engine service... _stop_rpc_server /usr/lib/python3/dist-packages/heat/engine/service.py:437
2025-10-27 01:37:55.177 38912 DEBUG heat.engine.service [-] Attempting to stop engine service... _stop_rpc_server /usr/lib/python3/dist-packages/heat/engine/service.py:437
2025-10-27 01:37:55.178 38913 DEBUG heat.engine.service [-] Attempting to stop engine service... _stop_rpc_server /usr/lib/python3/dist-packages/heat/engine/service.py:437
2025-10-27 01:37:55.180 38914 DEBUG heat.engine.service [-] Attempting to stop engine service... _stop_rpc_server /usr/lib/python3/dist-packages/heat/engine/service.py:437
2025-10-27 01:37:55.185 38691 INFO oslo_service.service [-] Caught SIGTERM, stopping children
2025-10-27 01:37:55.185 38691 DEBUG oslo_concurrency.lockutils [-] Acquired lock "singleton_lock" lock /usr/lib/python3/dist-packages/oslo_concurrency/lockutils.py:294
2025-10-27 01:37:55.185 38691 DEBUG oslo_concurrency.lockutils [-] Releasing lock "singleton_lock" lock /usr/lib/python3/dist-packages/oslo_concurrency/lockutils.py:312
2025-10-27 01:37:55.186 38691 DEBUG oslo_service.service [-] Stop services. stop /usr/lib/python3/dist-packages/oslo_service/service.py:695
2025-10-27 01:37:55.186 38691 INFO heat.engine.service [-] All threads were gone, terminating engine
2025-10-27 01:37:55.186 38691 DEBUG oslo_service.service [-] Killing children. stop /usr/lib/python3/dist-packages/oslo_service/service.py:700
2025-10-27 01:37:55.187 38691 INFO oslo_service.service [-] Waiting on 4 children to exit
2025-10-27 01:37:55.193 38691 INFO oslo_service.service [-] Child 38914 killed by signal 15
2025-10-27 01:37:55.197 38691 INFO oslo_service.service [-] Child 38913 killed by signal 15
2025-10-27 01:37:55.199 38691 INFO oslo_service.service [-] Child 38912 killed by signal 15
2025-10-27 01:37:55.203 38691 INFO oslo_service.service [-] Child 38911 killed by signal 15
2025-10-27 01:37:57.666 59079 DEBUG oslo_concurrency.lockutils [-] Lock "context-manager" acquired by "neutron_lib.db.api._create_context_manager" :: waited 0.000s inner /usr/lib/python3/dist-packages/oslo_concurrency/lockutils.py:386
2025-10-27 01:37:57.667 59079 DEBUG oslo_concurrency.lockutils [-] Lock "context-manager" "released" by "neutron_lib.db.api._create_context_manager" :: held 0.001s inner /usr/lib/python3/dist-packages/oslo_concurrency/lockutils.py:400
2025-10-27 01:37:57.934 59079 WARNING heat.engine.environment [-] OS::Aodh::Alarm is DEPRECATED. Theshold alarm relies on ceilometer-api and has been deprecated in aodh since Ocata. Use OS::Aodh::GnocchiAggregationByResourcesAlarm instead.
2025-10-27 01:37:57.934 59079 WARNING heat.engine.environment [-] OS::Aodh::CombinationAlarm is HIDDEN. OS::Aodh::CombinationAlarm is deprecated and has been removed from Aodh, use OS::Aodh::CompositeAlarm instead.
2025-10-27 01:37:57.935 59079 WARNING heat.engine.environment [-] OS::Designate::Domain is HIDDEN. This resource has been removed, use OS::Designate::Zone instead.
2025-10-27 01:37:57.935 59079 WARNING heat.engine.environment [-] OS::Designate::Record is HIDDEN. This resource has been removed, use OS::Designate::RecordSet instead.
2025-10-27 01:37:57.935 59079 WARNING heat.engine.environment [-] OS::Glance::Image is DEPRECATED. Creating a Glance Image based on an existing URL location requires the Glance v1 API, which is deprecated.
2025-10-27 01:37:57.935 59079 WARNING heat.engine.environment [-] OS::Heat::HARestarter is HIDDEN. The HARestarter resource type has been removed. Existing stacks containing HARestarter resources can still be used, but the HARestarter resource will be a placeholder that does nothing.
2025-10-27 01:37:57.935 59079 WARNING heat.engine.environment [-] OS::Heat::SoftwareDeployments is HIDDEN. Please use OS::Heat::SoftwareDeploymentGroup instead.
2025-10-27 01:37:57.935 59079 WARNING heat.engine.environment [-] OS::Heat::StructuredDeployments is HIDDEN. Please use OS::Heat::StructuredDeploymentGroup instead.
2025-10-27 01:37:57.936 59079 WARNING heat.engine.environment [-] OS::Magnum::Bay is HIDDEN. Please use OS::Magnum::Cluster instead.
2025-10-27 01:37:57.936 59079 WARNING heat.engine.environment [-] OS::Magnum::BayModel is HIDDEN. Please use OS::Magnum::ClusterTemplate instead.
2025-10-27 01:37:57.936 59079 WARNING heat.engine.environment [-] OS::Neutron::ExtraRoute is UNSUPPORTED. Use this resource at your own risk.
2025-10-27 01:37:57.936 59079 WARNING heat.engine.environment [-] OS::Neutron::HealthMonitor is HIDDEN. Use LBaaS V2 instead.
2025-10-27 01:37:57.937 59079 WARNING heat.engine.environment [-] OS::Neutron::Pool is HIDDEN. Use LBaaS V2 instead.
2025-10-27 01:37:57.937 59079 WARNING heat.engine.environment [-] OS::Neutron::PoolMember is HIDDEN. Use LBaaS V2 instead.
2025-10-27 01:37:57.937 59079 WARNING heat.engine.environment [-] OS::Neutron::LoadBalancer is HIDDEN. Use LBaaS V2 instead.
2025-10-27 01:37:57.937 59079 WARNING heat.engine.environment [-] OS::Neutron::RouterGateway is HIDDEN. Use the `external_gateway_info` property in the router resource to set up the gateway.
2025-10-27 01:37:57.937 59079 WARNING heat.engine.environment [-] OS::Nova::FloatingIP is HIDDEN. Please use OS::Neutron::FloatingIP instead.
2025-10-27 01:37:57.937 59079 WARNING heat.engine.environment [-] OS::Nova::FloatingIPAssociation is HIDDEN. Please use OS::Neutron::FloatingIPAssociation instead.
2025-10-27 01:37:57.938 59079 INFO heat.engine.environment [-] Loading /etc/heat/environment.d/default.yaml
2025-10-27 01:37:57.939 59079 INFO heat.engine.environment [-] Registered: [Plugin](User:False) AWS::AutoScaling::AutoScalingGroup ->
2025-10-27 01:37:57.939 59079 INFO heat.engine.environment [-] Registered: [Plugin](User:False) AWS::AutoScaling::LaunchConfiguration ->
2025-10-27 01:37:57.939 59079 INFO heat.engine.environment [-] Registered: [Plugin](User:False) AWS::AutoScaling::ScalingPolicy ->
2025-10-27 01:37:57.939 59079 INFO heat.engine.environment [-] Registered: [Plugin](User:False) AWS::CloudFormation::Stack ->
2025-10-27 01:37:57.939 59079 INFO heat.engine.environment [-] Registered: [Plugin](User:False) AWS::CloudFormation::WaitCondition ->
2025-10-27 01:37:57.940 59079 INFO heat.engine.environment [-] Registered: [Plugin](User:False) AWS::CloudFormation::WaitConditionHandle ->
2025-10-27 01:37:57.940 59079 INFO heat.engine.environment [-] Registered: [Plugin](User:False) AWS::EC2::EIP ->
2025-10-27 01:37:57.940 59079 INFO heat.engine.environment [-] Registered: [Plugin](User:False) AWS::EC2::EIPAssociation ->
2025-10-27 01:37:57.940 59079 INFO heat.engine.environment [-] Registered: [Plugin](User:False) AWS::EC2::Instance ->
2025-10-27 01:37:57.940 59079 INFO heat.engine.environment [-] Registered: [Plugin](User:False) AWS::EC2::InternetGateway ->
2025-10-27 01:37:57.940 59079 INFO heat.engine.environment [-] Registered: [Plugin](User:False) AWS::EC2::VPCGatewayAttachment ->
2025-10-27 01:37:57.940 59079 INFO heat.engine.environment [-] Registered: [Plugin](User:False) AWS::EC2::NetworkInterface ->
2025-10-27 01:37:57.940 59079 INFO heat.engine.environment [-] Registered: [Plugin](User:False) AWS::EC2::RouteTable ->
2025-10-27 01:37:57.940 59079 INFO heat.engine.environment [-] Registered: [Plugin](User:False) AWS::EC2::SubnetRouteTableAssociation ->
2025-10-27 01:37:57.940 59079 INFO heat.engine.environment [-] Registered: [Plugin](User:False) AWS::EC2::SecurityGroup ->
2025-10-27 01:37:57.940 59079 INFO heat.engine.environment [-] Registered: [Plugin](User:False) AWS::EC2::Subnet ->
2025-10-27 01:37:57.941 59079 INFO heat.engine.environment [-] Registered: [Plugin](User:False) AWS::EC2::Volume ->
2025-10-27 01:37:57.941 59079 INFO heat.engine.environment [-] Registered: [Plugin](User:False) AWS::EC2::VolumeAttachment ->
2025-10-27 01:37:57.941 59079 INFO heat.engine.environment [-] Registered: [Plugin](User:False) AWS::EC2::VPC ->
2025-10-27 01:37:57.941 59079 INFO heat.engine.environment [-] Registered: [Plugin](User:False) AWS::IAM::User ->
2025-10-27 01:37:57.941 59079 INFO heat.engine.environment [-] Registered: [Plugin](User:False) AWS::IAM::AccessKey ->
2025-10-27 01:37:57.941 59079 INFO heat.engine.environment [-] Registered: [Plugin](User:False) AWS::ElasticLoadBalancing::LoadBalancer ->
2025-10-27 01:37:57.941 59079 INFO heat.engine.environment [-] Registered: [Plugin](User:False) AWS::S3::Bucket ->
2025-10-27 01:37:57.941 59079 INFO heat.engine.environment [-] Registered: [Plugin](User:False) OS::Aodh::Alarm ->
2025-10-27 01:37:57.941 59079 INFO heat.engine.environment [-] Registered: [Plugin](User:False) OS::Aodh::CombinationAlarm ->
2025-10-27 01:37:57.941 59079 INFO heat.engine.environment [-] Registered: [Plugin](User:False) OS::Aodh::EventAlarm ->
2025-10-27 01:37:57.941 59079 INFO heat.engine.environment [-] Registered: [Plugin](User:False) OS::Aodh::LBMemberHealthAlarm ->
2025-10-27 01:37:57.942 59079 INFO heat.engine.environment [-] Registered: [Plugin](User:False) OS::Aodh::CompositeAlarm ->
2025-10-27 01:37:57.942 59079 INFO heat.engine.environment [-] Registered: [Plugin](User:False) OS::Aodh::GnocchiResourcesAlarm ->
2025-10-27 01:37:57.942 59079 INFO heat.engine.environment [-] Registered: [Plugin](User:False) OS::Aodh::GnocchiAggregationByMetricsAlarm ->
2025-10-27 01:37:57.942 59079 INFO heat.engine.environment [-] Registered: [Plugin](User:False) OS::Aodh::GnocchiAggregationByResourcesAlarm ->
2025-10-27 01:37:57.942 59079 INFO heat.engine.environment [-] Registered: [Plugin](User:False) OS::Barbican::GenericContainer ->
2025-10-27 01:37:57.942 59079 INFO heat.engine.environment [-] Registered: [Plugin](User:False) OS::Barbican::CertificateContainer ->
2025-10-27 01:37:57.942 59079 INFO heat.engine.environment [-] Registered: [Plugin](User:False) OS::Barbican::RSAContainer ->
2025-10-27 01:37:57.942 59079 INFO heat.engine.environment [-] Registered: [Plugin](User:False) OS::Barbican::Order ->
2025-10-27 01:37:57.942 59079 INFO heat.engine.environment [-] Registered: [Plugin](User:False) OS::Barbican::Secret ->
2025-10-27 01:37:57.942 59079 INFO heat.engine.environment [-] Registered: [Plugin](User:False) OS::Blazar::Host ->
2025-10-27 01:37:57.942 59079 INFO heat.engine.environment [-] Registered: [Plugin](User:False) OS::Blazar::Lease ->
2025-10-27 01:37:57.943 59079 INFO heat.engine.environment [-] Registered: [Plugin](User:False) OS::Cinder::EncryptedVolumeType ->
2025-10-27 01:37:57.943 59079 INFO heat.engine.environment [-] Registered: [Plugin](User:False) OS::Cinder::QoSSpecs ->
2025-10-27 01:37:57.943 59079 INFO heat.engine.environment [-] Registered: [Plugin](User:False) OS::Cinder::QoSAssociation ->
2025-10-27 01:37:57.943 59079 INFO heat.engine.environment [-] Registered: [Plugin](User:False) OS::Cinder::Quota ->
2025-10-27 01:37:57.943 59079 INFO heat.engine.environment [-] Registered: [Plugin](User:False) OS::Cinder::Volume ->
2025-10-27 01:37:57.943 59079 INFO heat.engine.environment [-] Registered: [Plugin](User:False) OS::Cinder::VolumeAttachment ->
2025-10-27 01:37:57.943 59079 INFO heat.engine.environment [-] Registered: [Plugin](User:False) OS::Cinder::VolumeType ->
2025-10-27 01:37:57.943 59079 INFO heat.engine.environment [-] Registered: [Plugin](User:False) OS::Designate::Domain ->
2025-10-27 01:37:57.943 59079 INFO heat.engine.environment [-] Registered: [Plugin](User:False) OS::Designate::Record ->
2025-10-27 01:37:57.943 59079 INFO heat.engine.environment [-] Registered: [Plugin](User:False) OS::Designate::RecordSet ->
2025-10-27 01:37:57.943 59079 INFO heat.engine.environment [-] Registered: [Plugin](User:False) OS::Designate::Zone ->
2025-10-27 01:37:57.943 59079 INFO heat.engine.environment [-] Registered: [Plugin](User:False) OS::Glance::Image ->
2025-10-27 01:37:57.944 59079 INFO heat.engine.environment [-] Registered: [Plugin](User:False) OS::Glance::WebImage ->
2025-10-27 01:37:57.944 59079 INFO heat.engine.environment [-] Registered: [Plugin](User:False) OS::Heat::AccessPolicy ->
2025-10-27 01:37:57.944 59079 INFO heat.engine.environment [-] Registered: [Plugin](User:False) OS::Heat::AutoScalingGroup ->
2025-10-27 01:37:57.944 59079 INFO heat.engine.environment [-] Registered: [Plugin](User:False) OS::Heat::CloudConfig ->
2025-10-27 01:37:57.944 59079 INFO heat.engine.environment [-] Registered: [Plugin](User:False) OS::Heat::Delay ->
2025-10-27 01:37:57.944 59079 INFO heat.engine.environment [-] Registered: [Plugin](User:False) OS::Heat::DeployedServer ->
2025-10-27 01:37:57.944 59079 INFO heat.engine.environment [-] Registered: [Plugin](User:False) OS::Heat::HARestarter ->
2025-10-27 01:37:57.944 59079 INFO heat.engine.environment [-] Registered: [Plugin](User:False) OS::Heat::InstanceGroup ->
2025-10-27 01:37:57.944 59079 INFO heat.engine.environment [-] Registered: [Plugin](User:False) OS::Heat::MultipartMime ->
2025-10-27 01:37:57.944 59079 INFO heat.engine.environment [-] Registered: [Plugin](User:False) OS::Heat::None ->
2025-10-27 01:37:57.944 59079 INFO heat.engine.environment [-] Registered: [Plugin](User:False) OS::Heat::RandomString ->
2025-10-27 01:37:57.945 59079 INFO heat.engine.environment [-] Registered: [Plugin](User:False) OS::Heat::Stack ->
2025-10-27 01:37:57.945 59079 INFO heat.engine.environment [-] Registered: [Plugin](User:False) OS::Heat::ResourceChain ->
2025-10-27 01:37:57.945 59079 INFO heat.engine.environment [-] Registered: [Plugin](User:False) OS::Heat::ResourceGroup ->
2025-10-27 01:37:57.945 59079 INFO heat.engine.environment [-] Registered: [Plugin](User:False) OS::Heat::ScalingPolicy ->
2025-10-27 01:37:57.945 59079 INFO heat.engine.environment [-] Registered: [Plugin](User:False) OS::Heat::SoftwareComponent ->
2025-10-27 01:37:57.945 59079 INFO heat.engine.environment [-] Registered: [Plugin](User:False) OS::Heat::SoftwareConfig ->
2025-10-27 01:37:57.945 59079 INFO heat.engine.environment [-] Registered: [Plugin](User:False) OS::Heat::SoftwareDeployment ->
2025-10-27 01:37:57.945 59079 INFO heat.engine.environment [-] Registered: [Plugin](User:False) OS::Heat::SoftwareDeploymentGroup ->
2025-10-27 01:37:57.945 59079 INFO heat.engine.environment [-] Registered: [Plugin](User:False) OS::Heat::SoftwareDeployments ->
2025-10-27 01:37:57.945 59079 INFO heat.engine.environment [-] Registered: [Plugin](User:False) OS::Heat::StructuredConfig ->
2025-10-27 01:37:57.945 59079 INFO heat.engine.environment [-] Registered: [Plugin](User:False) OS::Heat::StructuredDeployment ->
2025-10-27 01:37:57.945 59079 INFO heat.engine.environment [-] Registered: [Plugin](User:False) OS::Heat::StructuredDeploymentGroup ->
2025-10-27 01:37:57.946 59079 INFO heat.engine.environment [-] Registered: [Plugin](User:False) OS::Heat::StructuredDeployments ->
2025-10-27 01:37:57.946 59079 INFO heat.engine.environment [-] Registered: [Plugin](User:False) OS::Heat::SwiftSignal ->
2025-10-27 01:37:57.946 59079 INFO heat.engine.environment [-] Registered: [Plugin](User:False) OS::Heat::SwiftSignalHandle ->
2025-10-27 01:37:57.946 59079 INFO heat.engine.environment [-] Registered: [Plugin](User:False) OS::Heat::TestResource ->
2025-10-27 01:37:57.946 59079 INFO heat.engine.environment [-] Registered: [Plugin](User:False) OS::Heat::Value ->
2025-10-27 01:37:57.946 59079 INFO heat.engine.environment [-] Registered: [Plugin](User:False) OS::Heat::WaitCondition ->
2025-10-27 01:37:57.946 59079 INFO heat.engine.environment [-] Registered: [Plugin](User:False) OS::Heat::WaitConditionHandle ->
2025-10-27 01:37:57.946 59079 INFO heat.engine.environment [-] Registered: [Plugin](User:False) OS::Heat::UpdateWaitConditionHandle ->
2025-10-27 01:37:57.946 59079 INFO heat.engine.environment [-] Registered: [Plugin](User:False) OS::Ironic::Port ->
2025-10-27 01:37:57.946 59079 INFO heat.engine.environment [-] Registered: [Plugin](User:False) OS::Keystone::Domain ->
2025-10-27 01:37:57.946 59079 INFO heat.engine.environment [-] Registered: [Plugin](User:False) OS::Keystone::Endpoint ->
2025-10-27 01:37:57.946 59079 INFO heat.engine.environment [-] Registered: [Plugin](User:False) OS::Keystone::Group ->
2025-10-27 01:37:57.947 59079 INFO heat.engine.environment [-] Registered: [Plugin](User:False) OS::Keystone::Project ->
