2025-10-27 00:36:49.338 38691 DEBUG oslo_service.service [-] clients_senlin.key_file = None log_opt_values /usr/lib/python3/dist-packages/oslo_config/cfg.py:2609
2025-10-27 00:36:49.338 38691 DEBUG oslo_service.service [-] clients_swift.ca_file = None log_opt_values /usr/lib/python3/dist-packages/oslo_config/cfg.py:2609
2025-10-27 00:36:49.338 38691 DEBUG oslo_service.service [-] clients_swift.cert_file = None log_opt_values /usr/lib/python3/dist-packages/oslo_config/cfg.py:2609
2025-10-27 00:36:49.338 38691 DEBUG oslo_service.service [-] clients_swift.endpoint_type = None log_opt_values /usr/lib/python3/dist-packages/oslo_config/cfg.py:2609
2025-10-27 00:36:49.342 38691 DEBUG oslo_service.service [-] clients_swift.insecure = None log_opt_values /usr/lib/python3/dist-packages/oslo_config/cfg.py:2609
2025-10-27 00:36:49.342 38691 DEBUG oslo_service.service [-] clients_swift.key_file = None log_opt_values /usr/lib/python3/dist-packages/oslo_config/cfg.py:2609
2025-10-27 00:36:49.342 38691 DEBUG oslo_service.service [-] clients_trove.ca_file = None log_opt_values /usr/lib/python3/dist-packages/oslo_config/cfg.py:2609
2025-10-27 00:36:49.342 38691 DEBUG oslo_service.service [-] clients_trove.cert_file = None log_opt_values /usr/lib/python3/dist-packages/oslo_config/cfg.py:2609
2025-10-27 00:36:49.342 38691 DEBUG oslo_service.service [-] clients_trove.endpoint_type = None log_opt_values /usr/lib/python3/dist-packages/oslo_config/cfg.py:2609
2025-10-27 00:36:49.343 38691 DEBUG oslo_service.service [-] clients_trove.insecure = None log_opt_values /usr/lib/python3/dist-packages/oslo_config/cfg.py:2609
2025-10-27 00:36:49.343 38691 DEBUG oslo_service.service [-] clients_trove.key_file = None log_opt_values /usr/lib/python3/dist-packages/oslo_config/cfg.py:2609
2025-10-27 00:36:49.350 38691 DEBUG oslo_service.service [-] clients_vitrage.ca_file = None log_opt_values /usr/lib/python3/dist-packages/oslo_config/cfg.py:2609
2025-10-27 00:36:49.350 38691 DEBUG oslo_service.service [-] clients_vitrage.cert_file = None log_opt_values /usr/lib/python3/dist-packages/oslo_config/cfg.py:2609
2025-10-27 00:36:49.351 38691 DEBUG oslo_service.service [-] clients_vitrage.endpoint_type = None log_opt_values /usr/lib/python3/dist-packages/oslo_config/cfg.py:2609
2025-10-27 00:36:49.351 38691 DEBUG oslo_service.service [-] clients_vitrage.insecure = None log_opt_values /usr/lib/python3/dist-packages/oslo_config/cfg.py:2609
2025-10-27 00:36:49.351 38691 DEBUG oslo_service.service [-] clients_vitrage.key_file = None log_opt_values /usr/lib/python3/dist-packages/oslo_config/cfg.py:2609
2025-10-27 00:36:49.351 38691 DEBUG oslo_service.service [-] clients_zaqar.ca_file = None log_opt_values /usr/lib/python3/dist-packages/oslo_config/cfg.py:2609
2025-10-27 00:36:49.352 38691 DEBUG oslo_service.service [-] clients_zaqar.cert_file = None log_opt_values /usr/lib/python3/dist-packages/oslo_config/cfg.py:2609
2025-10-27 00:36:49.352 38691 DEBUG oslo_service.service [-] clients_zaqar.endpoint_type = None log_opt_values /usr/lib/python3/dist-packages/oslo_config/cfg.py:2609
2025-10-27 00:36:49.352 38691 DEBUG oslo_service.service [-] clients_zaqar.insecure = None log_opt_values /usr/lib/python3/dist-packages/oslo_config/cfg.py:2609
2025-10-27 00:36:49.352 38691 DEBUG oslo_service.service [-] clients_zaqar.key_file = None log_opt_values /usr/lib/python3/dist-packages/oslo_config/cfg.py:2609
2025-10-27 00:36:49.352 38691 DEBUG oslo_service.service [-] database.backend = sqlalchemy log_opt_values /usr/lib/python3/dist-packages/oslo_config/cfg.py:2609
2025-10-27 00:36:49.352 38691 DEBUG oslo_service.service [-] database.connection = **** log_opt_values /usr/lib/python3/dist-packages/oslo_config/cfg.py:2609
2025-10-27 00:36:49.352 38691 DEBUG oslo_service.service [-] database.connection_debug = 0 log_opt_values /usr/lib/python3/dist-packages/oslo_config/cfg.py:2609
2025-10-27 00:36:49.352 38691 DEBUG oslo_service.service [-] database.connection_parameters = log_opt_values /usr/lib/python3/dist-packages/oslo_config/cfg.py:2609
2025-10-27 00:36:49.353 38691 DEBUG oslo_service.service [-] database.connection_recycle_time = 3600 log_opt_values /usr/lib/python3/dist-packages/oslo_config/cfg.py:2609
2025-10-27 00:36:49.353 38691 DEBUG oslo_service.service [-] database.connection_trace = False log_opt_values /usr/lib/python3/dist-packages/oslo_config/cfg.py:2609
2025-10-27 00:36:49.353 38691 DEBUG oslo_service.service [-] database.db_inc_retry_interval = True log_opt_values /usr/lib/python3/dist-packages/oslo_config/cfg.py:2609
2025-10-27 00:36:49.353 38691 DEBUG oslo_service.service [-] database.db_max_retries = 20 log_opt_values /usr/lib/python3/dist-packages/oslo_config/cfg.py:2609
2025-10-27 00:36:49.353 38691 DEBUG oslo_service.service [-] database.db_max_retry_interval = 10 log_opt_values /usr/lib/python3/dist-packages/oslo_config/cfg.py:2609
2025-10-27 00:36:49.353 38691 DEBUG oslo_service.service [-] database.db_retry_interval = 1 log_opt_values /usr/lib/python3/dist-packages/oslo_config/cfg.py:2609
2025-10-27 00:36:49.353 38691 DEBUG oslo_service.service [-] database.max_overflow = 50 log_opt_values /usr/lib/python3/dist-packages/oslo_config/cfg.py:2609
2025-10-27 00:36:49.353 38691 DEBUG oslo_service.service [-] database.max_pool_size = 5 log_opt_values /usr/lib/python3/dist-packages/oslo_config/cfg.py:2609
2025-10-27 00:36:49.353 38691 DEBUG oslo_service.service [-] database.max_retries = 10 log_opt_values /usr/lib/python3/dist-packages/oslo_config/cfg.py:2609
2025-10-27 00:36:49.354 38691 DEBUG oslo_service.service [-] database.mysql_enable_ndb = False log_opt_values /usr/lib/python3/dist-packages/oslo_config/cfg.py:2609
2025-10-27 00:36:49.355 38691 DEBUG oslo_service.service [-] database.mysql_sql_mode = TRADITIONAL log_opt_values /usr/lib/python3/dist-packages/oslo_config/cfg.py:2609
2025-10-27 00:36:49.355 38691 DEBUG oslo_service.service [-] database.pool_timeout = None log_opt_values /usr/lib/python3/dist-packages/oslo_config/cfg.py:2609
2025-10-27 00:36:49.355 38691 DEBUG oslo_service.service [-] database.retry_interval = 10 log_opt_values /usr/lib/python3/dist-packages/oslo_config/cfg.py:2609
2025-10-27 00:36:49.355 38691 DEBUG oslo_service.service [-] database.slave_connection = **** log_opt_values /usr/lib/python3/dist-packages/oslo_config/cfg.py:2609
2025-10-27 00:36:49.355 38691 DEBUG oslo_service.service [-] database.sqlite_synchronous = True log_opt_values /usr/lib/python3/dist-packages/oslo_config/cfg.py:2609
2025-10-27 00:36:49.355 38691 DEBUG oslo_service.service [-] database.use_db_reconnect = False log_opt_values /usr/lib/python3/dist-packages/oslo_config/cfg.py:2609
2025-10-27 00:36:49.356 38691 DEBUG oslo_service.service [-] oslo_messaging_metrics.metrics_buffer_size = 1000 log_opt_values /usr/lib/python3/dist-packages/oslo_config/cfg.py:2609
2025-10-27 00:36:49.356 38691 DEBUG oslo_service.service [-] oslo_messaging_metrics.metrics_enabled = False log_opt_values /usr/lib/python3/dist-packages/oslo_config/cfg.py:2609
2025-10-27 00:36:49.356 38691 DEBUG oslo_service.service [-] oslo_messaging_metrics.metrics_process_name = log_opt_values /usr/lib/python3/dist-packages/oslo_config/cfg.py:2609
2025-10-27 00:36:49.356 38691 DEBUG oslo_service.service [-] oslo_messaging_metrics.metrics_socket_file = /var/tmp/metrics_collector.sock log_opt_values /usr/lib/python3/dist-packages/oslo_config/cfg.py:2609
2025-10-27 00:36:49.357 38691 DEBUG oslo_service.service [-] oslo_messaging_metrics.metrics_thread_stop_timeout = 10 log_opt_values /usr/lib/python3/dist-packages/oslo_config/cfg.py:2609
2025-10-27 00:36:49.357 38691 DEBUG oslo_service.service [-] oslo_policy.enforce_new_defaults = False log_opt_values /usr/lib/python3/dist-packages/oslo_config/cfg.py:2609
2025-10-27 00:36:49.357 38691 DEBUG oslo_service.service [-] oslo_policy.enforce_scope = False log_opt_values /usr/lib/python3/dist-packages/oslo_config/cfg.py:2609
2025-10-27 00:36:49.357 38691 DEBUG oslo_service.service [-] oslo_policy.policy_default_rule = default log_opt_values /usr/lib/python3/dist-packages/oslo_config/cfg.py:2609
2025-10-27 00:36:49.357 38691 DEBUG oslo_service.service [-] oslo_policy.policy_dirs = ['policy.d'] log_opt_values /usr/lib/python3/dist-packages/oslo_config/cfg.py:2609
2025-10-27 00:36:49.357 38691 DEBUG oslo_service.service [-] oslo_policy.policy_file = policy.yaml log_opt_values /usr/lib/python3/dist-packages/oslo_config/cfg.py:2609
2025-10-27 00:36:49.363 38691 DEBUG oslo_service.service [-] oslo_policy.remote_content_type = application/x-www-form-urlencoded log_opt_values /usr/lib/python3/dist-packages/oslo_config/cfg.py:2609
2025-10-27 00:36:49.363 38691 DEBUG oslo_service.service [-] oslo_policy.remote_ssl_ca_crt_file = None log_opt_values /usr/lib/python3/dist-packages/oslo_config/cfg.py:2609
2025-10-27 00:36:49.363 38691 DEBUG oslo_service.service [-] oslo_policy.remote_ssl_client_crt_file = None log_opt_values /usr/lib/python3/dist-packages/oslo_config/cfg.py:2609
2025-10-27 00:36:49.363 38691 DEBUG oslo_service.service [-] oslo_policy.remote_ssl_client_key_file = None log_opt_values /usr/lib/python3/dist-packages/oslo_config/cfg.py:2609
2025-10-27 00:36:49.363 38691 DEBUG oslo_service.service [-] oslo_policy.remote_ssl_verify_server_crt = False log_opt_values /usr/lib/python3/dist-packages/oslo_config/cfg.py:2609
2025-10-27 00:36:49.364 38691 DEBUG oslo_service.service [-] trustee.auth_section = None log_opt_values /usr/lib/python3/dist-packages/oslo_config/cfg.py:2609
2025-10-27 00:36:49.364 38691 WARNING oslo_config.cfg [-] Deprecated: Option "auth_plugin" from group "trustee" is deprecated. Use option "auth_type" from group "trustee".
2025-10-27 00:36:49.364 38691 DEBUG oslo_service.service [-] trustee.auth_type = password log_opt_values /usr/lib/python3/dist-packages/oslo_config/cfg.py:2609
2025-10-27 00:36:49.365 38691 DEBUG oslo_service.service [-] oslo_versionedobjects.fatal_exception_format_errors = False log_opt_values /usr/lib/python3/dist-packages/oslo_config/cfg.py:2609
2025-10-27 00:36:49.365 38691 DEBUG oslo_service.service [-] oslo_messaging_rabbit.amqp_auto_delete = False log_opt_values /usr/lib/python3/dist-packages/oslo_config/cfg.py:2609
2025-10-27 00:36:49.365 38691 DEBUG oslo_service.service [-] oslo_messaging_rabbit.amqp_durable_queues = False log_opt_values /usr/lib/python3/dist-packages/oslo_config/cfg.py:2609
2025-10-27 00:36:49.365 38691 DEBUG oslo_service.service [-] oslo_messaging_rabbit.conn_pool_min_size = 2 log_opt_values /usr/lib/python3/dist-packages/oslo_config/cfg.py:2609
2025-10-27 00:36:49.365 38691 DEBUG oslo_service.service [-] oslo_messaging_rabbit.conn_pool_ttl = 1200 log_opt_values /usr/lib/python3/dist-packages/oslo_config/cfg.py:2609
2025-10-27 00:36:49.365 38691 DEBUG oslo_service.service [-] oslo_messaging_rabbit.direct_mandatory_flag = True log_opt_values /usr/lib/python3/dist-packages/oslo_config/cfg.py:2609
2025-10-27 00:36:49.366 38691 DEBUG oslo_service.service [-] oslo_messaging_rabbit.enable_cancel_on_failover = False log_opt_values /usr/lib/python3/dist-packages/oslo_config/cfg.py:2609
2025-10-27 00:36:49.366 38691 DEBUG oslo_service.service [-] oslo_messaging_rabbit.heartbeat_in_pthread = False log_opt_values /usr/lib/python3/dist-packages/oslo_config/cfg.py:2609
2025-10-27 00:36:49.366 38691 DEBUG oslo_service.service [-] oslo_messaging_rabbit.heartbeat_rate = 2 log_opt_values /usr/lib/python3/dist-packages/oslo_config/cfg.py:2609
2025-10-27 00:36:49.366 38691 DEBUG oslo_service.service [-] oslo_messaging_rabbit.heartbeat_timeout_threshold = 60 log_opt_values /usr/lib/python3/dist-packages/oslo_config/cfg.py:2609
2025-10-27 00:36:49.366 38691 DEBUG oslo_service.service [-] oslo_messaging_rabbit.kombu_compression = None log_opt_values /usr/lib/python3/dist-packages/oslo_config/cfg.py:2609
2025-10-27 00:36:49.366 38691 DEBUG oslo_service.service [-] oslo_messaging_rabbit.kombu_failover_strategy = round-robin log_opt_values /usr/lib/python3/dist-packages/oslo_config/cfg.py:2609
2025-10-27 00:36:49.366 38691 DEBUG oslo_service.service [-] oslo_messaging_rabbit.kombu_missing_consumer_retry_timeout = 60 log_opt_values /usr/lib/python3/dist-packages/oslo_config/cfg.py:2609
2025-10-27 00:36:49.366 38691 DEBUG oslo_service.service [-] oslo_messaging_rabbit.kombu_reconnect_delay = 1.0 log_opt_values /usr/lib/python3/dist-packages/oslo_config/cfg.py:2609
2025-10-27 00:36:49.366 38691 DEBUG oslo_service.service [-] oslo_messaging_rabbit.rabbit_ha_queues = False log_opt_values /usr/lib/python3/dist-packages/oslo_config/cfg.py:2609
2025-10-27 00:36:49.367 38691 DEBUG oslo_service.service [-] oslo_messaging_rabbit.rabbit_interval_max = 30 log_opt_values /usr/lib/python3/dist-packages/oslo_config/cfg.py:2609
2025-10-27 00:36:49.367 38691 DEBUG oslo_service.service [-] oslo_messaging_rabbit.rabbit_login_method = AMQPLAIN log_opt_values /usr/lib/python3/dist-packages/oslo_config/cfg.py:2609
2025-10-27 00:36:49.367 38691 DEBUG oslo_service.service [-] oslo_messaging_rabbit.rabbit_qos_prefetch_count = 0 log_opt_values /usr/lib/python3/dist-packages/oslo_config/cfg.py:2609
2025-10-27 00:36:49.367 38691 DEBUG oslo_service.service [-] oslo_messaging_rabbit.rabbit_quorum_queue = False log_opt_values /usr/lib/python3/dist-packages/oslo_config/cfg.py:2609
2025-10-27 00:36:49.367 38691 DEBUG oslo_service.service [-] oslo_messaging_rabbit.rabbit_retry_backoff = 2 log_opt_values /usr/lib/python3/dist-packages/oslo_config/cfg.py:2609
2025-10-27 00:36:49.367 38691 DEBUG oslo_service.service [-] oslo_messaging_rabbit.rabbit_retry_interval = 1 log_opt_values /usr/lib/python3/dist-packages/oslo_config/cfg.py:2609
2025-10-27 00:36:49.367 38691 DEBUG oslo_service.service [-] oslo_messaging_rabbit.rabbit_transient_queues_ttl = 1800 log_opt_values /usr/lib/python3/dist-packages/oslo_config/cfg.py:2609
2025-10-27 00:36:49.367 38691 DEBUG oslo_service.service [-] oslo_messaging_rabbit.rpc_conn_pool_size = 30 log_opt_values /usr/lib/python3/dist-packages/oslo_config/cfg.py:2609
2025-10-27 00:36:49.367 38691 DEBUG oslo_service.service [-] oslo_messaging_rabbit.ssl = False log_opt_values /usr/lib/python3/dist-packages/oslo_config/cfg.py:2609
2025-10-27 00:36:49.368 38691 DEBUG oslo_service.service [-] oslo_messaging_rabbit.ssl_ca_file = log_opt_values /usr/lib/python3/dist-packages/oslo_config/cfg.py:2609
2025-10-27 00:36:49.368 38691 DEBUG oslo_service.service [-] oslo_messaging_rabbit.ssl_cert_file = log_opt_values /usr/lib/python3/dist-packages/oslo_config/cfg.py:2609
2025-10-27 00:36:49.368 38691 DEBUG oslo_service.service [-] oslo_messaging_rabbit.ssl_key_file = log_opt_values /usr/lib/python3/dist-packages/oslo_config/cfg.py:2609
2025-10-27 00:36:49.368 38691 DEBUG oslo_service.service [-] oslo_messaging_rabbit.ssl_version = log_opt_values /usr/lib/python3/dist-packages/oslo_config/cfg.py:2609
2025-10-27 00:36:49.368 38691 DEBUG oslo_service.service [-] oslo_messaging_notifications.driver = [] log_opt_values /usr/lib/python3/dist-packages/oslo_config/cfg.py:2609
2025-10-27 00:36:49.368 38691 DEBUG oslo_service.service [-] oslo_messaging_notifications.retry = -1 log_opt_values /usr/lib/python3/dist-packages/oslo_config/cfg.py:2609
2025-10-27 00:36:49.368 38691 DEBUG oslo_service.service [-] oslo_messaging_notifications.topics = ['notifications'] log_opt_values /usr/lib/python3/dist-packages/oslo_config/cfg.py:2609
2025-10-27 00:36:49.368 38691 DEBUG oslo_service.service [-] oslo_messaging_notifications.transport_url = **** log_opt_values /usr/lib/python3/dist-packages/oslo_config/cfg.py:2609
2025-10-27 00:36:49.369 38691 DEBUG oslo_service.service [-] cache.backend = dogpile.cache.null log_opt_values /usr/lib/python3/dist-packages/oslo_config/cfg.py:2609
2025-10-27 00:36:49.369 38691 DEBUG oslo_service.service [-] cache.backend_argument = **** log_opt_values /usr/lib/python3/dist-packages/oslo_config/cfg.py:2609
2025-10-27 00:36:49.369 38691 DEBUG oslo_service.service [-] cache.config_prefix = cache.oslo log_opt_values /usr/lib/python3/dist-packages/oslo_config/cfg.py:2609
2025-10-27 00:36:49.369 38691 DEBUG oslo_service.service [-] cache.debug_cache_backend = False log_opt_values /usr/lib/python3/dist-packages/oslo_config/cfg.py:2609
2025-10-27 00:36:49.369 38691 DEBUG oslo_service.service [-] cache.enabled = False log_opt_values /usr/lib/python3/dist-packages/oslo_config/cfg.py:2609
2025-10-27 00:36:49.369 38691 DEBUG oslo_service.service [-] cache.expiration_time = 600 log_opt_values /usr/lib/python3/dist-packages/oslo_config/cfg.py:2609
2025-10-27 00:36:49.369 38691 DEBUG oslo_service.service [-] cache.memcache_dead_retry = 300 log_opt_values /usr/lib/python3/dist-packages/oslo_config/cfg.py:2609
2025-10-27 00:36:49.370 38691 DEBUG oslo_service.service [-] cache.memcache_pool_connection_get_timeout = 10 log_opt_values /usr/lib/python3/dist-packages/oslo_config/cfg.py:2609
2025-10-27 00:36:49.370 38691 DEBUG oslo_service.service [-] cache.memcache_pool_flush_on_reconnect = False log_opt_values /usr/lib/python3/dist-packages/oslo_config/cfg.py:2609
2025-10-27 00:36:49.370 38691 DEBUG oslo_service.service [-] cache.memcache_pool_maxsize = 10 log_opt_values /usr/lib/python3/dist-packages/oslo_config/cfg.py:2609
2025-10-27 00:36:49.370 38691 DEBUG oslo_service.service [-] cache.memcache_pool_unused_timeout = 60 log_opt_values /usr/lib/python3/dist-packages/oslo_config/cfg.py:2609
2025-10-27 00:36:49.370 38691 DEBUG oslo_service.service [-] cache.memcache_servers = ['localhost:11211'] log_opt_values /usr/lib/python3/dist-packages/oslo_config/cfg.py:2609
2025-10-27 00:36:49.370 38691 DEBUG oslo_service.service [-] cache.memcache_socket_timeout = 1.0 log_opt_values /usr/lib/python3/dist-packages/oslo_config/cfg.py:2609
2025-10-27 00:36:49.370 38691 DEBUG oslo_service.service [-] cache.proxies = [] log_opt_values /usr/lib/python3/dist-packages/oslo_config/cfg.py:2609
2025-10-27 00:36:49.370 38691 DEBUG oslo_service.service [-] cache.tls_allowed_ciphers = None log_opt_values /usr/lib/python3/dist-packages/oslo_config/cfg.py:2609
2025-10-27 00:36:49.371 38691 DEBUG oslo_service.service [-] cache.tls_cafile = None log_opt_values /usr/lib/python3/dist-packages/oslo_config/cfg.py:2609
2025-10-27 00:36:49.371 38691 DEBUG oslo_service.service [-] cache.tls_certfile = None log_opt_values /usr/lib/python3/dist-packages/oslo_config/cfg.py:2609
2025-10-27 00:36:49.371 38691 DEBUG oslo_service.service [-] cache.tls_enabled = False log_opt_values /usr/lib/python3/dist-packages/oslo_config/cfg.py:2609
2025-10-27 00:36:49.371 38691 DEBUG oslo_service.service [-] cache.tls_keyfile = None log_opt_values /usr/lib/python3/dist-packages/oslo_config/cfg.py:2609
2025-10-27 00:36:49.371 38691 DEBUG oslo_service.service [-] constraint_validation_cache.caching = True log_opt_values /usr/lib/python3/dist-packages/oslo_config/cfg.py:2609
2025-10-27 00:36:49.371 38691 DEBUG oslo_service.service [-] constraint_validation_cache.expiration_time = 60 log_opt_values /usr/lib/python3/dist-packages/oslo_config/cfg.py:2609
2025-10-27 00:36:49.371 38691 DEBUG oslo_service.service [-] service_extension_cache.caching = True log_opt_values /usr/lib/python3/dist-packages/oslo_config/cfg.py:2609
2025-10-27 00:36:49.371 38691 DEBUG oslo_service.service [-] service_extension_cache.expiration_time = 3600 log_opt_values /usr/lib/python3/dist-packages/oslo_config/cfg.py:2609
2025-10-27 00:36:49.371 38691 DEBUG oslo_service.service [-] resource_finder_cache.caching = True log_opt_values /usr/lib/python3/dist-packages/oslo_config/cfg.py:2609
2025-10-27 00:36:49.372 38691 DEBUG oslo_service.service [-] resource_finder_cache.expiration_time = 3600 log_opt_values /usr/lib/python3/dist-packages/oslo_config/cfg.py:2609
2025-10-27 00:36:49.372 38691 DEBUG oslo_service.service [-] yaql.limit_iterators = 200 log_opt_values /usr/lib/python3/dist-packages/oslo_config/cfg.py:2609
2025-10-27 00:36:49.372 38691 DEBUG oslo_service.service [-] yaql.memory_quota = 10000 log_opt_values /usr/lib/python3/dist-packages/oslo_config/cfg.py:2609
2025-10-27 00:36:49.372 38691 DEBUG oslo_service.service [-] ******************************************************************************** log_opt_values /usr/lib/python3/dist-packages/oslo_config/cfg.py:2613
2025-10-27 00:36:49.382 38914 DEBUG oslo_db.sqlalchemy.engines [req-4cc1510e-a030-4767-88a0-21e3aaa02cf2 - - - - -] MySQL server mode set to STRICT_TRANS_TABLES,STRICT_ALL_TABLES,NO_ZERO_IN_DATE,NO_ZERO_DATE,ERROR_FOR_DIVISION_BY_ZERO,TRADITIONAL,NO_ENGINE_SUBSTITUTION _check_effective_sql_mode /usr/lib/python3/dist-packages/oslo_db/sqlalchemy/engines.py:314
2025-10-27 00:36:49.382 38911 DEBUG oslo_db.sqlalchemy.engines [req-9a3ba1ba-0da1-43ba-ad36-fac5ea2ae437 - - - - -] MySQL server mode set to STRICT_TRANS_TABLES,STRICT_ALL_TABLES,NO_ZERO_IN_DATE,NO_ZERO_DATE,ERROR_FOR_DIVISION_BY_ZERO,TRADITIONAL,NO_ENGINE_SUBSTITUTION _check_effective_sql_mode /usr/lib/python3/dist-packages/oslo_db/sqlalchemy/engines.py:314
2025-10-27 00:36:49.416 38912 DEBUG oslo_db.sqlalchemy.engines [req-282d544f-d6ed-4e8c-9abf-64d9516a1dfe - - - - -] MySQL server mode set to STRICT_TRANS_TABLES,STRICT_ALL_TABLES,NO_ZERO_IN_DATE,NO_ZERO_DATE,ERROR_FOR_DIVISION_BY_ZERO,TRADITIONAL,NO_ENGINE_SUBSTITUTION _check_effective_sql_mode /usr/lib/python3/dist-packages/oslo_db/sqlalchemy/engines.py:314
2025-10-27 00:36:49.437 38913 DEBUG oslo_db.sqlalchemy.engines [req-3aa14e11-0847-4612-86f3-5059fccb3b13 - - - - -] MySQL server mode set to STRICT_TRANS_TABLES,STRICT_ALL_TABLES,NO_ZERO_IN_DATE,NO_ZERO_DATE,ERROR_FOR_DIVISION_BY_ZERO,TRADITIONAL,NO_ENGINE_SUBSTITUTION _check_effective_sql_mode /usr/lib/python3/dist-packages/oslo_db/sqlalchemy/engines.py:314
2025-10-27 00:36:49.501 38911 DEBUG heat.engine.service [req-968385f9-2d5e-4e2d-80f3-f7debcd53f16 - - - - -] Service 52ba8677-21f4-4a14-ad8f-a801dc4fd0bd is started service_manage_report /usr/lib/python3/dist-packages/heat/engine/service.py:2363
2025-10-27 00:36:49.510 38914 DEBUG heat.engine.service [req-cd1a7470-effb-4742-8bc9-5870f7ac0498 - - - - -] Service 38554589-0948-48e0-91d9-abb5e31027ad is started service_manage_report /usr/lib/python3/dist-packages/heat/engine/service.py:2363
2025-10-27 00:36:49.527 38911 DEBUG heat.engine.service [req-968385f9-2d5e-4e2d-80f3-f7debcd53f16 - - - - -] Service 52ba8677-21f4-4a14-ad8f-a801dc4fd0bd is updated service_manage_report /usr/lib/python3/dist-packages/heat/engine/service.py:2370
2025-10-27 00:36:49.530 38913 DEBUG heat.engine.service [req-a80fcd00-7c2e-4992-b5fc-da5d2f21a0a3 - - - - -] Service 21a92350-5400-404f-ade1-c3b1e482ff11 is started service_manage_report /usr/lib/python3/dist-packages/heat/engine/service.py:2363
2025-10-27 00:36:49.537 38912 DEBUG heat.engine.service [req-fa866f1d-e379-4cd9-a5e9-bc89dd97545c - - - - -] Service ae1f1edd-b193-40a0-a573-efca4bcee84c is started service_manage_report /usr/lib/python3/dist-packages/heat/engine/service.py:2363
2025-10-27 00:36:49.544 38914 DEBUG heat.engine.service [req-cd1a7470-effb-4742-8bc9-5870f7ac0498 - - - - -] Service 38554589-0948-48e0-91d9-abb5e31027ad is updated service_manage_report /usr/lib/python3/dist-packages/heat/engine/service.py:2370
2025-10-27 00:36:49.552 38913 DEBUG heat.engine.service [req-a80fcd00-7c2e-4992-b5fc-da5d2f21a0a3 - - - - -] Service 21a92350-5400-404f-ade1-c3b1e482ff11 is updated service_manage_report /usr/lib/python3/dist-packages/heat/engine/service.py:2370
2025-10-27 00:36:49.553 38912 DEBUG heat.engine.service [req-fa866f1d-e379-4cd9-a5e9-bc89dd97545c - - - - -] Service ae1f1edd-b193-40a0-a573-efca4bcee84c is updated service_manage_report /usr/lib/python3/dist-packages/heat/engine/service.py:2370
2025-10-27 00:37:49.486 38911 DEBUG heat.engine.service [req-011c0f3c-38b8-440f-91ae-97517656138c - - - - -] Service 52ba8677-21f4-4a14-ad8f-a801dc4fd0bd is updated service_manage_report /usr/lib/python3/dist-packages/heat/engine/service.py:2370
2025-10-27 00:37:49.499 38914 DEBUG heat.engine.service [req-f858c810-148e-417e-b864-94d7db4d059a - - - - -] Service 38554589-0948-48e0-91d9-abb5e31027ad is updated service_manage_report /usr/lib/python3/dist-packages/heat/engine/service.py:2370
2025-10-27 00:37:49.506 38912 DEBUG heat.engine.service [req-3e624807-6cfe-4045-8769-b99692146e5b - - - - -] Service ae1f1edd-b193-40a0-a573-efca4bcee84c is updated service_manage_report /usr/lib/python3/dist-packages/heat/engine/service.py:2370
2025-10-27 00:37:49.526 38913 DEBUG heat.engine.service [req-dcae131b-32ae-4bde-95d4-971a33c23520 - - - - -] Service 21a92350-5400-404f-ade1-c3b1e482ff11 is updated service_manage_report /usr/lib/python3/dist-packages/heat/engine/service.py:2370
2025-10-27 00:38:49.486 38911 DEBUG heat.engine.service [req-1cbaf3d6-f586-4793-8e0b-0a2fae4c0e43 - - - - -] Service 52ba8677-21f4-4a14-ad8f-a801dc4fd0bd is updated service_manage_report /usr/lib/python3/dist-packages/heat/engine/service.py:2370
2025-10-27 00:38:49.506 38914 DEBUG heat.engine.service [req-7e2c8429-4031-422b-8992-b47d93bdc2de - - - - -] Service 38554589-0948-48e0-91d9-abb5e31027ad is updated service_manage_report /usr/lib/python3/dist-packages/heat/engine/service.py:2370
2025-10-27 00:38:49.511 38912 DEBUG heat.engine.service [req-e1f9b83d-fc4b-4d02-8148-bbc765284826 - - - - -] Service ae1f1edd-b193-40a0-a573-efca4bcee84c is updated service_manage_report /usr/lib/python3/dist-packages/heat/engine/service.py:2370
2025-10-27 00:38:49.532 38913 DEBUG heat.engine.service [req-ebafa80e-1f79-4335-907d-4f060a087910 - - - - -] Service 21a92350-5400-404f-ade1-c3b1e482ff11 is updated service_manage_report /usr/lib/python3/dist-packages/heat/engine/service.py:2370
2025-10-27 00:39:49.481 38911 DEBUG heat.engine.service [req-84bd89a2-317f-4fff-bfe5-25e95a7363a5 - - - - -] Service 52ba8677-21f4-4a14-ad8f-a801dc4fd0bd is updated service_manage_report /usr/lib/python3/dist-packages/heat/engine/service.py:2370
2025-10-27 00:39:49.498 38914 DEBUG heat.engine.service [req-6b864e5d-b600-44bf-a7fd-608660247c61 - - - - -] Service 38554589-0948-48e0-91d9-abb5e31027ad is updated service_manage_report /usr/lib/python3/dist-packages/heat/engine/service.py:2370
2025-10-27 00:39:49.515 38912 DEBUG heat.engine.service [req-b110c160-7325-4bbb-8417-da8917bf25d9 - - - - -] Service ae1f1edd-b193-40a0-a573-efca4bcee84c is updated service_manage_report /usr/lib/python3/dist-packages/heat/engine/service.py:2370
2025-10-27 00:39:49.536 38913 DEBUG heat.engine.service [req-544dba9b-a988-45ad-984f-aec0ab5858b4 - - - - -] Service 21a92350-5400-404f-ade1-c3b1e482ff11 is updated service_manage_report /usr/lib/python3/dist-packages/heat/engine/service.py:2370
2025-10-27 00:40:49.495 38911 DEBUG heat.engine.service [req-521a9d1a-d20d-44af-abb8-d9a96fea176a - - - - -] Service 52ba8677-21f4-4a14-ad8f-a801dc4fd0bd is updated service_manage_report /usr/lib/python3/dist-packages/heat/engine/service.py:2370
2025-10-27 00:40:49.511 38914 DEBUG heat.engine.service [req-89c8f3db-67ac-42dd-86f2-f35facc63930 - - - - -] Service 38554589-0948-48e0-91d9-abb5e31027ad is updated service_manage_report /usr/lib/python3/dist-packages/heat/engine/service.py:2370
2025-10-27 00:40:49.523 38912 DEBUG heat.engine.service [req-ff9013be-9a97-4c5d-8567-051e760631b0 - - - - -] Service ae1f1edd-b193-40a0-a573-efca4bcee84c is updated service_manage_report /usr/lib/python3/dist-packages/heat/engine/service.py:2370
2025-10-27 00:40:49.550 38913 DEBUG heat.engine.service [req-c89d93d9-a496-455d-b4b3-9aad7c7b7a68 - - - - -] Service 21a92350-5400-404f-ade1-c3b1e482ff11 is updated service_manage_report /usr/lib/python3/dist-packages/heat/engine/service.py:2370
2025-10-27 00:41:49.491 38911 DEBUG heat.engine.service [req-6618488e-4af4-4298-a1b5-0d045f50c104 - - - - -] Service 52ba8677-21f4-4a14-ad8f-a801dc4fd0bd is updated service_manage_report /usr/lib/python3/dist-packages/heat/engine/service.py:2370
2025-10-27 00:41:49.506 38914 DEBUG heat.engine.service [req-db6ffa6f-ed1c-4d4e-ac87-a75e68cd3f28 - - - - -] Service 38554589-0948-48e0-91d9-abb5e31027ad is updated service_manage_report /usr/lib/python3/dist-packages/heat/engine/service.py:2370
2025-10-27 00:41:49.519 38912 DEBUG heat.engine.service [req-27ef9427-9df9-4d10-ae65-0e2cd4caad8a - - - - -] Service ae1f1edd-b193-40a0-a573-efca4bcee84c is updated service_manage_report /usr/lib/python3/dist-packages/heat/engine/service.py:2370
2025-10-27 00:41:49.544 38913 DEBUG heat.engine.service [req-a3045c78-ab89-4b65-bbb6-02229f1fd3ae - - - - -] Service 21a92350-5400-404f-ade1-c3b1e482ff11 is updated service_manage_report /usr/lib/python3/dist-packages/heat/engine/service.py:2370
2025-10-27 00:42:49.496 38911 DEBUG heat.engine.service [req-2bfbd16d-cd05-4344-8bf9-5e643b6f6638 - - - - -] Service 52ba8677-21f4-4a14-ad8f-a801dc4fd0bd is updated service_manage_report /usr/lib/python3/dist-packages/heat/engine/service.py:2370
2025-10-27 00:42:49.509 38914 DEBUG heat.engine.service [req-1b65b73d-6ecc-4a50-9ac3-fe0b0b72e105 - - - - -] Service 38554589-0948-48e0-91d9-abb5e31027ad is updated service_manage_report /usr/lib/python3/dist-packages/heat/engine/service.py:2370
2025-10-27 00:42:49.522 38912 DEBUG heat.engine.service [req-540306b9-dff9-4295-a73f-a1e2eb6154f5 - - - - -] Service ae1f1edd-b193-40a0-a573-efca4bcee84c is updated service_manage_report /usr/lib/python3/dist-packages/heat/engine/service.py:2370
2025-10-27 00:42:49.547 38913 DEBUG heat.engine.service [req-8672de54-99a0-467d-bc57-6e38662d9f59 - - - - -] Service 21a92350-5400-404f-ade1-c3b1e482ff11 is updated service_manage_report /usr/lib/python3/dist-packages/heat/engine/service.py:2370
2025-10-27 00:43:49.506 38911 DEBUG heat.engine.service [req-ec72eb34-bc1c-41cc-8a38-8af79f9cc320 - - - - -] Service 52ba8677-21f4-4a14-ad8f-a801dc4fd0bd is updated service_manage_report /usr/lib/python3/dist-packages/heat/engine/service.py:2370
2025-10-27 00:43:49.517 38914 DEBUG heat.engine.service [req-d1afffb7-99fe-4ee4-8a7a-50ab203394b7 - - - - -] Service 38554589-0948-48e0-91d9-abb5e31027ad is updated service_manage_report /usr/lib/python3/dist-packages/heat/engine/service.py:2370
2025-10-27 00:43:49.536 38912 DEBUG heat.engine.service [req-b59b3cc3-33ed-4cde-9bd9-67844125e2b2 - - - - -] Service ae1f1edd-b193-40a0-a573-efca4bcee84c is updated service_manage_report /usr/lib/python3/dist-packages/heat/engine/service.py:2370
2025-10-27 00:43:49.553 38913 DEBUG heat.engine.service [req-fb1ef50f-daab-4283-b88e-6f5801c540b3 - - - - -] Service 21a92350-5400-404f-ade1-c3b1e482ff11 is updated service_manage_report /usr/lib/python3/dist-packages/heat/engine/service.py:2370
2025-10-27 00:44:49.499 38911 DEBUG heat.engine.service [req-e5b385dd-1274-4b2a-85ab-9f52dc8c332e - - - - -] Service 52ba8677-21f4-4a14-ad8f-a801dc4fd0bd is updated service_manage_report /usr/lib/python3/dist-packages/heat/engine/service.py:2370
2025-10-27 00:44:49.513 38914 DEBUG heat.engine.service [req-91789d96-9634-42c8-b707-0b5cbcb17ce2 - - - - -] Service 38554589-0948-48e0-91d9-abb5e31027ad is updated service_manage_report /usr/lib/python3/dist-packages/heat/engine/service.py:2370
2025-10-27 00:44:49.531 38912 DEBUG heat.engine.service [req-fad5cb04-0f4e-4c28-be07-71d572518cd6 - - - - -] Service ae1f1edd-b193-40a0-a573-efca4bcee84c is updated service_manage_report /usr/lib/python3/dist-packages/heat/engine/service.py:2370
2025-10-27 00:44:49.557 38913 DEBUG heat.engine.service [req-e95745e5-9b7c-4511-91b2-483ab7493981 - - - - -] Service 21a92350-5400-404f-ade1-c3b1e482ff11 is updated service_manage_report /usr/lib/python3/dist-packages/heat/engine/service.py:2370
2025-10-27 00:45:49.505 38911 DEBUG heat.engine.service [req-04a5fa08-5816-4cbf-b040-3c5edc60126a - - - - -] Service 52ba8677-21f4-4a14-ad8f-a801dc4fd0bd is updated service_manage_report /usr/lib/python3/dist-packages/heat/engine/service.py:2370
2025-10-27 00:45:49.518 38914 DEBUG heat.engine.service [req-feec8dcc-ca8a-4b7d-97e2-0682c8f942fb - - - - -] Service 38554589-0948-48e0-91d9-abb5e31027ad is updated service_manage_report /usr/lib/python3/dist-packages/heat/engine/service.py:2370
2025-10-27 00:45:49.536 38912 DEBUG heat.engine.service [req-16446283-a9cd-4349-9993-33cd6bc68800 - - - - -] Service ae1f1edd-b193-40a0-a573-efca4bcee84c is updated service_manage_report /usr/lib/python3/dist-packages/heat/engine/service.py:2370
2025-10-27 00:45:49.563 38913 DEBUG heat.engine.service [req-57c99429-7afb-4af6-a43d-85c3642e1d5f - - - - -] Service 21a92350-5400-404f-ade1-c3b1e482ff11 is updated service_manage_report /usr/lib/python3/dist-packages/heat/engine/service.py:2370
2025-10-27 00:46:49.509 38911 DEBUG heat.engine.service [req-f20f56c3-a609-47fd-9811-c0783217cbfd - - - - -] Service 52ba8677-21f4-4a14-ad8f-a801dc4fd0bd is updated service_manage_report /usr/lib/python3/dist-packages/heat/engine/service.py:2370
2025-10-27 00:46:49.520 38914 DEBUG heat.engine.service [req-a3683a95-3d03-46dc-933c-bf2c137b3c7c - - - - -] Service 38554589-0948-48e0-91d9-abb5e31027ad is updated service_manage_report /usr/lib/python3/dist-packages/heat/engine/service.py:2370
2025-10-27 00:46:49.541 38912 DEBUG heat.engine.service [req-2bc57409-4af5-4da7-a5f5-52f0de527e22 - - - - -] Service ae1f1edd-b193-40a0-a573-efca4bcee84c is updated service_manage_report /usr/lib/python3/dist-packages/heat/engine/service.py:2370
2025-10-27 00:46:49.555 38913 DEBUG heat.engine.service [req-9a3ddf9e-9045-4198-99c0-d369f769798a - - - - -] Service 21a92350-5400-404f-ade1-c3b1e482ff11 is updated service_manage_report /usr/lib/python3/dist-packages/heat/engine/service.py:2370
2025-10-27 00:47:49.513 38911 DEBUG heat.engine.service [req-85a55593-3914-4090-a8f6-8877a1b1e050 - - - - -] Service 52ba8677-21f4-4a14-ad8f-a801dc4fd0bd is updated service_manage_report /usr/lib/python3/dist-packages/heat/engine/service.py:2370
2025-10-27 00:47:49.523 38914 DEBUG heat.engine.service [req-d712ebc5-eb4c-41c1-a0c0-95216ac174c6 - - - - -] Service 38554589-0948-48e0-91d9-abb5e31027ad is updated service_manage_report /usr/lib/python3/dist-packages/heat/engine/service.py:2370
2025-10-27 00:47:49.545 38912 DEBUG heat.engine.service [req-2a128476-7814-483a-a839-41af15b28847 - - - - -] Service ae1f1edd-b193-40a0-a573-efca4bcee84c is updated service_manage_report /usr/lib/python3/dist-packages/heat/engine/service.py:2370
2025-10-27 00:47:49.558 38913 DEBUG heat.engine.service [req-ece346ad-79a5-42d8-a371-abcb8fe2c509 - - - - -] Service 21a92350-5400-404f-ade1-c3b1e482ff11 is updated service_manage_report /usr/lib/python3/dist-packages/heat/engine/service.py:2370
2025-10-27 00:48:49.518 38911 DEBUG heat.engine.service [req-1f3e608f-e24d-40c5-b0fb-d7909e90f6b2 - - - - -] Service 52ba8677-21f4-4a14-ad8f-a801dc4fd0bd is updated service_manage_report /usr/lib/python3/dist-packages/heat/engine/service.py:2370
2025-10-27 00:48:49.528 38914 DEBUG heat.engine.service [req-b3c164c8-a527-4d45-9a0b-6856615a242f - - - - -] Service 38554589-0948-48e0-91d9-abb5e31027ad is updated service_manage_report /usr/lib/python3/dist-packages/heat/engine/service.py:2370
2025-10-27 00:48:49.548 38912 DEBUG heat.engine.service [req-eb456acb-157e-4c34-a184-beca1cec85f0 - - - - -] Service ae1f1edd-b193-40a0-a573-efca4bcee84c is updated service_manage_report /usr/lib/python3/dist-packages/heat/engine/service.py:2370
2025-10-27 00:48:49.565 38913 DEBUG heat.engine.service [req-5464828e-da71-4be4-853a-b93409a5056f - - - - -] Service 21a92350-5400-404f-ade1-c3b1e482ff11 is updated service_manage_report /usr/lib/python3/dist-packages/heat/engine/service.py:2370
2025-10-27 00:49:49.520 38911 DEBUG heat.engine.service [req-9d6f7f0e-b889-429c-ae7b-a61b15aea81c - - - - -] Service 52ba8677-21f4-4a14-ad8f-a801dc4fd0bd is updated service_manage_report /usr/lib/python3/dist-packages/heat/engine/service.py:2370
2025-10-27 00:49:49.533 38914 DEBUG heat.engine.service [req-7e5cf9bd-208c-4119-9d2e-865eab83c250 - - - - -] Service 38554589-0948-48e0-91d9-abb5e31027ad is updated service_manage_report /usr/lib/python3/dist-packages/heat/engine/service.py:2370
2025-10-27 00:49:49.551 38912 DEBUG heat.engine.service [req-abac11a3-ca8e-4e0f-a536-7147507d43b4 - - - - -] Service ae1f1edd-b193-40a0-a573-efca4bcee84c is updated service_manage_report /usr/lib/python3/dist-packages/heat/engine/service.py:2370
2025-10-27 00:49:49.558 38913 DEBUG heat.engine.service [req-fc48e1ce-9ed7-477a-9741-a9fcbc4302cd - - - - -] Service 21a92350-5400-404f-ade1-c3b1e482ff11 is updated service_manage_report /usr/lib/python3/dist-packages/heat/engine/service.py:2370
2025-10-27 00:50:49.524 38911 DEBUG heat.engine.service [req-3669e0b1-4fe0-445b-851a-9721b199529e - - - - -] Service 52ba8677-21f4-4a14-ad8f-a801dc4fd0bd is updated service_manage_report /usr/lib/python3/dist-packages/heat/engine/service.py:2370
2025-10-27 00:50:49.539 38914 DEBUG heat.engine.service [req-bd44b06c-d384-4a23-afe7-10cfd4e073af - - - - -] Service 38554589-0948-48e0-91d9-abb5e31027ad is updated service_manage_report /usr/lib/python3/dist-packages/heat/engine/service.py:2370
2025-10-27 00:50:49.558 38912 DEBUG heat.engine.service [req-c48d9ebb-3a86-44ac-8c06-0b4889f8e493 - - - - -] Service ae1f1edd-b193-40a0-a573-efca4bcee84c is updated service_manage_report /usr/lib/python3/dist-packages/heat/engine/service.py:2370
2025-10-27 00:50:49.564 38913 DEBUG heat.engine.service [req-5d6930cf-b047-4731-bd3c-ad1e4d6c48b7 - - - - -] Service 21a92350-5400-404f-ade1-c3b1e482ff11 is updated service_manage_report /usr/lib/python3/dist-packages/heat/engine/service.py:2370
2025-10-27 00:51:49.533 38911 DEBUG heat.engine.service [req-4b80f9e7-d669-4ad1-b744-431ede5770e6 - - - - -] Service 52ba8677-21f4-4a14-ad8f-a801dc4fd0bd is updated service_manage_report /usr/lib/python3/dist-packages/heat/engine/service.py:2370
2025-10-27 00:51:49.535 38914 DEBUG heat.engine.service [req-39942088-5f5d-45e2-a51a-1c00261c7cc8 - - - - -] Service 38554589-0948-48e0-91d9-abb5e31027ad is updated service_manage_report /usr/lib/python3/dist-packages/heat/engine/service.py:2370
2025-10-27 00:51:49.550 38912 DEBUG heat.engine.service [req-04efb08b-abdf-4b46-948f-95095bcbf6f6 - - - - -] Service ae1f1edd-b193-40a0-a573-efca4bcee84c is updated service_manage_report /usr/lib/python3/dist-packages/heat/engine/service.py:2370
2025-10-27 00:51:49.558 38913 DEBUG heat.engine.service [req-c0dc65f6-d216-4755-a3ca-6c1df70b3952 - - - - -] Service 21a92350-5400-404f-ade1-c3b1e482ff11 is updated service_manage_report /usr/lib/python3/dist-packages/heat/engine/service.py:2370
2025-10-27 00:52:49.530 38911 DEBUG heat.engine.service [req-04ea99de-1106-4e34-87f8-bc866ecf98f6 - - - - -] Service 52ba8677-21f4-4a14-ad8f-a801dc4fd0bd is updated service_manage_report /usr/lib/python3/dist-packages/heat/engine/service.py:2370
2025-10-27 00:52:49.532 38914 DEBUG heat.engine.service [req-e79c56bf-b189-424e-92a0-68edd1497303 - - - - -] Service 38554589-0948-48e0-91d9-abb5e31027ad is updated service_manage_report /usr/lib/python3/dist-packages/heat/engine/service.py:2370
2025-10-27 00:52:49.555 38912 DEBUG heat.engine.service [req-5d309661-5866-4cca-90fc-13f3b566235b - - - - -] Service ae1f1edd-b193-40a0-a573-efca4bcee84c is updated service_manage_report /usr/lib/python3/dist-packages/heat/engine/service.py:2370
2025-10-27 00:52:49.559 38913 DEBUG heat.engine.service [req-8dd18c85-2bae-4561-a259-f987e0fa52c6 - - - - -] Service 21a92350-5400-404f-ade1-c3b1e482ff11 is updated service_manage_report /usr/lib/python3/dist-packages/heat/engine/service.py:2370
2025-10-27 00:53:49.525 38911 DEBUG heat.engine.service [req-c8f258d5-9b37-4527-98f5-56927c785e79 - - - - -] Service 52ba8677-21f4-4a14-ad8f-a801dc4fd0bd is updated service_manage_report /usr/lib/python3/dist-packages/heat/engine/service.py:2370
2025-10-27 00:53:49.534 38914 DEBUG heat.engine.service [req-aded3fe9-9bcc-492c-a937-b1a40899e14a - - - - -] Service 38554589-0948-48e0-91d9-abb5e31027ad is updated service_manage_report /usr/lib/python3/dist-packages/heat/engine/service.py:2370
2025-10-27 00:53:49.560 38912 DEBUG heat.engine.service [req-f2aae20a-111e-4d1f-bec0-9fcf5628981f - - - - -] Service ae1f1edd-b193-40a0-a573-efca4bcee84c is updated service_manage_report /usr/lib/python3/dist-packages/heat/engine/service.py:2370
2025-10-27 00:53:49.564 38913 DEBUG heat.engine.service [req-3406fb52-11cf-45ad-b2f6-8a6bee8db9cd - - - - -] Service 21a92350-5400-404f-ade1-c3b1e482ff11 is updated service_manage_report /usr/lib/python3/dist-packages/heat/engine/service.py:2370
2025-10-27 00:54:49.529 38911 DEBUG heat.engine.service [req-c944e290-275d-43d2-9e8e-40b3275a7f3f - - - - -] Service 52ba8677-21f4-4a14-ad8f-a801dc4fd0bd is updated service_manage_report /usr/lib/python3/dist-packages/heat/engine/service.py:2370
2025-10-27 00:54:49.538 38914 DEBUG heat.engine.service [req-b67ef5a3-ead2-4963-80a3-4cd3bb6bbdbf - - - - -] Service 38554589-0948-48e0-91d9-abb5e31027ad is updated service_manage_report /usr/lib/python3/dist-packages/heat/engine/service.py:2370
2025-10-27 00:54:49.563 38912 DEBUG heat.engine.service [req-ee457e32-623b-4f75-8d21-795072d114c5 - - - - -] Service ae1f1edd-b193-40a0-a573-efca4bcee84c is updated service_manage_report /usr/lib/python3/dist-packages/heat/engine/service.py:2370
2025-10-27 00:54:49.570 38913 DEBUG heat.engine.service [req-b7ed1f01-83a5-4ca0-bc4c-7ebae4001465 - - - - -] Service 21a92350-5400-404f-ade1-c3b1e482ff11 is updated service_manage_report /usr/lib/python3/dist-packages/heat/engine/service.py:2370
2025-10-27 00:55:49.533 38911 DEBUG heat.engine.service [req-fad7e607-51ba-4485-a4e5-f605875b9404 - - - - -] Service 52ba8677-21f4-4a14-ad8f-a801dc4fd0bd is updated service_manage_report /usr/lib/python3/dist-packages/heat/engine/service.py:2370
2025-10-27 00:55:49.540 38914 DEBUG heat.engine.service [req-366883b6-d94d-4844-8a5d-029c21db52a4 - - - - -] Service 38554589-0948-48e0-91d9-abb5e31027ad is updated service_manage_report /usr/lib/python3/dist-packages/heat/engine/service.py:2370
2025-10-27 00:55:49.566 38912 DEBUG heat.engine.service [req-cff782ca-0bcf-46cc-bf75-4d69b19204ba - - - - -] Service ae1f1edd-b193-40a0-a573-efca4bcee84c is updated service_manage_report /usr/lib/python3/dist-packages/heat/engine/service.py:2370
2025-10-27 00:55:49.571 38913 DEBUG heat.engine.service [req-3b07ac15-0e11-476d-8ad1-1a2452843c87 - - - - -] Service 21a92350-5400-404f-ade1-c3b1e482ff11 is updated service_manage_report /usr/lib/python3/dist-packages/heat/engine/service.py:2370
2025-10-27 00:56:49.540 38911 DEBUG heat.engine.service [req-e8d185e1-b6f0-421e-9625-00664c5b58eb - - - - -] Service 52ba8677-21f4-4a14-ad8f-a801dc4fd0bd is updated service_manage_report /usr/lib/python3/dist-packages/heat/engine/service.py:2370
2025-10-27 00:56:49.549 38914 DEBUG heat.engine.service [req-a3fe58e8-769e-4ad1-8ca2-27373fbfd317 - - - - -] Service 38554589-0948-48e0-91d9-abb5e31027ad is updated service_manage_report /usr/lib/python3/dist-packages/heat/engine/service.py:2370
2025-10-27 00:56:49.570 38912 DEBUG heat.engine.service [req-88d03c57-f1b5-4f80-914a-2c02877f1826 - - - - -] Service ae1f1edd-b193-40a0-a573-efca4bcee84c is updated service_manage_report /usr/lib/python3/dist-packages/heat/engine/service.py:2370
2025-10-27 00:56:49.574 38913 DEBUG heat.engine.service [req-7c40757f-decc-4693-b1b8-42d0678a152b - - - - -] Service 21a92350-5400-404f-ade1-c3b1e482ff11 is updated service_manage_report /usr/lib/python3/dist-packages/heat/engine/service.py:2370
2025-10-27 00:57:49.537 38911 DEBUG heat.engine.service [req-f3f0ad1c-e960-45b4-955a-113ab54b47d7 - - - - -] Service 52ba8677-21f4-4a14-ad8f-a801dc4fd0bd is updated service_manage_report /usr/lib/python3/dist-packages/heat/engine/service.py:2370
2025-10-27 00:57:49.544 38914 DEBUG heat.engine.service [req-914ab3b9-bccc-45a3-a71c-45779965219b - - - - -] Service 38554589-0948-48e0-91d9-abb5e31027ad is updated service_manage_report /usr/lib/python3/dist-packages/heat/engine/service.py:2370
2025-10-27 00:57:49.581 38912 DEBUG heat.engine.service [req-bcf98725-696d-44f8-9b90-abe87aabacba - - - - -] Service ae1f1edd-b193-40a0-a573-efca4bcee84c is updated service_manage_report /usr/lib/python3/dist-packages/heat/engine/service.py:2370
2025-10-27 00:57:49.582 38913 DEBUG heat.engine.service [req-54c7cef8-1623-406b-9077-6fa0b52e9e3f - - - - -] Service 21a92350-5400-404f-ade1-c3b1e482ff11 is updated service_manage_report /usr/lib/python3/dist-packages/heat/engine/service.py:2370
2025-10-27 00:58:49.531 38911 DEBUG heat.engine.service [req-518a2c34-1d9d-4260-87c7-5896898a9de9 - - - - -] Service 52ba8677-21f4-4a14-ad8f-a801dc4fd0bd is updated service_manage_report /usr/lib/python3/dist-packages/heat/engine/service.py:2370
2025-10-27 00:58:49.547 38914 DEBUG heat.engine.service [req-c24a21d1-e05f-4012-9100-192babc82f14 - - - - -] Service 38554589-0948-48e0-91d9-abb5e31027ad is updated service_manage_report /usr/lib/python3/dist-packages/heat/engine/service.py:2370
2025-10-27 00:58:49.576 38912 DEBUG heat.engine.service [req-6db588de-1830-439b-b4dc-a5fc70a2aec7 - - - - -] Service ae1f1edd-b193-40a0-a573-efca4bcee84c is updated service_manage_report /usr/lib/python3/dist-packages/heat/engine/service.py:2370
2025-10-27 00:58:49.578 38913 DEBUG heat.engine.service [req-aec80bba-fde3-4371-a51d-2b0e08e21391 - - - - -] Service 21a92350-5400-404f-ade1-c3b1e482ff11 is updated service_manage_report /usr/lib/python3/dist-packages/heat/engine/service.py:2370
2025-10-27 00:59:49.535 38911 DEBUG heat.engine.service [req-7dac5642-b656-4c1e-b450-0545f37a6ec2 - - - - -] Service 52ba8677-21f4-4a14-ad8f-a801dc4fd0bd is updated service_manage_report /usr/lib/python3/dist-packages/heat/engine/service.py:2370
2025-10-27 00:59:49.550 38914 DEBUG heat.engine.service [req-e0aaba16-7808-4f22-85aa-33cfaee1b823 - - - - -] Service 38554589-0948-48e0-91d9-abb5e31027ad is updated service_manage_report /usr/lib/python3/dist-packages/heat/engine/service.py:2370
2025-10-27 00:59:49.569 38913 DEBUG heat.engine.service [req-fc0867b7-ddfb-4f3f-b6ef-8b685bfa159b - - - - -] Service 21a92350-5400-404f-ade1-c3b1e482ff11 is updated service_manage_report /usr/lib/python3/dist-packages/heat/engine/service.py:2370
2025-10-27 00:59:49.577 38912 DEBUG heat.engine.service [req-4d65c68a-1df4-4bb9-8862-ba2f4c82db96 - - - - -] Service ae1f1edd-b193-40a0-a573-efca4bcee84c is updated service_manage_report /usr/lib/python3/dist-packages/heat/engine/service.py:2370
2025-10-27 01:00:49.538 38911 DEBUG heat.engine.service [req-233315b4-e9c1-4f64-a28c-5d22e4da6f61 - - - - -] Service 52ba8677-21f4-4a14-ad8f-a801dc4fd0bd is updated service_manage_report /usr/lib/python3/dist-packages/heat/engine/service.py:2370
2025-10-27 01:00:49.552 38914 DEBUG heat.engine.service [req-6a10f683-1ada-473e-85ec-d8fdc5c94bed - - - - -] Service 38554589-0948-48e0-91d9-abb5e31027ad is updated service_manage_report /usr/lib/python3/dist-packages/heat/engine/service.py:2370
2025-10-27 01:00:49.572 38913 DEBUG heat.engine.service [req-d1357e54-15ff-4987-b3de-092ce86b3357 - - - - -] Service 21a92350-5400-404f-ade1-c3b1e482ff11 is updated service_manage_report /usr/lib/python3/dist-packages/heat/engine/service.py:2370
2025-10-27 01:00:49.580 38912 DEBUG heat.engine.service [req-527052fb-cd6b-451f-bd4c-8cca682daf03 - - - - -] Service ae1f1edd-b193-40a0-a573-efca4bcee84c is updated service_manage_report /usr/lib/python3/dist-packages/heat/engine/service.py:2370
2025-10-27 01:01:49.541 38911 DEBUG heat.engine.service [req-56f65aa8-6cd0-4a4a-bea1-249e30bdd9c0 - - - - -] Service 52ba8677-21f4-4a14-ad8f-a801dc4fd0bd is updated service_manage_report /usr/lib/python3/dist-packages/heat/engine/service.py:2370
2025-10-27 01:01:49.555 38914 DEBUG heat.engine.service [req-47215286-6205-4a7b-ba80-0e8dd55c92ae - - - - -] Service 38554589-0948-48e0-91d9-abb5e31027ad is updated service_manage_report /usr/lib/python3/dist-packages/heat/engine/service.py:2370
2025-10-27 01:01:49.579 38913 DEBUG heat.engine.service [req-ba7c34c3-9f3e-4a67-8cc4-bdea7ae9e823 - - - - -] Service 21a92350-5400-404f-ade1-c3b1e482ff11 is updated service_manage_report /usr/lib/python3/dist-packages/heat/engine/service.py:2370
2025-10-27 01:01:49.583 38912 DEBUG heat.engine.service [req-786b754b-38d9-4e14-b9c1-b0da7ffb1ca2 - - - - -] Service ae1f1edd-b193-40a0-a573-efca4bcee84c is updated service_manage_report /usr/lib/python3/dist-packages/heat/engine/service.py:2370
2025-10-27 01:02:49.545 38911 DEBUG heat.engine.service [req-7e77af19-73cc-48c6-8d3c-a8db51934d80 - - - - -] Service 52ba8677-21f4-4a14-ad8f-a801dc4fd0bd is updated service_manage_report /usr/lib/python3/dist-packages/heat/engine/service.py:2370
2025-10-27 01:02:49.563 38914 DEBUG heat.engine.service [req-ef3fc812-796c-47e3-92a0-438e37cc45e7 - - - - -] Service 38554589-0948-48e0-91d9-abb5e31027ad is updated service_manage_report /usr/lib/python3/dist-packages/heat/engine/service.py:2370
2025-10-27 01:02:49.574 38913 DEBUG heat.engine.service [req-51a63693-5202-4e0c-bd7d-06cd605b429a - - - - -] Service 21a92350-5400-404f-ade1-c3b1e482ff11 is updated service_manage_report /usr/lib/python3/dist-packages/heat/engine/service.py:2370
2025-10-27 01:02:49.591 38912 DEBUG heat.engine.service [req-76371f99-c1be-420b-a260-dafd53ccf0ed - - - - -] Service ae1f1edd-b193-40a0-a573-efca4bcee84c is updated service_manage_report /usr/lib/python3/dist-packages/heat/engine/service.py:2370
2025-10-27 01:03:49.552 38911 DEBUG heat.engine.service [req-e43b4b95-7de2-4f87-8ae7-cc1b47417687 - - - - -] Service 52ba8677-21f4-4a14-ad8f-a801dc4fd0bd is updated service_manage_report /usr/lib/python3/dist-packages/heat/engine/service.py:2370
2025-10-27 01:03:49.557 38914 DEBUG heat.engine.service [req-25483585-4b83-4282-80e5-9c92ddccf513 - - - - -] Service 38554589-0948-48e0-91d9-abb5e31027ad is updated service_manage_report /usr/lib/python3/dist-packages/heat/engine/service.py:2370
2025-10-27 01:03:49.579 38913 DEBUG heat.engine.service [req-be82d125-81c0-4945-8b69-2ce7aaa2fd3d - - - - -] Service 21a92350-5400-404f-ade1-c3b1e482ff11 is updated service_manage_report /usr/lib/python3/dist-packages/heat/engine/service.py:2370
