2025-10-27 01:41:19.801 63434 DEBUG oslo_service.service [-] clients_senlin.endpoint_type = None log_opt_values /usr/lib/python3/dist-packages/oslo_config/cfg.py:2609
2025-10-27 01:41:19.801 63434 DEBUG oslo_service.service [-] clients_senlin.insecure = None log_opt_values /usr/lib/python3/dist-packages/oslo_config/cfg.py:2609
2025-10-27 01:41:19.801 63434 DEBUG oslo_service.service [-] clients_senlin.key_file = None log_opt_values /usr/lib/python3/dist-packages/oslo_config/cfg.py:2609
2025-10-27 01:41:19.801 63434 DEBUG oslo_service.service [-] clients_swift.ca_file = None log_opt_values /usr/lib/python3/dist-packages/oslo_config/cfg.py:2609
2025-10-27 01:41:19.803 63434 DEBUG oslo_service.service [-] clients_swift.cert_file = None log_opt_values /usr/lib/python3/dist-packages/oslo_config/cfg.py:2609
2025-10-27 01:41:19.803 63434 DEBUG oslo_service.service [-] clients_swift.endpoint_type = None log_opt_values /usr/lib/python3/dist-packages/oslo_config/cfg.py:2609
2025-10-27 01:41:19.803 63434 DEBUG oslo_service.service [-] clients_swift.insecure = None log_opt_values /usr/lib/python3/dist-packages/oslo_config/cfg.py:2609
2025-10-27 01:41:19.803 63434 DEBUG oslo_service.service [-] clients_swift.key_file = None log_opt_values /usr/lib/python3/dist-packages/oslo_config/cfg.py:2609
2025-10-27 01:41:19.803 63434 DEBUG oslo_service.service [-] clients_trove.ca_file = None log_opt_values /usr/lib/python3/dist-packages/oslo_config/cfg.py:2609
2025-10-27 01:41:19.804 63434 DEBUG oslo_service.service [-] clients_trove.cert_file = None log_opt_values /usr/lib/python3/dist-packages/oslo_config/cfg.py:2609
2025-10-27 01:41:19.804 63434 DEBUG oslo_service.service [-] clients_trove.endpoint_type = None log_opt_values /usr/lib/python3/dist-packages/oslo_config/cfg.py:2609
2025-10-27 01:41:19.804 63434 DEBUG oslo_service.service [-] clients_trove.insecure = None log_opt_values /usr/lib/python3/dist-packages/oslo_config/cfg.py:2609
2025-10-27 01:41:19.804 63434 DEBUG oslo_service.service [-] clients_trove.key_file = None log_opt_values /usr/lib/python3/dist-packages/oslo_config/cfg.py:2609
2025-10-27 01:41:19.804 63434 DEBUG oslo_service.service [-] clients_vitrage.ca_file = None log_opt_values /usr/lib/python3/dist-packages/oslo_config/cfg.py:2609
2025-10-27 01:41:19.804 63434 DEBUG oslo_service.service [-] clients_vitrage.cert_file = None log_opt_values /usr/lib/python3/dist-packages/oslo_config/cfg.py:2609
2025-10-27 01:41:19.804 63434 DEBUG oslo_service.service [-] clients_vitrage.endpoint_type = None log_opt_values /usr/lib/python3/dist-packages/oslo_config/cfg.py:2609
2025-10-27 01:41:19.805 63434 DEBUG oslo_service.service [-] clients_vitrage.insecure = None log_opt_values /usr/lib/python3/dist-packages/oslo_config/cfg.py:2609
2025-10-27 01:41:19.805 63434 DEBUG oslo_service.service [-] clients_vitrage.key_file = None log_opt_values /usr/lib/python3/dist-packages/oslo_config/cfg.py:2609
2025-10-27 01:41:19.805 63434 DEBUG oslo_service.service [-] clients_zaqar.ca_file = None log_opt_values /usr/lib/python3/dist-packages/oslo_config/cfg.py:2609
2025-10-27 01:41:19.805 63434 DEBUG oslo_service.service [-] clients_zaqar.cert_file = None log_opt_values /usr/lib/python3/dist-packages/oslo_config/cfg.py:2609
2025-10-27 01:41:19.806 63434 DEBUG oslo_service.service [-] clients_zaqar.endpoint_type = None log_opt_values /usr/lib/python3/dist-packages/oslo_config/cfg.py:2609
2025-10-27 01:41:19.806 63434 DEBUG oslo_service.service [-] clients_zaqar.insecure = None log_opt_values /usr/lib/python3/dist-packages/oslo_config/cfg.py:2609
2025-10-27 01:41:19.806 63434 DEBUG oslo_service.service [-] clients_zaqar.key_file = None log_opt_values /usr/lib/python3/dist-packages/oslo_config/cfg.py:2609
2025-10-27 01:41:19.806 63434 DEBUG oslo_service.service [-] database.backend = sqlalchemy log_opt_values /usr/lib/python3/dist-packages/oslo_config/cfg.py:2609
2025-10-27 01:41:19.806 63434 DEBUG oslo_service.service [-] database.connection = **** log_opt_values /usr/lib/python3/dist-packages/oslo_config/cfg.py:2609
2025-10-27 01:41:19.806 63434 DEBUG oslo_service.service [-] database.connection_debug = 0 log_opt_values /usr/lib/python3/dist-packages/oslo_config/cfg.py:2609
2025-10-27 01:41:19.807 63434 DEBUG oslo_service.service [-] database.connection_parameters = log_opt_values /usr/lib/python3/dist-packages/oslo_config/cfg.py:2609
2025-10-27 01:41:19.807 63434 DEBUG oslo_service.service [-] database.connection_recycle_time = 3600 log_opt_values /usr/lib/python3/dist-packages/oslo_config/cfg.py:2609
2025-10-27 01:41:19.807 63434 DEBUG oslo_service.service [-] database.connection_trace = False log_opt_values /usr/lib/python3/dist-packages/oslo_config/cfg.py:2609
2025-10-27 01:41:19.807 63434 DEBUG oslo_service.service [-] database.db_inc_retry_interval = True log_opt_values /usr/lib/python3/dist-packages/oslo_config/cfg.py:2609
2025-10-27 01:41:19.807 63434 DEBUG oslo_service.service [-] database.db_max_retries = 20 log_opt_values /usr/lib/python3/dist-packages/oslo_config/cfg.py:2609
2025-10-27 01:41:19.807 63434 DEBUG oslo_service.service [-] database.db_max_retry_interval = 10 log_opt_values /usr/lib/python3/dist-packages/oslo_config/cfg.py:2609
2025-10-27 01:41:19.807 63434 DEBUG oslo_service.service [-] database.db_retry_interval = 1 log_opt_values /usr/lib/python3/dist-packages/oslo_config/cfg.py:2609
2025-10-27 01:41:19.808 63434 DEBUG oslo_service.service [-] database.max_overflow = 50 log_opt_values /usr/lib/python3/dist-packages/oslo_config/cfg.py:2609
2025-10-27 01:41:19.808 63434 DEBUG oslo_service.service [-] database.max_pool_size = 5 log_opt_values /usr/lib/python3/dist-packages/oslo_config/cfg.py:2609
2025-10-27 01:41:19.808 63434 DEBUG oslo_service.service [-] database.max_retries = 10 log_opt_values /usr/lib/python3/dist-packages/oslo_config/cfg.py:2609
2025-10-27 01:41:19.808 63434 DEBUG oslo_service.service [-] database.mysql_enable_ndb = False log_opt_values /usr/lib/python3/dist-packages/oslo_config/cfg.py:2609
2025-10-27 01:41:19.808 63434 DEBUG oslo_service.service [-] database.mysql_sql_mode = TRADITIONAL log_opt_values /usr/lib/python3/dist-packages/oslo_config/cfg.py:2609
2025-10-27 01:41:19.808 63434 DEBUG oslo_service.service [-] database.pool_timeout = None log_opt_values /usr/lib/python3/dist-packages/oslo_config/cfg.py:2609
2025-10-27 01:41:19.808 63434 DEBUG oslo_service.service [-] database.retry_interval = 10 log_opt_values /usr/lib/python3/dist-packages/oslo_config/cfg.py:2609
2025-10-27 01:41:19.809 63434 DEBUG oslo_service.service [-] database.slave_connection = **** log_opt_values /usr/lib/python3/dist-packages/oslo_config/cfg.py:2609
2025-10-27 01:41:19.809 63434 DEBUG oslo_service.service [-] database.sqlite_synchronous = True log_opt_values /usr/lib/python3/dist-packages/oslo_config/cfg.py:2609
2025-10-27 01:41:19.809 63434 DEBUG oslo_service.service [-] database.use_db_reconnect = False log_opt_values /usr/lib/python3/dist-packages/oslo_config/cfg.py:2609
2025-10-27 01:41:19.809 63434 DEBUG oslo_service.service [-] oslo_messaging_metrics.metrics_buffer_size = 1000 log_opt_values /usr/lib/python3/dist-packages/oslo_config/cfg.py:2609
2025-10-27 01:41:19.809 63434 DEBUG oslo_service.service [-] oslo_messaging_metrics.metrics_enabled = False log_opt_values /usr/lib/python3/dist-packages/oslo_config/cfg.py:2609
2025-10-27 01:41:19.809 63434 DEBUG oslo_service.service [-] oslo_messaging_metrics.metrics_process_name = log_opt_values /usr/lib/python3/dist-packages/oslo_config/cfg.py:2609
2025-10-27 01:41:19.810 63434 DEBUG oslo_service.service [-] oslo_messaging_metrics.metrics_socket_file = /var/tmp/metrics_collector.sock log_opt_values /usr/lib/python3/dist-packages/oslo_config/cfg.py:2609
2025-10-27 01:41:19.810 63434 DEBUG oslo_service.service [-] oslo_messaging_metrics.metrics_thread_stop_timeout = 10 log_opt_values /usr/lib/python3/dist-packages/oslo_config/cfg.py:2609
2025-10-27 01:41:19.810 63434 DEBUG oslo_service.service [-] oslo_policy.enforce_new_defaults = False log_opt_values /usr/lib/python3/dist-packages/oslo_config/cfg.py:2609
2025-10-27 01:41:19.810 63434 DEBUG oslo_service.service [-] oslo_policy.enforce_scope = False log_opt_values /usr/lib/python3/dist-packages/oslo_config/cfg.py:2609
2025-10-27 01:41:19.810 63434 DEBUG oslo_service.service [-] oslo_policy.policy_default_rule = default log_opt_values /usr/lib/python3/dist-packages/oslo_config/cfg.py:2609
2025-10-27 01:41:19.810 63434 DEBUG oslo_service.service [-] oslo_policy.policy_dirs = ['policy.d'] log_opt_values /usr/lib/python3/dist-packages/oslo_config/cfg.py:2609
2025-10-27 01:41:19.810 63434 DEBUG oslo_service.service [-] oslo_policy.policy_file = policy.yaml log_opt_values /usr/lib/python3/dist-packages/oslo_config/cfg.py:2609
2025-10-27 01:41:19.811 63434 DEBUG oslo_service.service [-] oslo_policy.remote_content_type = application/x-www-form-urlencoded log_opt_values /usr/lib/python3/dist-packages/oslo_config/cfg.py:2609
2025-10-27 01:41:19.811 63434 DEBUG oslo_service.service [-] oslo_policy.remote_ssl_ca_crt_file = None log_opt_values /usr/lib/python3/dist-packages/oslo_config/cfg.py:2609
2025-10-27 01:41:19.811 63434 DEBUG oslo_service.service [-] oslo_policy.remote_ssl_client_crt_file = None log_opt_values /usr/lib/python3/dist-packages/oslo_config/cfg.py:2609
2025-10-27 01:41:19.811 63434 DEBUG oslo_service.service [-] oslo_policy.remote_ssl_client_key_file = None log_opt_values /usr/lib/python3/dist-packages/oslo_config/cfg.py:2609
2025-10-27 01:41:19.811 63434 DEBUG oslo_service.service [-] oslo_policy.remote_ssl_verify_server_crt = False log_opt_values /usr/lib/python3/dist-packages/oslo_config/cfg.py:2609
2025-10-27 01:41:19.811 63434 DEBUG oslo_service.service [-] trustee.auth_section = None log_opt_values /usr/lib/python3/dist-packages/oslo_config/cfg.py:2609
2025-10-27 01:41:19.812 63434 WARNING oslo_config.cfg [-] Deprecated: Option "auth_plugin" from group "trustee" is deprecated. Use option "auth_type" from group "trustee".
2025-10-27 01:41:19.812 63434 DEBUG oslo_service.service [-] trustee.auth_type = password log_opt_values /usr/lib/python3/dist-packages/oslo_config/cfg.py:2609
2025-10-27 01:41:19.812 63434 DEBUG oslo_service.service [-] oslo_versionedobjects.fatal_exception_format_errors = False log_opt_values /usr/lib/python3/dist-packages/oslo_config/cfg.py:2609
2025-10-27 01:41:19.812 63434 DEBUG oslo_service.service [-] oslo_messaging_rabbit.amqp_auto_delete = False log_opt_values /usr/lib/python3/dist-packages/oslo_config/cfg.py:2609
2025-10-27 01:41:19.812 63434 DEBUG oslo_service.service [-] oslo_messaging_rabbit.amqp_durable_queues = False log_opt_values /usr/lib/python3/dist-packages/oslo_config/cfg.py:2609
2025-10-27 01:41:19.812 63434 DEBUG oslo_service.service [-] oslo_messaging_rabbit.conn_pool_min_size = 2 log_opt_values /usr/lib/python3/dist-packages/oslo_config/cfg.py:2609
2025-10-27 01:41:19.812 63434 DEBUG oslo_service.service [-] oslo_messaging_rabbit.conn_pool_ttl = 1200 log_opt_values /usr/lib/python3/dist-packages/oslo_config/cfg.py:2609
2025-10-27 01:41:19.813 63434 DEBUG oslo_service.service [-] oslo_messaging_rabbit.direct_mandatory_flag = True log_opt_values /usr/lib/python3/dist-packages/oslo_config/cfg.py:2609
2025-10-27 01:41:19.813 63434 DEBUG oslo_service.service [-] oslo_messaging_rabbit.enable_cancel_on_failover = False log_opt_values /usr/lib/python3/dist-packages/oslo_config/cfg.py:2609
2025-10-27 01:41:19.813 63434 DEBUG oslo_service.service [-] oslo_messaging_rabbit.heartbeat_in_pthread = False log_opt_values /usr/lib/python3/dist-packages/oslo_config/cfg.py:2609
2025-10-27 01:41:19.813 63434 DEBUG oslo_service.service [-] oslo_messaging_rabbit.heartbeat_rate = 2 log_opt_values /usr/lib/python3/dist-packages/oslo_config/cfg.py:2609
2025-10-27 01:41:19.813 63434 DEBUG oslo_service.service [-] oslo_messaging_rabbit.heartbeat_timeout_threshold = 60 log_opt_values /usr/lib/python3/dist-packages/oslo_config/cfg.py:2609
2025-10-27 01:41:19.814 63434 DEBUG oslo_service.service [-] oslo_messaging_rabbit.kombu_compression = None log_opt_values /usr/lib/python3/dist-packages/oslo_config/cfg.py:2609
2025-10-27 01:41:19.814 63434 DEBUG oslo_service.service [-] oslo_messaging_rabbit.kombu_failover_strategy = round-robin log_opt_values /usr/lib/python3/dist-packages/oslo_config/cfg.py:2609
2025-10-27 01:41:19.814 63434 DEBUG oslo_service.service [-] oslo_messaging_rabbit.kombu_missing_consumer_retry_timeout = 60 log_opt_values /usr/lib/python3/dist-packages/oslo_config/cfg.py:2609
2025-10-27 01:41:19.814 63434 DEBUG oslo_service.service [-] oslo_messaging_rabbit.kombu_reconnect_delay = 1.0 log_opt_values /usr/lib/python3/dist-packages/oslo_config/cfg.py:2609
2025-10-27 01:41:19.814 63434 DEBUG oslo_service.service [-] oslo_messaging_rabbit.rabbit_ha_queues = False log_opt_values /usr/lib/python3/dist-packages/oslo_config/cfg.py:2609
2025-10-27 01:41:19.814 63434 DEBUG oslo_service.service [-] oslo_messaging_rabbit.rabbit_interval_max = 30 log_opt_values /usr/lib/python3/dist-packages/oslo_config/cfg.py:2609
2025-10-27 01:41:19.814 63434 DEBUG oslo_service.service [-] oslo_messaging_rabbit.rabbit_login_method = AMQPLAIN log_opt_values /usr/lib/python3/dist-packages/oslo_config/cfg.py:2609
2025-10-27 01:41:19.815 63434 DEBUG oslo_service.service [-] oslo_messaging_rabbit.rabbit_qos_prefetch_count = 0 log_opt_values /usr/lib/python3/dist-packages/oslo_config/cfg.py:2609
2025-10-27 01:41:19.815 63434 DEBUG oslo_service.service [-] oslo_messaging_rabbit.rabbit_quorum_queue = False log_opt_values /usr/lib/python3/dist-packages/oslo_config/cfg.py:2609
2025-10-27 01:41:19.815 63434 DEBUG oslo_service.service [-] oslo_messaging_rabbit.rabbit_retry_backoff = 2 log_opt_values /usr/lib/python3/dist-packages/oslo_config/cfg.py:2609
2025-10-27 01:41:19.815 63434 DEBUG oslo_service.service [-] oslo_messaging_rabbit.rabbit_retry_interval = 1 log_opt_values /usr/lib/python3/dist-packages/oslo_config/cfg.py:2609
2025-10-27 01:41:19.815 63434 DEBUG oslo_service.service [-] oslo_messaging_rabbit.rabbit_transient_queues_ttl = 1800 log_opt_values /usr/lib/python3/dist-packages/oslo_config/cfg.py:2609
2025-10-27 01:41:19.815 63434 DEBUG oslo_service.service [-] oslo_messaging_rabbit.rpc_conn_pool_size = 30 log_opt_values /usr/lib/python3/dist-packages/oslo_config/cfg.py:2609
2025-10-27 01:41:19.816 63434 DEBUG oslo_service.service [-] oslo_messaging_rabbit.ssl = False log_opt_values /usr/lib/python3/dist-packages/oslo_config/cfg.py:2609
2025-10-27 01:41:19.816 63434 DEBUG oslo_service.service [-] oslo_messaging_rabbit.ssl_ca_file = log_opt_values /usr/lib/python3/dist-packages/oslo_config/cfg.py:2609
2025-10-27 01:41:19.816 63434 DEBUG oslo_service.service [-] oslo_messaging_rabbit.ssl_cert_file = log_opt_values /usr/lib/python3/dist-packages/oslo_config/cfg.py:2609
2025-10-27 01:41:19.816 63434 DEBUG oslo_service.service [-] oslo_messaging_rabbit.ssl_key_file = log_opt_values /usr/lib/python3/dist-packages/oslo_config/cfg.py:2609
2025-10-27 01:41:19.816 63434 DEBUG oslo_service.service [-] oslo_messaging_rabbit.ssl_version = log_opt_values /usr/lib/python3/dist-packages/oslo_config/cfg.py:2609
2025-10-27 01:41:19.816 63434 DEBUG oslo_service.service [-] oslo_messaging_notifications.driver = [] log_opt_values /usr/lib/python3/dist-packages/oslo_config/cfg.py:2609
2025-10-27 01:41:19.816 63434 DEBUG oslo_service.service [-] oslo_messaging_notifications.retry = -1 log_opt_values /usr/lib/python3/dist-packages/oslo_config/cfg.py:2609
2025-10-27 01:41:19.817 63434 DEBUG oslo_service.service [-] oslo_messaging_notifications.topics = ['notifications'] log_opt_values /usr/lib/python3/dist-packages/oslo_config/cfg.py:2609
2025-10-27 01:41:19.817 63434 DEBUG oslo_service.service [-] oslo_messaging_notifications.transport_url = **** log_opt_values /usr/lib/python3/dist-packages/oslo_config/cfg.py:2609
2025-10-27 01:41:19.817 63434 DEBUG oslo_service.service [-] cache.backend = dogpile.cache.null log_opt_values /usr/lib/python3/dist-packages/oslo_config/cfg.py:2609
2025-10-27 01:41:19.817 63434 DEBUG oslo_service.service [-] cache.backend_argument = **** log_opt_values /usr/lib/python3/dist-packages/oslo_config/cfg.py:2609
2025-10-27 01:41:19.817 63434 DEBUG oslo_service.service [-] cache.config_prefix = cache.oslo log_opt_values /usr/lib/python3/dist-packages/oslo_config/cfg.py:2609
2025-10-27 01:41:19.817 63434 DEBUG oslo_service.service [-] cache.debug_cache_backend = False log_opt_values /usr/lib/python3/dist-packages/oslo_config/cfg.py:2609
2025-10-27 01:41:19.817 63434 DEBUG oslo_service.service [-] cache.enabled = False log_opt_values /usr/lib/python3/dist-packages/oslo_config/cfg.py:2609
2025-10-27 01:41:19.818 63434 DEBUG oslo_service.service [-] cache.expiration_time = 600 log_opt_values /usr/lib/python3/dist-packages/oslo_config/cfg.py:2609
2025-10-27 01:41:19.818 63434 DEBUG oslo_service.service [-] cache.memcache_dead_retry = 300 log_opt_values /usr/lib/python3/dist-packages/oslo_config/cfg.py:2609
2025-10-27 01:41:19.818 63434 DEBUG oslo_service.service [-] cache.memcache_pool_connection_get_timeout = 10 log_opt_values /usr/lib/python3/dist-packages/oslo_config/cfg.py:2609
2025-10-27 01:41:19.818 63434 DEBUG oslo_service.service [-] cache.memcache_pool_flush_on_reconnect = False log_opt_values /usr/lib/python3/dist-packages/oslo_config/cfg.py:2609
2025-10-27 01:41:19.818 63434 DEBUG oslo_service.service [-] cache.memcache_pool_maxsize = 10 log_opt_values /usr/lib/python3/dist-packages/oslo_config/cfg.py:2609
2025-10-27 01:41:19.818 63434 DEBUG oslo_service.service [-] cache.memcache_pool_unused_timeout = 60 log_opt_values /usr/lib/python3/dist-packages/oslo_config/cfg.py:2609
2025-10-27 01:41:19.818 63434 DEBUG oslo_service.service [-] cache.memcache_servers = ['localhost:11211'] log_opt_values /usr/lib/python3/dist-packages/oslo_config/cfg.py:2609
2025-10-27 01:41:19.818 63434 DEBUG oslo_service.service [-] cache.memcache_socket_timeout = 1.0 log_opt_values /usr/lib/python3/dist-packages/oslo_config/cfg.py:2609
2025-10-27 01:41:19.819 63434 DEBUG oslo_service.service [-] cache.proxies = [] log_opt_values /usr/lib/python3/dist-packages/oslo_config/cfg.py:2609
2025-10-27 01:41:19.819 63434 DEBUG oslo_service.service [-] cache.tls_allowed_ciphers = None log_opt_values /usr/lib/python3/dist-packages/oslo_config/cfg.py:2609
2025-10-27 01:41:19.819 63434 DEBUG oslo_service.service [-] cache.tls_cafile = None log_opt_values /usr/lib/python3/dist-packages/oslo_config/cfg.py:2609
2025-10-27 01:41:19.819 63434 DEBUG oslo_service.service [-] cache.tls_certfile = None log_opt_values /usr/lib/python3/dist-packages/oslo_config/cfg.py:2609
2025-10-27 01:41:19.819 63434 DEBUG oslo_service.service [-] cache.tls_enabled = False log_opt_values /usr/lib/python3/dist-packages/oslo_config/cfg.py:2609
2025-10-27 01:41:19.819 63434 DEBUG oslo_service.service [-] cache.tls_keyfile = None log_opt_values /usr/lib/python3/dist-packages/oslo_config/cfg.py:2609
2025-10-27 01:41:19.819 63434 DEBUG oslo_service.service [-] constraint_validation_cache.caching = True log_opt_values /usr/lib/python3/dist-packages/oslo_config/cfg.py:2609
2025-10-27 01:41:19.820 63434 DEBUG oslo_service.service [-] constraint_validation_cache.expiration_time = 60 log_opt_values /usr/lib/python3/dist-packages/oslo_config/cfg.py:2609
2025-10-27 01:41:19.820 63434 DEBUG oslo_service.service [-] service_extension_cache.caching = True log_opt_values /usr/lib/python3/dist-packages/oslo_config/cfg.py:2609
2025-10-27 01:41:19.820 63434 DEBUG oslo_service.service [-] service_extension_cache.expiration_time = 3600 log_opt_values /usr/lib/python3/dist-packages/oslo_config/cfg.py:2609
2025-10-27 01:41:19.820 63434 DEBUG oslo_service.service [-] resource_finder_cache.caching = True log_opt_values /usr/lib/python3/dist-packages/oslo_config/cfg.py:2609
2025-10-27 01:41:19.820 63434 DEBUG oslo_service.service [-] resource_finder_cache.expiration_time = 3600 log_opt_values /usr/lib/python3/dist-packages/oslo_config/cfg.py:2609
2025-10-27 01:41:19.820 63434 DEBUG oslo_service.service [-] yaql.limit_iterators = 200 log_opt_values /usr/lib/python3/dist-packages/oslo_config/cfg.py:2609
2025-10-27 01:41:19.820 63434 DEBUG oslo_service.service [-] yaql.memory_quota = 10000 log_opt_values /usr/lib/python3/dist-packages/oslo_config/cfg.py:2609
2025-10-27 01:41:19.820 63434 DEBUG oslo_service.service [-] ******************************************************************************** log_opt_values /usr/lib/python3/dist-packages/oslo_config/cfg.py:2613
2025-10-27 01:41:19.830 63667 INFO heat.engine.worker [-] Starting engine_worker (1.4) in engine 13b52a05-7203-4804-ac50-f4e4bada95e2.
2025-10-27 01:41:19.847 63664 DEBUG oslo_db.sqlalchemy.engines [req-7e194d99-0813-4c8f-957d-85ec31073385 - - - - -] MySQL server mode set to STRICT_TRANS_TABLES,STRICT_ALL_TABLES,NO_ZERO_IN_DATE,NO_ZERO_DATE,ERROR_FOR_DIVISION_BY_ZERO,TRADITIONAL,NO_ENGINE_SUBSTITUTION _check_effective_sql_mode /usr/lib/python3/dist-packages/oslo_db/sqlalchemy/engines.py:314
2025-10-27 01:41:19.867 63666 DEBUG oslo_db.sqlalchemy.engines [req-e253d202-f187-4d7f-b726-52d5b72b53da - - - - -] MySQL server mode set to STRICT_TRANS_TABLES,STRICT_ALL_TABLES,NO_ZERO_IN_DATE,NO_ZERO_DATE,ERROR_FOR_DIVISION_BY_ZERO,TRADITIONAL,NO_ENGINE_SUBSTITUTION _check_effective_sql_mode /usr/lib/python3/dist-packages/oslo_db/sqlalchemy/engines.py:314
2025-10-27 01:41:19.882 63665 DEBUG oslo_db.sqlalchemy.engines [req-ed284665-3630-4574-91b4-11ca9f4c297d - - - - -] MySQL server mode set to STRICT_TRANS_TABLES,STRICT_ALL_TABLES,NO_ZERO_IN_DATE,NO_ZERO_DATE,ERROR_FOR_DIVISION_BY_ZERO,TRADITIONAL,NO_ENGINE_SUBSTITUTION _check_effective_sql_mode /usr/lib/python3/dist-packages/oslo_db/sqlalchemy/engines.py:314
2025-10-27 01:41:19.916 63667 DEBUG oslo_db.sqlalchemy.engines [req-1ccbe77c-3f45-4d09-ab9b-efb5612384e3 - - - - -] MySQL server mode set to STRICT_TRANS_TABLES,STRICT_ALL_TABLES,NO_ZERO_IN_DATE,NO_ZERO_DATE,ERROR_FOR_DIVISION_BY_ZERO,TRADITIONAL,NO_ENGINE_SUBSTITUTION _check_effective_sql_mode /usr/lib/python3/dist-packages/oslo_db/sqlalchemy/engines.py:314
2025-10-27 01:41:19.921 63666 DEBUG heat.engine.service [req-e253d202-f187-4d7f-b726-52d5b72b53da - - - - -] Service 118e518a-66d5-436c-b0a3-26a1bfbf2f87 was aborted service_manage_cleanup /usr/lib/python3/dist-packages/heat/engine/service.py:2391
2025-10-27 01:41:19.925 63664 DEBUG heat.engine.service [req-7e194d99-0813-4c8f-957d-85ec31073385 - - - - -] Service 118e518a-66d5-436c-b0a3-26a1bfbf2f87 was aborted service_manage_cleanup /usr/lib/python3/dist-packages/heat/engine/service.py:2391
2025-10-27 01:41:19.938 63666 DEBUG heat.engine.service [req-e253d202-f187-4d7f-b726-52d5b72b53da - - - - -] Service 21a92350-5400-404f-ade1-c3b1e482ff11 was aborted service_manage_cleanup /usr/lib/python3/dist-packages/heat/engine/service.py:2391
2025-10-27 01:41:19.939 63664 DEBUG heat.engine.service [req-7e194d99-0813-4c8f-957d-85ec31073385 - - - - -] Service 21a92350-5400-404f-ade1-c3b1e482ff11 was aborted service_manage_cleanup /usr/lib/python3/dist-packages/heat/engine/service.py:2391
2025-10-27 01:41:19.942 63665 DEBUG heat.engine.service [req-ed284665-3630-4574-91b4-11ca9f4c297d - - - - -] Service 21a92350-5400-404f-ade1-c3b1e482ff11 was aborted service_manage_cleanup /usr/lib/python3/dist-packages/heat/engine/service.py:2391
2025-10-27 01:41:19.952 63666 DEBUG heat.engine.service [req-e253d202-f187-4d7f-b726-52d5b72b53da - - - - -] Service 22d2e352-ec52-417a-9f7b-3eeb88da68c3 was aborted service_manage_cleanup /usr/lib/python3/dist-packages/heat/engine/service.py:2391
2025-10-27 01:41:19.954 63664 DEBUG heat.engine.service [req-7e194d99-0813-4c8f-957d-85ec31073385 - - - - -] Service 22d2e352-ec52-417a-9f7b-3eeb88da68c3 was aborted service_manage_cleanup /usr/lib/python3/dist-packages/heat/engine/service.py:2391
2025-10-27 01:41:19.955 63665 DEBUG heat.engine.service [req-ed284665-3630-4574-91b4-11ca9f4c297d - - - - -] Service 22d2e352-ec52-417a-9f7b-3eeb88da68c3 was aborted service_manage_cleanup /usr/lib/python3/dist-packages/heat/engine/service.py:2391
2025-10-27 01:41:19.965 63666 DEBUG heat.engine.service [req-e253d202-f187-4d7f-b726-52d5b72b53da - - - - -] Service 2fa80fe9-2be6-4861-9cc1-8ed84cb232ed was aborted service_manage_cleanup /usr/lib/python3/dist-packages/heat/engine/service.py:2391
2025-10-27 01:41:19.965 63664 DEBUG heat.engine.service [req-7e194d99-0813-4c8f-957d-85ec31073385 - - - - -] Service 2fa80fe9-2be6-4861-9cc1-8ed84cb232ed was aborted service_manage_cleanup /usr/lib/python3/dist-packages/heat/engine/service.py:2391
2025-10-27 01:41:19.966 63665 DEBUG heat.engine.service [req-ed284665-3630-4574-91b4-11ca9f4c297d - - - - -] Service 2fa80fe9-2be6-4861-9cc1-8ed84cb232ed was aborted service_manage_cleanup /usr/lib/python3/dist-packages/heat/engine/service.py:2391
2025-10-27 01:41:19.975 63667 DEBUG heat.engine.service [req-1ccbe77c-3f45-4d09-ab9b-efb5612384e3 - - - - -] Service 2fa80fe9-2be6-4861-9cc1-8ed84cb232ed was aborted service_manage_cleanup /usr/lib/python3/dist-packages/heat/engine/service.py:2391
2025-10-27 01:41:19.979 63666 DEBUG heat.engine.service [req-e253d202-f187-4d7f-b726-52d5b72b53da - - - - -] Service 3067a828-d945-4bef-a4f6-da967af7565f was aborted service_manage_cleanup /usr/lib/python3/dist-packages/heat/engine/service.py:2391
2025-10-27 01:41:19.980 63665 DEBUG heat.engine.service [req-ed284665-3630-4574-91b4-11ca9f4c297d - - - - -] Service 3067a828-d945-4bef-a4f6-da967af7565f was aborted service_manage_cleanup /usr/lib/python3/dist-packages/heat/engine/service.py:2391
2025-10-27 01:41:19.981 63664 DEBUG heat.engine.service [req-7e194d99-0813-4c8f-957d-85ec31073385 - - - - -] Service 3067a828-d945-4bef-a4f6-da967af7565f was aborted service_manage_cleanup /usr/lib/python3/dist-packages/heat/engine/service.py:2391
2025-10-27 01:41:19.985 63667 DEBUG heat.engine.service [req-1ccbe77c-3f45-4d09-ab9b-efb5612384e3 - - - - -] Service 3067a828-d945-4bef-a4f6-da967af7565f was aborted service_manage_cleanup /usr/lib/python3/dist-packages/heat/engine/service.py:2391
2025-10-27 01:41:19.994 63665 DEBUG heat.engine.service [req-ed284665-3630-4574-91b4-11ca9f4c297d - - - - -] Service 38554589-0948-48e0-91d9-abb5e31027ad was aborted service_manage_cleanup /usr/lib/python3/dist-packages/heat/engine/service.py:2391
2025-10-27 01:41:19.995 63664 DEBUG heat.engine.service [req-7e194d99-0813-4c8f-957d-85ec31073385 - - - - -] Service 38554589-0948-48e0-91d9-abb5e31027ad was aborted service_manage_cleanup /usr/lib/python3/dist-packages/heat/engine/service.py:2391
2025-10-27 01:41:19.997 63666 DEBUG heat.engine.service [req-e253d202-f187-4d7f-b726-52d5b72b53da - - - - -] Service 38554589-0948-48e0-91d9-abb5e31027ad was aborted service_manage_cleanup /usr/lib/python3/dist-packages/heat/engine/service.py:2391
2025-10-27 01:41:19.998 63667 DEBUG heat.engine.service [req-1ccbe77c-3f45-4d09-ab9b-efb5612384e3 - - - - -] Service 38554589-0948-48e0-91d9-abb5e31027ad was aborted service_manage_cleanup /usr/lib/python3/dist-packages/heat/engine/service.py:2391
2025-10-27 01:41:20.010 63665 DEBUG heat.engine.service [req-ed284665-3630-4574-91b4-11ca9f4c297d - - - - -] Service 52ba8677-21f4-4a14-ad8f-a801dc4fd0bd was aborted service_manage_cleanup /usr/lib/python3/dist-packages/heat/engine/service.py:2391
2025-10-27 01:41:20.012 63664 DEBUG heat.engine.service [req-7e194d99-0813-4c8f-957d-85ec31073385 - - - - -] Service 52ba8677-21f4-4a14-ad8f-a801dc4fd0bd was aborted service_manage_cleanup /usr/lib/python3/dist-packages/heat/engine/service.py:2391
2025-10-27 01:41:20.012 63666 DEBUG heat.engine.service [req-e253d202-f187-4d7f-b726-52d5b72b53da - - - - -] Service 52ba8677-21f4-4a14-ad8f-a801dc4fd0bd was aborted service_manage_cleanup /usr/lib/python3/dist-packages/heat/engine/service.py:2391
2025-10-27 01:41:20.013 63667 DEBUG heat.engine.service [req-1ccbe77c-3f45-4d09-ab9b-efb5612384e3 - - - - -] Service 52ba8677-21f4-4a14-ad8f-a801dc4fd0bd was aborted service_manage_cleanup /usr/lib/python3/dist-packages/heat/engine/service.py:2391
2025-10-27 01:41:20.022 63665 DEBUG heat.engine.service [req-ed284665-3630-4574-91b4-11ca9f4c297d - - - - -] Service 5b3efc6c-a1f2-4d0f-baf0-79ba450266e9 was aborted service_manage_cleanup /usr/lib/python3/dist-packages/heat/engine/service.py:2391
2025-10-27 01:41:20.023 63664 DEBUG heat.engine.service [req-7e194d99-0813-4c8f-957d-85ec31073385 - - - - -] Service 5b3efc6c-a1f2-4d0f-baf0-79ba450266e9 was aborted service_manage_cleanup /usr/lib/python3/dist-packages/heat/engine/service.py:2391
2025-10-27 01:41:20.024 63666 DEBUG heat.engine.service [req-e253d202-f187-4d7f-b726-52d5b72b53da - - - - -] Service 5b3efc6c-a1f2-4d0f-baf0-79ba450266e9 was aborted service_manage_cleanup /usr/lib/python3/dist-packages/heat/engine/service.py:2391
2025-10-27 01:41:20.025 63667 DEBUG heat.engine.service [req-1ccbe77c-3f45-4d09-ab9b-efb5612384e3 - - - - -] Service 5b3efc6c-a1f2-4d0f-baf0-79ba450266e9 was aborted service_manage_cleanup /usr/lib/python3/dist-packages/heat/engine/service.py:2391
2025-10-27 01:41:20.037 63666 DEBUG heat.engine.service [req-e253d202-f187-4d7f-b726-52d5b72b53da - - - - -] Service ad96e0f1-0a2b-4645-bc96-c4c5d7ead28c was aborted service_manage_cleanup /usr/lib/python3/dist-packages/heat/engine/service.py:2391
2025-10-27 01:41:20.039 63665 DEBUG heat.engine.service [req-ed284665-3630-4574-91b4-11ca9f4c297d - - - - -] Service ad96e0f1-0a2b-4645-bc96-c4c5d7ead28c was aborted service_manage_cleanup /usr/lib/python3/dist-packages/heat/engine/service.py:2391
2025-10-27 01:41:20.040 63664 DEBUG heat.engine.service [req-7e194d99-0813-4c8f-957d-85ec31073385 - - - - -] Service ad96e0f1-0a2b-4645-bc96-c4c5d7ead28c was aborted service_manage_cleanup /usr/lib/python3/dist-packages/heat/engine/service.py:2391
2025-10-27 01:41:20.047 63667 DEBUG heat.engine.service [req-1ccbe77c-3f45-4d09-ab9b-efb5612384e3 - - - - -] Service ad96e0f1-0a2b-4645-bc96-c4c5d7ead28c was aborted service_manage_cleanup /usr/lib/python3/dist-packages/heat/engine/service.py:2391
2025-10-27 01:41:20.053 63666 DEBUG heat.engine.service [req-e253d202-f187-4d7f-b726-52d5b72b53da - - - - -] Service ae1f1edd-b193-40a0-a573-efca4bcee84c was aborted service_manage_cleanup /usr/lib/python3/dist-packages/heat/engine/service.py:2391
2025-10-27 01:41:20.053 63665 DEBUG heat.engine.service [req-ed284665-3630-4574-91b4-11ca9f4c297d - - - - -] Service ae1f1edd-b193-40a0-a573-efca4bcee84c was aborted service_manage_cleanup /usr/lib/python3/dist-packages/heat/engine/service.py:2391
2025-10-27 01:41:20.054 63664 DEBUG heat.engine.service [req-7e194d99-0813-4c8f-957d-85ec31073385 - - - - -] Service ae1f1edd-b193-40a0-a573-efca4bcee84c was aborted service_manage_cleanup /usr/lib/python3/dist-packages/heat/engine/service.py:2391
2025-10-27 01:41:20.055 63667 DEBUG heat.engine.service [req-1ccbe77c-3f45-4d09-ab9b-efb5612384e3 - - - - -] Service ae1f1edd-b193-40a0-a573-efca4bcee84c was aborted service_manage_cleanup /usr/lib/python3/dist-packages/heat/engine/service.py:2391
2025-10-27 01:41:20.066 63665 DEBUG heat.engine.service [req-ed284665-3630-4574-91b4-11ca9f4c297d - - - - -] Service cfa44f29-3b26-4c92-a7eb-bc7ad4ed4272 was aborted service_manage_cleanup /usr/lib/python3/dist-packages/heat/engine/service.py:2391
2025-10-27 01:41:20.066 63664 DEBUG heat.engine.service [req-7e194d99-0813-4c8f-957d-85ec31073385 - - - - -] Service cfa44f29-3b26-4c92-a7eb-bc7ad4ed4272 was aborted service_manage_cleanup /usr/lib/python3/dist-packages/heat/engine/service.py:2391
2025-10-27 01:41:20.067 63667 DEBUG heat.engine.service [req-1ccbe77c-3f45-4d09-ab9b-efb5612384e3 - - - - -] Service cfa44f29-3b26-4c92-a7eb-bc7ad4ed4272 was aborted service_manage_cleanup /usr/lib/python3/dist-packages/heat/engine/service.py:2391
2025-10-27 01:41:20.068 63666 DEBUG heat.engine.service [req-e253d202-f187-4d7f-b726-52d5b72b53da - - - - -] Service cfa44f29-3b26-4c92-a7eb-bc7ad4ed4272 was aborted service_manage_cleanup /usr/lib/python3/dist-packages/heat/engine/service.py:2391
2025-10-27 01:41:20.079 63665 DEBUG heat.engine.service [req-ed284665-3630-4574-91b4-11ca9f4c297d - - - - -] Service e3b9475b-e1f2-4591-bde6-b73ebc4db720 was aborted service_manage_cleanup /usr/lib/python3/dist-packages/heat/engine/service.py:2391
2025-10-27 01:41:20.080 63664 DEBUG heat.engine.service [req-7e194d99-0813-4c8f-957d-85ec31073385 - - - - -] Service e3b9475b-e1f2-4591-bde6-b73ebc4db720 was aborted service_manage_cleanup /usr/lib/python3/dist-packages/heat/engine/service.py:2391
2025-10-27 01:41:20.081 63666 DEBUG heat.engine.service [req-e253d202-f187-4d7f-b726-52d5b72b53da - - - - -] Service e3b9475b-e1f2-4591-bde6-b73ebc4db720 was aborted service_manage_cleanup /usr/lib/python3/dist-packages/heat/engine/service.py:2391
2025-10-27 01:41:20.081 63667 DEBUG heat.engine.service [req-1ccbe77c-3f45-4d09-ab9b-efb5612384e3 - - - - -] Service e3b9475b-e1f2-4591-bde6-b73ebc4db720 was aborted service_manage_cleanup /usr/lib/python3/dist-packages/heat/engine/service.py:2391
2025-10-27 01:41:20.115 63667 DEBUG heat.engine.service [req-22a1f5e4-fe40-4144-8763-8298fa93b96d - - - - -] Service c41b4fbe-3825-4b7c-9fd5-944a2c606a6c is started service_manage_report /usr/lib/python3/dist-packages/heat/engine/service.py:2363
2025-10-27 01:41:20.127 63666 DEBUG heat.engine.service [req-9722bf04-b3af-4608-a7ee-20aeb9b00b5d - - - - -] Service a93c61e8-42dd-4966-bcfe-9af2d6a17b99 is started service_manage_report /usr/lib/python3/dist-packages/heat/engine/service.py:2363
2025-10-27 01:41:20.136 63665 DEBUG heat.engine.service [req-72b2955d-b715-45b9-b093-f922858dd76e - - - - -] Service 0fbe4c36-32aa-474e-9b01-37fb12bb7b64 is started service_manage_report /usr/lib/python3/dist-packages/heat/engine/service.py:2363
2025-10-27 01:41:20.139 63664 DEBUG heat.engine.service [req-6a5ec4b3-fa15-400b-9f0e-21a99a75e6a9 - - - - -] Service a958a33d-0c3b-4135-a65a-621a4e570307 is started service_manage_report /usr/lib/python3/dist-packages/heat/engine/service.py:2363
2025-10-27 01:41:20.140 63667 DEBUG heat.engine.service [req-22a1f5e4-fe40-4144-8763-8298fa93b96d - - - - -] Service c41b4fbe-3825-4b7c-9fd5-944a2c606a6c is updated service_manage_report /usr/lib/python3/dist-packages/heat/engine/service.py:2370
2025-10-27 01:41:20.144 63666 DEBUG heat.engine.service [req-9722bf04-b3af-4608-a7ee-20aeb9b00b5d - - - - -] Service a93c61e8-42dd-4966-bcfe-9af2d6a17b99 is updated service_manage_report /usr/lib/python3/dist-packages/heat/engine/service.py:2370
2025-10-27 01:41:20.153 63665 DEBUG heat.engine.service [req-72b2955d-b715-45b9-b093-f922858dd76e - - - - -] Service 0fbe4c36-32aa-474e-9b01-37fb12bb7b64 is updated service_manage_report /usr/lib/python3/dist-packages/heat/engine/service.py:2370
2025-10-27 01:41:20.157 63664 DEBUG heat.engine.service [req-6a5ec4b3-fa15-400b-9f0e-21a99a75e6a9 - - - - -] Service a958a33d-0c3b-4135-a65a-621a4e570307 is updated service_manage_report /usr/lib/python3/dist-packages/heat/engine/service.py:2370
2025-10-27 01:42:20.115 63664 DEBUG heat.engine.service [req-ffab9c0a-f71f-4c6d-87e8-a63a1188fc7e - - - - -] Service a958a33d-0c3b-4135-a65a-621a4e570307 is updated service_manage_report /usr/lib/python3/dist-packages/heat/engine/service.py:2370
2025-10-27 01:42:20.117 63667 DEBUG heat.engine.service [req-5090b957-923f-477d-8cba-d6d3ecd62deb - - - - -] Service c41b4fbe-3825-4b7c-9fd5-944a2c606a6c is updated service_manage_report /usr/lib/python3/dist-packages/heat/engine/service.py:2370
2025-10-27 01:42:20.124 63666 DEBUG heat.engine.service [req-d1cdb17f-2d10-4d04-95f5-065dc31cd018 - - - - -] Service a93c61e8-42dd-4966-bcfe-9af2d6a17b99 is updated service_manage_report /usr/lib/python3/dist-packages/heat/engine/service.py:2370
2025-10-27 01:42:20.124 63665 DEBUG heat.engine.service [req-86602068-e31e-47f4-84b8-881ff37b1a23 - - - - -] Service 0fbe4c36-32aa-474e-9b01-37fb12bb7b64 is updated service_manage_report /usr/lib/python3/dist-packages/heat/engine/service.py:2370
2025-10-27 01:42:38.738 63664 DEBUG heat.engine.service [-] Attempting to stop engine service... _stop_rpc_server /usr/lib/python3/dist-packages/heat/engine/service.py:437
2025-10-27 01:42:38.738 63665 DEBUG heat.engine.service [-] Attempting to stop engine service... _stop_rpc_server /usr/lib/python3/dist-packages/heat/engine/service.py:437
2025-10-27 01:42:38.738 63666 DEBUG heat.engine.service [-] Attempting to stop engine service... _stop_rpc_server /usr/lib/python3/dist-packages/heat/engine/service.py:437
2025-10-27 01:42:38.738 63667 DEBUG heat.engine.service [-] Attempting to stop engine service... _stop_rpc_server /usr/lib/python3/dist-packages/heat/engine/service.py:437
2025-10-27 01:42:38.746 63434 INFO oslo_service.service [-] Caught SIGTERM, stopping children
2025-10-27 01:42:38.747 63434 DEBUG oslo_concurrency.lockutils [-] Acquired lock "singleton_lock" lock /usr/lib/python3/dist-packages/oslo_concurrency/lockutils.py:294
2025-10-27 01:42:38.748 63434 DEBUG oslo_concurrency.lockutils [-] Releasing lock "singleton_lock" lock /usr/lib/python3/dist-packages/oslo_concurrency/lockutils.py:312
2025-10-27 01:42:38.748 63434 DEBUG oslo_service.service [-] Stop services. stop /usr/lib/python3/dist-packages/oslo_service/service.py:695
2025-10-27 01:42:38.748 63434 INFO heat.engine.service [-] All threads were gone, terminating engine
2025-10-27 01:42:38.748 63434 DEBUG oslo_service.service [-] Killing children. stop /usr/lib/python3/dist-packages/oslo_service/service.py:700
2025-10-27 01:42:38.748 63434 INFO oslo_service.service [-] Waiting on 4 children to exit
2025-10-27 01:42:38.761 63434 INFO oslo_service.service [-] Child 63666 killed by signal 15
2025-10-27 01:42:38.763 63434 INFO oslo_service.service [-] Child 63664 killed by signal 15
2025-10-27 01:42:38.763 63434 INFO oslo_service.service [-] Child 63665 killed by signal 15
2025-10-27 01:42:38.763 63434 INFO oslo_service.service [-] Child 63667 killed by signal 15
2025-10-27 01:42:40.381 66381 DEBUG oslo_concurrency.lockutils [-] Lock "context-manager" acquired by "neutron_lib.db.api._create_context_manager" :: waited 0.000s inner /usr/lib/python3/dist-packages/oslo_concurrency/lockutils.py:386
2025-10-27 01:42:40.382 66381 DEBUG oslo_concurrency.lockutils [-] Lock "context-manager" "released" by "neutron_lib.db.api._create_context_manager" :: held 0.000s inner /usr/lib/python3/dist-packages/oslo_concurrency/lockutils.py:400
2025-10-27 01:42:42.673 66381 WARNING heat.engine.environment [-] OS::Aodh::Alarm is DEPRECATED. Theshold alarm relies on ceilometer-api and has been deprecated in aodh since Ocata. Use OS::Aodh::GnocchiAggregationByResourcesAlarm instead.
2025-10-27 01:42:42.674 66381 WARNING heat.engine.environment [-] OS::Aodh::CombinationAlarm is HIDDEN. OS::Aodh::CombinationAlarm is deprecated and has been removed from Aodh, use OS::Aodh::CompositeAlarm instead.
2025-10-27 01:42:42.674 66381 WARNING heat.engine.environment [-] OS::Designate::Domain is HIDDEN. This resource has been removed, use OS::Designate::Zone instead.
2025-10-27 01:42:42.674 66381 WARNING heat.engine.environment [-] OS::Designate::Record is HIDDEN. This resource has been removed, use OS::Designate::RecordSet instead.
2025-10-27 01:42:42.674 66381 WARNING heat.engine.environment [-] OS::Glance::Image is DEPRECATED. Creating a Glance Image based on an existing URL location requires the Glance v1 API, which is deprecated.
2025-10-27 01:42:42.675 66381 WARNING heat.engine.environment [-] OS::Heat::HARestarter is HIDDEN. The HARestarter resource type has been removed. Existing stacks containing HARestarter resources can still be used, but the HARestarter resource will be a placeholder that does nothing.
2025-10-27 01:42:42.675 66381 WARNING heat.engine.environment [-] OS::Heat::SoftwareDeployments is HIDDEN. Please use OS::Heat::SoftwareDeploymentGroup instead.
2025-10-27 01:42:42.675 66381 WARNING heat.engine.environment [-] OS::Heat::StructuredDeployments is HIDDEN. Please use OS::Heat::StructuredDeploymentGroup instead.
2025-10-27 01:42:42.675 66381 WARNING heat.engine.environment [-] OS::Magnum::Bay is HIDDEN. Please use OS::Magnum::Cluster instead.
2025-10-27 01:42:42.675 66381 WARNING heat.engine.environment [-] OS::Magnum::BayModel is HIDDEN. Please use OS::Magnum::ClusterTemplate instead.
2025-10-27 01:42:42.676 66381 WARNING heat.engine.environment [-] OS::Neutron::ExtraRoute is UNSUPPORTED. Use this resource at your own risk.
2025-10-27 01:42:42.676 66381 WARNING heat.engine.environment [-] OS::Neutron::HealthMonitor is HIDDEN. Use LBaaS V2 instead.
2025-10-27 01:42:42.676 66381 WARNING heat.engine.environment [-] OS::Neutron::Pool is HIDDEN. Use LBaaS V2 instead.
2025-10-27 01:42:42.676 66381 WARNING heat.engine.environment [-] OS::Neutron::PoolMember is HIDDEN. Use LBaaS V2 instead.
2025-10-27 01:42:42.676 66381 WARNING heat.engine.environment [-] OS::Neutron::LoadBalancer is HIDDEN. Use LBaaS V2 instead.
2025-10-27 01:42:42.676 66381 WARNING heat.engine.environment [-] OS::Neutron::RouterGateway is HIDDEN. Use the `external_gateway_info` property in the router resource to set up the gateway.
2025-10-27 01:42:42.677 66381 WARNING heat.engine.environment [-] OS::Nova::FloatingIP is HIDDEN. Please use OS::Neutron::FloatingIP instead.
2025-10-27 01:42:42.677 66381 WARNING heat.engine.environment [-] OS::Nova::FloatingIPAssociation is HIDDEN. Please use OS::Neutron::FloatingIPAssociation instead.
2025-10-27 01:42:42.679 66381 INFO heat.engine.environment [-] Loading /etc/heat/environment.d/default.yaml
2025-10-27 01:42:42.680 66381 INFO heat.engine.environment [-] Registered: [Plugin](User:False) AWS::AutoScaling::AutoScalingGroup ->
2025-10-27 01:42:42.680 66381 INFO heat.engine.environment [-] Registered: [Plugin](User:False) AWS::AutoScaling::LaunchConfiguration ->
2025-10-27 01:42:42.680 66381 INFO heat.engine.environment [-] Registered: [Plugin](User:False) AWS::AutoScaling::ScalingPolicy ->
2025-10-27 01:42:42.680 66381 INFO heat.engine.environment [-] Registered: [Plugin](User:False) AWS::CloudFormation::Stack ->
2025-10-27 01:42:42.680 66381 INFO heat.engine.environment [-] Registered: [Plugin](User:False) AWS::CloudFormation::WaitCondition ->
2025-10-27 01:42:42.681 66381 INFO heat.engine.environment [-] Registered: [Plugin](User:False) AWS::CloudFormation::WaitConditionHandle ->
2025-10-27 01:42:42.681 66381 INFO heat.engine.environment [-] Registered: [Plugin](User:False) AWS::EC2::EIP ->
2025-10-27 01:42:42.681 66381 INFO heat.engine.environment [-] Registered: [Plugin](User:False) AWS::EC2::EIPAssociation ->
2025-10-27 01:42:42.681 66381 INFO heat.engine.environment [-] Registered: [Plugin](User:False) AWS::EC2::Instance ->
2025-10-27 01:42:42.681 66381 INFO heat.engine.environment [-] Registered: [Plugin](User:False) AWS::EC2::InternetGateway ->
2025-10-27 01:42:42.681 66381 INFO heat.engine.environment [-] Registered: [Plugin](User:False) AWS::EC2::VPCGatewayAttachment ->
2025-10-27 01:42:42.681 66381 INFO heat.engine.environment [-] Registered: [Plugin](User:False) AWS::EC2::NetworkInterface ->
2025-10-27 01:42:42.681 66381 INFO heat.engine.environment [-] Registered: [Plugin](User:False) AWS::EC2::RouteTable ->
2025-10-27 01:42:42.681 66381 INFO heat.engine.environment [-] Registered: [Plugin](User:False) AWS::EC2::SubnetRouteTableAssociation ->
2025-10-27 01:42:42.681 66381 INFO heat.engine.environment [-] Registered: [Plugin](User:False) AWS::EC2::SecurityGroup ->
2025-10-27 01:42:42.681 66381 INFO heat.engine.environment [-] Registered: [Plugin](User:False) AWS::EC2::Subnet ->
2025-10-27 01:42:42.681 66381 INFO heat.engine.environment [-] Registered: [Plugin](User:False) AWS::EC2::Volume ->
2025-10-27 01:42:42.682 66381 INFO heat.engine.environment [-] Registered: [Plugin](User:False) AWS::EC2::VolumeAttachment ->
2025-10-27 01:42:42.682 66381 INFO heat.engine.environment [-] Registered: [Plugin](User:False) AWS::EC2::VPC ->
2025-10-27 01:42:42.682 66381 INFO heat.engine.environment [-] Registered: [Plugin](User:False) AWS::IAM::User ->
2025-10-27 01:42:42.682 66381 INFO heat.engine.environment [-] Registered: [Plugin](User:False) AWS::IAM::AccessKey ->
2025-10-27 01:42:42.682 66381 INFO heat.engine.environment [-] Registered: [Plugin](User:False) AWS::ElasticLoadBalancing::LoadBalancer ->
2025-10-27 01:42:42.682 66381 INFO heat.engine.environment [-] Registered: [Plugin](User:False) AWS::S3::Bucket ->
2025-10-27 01:42:42.682 66381 INFO heat.engine.environment [-] Registered: [Plugin](User:False) OS::Aodh::Alarm ->
2025-10-27 01:42:42.682 66381 INFO heat.engine.environment [-] Registered: [Plugin](User:False) OS::Aodh::CombinationAlarm ->
2025-10-27 01:42:42.682 66381 INFO heat.engine.environment [-] Registered: [Plugin](User:False) OS::Aodh::EventAlarm ->
2025-10-27 01:42:42.682 66381 INFO heat.engine.environment [-] Registered: [Plugin](User:False) OS::Aodh::LBMemberHealthAlarm ->
2025-10-27 01:42:42.682 66381 INFO heat.engine.environment [-] Registered: [Plugin](User:False) OS::Aodh::CompositeAlarm ->
2025-10-27 01:42:42.683 66381 INFO heat.engine.environment [-] Registered: [Plugin](User:False) OS::Aodh::GnocchiResourcesAlarm ->
2025-10-27 01:42:42.683 66381 INFO heat.engine.environment [-] Registered: [Plugin](User:False) OS::Aodh::GnocchiAggregationByMetricsAlarm ->
2025-10-27 01:42:42.683 66381 INFO heat.engine.environment [-] Registered: [Plugin](User:False) OS::Aodh::GnocchiAggregationByResourcesAlarm ->
2025-10-27 01:42:42.683 66381 INFO heat.engine.environment [-] Registered: [Plugin](User:False) OS::Barbican::GenericContainer ->
2025-10-27 01:42:42.683 66381 INFO heat.engine.environment [-] Registered: [Plugin](User:False) OS::Barbican::CertificateContainer ->
2025-10-27 01:42:42.683 66381 INFO heat.engine.environment [-] Registered: [Plugin](User:False) OS::Barbican::RSAContainer ->
2025-10-27 01:42:42.683 66381 INFO heat.engine.environment [-] Registered: [Plugin](User:False) OS::Barbican::Order ->
2025-10-27 01:42:42.683 66381 INFO heat.engine.environment [-] Registered: [Plugin](User:False) OS::Barbican::Secret ->
2025-10-27 01:42:42.683 66381 INFO heat.engine.environment [-] Registered: [Plugin](User:False) OS::Blazar::Host ->
2025-10-27 01:42:42.683 66381 INFO heat.engine.environment [-] Registered: [Plugin](User:False) OS::Blazar::Lease ->
2025-10-27 01:42:42.683 66381 INFO heat.engine.environment [-] Registered: [Plugin](User:False) OS::Cinder::EncryptedVolumeType ->
2025-10-27 01:42:42.683 66381 INFO heat.engine.environment [-] Registered: [Plugin](User:False) OS::Cinder::QoSSpecs ->
2025-10-27 01:42:42.684 66381 INFO heat.engine.environment [-] Registered: [Plugin](User:False) OS::Cinder::QoSAssociation ->
2025-10-27 01:42:42.684 66381 INFO heat.engine.environment [-] Registered: [Plugin](User:False) OS::Cinder::Quota ->
2025-10-27 01:42:42.684 66381 INFO heat.engine.environment [-] Registered: [Plugin](User:False) OS::Cinder::Volume ->
2025-10-27 01:42:42.684 66381 INFO heat.engine.environment [-] Registered: [Plugin](User:False) OS::Cinder::VolumeAttachment ->
2025-10-27 01:42:42.684 66381 INFO heat.engine.environment [-] Registered: [Plugin](User:False) OS::Cinder::VolumeType ->
2025-10-27 01:42:42.684 66381 INFO heat.engine.environment [-] Registered: [Plugin](User:False) OS::Designate::Domain ->
2025-10-27 01:42:42.684 66381 INFO heat.engine.environment [-] Registered: [Plugin](User:False) OS::Designate::Record ->
2025-10-27 01:42:42.684 66381 INFO heat.engine.environment [-] Registered: [Plugin](User:False) OS::Designate::RecordSet ->
2025-10-27 01:42:42.684 66381 INFO heat.engine.environment [-] Registered: [Plugin](User:False) OS::Designate::Zone ->
2025-10-27 01:42:42.684 66381 INFO heat.engine.environment [-] Registered: [Plugin](User:False) OS::Glance::Image ->
2025-10-27 01:42:42.684 66381 INFO heat.engine.environment [-] Registered: [Plugin](User:False) OS::Glance::WebImage ->
2025-10-27 01:42:42.684 66381 INFO heat.engine.environment [-] Registered: [Plugin](User:False) OS::Heat::AccessPolicy ->
2025-10-27 01:42:42.685 66381 INFO heat.engine.environment [-] Registered: [Plugin](User:False) OS::Heat::AutoScalingGroup ->
2025-10-27 01:42:42.685 66381 INFO heat.engine.environment [-] Registered: [Plugin](User:False) OS::Heat::CloudConfig ->
2025-10-27 01:42:42.685 66381 INFO heat.engine.environment [-] Registered: [Plugin](User:False) OS::Heat::Delay ->
2025-10-27 01:42:42.685 66381 INFO heat.engine.environment [-] Registered: [Plugin](User:False) OS::Heat::DeployedServer ->
2025-10-27 01:42:42.685 66381 INFO heat.engine.environment [-] Registered: [Plugin](User:False) OS::Heat::HARestarter ->
2025-10-27 01:42:42.685 66381 INFO heat.engine.environment [-] Registered: [Plugin](User:False) OS::Heat::InstanceGroup ->
2025-10-27 01:42:42.685 66381 INFO heat.engine.environment [-] Registered: [Plugin](User:False) OS::Heat::MultipartMime ->
2025-10-27 01:42:42.685 66381 INFO heat.engine.environment [-] Registered: [Plugin](User:False) OS::Heat::None ->
2025-10-27 01:42:42.685 66381 INFO heat.engine.environment [-] Registered: [Plugin](User:False) OS::Heat::RandomString ->
2025-10-27 01:42:42.685 66381 INFO heat.engine.environment [-] Registered: [Plugin](User:False) OS::Heat::Stack ->
2025-10-27 01:42:42.685 66381 INFO heat.engine.environment [-] Registered: [Plugin](User:False) OS::Heat::ResourceChain ->
2025-10-27 01:42:42.685 66381 INFO heat.engine.environment [-] Registered: [Plugin](User:False) OS::Heat::ResourceGroup ->
2025-10-27 01:42:42.686 66381 INFO heat.engine.environment [-] Registered: [Plugin](User:False) OS::Heat::ScalingPolicy ->
2025-10-27 01:42:42.686 66381 INFO heat.engine.environment [-] Registered: [Plugin](User:False) OS::Heat::SoftwareComponent ->
2025-10-27 01:42:42.686 66381 INFO heat.engine.environment [-] Registered: [Plugin](User:False) OS::Heat::SoftwareConfig ->
