2025-10-27 01:54:01.292 7 DEBUG oslo_service.service [-] ml2_type_gre.tunnel_id_ranges = [] log_opt_values /var/lib/kolla/venv/lib/python3.6/site-packages/oslo_config/cfg.py:2611
2025-10-27 01:54:01.292 7 DEBUG oslo_service.service [-] ml2_type_vlan.network_vlan_ranges = [] log_opt_values /var/lib/kolla/venv/lib/python3.6/site-packages/oslo_config/cfg.py:2611
2025-10-27 01:54:01.292 7 DEBUG oslo_service.service [-] ml2_type_vxlan.vni_ranges = [] log_opt_values /var/lib/kolla/venv/lib/python3.6/site-packages/oslo_config/cfg.py:2611
2025-10-27 01:54:01.292 7 DEBUG oslo_service.service [-] ml2_type_vxlan.vxlan_group = None log_opt_values /var/lib/kolla/venv/lib/python3.6/site-packages/oslo_config/cfg.py:2611
2025-10-27 01:54:01.292 7 DEBUG oslo_service.service [-] database.backend = sqlalchemy log_opt_values /var/lib/kolla/venv/lib/python3.6/site-packages/oslo_config/cfg.py:2611
2025-10-27 01:54:01.292 7 DEBUG oslo_service.service [-] database.connection = **** log_opt_values /var/lib/kolla/venv/lib/python3.6/site-packages/oslo_config/cfg.py:2611
2025-10-27 01:54:01.292 7 DEBUG oslo_service.service [-] database.connection_debug = 0 log_opt_values /var/lib/kolla/venv/lib/python3.6/site-packages/oslo_config/cfg.py:2611
2025-10-27 01:54:01.292 7 DEBUG oslo_service.service [-] database.connection_parameters = log_opt_values /var/lib/kolla/venv/lib/python3.6/site-packages/oslo_config/cfg.py:2611
2025-10-27 01:54:01.292 7 DEBUG oslo_service.service [-] database.connection_recycle_time = 10 log_opt_values /var/lib/kolla/venv/lib/python3.6/site-packages/oslo_config/cfg.py:2611
2025-10-27 01:54:01.292 7 DEBUG oslo_service.service [-] database.connection_trace = False log_opt_values /var/lib/kolla/venv/lib/python3.6/site-packages/oslo_config/cfg.py:2611
2025-10-27 01:54:01.292 7 DEBUG oslo_service.service [-] database.db_inc_retry_interval = True log_opt_values /var/lib/kolla/venv/lib/python3.6/site-packages/oslo_config/cfg.py:2611
2025-10-27 01:54:01.293 7 DEBUG oslo_service.service [-] database.db_max_retries = 20 log_opt_values /var/lib/kolla/venv/lib/python3.6/site-packages/oslo_config/cfg.py:2611
2025-10-27 01:54:01.293 7 DEBUG oslo_service.service [-] database.db_max_retry_interval = 10 log_opt_values /var/lib/kolla/venv/lib/python3.6/site-packages/oslo_config/cfg.py:2611
2025-10-27 01:54:01.293 7 DEBUG oslo_service.service [-] database.db_retry_interval = 1 log_opt_values /var/lib/kolla/venv/lib/python3.6/site-packages/oslo_config/cfg.py:2611
2025-10-27 01:54:01.293 7 DEBUG oslo_service.service [-] database.max_overflow = 50 log_opt_values /var/lib/kolla/venv/lib/python3.6/site-packages/oslo_config/cfg.py:2611
2025-10-27 01:54:01.293 7 DEBUG oslo_service.service [-] database.max_pool_size = 1 log_opt_values /var/lib/kolla/venv/lib/python3.6/site-packages/oslo_config/cfg.py:2611
2025-10-27 01:54:01.293 7 DEBUG oslo_service.service [-] database.max_retries = -1 log_opt_values /var/lib/kolla/venv/lib/python3.6/site-packages/oslo_config/cfg.py:2611
2025-10-27 01:54:01.293 7 DEBUG oslo_service.service [-] database.mysql_enable_ndb = False log_opt_values /var/lib/kolla/venv/lib/python3.6/site-packages/oslo_config/cfg.py:2611
2025-10-27 01:54:01.293 7 DEBUG oslo_service.service [-] database.mysql_sql_mode = TRADITIONAL log_opt_values /var/lib/kolla/venv/lib/python3.6/site-packages/oslo_config/cfg.py:2611
2025-10-27 01:54:01.293 7 DEBUG oslo_service.service [-] database.pool_timeout = None log_opt_values /var/lib/kolla/venv/lib/python3.6/site-packages/oslo_config/cfg.py:2611
2025-10-27 01:54:01.293 7 DEBUG oslo_service.service [-] database.retry_interval = 10 log_opt_values /var/lib/kolla/venv/lib/python3.6/site-packages/oslo_config/cfg.py:2611
2025-10-27 01:54:01.293 7 DEBUG oslo_service.service [-] database.slave_connection = **** log_opt_values /var/lib/kolla/venv/lib/python3.6/site-packages/oslo_config/cfg.py:2611
2025-10-27 01:54:01.293 7 DEBUG oslo_service.service [-] database.sqlite_synchronous = True log_opt_values /var/lib/kolla/venv/lib/python3.6/site-packages/oslo_config/cfg.py:2611
2025-10-27 01:54:01.293 7 DEBUG oslo_service.service [-] database.use_db_reconnect = False log_opt_values /var/lib/kolla/venv/lib/python3.6/site-packages/oslo_config/cfg.py:2611
2025-10-27 01:54:01.293 7 DEBUG oslo_service.service [-] ******************************************************************************** log_opt_values /var/lib/kolla/venv/lib/python3.6/site-packages/oslo_config/cfg.py:2613
2025-10-27 01:54:02.353 22 DEBUG neutron.wsgi [-] (22) accepted ('10.0.0.242', 42588) server /var/lib/kolla/venv/lib/python3.6/site-packages/eventlet/wsgi.py:1004
2025-10-27 01:54:02.361 22 INFO neutron.wsgi [-] 10.0.0.242 "GET / HTTP/1.1" status: 200 len: 228 time: 0.0054903
2025-10-27 01:54:05.658 24 DEBUG neutron.api.rpc.handlers.dhcp_rpc [req-3f9213f0-0c6d-42cf-9822-52b0113d5eea - - - - -] get_active_networks_info from cn-jenkins-deploy-platform-ansible-os-4488-1 get_active_networks_info /var/lib/kolla/venv/lib/python3.6/site-packages/neutron/api/rpc/handlers/dhcp_rpc.py:159
2025-10-27 01:54:05.682 26 DEBUG neutron_lib.callbacks.manager [req-1512f740-d104-4b10-8079-9ea6e81f577a - - - - -] Publish callbacks ['neutron.services.segments.db._update_segment_host_mapping_for_agent-8761783213171', 'neutron.services.l3_router.l3_router_plugin.DVRResourceOperationHandler.create_fip_agent_gw_ports-764216'] for agent (50772e4c-b6cd-44ea-a4ed-2503e21bcf98), after_create _notify_loop /var/lib/kolla/venv/lib/python3.6/site-packages/neutron_lib/callbacks/manager.py:177
2025-10-27 01:54:05.699 24 DEBUG neutron.scheduler.dhcp_agent_scheduler [req-3f9213f0-0c6d-42cf-9822-52b0113d5eea - - - - -] No non-hosted networks auto_schedule_networks /var/lib/kolla/venv/lib/python3.6/site-packages/neutron/scheduler/dhcp_agent_scheduler.py:60
2025-10-27 01:54:24.300 28 DEBUG neutron_lib.callbacks.manager [req-ff4defb5-e838-4d3d-b7a1-e491736b58c5 - - - - -] Publish callbacks ['neutron.services.segments.db._update_segment_host_mapping_for_agent-8761783213171', 'neutron.services.l3_router.l3_router_plugin.DVRResourceOperationHandler.create_fip_agent_gw_ports-764216'] for agent (6183b993-bf2a-47ce-ac73-3e6367815ab3), after_create _notify_loop /var/lib/kolla/venv/lib/python3.6/site-packages/neutron_lib/callbacks/manager.py:177
2025-10-27 01:54:32.415 22 DEBUG neutron.wsgi [-] (22) accepted ('10.0.0.242', 42090) server /var/lib/kolla/venv/lib/python3.6/site-packages/eventlet/wsgi.py:1004
2025-10-27 01:54:32.419 22 INFO neutron.wsgi [-] 10.0.0.242 "GET / HTTP/1.1" status: 200 len: 228 time: 0.0034430
2025-10-27 01:54:35.674 25 DEBUG neutron_lib.callbacks.manager [req-4636f629-767c-40af-b051-8ad4e2b7c1ed - - - - -] Publish callbacks ['neutron.services.segments.db._update_segment_host_mapping_for_agent-8761783213171', 'neutron.plugins.ml2.plugin.Ml2Plugin._retry_binding_revived_agents--9223372036821451632'] for agent (50772e4c-b6cd-44ea-a4ed-2503e21bcf98), after_update _notify_loop /var/lib/kolla/venv/lib/python3.6/site-packages/neutron_lib/callbacks/manager.py:177
2025-10-27 01:54:54.275 27 DEBUG neutron_lib.callbacks.manager [req-ff4defb5-e838-4d3d-b7a1-e491736b58c5 - - - - -] Publish callbacks ['neutron.services.segments.db._update_segment_host_mapping_for_agent-8761783213171', 'neutron.plugins.ml2.plugin.Ml2Plugin._retry_binding_revived_agents--9223372036821451632'] for agent (6183b993-bf2a-47ce-ac73-3e6367815ab3), after_update _notify_loop /var/lib/kolla/venv/lib/python3.6/site-packages/neutron_lib/callbacks/manager.py:177
2025-10-27 01:55:02.468 22 DEBUG neutron.wsgi [-] (22) accepted ('10.0.0.242', 44000) server /var/lib/kolla/venv/lib/python3.6/site-packages/eventlet/wsgi.py:1004
2025-10-27 01:55:02.472 22 INFO neutron.wsgi [-] 10.0.0.242 "GET / HTTP/1.1" status: 200 len: 228 time: 0.0034089
2025-10-27 01:55:05.666 24 DEBUG neutron_lib.callbacks.manager [req-779a2f92-217e-47e0-86e4-6ea6a5292424 - - - - -] Publish callbacks ['neutron.services.segments.db._update_segment_host_mapping_for_agent-8761783213171', 'neutron.plugins.ml2.plugin.Ml2Plugin._retry_binding_revived_agents--9223372036821451632'] for agent (50772e4c-b6cd-44ea-a4ed-2503e21bcf98), after_update _notify_loop /var/lib/kolla/venv/lib/python3.6/site-packages/neutron_lib/callbacks/manager.py:177
2025-10-27 01:55:08.254 29 DEBUG neutron.db.agents_db [req-f2cdd856-24a6-472c-8625-dddaf9bbd2ae - - - - -] Agent healthcheck: found 2 active agents agent_health_check /var/lib/kolla/venv/lib/python3.6/site-packages/neutron/db/agents_db.py:318
2025-10-27 01:55:24.275 23 DEBUG neutron_lib.callbacks.manager [req-ff4defb5-e838-4d3d-b7a1-e491736b58c5 - - - - -] Publish callbacks ['neutron.services.segments.db._update_segment_host_mapping_for_agent-8761783213171', 'neutron.plugins.ml2.plugin.Ml2Plugin._retry_binding_revived_agents--9223372036821451632'] for agent (6183b993-bf2a-47ce-ac73-3e6367815ab3), after_update _notify_loop /var/lib/kolla/venv/lib/python3.6/site-packages/neutron_lib/callbacks/manager.py:177
2025-10-27 01:55:32.517 22 DEBUG neutron.wsgi [-] (22) accepted ('10.0.0.242', 42218) server /var/lib/kolla/venv/lib/python3.6/site-packages/eventlet/wsgi.py:1004
2025-10-27 01:55:32.521 22 INFO neutron.wsgi [-] 10.0.0.242 "GET / HTTP/1.1" status: 200 len: 228 time: 0.0029960
2025-10-27 01:55:35.667 26 DEBUG neutron_lib.callbacks.manager [req-cf80a5cb-a76a-40e6-9642-e6b24e3cd8de - - - - -] Publish callbacks ['neutron.services.segments.db._update_segment_host_mapping_for_agent-8761783213171', 'neutron.plugins.ml2.plugin.Ml2Plugin._retry_binding_revived_agents--9223372036821451632'] for agent (50772e4c-b6cd-44ea-a4ed-2503e21bcf98), after_update _notify_loop /var/lib/kolla/venv/lib/python3.6/site-packages/neutron_lib/callbacks/manager.py:177
2025-10-27 01:55:45.254 29 DEBUG neutron.db.agents_db [req-f2cdd856-24a6-472c-8625-dddaf9bbd2ae - - - - -] Agent healthcheck: found 2 active agents agent_health_check /var/lib/kolla/venv/lib/python3.6/site-packages/neutron/db/agents_db.py:318
2025-10-27 01:55:54.268 28 DEBUG neutron_lib.callbacks.manager [req-ff4defb5-e838-4d3d-b7a1-e491736b58c5 - - - - -] Publish callbacks ['neutron.services.segments.db._update_segment_host_mapping_for_agent-8761783213171', 'neutron.plugins.ml2.plugin.Ml2Plugin._retry_binding_revived_agents--9223372036821451632'] for agent (6183b993-bf2a-47ce-ac73-3e6367815ab3), after_update _notify_loop /var/lib/kolla/venv/lib/python3.6/site-packages/neutron_lib/callbacks/manager.py:177
2025-10-27 01:56:02.570 22 DEBUG neutron.wsgi [-] (22) accepted ('10.0.0.242', 48324) server /var/lib/kolla/venv/lib/python3.6/site-packages/eventlet/wsgi.py:1004
2025-10-27 01:56:02.574 22 INFO neutron.wsgi [-] 10.0.0.242 "GET / HTTP/1.1" status: 200 len: 228 time: 0.0032876
2025-10-27 01:56:05.668 25 DEBUG neutron_lib.callbacks.manager [req-77c483f6-50f5-47b1-a6b9-2be3c8171f56 - - - - -] Publish callbacks ['neutron.services.segments.db._update_segment_host_mapping_for_agent-8761783213171', 'neutron.plugins.ml2.plugin.Ml2Plugin._retry_binding_revived_agents--9223372036821451632'] for agent (50772e4c-b6cd-44ea-a4ed-2503e21bcf98), after_update _notify_loop /var/lib/kolla/venv/lib/python3.6/site-packages/neutron_lib/callbacks/manager.py:177
2025-10-27 01:56:22.251 29 DEBUG neutron.db.agents_db [req-f2cdd856-24a6-472c-8625-dddaf9bbd2ae - - - - -] Agent healthcheck: found 2 active agents agent_health_check /var/lib/kolla/venv/lib/python3.6/site-packages/neutron/db/agents_db.py:318
2025-10-27 01:56:24.264 27 DEBUG neutron_lib.callbacks.manager [req-ff4defb5-e838-4d3d-b7a1-e491736b58c5 - - - - -] Publish callbacks ['neutron.services.segments.db._update_segment_host_mapping_for_agent-8761783213171', 'neutron.plugins.ml2.plugin.Ml2Plugin._retry_binding_revived_agents--9223372036821451632'] for agent (6183b993-bf2a-47ce-ac73-3e6367815ab3), after_update _notify_loop /var/lib/kolla/venv/lib/python3.6/site-packages/neutron_lib/callbacks/manager.py:177
2025-10-27 01:56:32.625 22 DEBUG neutron.wsgi [-] (22) accepted ('10.0.0.242', 43370) server /var/lib/kolla/venv/lib/python3.6/site-packages/eventlet/wsgi.py:1004
2025-10-27 01:56:32.629 22 INFO neutron.wsgi [-] 10.0.0.242 "GET / HTTP/1.1" status: 200 len: 228 time: 0.0037847
2025-10-27 01:56:35.665 24 DEBUG neutron_lib.callbacks.manager [req-7b9ffd7b-896d-4ef2-8233-300f8b0dd095 - - - - -] Publish callbacks ['neutron.services.segments.db._update_segment_host_mapping_for_agent-8761783213171', 'neutron.plugins.ml2.plugin.Ml2Plugin._retry_binding_revived_agents--9223372036821451632'] for agent (50772e4c-b6cd-44ea-a4ed-2503e21bcf98), after_update _notify_loop /var/lib/kolla/venv/lib/python3.6/site-packages/neutron_lib/callbacks/manager.py:177
2025-10-27 01:56:54.266 23 DEBUG neutron_lib.callbacks.manager [req-ff4defb5-e838-4d3d-b7a1-e491736b58c5 - - - - -] Publish callbacks ['neutron.services.segments.db._update_segment_host_mapping_for_agent-8761783213171', 'neutron.plugins.ml2.plugin.Ml2Plugin._retry_binding_revived_agents--9223372036821451632'] for agent (6183b993-bf2a-47ce-ac73-3e6367815ab3), after_update _notify_loop /var/lib/kolla/venv/lib/python3.6/site-packages/neutron_lib/callbacks/manager.py:177
2025-10-27 01:56:59.249 29 DEBUG neutron.db.agents_db [req-f2cdd856-24a6-472c-8625-dddaf9bbd2ae - - - - -] Agent healthcheck: found 2 active agents agent_health_check /var/lib/kolla/venv/lib/python3.6/site-packages/neutron/db/agents_db.py:318
2025-10-27 01:57:02.681 22 DEBUG neutron.wsgi [-] (22) accepted ('10.0.0.242', 38294) server /var/lib/kolla/venv/lib/python3.6/site-packages/eventlet/wsgi.py:1004
2025-10-27 01:57:02.686 22 INFO neutron.wsgi [-] 10.0.0.242 "GET / HTTP/1.1" status: 200 len: 228 time: 0.0031004
2025-10-27 01:57:05.663 26 DEBUG neutron_lib.callbacks.manager [req-d9452a14-6178-4ef3-8d85-547148cd0f8d - - - - -] Publish callbacks ['neutron.services.segments.db._update_segment_host_mapping_for_agent-8761783213171', 'neutron.plugins.ml2.plugin.Ml2Plugin._retry_binding_revived_agents--9223372036821451632'] for agent (50772e4c-b6cd-44ea-a4ed-2503e21bcf98), after_update _notify_loop /var/lib/kolla/venv/lib/python3.6/site-packages/neutron_lib/callbacks/manager.py:177
2025-10-27 01:57:24.268 28 DEBUG neutron_lib.callbacks.manager [req-ff4defb5-e838-4d3d-b7a1-e491736b58c5 - - - - -] Publish callbacks ['neutron.services.segments.db._update_segment_host_mapping_for_agent-8761783213171', 'neutron.plugins.ml2.plugin.Ml2Plugin._retry_binding_revived_agents--9223372036821451632'] for agent (6183b993-bf2a-47ce-ac73-3e6367815ab3), after_update _notify_loop /var/lib/kolla/venv/lib/python3.6/site-packages/neutron_lib/callbacks/manager.py:177
2025-10-27 01:57:32.730 22 DEBUG neutron.wsgi [-] (22) accepted ('10.0.0.242', 41574) server /var/lib/kolla/venv/lib/python3.6/site-packages/eventlet/wsgi.py:1004
2025-10-27 01:57:32.734 22 INFO neutron.wsgi [-] 10.0.0.242 "GET / HTTP/1.1" status: 200 len: 228 time: 0.0031083
2025-10-27 01:57:35.667 25 DEBUG neutron_lib.callbacks.manager [req-f1c3d290-fcd6-465f-b4dc-bdae09c13d5d - - - - -] Publish callbacks ['neutron.services.segments.db._update_segment_host_mapping_for_agent-8761783213171', 'neutron.plugins.ml2.plugin.Ml2Plugin._retry_binding_revived_agents--9223372036821451632'] for agent (50772e4c-b6cd-44ea-a4ed-2503e21bcf98), after_update _notify_loop /var/lib/kolla/venv/lib/python3.6/site-packages/neutron_lib/callbacks/manager.py:177
2025-10-27 01:57:36.247 29 DEBUG neutron.db.agents_db [req-f2cdd856-24a6-472c-8625-dddaf9bbd2ae - - - - -] Agent healthcheck: found 2 active agents agent_health_check /var/lib/kolla/venv/lib/python3.6/site-packages/neutron/db/agents_db.py:318
2025-10-27 01:57:54.271 27 DEBUG neutron_lib.callbacks.manager [req-ff4defb5-e838-4d3d-b7a1-e491736b58c5 - - - - -] Publish callbacks ['neutron.services.segments.db._update_segment_host_mapping_for_agent-8761783213171', 'neutron.plugins.ml2.plugin.Ml2Plugin._retry_binding_revived_agents--9223372036821451632'] for agent (6183b993-bf2a-47ce-ac73-3e6367815ab3), after_update _notify_loop /var/lib/kolla/venv/lib/python3.6/site-packages/neutron_lib/callbacks/manager.py:177
2025-10-27 01:58:02.782 22 DEBUG neutron.wsgi [-] (22) accepted ('10.0.0.242', 33018) server /var/lib/kolla/venv/lib/python3.6/site-packages/eventlet/wsgi.py:1004
2025-10-27 01:58:02.786 22 INFO neutron.wsgi [-] 10.0.0.242 "GET / HTTP/1.1" status: 200 len: 228 time: 0.0030756
2025-10-27 01:58:05.664 24 DEBUG neutron_lib.callbacks.manager [req-926f3b11-20ef-4e70-b8f8-24f7218f4303 - - - - -] Publish callbacks ['neutron.services.segments.db._update_segment_host_mapping_for_agent-8761783213171', 'neutron.plugins.ml2.plugin.Ml2Plugin._retry_binding_revived_agents--9223372036821451632'] for agent (50772e4c-b6cd-44ea-a4ed-2503e21bcf98), after_update _notify_loop /var/lib/kolla/venv/lib/python3.6/site-packages/neutron_lib/callbacks/manager.py:177
2025-10-27 01:58:13.246 29 DEBUG neutron.db.agents_db [req-f2cdd856-24a6-472c-8625-dddaf9bbd2ae - - - - -] Agent healthcheck: found 2 active agents agent_health_check /var/lib/kolla/venv/lib/python3.6/site-packages/neutron/db/agents_db.py:318
2025-10-27 01:58:24.275 23 DEBUG neutron_lib.callbacks.manager [req-ff4defb5-e838-4d3d-b7a1-e491736b58c5 - - - - -] Publish callbacks ['neutron.services.segments.db._update_segment_host_mapping_for_agent-8761783213171', 'neutron.plugins.ml2.plugin.Ml2Plugin._retry_binding_revived_agents--9223372036821451632'] for agent (6183b993-bf2a-47ce-ac73-3e6367815ab3), after_update _notify_loop /var/lib/kolla/venv/lib/python3.6/site-packages/neutron_lib/callbacks/manager.py:177
2025-10-27 01:58:32.831 22 DEBUG neutron.wsgi [-] (22) accepted ('10.0.0.242', 52466) server /var/lib/kolla/venv/lib/python3.6/site-packages/eventlet/wsgi.py:1004
2025-10-27 01:58:32.837 22 INFO neutron.wsgi [-] 10.0.0.242 "GET / HTTP/1.1" status: 200 len: 228 time: 0.0046751
2025-10-27 01:58:35.661 26 DEBUG neutron_lib.callbacks.manager [req-7f5eb14c-0de8-42a3-84c0-9c3d9a52488f - - - - -] Publish callbacks ['neutron.services.segments.db._update_segment_host_mapping_for_agent-8761783213171', 'neutron.plugins.ml2.plugin.Ml2Plugin._retry_binding_revived_agents--9223372036821451632'] for agent (50772e4c-b6cd-44ea-a4ed-2503e21bcf98), after_update _notify_loop /var/lib/kolla/venv/lib/python3.6/site-packages/neutron_lib/callbacks/manager.py:177
2025-10-27 01:58:50.243 29 DEBUG neutron.db.agents_db [req-f2cdd856-24a6-472c-8625-dddaf9bbd2ae - - - - -] Agent healthcheck: found 2 active agents agent_health_check /var/lib/kolla/venv/lib/python3.6/site-packages/neutron/db/agents_db.py:318
2025-10-27 01:58:54.277 28 DEBUG neutron_lib.callbacks.manager [req-ff4defb5-e838-4d3d-b7a1-e491736b58c5 - - - - -] Publish callbacks ['neutron.services.segments.db._update_segment_host_mapping_for_agent-8761783213171', 'neutron.plugins.ml2.plugin.Ml2Plugin._retry_binding_revived_agents--9223372036821451632'] for agent (6183b993-bf2a-47ce-ac73-3e6367815ab3), after_update _notify_loop /var/lib/kolla/venv/lib/python3.6/site-packages/neutron_lib/callbacks/manager.py:177
2025-10-27 01:59:02.885 22 DEBUG neutron.wsgi [-] (22) accepted ('10.0.0.242', 41012) server /var/lib/kolla/venv/lib/python3.6/site-packages/eventlet/wsgi.py:1004
2025-10-27 01:59:02.889 22 INFO neutron.wsgi [-] 10.0.0.242 "GET / HTTP/1.1" status: 200 len: 228 time: 0.0031183
2025-10-27 01:59:05.660 25 DEBUG neutron_lib.callbacks.manager [req-0410b779-563c-488e-9b16-924b9daa9859 - - - - -] Publish callbacks ['neutron.services.segments.db._update_segment_host_mapping_for_agent-8761783213171', 'neutron.plugins.ml2.plugin.Ml2Plugin._retry_binding_revived_agents--9223372036821451632'] for agent (50772e4c-b6cd-44ea-a4ed-2503e21bcf98), after_update _notify_loop /var/lib/kolla/venv/lib/python3.6/site-packages/neutron_lib/callbacks/manager.py:177
2025-10-27 01:59:24.278 27 DEBUG neutron_lib.callbacks.manager [req-ff4defb5-e838-4d3d-b7a1-e491736b58c5 - - - - -] Publish callbacks ['neutron.services.segments.db._update_segment_host_mapping_for_agent-8761783213171', 'neutron.plugins.ml2.plugin.Ml2Plugin._retry_binding_revived_agents--9223372036821451632'] for agent (6183b993-bf2a-47ce-ac73-3e6367815ab3), after_update _notify_loop /var/lib/kolla/venv/lib/python3.6/site-packages/neutron_lib/callbacks/manager.py:177
2025-10-27 01:59:27.241 29 DEBUG neutron.db.agents_db [req-f2cdd856-24a6-472c-8625-dddaf9bbd2ae - - - - -] Agent healthcheck: found 2 active agents agent_health_check /var/lib/kolla/venv/lib/python3.6/site-packages/neutron/db/agents_db.py:318
2025-10-27 01:59:32.934 22 DEBUG neutron.wsgi [-] (22) accepted ('10.0.0.242', 40912) server /var/lib/kolla/venv/lib/python3.6/site-packages/eventlet/wsgi.py:1004
2025-10-27 01:59:32.938 22 INFO neutron.wsgi [-] 10.0.0.242 "GET / HTTP/1.1" status: 200 len: 228 time: 0.0032992
2025-10-27 01:59:35.657 24 DEBUG neutron_lib.callbacks.manager [req-91e73b0d-2d4a-428c-8e81-f435a95fb907 - - - - -] Publish callbacks ['neutron.services.segments.db._update_segment_host_mapping_for_agent-8761783213171', 'neutron.plugins.ml2.plugin.Ml2Plugin._retry_binding_revived_agents--9223372036821451632'] for agent (50772e4c-b6cd-44ea-a4ed-2503e21bcf98), after_update _notify_loop /var/lib/kolla/venv/lib/python3.6/site-packages/neutron_lib/callbacks/manager.py:177
2025-10-27 01:59:54.283 23 DEBUG neutron_lib.callbacks.manager [req-ff4defb5-e838-4d3d-b7a1-e491736b58c5 - - - - -] Publish callbacks ['neutron.services.segments.db._update_segment_host_mapping_for_agent-8761783213171', 'neutron.plugins.ml2.plugin.Ml2Plugin._retry_binding_revived_agents--9223372036821451632'] for agent (6183b993-bf2a-47ce-ac73-3e6367815ab3), after_update _notify_loop /var/lib/kolla/venv/lib/python3.6/site-packages/neutron_lib/callbacks/manager.py:177
2025-10-27 02:00:02.986 22 DEBUG neutron.wsgi [-] (22) accepted ('10.0.0.242', 55736) server /var/lib/kolla/venv/lib/python3.6/site-packages/eventlet/wsgi.py:1004
2025-10-27 02:00:02.990 22 INFO neutron.wsgi [-] 10.0.0.242 "GET / HTTP/1.1" status: 200 len: 228 time: 0.0030968
2025-10-27 02:00:04.240 29 DEBUG neutron.db.agents_db [req-f2cdd856-24a6-472c-8625-dddaf9bbd2ae - - - - -] Agent healthcheck: found 2 active agents agent_health_check /var/lib/kolla/venv/lib/python3.6/site-packages/neutron/db/agents_db.py:318
2025-10-27 02:00:05.655 26 DEBUG neutron_lib.callbacks.manager [req-670b0e53-95f6-455f-a4fd-b338a36b2497 - - - - -] Publish callbacks ['neutron.services.segments.db._update_segment_host_mapping_for_agent-8761783213171', 'neutron.plugins.ml2.plugin.Ml2Plugin._retry_binding_revived_agents--9223372036821451632'] for agent (50772e4c-b6cd-44ea-a4ed-2503e21bcf98), after_update _notify_loop /var/lib/kolla/venv/lib/python3.6/site-packages/neutron_lib/callbacks/manager.py:177
2025-10-27 02:00:24.285 28 DEBUG neutron_lib.callbacks.manager [req-ff4defb5-e838-4d3d-b7a1-e491736b58c5 - - - - -] Publish callbacks ['neutron.services.segments.db._update_segment_host_mapping_for_agent-8761783213171', 'neutron.plugins.ml2.plugin.Ml2Plugin._retry_binding_revived_agents--9223372036821451632'] for agent (6183b993-bf2a-47ce-ac73-3e6367815ab3), after_update _notify_loop /var/lib/kolla/venv/lib/python3.6/site-packages/neutron_lib/callbacks/manager.py:177
2025-10-27 02:00:33.040 22 DEBUG neutron.wsgi [-] (22) accepted ('10.0.0.242', 34694) server /var/lib/kolla/venv/lib/python3.6/site-packages/eventlet/wsgi.py:1004
2025-10-27 02:00:33.044 22 INFO neutron.wsgi [-] 10.0.0.242 "GET / HTTP/1.1" status: 200 len: 228 time: 0.0036378
2025-10-27 02:00:35.651 25 DEBUG neutron_lib.callbacks.manager [req-f5bc07c0-f4bb-4cba-8b07-03cf6d10c764 - - - - -] Publish callbacks ['neutron.services.segments.db._update_segment_host_mapping_for_agent-8761783213171', 'neutron.plugins.ml2.plugin.Ml2Plugin._retry_binding_revived_agents--9223372036821451632'] for agent (50772e4c-b6cd-44ea-a4ed-2503e21bcf98), after_update _notify_loop /var/lib/kolla/venv/lib/python3.6/site-packages/neutron_lib/callbacks/manager.py:177
2025-10-27 02:00:41.239 29 DEBUG neutron.db.agents_db [req-f2cdd856-24a6-472c-8625-dddaf9bbd2ae - - - - -] Agent healthcheck: found 2 active agents agent_health_check /var/lib/kolla/venv/lib/python3.6/site-packages/neutron/db/agents_db.py:318
2025-10-27 02:00:54.285 27 DEBUG neutron_lib.callbacks.manager [req-ff4defb5-e838-4d3d-b7a1-e491736b58c5 - - - - -] Publish callbacks ['neutron.services.segments.db._update_segment_host_mapping_for_agent-8761783213171', 'neutron.plugins.ml2.plugin.Ml2Plugin._retry_binding_revived_agents--9223372036821451632'] for agent (6183b993-bf2a-47ce-ac73-3e6367815ab3), after_update _notify_loop /var/lib/kolla/venv/lib/python3.6/site-packages/neutron_lib/callbacks/manager.py:177
2025-10-27 02:01:03.095 22 DEBUG neutron.wsgi [-] (22) accepted ('10.0.0.242', 45412) server /var/lib/kolla/venv/lib/python3.6/site-packages/eventlet/wsgi.py:1004
2025-10-27 02:01:03.100 22 INFO neutron.wsgi [-] 10.0.0.242 "GET / HTTP/1.1" status: 200 len: 228 time: 0.0038962
2025-10-27 02:01:05.653 24 DEBUG neutron_lib.callbacks.manager [req-a3a77ce6-3f77-498d-81f5-dbb0d5084075 - - - - -] Publish callbacks ['neutron.services.segments.db._update_segment_host_mapping_for_agent-8761783213171', 'neutron.plugins.ml2.plugin.Ml2Plugin._retry_binding_revived_agents--9223372036821451632'] for agent (50772e4c-b6cd-44ea-a4ed-2503e21bcf98), after_update _notify_loop /var/lib/kolla/venv/lib/python3.6/site-packages/neutron_lib/callbacks/manager.py:177
2025-10-27 02:01:18.238 29 DEBUG neutron.db.agents_db [req-f2cdd856-24a6-472c-8625-dddaf9bbd2ae - - - - -] Agent healthcheck: found 2 active agents agent_health_check /var/lib/kolla/venv/lib/python3.6/site-packages/neutron/db/agents_db.py:318
2025-10-27 02:01:24.291 23 DEBUG neutron_lib.callbacks.manager [req-ff4defb5-e838-4d3d-b7a1-e491736b58c5 - - - - -] Publish callbacks ['neutron.services.segments.db._update_segment_host_mapping_for_agent-8761783213171', 'neutron.plugins.ml2.plugin.Ml2Plugin._retry_binding_revived_agents--9223372036821451632'] for agent (6183b993-bf2a-47ce-ac73-3e6367815ab3), after_update _notify_loop /var/lib/kolla/venv/lib/python3.6/site-packages/neutron_lib/callbacks/manager.py:177
2025-10-27 02:01:33.146 22 DEBUG neutron.wsgi [-] (22) accepted ('10.0.0.242', 40846) server /var/lib/kolla/venv/lib/python3.6/site-packages/eventlet/wsgi.py:1004
2025-10-27 02:01:33.150 22 INFO neutron.wsgi [-] 10.0.0.242 "GET / HTTP/1.1" status: 200 len: 228 time: 0.0032377
2025-10-27 02:01:35.651 26 DEBUG neutron_lib.callbacks.manager [req-a539d0c7-749a-4368-9782-32f880602ac7 - - - - -] Publish callbacks ['neutron.services.segments.db._update_segment_host_mapping_for_agent-8761783213171', 'neutron.plugins.ml2.plugin.Ml2Plugin._retry_binding_revived_agents--9223372036821451632'] for agent (50772e4c-b6cd-44ea-a4ed-2503e21bcf98), after_update _notify_loop /var/lib/kolla/venv/lib/python3.6/site-packages/neutron_lib/callbacks/manager.py:177
2025-10-27 02:01:54.293 28 DEBUG neutron_lib.callbacks.manager [req-ff4defb5-e838-4d3d-b7a1-e491736b58c5 - - - - -] Publish callbacks ['neutron.services.segments.db._update_segment_host_mapping_for_agent-8761783213171', 'neutron.plugins.ml2.plugin.Ml2Plugin._retry_binding_revived_agents--9223372036821451632'] for agent (6183b993-bf2a-47ce-ac73-3e6367815ab3), after_update _notify_loop /var/lib/kolla/venv/lib/python3.6/site-packages/neutron_lib/callbacks/manager.py:177
2025-10-27 02:01:55.238 29 DEBUG neutron.db.agents_db [req-f2cdd856-24a6-472c-8625-dddaf9bbd2ae - - - - -] Agent healthcheck: found 2 active agents agent_health_check /var/lib/kolla/venv/lib/python3.6/site-packages/neutron/db/agents_db.py:318
2025-10-27 02:02:03.198 22 DEBUG neutron.wsgi [-] (22) accepted ('10.0.0.242', 33550) server /var/lib/kolla/venv/lib/python3.6/site-packages/eventlet/wsgi.py:1004
2025-10-27 02:02:03.202 22 INFO neutron.wsgi [-] 10.0.0.242 "GET / HTTP/1.1" status: 200 len: 228 time: 0.0029488
2025-10-27 02:02:05.649 25 DEBUG neutron_lib.callbacks.manager [req-26191774-428c-4ef0-8bac-67b33a6e68cb - - - - -] Publish callbacks ['neutron.services.segments.db._update_segment_host_mapping_for_agent-8761783213171', 'neutron.plugins.ml2.plugin.Ml2Plugin._retry_binding_revived_agents--9223372036821451632'] for agent (50772e4c-b6cd-44ea-a4ed-2503e21bcf98), after_update _notify_loop /var/lib/kolla/venv/lib/python3.6/site-packages/neutron_lib/callbacks/manager.py:177
2025-10-27 02:02:24.301 27 DEBUG neutron_lib.callbacks.manager [req-ff4defb5-e838-4d3d-b7a1-e491736b58c5 - - - - -] Publish callbacks ['neutron.services.segments.db._update_segment_host_mapping_for_agent-8761783213171', 'neutron.plugins.ml2.plugin.Ml2Plugin._retry_binding_revived_agents--9223372036821451632'] for agent (6183b993-bf2a-47ce-ac73-3e6367815ab3), after_update _notify_loop /var/lib/kolla/venv/lib/python3.6/site-packages/neutron_lib/callbacks/manager.py:177
2025-10-27 02:02:32.236 29 DEBUG neutron.db.agents_db [req-f2cdd856-24a6-472c-8625-dddaf9bbd2ae - - - - -] Agent healthcheck: found 2 active agents agent_health_check /var/lib/kolla/venv/lib/python3.6/site-packages/neutron/db/agents_db.py:318
2025-10-27 02:02:33.252 22 DEBUG neutron.wsgi [-] (22) accepted ('10.0.0.242', 50094) server /var/lib/kolla/venv/lib/python3.6/site-packages/eventlet/wsgi.py:1004
2025-10-27 02:02:33.256 22 INFO neutron.wsgi [-] 10.0.0.242 "GET / HTTP/1.1" status: 200 len: 228 time: 0.0032115
2025-10-27 02:02:35.648 24 DEBUG neutron_lib.callbacks.manager [req-b0ce3e6f-c247-47fd-83a1-3abf05b86261 - - - - -] Publish callbacks ['neutron.services.segments.db._update_segment_host_mapping_for_agent-8761783213171', 'neutron.plugins.ml2.plugin.Ml2Plugin._retry_binding_revived_agents--9223372036821451632'] for agent (50772e4c-b6cd-44ea-a4ed-2503e21bcf98), after_update _notify_loop /var/lib/kolla/venv/lib/python3.6/site-packages/neutron_lib/callbacks/manager.py:177
2025-10-27 02:02:54.297 23 DEBUG neutron_lib.callbacks.manager [req-ff4defb5-e838-4d3d-b7a1-e491736b58c5 - - - - -] Publish callbacks ['neutron.services.segments.db._update_segment_host_mapping_for_agent-8761783213171', 'neutron.plugins.ml2.plugin.Ml2Plugin._retry_binding_revived_agents--9223372036821451632'] for agent (6183b993-bf2a-47ce-ac73-3e6367815ab3), after_update _notify_loop /var/lib/kolla/venv/lib/python3.6/site-packages/neutron_lib/callbacks/manager.py:177
2025-10-27 02:03:03.328 22 DEBUG neutron.wsgi [-] (22) accepted ('10.0.0.242', 58616) server /var/lib/kolla/venv/lib/python3.6/site-packages/eventlet/wsgi.py:1004
2025-10-27 02:03:03.332 22 INFO neutron.wsgi [-] 10.0.0.242 "GET / HTTP/1.1" status: 200 len: 228 time: 0.0038230
2025-10-27 02:03:05.654 26 DEBUG neutron_lib.callbacks.manager [req-45d6f258-9bfa-4f06-9867-ea2e86ca4402 - - - - -] Publish callbacks ['neutron.services.segments.db._update_segment_host_mapping_for_agent-8761783213171', 'neutron.plugins.ml2.plugin.Ml2Plugin._retry_binding_revived_agents--9223372036821451632'] for agent (50772e4c-b6cd-44ea-a4ed-2503e21bcf98), after_update _notify_loop /var/lib/kolla/venv/lib/python3.6/site-packages/neutron_lib/callbacks/manager.py:177
2025-10-27 02:03:09.237 29 DEBUG neutron.db.agents_db [req-f2cdd856-24a6-472c-8625-dddaf9bbd2ae - - - - -] Agent healthcheck: found 2 active agents agent_health_check /var/lib/kolla/venv/lib/python3.6/site-packages/neutron/db/agents_db.py:318
2025-10-27 02:03:16.581 7 INFO oslo_service.service [-] Caught SIGTERM, stopping children
2025-10-27 02:03:16.582 7 DEBUG oslo_concurrency.lockutils [-] Acquired lock "singleton_lock" lock /var/lib/kolla/venv/lib/python3.6/site-packages/oslo_concurrency/lockutils.py:294
2025-10-27 02:03:16.583 7 DEBUG oslo_concurrency.lockutils [-] Releasing lock "singleton_lock" lock /var/lib/kolla/venv/lib/python3.6/site-packages/oslo_concurrency/lockutils.py:312
2025-10-27 02:03:16.583 7 DEBUG oslo_service.service [-] Stop services. stop /var/lib/kolla/venv/lib/python3.6/site-packages/oslo_service/service.py:695
2025-10-27 02:03:16.583 7 DEBUG neutron.service [-] calling RpcWorker stop() stop /var/lib/kolla/venv/lib/python3.6/site-packages/neutron/service.py:138
2025-10-27 02:03:16.583 7 DEBUG neutron.service [-] calling RpcWorker stop() stop /var/lib/kolla/venv/lib/python3.6/site-packages/neutron/service.py:138
2025-10-27 02:03:16.583 7 DEBUG oslo_service.service [-] Killing children. stop /var/lib/kolla/venv/lib/python3.6/site-packages/oslo_service/service.py:700
2025-10-27 02:03:16.583 7 INFO oslo_service.service [-] Waiting on 8 children to exit
2025-10-27 02:03:16.584 29 DEBUG neutron.service [-] calling RpcWorker stop() stop /var/lib/kolla/venv/lib/python3.6/site-packages/neutron/service.py:138
2025-10-27 02:03:16.584 23 DEBUG neutron.service [-] calling RpcWorker stop() stop /var/lib/kolla/venv/lib/python3.6/site-packages/neutron/service.py:138
2025-10-27 02:03:16.584 26 DEBUG neutron.service [-] calling RpcWorker stop() stop /var/lib/kolla/venv/lib/python3.6/site-packages/neutron/service.py:138
2025-10-27 02:03:16.584 22 INFO neutron.wsgi [-] (22) wsgi exited, is_accepting=True
2025-10-27 02:03:16.585 28 DEBUG neutron.service [-] calling RpcWorker stop() stop /var/lib/kolla/venv/lib/python3.6/site-packages/neutron/service.py:138
2025-10-27 02:03:16.585 29 DEBUG neutron.service [-] calling stop on stop /var/lib/kolla/venv/lib/python3.6/site-packages/neutron/service.py:141
2025-10-27 02:03:16.586 22 DEBUG oslo_concurrency.lockutils [req-e5d3a871-253d-4b99-9dc5-93c04ce391b0 - - - - -] Acquired lock "singleton_lock" lock /var/lib/kolla/venv/lib/python3.6/site-packages/oslo_concurrency/lockutils.py:294
2025-10-27 02:03:16.586 22 DEBUG oslo_concurrency.lockutils [req-e5d3a871-253d-4b99-9dc5-93c04ce391b0 - - - - -] Releasing lock "singleton_lock" lock /var/lib/kolla/venv/lib/python3.6/site-packages/oslo_concurrency/lockutils.py:312
2025-10-27 02:03:16.587 27 DEBUG neutron.service [-] calling RpcWorker stop() stop /var/lib/kolla/venv/lib/python3.6/site-packages/neutron/service.py:138
2025-10-27 02:03:16.585 26 DEBUG neutron.service [-] calling stop on stop /var/lib/kolla/venv/lib/python3.6/site-packages/neutron/service.py:141
2025-10-27 02:03:16.585 23 DEBUG neutron.service [-] calling stop on stop /var/lib/kolla/venv/lib/python3.6/site-packages/neutron/service.py:141
2025-10-27 02:03:16.588 25 DEBUG neutron.service [-] calling RpcWorker stop() stop /var/lib/kolla/venv/lib/python3.6/site-packages/neutron/service.py:138
2025-10-27 02:03:16.586 28 DEBUG neutron.service [-] calling stop on stop /var/lib/kolla/venv/lib/python3.6/site-packages/neutron/service.py:141
2025-10-27 02:03:16.587 27 DEBUG neutron.service [-] calling stop on stop /var/lib/kolla/venv/lib/python3.6/site-packages/neutron/service.py:141
2025-10-27 02:03:16.589 25 DEBUG neutron.service [-] calling stop on stop /var/lib/kolla/venv/lib/python3.6/site-packages/neutron/service.py:141
2025-10-27 02:03:16.592 24 DEBUG neutron.service [-] calling RpcWorker stop() stop /var/lib/kolla/venv/lib/python3.6/site-packages/neutron/service.py:138
2025-10-27 02:03:16.593 7 INFO oslo_service.service [-] Child 22 exited with status 0
2025-10-27 02:03:16.593 24 DEBUG neutron.service [-] calling stop on stop /var/lib/kolla/venv/lib/python3.6/site-packages/neutron/service.py:141
2025-10-27 02:03:18.844 26 DEBUG oslo_concurrency.lockutils [req-e5d3a871-253d-4b99-9dc5-93c04ce391b0 - - - - -] Acquired lock "singleton_lock" lock /var/lib/kolla/venv/lib/python3.6/site-packages/oslo_concurrency/lockutils.py:294
2025-10-27 02:03:18.844 26 DEBUG oslo_concurrency.lockutils [req-e5d3a871-253d-4b99-9dc5-93c04ce391b0 - - - - -] Releasing lock "singleton_lock" lock /var/lib/kolla/venv/lib/python3.6/site-packages/oslo_concurrency/lockutils.py:312
2025-10-27 02:03:18.845 26 DEBUG neutron.service [req-e5d3a871-253d-4b99-9dc5-93c04ce391b0 - - - - -] calling RpcWorker wait() _wait /var/lib/kolla/venv/lib/python3.6/site-packages/neutron/service.py:128
2025-10-27 02:03:18.845 26 DEBUG neutron.service [req-e5d3a871-253d-4b99-9dc5-93c04ce391b0 - - - - -] calling wait on _wait /var/lib/kolla/venv/lib/python3.6/site-packages/neutron/service.py:131
2025-10-27 02:03:18.856 26 WARNING amqp [req-e5d3a871-253d-4b99-9dc5-93c04ce391b0 - - - - -] Received method (60, 30) during closing channel 1. This method will be ignored
2025-10-27 02:03:18.858 26 DEBUG neutron.service [req-e5d3a871-253d-4b99-9dc5-93c04ce391b0 - - - - -] returning from RpcWorker wait() _wait /var/lib/kolla/venv/lib/python3.6/site-packages/neutron/service.py:135
2025-10-27 02:03:18.864 7 INFO oslo_service.service [-] Child 26 exited with status 0
2025-10-27 02:03:21.235 24 DEBUG neutron.service [-] calling stop on stop /var/lib/kolla/venv/lib/python3.6/site-packages/neutron/service.py:141
2025-10-27 02:03:21.241 25 DEBUG neutron.service [-] calling stop on stop /var/lib/kolla/venv/lib/python3.6/site-packages/neutron/service.py:141
2025-10-27 02:03:21.247 23 DEBUG neutron.service [-] calling stop on stop /var/lib/kolla/venv/lib/python3.6/site-packages/neutron/service.py:141
2025-10-27 02:03:21.253 24 DEBUG neutron.service [-] calling stop on stop /var/lib/kolla/venv/lib/python3.6/site-packages/neutron/service.py:141
2025-10-27 02:03:21.256 25 DEBUG neutron.service [-] calling stop on stop /var/lib/kolla/venv/lib/python3.6/site-packages/neutron/service.py:141
2025-10-27 02:03:21.258 28 DEBUG oslo_concurrency.lockutils [req-e5d3a871-253d-4b99-9dc5-93c04ce391b0 - - - - -] Acquired lock "singleton_lock" lock /var/lib/kolla/venv/lib/python3.6/site-packages/oslo_concurrency/lockutils.py:294
2025-10-27 02:03:21.258 28 DEBUG oslo_concurrency.lockutils [req-e5d3a871-253d-4b99-9dc5-93c04ce391b0 - - - - -] Releasing lock "singleton_lock" lock /var/lib/kolla/venv/lib/python3.6/site-packages/oslo_concurrency/lockutils.py:312
2025-10-27 02:03:21.258 28 DEBUG neutron.service [req-e5d3a871-253d-4b99-9dc5-93c04ce391b0 - - - - -] calling RpcWorker wait() _wait /var/lib/kolla/venv/lib/python3.6/site-packages/neutron/service.py:128
2025-10-27 02:03:21.259 28 DEBUG neutron.service [req-e5d3a871-253d-4b99-9dc5-93c04ce391b0 - - - - -] calling wait on _wait /var/lib/kolla/venv/lib/python3.6/site-packages/neutron/service.py:131
2025-10-27 02:03:21.260 23 DEBUG neutron.service [-] calling stop on stop /var/lib/kolla/venv/lib/python3.6/site-packages/neutron/service.py:141
2025-10-27 02:03:21.268 28 WARNING amqp [req-e5d3a871-253d-4b99-9dc5-93c04ce391b0 - - - - -] Received method (60, 30) during closing channel 1. This method will be ignored
2025-10-27 02:03:21.270 28 DEBUG neutron.service [req-e5d3a871-253d-4b99-9dc5-93c04ce391b0 - - - - -] returning from RpcWorker wait() _wait /var/lib/kolla/venv/lib/python3.6/site-packages/neutron/service.py:135
2025-10-27 02:03:21.275 7 INFO oslo_service.service [-] Child 28 exited with status 0
2025-10-27 02:03:21.278 29 DEBUG oslo_concurrency.lockutils [req-e5d3a871-253d-4b99-9dc5-93c04ce391b0 - - - - -] Acquired lock "singleton_lock" lock /var/lib/kolla/venv/lib/python3.6/site-packages/oslo_concurrency/lockutils.py:294
2025-10-27 02:03:21.278 29 DEBUG oslo_concurrency.lockutils [req-e5d3a871-253d-4b99-9dc5-93c04ce391b0 - - - - -] Releasing lock "singleton_lock" lock /var/lib/kolla/venv/lib/python3.6/site-packages/oslo_concurrency/lockutils.py:312
2025-10-27 02:03:21.279 29 DEBUG neutron.service [req-e5d3a871-253d-4b99-9dc5-93c04ce391b0 - - - - -] calling RpcWorker wait() _wait /var/lib/kolla/venv/lib/python3.6/site-packages/neutron/service.py:128
2025-10-27 02:03:21.279 29 DEBUG neutron.service [req-e5d3a871-253d-4b99-9dc5-93c04ce391b0 - - - - -] calling wait on _wait /var/lib/kolla/venv/lib/python3.6/site-packages/neutron/service.py:131
2025-10-27 02:03:21.281 25 DEBUG neutron.service [-] calling stop on stop /var/lib/kolla/venv/lib/python3.6/site-packages/neutron/service.py:141
2025-10-27 02:03:21.285 29 WARNING amqp [req-e5d3a871-253d-4b99-9dc5-93c04ce391b0 - - - - -] Received method (60, 30) during closing channel 1. This method will be ignored
2025-10-27 02:03:21.285 27 DEBUG oslo_concurrency.lockutils [req-e5d3a871-253d-4b99-9dc5-93c04ce391b0 - - - - -] Acquired lock "singleton_lock" lock /var/lib/kolla/venv/lib/python3.6/site-packages/oslo_concurrency/lockutils.py:294
2025-10-27 02:03:21.286 27 DEBUG oslo_concurrency.lockutils [req-e5d3a871-253d-4b99-9dc5-93c04ce391b0 - - - - -] Releasing lock "singleton_lock" lock /var/lib/kolla/venv/lib/python3.6/site-packages/oslo_concurrency/lockutils.py:312
2025-10-27 02:03:21.286 27 DEBUG neutron.service [req-e5d3a871-253d-4b99-9dc5-93c04ce391b0 - - - - -] calling RpcWorker wait() _wait /var/lib/kolla/venv/lib/python3.6/site-packages/neutron/service.py:128
2025-10-27 02:03:21.286 27 DEBUG neutron.service [req-e5d3a871-253d-4b99-9dc5-93c04ce391b0 - - - - -] calling wait on _wait /var/lib/kolla/venv/lib/python3.6/site-packages/neutron/service.py:131
2025-10-27 02:03:21.287 29 DEBUG neutron.service [req-e5d3a871-253d-4b99-9dc5-93c04ce391b0 - - - - -] returning from RpcWorker wait() _wait /var/lib/kolla/venv/lib/python3.6/site-packages/neutron/service.py:135
2025-10-27 02:03:21.292 27 WARNING amqp [req-e5d3a871-253d-4b99-9dc5-93c04ce391b0 - - - - -] Received method (60, 30) during closing channel 1. This method will be ignored
2025-10-27 02:03:21.293 7 INFO oslo_service.service [-] Child 29 exited with status 0
2025-10-27 02:03:21.299 25 DEBUG oslo_concurrency.lockutils [req-e5d3a871-253d-4b99-9dc5-93c04ce391b0 - - - - -] Acquired lock "singleton_lock" lock /var/lib/kolla/venv/lib/python3.6/site-packages/oslo_concurrency/lockutils.py:294
2025-10-27 02:03:21.299 25 DEBUG oslo_concurrency.lockutils [req-e5d3a871-253d-4b99-9dc5-93c04ce391b0 - - - - -] Releasing lock "singleton_lock" lock /var/lib/kolla/venv/lib/python3.6/site-packages/oslo_concurrency/lockutils.py:312
2025-10-27 02:03:21.300 25 DEBUG neutron.service [req-e5d3a871-253d-4b99-9dc5-93c04ce391b0 - - - - -] calling RpcWorker wait() _wait /var/lib/kolla/venv/lib/python3.6/site-packages/neutron/service.py:128
2025-10-27 02:03:21.300 25 DEBUG neutron.service [req-e5d3a871-253d-4b99-9dc5-93c04ce391b0 - - - - -] calling wait on _wait /var/lib/kolla/venv/lib/python3.6/site-packages/neutron/service.py:131
2025-10-27 02:03:21.301 27 DEBUG neutron.service [req-e5d3a871-253d-4b99-9dc5-93c04ce391b0 - - - - -] returning from RpcWorker wait() _wait /var/lib/kolla/venv/lib/python3.6/site-packages/neutron/service.py:135
2025-10-27 02:03:21.306 25 WARNING amqp [req-e5d3a871-253d-4b99-9dc5-93c04ce391b0 - - - - -] Received method (60, 30) during closing channel 1. This method will be ignored
2025-10-27 02:03:21.306 7 INFO oslo_service.service [-] Child 27 exited with status 0
2025-10-27 02:03:21.306 25 DEBUG neutron.service [req-e5d3a871-253d-4b99-9dc5-93c04ce391b0 - - - - -] calling wait on _wait /var/lib/kolla/venv/lib/python3.6/site-packages/neutron/service.py:131
2025-10-27 02:03:21.312 25 WARNING amqp [req-e5d3a871-253d-4b99-9dc5-93c04ce391b0 - - - - -] Received method (60, 30) during closing channel 1. This method will be ignored
2025-10-27 02:03:21.313 25 DEBUG neutron.service [req-e5d3a871-253d-4b99-9dc5-93c04ce391b0 - - - - -] calling wait on _wait /var/lib/kolla/venv/lib/python3.6/site-packages/neutron/service.py:131
2025-10-27 02:03:21.318 25 WARNING amqp [req-e5d3a871-253d-4b99-9dc5-93c04ce391b0 - - - - -] Received method (60, 30) during closing channel 1. This method will be ignored
2025-10-27 02:03:21.319 25 DEBUG neutron.service [req-e5d3a871-253d-4b99-9dc5-93c04ce391b0 - - - - -] calling wait on _wait /var/lib/kolla/venv/lib/python3.6/site-packages/neutron/service.py:131
2025-10-27 02:03:21.334 25 WARNING amqp [req-e5d3a871-253d-4b99-9dc5-93c04ce391b0 - - - - -] Received method (60, 30) during closing channel 1. This method will be ignored
2025-10-27 02:03:21.335 25 DEBUG neutron.service [req-e5d3a871-253d-4b99-9dc5-93c04ce391b0 - - - - -] returning from RpcWorker wait() _wait /var/lib/kolla/venv/lib/python3.6/site-packages/neutron/service.py:135
2025-10-27 02:03:21.341 7 INFO oslo_service.service [-] Child 25 exited with status 0
2025-10-27 02:03:22.500 23 DEBUG neutron.service [-] calling stop on stop /var/lib/kolla/venv/lib/python3.6/site-packages/neutron/service.py:141
2025-10-27 02:03:23.849 24 DEBUG neutron.service [-] calling stop on stop /var/lib/kolla/venv/lib/python3.6/site-packages/neutron/service.py:141
2025-10-27 02:03:30.131 8 INFO neutron.common.config [-] Logging enabled!
2025-10-27 02:03:30.132 8 INFO neutron.common.config [-] /var/lib/kolla/venv/bin/neutron-server version 20.5.1.dev23
2025-10-27 02:03:30.132 8 DEBUG neutron.common.config [-] command line: /var/lib/kolla/venv/bin/neutron-server --config-file /etc/neutron/neutron.conf --config-file /etc/neutron/ContrailPlugin.ini --config-file /etc/neutron/api-paste.ini setup_logging /var/lib/kolla/venv/lib/python3.6/site-packages/neutron/common/config.py:115
2025-10-27 02:03:30.136 8 INFO neutron.common.config [-] Logging enabled!
2025-10-27 02:03:30.136 8 INFO neutron.common.config [-] /var/lib/kolla/venv/bin/neutron-server version 20.5.1.dev23
2025-10-27 02:03:30.136 8 DEBUG neutron.common.config [-] command line: /var/lib/kolla/venv/bin/neutron-server --config-file /etc/neutron/neutron.conf --config-file /etc/neutron/ContrailPlugin.ini --config-file /etc/neutron/api-paste.ini setup_logging /var/lib/kolla/venv/lib/python3.6/site-packages/neutron/common/config.py:115
2025-10-27 02:03:30.137 8 DEBUG neutron.common.config [-] ******************************************************************************** log_opt_values /var/lib/kolla/venv/lib/python3.6/site-packages/oslo_config/cfg.py:2589
2025-10-27 02:03:30.138 8 DEBUG neutron.common.config [-] Configuration options gathered from: log_opt_values /var/lib/kolla/venv/lib/python3.6/site-packages/oslo_config/cfg.py:2590
2025-10-27 02:03:30.138 8 DEBUG neutron.common.config [-] command line args: ['--config-file', '/etc/neutron/neutron.conf', '--config-file', '/etc/neutron/ContrailPlugin.ini', '--config-file', '/etc/neutron/api-paste.ini'] log_opt_values /var/lib/kolla/venv/lib/python3.6/site-packages/oslo_config/cfg.py:2591
2025-10-27 02:03:30.139 8 DEBUG neutron.common.config [-] config files: ['/etc/neutron/neutron.conf', '/etc/neutron/ContrailPlugin.ini', '/etc/neutron/api-paste.ini'] log_opt_values /var/lib/kolla/venv/lib/python3.6/site-packages/oslo_config/cfg.py:2593
2025-10-27 02:03:30.139 8 DEBUG neutron.common.config [-] ================================================================================ log_opt_values /var/lib/kolla/venv/lib/python3.6/site-packages/oslo_config/cfg.py:2594
2025-10-27 02:03:30.139 8 DEBUG neutron.common.config [-] allow_bulk = True log_opt_values /var/lib/kolla/venv/lib/python3.6/site-packages/oslo_config/cfg.py:2603
2025-10-27 02:03:30.140 8 WARNING oslo_config.cfg [-] Deprecated: Option "allow_overlapping_ips" from group "DEFAULT" is deprecated for removal. Its value may be silently ignored in the future.
2025-10-27 02:03:30.140 8 DEBUG neutron.common.config [-] allow_overlapping_ips = True log_opt_values /var/lib/kolla/venv/lib/python3.6/site-packages/oslo_config/cfg.py:2603
2025-10-27 02:03:30.140 8 DEBUG neutron.common.config [-] api_extensions_path = /opt/plugin/site-packages/neutron_plugin_contrail/extensions:/opt/plugin/site-packages/neutron_lbaas/extensions log_opt_values /var/lib/kolla/venv/lib/python3.6/site-packages/oslo_config/cfg.py:2603
2025-10-27 02:03:30.141 8 DEBUG neutron.common.config [-] api_paste_config = /etc/neutron/api-paste.ini log_opt_values /var/lib/kolla/venv/lib/python3.6/site-packages/oslo_config/cfg.py:2603
2025-10-27 02:03:30.141 8 DEBUG neutron.common.config [-] api_workers = 1 log_opt_values /var/lib/kolla/venv/lib/python3.6/site-packages/oslo_config/cfg.py:2603
2025-10-27 02:03:30.142 8 DEBUG neutron.common.config [-] auth_strategy = keystone log_opt_values /var/lib/kolla/venv/lib/python3.6/site-packages/oslo_config/cfg.py:2603
2025-10-27 02:03:30.142 8 DEBUG neutron.common.config [-] backlog = 4096 log_opt_values /var/lib/kolla/venv/lib/python3.6/site-packages/oslo_config/cfg.py:2603
2025-10-27 02:03:30.142 8 DEBUG neutron.common.config [-] base_mac = fa:16:3e:00:00:00 log_opt_values /var/lib/kolla/venv/lib/python3.6/site-packages/oslo_config/cfg.py:2603
2025-10-27 02:03:30.142 8 DEBUG neutron.common.config [-] bind_host = 10.0.0.242 log_opt_values /var/lib/kolla/venv/lib/python3.6/site-packages/oslo_config/cfg.py:2603
2025-10-27 02:03:30.142 8 DEBUG neutron.common.config [-] bind_port = 9696 log_opt_values /var/lib/kolla/venv/lib/python3.6/site-packages/oslo_config/cfg.py:2603
2025-10-27 02:03:30.142 8 DEBUG neutron.common.config [-] client_socket_timeout = 900 log_opt_values /var/lib/kolla/venv/lib/python3.6/site-packages/oslo_config/cfg.py:2603
2025-10-27 02:03:30.142 8 DEBUG neutron.common.config [-] config_dir = [] log_opt_values /var/lib/kolla/venv/lib/python3.6/site-packages/oslo_config/cfg.py:2603
2025-10-27 02:03:30.143 8 DEBUG neutron.common.config [-] config_file = ['/etc/neutron/neutron.conf', '/etc/neutron/ContrailPlugin.ini', '/etc/neutron/api-paste.ini'] log_opt_values /var/lib/kolla/venv/lib/python3.6/site-packages/oslo_config/cfg.py:2603
2025-10-27 02:03:30.143 8 DEBUG neutron.common.config [-] config_source = [] log_opt_values /var/lib/kolla/venv/lib/python3.6/site-packages/oslo_config/cfg.py:2603
2025-10-27 02:03:30.143 8 DEBUG neutron.common.config [-] control_exchange = neutron log_opt_values /var/lib/kolla/venv/lib/python3.6/site-packages/oslo_config/cfg.py:2603
2025-10-27 02:03:30.143 8 DEBUG neutron.common.config [-] core_plugin = neutron_plugin_contrail.plugins.opencontrail.contrail_plugin.NeutronPluginContrailCoreV2 log_opt_values /var/lib/kolla/venv/lib/python3.6/site-packages/oslo_config/cfg.py:2603
2025-10-27 02:03:30.143 8 DEBUG neutron.common.config [-] debug = True log_opt_values /var/lib/kolla/venv/lib/python3.6/site-packages/oslo_config/cfg.py:2603
2025-10-27 02:03:30.143 8 DEBUG neutron.common.config [-] default_availability_zones = [] log_opt_values /var/lib/kolla/venv/lib/python3.6/site-packages/oslo_config/cfg.py:2603
