2025-10-23 00:43:44.453 145232 DEBUG oslo_service.service [req-f3af3939-3d2d-4ba7-b023-92adf961b42e - - - - -] force_raw_images = True log_opt_values /usr/lib/python3/dist-packages/oslo_config/cfg.py:2602
2025-10-23 00:43:44.453 145232 DEBUG oslo_service.service [req-f3af3939-3d2d-4ba7-b023-92adf961b42e - - - - -] graceful_shutdown_timeout = 60 log_opt_values /usr/lib/python3/dist-packages/oslo_config/cfg.py:2602
2025-10-23 00:43:44.453 145232 DEBUG oslo_service.service [req-f3af3939-3d2d-4ba7-b023-92adf961b42e - - - - -] heal_instance_info_cache_interval = 60 log_opt_values /usr/lib/python3/dist-packages/oslo_config/cfg.py:2602
2025-10-23 00:43:44.454 145232 DEBUG oslo_service.service [req-f3af3939-3d2d-4ba7-b023-92adf961b42e - - - - -] host = juju-c7d1b9-0-lxd-7 log_opt_values /usr/lib/python3/dist-packages/oslo_config/cfg.py:2602
2025-10-23 00:43:44.454 145232 DEBUG oslo_service.service [req-f3af3939-3d2d-4ba7-b023-92adf961b42e - - - - -] initial_cpu_allocation_ratio = 16.0 log_opt_values /usr/lib/python3/dist-packages/oslo_config/cfg.py:2602
2025-10-23 00:43:44.454 145232 DEBUG oslo_service.service [req-f3af3939-3d2d-4ba7-b023-92adf961b42e - - - - -] initial_disk_allocation_ratio = 1.0 log_opt_values /usr/lib/python3/dist-packages/oslo_config/cfg.py:2602
2025-10-23 00:43:44.454 145232 DEBUG oslo_service.service [req-f3af3939-3d2d-4ba7-b023-92adf961b42e - - - - -] initial_ram_allocation_ratio = 1.5 log_opt_values /usr/lib/python3/dist-packages/oslo_config/cfg.py:2602
2025-10-23 00:43:44.455 145232 DEBUG oslo_service.service [req-f3af3939-3d2d-4ba7-b023-92adf961b42e - - - - -] injected_network_template = /usr/lib/python3/dist-packages/nova/virt/interfaces.template log_opt_values /usr/lib/python3/dist-packages/oslo_config/cfg.py:2602
2025-10-23 00:43:44.455 145232 DEBUG oslo_service.service [req-f3af3939-3d2d-4ba7-b023-92adf961b42e - - - - -] instance_build_timeout = 0 log_opt_values /usr/lib/python3/dist-packages/oslo_config/cfg.py:2602
2025-10-23 00:43:44.455 145232 DEBUG oslo_service.service [req-f3af3939-3d2d-4ba7-b023-92adf961b42e - - - - -] instance_delete_interval = 300 log_opt_values /usr/lib/python3/dist-packages/oslo_config/cfg.py:2602
2025-10-23 00:43:44.455 145232 DEBUG oslo_service.service [req-f3af3939-3d2d-4ba7-b023-92adf961b42e - - - - -] instance_format = [instance: %(uuid)s] log_opt_values /usr/lib/python3/dist-packages/oslo_config/cfg.py:2602
2025-10-23 00:43:44.455 145232 DEBUG oslo_service.service [req-f3af3939-3d2d-4ba7-b023-92adf961b42e - - - - -] instance_name_template = instance-%08x log_opt_values /usr/lib/python3/dist-packages/oslo_config/cfg.py:2602
2025-10-23 00:43:44.455 145232 DEBUG oslo_service.service [req-f3af3939-3d2d-4ba7-b023-92adf961b42e - - - - -] instance_usage_audit = False log_opt_values /usr/lib/python3/dist-packages/oslo_config/cfg.py:2602
2025-10-23 00:43:44.456 145232 DEBUG oslo_service.service [req-f3af3939-3d2d-4ba7-b023-92adf961b42e - - - - -] instance_usage_audit_period = month log_opt_values /usr/lib/python3/dist-packages/oslo_config/cfg.py:2602
2025-10-23 00:43:44.456 145232 DEBUG oslo_service.service [req-f3af3939-3d2d-4ba7-b023-92adf961b42e - - - - -] instance_uuid_format = [instance: %(uuid)s] log_opt_values /usr/lib/python3/dist-packages/oslo_config/cfg.py:2602
2025-10-23 00:43:44.456 145232 DEBUG oslo_service.service [req-f3af3939-3d2d-4ba7-b023-92adf961b42e - - - - -] instances_path = /var/lib/nova/instances log_opt_values /usr/lib/python3/dist-packages/oslo_config/cfg.py:2602
2025-10-23 00:43:44.456 145232 DEBUG oslo_service.service [req-f3af3939-3d2d-4ba7-b023-92adf961b42e - - - - -] internal_service_availability_zone = internal log_opt_values /usr/lib/python3/dist-packages/oslo_config/cfg.py:2602
2025-10-23 00:43:44.456 145232 DEBUG oslo_service.service [req-f3af3939-3d2d-4ba7-b023-92adf961b42e - - - - -] key = None log_opt_values /usr/lib/python3/dist-packages/oslo_config/cfg.py:2602
2025-10-23 00:43:44.456 145232 DEBUG oslo_service.service [req-f3af3939-3d2d-4ba7-b023-92adf961b42e - - - - -] live_migration_retry_count = 30 log_opt_values /usr/lib/python3/dist-packages/oslo_config/cfg.py:2602
2025-10-23 00:43:44.457 145232 DEBUG oslo_service.service [req-f3af3939-3d2d-4ba7-b023-92adf961b42e - - - - -] log_config_append = None log_opt_values /usr/lib/python3/dist-packages/oslo_config/cfg.py:2602
2025-10-23 00:43:44.457 145232 DEBUG oslo_service.service [req-f3af3939-3d2d-4ba7-b023-92adf961b42e - - - - -] log_date_format = %Y-%m-%d %H:%M:%S log_opt_values /usr/lib/python3/dist-packages/oslo_config/cfg.py:2602
2025-10-23 00:43:44.457 145232 DEBUG oslo_service.service [req-f3af3939-3d2d-4ba7-b023-92adf961b42e - - - - -] log_dir = /var/log/nova log_opt_values /usr/lib/python3/dist-packages/oslo_config/cfg.py:2602
2025-10-23 00:43:44.457 145232 DEBUG oslo_service.service [req-f3af3939-3d2d-4ba7-b023-92adf961b42e - - - - -] log_file = /var/log/nova/nova-scheduler.log log_opt_values /usr/lib/python3/dist-packages/oslo_config/cfg.py:2602
2025-10-23 00:43:44.457 145232 DEBUG oslo_service.service [req-f3af3939-3d2d-4ba7-b023-92adf961b42e - - - - -] log_options = True log_opt_values /usr/lib/python3/dist-packages/oslo_config/cfg.py:2602
2025-10-23 00:43:44.457 145232 DEBUG oslo_service.service [req-f3af3939-3d2d-4ba7-b023-92adf961b42e - - - - -] log_rotate_interval = 1 log_opt_values /usr/lib/python3/dist-packages/oslo_config/cfg.py:2602
2025-10-23 00:43:44.458 145232 DEBUG oslo_service.service [req-f3af3939-3d2d-4ba7-b023-92adf961b42e - - - - -] log_rotate_interval_type = days log_opt_values /usr/lib/python3/dist-packages/oslo_config/cfg.py:2602
2025-10-23 00:43:44.458 145232 DEBUG oslo_service.service [req-f3af3939-3d2d-4ba7-b023-92adf961b42e - - - - -] log_rotation_type = none log_opt_values /usr/lib/python3/dist-packages/oslo_config/cfg.py:2602
2025-10-23 00:43:44.458 145232 DEBUG oslo_service.service [req-f3af3939-3d2d-4ba7-b023-92adf961b42e - - - - -] logging_context_format_string = %(asctime)s.%(msecs)03d %(process)d %(levelname)s %(name)s [%(request_id)s %(user_identity)s] %(instance)s%(message)s log_opt_values /usr/lib/python3/dist-packages/oslo_config/cfg.py:2602
2025-10-23 00:43:44.458 145232 DEBUG oslo_service.service [req-f3af3939-3d2d-4ba7-b023-92adf961b42e - - - - -] logging_debug_format_suffix = %(funcName)s %(pathname)s:%(lineno)d log_opt_values /usr/lib/python3/dist-packages/oslo_config/cfg.py:2602
2025-10-23 00:43:44.458 145232 DEBUG oslo_service.service [req-f3af3939-3d2d-4ba7-b023-92adf961b42e - - - - -] logging_default_format_string = %(asctime)s.%(msecs)03d %(process)d %(levelname)s %(name)s [-] %(instance)s%(message)s log_opt_values /usr/lib/python3/dist-packages/oslo_config/cfg.py:2602
2025-10-23 00:43:44.458 145232 DEBUG oslo_service.service [req-f3af3939-3d2d-4ba7-b023-92adf961b42e - - - - -] logging_exception_prefix = %(asctime)s.%(msecs)03d %(process)d ERROR %(name)s %(instance)s log_opt_values /usr/lib/python3/dist-packages/oslo_config/cfg.py:2602
2025-10-23 00:43:44.459 145232 DEBUG oslo_service.service [req-f3af3939-3d2d-4ba7-b023-92adf961b42e - - - - -] logging_user_identity_format = %(user)s %(project)s %(domain)s %(user_domain)s %(project_domain)s log_opt_values /usr/lib/python3/dist-packages/oslo_config/cfg.py:2602
2025-10-23 00:43:44.459 145232 DEBUG oslo_service.service [req-f3af3939-3d2d-4ba7-b023-92adf961b42e - - - - -] long_rpc_timeout = 1800 log_opt_values /usr/lib/python3/dist-packages/oslo_config/cfg.py:2602
2025-10-23 00:43:44.459 145232 DEBUG oslo_service.service [req-f3af3939-3d2d-4ba7-b023-92adf961b42e - - - - -] max_concurrent_builds = 10 log_opt_values /usr/lib/python3/dist-packages/oslo_config/cfg.py:2602
2025-10-23 00:43:44.459 145232 DEBUG oslo_service.service [req-f3af3939-3d2d-4ba7-b023-92adf961b42e - - - - -] max_concurrent_live_migrations = 1 log_opt_values /usr/lib/python3/dist-packages/oslo_config/cfg.py:2602
2025-10-23 00:43:44.460 145232 DEBUG oslo_service.service [req-f3af3939-3d2d-4ba7-b023-92adf961b42e - - - - -] max_concurrent_snapshots = 5 log_opt_values /usr/lib/python3/dist-packages/oslo_config/cfg.py:2602
2025-10-23 00:43:44.460 145232 DEBUG oslo_service.service [req-f3af3939-3d2d-4ba7-b023-92adf961b42e - - - - -] max_local_block_devices = 3 log_opt_values /usr/lib/python3/dist-packages/oslo_config/cfg.py:2602
2025-10-23 00:43:44.461 145232 DEBUG oslo_service.service [req-f3af3939-3d2d-4ba7-b023-92adf961b42e - - - - -] max_logfile_count = 30 log_opt_values /usr/lib/python3/dist-packages/oslo_config/cfg.py:2602
2025-10-23 00:43:44.461 145232 DEBUG oslo_service.service [req-f3af3939-3d2d-4ba7-b023-92adf961b42e - - - - -] max_logfile_size_mb = 200 log_opt_values /usr/lib/python3/dist-packages/oslo_config/cfg.py:2602
2025-10-23 00:43:44.461 145232 DEBUG oslo_service.service [req-f3af3939-3d2d-4ba7-b023-92adf961b42e - - - - -] maximum_instance_delete_attempts = 5 log_opt_values /usr/lib/python3/dist-packages/oslo_config/cfg.py:2602
2025-10-23 00:43:44.461 145232 DEBUG oslo_service.service [req-f3af3939-3d2d-4ba7-b023-92adf961b42e - - - - -] metadata_listen = 0.0.0.0 log_opt_values /usr/lib/python3/dist-packages/oslo_config/cfg.py:2602
2025-10-23 00:43:44.461 145232 DEBUG oslo_service.service [req-f3af3939-3d2d-4ba7-b023-92adf961b42e - - - - -] metadata_listen_port = 8765 log_opt_values /usr/lib/python3/dist-packages/oslo_config/cfg.py:2602
2025-10-23 00:43:44.462 145232 DEBUG oslo_service.service [req-f3af3939-3d2d-4ba7-b023-92adf961b42e - - - - -] metadata_workers = None log_opt_values /usr/lib/python3/dist-packages/oslo_config/cfg.py:2602
2025-10-23 00:43:44.462 145544 DEBUG nova.service [req-eb6d032f-3193-40e3-a4e2-7c8264f07c77 - - - - -] Creating RPC server for service scheduler start /usr/lib/python3/dist-packages/nova/service.py:182
2025-10-23 00:43:44.462 145232 DEBUG oslo_service.service [req-f3af3939-3d2d-4ba7-b023-92adf961b42e - - - - -] migrate_max_retries = -1 log_opt_values /usr/lib/python3/dist-packages/oslo_config/cfg.py:2602
2025-10-23 00:43:44.462 145232 DEBUG oslo_service.service [req-f3af3939-3d2d-4ba7-b023-92adf961b42e - - - - -] mkisofs_cmd = genisoimage log_opt_values /usr/lib/python3/dist-packages/oslo_config/cfg.py:2602
2025-10-23 00:43:44.462 145546 DEBUG oslo_db.sqlalchemy.engines [req-0d6fbb52-7274-4e53-a62b-2ed4abab3029 - - - - -] MySQL server mode set to STRICT_TRANS_TABLES,STRICT_ALL_TABLES,NO_ZERO_IN_DATE,NO_ZERO_DATE,ERROR_FOR_DIVISION_BY_ZERO,TRADITIONAL,NO_ENGINE_SUBSTITUTION _check_effective_sql_mode /usr/lib/python3/dist-packages/oslo_db/sqlalchemy/engines.py:314
2025-10-23 00:43:44.462 145232 DEBUG oslo_service.service [req-f3af3939-3d2d-4ba7-b023-92adf961b42e - - - - -] my_block_storage_ip = 252.131.97.44 log_opt_values /usr/lib/python3/dist-packages/oslo_config/cfg.py:2602
2025-10-23 00:43:44.462 145232 DEBUG oslo_service.service [req-f3af3939-3d2d-4ba7-b023-92adf961b42e - - - - -] my_ip = 252.131.97.44 log_opt_values /usr/lib/python3/dist-packages/oslo_config/cfg.py:2602
2025-10-23 00:43:44.463 145232 DEBUG oslo_service.service [req-f3af3939-3d2d-4ba7-b023-92adf961b42e - - - - -] network_allocate_retries = 0 log_opt_values /usr/lib/python3/dist-packages/oslo_config/cfg.py:2602
2025-10-23 00:43:44.463 145232 DEBUG oslo_service.service [req-f3af3939-3d2d-4ba7-b023-92adf961b42e - - - - -] non_inheritable_image_properties = ['cache_in_nova', 'bittorrent'] log_opt_values /usr/lib/python3/dist-packages/oslo_config/cfg.py:2602
2025-10-23 00:43:44.463 145232 DEBUG oslo_service.service [req-f3af3939-3d2d-4ba7-b023-92adf961b42e - - - - -] osapi_compute_listen = 0.0.0.0 log_opt_values /usr/lib/python3/dist-packages/oslo_config/cfg.py:2602
2025-10-23 00:43:44.462 145547 DEBUG oslo_db.sqlalchemy.engines [req-8c6c9486-b226-4c99-b7e8-f9e2b684f1d6 - - - - -] MySQL server mode set to STRICT_TRANS_TABLES,STRICT_ALL_TABLES,NO_ZERO_IN_DATE,NO_ZERO_DATE,ERROR_FOR_DIVISION_BY_ZERO,TRADITIONAL,NO_ENGINE_SUBSTITUTION _check_effective_sql_mode /usr/lib/python3/dist-packages/oslo_db/sqlalchemy/engines.py:314
2025-10-23 00:43:44.463 145232 DEBUG oslo_service.service [req-f3af3939-3d2d-4ba7-b023-92adf961b42e - - - - -] osapi_compute_listen_port = 8764 log_opt_values /usr/lib/python3/dist-packages/oslo_config/cfg.py:2602
2025-10-23 00:43:44.463 145232 DEBUG oslo_service.service [req-f3af3939-3d2d-4ba7-b023-92adf961b42e - - - - -] osapi_compute_unique_server_name_scope = log_opt_values /usr/lib/python3/dist-packages/oslo_config/cfg.py:2602
2025-10-23 00:43:44.464 145232 DEBUG oslo_service.service [req-f3af3939-3d2d-4ba7-b023-92adf961b42e - - - - -] osapi_compute_workers = 4 log_opt_values /usr/lib/python3/dist-packages/oslo_config/cfg.py:2602
2025-10-23 00:43:44.464 145232 DEBUG oslo_service.service [req-f3af3939-3d2d-4ba7-b023-92adf961b42e - - - - -] password_length = 12 log_opt_values /usr/lib/python3/dist-packages/oslo_config/cfg.py:2602
2025-10-23 00:43:44.464 145232 DEBUG oslo_service.service [req-f3af3939-3d2d-4ba7-b023-92adf961b42e - - - - -] periodic_enable = True log_opt_values /usr/lib/python3/dist-packages/oslo_config/cfg.py:2602
2025-10-23 00:43:44.464 145232 DEBUG oslo_service.service [req-f3af3939-3d2d-4ba7-b023-92adf961b42e - - - - -] periodic_fuzzy_delay = 60 log_opt_values /usr/lib/python3/dist-packages/oslo_config/cfg.py:2602
2025-10-23 00:43:44.465 145232 DEBUG oslo_service.service [req-f3af3939-3d2d-4ba7-b023-92adf961b42e - - - - -] pointer_model = usbtablet log_opt_values /usr/lib/python3/dist-packages/oslo_config/cfg.py:2602
2025-10-23 00:43:44.465 145232 DEBUG oslo_service.service [req-f3af3939-3d2d-4ba7-b023-92adf961b42e - - - - -] preallocate_images = none log_opt_values /usr/lib/python3/dist-packages/oslo_config/cfg.py:2602
2025-10-23 00:43:44.467 145232 DEBUG oslo_service.service [req-f3af3939-3d2d-4ba7-b023-92adf961b42e - - - - -] publish_errors = False log_opt_values /usr/lib/python3/dist-packages/oslo_config/cfg.py:2602
2025-10-23 00:43:44.467 145232 DEBUG oslo_service.service [req-f3af3939-3d2d-4ba7-b023-92adf961b42e - - - - -] pybasedir = /usr/lib/python3/dist-packages log_opt_values /usr/lib/python3/dist-packages/oslo_config/cfg.py:2602
2025-10-23 00:43:44.468 145232 DEBUG oslo_service.service [req-f3af3939-3d2d-4ba7-b023-92adf961b42e - - - - -] ram_allocation_ratio = 0.98 log_opt_values /usr/lib/python3/dist-packages/oslo_config/cfg.py:2602
2025-10-23 00:43:44.468 145232 DEBUG oslo_service.service [req-f3af3939-3d2d-4ba7-b023-92adf961b42e - - - - -] rate_limit_burst = 0 log_opt_values /usr/lib/python3/dist-packages/oslo_config/cfg.py:2602
2025-10-23 00:43:44.468 145232 DEBUG oslo_service.service [req-f3af3939-3d2d-4ba7-b023-92adf961b42e - - - - -] rate_limit_except_level = CRITICAL log_opt_values /usr/lib/python3/dist-packages/oslo_config/cfg.py:2602
2025-10-23 00:43:44.468 145232 DEBUG oslo_service.service [req-f3af3939-3d2d-4ba7-b023-92adf961b42e - - - - -] rate_limit_interval = 0 log_opt_values /usr/lib/python3/dist-packages/oslo_config/cfg.py:2602
2025-10-23 00:43:44.469 145232 DEBUG oslo_service.service [req-f3af3939-3d2d-4ba7-b023-92adf961b42e - - - - -] reboot_timeout = 0 log_opt_values /usr/lib/python3/dist-packages/oslo_config/cfg.py:2602
2025-10-23 00:43:44.469 145232 DEBUG oslo_service.service [req-f3af3939-3d2d-4ba7-b023-92adf961b42e - - - - -] reclaim_instance_interval = 0 log_opt_values /usr/lib/python3/dist-packages/oslo_config/cfg.py:2602
2025-10-23 00:43:44.470 145232 DEBUG oslo_service.service [req-f3af3939-3d2d-4ba7-b023-92adf961b42e - - - - -] record = None log_opt_values /usr/lib/python3/dist-packages/oslo_config/cfg.py:2602
2025-10-23 00:43:44.470 145232 DEBUG oslo_service.service [req-f3af3939-3d2d-4ba7-b023-92adf961b42e - - - - -] report_interval = 10 log_opt_values /usr/lib/python3/dist-packages/oslo_config/cfg.py:2602
2025-10-23 00:43:44.471 145232 DEBUG oslo_service.service [req-f3af3939-3d2d-4ba7-b023-92adf961b42e - - - - -] rescue_timeout = 0 log_opt_values /usr/lib/python3/dist-packages/oslo_config/cfg.py:2602
2025-10-23 00:43:44.471 145232 DEBUG oslo_service.service [req-f3af3939-3d2d-4ba7-b023-92adf961b42e - - - - -] reserved_host_cpus = 0 log_opt_values /usr/lib/python3/dist-packages/oslo_config/cfg.py:2602
2025-10-23 00:43:44.472 145232 DEBUG oslo_service.service [req-f3af3939-3d2d-4ba7-b023-92adf961b42e - - - - -] reserved_host_disk_mb = 0 log_opt_values /usr/lib/python3/dist-packages/oslo_config/cfg.py:2602
2025-10-23 00:43:44.472 145232 DEBUG oslo_service.service [req-f3af3939-3d2d-4ba7-b023-92adf961b42e - - - - -] reserved_host_memory_mb = 512 log_opt_values /usr/lib/python3/dist-packages/oslo_config/cfg.py:2602
2025-10-23 00:43:44.472 145232 DEBUG oslo_service.service [req-f3af3939-3d2d-4ba7-b023-92adf961b42e - - - - -] reserved_huge_pages = None log_opt_values /usr/lib/python3/dist-packages/oslo_config/cfg.py:2602
2025-10-23 00:43:44.472 145232 DEBUG oslo_service.service [req-f3af3939-3d2d-4ba7-b023-92adf961b42e - - - - -] resize_confirm_window = 0 log_opt_values /usr/lib/python3/dist-packages/oslo_config/cfg.py:2602
2025-10-23 00:43:44.473 145232 DEBUG oslo_service.service [req-f3af3939-3d2d-4ba7-b023-92adf961b42e - - - - -] resize_fs_using_block_device = False log_opt_values /usr/lib/python3/dist-packages/oslo_config/cfg.py:2602
2025-10-23 00:43:44.473 145232 DEBUG oslo_service.service [req-f3af3939-3d2d-4ba7-b023-92adf961b42e - - - - -] resume_guests_state_on_host_boot = False log_opt_values /usr/lib/python3/dist-packages/oslo_config/cfg.py:2602
2025-10-23 00:43:44.473 145232 DEBUG oslo_service.service [req-f3af3939-3d2d-4ba7-b023-92adf961b42e - - - - -] rootwrap_config = /etc/nova/rootwrap.conf log_opt_values /usr/lib/python3/dist-packages/oslo_config/cfg.py:2602
2025-10-23 00:43:44.474 145232 DEBUG oslo_service.service [req-f3af3939-3d2d-4ba7-b023-92adf961b42e - - - - -] run_external_periodic_tasks = True log_opt_values /usr/lib/python3/dist-packages/oslo_config/cfg.py:2602
2025-10-23 00:43:44.474 145232 DEBUG oslo_service.service [req-f3af3939-3d2d-4ba7-b023-92adf961b42e - - - - -] running_deleted_instance_action = reap log_opt_values /usr/lib/python3/dist-packages/oslo_config/cfg.py:2602
2025-10-23 00:43:44.474 145232 DEBUG oslo_service.service [req-f3af3939-3d2d-4ba7-b023-92adf961b42e - - - - -] running_deleted_instance_poll_interval = 1800 log_opt_values /usr/lib/python3/dist-packages/oslo_config/cfg.py:2602
2025-10-23 00:43:44.475 145232 DEBUG oslo_service.service [req-f3af3939-3d2d-4ba7-b023-92adf961b42e - - - - -] running_deleted_instance_timeout = 0 log_opt_values /usr/lib/python3/dist-packages/oslo_config/cfg.py:2602
2025-10-23 00:43:44.475 145232 DEBUG oslo_service.service [req-f3af3939-3d2d-4ba7-b023-92adf961b42e - - - - -] scheduler_instance_sync_interval = 120 log_opt_values /usr/lib/python3/dist-packages/oslo_config/cfg.py:2602
2025-10-23 00:43:44.475 145232 DEBUG oslo_service.service [req-f3af3939-3d2d-4ba7-b023-92adf961b42e - - - - -] service_down_time = 60 log_opt_values /usr/lib/python3/dist-packages/oslo_config/cfg.py:2602
2025-10-23 00:43:44.476 145232 DEBUG oslo_service.service [req-f3af3939-3d2d-4ba7-b023-92adf961b42e - - - - -] servicegroup_driver = db log_opt_values /usr/lib/python3/dist-packages/oslo_config/cfg.py:2602
2025-10-23 00:43:44.476 145232 DEBUG oslo_service.service [req-f3af3939-3d2d-4ba7-b023-92adf961b42e - - - - -] shelved_offload_time = 0 log_opt_values /usr/lib/python3/dist-packages/oslo_config/cfg.py:2602
2025-10-23 00:43:44.476 145232 DEBUG oslo_service.service [req-f3af3939-3d2d-4ba7-b023-92adf961b42e - - - - -] shelved_poll_interval = 3600 log_opt_values /usr/lib/python3/dist-packages/oslo_config/cfg.py:2602
2025-10-23 00:43:44.476 145232 DEBUG oslo_service.service [req-f3af3939-3d2d-4ba7-b023-92adf961b42e - - - - -] shutdown_timeout = 60 log_opt_values /usr/lib/python3/dist-packages/oslo_config/cfg.py:2602
2025-10-23 00:43:44.477 145232 DEBUG oslo_service.service [req-f3af3939-3d2d-4ba7-b023-92adf961b42e - - - - -] source_is_ipv6 = False log_opt_values /usr/lib/python3/dist-packages/oslo_config/cfg.py:2602
2025-10-23 00:43:44.477 145232 DEBUG oslo_service.service [req-f3af3939-3d2d-4ba7-b023-92adf961b42e - - - - -] ssl_only = False log_opt_values /usr/lib/python3/dist-packages/oslo_config/cfg.py:2602
2025-10-23 00:43:44.477 145232 DEBUG oslo_service.service [req-f3af3939-3d2d-4ba7-b023-92adf961b42e - - - - -] state_path = /var/lib/nova log_opt_values /usr/lib/python3/dist-packages/oslo_config/cfg.py:2602
2025-10-23 00:43:44.477 145232 DEBUG oslo_service.service [req-f3af3939-3d2d-4ba7-b023-92adf961b42e - - - - -] sync_power_state_interval = 600 log_opt_values /usr/lib/python3/dist-packages/oslo_config/cfg.py:2602
2025-10-23 00:43:44.478 145546 DEBUG nova.service [req-0d6fbb52-7274-4e53-a62b-2ed4abab3029 - - - - -] Creating RPC server for service scheduler start /usr/lib/python3/dist-packages/nova/service.py:182
2025-10-23 00:43:44.478 145232 DEBUG oslo_service.service [req-f3af3939-3d2d-4ba7-b023-92adf961b42e - - - - -] sync_power_state_pool_size = 1000 log_opt_values /usr/lib/python3/dist-packages/oslo_config/cfg.py:2602
2025-10-23 00:43:44.478 145232 DEBUG oslo_service.service [req-f3af3939-3d2d-4ba7-b023-92adf961b42e - - - - -] syslog_log_facility = LOG_USER log_opt_values /usr/lib/python3/dist-packages/oslo_config/cfg.py:2602
2025-10-23 00:43:44.478 145232 DEBUG oslo_service.service [req-f3af3939-3d2d-4ba7-b023-92adf961b42e - - - - -] tempdir = None log_opt_values /usr/lib/python3/dist-packages/oslo_config/cfg.py:2602
2025-10-23 00:43:44.479 145232 DEBUG oslo_service.service [req-f3af3939-3d2d-4ba7-b023-92adf961b42e - - - - -] timeout_nbd = 10 log_opt_values /usr/lib/python3/dist-packages/oslo_config/cfg.py:2602
2025-10-23 00:43:44.479 145232 DEBUG oslo_service.service [req-f3af3939-3d2d-4ba7-b023-92adf961b42e - - - - -] transport_url = **** log_opt_values /usr/lib/python3/dist-packages/oslo_config/cfg.py:2602
2025-10-23 00:43:44.479 145232 DEBUG oslo_service.service [req-f3af3939-3d2d-4ba7-b023-92adf961b42e - - - - -] update_resources_interval = 0 log_opt_values /usr/lib/python3/dist-packages/oslo_config/cfg.py:2602
2025-10-23 00:43:44.480 145232 DEBUG oslo_service.service [req-f3af3939-3d2d-4ba7-b023-92adf961b42e - - - - -] use_cow_images = True log_opt_values /usr/lib/python3/dist-packages/oslo_config/cfg.py:2602
2025-10-23 00:43:44.480 145232 DEBUG oslo_service.service [req-f3af3939-3d2d-4ba7-b023-92adf961b42e - - - - -] use_eventlog = False log_opt_values /usr/lib/python3/dist-packages/oslo_config/cfg.py:2602
2025-10-23 00:43:44.480 145232 DEBUG oslo_service.service [req-f3af3939-3d2d-4ba7-b023-92adf961b42e - - - - -] use_journal = False log_opt_values /usr/lib/python3/dist-packages/oslo_config/cfg.py:2602
2025-10-23 00:43:44.481 145232 DEBUG oslo_service.service [req-f3af3939-3d2d-4ba7-b023-92adf961b42e - - - - -] use_json = False log_opt_values /usr/lib/python3/dist-packages/oslo_config/cfg.py:2602
2025-10-23 00:43:44.481 145232 DEBUG oslo_service.service [req-f3af3939-3d2d-4ba7-b023-92adf961b42e - - - - -] use_rootwrap_daemon = False log_opt_values /usr/lib/python3/dist-packages/oslo_config/cfg.py:2602
2025-10-23 00:43:44.481 145232 DEBUG oslo_service.service [req-f3af3939-3d2d-4ba7-b023-92adf961b42e - - - - -] use_stderr = False log_opt_values /usr/lib/python3/dist-packages/oslo_config/cfg.py:2602
2025-10-23 00:43:44.481 145232 DEBUG oslo_service.service [req-f3af3939-3d2d-4ba7-b023-92adf961b42e - - - - -] use_syslog = False log_opt_values /usr/lib/python3/dist-packages/oslo_config/cfg.py:2602
2025-10-23 00:43:44.482 145232 DEBUG oslo_service.service [req-f3af3939-3d2d-4ba7-b023-92adf961b42e - - - - -] vcpu_pin_set = None log_opt_values /usr/lib/python3/dist-packages/oslo_config/cfg.py:2602
2025-10-23 00:43:44.482 145232 DEBUG oslo_service.service [req-f3af3939-3d2d-4ba7-b023-92adf961b42e - - - - -] vif_plugging_is_fatal = True log_opt_values /usr/lib/python3/dist-packages/oslo_config/cfg.py:2602
2025-10-23 00:43:44.483 145232 DEBUG oslo_service.service [req-f3af3939-3d2d-4ba7-b023-92adf961b42e - - - - -] vif_plugging_timeout = 300 log_opt_values /usr/lib/python3/dist-packages/oslo_config/cfg.py:2602
2025-10-23 00:43:44.483 145545 DEBUG oslo_db.sqlalchemy.engines [req-9bce3185-0989-4491-9eda-2399f9df9b73 - - - - -] MySQL server mode set to STRICT_TRANS_TABLES,STRICT_ALL_TABLES,NO_ZERO_IN_DATE,NO_ZERO_DATE,ERROR_FOR_DIVISION_BY_ZERO,TRADITIONAL,NO_ENGINE_SUBSTITUTION _check_effective_sql_mode /usr/lib/python3/dist-packages/oslo_db/sqlalchemy/engines.py:314
2025-10-23 00:43:44.483 145232 DEBUG oslo_service.service [req-f3af3939-3d2d-4ba7-b023-92adf961b42e - - - - -] virt_mkfs = [] log_opt_values /usr/lib/python3/dist-packages/oslo_config/cfg.py:2602
2025-10-23 00:43:44.483 145232 DEBUG oslo_service.service [req-f3af3939-3d2d-4ba7-b023-92adf961b42e - - - - -] volume_usage_poll_interval = 0 log_opt_values /usr/lib/python3/dist-packages/oslo_config/cfg.py:2602
2025-10-23 00:43:44.484 145232 DEBUG oslo_service.service [req-f3af3939-3d2d-4ba7-b023-92adf961b42e - - - - -] watch_log_file = False log_opt_values /usr/lib/python3/dist-packages/oslo_config/cfg.py:2602
2025-10-23 00:43:44.484 145547 DEBUG nova.service [req-8c6c9486-b226-4c99-b7e8-f9e2b684f1d6 - - - - -] Creating RPC server for service scheduler start /usr/lib/python3/dist-packages/nova/service.py:182
2025-10-23 00:43:44.484 145232 DEBUG oslo_service.service [req-f3af3939-3d2d-4ba7-b023-92adf961b42e - - - - -] web = /usr/share/spice-html5 log_opt_values /usr/lib/python3/dist-packages/oslo_config/cfg.py:2602
2025-10-23 00:43:44.484 145232 DEBUG oslo_service.service [req-f3af3939-3d2d-4ba7-b023-92adf961b42e - - - - -] oslo_concurrency.disable_process_locking = False log_opt_values /usr/lib/python3/dist-packages/oslo_config/cfg.py:2609
2025-10-23 00:43:44.485 145232 DEBUG oslo_service.service [req-f3af3939-3d2d-4ba7-b023-92adf961b42e - - - - -] oslo_concurrency.lock_path = /var/lock/nova log_opt_values /usr/lib/python3/dist-packages/oslo_config/cfg.py:2609
2025-10-23 00:43:44.485 145232 WARNING oslo_config.cfg [req-f3af3939-3d2d-4ba7-b023-92adf961b42e - - - - -] Deprecated: Option "auth_strategy" from group "api" is deprecated for removal ( The only non-default choice, ``noauth2``, is for internal development and testing purposes only and should not be used in deployments. This option and its middleware, NoAuthMiddleware[V2_18], will be removed in a future release. ). Its value may be silently ignored in the future.
2025-10-23 00:43:44.485 145232 DEBUG oslo_service.service [req-f3af3939-3d2d-4ba7-b023-92adf961b42e - - - - -] api.auth_strategy = keystone log_opt_values /usr/lib/python3/dist-packages/oslo_config/cfg.py:2609
2025-10-23 00:43:44.486 145232 DEBUG oslo_service.service [req-f3af3939-3d2d-4ba7-b023-92adf961b42e - - - - -] api.compute_link_prefix = None log_opt_values /usr/lib/python3/dist-packages/oslo_config/cfg.py:2609
2025-10-23 00:43:44.486 145232 DEBUG oslo_service.service [req-f3af3939-3d2d-4ba7-b023-92adf961b42e - - - - -] api.config_drive_skip_versions = 1.0 2007-01-19 2007-03-01 2007-08-29 2007-10-10 2007-12-15 2008-02-01 2008-09-01 log_opt_values /usr/lib/python3/dist-packages/oslo_config/cfg.py:2609
2025-10-23 00:43:44.486 145232 DEBUG oslo_service.service [req-f3af3939-3d2d-4ba7-b023-92adf961b42e - - - - -] api.dhcp_domain = novalocal log_opt_values /usr/lib/python3/dist-packages/oslo_config/cfg.py:2609
2025-10-23 00:43:44.487 145232 DEBUG oslo_service.service [req-f3af3939-3d2d-4ba7-b023-92adf961b42e - - - - -] api.enable_instance_password = True log_opt_values /usr/lib/python3/dist-packages/oslo_config/cfg.py:2609
2025-10-23 00:43:44.487 145232 DEBUG oslo_service.service [req-f3af3939-3d2d-4ba7-b023-92adf961b42e - - - - -] api.glance_link_prefix = None log_opt_values /usr/lib/python3/dist-packages/oslo_config/cfg.py:2609
2025-10-23 00:43:44.487 145232 DEBUG oslo_service.service [req-f3af3939-3d2d-4ba7-b023-92adf961b42e - - - - -] api.instance_list_cells_batch_fixed_size = 100 log_opt_values /usr/lib/python3/dist-packages/oslo_config/cfg.py:2609
2025-10-23 00:43:44.488 145232 DEBUG oslo_service.service [req-f3af3939-3d2d-4ba7-b023-92adf961b42e - - - - -] api.instance_list_cells_batch_strategy = distributed log_opt_values /usr/lib/python3/dist-packages/oslo_config/cfg.py:2609
2025-10-23 00:43:44.488 145232 DEBUG oslo_service.service [req-f3af3939-3d2d-4ba7-b023-92adf961b42e - - - - -] api.instance_list_per_project_cells = False log_opt_values /usr/lib/python3/dist-packages/oslo_config/cfg.py:2609
2025-10-23 00:43:44.488 145232 DEBUG oslo_service.service [req-f3af3939-3d2d-4ba7-b023-92adf961b42e - - - - -] api.list_records_by_skipping_down_cells = True log_opt_values /usr/lib/python3/dist-packages/oslo_config/cfg.py:2609
2025-10-23 00:43:44.488 145232 DEBUG oslo_service.service [req-f3af3939-3d2d-4ba7-b023-92adf961b42e - - - - -] api.local_metadata_per_cell = False log_opt_values /usr/lib/python3/dist-packages/oslo_config/cfg.py:2609
2025-10-23 00:43:44.489 145232 DEBUG oslo_service.service [req-f3af3939-3d2d-4ba7-b023-92adf961b42e - - - - -] api.max_limit = 1000 log_opt_values /usr/lib/python3/dist-packages/oslo_config/cfg.py:2609
2025-10-23 00:43:44.489 145232 DEBUG oslo_service.service [req-f3af3939-3d2d-4ba7-b023-92adf961b42e - - - - -] api.metadata_cache_expiration = 15 log_opt_values /usr/lib/python3/dist-packages/oslo_config/cfg.py:2609
2025-10-23 00:43:44.489 145544 DEBUG oslo_messaging._drivers.amqpdriver [-] Listener is running poll /usr/lib/python3/dist-packages/oslo_messaging/_drivers/amqpdriver.py:343
2025-10-23 00:43:44.489 145232 DEBUG oslo_service.service [req-f3af3939-3d2d-4ba7-b023-92adf961b42e - - - - -] api.neutron_default_tenant_id = default log_opt_values /usr/lib/python3/dist-packages/oslo_config/cfg.py:2609
2025-10-23 00:43:44.490 145544 DEBUG oslo_messaging._drivers.amqpdriver [-] AMQPListener connection consume poll /usr/lib/python3/dist-packages/oslo_messaging/_drivers/amqpdriver.py:357
2025-10-23 00:43:44.490 145232 DEBUG oslo_service.service [req-f3af3939-3d2d-4ba7-b023-92adf961b42e - - - - -] api.use_forwarded_for = False log_opt_values /usr/lib/python3/dist-packages/oslo_config/cfg.py:2609
2025-10-23 00:43:44.490 145232 DEBUG oslo_service.service [req-f3af3939-3d2d-4ba7-b023-92adf961b42e - - - - -] api.use_neutron_default_nets = False log_opt_values /usr/lib/python3/dist-packages/oslo_config/cfg.py:2609
2025-10-23 00:43:44.490 145544 DEBUG nova.service [req-eb6d032f-3193-40e3-a4e2-7c8264f07c77 - - - - -] Join ServiceGroup membership for this service scheduler start /usr/lib/python3/dist-packages/nova/service.py:199
2025-10-23 00:43:44.490 145232 DEBUG oslo_service.service [req-f3af3939-3d2d-4ba7-b023-92adf961b42e - - - - -] api.vendordata_dynamic_connect_timeout = 5 log_opt_values /usr/lib/python3/dist-packages/oslo_config/cfg.py:2609
2025-10-23 00:43:44.490 145544 DEBUG nova.servicegroup.drivers.db [req-eb6d032f-3193-40e3-a4e2-7c8264f07c77 - - - - -] DB_Driver: join new ServiceGroup member juju-c7d1b9-0-lxd-7 to the scheduler group, service = join /usr/lib/python3/dist-packages/nova/servicegroup/drivers/db.py:44
2025-10-23 00:43:44.490 145232 DEBUG oslo_service.service [req-f3af3939-3d2d-4ba7-b023-92adf961b42e - - - - -] api.vendordata_dynamic_failure_fatal = False log_opt_values /usr/lib/python3/dist-packages/oslo_config/cfg.py:2609
2025-10-23 00:43:44.491 145232 DEBUG oslo_service.service [req-f3af3939-3d2d-4ba7-b023-92adf961b42e - - - - -] api.vendordata_dynamic_read_timeout = 5 log_opt_values /usr/lib/python3/dist-packages/oslo_config/cfg.py:2609
2025-10-23 00:43:44.491 145232 DEBUG oslo_service.service [req-f3af3939-3d2d-4ba7-b023-92adf961b42e - - - - -] api.vendordata_dynamic_ssl_certfile = log_opt_values /usr/lib/python3/dist-packages/oslo_config/cfg.py:2609
2025-10-23 00:43:44.491 145232 DEBUG oslo_service.service [req-f3af3939-3d2d-4ba7-b023-92adf961b42e - - - - -] api.vendordata_dynamic_targets = [] log_opt_values /usr/lib/python3/dist-packages/oslo_config/cfg.py:2609
2025-10-23 00:43:44.492 145232 DEBUG oslo_service.service [req-f3af3939-3d2d-4ba7-b023-92adf961b42e - - - - -] api.vendordata_jsonfile_path = None log_opt_values /usr/lib/python3/dist-packages/oslo_config/cfg.py:2609
2025-10-23 00:43:44.492 145232 DEBUG oslo_service.service [req-f3af3939-3d2d-4ba7-b023-92adf961b42e - - - - -] api.vendordata_providers = ['StaticJSON'] log_opt_values /usr/lib/python3/dist-packages/oslo_config/cfg.py:2609
2025-10-23 00:43:44.492 145232 DEBUG oslo_service.service [req-f3af3939-3d2d-4ba7-b023-92adf961b42e - - - - -] cache.backend = dogpile.cache.null log_opt_values /usr/lib/python3/dist-packages/oslo_config/cfg.py:2609
2025-10-23 00:43:44.493 145232 DEBUG oslo_service.service [req-f3af3939-3d2d-4ba7-b023-92adf961b42e - - - - -] cache.backend_argument = **** log_opt_values /usr/lib/python3/dist-packages/oslo_config/cfg.py:2609
2025-10-23 00:43:44.493 145544 DEBUG oslo_messaging._drivers.amqpdriver [-] AMQPListener connection timeout poll /usr/lib/python3/dist-packages/oslo_messaging/_drivers/amqpdriver.py:360
2025-10-23 00:43:44.493 145232 DEBUG oslo_service.service [req-f3af3939-3d2d-4ba7-b023-92adf961b42e - - - - -] cache.config_prefix = cache.oslo log_opt_values /usr/lib/python3/dist-packages/oslo_config/cfg.py:2609
2025-10-23 00:43:44.493 145544 DEBUG oslo_messaging._drivers.amqpdriver [-] Listener is running poll /usr/lib/python3/dist-packages/oslo_messaging/_drivers/amqpdriver.py:343
2025-10-23 00:43:44.493 145544 DEBUG oslo_messaging._drivers.amqpdriver [-] AMQPListener connection consume poll /usr/lib/python3/dist-packages/oslo_messaging/_drivers/amqpdriver.py:357
2025-10-23 00:43:44.493 145232 DEBUG oslo_service.service [req-f3af3939-3d2d-4ba7-b023-92adf961b42e - - - - -] cache.debug_cache_backend = False log_opt_values /usr/lib/python3/dist-packages/oslo_config/cfg.py:2609
2025-10-23 00:43:44.494 145232 DEBUG oslo_service.service [req-f3af3939-3d2d-4ba7-b023-92adf961b42e - - - - -] cache.enabled = False log_opt_values /usr/lib/python3/dist-packages/oslo_config/cfg.py:2609
2025-10-23 00:43:44.494 145232 DEBUG oslo_service.service [req-f3af3939-3d2d-4ba7-b023-92adf961b42e - - - - -] cache.expiration_time = 600 log_opt_values /usr/lib/python3/dist-packages/oslo_config/cfg.py:2609
2025-10-23 00:43:44.494 145232 DEBUG oslo_service.service [req-f3af3939-3d2d-4ba7-b023-92adf961b42e - - - - -] cache.memcache_dead_retry = 300 log_opt_values /usr/lib/python3/dist-packages/oslo_config/cfg.py:2609
2025-10-23 00:43:44.494 145232 DEBUG oslo_service.service [req-f3af3939-3d2d-4ba7-b023-92adf961b42e - - - - -] cache.memcache_pool_connection_get_timeout = 10 log_opt_values /usr/lib/python3/dist-packages/oslo_config/cfg.py:2609
2025-10-23 00:43:44.495 145232 DEBUG oslo_service.service [req-f3af3939-3d2d-4ba7-b023-92adf961b42e - - - - -] cache.memcache_pool_flush_on_reconnect = False log_opt_values /usr/lib/python3/dist-packages/oslo_config/cfg.py:2609
2025-10-23 00:43:44.495 145232 DEBUG oslo_service.service [req-f3af3939-3d2d-4ba7-b023-92adf961b42e - - - - -] cache.memcache_pool_maxsize = 10 log_opt_values /usr/lib/python3/dist-packages/oslo_config/cfg.py:2609
2025-10-23 00:43:44.495 145232 DEBUG oslo_service.service [req-f3af3939-3d2d-4ba7-b023-92adf961b42e - - - - -] cache.memcache_pool_unused_timeout = 60 log_opt_values /usr/lib/python3/dist-packages/oslo_config/cfg.py:2609
2025-10-23 00:43:44.496 145232 DEBUG oslo_service.service [req-f3af3939-3d2d-4ba7-b023-92adf961b42e - - - - -] cache.memcache_servers = ['localhost:11211'] log_opt_values /usr/lib/python3/dist-packages/oslo_config/cfg.py:2609
2025-10-23 00:43:44.496 145232 DEBUG oslo_service.service [req-f3af3939-3d2d-4ba7-b023-92adf961b42e - - - - -] cache.memcache_socket_timeout = 1.0 log_opt_values /usr/lib/python3/dist-packages/oslo_config/cfg.py:2609
2025-10-23 00:43:44.496 145232 DEBUG oslo_service.service [req-f3af3939-3d2d-4ba7-b023-92adf961b42e - - - - -] cache.proxies = [] log_opt_values /usr/lib/python3/dist-packages/oslo_config/cfg.py:2609
2025-10-23 00:43:44.496 145232 DEBUG oslo_service.service [req-f3af3939-3d2d-4ba7-b023-92adf961b42e - - - - -] cache.tls_allowed_ciphers = None log_opt_values /usr/lib/python3/dist-packages/oslo_config/cfg.py:2609
2025-10-23 00:43:44.497 145232 DEBUG oslo_service.service [req-f3af3939-3d2d-4ba7-b023-92adf961b42e - - - - -] cache.tls_cafile = None log_opt_values /usr/lib/python3/dist-packages/oslo_config/cfg.py:2609
2025-10-23 00:43:44.497 145232 DEBUG oslo_service.service [req-f3af3939-3d2d-4ba7-b023-92adf961b42e - - - - -] cache.tls_certfile = None log_opt_values /usr/lib/python3/dist-packages/oslo_config/cfg.py:2609
2025-10-23 00:43:44.497 145232 DEBUG oslo_service.service [req-f3af3939-3d2d-4ba7-b023-92adf961b42e - - - - -] cache.tls_enabled = False log_opt_values /usr/lib/python3/dist-packages/oslo_config/cfg.py:2609
2025-10-23 00:43:44.498 145232 DEBUG oslo_service.service [req-f3af3939-3d2d-4ba7-b023-92adf961b42e - - - - -] cache.tls_keyfile = None log_opt_values /usr/lib/python3/dist-packages/oslo_config/cfg.py:2609
2025-10-23 00:43:44.498 145232 DEBUG oslo_service.service [req-f3af3939-3d2d-4ba7-b023-92adf961b42e - - - - -] cinder.auth_section = None log_opt_values /usr/lib/python3/dist-packages/oslo_config/cfg.py:2609
2025-10-23 00:43:44.498 145232 DEBUG oslo_service.service [req-f3af3939-3d2d-4ba7-b023-92adf961b42e - - - - -] cinder.auth_type = None log_opt_values /usr/lib/python3/dist-packages/oslo_config/cfg.py:2609
2025-10-23 00:43:44.498 145232 DEBUG oslo_service.service [req-f3af3939-3d2d-4ba7-b023-92adf961b42e - - - - -] cinder.cafile = None log_opt_values /usr/lib/python3/dist-packages/oslo_config/cfg.py:2609
2025-10-23 00:43:44.499 145232 DEBUG oslo_service.service [req-f3af3939-3d2d-4ba7-b023-92adf961b42e - - - - -] cinder.catalog_info = volumev3::publicURL log_opt_values /usr/lib/python3/dist-packages/oslo_config/cfg.py:2609
2025-10-23 00:43:44.499 145232 DEBUG oslo_service.service [req-f3af3939-3d2d-4ba7-b023-92adf961b42e - - - - -] cinder.certfile = None log_opt_values /usr/lib/python3/dist-packages/oslo_config/cfg.py:2609
2025-10-23 00:43:44.499 145232 DEBUG oslo_service.service [req-f3af3939-3d2d-4ba7-b023-92adf961b42e - - - - -] cinder.collect_timing = False log_opt_values /usr/lib/python3/dist-packages/oslo_config/cfg.py:2609
2025-10-23 00:43:44.500 145232 DEBUG oslo_service.service [req-f3af3939-3d2d-4ba7-b023-92adf961b42e - - - - -] cinder.cross_az_attach = True log_opt_values /usr/lib/python3/dist-packages/oslo_config/cfg.py:2609
2025-10-23 00:43:44.500 145232 DEBUG oslo_service.service [req-f3af3939-3d2d-4ba7-b023-92adf961b42e - - - - -] cinder.debug = False log_opt_values /usr/lib/python3/dist-packages/oslo_config/cfg.py:2609
2025-10-23 00:43:44.500 145232 DEBUG oslo_service.service [req-f3af3939-3d2d-4ba7-b023-92adf961b42e - - - - -] cinder.endpoint_template = None log_opt_values /usr/lib/python3/dist-packages/oslo_config/cfg.py:2609
2025-10-23 00:43:44.500 145232 DEBUG oslo_service.service [req-f3af3939-3d2d-4ba7-b023-92adf961b42e - - - - -] cinder.http_retries = 3 log_opt_values /usr/lib/python3/dist-packages/oslo_config/cfg.py:2609
2025-10-23 00:43:44.501 145232 DEBUG oslo_service.service [req-f3af3939-3d2d-4ba7-b023-92adf961b42e - - - - -] cinder.insecure = False log_opt_values /usr/lib/python3/dist-packages/oslo_config/cfg.py:2609
2025-10-23 00:43:44.501 145232 DEBUG oslo_service.service [req-f3af3939-3d2d-4ba7-b023-92adf961b42e - - - - -] cinder.keyfile = None log_opt_values /usr/lib/python3/dist-packages/oslo_config/cfg.py:2609
2025-10-23 00:43:44.501 145232 DEBUG oslo_service.service [req-f3af3939-3d2d-4ba7-b023-92adf961b42e - - - - -] cinder.os_region_name = None log_opt_values /usr/lib/python3/dist-packages/oslo_config/cfg.py:2609
2025-10-23 00:43:44.502 145232 DEBUG oslo_service.service [req-f3af3939-3d2d-4ba7-b023-92adf961b42e - - - - -] cinder.split_loggers = False log_opt_values /usr/lib/python3/dist-packages/oslo_config/cfg.py:2609
2025-10-23 00:43:44.502 145232 DEBUG oslo_service.service [req-f3af3939-3d2d-4ba7-b023-92adf961b42e - - - - -] cinder.timeout = None log_opt_values /usr/lib/python3/dist-packages/oslo_config/cfg.py:2609
2025-10-23 00:43:44.502 145232 DEBUG oslo_service.service [req-f3af3939-3d2d-4ba7-b023-92adf961b42e - - - - -] compute.consecutive_build_service_disable_threshold = 10 log_opt_values /usr/lib/python3/dist-packages/oslo_config/cfg.py:2609
2025-10-23 00:43:44.503 145232 DEBUG oslo_service.service [req-f3af3939-3d2d-4ba7-b023-92adf961b42e - - - - -] compute.cpu_dedicated_set = None log_opt_values /usr/lib/python3/dist-packages/oslo_config/cfg.py:2609
2025-10-23 00:43:44.503 145232 DEBUG oslo_service.service [req-f3af3939-3d2d-4ba7-b023-92adf961b42e - - - - -] compute.cpu_shared_set = None log_opt_values /usr/lib/python3/dist-packages/oslo_config/cfg.py:2609
2025-10-23 00:43:44.503 145232 DEBUG oslo_service.service [req-f3af3939-3d2d-4ba7-b023-92adf961b42e - - - - -] compute.image_type_exclude_list = [] log_opt_values /usr/lib/python3/dist-packages/oslo_config/cfg.py:2609
2025-10-23 00:43:44.503 145232 DEBUG oslo_service.service [req-f3af3939-3d2d-4ba7-b023-92adf961b42e - - - - -] compute.live_migration_wait_for_vif_plug = True log_opt_values /usr/lib/python3/dist-packages/oslo_config/cfg.py:2609
2025-10-23 00:43:44.504 145232 DEBUG oslo_service.service [req-f3af3939-3d2d-4ba7-b023-92adf961b42e - - - - -] compute.max_concurrent_disk_ops = 0 log_opt_values /usr/lib/python3/dist-packages/oslo_config/cfg.py:2609
2025-10-23 00:43:44.504 145232 DEBUG oslo_service.service [req-f3af3939-3d2d-4ba7-b023-92adf961b42e - - - - -] compute.max_disk_devices_to_attach = -1 log_opt_values /usr/lib/python3/dist-packages/oslo_config/cfg.py:2609
2025-10-23 00:43:44.504 145232 DEBUG oslo_service.service [req-f3af3939-3d2d-4ba7-b023-92adf961b42e - - - - -] compute.packing_host_numa_cells_allocation_strategy = True log_opt_values /usr/lib/python3/dist-packages/oslo_config/cfg.py:2609
2025-10-23 00:43:44.504 145232 DEBUG oslo_service.service [req-f3af3939-3d2d-4ba7-b023-92adf961b42e - - - - -] compute.provider_config_location = /etc/nova/provider_config/ log_opt_values /usr/lib/python3/dist-packages/oslo_config/cfg.py:2609
2025-10-23 00:43:44.505 145232 DEBUG oslo_service.service [req-f3af3939-3d2d-4ba7-b023-92adf961b42e - - - - -] compute.resource_provider_association_refresh = 300 log_opt_values /usr/lib/python3/dist-packages/oslo_config/cfg.py:2609
2025-10-23 00:43:44.505 145232 DEBUG oslo_service.service [req-f3af3939-3d2d-4ba7-b023-92adf961b42e - - - - -] compute.shutdown_retry_interval = 10 log_opt_values /usr/lib/python3/dist-packages/oslo_config/cfg.py:2609
2025-10-23 00:43:44.505 145232 DEBUG oslo_service.service [req-f3af3939-3d2d-4ba7-b023-92adf961b42e - - - - -] compute.vmdk_allowed_types = ['streamOptimized', 'monolithicSparse'] log_opt_values /usr/lib/python3/dist-packages/oslo_config/cfg.py:2609
2025-10-23 00:43:44.506 145232 DEBUG oslo_service.service [req-f3af3939-3d2d-4ba7-b023-92adf961b42e - - - - -] conductor.workers = 4 log_opt_values /usr/lib/python3/dist-packages/oslo_config/cfg.py:2609
2025-10-23 00:43:44.506 145232 DEBUG oslo_service.service [req-f3af3939-3d2d-4ba7-b023-92adf961b42e - - - - -] console.allowed_origins = [] log_opt_values /usr/lib/python3/dist-packages/oslo_config/cfg.py:2609
2025-10-23 00:43:44.506 145232 DEBUG oslo_service.service [req-f3af3939-3d2d-4ba7-b023-92adf961b42e - - - - -] console.ssl_ciphers = None log_opt_values /usr/lib/python3/dist-packages/oslo_config/cfg.py:2609
2025-10-23 00:43:44.506 145232 DEBUG oslo_service.service [req-f3af3939-3d2d-4ba7-b023-92adf961b42e - - - - -] console.ssl_minimum_version = default log_opt_values /usr/lib/python3/dist-packages/oslo_config/cfg.py:2609
2025-10-23 00:43:44.507 145232 DEBUG oslo_service.service [req-f3af3939-3d2d-4ba7-b023-92adf961b42e - - - - -] consoleauth.token_ttl = 600 log_opt_values /usr/lib/python3/dist-packages/oslo_config/cfg.py:2609
2025-10-23 00:43:44.507 145546 DEBUG oslo_messaging._drivers.amqpdriver [-] Listener is running poll /usr/lib/python3/dist-packages/oslo_messaging/_drivers/amqpdriver.py:343
2025-10-23 00:43:44.507 145232 DEBUG oslo_service.service [req-f3af3939-3d2d-4ba7-b023-92adf961b42e - - - - -] cyborg.cafile = None log_opt_values /usr/lib/python3/dist-packages/oslo_config/cfg.py:2609
2025-10-23 00:43:44.507 145546 DEBUG oslo_messaging._drivers.amqpdriver [-] AMQPListener connection consume poll /usr/lib/python3/dist-packages/oslo_messaging/_drivers/amqpdriver.py:357
2025-10-23 00:43:44.507 145232 DEBUG oslo_service.service [req-f3af3939-3d2d-4ba7-b023-92adf961b42e - - - - -] cyborg.certfile = None log_opt_values /usr/lib/python3/dist-packages/oslo_config/cfg.py:2609
2025-10-23 00:43:44.508 145232 DEBUG oslo_service.service [req-f3af3939-3d2d-4ba7-b023-92adf961b42e - - - - -] cyborg.collect_timing = False log_opt_values /usr/lib/python3/dist-packages/oslo_config/cfg.py:2609
2025-10-23 00:43:44.508 145232 DEBUG oslo_service.service [req-f3af3939-3d2d-4ba7-b023-92adf961b42e - - - - -] cyborg.connect_retries = None log_opt_values /usr/lib/python3/dist-packages/oslo_config/cfg.py:2609
2025-10-23 00:43:44.508 145232 DEBUG oslo_service.service [req-f3af3939-3d2d-4ba7-b023-92adf961b42e - - - - -] cyborg.connect_retry_delay = None log_opt_values /usr/lib/python3/dist-packages/oslo_config/cfg.py:2609
2025-10-23 00:43:44.508 145547 DEBUG oslo_messaging._drivers.amqpdriver [-] Listener is running poll /usr/lib/python3/dist-packages/oslo_messaging/_drivers/amqpdriver.py:343
2025-10-23 00:43:44.508 145232 DEBUG oslo_service.service [req-f3af3939-3d2d-4ba7-b023-92adf961b42e - - - - -] cyborg.endpoint_override = None log_opt_values /usr/lib/python3/dist-packages/oslo_config/cfg.py:2609
2025-10-23 00:43:44.508 145546 DEBUG nova.service [req-0d6fbb52-7274-4e53-a62b-2ed4abab3029 - - - - -] Join ServiceGroup membership for this service scheduler start /usr/lib/python3/dist-packages/nova/service.py:199
2025-10-23 00:43:44.509 145547 DEBUG oslo_messaging._drivers.amqpdriver [-] AMQPListener connection consume poll /usr/lib/python3/dist-packages/oslo_messaging/_drivers/amqpdriver.py:357
2025-10-23 00:43:44.509 145232 DEBUG oslo_service.service [req-f3af3939-3d2d-4ba7-b023-92adf961b42e - - - - -] cyborg.insecure = False log_opt_values /usr/lib/python3/dist-packages/oslo_config/cfg.py:2609
2025-10-23 00:43:44.509 145546 DEBUG nova.servicegroup.drivers.db [req-0d6fbb52-7274-4e53-a62b-2ed4abab3029 - - - - -] DB_Driver: join new ServiceGroup member juju-c7d1b9-0-lxd-7 to the scheduler group, service = join /usr/lib/python3/dist-packages/nova/servicegroup/drivers/db.py:44
2025-10-23 00:43:44.509 145232 DEBUG oslo_service.service [req-f3af3939-3d2d-4ba7-b023-92adf961b42e - - - - -] cyborg.keyfile = None log_opt_values /usr/lib/python3/dist-packages/oslo_config/cfg.py:2609
2025-10-23 00:43:44.509 145547 DEBUG nova.service [req-8c6c9486-b226-4c99-b7e8-f9e2b684f1d6 - - - - -] Join ServiceGroup membership for this service scheduler start /usr/lib/python3/dist-packages/nova/service.py:199
2025-10-23 00:43:44.509 145232 DEBUG oslo_service.service [req-f3af3939-3d2d-4ba7-b023-92adf961b42e - - - - -] cyborg.max_version = None log_opt_values /usr/lib/python3/dist-packages/oslo_config/cfg.py:2609
2025-10-23 00:43:44.509 145547 DEBUG nova.servicegroup.drivers.db [req-8c6c9486-b226-4c99-b7e8-f9e2b684f1d6 - - - - -] DB_Driver: join new ServiceGroup member juju-c7d1b9-0-lxd-7 to the scheduler group, service = join /usr/lib/python3/dist-packages/nova/servicegroup/drivers/db.py:44
2025-10-23 00:43:44.509 145232 DEBUG oslo_service.service [req-f3af3939-3d2d-4ba7-b023-92adf961b42e - - - - -] cyborg.min_version = None log_opt_values /usr/lib/python3/dist-packages/oslo_config/cfg.py:2609
2025-10-23 00:43:44.510 145232 DEBUG oslo_service.service [req-f3af3939-3d2d-4ba7-b023-92adf961b42e - - - - -] cyborg.region_name = None log_opt_values /usr/lib/python3/dist-packages/oslo_config/cfg.py:2609
2025-10-23 00:43:44.510 145232 DEBUG oslo_service.service [req-f3af3939-3d2d-4ba7-b023-92adf961b42e - - - - -] cyborg.service_name = None log_opt_values /usr/lib/python3/dist-packages/oslo_config/cfg.py:2609
2025-10-23 00:43:44.510 145232 DEBUG oslo_service.service [req-f3af3939-3d2d-4ba7-b023-92adf961b42e - - - - -] cyborg.service_type = accelerator log_opt_values /usr/lib/python3/dist-packages/oslo_config/cfg.py:2609
2025-10-23 00:43:44.511 145232 DEBUG oslo_service.service [req-f3af3939-3d2d-4ba7-b023-92adf961b42e - - - - -] cyborg.split_loggers = False log_opt_values /usr/lib/python3/dist-packages/oslo_config/cfg.py:2609
2025-10-23 00:43:44.511 145232 DEBUG oslo_service.service [req-f3af3939-3d2d-4ba7-b023-92adf961b42e - - - - -] cyborg.status_code_retries = None log_opt_values /usr/lib/python3/dist-packages/oslo_config/cfg.py:2609
2025-10-23 00:43:44.511 145546 DEBUG oslo_messaging._drivers.amqpdriver [-] AMQPListener connection timeout poll /usr/lib/python3/dist-packages/oslo_messaging/_drivers/amqpdriver.py:360
2025-10-23 00:43:44.511 145546 DEBUG oslo_messaging._drivers.amqpdriver [-] Listener is running poll /usr/lib/python3/dist-packages/oslo_messaging/_drivers/amqpdriver.py:343
2025-10-23 00:43:44.511 145546 DEBUG oslo_messaging._drivers.amqpdriver [-] AMQPListener connection consume poll /usr/lib/python3/dist-packages/oslo_messaging/_drivers/amqpdriver.py:357
2025-10-23 00:43:44.511 145232 DEBUG oslo_service.service [req-f3af3939-3d2d-4ba7-b023-92adf961b42e - - - - -] cyborg.status_code_retry_delay = None log_opt_values /usr/lib/python3/dist-packages/oslo_config/cfg.py:2609
2025-10-23 00:43:44.511 145232 DEBUG oslo_service.service [req-f3af3939-3d2d-4ba7-b023-92adf961b42e - - - - -] cyborg.timeout = None log_opt_values /usr/lib/python3/dist-packages/oslo_config/cfg.py:2609
2025-10-23 00:43:44.512 145547 DEBUG oslo_messaging._drivers.amqpdriver [-] AMQPListener connection timeout poll /usr/lib/python3/dist-packages/oslo_messaging/_drivers/amqpdriver.py:360
