2025-10-23 00:42:46.315 130440 DEBUG oslo_service.service [req-721f6ce8-1876-4f85-bfd5-dbe1938c5f15 - - - - -] servicegroup_driver = db log_opt_values /usr/lib/python3/dist-packages/oslo_config/cfg.py:2602
2025-10-23 00:42:46.315 130440 DEBUG oslo_service.service [req-721f6ce8-1876-4f85-bfd5-dbe1938c5f15 - - - - -] shelved_offload_time = 0 log_opt_values /usr/lib/python3/dist-packages/oslo_config/cfg.py:2602
2025-10-23 00:42:46.315 130440 DEBUG oslo_service.service [req-721f6ce8-1876-4f85-bfd5-dbe1938c5f15 - - - - -] shelved_poll_interval = 3600 log_opt_values /usr/lib/python3/dist-packages/oslo_config/cfg.py:2602
2025-10-23 00:42:46.315 130440 DEBUG oslo_service.service [req-721f6ce8-1876-4f85-bfd5-dbe1938c5f15 - - - - -] shutdown_timeout = 60 log_opt_values /usr/lib/python3/dist-packages/oslo_config/cfg.py:2602
2025-10-23 00:42:46.316 130440 DEBUG oslo_service.service [req-721f6ce8-1876-4f85-bfd5-dbe1938c5f15 - - - - -] source_is_ipv6 = False log_opt_values /usr/lib/python3/dist-packages/oslo_config/cfg.py:2602
2025-10-23 00:42:46.317 130440 DEBUG oslo_service.service [req-721f6ce8-1876-4f85-bfd5-dbe1938c5f15 - - - - -] ssl_only = False log_opt_values /usr/lib/python3/dist-packages/oslo_config/cfg.py:2602
2025-10-23 00:42:46.317 130440 DEBUG oslo_service.service [req-721f6ce8-1876-4f85-bfd5-dbe1938c5f15 - - - - -] state_path = /var/lib/nova log_opt_values /usr/lib/python3/dist-packages/oslo_config/cfg.py:2602
2025-10-23 00:42:46.317 130440 DEBUG oslo_service.service [req-721f6ce8-1876-4f85-bfd5-dbe1938c5f15 - - - - -] sync_power_state_interval = 600 log_opt_values /usr/lib/python3/dist-packages/oslo_config/cfg.py:2602
2025-10-23 00:42:46.317 130440 DEBUG oslo_service.service [req-721f6ce8-1876-4f85-bfd5-dbe1938c5f15 - - - - -] sync_power_state_pool_size = 1000 log_opt_values /usr/lib/python3/dist-packages/oslo_config/cfg.py:2602
2025-10-23 00:42:46.317 130440 DEBUG oslo_service.service [req-721f6ce8-1876-4f85-bfd5-dbe1938c5f15 - - - - -] syslog_log_facility = LOG_USER log_opt_values /usr/lib/python3/dist-packages/oslo_config/cfg.py:2602
2025-10-23 00:42:46.317 131280 DEBUG nova.service [req-84e07ee2-9301-4cdb-882e-1cabe627b788 - - - - -] Creating RPC server for service scheduler start /usr/lib/python3/dist-packages/nova/service.py:182
2025-10-23 00:42:46.318 130440 DEBUG oslo_service.service [req-721f6ce8-1876-4f85-bfd5-dbe1938c5f15 - - - - -] tempdir = None log_opt_values /usr/lib/python3/dist-packages/oslo_config/cfg.py:2602
2025-10-23 00:42:46.318 130440 DEBUG oslo_service.service [req-721f6ce8-1876-4f85-bfd5-dbe1938c5f15 - - - - -] timeout_nbd = 10 log_opt_values /usr/lib/python3/dist-packages/oslo_config/cfg.py:2602
2025-10-23 00:42:46.318 130440 DEBUG oslo_service.service [req-721f6ce8-1876-4f85-bfd5-dbe1938c5f15 - - - - -] transport_url = **** log_opt_values /usr/lib/python3/dist-packages/oslo_config/cfg.py:2602
2025-10-23 00:42:46.319 130440 DEBUG oslo_service.service [req-721f6ce8-1876-4f85-bfd5-dbe1938c5f15 - - - - -] update_resources_interval = 0 log_opt_values /usr/lib/python3/dist-packages/oslo_config/cfg.py:2602
2025-10-23 00:42:46.319 130440 DEBUG oslo_service.service [req-721f6ce8-1876-4f85-bfd5-dbe1938c5f15 - - - - -] use_cow_images = True log_opt_values /usr/lib/python3/dist-packages/oslo_config/cfg.py:2602
2025-10-23 00:42:46.319 130440 DEBUG oslo_service.service [req-721f6ce8-1876-4f85-bfd5-dbe1938c5f15 - - - - -] use_eventlog = False log_opt_values /usr/lib/python3/dist-packages/oslo_config/cfg.py:2602
2025-10-23 00:42:46.320 130440 DEBUG oslo_service.service [req-721f6ce8-1876-4f85-bfd5-dbe1938c5f15 - - - - -] use_journal = False log_opt_values /usr/lib/python3/dist-packages/oslo_config/cfg.py:2602
2025-10-23 00:42:46.320 130440 DEBUG oslo_service.service [req-721f6ce8-1876-4f85-bfd5-dbe1938c5f15 - - - - -] use_json = False log_opt_values /usr/lib/python3/dist-packages/oslo_config/cfg.py:2602
2025-10-23 00:42:46.320 130440 DEBUG oslo_service.service [req-721f6ce8-1876-4f85-bfd5-dbe1938c5f15 - - - - -] use_rootwrap_daemon = False log_opt_values /usr/lib/python3/dist-packages/oslo_config/cfg.py:2602
2025-10-23 00:42:46.320 130440 DEBUG oslo_service.service [req-721f6ce8-1876-4f85-bfd5-dbe1938c5f15 - - - - -] use_stderr = False log_opt_values /usr/lib/python3/dist-packages/oslo_config/cfg.py:2602
2025-10-23 00:42:46.320 130440 DEBUG oslo_service.service [req-721f6ce8-1876-4f85-bfd5-dbe1938c5f15 - - - - -] use_syslog = False log_opt_values /usr/lib/python3/dist-packages/oslo_config/cfg.py:2602
2025-10-23 00:42:46.321 130440 DEBUG oslo_service.service [req-721f6ce8-1876-4f85-bfd5-dbe1938c5f15 - - - - -] vcpu_pin_set = None log_opt_values /usr/lib/python3/dist-packages/oslo_config/cfg.py:2602
2025-10-23 00:42:46.321 130440 DEBUG oslo_service.service [req-721f6ce8-1876-4f85-bfd5-dbe1938c5f15 - - - - -] vif_plugging_is_fatal = True log_opt_values /usr/lib/python3/dist-packages/oslo_config/cfg.py:2602
2025-10-23 00:42:46.321 130440 DEBUG oslo_service.service [req-721f6ce8-1876-4f85-bfd5-dbe1938c5f15 - - - - -] vif_plugging_timeout = 300 log_opt_values /usr/lib/python3/dist-packages/oslo_config/cfg.py:2602
2025-10-23 00:42:46.321 130440 DEBUG oslo_service.service [req-721f6ce8-1876-4f85-bfd5-dbe1938c5f15 - - - - -] virt_mkfs = [] log_opt_values /usr/lib/python3/dist-packages/oslo_config/cfg.py:2602
2025-10-23 00:42:46.322 130440 DEBUG oslo_service.service [req-721f6ce8-1876-4f85-bfd5-dbe1938c5f15 - - - - -] volume_usage_poll_interval = 0 log_opt_values /usr/lib/python3/dist-packages/oslo_config/cfg.py:2602
2025-10-23 00:42:46.323 130440 DEBUG oslo_service.service [req-721f6ce8-1876-4f85-bfd5-dbe1938c5f15 - - - - -] watch_log_file = False log_opt_values /usr/lib/python3/dist-packages/oslo_config/cfg.py:2602
2025-10-23 00:42:46.323 130440 DEBUG oslo_service.service [req-721f6ce8-1876-4f85-bfd5-dbe1938c5f15 - - - - -] web = /usr/share/spice-html5 log_opt_values /usr/lib/python3/dist-packages/oslo_config/cfg.py:2602
2025-10-23 00:42:46.323 130440 DEBUG oslo_service.service [req-721f6ce8-1876-4f85-bfd5-dbe1938c5f15 - - - - -] oslo_concurrency.disable_process_locking = False log_opt_values /usr/lib/python3/dist-packages/oslo_config/cfg.py:2609
2025-10-23 00:42:46.323 130440 DEBUG oslo_service.service [req-721f6ce8-1876-4f85-bfd5-dbe1938c5f15 - - - - -] oslo_concurrency.lock_path = /var/lock/nova log_opt_values /usr/lib/python3/dist-packages/oslo_config/cfg.py:2609
2025-10-23 00:42:46.324 130440 WARNING oslo_config.cfg [req-721f6ce8-1876-4f85-bfd5-dbe1938c5f15 - - - - -] Deprecated: Option "auth_strategy" from group "api" is deprecated for removal ( The only non-default choice, ``noauth2``, is for internal development and testing purposes only and should not be used in deployments. This option and its middleware, NoAuthMiddleware[V2_18], will be removed in a future release. ). Its value may be silently ignored in the future.
2025-10-23 00:42:46.324 130440 DEBUG oslo_service.service [req-721f6ce8-1876-4f85-bfd5-dbe1938c5f15 - - - - -] api.auth_strategy = keystone log_opt_values /usr/lib/python3/dist-packages/oslo_config/cfg.py:2609
2025-10-23 00:42:46.324 130440 DEBUG oslo_service.service [req-721f6ce8-1876-4f85-bfd5-dbe1938c5f15 - - - - -] api.compute_link_prefix = None log_opt_values /usr/lib/python3/dist-packages/oslo_config/cfg.py:2609
2025-10-23 00:42:46.324 130440 DEBUG oslo_service.service [req-721f6ce8-1876-4f85-bfd5-dbe1938c5f15 - - - - -] api.config_drive_skip_versions = 1.0 2007-01-19 2007-03-01 2007-08-29 2007-10-10 2007-12-15 2008-02-01 2008-09-01 log_opt_values /usr/lib/python3/dist-packages/oslo_config/cfg.py:2609
2025-10-23 00:42:46.325 130440 DEBUG oslo_service.service [req-721f6ce8-1876-4f85-bfd5-dbe1938c5f15 - - - - -] api.dhcp_domain = novalocal log_opt_values /usr/lib/python3/dist-packages/oslo_config/cfg.py:2609
2025-10-23 00:42:46.325 131281 DEBUG nova.service [req-f3cc5d79-c525-4a53-9e89-49cd2e349fc2 - - - - -] Creating RPC server for service scheduler start /usr/lib/python3/dist-packages/nova/service.py:182
2025-10-23 00:42:46.326 130440 DEBUG oslo_service.service [req-721f6ce8-1876-4f85-bfd5-dbe1938c5f15 - - - - -] api.enable_instance_password = True log_opt_values /usr/lib/python3/dist-packages/oslo_config/cfg.py:2609
2025-10-23 00:42:46.326 130440 DEBUG oslo_service.service [req-721f6ce8-1876-4f85-bfd5-dbe1938c5f15 - - - - -] api.glance_link_prefix = None log_opt_values /usr/lib/python3/dist-packages/oslo_config/cfg.py:2609
2025-10-23 00:42:46.326 130440 DEBUG oslo_service.service [req-721f6ce8-1876-4f85-bfd5-dbe1938c5f15 - - - - -] api.instance_list_cells_batch_fixed_size = 100 log_opt_values /usr/lib/python3/dist-packages/oslo_config/cfg.py:2609
2025-10-23 00:42:46.326 130440 DEBUG oslo_service.service [req-721f6ce8-1876-4f85-bfd5-dbe1938c5f15 - - - - -] api.instance_list_cells_batch_strategy = distributed log_opt_values /usr/lib/python3/dist-packages/oslo_config/cfg.py:2609
2025-10-23 00:42:46.327 130440 DEBUG oslo_service.service [req-721f6ce8-1876-4f85-bfd5-dbe1938c5f15 - - - - -] api.instance_list_per_project_cells = False log_opt_values /usr/lib/python3/dist-packages/oslo_config/cfg.py:2609
2025-10-23 00:42:46.327 130440 DEBUG oslo_service.service [req-721f6ce8-1876-4f85-bfd5-dbe1938c5f15 - - - - -] api.list_records_by_skipping_down_cells = True log_opt_values /usr/lib/python3/dist-packages/oslo_config/cfg.py:2609
2025-10-23 00:42:46.327 130440 DEBUG oslo_service.service [req-721f6ce8-1876-4f85-bfd5-dbe1938c5f15 - - - - -] api.local_metadata_per_cell = False log_opt_values /usr/lib/python3/dist-packages/oslo_config/cfg.py:2609
2025-10-23 00:42:46.327 130440 DEBUG oslo_service.service [req-721f6ce8-1876-4f85-bfd5-dbe1938c5f15 - - - - -] api.max_limit = 1000 log_opt_values /usr/lib/python3/dist-packages/oslo_config/cfg.py:2609
2025-10-23 00:42:46.327 130440 DEBUG oslo_service.service [req-721f6ce8-1876-4f85-bfd5-dbe1938c5f15 - - - - -] api.metadata_cache_expiration = 15 log_opt_values /usr/lib/python3/dist-packages/oslo_config/cfg.py:2609
2025-10-23 00:42:46.328 130440 DEBUG oslo_service.service [req-721f6ce8-1876-4f85-bfd5-dbe1938c5f15 - - - - -] api.neutron_default_tenant_id = default log_opt_values /usr/lib/python3/dist-packages/oslo_config/cfg.py:2609
2025-10-23 00:42:46.328 130440 DEBUG oslo_service.service [req-721f6ce8-1876-4f85-bfd5-dbe1938c5f15 - - - - -] api.use_forwarded_for = False log_opt_values /usr/lib/python3/dist-packages/oslo_config/cfg.py:2609
2025-10-23 00:42:46.328 130440 DEBUG oslo_service.service [req-721f6ce8-1876-4f85-bfd5-dbe1938c5f15 - - - - -] api.use_neutron_default_nets = False log_opt_values /usr/lib/python3/dist-packages/oslo_config/cfg.py:2609
2025-10-23 00:42:46.328 130440 DEBUG oslo_service.service [req-721f6ce8-1876-4f85-bfd5-dbe1938c5f15 - - - - -] api.vendordata_dynamic_connect_timeout = 5 log_opt_values /usr/lib/python3/dist-packages/oslo_config/cfg.py:2609
2025-10-23 00:42:46.328 130440 DEBUG oslo_service.service [req-721f6ce8-1876-4f85-bfd5-dbe1938c5f15 - - - - -] api.vendordata_dynamic_failure_fatal = False log_opt_values /usr/lib/python3/dist-packages/oslo_config/cfg.py:2609
2025-10-23 00:42:46.329 130440 DEBUG oslo_service.service [req-721f6ce8-1876-4f85-bfd5-dbe1938c5f15 - - - - -] api.vendordata_dynamic_read_timeout = 5 log_opt_values /usr/lib/python3/dist-packages/oslo_config/cfg.py:2609
2025-10-23 00:42:46.330 130440 DEBUG oslo_service.service [req-721f6ce8-1876-4f85-bfd5-dbe1938c5f15 - - - - -] api.vendordata_dynamic_ssl_certfile = log_opt_values /usr/lib/python3/dist-packages/oslo_config/cfg.py:2609
2025-10-23 00:42:46.330 130440 DEBUG oslo_service.service [req-721f6ce8-1876-4f85-bfd5-dbe1938c5f15 - - - - -] api.vendordata_dynamic_targets = [] log_opt_values /usr/lib/python3/dist-packages/oslo_config/cfg.py:2609
2025-10-23 00:42:46.330 130440 DEBUG oslo_service.service [req-721f6ce8-1876-4f85-bfd5-dbe1938c5f15 - - - - -] api.vendordata_jsonfile_path = None log_opt_values /usr/lib/python3/dist-packages/oslo_config/cfg.py:2609
2025-10-23 00:42:46.330 130440 DEBUG oslo_service.service [req-721f6ce8-1876-4f85-bfd5-dbe1938c5f15 - - - - -] api.vendordata_providers = ['StaticJSON'] log_opt_values /usr/lib/python3/dist-packages/oslo_config/cfg.py:2609
2025-10-23 00:42:46.331 130440 DEBUG oslo_service.service [req-721f6ce8-1876-4f85-bfd5-dbe1938c5f15 - - - - -] cache.backend = dogpile.cache.null log_opt_values /usr/lib/python3/dist-packages/oslo_config/cfg.py:2609
2025-10-23 00:42:46.333 130440 DEBUG oslo_service.service [req-721f6ce8-1876-4f85-bfd5-dbe1938c5f15 - - - - -] cache.backend_argument = **** log_opt_values /usr/lib/python3/dist-packages/oslo_config/cfg.py:2609
2025-10-23 00:42:46.335 130440 DEBUG oslo_service.service [req-721f6ce8-1876-4f85-bfd5-dbe1938c5f15 - - - - -] cache.config_prefix = cache.oslo log_opt_values /usr/lib/python3/dist-packages/oslo_config/cfg.py:2609
2025-10-23 00:42:46.336 130440 DEBUG oslo_service.service [req-721f6ce8-1876-4f85-bfd5-dbe1938c5f15 - - - - -] cache.debug_cache_backend = False log_opt_values /usr/lib/python3/dist-packages/oslo_config/cfg.py:2609
2025-10-23 00:42:46.336 130440 DEBUG oslo_service.service [req-721f6ce8-1876-4f85-bfd5-dbe1938c5f15 - - - - -] cache.enabled = False log_opt_values /usr/lib/python3/dist-packages/oslo_config/cfg.py:2609
2025-10-23 00:42:46.337 130440 DEBUG oslo_service.service [req-721f6ce8-1876-4f85-bfd5-dbe1938c5f15 - - - - -] cache.expiration_time = 600 log_opt_values /usr/lib/python3/dist-packages/oslo_config/cfg.py:2609
2025-10-23 00:42:46.337 130440 DEBUG oslo_service.service [req-721f6ce8-1876-4f85-bfd5-dbe1938c5f15 - - - - -] cache.memcache_dead_retry = 300 log_opt_values /usr/lib/python3/dist-packages/oslo_config/cfg.py:2609
2025-10-23 00:42:46.337 130440 DEBUG oslo_service.service [req-721f6ce8-1876-4f85-bfd5-dbe1938c5f15 - - - - -] cache.memcache_pool_connection_get_timeout = 10 log_opt_values /usr/lib/python3/dist-packages/oslo_config/cfg.py:2609
2025-10-23 00:42:46.338 130440 DEBUG oslo_service.service [req-721f6ce8-1876-4f85-bfd5-dbe1938c5f15 - - - - -] cache.memcache_pool_flush_on_reconnect = False log_opt_values /usr/lib/python3/dist-packages/oslo_config/cfg.py:2609
2025-10-23 00:42:46.338 130440 DEBUG oslo_service.service [req-721f6ce8-1876-4f85-bfd5-dbe1938c5f15 - - - - -] cache.memcache_pool_maxsize = 10 log_opt_values /usr/lib/python3/dist-packages/oslo_config/cfg.py:2609
2025-10-23 00:42:46.338 130440 DEBUG oslo_service.service [req-721f6ce8-1876-4f85-bfd5-dbe1938c5f15 - - - - -] cache.memcache_pool_unused_timeout = 60 log_opt_values /usr/lib/python3/dist-packages/oslo_config/cfg.py:2609
2025-10-23 00:42:46.338 130440 DEBUG oslo_service.service [req-721f6ce8-1876-4f85-bfd5-dbe1938c5f15 - - - - -] cache.memcache_servers = ['localhost:11211'] log_opt_values /usr/lib/python3/dist-packages/oslo_config/cfg.py:2609
2025-10-23 00:42:46.339 130440 DEBUG oslo_service.service [req-721f6ce8-1876-4f85-bfd5-dbe1938c5f15 - - - - -] cache.memcache_socket_timeout = 1.0 log_opt_values /usr/lib/python3/dist-packages/oslo_config/cfg.py:2609
2025-10-23 00:42:46.339 130440 DEBUG oslo_service.service [req-721f6ce8-1876-4f85-bfd5-dbe1938c5f15 - - - - -] cache.proxies = [] log_opt_values /usr/lib/python3/dist-packages/oslo_config/cfg.py:2609
2025-10-23 00:42:46.339 130440 DEBUG oslo_service.service [req-721f6ce8-1876-4f85-bfd5-dbe1938c5f15 - - - - -] cache.tls_allowed_ciphers = None log_opt_values /usr/lib/python3/dist-packages/oslo_config/cfg.py:2609
2025-10-23 00:42:46.339 130440 DEBUG oslo_service.service [req-721f6ce8-1876-4f85-bfd5-dbe1938c5f15 - - - - -] cache.tls_cafile = None log_opt_values /usr/lib/python3/dist-packages/oslo_config/cfg.py:2609
2025-10-23 00:42:46.340 130440 DEBUG oslo_service.service [req-721f6ce8-1876-4f85-bfd5-dbe1938c5f15 - - - - -] cache.tls_certfile = None log_opt_values /usr/lib/python3/dist-packages/oslo_config/cfg.py:2609
2025-10-23 00:42:46.340 130440 DEBUG oslo_service.service [req-721f6ce8-1876-4f85-bfd5-dbe1938c5f15 - - - - -] cache.tls_enabled = False log_opt_values /usr/lib/python3/dist-packages/oslo_config/cfg.py:2609
2025-10-23 00:42:46.340 130440 DEBUG oslo_service.service [req-721f6ce8-1876-4f85-bfd5-dbe1938c5f15 - - - - -] cache.tls_keyfile = None log_opt_values /usr/lib/python3/dist-packages/oslo_config/cfg.py:2609
2025-10-23 00:42:46.340 130440 DEBUG oslo_service.service [req-721f6ce8-1876-4f85-bfd5-dbe1938c5f15 - - - - -] cinder.auth_section = None log_opt_values /usr/lib/python3/dist-packages/oslo_config/cfg.py:2609
2025-10-23 00:42:46.340 130440 DEBUG oslo_service.service [req-721f6ce8-1876-4f85-bfd5-dbe1938c5f15 - - - - -] cinder.auth_type = None log_opt_values /usr/lib/python3/dist-packages/oslo_config/cfg.py:2609
2025-10-23 00:42:46.340 130440 DEBUG oslo_service.service [req-721f6ce8-1876-4f85-bfd5-dbe1938c5f15 - - - - -] cinder.cafile = None log_opt_values /usr/lib/python3/dist-packages/oslo_config/cfg.py:2609
2025-10-23 00:42:46.341 130440 DEBUG oslo_service.service [req-721f6ce8-1876-4f85-bfd5-dbe1938c5f15 - - - - -] cinder.catalog_info = volumev3::publicURL log_opt_values /usr/lib/python3/dist-packages/oslo_config/cfg.py:2609
2025-10-23 00:42:46.341 130440 DEBUG oslo_service.service [req-721f6ce8-1876-4f85-bfd5-dbe1938c5f15 - - - - -] cinder.certfile = None log_opt_values /usr/lib/python3/dist-packages/oslo_config/cfg.py:2609
2025-10-23 00:42:46.341 130440 DEBUG oslo_service.service [req-721f6ce8-1876-4f85-bfd5-dbe1938c5f15 - - - - -] cinder.collect_timing = False log_opt_values /usr/lib/python3/dist-packages/oslo_config/cfg.py:2609
2025-10-23 00:42:46.341 130440 DEBUG oslo_service.service [req-721f6ce8-1876-4f85-bfd5-dbe1938c5f15 - - - - -] cinder.cross_az_attach = True log_opt_values /usr/lib/python3/dist-packages/oslo_config/cfg.py:2609
2025-10-23 00:42:46.341 130440 DEBUG oslo_service.service [req-721f6ce8-1876-4f85-bfd5-dbe1938c5f15 - - - - -] cinder.debug = False log_opt_values /usr/lib/python3/dist-packages/oslo_config/cfg.py:2609
2025-10-23 00:42:46.341 130440 DEBUG oslo_service.service [req-721f6ce8-1876-4f85-bfd5-dbe1938c5f15 - - - - -] cinder.endpoint_template = None log_opt_values /usr/lib/python3/dist-packages/oslo_config/cfg.py:2609
2025-10-23 00:42:46.342 130440 DEBUG oslo_service.service [req-721f6ce8-1876-4f85-bfd5-dbe1938c5f15 - - - - -] cinder.http_retries = 3 log_opt_values /usr/lib/python3/dist-packages/oslo_config/cfg.py:2609
2025-10-23 00:42:46.342 130440 DEBUG oslo_service.service [req-721f6ce8-1876-4f85-bfd5-dbe1938c5f15 - - - - -] cinder.insecure = False log_opt_values /usr/lib/python3/dist-packages/oslo_config/cfg.py:2609
2025-10-23 00:42:46.342 130440 DEBUG oslo_service.service [req-721f6ce8-1876-4f85-bfd5-dbe1938c5f15 - - - - -] cinder.keyfile = None log_opt_values /usr/lib/python3/dist-packages/oslo_config/cfg.py:2609
2025-10-23 00:42:46.342 130440 DEBUG oslo_service.service [req-721f6ce8-1876-4f85-bfd5-dbe1938c5f15 - - - - -] cinder.os_region_name = None log_opt_values /usr/lib/python3/dist-packages/oslo_config/cfg.py:2609
2025-10-23 00:42:46.342 130440 DEBUG oslo_service.service [req-721f6ce8-1876-4f85-bfd5-dbe1938c5f15 - - - - -] cinder.split_loggers = False log_opt_values /usr/lib/python3/dist-packages/oslo_config/cfg.py:2609
2025-10-23 00:42:46.343 130440 DEBUG oslo_service.service [req-721f6ce8-1876-4f85-bfd5-dbe1938c5f15 - - - - -] cinder.timeout = None log_opt_values /usr/lib/python3/dist-packages/oslo_config/cfg.py:2609
2025-10-23 00:42:46.343 130440 DEBUG oslo_service.service [req-721f6ce8-1876-4f85-bfd5-dbe1938c5f15 - - - - -] compute.consecutive_build_service_disable_threshold = 10 log_opt_values /usr/lib/python3/dist-packages/oslo_config/cfg.py:2609
2025-10-23 00:42:46.343 130440 DEBUG oslo_service.service [req-721f6ce8-1876-4f85-bfd5-dbe1938c5f15 - - - - -] compute.cpu_dedicated_set = None log_opt_values /usr/lib/python3/dist-packages/oslo_config/cfg.py:2609
2025-10-23 00:42:46.343 130440 DEBUG oslo_service.service [req-721f6ce8-1876-4f85-bfd5-dbe1938c5f15 - - - - -] compute.cpu_shared_set = None log_opt_values /usr/lib/python3/dist-packages/oslo_config/cfg.py:2609
2025-10-23 00:42:46.343 130440 DEBUG oslo_service.service [req-721f6ce8-1876-4f85-bfd5-dbe1938c5f15 - - - - -] compute.image_type_exclude_list = [] log_opt_values /usr/lib/python3/dist-packages/oslo_config/cfg.py:2609
2025-10-23 00:42:46.344 130440 DEBUG oslo_service.service [req-721f6ce8-1876-4f85-bfd5-dbe1938c5f15 - - - - -] compute.live_migration_wait_for_vif_plug = True log_opt_values /usr/lib/python3/dist-packages/oslo_config/cfg.py:2609
2025-10-23 00:42:46.344 130440 DEBUG oslo_service.service [req-721f6ce8-1876-4f85-bfd5-dbe1938c5f15 - - - - -] compute.max_concurrent_disk_ops = 0 log_opt_values /usr/lib/python3/dist-packages/oslo_config/cfg.py:2609
2025-10-23 00:42:46.344 130440 DEBUG oslo_service.service [req-721f6ce8-1876-4f85-bfd5-dbe1938c5f15 - - - - -] compute.max_disk_devices_to_attach = -1 log_opt_values /usr/lib/python3/dist-packages/oslo_config/cfg.py:2609
2025-10-23 00:42:46.344 130440 DEBUG oslo_service.service [req-721f6ce8-1876-4f85-bfd5-dbe1938c5f15 - - - - -] compute.packing_host_numa_cells_allocation_strategy = True log_opt_values /usr/lib/python3/dist-packages/oslo_config/cfg.py:2609
2025-10-23 00:42:46.344 130440 DEBUG oslo_service.service [req-721f6ce8-1876-4f85-bfd5-dbe1938c5f15 - - - - -] compute.provider_config_location = /etc/nova/provider_config/ log_opt_values /usr/lib/python3/dist-packages/oslo_config/cfg.py:2609
2025-10-23 00:42:46.344 130440 DEBUG oslo_service.service [req-721f6ce8-1876-4f85-bfd5-dbe1938c5f15 - - - - -] compute.resource_provider_association_refresh = 300 log_opt_values /usr/lib/python3/dist-packages/oslo_config/cfg.py:2609
2025-10-23 00:42:46.345 130440 DEBUG oslo_service.service [req-721f6ce8-1876-4f85-bfd5-dbe1938c5f15 - - - - -] compute.shutdown_retry_interval = 10 log_opt_values /usr/lib/python3/dist-packages/oslo_config/cfg.py:2609
2025-10-23 00:42:46.347 130440 DEBUG oslo_service.service [req-721f6ce8-1876-4f85-bfd5-dbe1938c5f15 - - - - -] compute.vmdk_allowed_types = ['streamOptimized', 'monolithicSparse'] log_opt_values /usr/lib/python3/dist-packages/oslo_config/cfg.py:2609
2025-10-23 00:42:46.350 130440 DEBUG oslo_service.service [req-721f6ce8-1876-4f85-bfd5-dbe1938c5f15 - - - - -] conductor.workers = 4 log_opt_values /usr/lib/python3/dist-packages/oslo_config/cfg.py:2609
2025-10-23 00:42:46.350 130440 DEBUG oslo_service.service [req-721f6ce8-1876-4f85-bfd5-dbe1938c5f15 - - - - -] console.allowed_origins = [] log_opt_values /usr/lib/python3/dist-packages/oslo_config/cfg.py:2609
2025-10-23 00:42:46.351 130440 DEBUG oslo_service.service [req-721f6ce8-1876-4f85-bfd5-dbe1938c5f15 - - - - -] console.ssl_ciphers = None log_opt_values /usr/lib/python3/dist-packages/oslo_config/cfg.py:2609
2025-10-23 00:42:46.351 130440 DEBUG oslo_service.service [req-721f6ce8-1876-4f85-bfd5-dbe1938c5f15 - - - - -] console.ssl_minimum_version = default log_opt_values /usr/lib/python3/dist-packages/oslo_config/cfg.py:2609
2025-10-23 00:42:46.352 130440 DEBUG oslo_service.service [req-721f6ce8-1876-4f85-bfd5-dbe1938c5f15 - - - - -] consoleauth.token_ttl = 600 log_opt_values /usr/lib/python3/dist-packages/oslo_config/cfg.py:2609
2025-10-23 00:42:46.352 130440 DEBUG oslo_service.service [req-721f6ce8-1876-4f85-bfd5-dbe1938c5f15 - - - - -] cyborg.cafile = None log_opt_values /usr/lib/python3/dist-packages/oslo_config/cfg.py:2609
2025-10-23 00:42:46.352 130440 DEBUG oslo_service.service [req-721f6ce8-1876-4f85-bfd5-dbe1938c5f15 - - - - -] cyborg.certfile = None log_opt_values /usr/lib/python3/dist-packages/oslo_config/cfg.py:2609
2025-10-23 00:42:46.352 130440 DEBUG oslo_service.service [req-721f6ce8-1876-4f85-bfd5-dbe1938c5f15 - - - - -] cyborg.collect_timing = False log_opt_values /usr/lib/python3/dist-packages/oslo_config/cfg.py:2609
2025-10-23 00:42:46.352 130440 DEBUG oslo_service.service [req-721f6ce8-1876-4f85-bfd5-dbe1938c5f15 - - - - -] cyborg.connect_retries = None log_opt_values /usr/lib/python3/dist-packages/oslo_config/cfg.py:2609
2025-10-23 00:42:46.353 130440 DEBUG oslo_service.service [req-721f6ce8-1876-4f85-bfd5-dbe1938c5f15 - - - - -] cyborg.connect_retry_delay = None log_opt_values /usr/lib/python3/dist-packages/oslo_config/cfg.py:2609
2025-10-23 00:42:46.353 130440 DEBUG oslo_service.service [req-721f6ce8-1876-4f85-bfd5-dbe1938c5f15 - - - - -] cyborg.endpoint_override = None log_opt_values /usr/lib/python3/dist-packages/oslo_config/cfg.py:2609
2025-10-23 00:42:46.353 130440 DEBUG oslo_service.service [req-721f6ce8-1876-4f85-bfd5-dbe1938c5f15 - - - - -] cyborg.insecure = False log_opt_values /usr/lib/python3/dist-packages/oslo_config/cfg.py:2609
2025-10-23 00:42:46.353 130440 DEBUG oslo_service.service [req-721f6ce8-1876-4f85-bfd5-dbe1938c5f15 - - - - -] cyborg.keyfile = None log_opt_values /usr/lib/python3/dist-packages/oslo_config/cfg.py:2609
2025-10-23 00:42:46.353 130440 DEBUG oslo_service.service [req-721f6ce8-1876-4f85-bfd5-dbe1938c5f15 - - - - -] cyborg.max_version = None log_opt_values /usr/lib/python3/dist-packages/oslo_config/cfg.py:2609
2025-10-23 00:42:46.353 130440 DEBUG oslo_service.service [req-721f6ce8-1876-4f85-bfd5-dbe1938c5f15 - - - - -] cyborg.min_version = None log_opt_values /usr/lib/python3/dist-packages/oslo_config/cfg.py:2609
2025-10-23 00:42:46.354 130440 DEBUG oslo_service.service [req-721f6ce8-1876-4f85-bfd5-dbe1938c5f15 - - - - -] cyborg.region_name = None log_opt_values /usr/lib/python3/dist-packages/oslo_config/cfg.py:2609
2025-10-23 00:42:46.354 131282 DEBUG oslo_messaging._drivers.amqpdriver [-] Listener is running poll /usr/lib/python3/dist-packages/oslo_messaging/_drivers/amqpdriver.py:343
2025-10-23 00:42:46.354 131280 DEBUG oslo_messaging._drivers.amqpdriver [-] Listener is running poll /usr/lib/python3/dist-packages/oslo_messaging/_drivers/amqpdriver.py:343
2025-10-23 00:42:46.355 130440 DEBUG oslo_service.service [req-721f6ce8-1876-4f85-bfd5-dbe1938c5f15 - - - - -] cyborg.service_name = None log_opt_values /usr/lib/python3/dist-packages/oslo_config/cfg.py:2609
2025-10-23 00:42:46.355 131282 DEBUG oslo_messaging._drivers.amqpdriver [-] AMQPListener connection consume poll /usr/lib/python3/dist-packages/oslo_messaging/_drivers/amqpdriver.py:357
2025-10-23 00:42:46.355 131280 DEBUG oslo_messaging._drivers.amqpdriver [-] AMQPListener connection consume poll /usr/lib/python3/dist-packages/oslo_messaging/_drivers/amqpdriver.py:357
2025-10-23 00:42:46.355 130440 DEBUG oslo_service.service [req-721f6ce8-1876-4f85-bfd5-dbe1938c5f15 - - - - -] cyborg.service_type = accelerator log_opt_values /usr/lib/python3/dist-packages/oslo_config/cfg.py:2609
2025-10-23 00:42:46.355 130440 DEBUG oslo_service.service [req-721f6ce8-1876-4f85-bfd5-dbe1938c5f15 - - - - -] cyborg.split_loggers = False log_opt_values /usr/lib/python3/dist-packages/oslo_config/cfg.py:2609
2025-10-23 00:42:46.355 130440 DEBUG oslo_service.service [req-721f6ce8-1876-4f85-bfd5-dbe1938c5f15 - - - - -] cyborg.status_code_retries = None log_opt_values /usr/lib/python3/dist-packages/oslo_config/cfg.py:2609
2025-10-23 00:42:46.355 130440 DEBUG oslo_service.service [req-721f6ce8-1876-4f85-bfd5-dbe1938c5f15 - - - - -] cyborg.status_code_retry_delay = None log_opt_values /usr/lib/python3/dist-packages/oslo_config/cfg.py:2609
2025-10-23 00:42:46.356 130440 DEBUG oslo_service.service [req-721f6ce8-1876-4f85-bfd5-dbe1938c5f15 - - - - -] cyborg.timeout = None log_opt_values /usr/lib/python3/dist-packages/oslo_config/cfg.py:2609
2025-10-23 00:42:46.355 131282 DEBUG nova.service [req-95f8d382-eb60-4573-9b5f-6a55046f90de - - - - -] Join ServiceGroup membership for this service scheduler start /usr/lib/python3/dist-packages/nova/service.py:199
2025-10-23 00:42:46.356 130440 DEBUG oslo_service.service [req-721f6ce8-1876-4f85-bfd5-dbe1938c5f15 - - - - -] cyborg.valid_interfaces = ['internal', 'public'] log_opt_values /usr/lib/python3/dist-packages/oslo_config/cfg.py:2609
2025-10-23 00:42:46.356 131282 DEBUG nova.servicegroup.drivers.db [req-95f8d382-eb60-4573-9b5f-6a55046f90de - - - - -] DB_Driver: join new ServiceGroup member juju-c7d1b9-0-lxd-7 to the scheduler group, service = join /usr/lib/python3/dist-packages/nova/servicegroup/drivers/db.py:44
2025-10-23 00:42:46.356 130440 DEBUG oslo_service.service [req-721f6ce8-1876-4f85-bfd5-dbe1938c5f15 - - - - -] cyborg.version = None log_opt_values /usr/lib/python3/dist-packages/oslo_config/cfg.py:2609
2025-10-23 00:42:46.356 131280 DEBUG nova.service [req-84e07ee2-9301-4cdb-882e-1cabe627b788 - - - - -] Join ServiceGroup membership for this service scheduler start /usr/lib/python3/dist-packages/nova/service.py:199
2025-10-23 00:42:46.356 130440 DEBUG oslo_service.service [req-721f6ce8-1876-4f85-bfd5-dbe1938c5f15 - - - - -] database.backend = sqlalchemy log_opt_values /usr/lib/python3/dist-packages/oslo_config/cfg.py:2609
2025-10-23 00:42:46.357 130440 DEBUG oslo_service.service [req-721f6ce8-1876-4f85-bfd5-dbe1938c5f15 - - - - -] database.connection = **** log_opt_values /usr/lib/python3/dist-packages/oslo_config/cfg.py:2609
2025-10-23 00:42:46.357 131280 DEBUG nova.servicegroup.drivers.db [req-84e07ee2-9301-4cdb-882e-1cabe627b788 - - - - -] DB_Driver: join new ServiceGroup member juju-c7d1b9-0-lxd-7 to the scheduler group, service = join /usr/lib/python3/dist-packages/nova/servicegroup/drivers/db.py:44
2025-10-23 00:42:46.358 130440 DEBUG oslo_service.service [req-721f6ce8-1876-4f85-bfd5-dbe1938c5f15 - - - - -] database.connection_debug = 0 log_opt_values /usr/lib/python3/dist-packages/oslo_config/cfg.py:2609
2025-10-23 00:42:46.358 130440 DEBUG oslo_service.service [req-721f6ce8-1876-4f85-bfd5-dbe1938c5f15 - - - - -] database.connection_parameters = log_opt_values /usr/lib/python3/dist-packages/oslo_config/cfg.py:2609
2025-10-23 00:42:46.358 130440 DEBUG oslo_service.service [req-721f6ce8-1876-4f85-bfd5-dbe1938c5f15 - - - - -] database.connection_recycle_time = 3600 log_opt_values /usr/lib/python3/dist-packages/oslo_config/cfg.py:2609
2025-10-23 00:42:46.358 130440 DEBUG oslo_service.service [req-721f6ce8-1876-4f85-bfd5-dbe1938c5f15 - - - - -] database.connection_trace = False log_opt_values /usr/lib/python3/dist-packages/oslo_config/cfg.py:2609
2025-10-23 00:42:46.359 130440 DEBUG oslo_service.service [req-721f6ce8-1876-4f85-bfd5-dbe1938c5f15 - - - - -] database.db_inc_retry_interval = True log_opt_values /usr/lib/python3/dist-packages/oslo_config/cfg.py:2609
2025-10-23 00:42:46.359 131282 DEBUG oslo_messaging._drivers.amqpdriver [-] AMQPListener connection timeout poll /usr/lib/python3/dist-packages/oslo_messaging/_drivers/amqpdriver.py:360
2025-10-23 00:42:46.359 130440 DEBUG oslo_service.service [req-721f6ce8-1876-4f85-bfd5-dbe1938c5f15 - - - - -] database.db_max_retries = 20 log_opt_values /usr/lib/python3/dist-packages/oslo_config/cfg.py:2609
2025-10-23 00:42:46.359 131282 DEBUG oslo_messaging._drivers.amqpdriver [-] Listener is running poll /usr/lib/python3/dist-packages/oslo_messaging/_drivers/amqpdriver.py:343
2025-10-23 00:42:46.359 131282 DEBUG oslo_messaging._drivers.amqpdriver [-] AMQPListener connection consume poll /usr/lib/python3/dist-packages/oslo_messaging/_drivers/amqpdriver.py:357
2025-10-23 00:42:46.359 130440 DEBUG oslo_service.service [req-721f6ce8-1876-4f85-bfd5-dbe1938c5f15 - - - - -] database.db_max_retry_interval = 10 log_opt_values /usr/lib/python3/dist-packages/oslo_config/cfg.py:2609
2025-10-23 00:42:46.359 130440 DEBUG oslo_service.service [req-721f6ce8-1876-4f85-bfd5-dbe1938c5f15 - - - - -] database.db_retry_interval = 1 log_opt_values /usr/lib/python3/dist-packages/oslo_config/cfg.py:2609
2025-10-23 00:42:46.360 130440 DEBUG oslo_service.service [req-721f6ce8-1876-4f85-bfd5-dbe1938c5f15 - - - - -] database.max_overflow = 50 log_opt_values /usr/lib/python3/dist-packages/oslo_config/cfg.py:2609
2025-10-23 00:42:46.360 130440 DEBUG oslo_service.service [req-721f6ce8-1876-4f85-bfd5-dbe1938c5f15 - - - - -] database.max_pool_size = 4 log_opt_values /usr/lib/python3/dist-packages/oslo_config/cfg.py:2609
2025-10-23 00:42:46.360 130440 DEBUG oslo_service.service [req-721f6ce8-1876-4f85-bfd5-dbe1938c5f15 - - - - -] database.max_retries = 10 log_opt_values /usr/lib/python3/dist-packages/oslo_config/cfg.py:2609
2025-10-23 00:42:46.360 130440 DEBUG oslo_service.service [req-721f6ce8-1876-4f85-bfd5-dbe1938c5f15 - - - - -] database.mysql_enable_ndb = False log_opt_values /usr/lib/python3/dist-packages/oslo_config/cfg.py:2609
2025-10-23 00:42:46.360 131280 DEBUG oslo_messaging._drivers.amqpdriver [-] AMQPListener connection timeout poll /usr/lib/python3/dist-packages/oslo_messaging/_drivers/amqpdriver.py:360
2025-10-23 00:42:46.361 130440 DEBUG oslo_service.service [req-721f6ce8-1876-4f85-bfd5-dbe1938c5f15 - - - - -] database.mysql_sql_mode = TRADITIONAL log_opt_values /usr/lib/python3/dist-packages/oslo_config/cfg.py:2609
2025-10-23 00:42:46.361 131280 DEBUG oslo_messaging._drivers.amqpdriver [-] Listener is running poll /usr/lib/python3/dist-packages/oslo_messaging/_drivers/amqpdriver.py:343
2025-10-23 00:42:46.361 131280 DEBUG oslo_messaging._drivers.amqpdriver [-] AMQPListener connection consume poll /usr/lib/python3/dist-packages/oslo_messaging/_drivers/amqpdriver.py:357
2025-10-23 00:42:46.361 130440 DEBUG oslo_service.service [req-721f6ce8-1876-4f85-bfd5-dbe1938c5f15 - - - - -] database.pool_timeout = None log_opt_values /usr/lib/python3/dist-packages/oslo_config/cfg.py:2609
2025-10-23 00:42:46.362 130440 DEBUG oslo_service.service [req-721f6ce8-1876-4f85-bfd5-dbe1938c5f15 - - - - -] database.retry_interval = 10 log_opt_values /usr/lib/python3/dist-packages/oslo_config/cfg.py:2609
2025-10-23 00:42:46.362 130440 DEBUG oslo_service.service [req-721f6ce8-1876-4f85-bfd5-dbe1938c5f15 - - - - -] database.slave_connection = **** log_opt_values /usr/lib/python3/dist-packages/oslo_config/cfg.py:2609
2025-10-23 00:42:46.362 130440 DEBUG oslo_service.service [req-721f6ce8-1876-4f85-bfd5-dbe1938c5f15 - - - - -] database.sqlite_synchronous = True log_opt_values /usr/lib/python3/dist-packages/oslo_config/cfg.py:2609
2025-10-23 00:42:46.362 130440 DEBUG oslo_service.service [req-721f6ce8-1876-4f85-bfd5-dbe1938c5f15 - - - - -] database.use_db_reconnect = False log_opt_values /usr/lib/python3/dist-packages/oslo_config/cfg.py:2609
2025-10-23 00:42:46.362 130440 DEBUG oslo_service.service [req-721f6ce8-1876-4f85-bfd5-dbe1938c5f15 - - - - -] api_database.backend = sqlalchemy log_opt_values /usr/lib/python3/dist-packages/oslo_config/cfg.py:2609
2025-10-23 00:42:46.362 130440 DEBUG oslo_service.service [req-721f6ce8-1876-4f85-bfd5-dbe1938c5f15 - - - - -] api_database.connection = **** log_opt_values /usr/lib/python3/dist-packages/oslo_config/cfg.py:2609
2025-10-23 00:42:46.363 130440 DEBUG oslo_service.service [req-721f6ce8-1876-4f85-bfd5-dbe1938c5f15 - - - - -] api_database.connection_debug = 0 log_opt_values /usr/lib/python3/dist-packages/oslo_config/cfg.py:2609
2025-10-23 00:42:46.363 130440 DEBUG oslo_service.service [req-721f6ce8-1876-4f85-bfd5-dbe1938c5f15 - - - - -] api_database.connection_parameters = log_opt_values /usr/lib/python3/dist-packages/oslo_config/cfg.py:2609
2025-10-23 00:42:46.363 130440 DEBUG oslo_service.service [req-721f6ce8-1876-4f85-bfd5-dbe1938c5f15 - - - - -] api_database.connection_recycle_time = 3600 log_opt_values /usr/lib/python3/dist-packages/oslo_config/cfg.py:2609
2025-10-23 00:42:46.363 130440 DEBUG oslo_service.service [req-721f6ce8-1876-4f85-bfd5-dbe1938c5f15 - - - - -] api_database.connection_trace = False log_opt_values /usr/lib/python3/dist-packages/oslo_config/cfg.py:2609
2025-10-23 00:42:46.363 130440 DEBUG oslo_service.service [req-721f6ce8-1876-4f85-bfd5-dbe1938c5f15 - - - - -] api_database.db_inc_retry_interval = True log_opt_values /usr/lib/python3/dist-packages/oslo_config/cfg.py:2609
2025-10-23 00:42:46.363 130440 DEBUG oslo_service.service [req-721f6ce8-1876-4f85-bfd5-dbe1938c5f15 - - - - -] api_database.db_max_retries = 20 log_opt_values /usr/lib/python3/dist-packages/oslo_config/cfg.py:2609
2025-10-23 00:42:46.364 131279 DEBUG oslo_messaging._drivers.amqpdriver [-] Listener is running poll /usr/lib/python3/dist-packages/oslo_messaging/_drivers/amqpdriver.py:343
2025-10-23 00:42:46.367 131279 DEBUG oslo_messaging._drivers.amqpdriver [-] AMQPListener connection consume poll /usr/lib/python3/dist-packages/oslo_messaging/_drivers/amqpdriver.py:357
2025-10-23 00:42:46.367 130440 DEBUG oslo_service.service [req-721f6ce8-1876-4f85-bfd5-dbe1938c5f15 - - - - -] api_database.db_max_retry_interval = 10 log_opt_values /usr/lib/python3/dist-packages/oslo_config/cfg.py:2609
2025-10-23 00:42:46.365 131281 DEBUG oslo_messaging._drivers.amqpdriver [-] Listener is running poll /usr/lib/python3/dist-packages/oslo_messaging/_drivers/amqpdriver.py:343
2025-10-23 00:42:46.367 130440 DEBUG oslo_service.service [req-721f6ce8-1876-4f85-bfd5-dbe1938c5f15 - - - - -] api_database.db_retry_interval = 1 log_opt_values /usr/lib/python3/dist-packages/oslo_config/cfg.py:2609
2025-10-23 00:42:46.368 130440 DEBUG oslo_service.service [req-721f6ce8-1876-4f85-bfd5-dbe1938c5f15 - - - - -] api_database.max_overflow = 50 log_opt_values /usr/lib/python3/dist-packages/oslo_config/cfg.py:2609
2025-10-23 00:42:46.368 131281 DEBUG oslo_messaging._drivers.amqpdriver [-] AMQPListener connection consume poll /usr/lib/python3/dist-packages/oslo_messaging/_drivers/amqpdriver.py:357
2025-10-23 00:42:46.368 130440 DEBUG oslo_service.service [req-721f6ce8-1876-4f85-bfd5-dbe1938c5f15 - - - - -] api_database.max_pool_size = 4 log_opt_values /usr/lib/python3/dist-packages/oslo_config/cfg.py:2609
2025-10-23 00:42:46.368 130440 DEBUG oslo_service.service [req-721f6ce8-1876-4f85-bfd5-dbe1938c5f15 - - - - -] api_database.max_retries = 10 log_opt_values /usr/lib/python3/dist-packages/oslo_config/cfg.py:2609
2025-10-23 00:42:46.369 130440 DEBUG oslo_service.service [req-721f6ce8-1876-4f85-bfd5-dbe1938c5f15 - - - - -] api_database.mysql_enable_ndb = False log_opt_values /usr/lib/python3/dist-packages/oslo_config/cfg.py:2609
2025-10-23 00:42:46.369 130440 DEBUG oslo_service.service [req-721f6ce8-1876-4f85-bfd5-dbe1938c5f15 - - - - -] api_database.mysql_sql_mode = TRADITIONAL log_opt_values /usr/lib/python3/dist-packages/oslo_config/cfg.py:2609
2025-10-23 00:42:46.369 130440 DEBUG oslo_service.service [req-721f6ce8-1876-4f85-bfd5-dbe1938c5f15 - - - - -] api_database.pool_timeout = None log_opt_values /usr/lib/python3/dist-packages/oslo_config/cfg.py:2609
2025-10-23 00:42:46.370 130440 DEBUG oslo_service.service [req-721f6ce8-1876-4f85-bfd5-dbe1938c5f15 - - - - -] api_database.retry_interval = 10 log_opt_values /usr/lib/python3/dist-packages/oslo_config/cfg.py:2609
2025-10-23 00:42:46.370 130440 DEBUG oslo_service.service [req-721f6ce8-1876-4f85-bfd5-dbe1938c5f15 - - - - -] api_database.slave_connection = **** log_opt_values /usr/lib/python3/dist-packages/oslo_config/cfg.py:2609
2025-10-23 00:42:46.370 131279 DEBUG nova.service [req-3d407611-b73f-481b-b6c1-daab17317143 - - - - -] Join ServiceGroup membership for this service scheduler start /usr/lib/python3/dist-packages/nova/service.py:199
2025-10-23 00:42:46.370 130440 DEBUG oslo_service.service [req-721f6ce8-1876-4f85-bfd5-dbe1938c5f15 - - - - -] api_database.sqlite_synchronous = True log_opt_values /usr/lib/python3/dist-packages/oslo_config/cfg.py:2609
2025-10-23 00:42:46.370 131279 DEBUG nova.servicegroup.drivers.db [req-3d407611-b73f-481b-b6c1-daab17317143 - - - - -] DB_Driver: join new ServiceGroup member juju-c7d1b9-0-lxd-7 to the scheduler group, service = join /usr/lib/python3/dist-packages/nova/servicegroup/drivers/db.py:44
2025-10-23 00:42:46.370 130440 DEBUG oslo_service.service [req-721f6ce8-1876-4f85-bfd5-dbe1938c5f15 - - - - -] devices.enabled_mdev_types = [] log_opt_values /usr/lib/python3/dist-packages/oslo_config/cfg.py:2609
2025-10-23 00:42:46.370 130440 DEBUG oslo_service.service [req-721f6ce8-1876-4f85-bfd5-dbe1938c5f15 - - - - -] ephemeral_storage_encryption.cipher = aes-xts-plain64 log_opt_values /usr/lib/python3/dist-packages/oslo_config/cfg.py:2609
2025-10-23 00:42:46.369 131281 DEBUG nova.service [req-f3cc5d79-c525-4a53-9e89-49cd2e349fc2 - - - - -] Join ServiceGroup membership for this service scheduler start /usr/lib/python3/dist-packages/nova/service.py:199
2025-10-23 00:42:46.371 130440 DEBUG oslo_service.service [req-721f6ce8-1876-4f85-bfd5-dbe1938c5f15 - - - - -] ephemeral_storage_encryption.enabled = False log_opt_values /usr/lib/python3/dist-packages/oslo_config/cfg.py:2609
2025-10-23 00:42:46.371 130440 DEBUG oslo_service.service [req-721f6ce8-1876-4f85-bfd5-dbe1938c5f15 - - - - -] ephemeral_storage_encryption.key_size = 512 log_opt_values /usr/lib/python3/dist-packages/oslo_config/cfg.py:2609
2025-10-23 00:42:46.371 131281 DEBUG nova.servicegroup.drivers.db [req-f3cc5d79-c525-4a53-9e89-49cd2e349fc2 - - - - -] DB_Driver: join new ServiceGroup member juju-c7d1b9-0-lxd-7 to the scheduler group, service = join /usr/lib/python3/dist-packages/nova/servicegroup/drivers/db.py:44
2025-10-23 00:42:46.371 130440 WARNING oslo_config.cfg [req-721f6ce8-1876-4f85-bfd5-dbe1938c5f15 - - - - -] Deprecated: Option "api_servers" from group "glance" is deprecated for removal ( Support for image service configuration via standard keystoneauth1 Adapter options was added in the 17.0.0 Queens release. The api_servers option was retained temporarily to allow consumers time to cut over to a real load balancing solution. ). Its value may be silently ignored in the future.
2025-10-23 00:42:46.371 130440 DEBUG oslo_service.service [req-721f6ce8-1876-4f85-bfd5-dbe1938c5f15 - - - - -] glance.api_servers = ['http://252.131.119.161:9292'] log_opt_values /usr/lib/python3/dist-packages/oslo_config/cfg.py:2609
2025-10-23 00:42:46.372 130440 DEBUG oslo_service.service [req-721f6ce8-1876-4f85-bfd5-dbe1938c5f15 - - - - -] glance.cafile = None log_opt_values /usr/lib/python3/dist-packages/oslo_config/cfg.py:2609
2025-10-23 00:42:46.372 130440 DEBUG oslo_service.service [req-721f6ce8-1876-4f85-bfd5-dbe1938c5f15 - - - - -] glance.certfile = None log_opt_values /usr/lib/python3/dist-packages/oslo_config/cfg.py:2609
2025-10-23 00:42:46.372 131279 DEBUG oslo_messaging._drivers.amqpdriver [-] AMQPListener connection timeout poll /usr/lib/python3/dist-packages/oslo_messaging/_drivers/amqpdriver.py:360
2025-10-23 00:42:46.372 130440 DEBUG oslo_service.service [req-721f6ce8-1876-4f85-bfd5-dbe1938c5f15 - - - - -] glance.collect_timing = False log_opt_values /usr/lib/python3/dist-packages/oslo_config/cfg.py:2609
2025-10-23 00:42:46.373 131281 DEBUG oslo_messaging._drivers.amqpdriver [-] AMQPListener connection timeout poll /usr/lib/python3/dist-packages/oslo_messaging/_drivers/amqpdriver.py:360
2025-10-23 00:42:46.373 130440 DEBUG oslo_service.service [req-721f6ce8-1876-4f85-bfd5-dbe1938c5f15 - - - - -] glance.connect_retries = None log_opt_values /usr/lib/python3/dist-packages/oslo_config/cfg.py:2609
2025-10-23 00:42:46.373 131281 DEBUG oslo_messaging._drivers.amqpdriver [-] Listener is running poll /usr/lib/python3/dist-packages/oslo_messaging/_drivers/amqpdriver.py:343
2025-10-23 00:42:46.373 131281 DEBUG oslo_messaging._drivers.amqpdriver [-] AMQPListener connection consume poll /usr/lib/python3/dist-packages/oslo_messaging/_drivers/amqpdriver.py:357
2025-10-23 00:42:46.373 130440 DEBUG oslo_service.service [req-721f6ce8-1876-4f85-bfd5-dbe1938c5f15 - - - - -] glance.connect_retry_delay = None log_opt_values /usr/lib/python3/dist-packages/oslo_config/cfg.py:2609
2025-10-23 00:42:46.372 131279 DEBUG oslo_messaging._drivers.amqpdriver [-] Listener is running poll /usr/lib/python3/dist-packages/oslo_messaging/_drivers/amqpdriver.py:343
2025-10-23 00:42:46.373 130440 DEBUG oslo_service.service [req-721f6ce8-1876-4f85-bfd5-dbe1938c5f15 - - - - -] glance.debug = False log_opt_values /usr/lib/python3/dist-packages/oslo_config/cfg.py:2609
2025-10-23 00:42:46.373 131279 DEBUG oslo_messaging._drivers.amqpdriver [-] AMQPListener connection consume poll /usr/lib/python3/dist-packages/oslo_messaging/_drivers/amqpdriver.py:357
2025-10-23 00:42:46.374 130440 DEBUG oslo_service.service [req-721f6ce8-1876-4f85-bfd5-dbe1938c5f15 - - - - -] glance.default_trusted_certificate_ids = [] log_opt_values /usr/lib/python3/dist-packages/oslo_config/cfg.py:2609
2025-10-23 00:42:46.374 130440 DEBUG oslo_service.service [req-721f6ce8-1876-4f85-bfd5-dbe1938c5f15 - - - - -] glance.enable_certificate_validation = False log_opt_values /usr/lib/python3/dist-packages/oslo_config/cfg.py:2609
2025-10-23 00:42:46.374 130440 DEBUG oslo_service.service [req-721f6ce8-1876-4f85-bfd5-dbe1938c5f15 - - - - -] glance.enable_rbd_download = False log_opt_values /usr/lib/python3/dist-packages/oslo_config/cfg.py:2609
2025-10-23 00:42:46.374 130440 DEBUG oslo_service.service [req-721f6ce8-1876-4f85-bfd5-dbe1938c5f15 - - - - -] glance.endpoint_override = None log_opt_values /usr/lib/python3/dist-packages/oslo_config/cfg.py:2609
2025-10-23 00:42:46.375 130440 DEBUG oslo_service.service [req-721f6ce8-1876-4f85-bfd5-dbe1938c5f15 - - - - -] glance.insecure = False log_opt_values /usr/lib/python3/dist-packages/oslo_config/cfg.py:2609
2025-10-23 00:42:46.375 130440 DEBUG oslo_service.service [req-721f6ce8-1876-4f85-bfd5-dbe1938c5f15 - - - - -] glance.keyfile = None log_opt_values /usr/lib/python3/dist-packages/oslo_config/cfg.py:2609
2025-10-23 00:42:46.375 130440 DEBUG oslo_service.service [req-721f6ce8-1876-4f85-bfd5-dbe1938c5f15 - - - - -] glance.max_version = None log_opt_values /usr/lib/python3/dist-packages/oslo_config/cfg.py:2609
2025-10-23 00:42:46.375 130440 DEBUG oslo_service.service [req-721f6ce8-1876-4f85-bfd5-dbe1938c5f15 - - - - -] glance.min_version = None log_opt_values /usr/lib/python3/dist-packages/oslo_config/cfg.py:2609
2025-10-23 00:42:46.376 130440 DEBUG oslo_service.service [req-721f6ce8-1876-4f85-bfd5-dbe1938c5f15 - - - - -] glance.num_retries = 3 log_opt_values /usr/lib/python3/dist-packages/oslo_config/cfg.py:2609
2025-10-23 00:42:46.376 130440 DEBUG oslo_service.service [req-721f6ce8-1876-4f85-bfd5-dbe1938c5f15 - - - - -] glance.rbd_ceph_conf = log_opt_values /usr/lib/python3/dist-packages/oslo_config/cfg.py:2609
2025-10-23 00:42:46.377 130440 DEBUG oslo_service.service [req-721f6ce8-1876-4f85-bfd5-dbe1938c5f15 - - - - -] glance.rbd_connect_timeout = 5 log_opt_values /usr/lib/python3/dist-packages/oslo_config/cfg.py:2609
2025-10-23 00:42:46.377 130440 DEBUG oslo_service.service [req-721f6ce8-1876-4f85-bfd5-dbe1938c5f15 - - - - -] glance.rbd_pool = log_opt_values /usr/lib/python3/dist-packages/oslo_config/cfg.py:2609
2025-10-23 00:42:46.377 130440 DEBUG oslo_service.service [req-721f6ce8-1876-4f85-bfd5-dbe1938c5f15 - - - - -] glance.rbd_user = log_opt_values /usr/lib/python3/dist-packages/oslo_config/cfg.py:2609
2025-10-23 00:42:46.378 130440 DEBUG oslo_service.service [req-721f6ce8-1876-4f85-bfd5-dbe1938c5f15 - - - - -] glance.region_name = None log_opt_values /usr/lib/python3/dist-packages/oslo_config/cfg.py:2609
2025-10-23 00:42:46.378 130440 DEBUG oslo_service.service [req-721f6ce8-1876-4f85-bfd5-dbe1938c5f15 - - - - -] glance.service_name = None log_opt_values /usr/lib/python3/dist-packages/oslo_config/cfg.py:2609
2025-10-23 00:42:46.379 130440 DEBUG oslo_service.service [req-721f6ce8-1876-4f85-bfd5-dbe1938c5f15 - - - - -] glance.service_type = image log_opt_values /usr/lib/python3/dist-packages/oslo_config/cfg.py:2609
2025-10-23 00:42:46.379 130440 DEBUG oslo_service.service [req-721f6ce8-1876-4f85-bfd5-dbe1938c5f15 - - - - -] glance.split_loggers = False log_opt_values /usr/lib/python3/dist-packages/oslo_config/cfg.py:2609
2025-10-23 00:42:46.380 130440 DEBUG oslo_service.service [req-721f6ce8-1876-4f85-bfd5-dbe1938c5f15 - - - - -] glance.status_code_retries = None log_opt_values /usr/lib/python3/dist-packages/oslo_config/cfg.py:2609
2025-10-23 00:42:46.380 130440 DEBUG oslo_service.service [req-721f6ce8-1876-4f85-bfd5-dbe1938c5f15 - - - - -] glance.status_code_retry_delay = None log_opt_values /usr/lib/python3/dist-packages/oslo_config/cfg.py:2609
2025-10-23 00:42:46.380 130440 DEBUG oslo_service.service [req-721f6ce8-1876-4f85-bfd5-dbe1938c5f15 - - - - -] glance.timeout = None log_opt_values /usr/lib/python3/dist-packages/oslo_config/cfg.py:2609
2025-10-23 00:42:46.380 130440 DEBUG oslo_service.service [req-721f6ce8-1876-4f85-bfd5-dbe1938c5f15 - - - - -] glance.valid_interfaces = ['internal', 'public'] log_opt_values /usr/lib/python3/dist-packages/oslo_config/cfg.py:2609
2025-10-23 00:42:46.381 130440 DEBUG oslo_service.service [req-721f6ce8-1876-4f85-bfd5-dbe1938c5f15 - - - - -] glance.verify_glance_signatures = False log_opt_values /usr/lib/python3/dist-packages/oslo_config/cfg.py:2609
2025-10-23 00:42:46.382 130440 DEBUG oslo_service.service [req-721f6ce8-1876-4f85-bfd5-dbe1938c5f15 - - - - -] glance.version = None log_opt_values /usr/lib/python3/dist-packages/oslo_config/cfg.py:2609
2025-10-23 00:42:46.382 130440 DEBUG oslo_service.service [req-721f6ce8-1876-4f85-bfd5-dbe1938c5f15 - - - - -] guestfs.debug = False log_opt_values /usr/lib/python3/dist-packages/oslo_config/cfg.py:2609
2025-10-23 00:42:46.382 130440 DEBUG oslo_service.service [req-721f6ce8-1876-4f85-bfd5-dbe1938c5f15 - - - - -] hyperv.config_drive_cdrom = False log_opt_values /usr/lib/python3/dist-packages/oslo_config/cfg.py:2609
2025-10-23 00:42:46.382 130440 DEBUG oslo_service.service [req-721f6ce8-1876-4f85-bfd5-dbe1938c5f15 - - - - -] hyperv.config_drive_inject_password = False log_opt_values /usr/lib/python3/dist-packages/oslo_config/cfg.py:2609
2025-10-23 00:42:46.383 130440 DEBUG oslo_service.service [req-721f6ce8-1876-4f85-bfd5-dbe1938c5f15 - - - - -] hyperv.dynamic_memory_ratio = 1.0 log_opt_values /usr/lib/python3/dist-packages/oslo_config/cfg.py:2609
2025-10-23 00:42:46.383 130440 DEBUG oslo_service.service [req-721f6ce8-1876-4f85-bfd5-dbe1938c5f15 - - - - -] hyperv.enable_instance_metrics_collection = False log_opt_values /usr/lib/python3/dist-packages/oslo_config/cfg.py:2609
