2025-10-23 00:43:44.335 145238 DEBUG oslo_service.service [req-a722c6c8-8a7d-4408-81ce-a1213ac7b249 - - - - -] source_is_ipv6 = False log_opt_values /usr/lib/python3/dist-packages/oslo_config/cfg.py:2602
2025-10-23 00:43:44.335 145238 DEBUG oslo_service.service [req-a722c6c8-8a7d-4408-81ce-a1213ac7b249 - - - - -] ssl_only = False log_opt_values /usr/lib/python3/dist-packages/oslo_config/cfg.py:2602
2025-10-23 00:43:44.335 145238 DEBUG oslo_service.service [req-a722c6c8-8a7d-4408-81ce-a1213ac7b249 - - - - -] state_path = /var/lib/nova log_opt_values /usr/lib/python3/dist-packages/oslo_config/cfg.py:2602
2025-10-23 00:43:44.335 145238 DEBUG oslo_service.service [req-a722c6c8-8a7d-4408-81ce-a1213ac7b249 - - - - -] sync_power_state_interval = 600 log_opt_values /usr/lib/python3/dist-packages/oslo_config/cfg.py:2602
2025-10-23 00:43:44.335 145238 DEBUG oslo_service.service [req-a722c6c8-8a7d-4408-81ce-a1213ac7b249 - - - - -] sync_power_state_pool_size = 1000 log_opt_values /usr/lib/python3/dist-packages/oslo_config/cfg.py:2602
2025-10-23 00:43:44.335 145238 DEBUG oslo_service.service [req-a722c6c8-8a7d-4408-81ce-a1213ac7b249 - - - - -] syslog_log_facility = LOG_USER log_opt_values /usr/lib/python3/dist-packages/oslo_config/cfg.py:2602
2025-10-23 00:43:44.336 145238 DEBUG oslo_service.service [req-a722c6c8-8a7d-4408-81ce-a1213ac7b249 - - - - -] tempdir = None log_opt_values /usr/lib/python3/dist-packages/oslo_config/cfg.py:2602
2025-10-23 00:43:44.336 145238 DEBUG oslo_service.service [req-a722c6c8-8a7d-4408-81ce-a1213ac7b249 - - - - -] timeout_nbd = 10 log_opt_values /usr/lib/python3/dist-packages/oslo_config/cfg.py:2602
2025-10-23 00:43:44.336 145238 DEBUG oslo_service.service [req-a722c6c8-8a7d-4408-81ce-a1213ac7b249 - - - - -] transport_url = **** log_opt_values /usr/lib/python3/dist-packages/oslo_config/cfg.py:2602
2025-10-23 00:43:44.336 145238 DEBUG oslo_service.service [req-a722c6c8-8a7d-4408-81ce-a1213ac7b249 - - - - -] update_resources_interval = 0 log_opt_values /usr/lib/python3/dist-packages/oslo_config/cfg.py:2602
2025-10-23 00:43:44.336 145238 DEBUG oslo_service.service [req-a722c6c8-8a7d-4408-81ce-a1213ac7b249 - - - - -] use_cow_images = True log_opt_values /usr/lib/python3/dist-packages/oslo_config/cfg.py:2602
2025-10-23 00:43:44.337 145238 DEBUG oslo_service.service [req-a722c6c8-8a7d-4408-81ce-a1213ac7b249 - - - - -] use_eventlog = False log_opt_values /usr/lib/python3/dist-packages/oslo_config/cfg.py:2602
2025-10-23 00:43:44.337 145238 DEBUG oslo_service.service [req-a722c6c8-8a7d-4408-81ce-a1213ac7b249 - - - - -] use_journal = False log_opt_values /usr/lib/python3/dist-packages/oslo_config/cfg.py:2602
2025-10-23 00:43:44.337 145238 DEBUG oslo_service.service [req-a722c6c8-8a7d-4408-81ce-a1213ac7b249 - - - - -] use_json = False log_opt_values /usr/lib/python3/dist-packages/oslo_config/cfg.py:2602
2025-10-23 00:43:44.337 145238 DEBUG oslo_service.service [req-a722c6c8-8a7d-4408-81ce-a1213ac7b249 - - - - -] use_rootwrap_daemon = False log_opt_values /usr/lib/python3/dist-packages/oslo_config/cfg.py:2602
2025-10-23 00:43:44.337 145238 DEBUG oslo_service.service [req-a722c6c8-8a7d-4408-81ce-a1213ac7b249 - - - - -] use_stderr = False log_opt_values /usr/lib/python3/dist-packages/oslo_config/cfg.py:2602
2025-10-23 00:43:44.338 145238 DEBUG oslo_service.service [req-a722c6c8-8a7d-4408-81ce-a1213ac7b249 - - - - -] use_syslog = False log_opt_values /usr/lib/python3/dist-packages/oslo_config/cfg.py:2602
2025-10-23 00:43:44.338 145238 DEBUG oslo_service.service [req-a722c6c8-8a7d-4408-81ce-a1213ac7b249 - - - - -] vcpu_pin_set = None log_opt_values /usr/lib/python3/dist-packages/oslo_config/cfg.py:2602
2025-10-23 00:43:44.338 145238 DEBUG oslo_service.service [req-a722c6c8-8a7d-4408-81ce-a1213ac7b249 - - - - -] vif_plugging_is_fatal = True log_opt_values /usr/lib/python3/dist-packages/oslo_config/cfg.py:2602
2025-10-23 00:43:44.338 145238 DEBUG oslo_service.service [req-a722c6c8-8a7d-4408-81ce-a1213ac7b249 - - - - -] vif_plugging_timeout = 300 log_opt_values /usr/lib/python3/dist-packages/oslo_config/cfg.py:2602
2025-10-23 00:43:44.338 145238 DEBUG oslo_service.service [req-a722c6c8-8a7d-4408-81ce-a1213ac7b249 - - - - -] virt_mkfs = [] log_opt_values /usr/lib/python3/dist-packages/oslo_config/cfg.py:2602
2025-10-23 00:43:44.338 145238 DEBUG oslo_service.service [req-a722c6c8-8a7d-4408-81ce-a1213ac7b249 - - - - -] volume_usage_poll_interval = 0 log_opt_values /usr/lib/python3/dist-packages/oslo_config/cfg.py:2602
2025-10-23 00:43:44.339 145238 DEBUG oslo_service.service [req-a722c6c8-8a7d-4408-81ce-a1213ac7b249 - - - - -] watch_log_file = False log_opt_values /usr/lib/python3/dist-packages/oslo_config/cfg.py:2602
2025-10-23 00:43:44.339 145238 DEBUG oslo_service.service [req-a722c6c8-8a7d-4408-81ce-a1213ac7b249 - - - - -] web = /usr/share/spice-html5 log_opt_values /usr/lib/python3/dist-packages/oslo_config/cfg.py:2602
2025-10-23 00:43:44.339 145238 DEBUG oslo_service.service [req-a722c6c8-8a7d-4408-81ce-a1213ac7b249 - - - - -] oslo_concurrency.disable_process_locking = False log_opt_values /usr/lib/python3/dist-packages/oslo_config/cfg.py:2609
2025-10-23 00:43:44.340 145238 DEBUG oslo_service.service [req-a722c6c8-8a7d-4408-81ce-a1213ac7b249 - - - - -] oslo_concurrency.lock_path = /var/lock/nova log_opt_values /usr/lib/python3/dist-packages/oslo_config/cfg.py:2609
2025-10-23 00:43:44.340 145543 DEBUG nova.service [req-2578ff7c-0984-48e9-9b2d-c97aa1a95dd9 - - - - -] Creating RPC server for service conductor start /usr/lib/python3/dist-packages/nova/service.py:182
2025-10-23 00:43:44.340 145238 DEBUG oslo_service.service [req-a722c6c8-8a7d-4408-81ce-a1213ac7b249 - - - - -] oslo_messaging_metrics.metrics_buffer_size = 1000 log_opt_values /usr/lib/python3/dist-packages/oslo_config/cfg.py:2609
2025-10-23 00:43:44.340 145238 DEBUG oslo_service.service [req-a722c6c8-8a7d-4408-81ce-a1213ac7b249 - - - - -] oslo_messaging_metrics.metrics_enabled = False log_opt_values /usr/lib/python3/dist-packages/oslo_config/cfg.py:2609
2025-10-23 00:43:44.340 145238 DEBUG oslo_service.service [req-a722c6c8-8a7d-4408-81ce-a1213ac7b249 - - - - -] oslo_messaging_metrics.metrics_process_name = log_opt_values /usr/lib/python3/dist-packages/oslo_config/cfg.py:2609
2025-10-23 00:43:44.340 145238 DEBUG oslo_service.service [req-a722c6c8-8a7d-4408-81ce-a1213ac7b249 - - - - -] oslo_messaging_metrics.metrics_socket_file = /var/tmp/metrics_collector.sock log_opt_values /usr/lib/python3/dist-packages/oslo_config/cfg.py:2609
2025-10-23 00:43:44.341 145238 DEBUG oslo_service.service [req-a722c6c8-8a7d-4408-81ce-a1213ac7b249 - - - - -] oslo_messaging_metrics.metrics_thread_stop_timeout = 10 log_opt_values /usr/lib/python3/dist-packages/oslo_config/cfg.py:2609
2025-10-23 00:43:44.341 145238 WARNING oslo_config.cfg [req-a722c6c8-8a7d-4408-81ce-a1213ac7b249 - - - - -] Deprecated: Option "auth_strategy" from group "api" is deprecated for removal ( The only non-default choice, ``noauth2``, is for internal development and testing purposes only and should not be used in deployments. This option and its middleware, NoAuthMiddleware[V2_18], will be removed in a future release. ). Its value may be silently ignored in the future.
2025-10-23 00:43:44.341 145238 DEBUG oslo_service.service [req-a722c6c8-8a7d-4408-81ce-a1213ac7b249 - - - - -] api.auth_strategy = keystone log_opt_values /usr/lib/python3/dist-packages/oslo_config/cfg.py:2609
2025-10-23 00:43:44.342 145238 DEBUG oslo_service.service [req-a722c6c8-8a7d-4408-81ce-a1213ac7b249 - - - - -] api.compute_link_prefix = None log_opt_values /usr/lib/python3/dist-packages/oslo_config/cfg.py:2609
2025-10-23 00:43:44.342 145238 DEBUG oslo_service.service [req-a722c6c8-8a7d-4408-81ce-a1213ac7b249 - - - - -] api.config_drive_skip_versions = 1.0 2007-01-19 2007-03-01 2007-08-29 2007-10-10 2007-12-15 2008-02-01 2008-09-01 log_opt_values /usr/lib/python3/dist-packages/oslo_config/cfg.py:2609
2025-10-23 00:43:44.342 145238 DEBUG oslo_service.service [req-a722c6c8-8a7d-4408-81ce-a1213ac7b249 - - - - -] api.dhcp_domain = novalocal log_opt_values /usr/lib/python3/dist-packages/oslo_config/cfg.py:2609
2025-10-23 00:43:44.342 145238 DEBUG oslo_service.service [req-a722c6c8-8a7d-4408-81ce-a1213ac7b249 - - - - -] api.enable_instance_password = True log_opt_values /usr/lib/python3/dist-packages/oslo_config/cfg.py:2609
2025-10-23 00:43:44.342 145238 DEBUG oslo_service.service [req-a722c6c8-8a7d-4408-81ce-a1213ac7b249 - - - - -] api.glance_link_prefix = None log_opt_values /usr/lib/python3/dist-packages/oslo_config/cfg.py:2609
2025-10-23 00:43:44.343 145238 DEBUG oslo_service.service [req-a722c6c8-8a7d-4408-81ce-a1213ac7b249 - - - - -] api.instance_list_cells_batch_fixed_size = 100 log_opt_values /usr/lib/python3/dist-packages/oslo_config/cfg.py:2609
2025-10-23 00:43:44.343 145238 DEBUG oslo_service.service [req-a722c6c8-8a7d-4408-81ce-a1213ac7b249 - - - - -] api.instance_list_cells_batch_strategy = distributed log_opt_values /usr/lib/python3/dist-packages/oslo_config/cfg.py:2609
2025-10-23 00:43:44.343 145238 DEBUG oslo_service.service [req-a722c6c8-8a7d-4408-81ce-a1213ac7b249 - - - - -] api.instance_list_per_project_cells = False log_opt_values /usr/lib/python3/dist-packages/oslo_config/cfg.py:2609
2025-10-23 00:43:44.343 145238 DEBUG oslo_service.service [req-a722c6c8-8a7d-4408-81ce-a1213ac7b249 - - - - -] api.list_records_by_skipping_down_cells = True log_opt_values /usr/lib/python3/dist-packages/oslo_config/cfg.py:2609
2025-10-23 00:43:44.343 145238 DEBUG oslo_service.service [req-a722c6c8-8a7d-4408-81ce-a1213ac7b249 - - - - -] api.local_metadata_per_cell = False log_opt_values /usr/lib/python3/dist-packages/oslo_config/cfg.py:2609
2025-10-23 00:43:44.343 145542 DEBUG oslo_db.sqlalchemy.engines [req-d22ccd01-83d4-482e-9602-9492662fc725 - - - - -] MySQL server mode set to STRICT_TRANS_TABLES,STRICT_ALL_TABLES,NO_ZERO_IN_DATE,NO_ZERO_DATE,ERROR_FOR_DIVISION_BY_ZERO,TRADITIONAL,NO_ENGINE_SUBSTITUTION _check_effective_sql_mode /usr/lib/python3/dist-packages/oslo_db/sqlalchemy/engines.py:314
2025-10-23 00:43:44.343 145238 DEBUG oslo_service.service [req-a722c6c8-8a7d-4408-81ce-a1213ac7b249 - - - - -] api.max_limit = 1000 log_opt_values /usr/lib/python3/dist-packages/oslo_config/cfg.py:2609
2025-10-23 00:43:44.344 145238 DEBUG oslo_service.service [req-a722c6c8-8a7d-4408-81ce-a1213ac7b249 - - - - -] api.metadata_cache_expiration = 15 log_opt_values /usr/lib/python3/dist-packages/oslo_config/cfg.py:2609
2025-10-23 00:43:44.344 145238 DEBUG oslo_service.service [req-a722c6c8-8a7d-4408-81ce-a1213ac7b249 - - - - -] api.neutron_default_tenant_id = default log_opt_values /usr/lib/python3/dist-packages/oslo_config/cfg.py:2609
2025-10-23 00:43:44.344 145238 DEBUG oslo_service.service [req-a722c6c8-8a7d-4408-81ce-a1213ac7b249 - - - - -] api.use_forwarded_for = False log_opt_values /usr/lib/python3/dist-packages/oslo_config/cfg.py:2609
2025-10-23 00:43:44.344 145238 DEBUG oslo_service.service [req-a722c6c8-8a7d-4408-81ce-a1213ac7b249 - - - - -] api.use_neutron_default_nets = False log_opt_values /usr/lib/python3/dist-packages/oslo_config/cfg.py:2609
2025-10-23 00:43:44.344 145238 DEBUG oslo_service.service [req-a722c6c8-8a7d-4408-81ce-a1213ac7b249 - - - - -] api.vendordata_dynamic_connect_timeout = 5 log_opt_values /usr/lib/python3/dist-packages/oslo_config/cfg.py:2609
2025-10-23 00:43:44.345 145238 DEBUG oslo_service.service [req-a722c6c8-8a7d-4408-81ce-a1213ac7b249 - - - - -] api.vendordata_dynamic_failure_fatal = False log_opt_values /usr/lib/python3/dist-packages/oslo_config/cfg.py:2609
2025-10-23 00:43:44.346 145238 DEBUG oslo_service.service [req-a722c6c8-8a7d-4408-81ce-a1213ac7b249 - - - - -] api.vendordata_dynamic_read_timeout = 5 log_opt_values /usr/lib/python3/dist-packages/oslo_config/cfg.py:2609
2025-10-23 00:43:44.346 145238 DEBUG oslo_service.service [req-a722c6c8-8a7d-4408-81ce-a1213ac7b249 - - - - -] api.vendordata_dynamic_ssl_certfile = log_opt_values /usr/lib/python3/dist-packages/oslo_config/cfg.py:2609
2025-10-23 00:43:44.346 145238 DEBUG oslo_service.service [req-a722c6c8-8a7d-4408-81ce-a1213ac7b249 - - - - -] api.vendordata_dynamic_targets = [] log_opt_values /usr/lib/python3/dist-packages/oslo_config/cfg.py:2609
2025-10-23 00:43:44.346 145238 DEBUG oslo_service.service [req-a722c6c8-8a7d-4408-81ce-a1213ac7b249 - - - - -] api.vendordata_jsonfile_path = None log_opt_values /usr/lib/python3/dist-packages/oslo_config/cfg.py:2609
2025-10-23 00:43:44.346 145238 DEBUG oslo_service.service [req-a722c6c8-8a7d-4408-81ce-a1213ac7b249 - - - - -] api.vendordata_providers = ['StaticJSON'] log_opt_values /usr/lib/python3/dist-packages/oslo_config/cfg.py:2609
2025-10-23 00:43:44.347 145238 DEBUG oslo_service.service [req-a722c6c8-8a7d-4408-81ce-a1213ac7b249 - - - - -] cache.backend = dogpile.cache.null log_opt_values /usr/lib/python3/dist-packages/oslo_config/cfg.py:2609
2025-10-23 00:43:44.348 145238 DEBUG oslo_service.service [req-a722c6c8-8a7d-4408-81ce-a1213ac7b249 - - - - -] cache.backend_argument = **** log_opt_values /usr/lib/python3/dist-packages/oslo_config/cfg.py:2609
2025-10-23 00:43:44.349 145238 DEBUG oslo_service.service [req-a722c6c8-8a7d-4408-81ce-a1213ac7b249 - - - - -] cache.config_prefix = cache.oslo log_opt_values /usr/lib/python3/dist-packages/oslo_config/cfg.py:2609
2025-10-23 00:43:44.348 145540 DEBUG oslo_messaging._drivers.amqpdriver [-] Listener is running poll /usr/lib/python3/dist-packages/oslo_messaging/_drivers/amqpdriver.py:343
2025-10-23 00:43:44.349 145238 DEBUG oslo_service.service [req-a722c6c8-8a7d-4408-81ce-a1213ac7b249 - - - - -] cache.debug_cache_backend = False log_opt_values /usr/lib/python3/dist-packages/oslo_config/cfg.py:2609
2025-10-23 00:43:44.349 145540 DEBUG oslo_messaging._drivers.amqpdriver [-] AMQPListener connection consume poll /usr/lib/python3/dist-packages/oslo_messaging/_drivers/amqpdriver.py:357
2025-10-23 00:43:44.349 145238 DEBUG oslo_service.service [req-a722c6c8-8a7d-4408-81ce-a1213ac7b249 - - - - -] cache.enabled = False log_opt_values /usr/lib/python3/dist-packages/oslo_config/cfg.py:2609
2025-10-23 00:43:44.349 145238 DEBUG oslo_service.service [req-a722c6c8-8a7d-4408-81ce-a1213ac7b249 - - - - -] cache.expiration_time = 600 log_opt_values /usr/lib/python3/dist-packages/oslo_config/cfg.py:2609
2025-10-23 00:43:44.349 145238 DEBUG oslo_service.service [req-a722c6c8-8a7d-4408-81ce-a1213ac7b249 - - - - -] cache.memcache_dead_retry = 300 log_opt_values /usr/lib/python3/dist-packages/oslo_config/cfg.py:2609
2025-10-23 00:43:44.349 145540 DEBUG nova.service [req-599a8814-ee8f-42f6-a44c-0f3ee5d8586d - - - - -] Join ServiceGroup membership for this service conductor start /usr/lib/python3/dist-packages/nova/service.py:199
2025-10-23 00:43:44.350 145238 DEBUG oslo_service.service [req-a722c6c8-8a7d-4408-81ce-a1213ac7b249 - - - - -] cache.memcache_pool_connection_get_timeout = 10 log_opt_values /usr/lib/python3/dist-packages/oslo_config/cfg.py:2609
2025-10-23 00:43:44.350 145540 DEBUG nova.servicegroup.drivers.db [req-599a8814-ee8f-42f6-a44c-0f3ee5d8586d - - - - -] DB_Driver: join new ServiceGroup member juju-c7d1b9-0-lxd-7 to the conductor group, service = join /usr/lib/python3/dist-packages/nova/servicegroup/drivers/db.py:44
2025-10-23 00:43:44.350 145238 DEBUG oslo_service.service [req-a722c6c8-8a7d-4408-81ce-a1213ac7b249 - - - - -] cache.memcache_pool_flush_on_reconnect = False log_opt_values /usr/lib/python3/dist-packages/oslo_config/cfg.py:2609
2025-10-23 00:43:44.351 145540 DEBUG oslo_messaging._drivers.amqpdriver [-] received message msg_id: 7f1e8167ad50453797a8d1ce698c02aa reply to reply_ca3d4edf0d5c40aeb6a0eb7dbb1bae38 __call__ /usr/lib/python3/dist-packages/oslo_messaging/_drivers/amqpdriver.py:320
2025-10-23 00:43:44.352 145238 DEBUG oslo_service.service [req-a722c6c8-8a7d-4408-81ce-a1213ac7b249 - - - - -] cache.memcache_pool_maxsize = 10 log_opt_values /usr/lib/python3/dist-packages/oslo_config/cfg.py:2609
2025-10-23 00:43:44.353 145238 DEBUG oslo_service.service [req-a722c6c8-8a7d-4408-81ce-a1213ac7b249 - - - - -] cache.memcache_pool_unused_timeout = 60 log_opt_values /usr/lib/python3/dist-packages/oslo_config/cfg.py:2609
2025-10-23 00:43:44.353 145238 DEBUG oslo_service.service [req-a722c6c8-8a7d-4408-81ce-a1213ac7b249 - - - - -] cache.memcache_servers = ['localhost:11211'] log_opt_values /usr/lib/python3/dist-packages/oslo_config/cfg.py:2609
2025-10-23 00:43:44.353 145238 DEBUG oslo_service.service [req-a722c6c8-8a7d-4408-81ce-a1213ac7b249 - - - - -] cache.memcache_socket_timeout = 1.0 log_opt_values /usr/lib/python3/dist-packages/oslo_config/cfg.py:2609
2025-10-23 00:43:44.353 145540 DEBUG oslo_messaging._drivers.amqpdriver [-] AMQPListener connection timeout poll /usr/lib/python3/dist-packages/oslo_messaging/_drivers/amqpdriver.py:360
2025-10-23 00:43:44.353 145540 DEBUG oslo_messaging._drivers.amqpdriver [-] Listener is running poll /usr/lib/python3/dist-packages/oslo_messaging/_drivers/amqpdriver.py:343
2025-10-23 00:43:44.353 145238 DEBUG oslo_service.service [req-a722c6c8-8a7d-4408-81ce-a1213ac7b249 - - - - -] cache.proxies = [] log_opt_values /usr/lib/python3/dist-packages/oslo_config/cfg.py:2609
2025-10-23 00:43:44.353 145540 DEBUG oslo_messaging._drivers.amqpdriver [-] Poll the incoming message with unique_id: 0be9bd3dd61549d4addea70585041d08 poll /usr/lib/python3/dist-packages/oslo_messaging/_drivers/amqpdriver.py:346
2025-10-23 00:43:44.353 145238 DEBUG oslo_service.service [req-a722c6c8-8a7d-4408-81ce-a1213ac7b249 - - - - -] cache.tls_allowed_ciphers = None log_opt_values /usr/lib/python3/dist-packages/oslo_config/cfg.py:2609
2025-10-23 00:43:44.354 145238 DEBUG oslo_service.service [req-a722c6c8-8a7d-4408-81ce-a1213ac7b249 - - - - -] cache.tls_cafile = None log_opt_values /usr/lib/python3/dist-packages/oslo_config/cfg.py:2609
2025-10-23 00:43:44.354 145540 DEBUG oslo_messaging._drivers.amqpdriver [-] Listener is running poll /usr/lib/python3/dist-packages/oslo_messaging/_drivers/amqpdriver.py:343
2025-10-23 00:43:44.354 145238 DEBUG oslo_service.service [req-a722c6c8-8a7d-4408-81ce-a1213ac7b249 - - - - -] cache.tls_certfile = None log_opt_values /usr/lib/python3/dist-packages/oslo_config/cfg.py:2609
2025-10-23 00:43:44.354 145540 DEBUG oslo_messaging._drivers.amqpdriver [-] AMQPListener connection consume poll /usr/lib/python3/dist-packages/oslo_messaging/_drivers/amqpdriver.py:357
2025-10-23 00:43:44.354 145238 DEBUG oslo_service.service [req-a722c6c8-8a7d-4408-81ce-a1213ac7b249 - - - - -] cache.tls_enabled = False log_opt_values /usr/lib/python3/dist-packages/oslo_config/cfg.py:2609
2025-10-23 00:43:44.354 145238 DEBUG oslo_service.service [req-a722c6c8-8a7d-4408-81ce-a1213ac7b249 - - - - -] cache.tls_keyfile = None log_opt_values /usr/lib/python3/dist-packages/oslo_config/cfg.py:2609
2025-10-23 00:43:44.354 145238 DEBUG oslo_service.service [req-a722c6c8-8a7d-4408-81ce-a1213ac7b249 - - - - -] cinder.auth_section = None log_opt_values /usr/lib/python3/dist-packages/oslo_config/cfg.py:2609
2025-10-23 00:43:44.354 145238 DEBUG oslo_service.service [req-a722c6c8-8a7d-4408-81ce-a1213ac7b249 - - - - -] cinder.auth_type = None log_opt_values /usr/lib/python3/dist-packages/oslo_config/cfg.py:2609
2025-10-23 00:43:44.355 145238 DEBUG oslo_service.service [req-a722c6c8-8a7d-4408-81ce-a1213ac7b249 - - - - -] cinder.cafile = None log_opt_values /usr/lib/python3/dist-packages/oslo_config/cfg.py:2609
2025-10-23 00:43:44.355 145541 DEBUG oslo_messaging._drivers.amqpdriver [-] Listener is running poll /usr/lib/python3/dist-packages/oslo_messaging/_drivers/amqpdriver.py:343
2025-10-23 00:43:44.356 145238 DEBUG oslo_service.service [req-a722c6c8-8a7d-4408-81ce-a1213ac7b249 - - - - -] cinder.catalog_info = volumev3::publicURL log_opt_values /usr/lib/python3/dist-packages/oslo_config/cfg.py:2609
2025-10-23 00:43:44.356 145238 DEBUG oslo_service.service [req-a722c6c8-8a7d-4408-81ce-a1213ac7b249 - - - - -] cinder.certfile = None log_opt_values /usr/lib/python3/dist-packages/oslo_config/cfg.py:2609
2025-10-23 00:43:44.356 145541 DEBUG oslo_messaging._drivers.amqpdriver [-] AMQPListener connection consume poll /usr/lib/python3/dist-packages/oslo_messaging/_drivers/amqpdriver.py:357
2025-10-23 00:43:44.356 145238 DEBUG oslo_service.service [req-a722c6c8-8a7d-4408-81ce-a1213ac7b249 - - - - -] cinder.collect_timing = False log_opt_values /usr/lib/python3/dist-packages/oslo_config/cfg.py:2609
2025-10-23 00:43:44.356 145238 DEBUG oslo_service.service [req-a722c6c8-8a7d-4408-81ce-a1213ac7b249 - - - - -] cinder.cross_az_attach = True log_opt_values /usr/lib/python3/dist-packages/oslo_config/cfg.py:2609
2025-10-23 00:43:44.356 145541 DEBUG nova.service [req-5e024663-29ec-4ce3-9dff-cdbef0299002 - - - - -] Join ServiceGroup membership for this service conductor start /usr/lib/python3/dist-packages/nova/service.py:199
2025-10-23 00:43:44.356 145238 DEBUG oslo_service.service [req-a722c6c8-8a7d-4408-81ce-a1213ac7b249 - - - - -] cinder.debug = False log_opt_values /usr/lib/python3/dist-packages/oslo_config/cfg.py:2609
2025-10-23 00:43:44.357 145541 DEBUG nova.servicegroup.drivers.db [req-5e024663-29ec-4ce3-9dff-cdbef0299002 - - - - -] DB_Driver: join new ServiceGroup member juju-c7d1b9-0-lxd-7 to the conductor group, service = join /usr/lib/python3/dist-packages/nova/servicegroup/drivers/db.py:44
2025-10-23 00:43:44.357 145238 DEBUG oslo_service.service [req-a722c6c8-8a7d-4408-81ce-a1213ac7b249 - - - - -] cinder.endpoint_template = None log_opt_values /usr/lib/python3/dist-packages/oslo_config/cfg.py:2609
2025-10-23 00:43:44.357 145238 DEBUG oslo_service.service [req-a722c6c8-8a7d-4408-81ce-a1213ac7b249 - - - - -] cinder.http_retries = 3 log_opt_values /usr/lib/python3/dist-packages/oslo_config/cfg.py:2609
2025-10-23 00:43:44.357 145238 DEBUG oslo_service.service [req-a722c6c8-8a7d-4408-81ce-a1213ac7b249 - - - - -] cinder.insecure = False log_opt_values /usr/lib/python3/dist-packages/oslo_config/cfg.py:2609
2025-10-23 00:43:44.358 145238 DEBUG oslo_service.service [req-a722c6c8-8a7d-4408-81ce-a1213ac7b249 - - - - -] cinder.keyfile = None log_opt_values /usr/lib/python3/dist-packages/oslo_config/cfg.py:2609
2025-10-23 00:43:44.358 145238 DEBUG oslo_service.service [req-a722c6c8-8a7d-4408-81ce-a1213ac7b249 - - - - -] cinder.os_region_name = None log_opt_values /usr/lib/python3/dist-packages/oslo_config/cfg.py:2609
2025-10-23 00:43:44.358 145238 DEBUG oslo_service.service [req-a722c6c8-8a7d-4408-81ce-a1213ac7b249 - - - - -] cinder.split_loggers = False log_opt_values /usr/lib/python3/dist-packages/oslo_config/cfg.py:2609
2025-10-23 00:43:44.359 145238 DEBUG oslo_service.service [req-a722c6c8-8a7d-4408-81ce-a1213ac7b249 - - - - -] cinder.timeout = None log_opt_values /usr/lib/python3/dist-packages/oslo_config/cfg.py:2609
2025-10-23 00:43:44.359 145238 DEBUG oslo_service.service [req-a722c6c8-8a7d-4408-81ce-a1213ac7b249 - - - - -] compute.consecutive_build_service_disable_threshold = 10 log_opt_values /usr/lib/python3/dist-packages/oslo_config/cfg.py:2609
2025-10-23 00:43:44.360 145238 DEBUG oslo_service.service [req-a722c6c8-8a7d-4408-81ce-a1213ac7b249 - - - - -] compute.cpu_dedicated_set = None log_opt_values /usr/lib/python3/dist-packages/oslo_config/cfg.py:2609
2025-10-23 00:43:44.360 145541 DEBUG oslo_messaging._drivers.amqpdriver [-] AMQPListener connection timeout poll /usr/lib/python3/dist-packages/oslo_messaging/_drivers/amqpdriver.py:360
2025-10-23 00:43:44.360 145238 DEBUG oslo_service.service [req-a722c6c8-8a7d-4408-81ce-a1213ac7b249 - - - - -] compute.cpu_shared_set = None log_opt_values /usr/lib/python3/dist-packages/oslo_config/cfg.py:2609
2025-10-23 00:43:44.360 145541 DEBUG oslo_messaging._drivers.amqpdriver [-] Listener is running poll /usr/lib/python3/dist-packages/oslo_messaging/_drivers/amqpdriver.py:343
2025-10-23 00:43:44.360 145541 DEBUG oslo_messaging._drivers.amqpdriver [-] AMQPListener connection consume poll /usr/lib/python3/dist-packages/oslo_messaging/_drivers/amqpdriver.py:357
2025-10-23 00:43:44.360 145238 DEBUG oslo_service.service [req-a722c6c8-8a7d-4408-81ce-a1213ac7b249 - - - - -] compute.image_type_exclude_list = [] log_opt_values /usr/lib/python3/dist-packages/oslo_config/cfg.py:2609
2025-10-23 00:43:44.360 145540 DEBUG oslo_messaging._drivers.amqpdriver [req-2f86c8e1-8a8a-4de1-b71a-e671f3d7cfd2 - - - - -] sending reply msg_id: 7f1e8167ad50453797a8d1ce698c02aa reply queue: reply_ca3d4edf0d5c40aeb6a0eb7dbb1bae38 time elapsed: 0.008414333000018814s _send_reply /usr/lib/python3/dist-packages/oslo_messaging/_drivers/amqpdriver.py:118
2025-10-23 00:43:44.360 145238 DEBUG oslo_service.service [req-a722c6c8-8a7d-4408-81ce-a1213ac7b249 - - - - -] compute.live_migration_wait_for_vif_plug = True log_opt_values /usr/lib/python3/dist-packages/oslo_config/cfg.py:2609
2025-10-23 00:43:44.360 145238 DEBUG oslo_service.service [req-a722c6c8-8a7d-4408-81ce-a1213ac7b249 - - - - -] compute.max_concurrent_disk_ops = 0 log_opt_values /usr/lib/python3/dist-packages/oslo_config/cfg.py:2609
2025-10-23 00:43:44.360 145238 DEBUG oslo_service.service [req-a722c6c8-8a7d-4408-81ce-a1213ac7b249 - - - - -] compute.max_disk_devices_to_attach = -1 log_opt_values /usr/lib/python3/dist-packages/oslo_config/cfg.py:2609
2025-10-23 00:43:44.360 145542 DEBUG nova.service [req-d22ccd01-83d4-482e-9602-9492662fc725 - - - - -] Creating RPC server for service conductor start /usr/lib/python3/dist-packages/nova/service.py:182
2025-10-23 00:43:44.361 145238 DEBUG oslo_service.service [req-a722c6c8-8a7d-4408-81ce-a1213ac7b249 - - - - -] compute.packing_host_numa_cells_allocation_strategy = True log_opt_values /usr/lib/python3/dist-packages/oslo_config/cfg.py:2609
2025-10-23 00:43:44.361 145238 DEBUG oslo_service.service [req-a722c6c8-8a7d-4408-81ce-a1213ac7b249 - - - - -] compute.provider_config_location = /etc/nova/provider_config/ log_opt_values /usr/lib/python3/dist-packages/oslo_config/cfg.py:2609
2025-10-23 00:43:44.362 145238 DEBUG oslo_service.service [req-a722c6c8-8a7d-4408-81ce-a1213ac7b249 - - - - -] compute.resource_provider_association_refresh = 300 log_opt_values /usr/lib/python3/dist-packages/oslo_config/cfg.py:2609
2025-10-23 00:43:44.363 145238 DEBUG oslo_service.service [req-a722c6c8-8a7d-4408-81ce-a1213ac7b249 - - - - -] compute.shutdown_retry_interval = 10 log_opt_values /usr/lib/python3/dist-packages/oslo_config/cfg.py:2609
2025-10-23 00:43:44.363 145238 DEBUG oslo_service.service [req-a722c6c8-8a7d-4408-81ce-a1213ac7b249 - - - - -] compute.vmdk_allowed_types = ['streamOptimized', 'monolithicSparse'] log_opt_values /usr/lib/python3/dist-packages/oslo_config/cfg.py:2609
2025-10-23 00:43:44.363 145543 DEBUG oslo_messaging._drivers.amqpdriver [-] Listener is running poll /usr/lib/python3/dist-packages/oslo_messaging/_drivers/amqpdriver.py:343
2025-10-23 00:43:44.363 145238 DEBUG oslo_service.service [req-a722c6c8-8a7d-4408-81ce-a1213ac7b249 - - - - -] conductor.workers = 4 log_opt_values /usr/lib/python3/dist-packages/oslo_config/cfg.py:2609
2025-10-23 00:43:44.363 145543 DEBUG oslo_messaging._drivers.amqpdriver [-] AMQPListener connection consume poll /usr/lib/python3/dist-packages/oslo_messaging/_drivers/amqpdriver.py:357
2025-10-23 00:43:44.363 145238 DEBUG oslo_service.service [req-a722c6c8-8a7d-4408-81ce-a1213ac7b249 - - - - -] console.allowed_origins = [] log_opt_values /usr/lib/python3/dist-packages/oslo_config/cfg.py:2609
2025-10-23 00:43:44.364 145238 DEBUG oslo_service.service [req-a722c6c8-8a7d-4408-81ce-a1213ac7b249 - - - - -] console.ssl_ciphers = None log_opt_values /usr/lib/python3/dist-packages/oslo_config/cfg.py:2609
2025-10-23 00:43:44.364 145238 DEBUG oslo_service.service [req-a722c6c8-8a7d-4408-81ce-a1213ac7b249 - - - - -] console.ssl_minimum_version = default log_opt_values /usr/lib/python3/dist-packages/oslo_config/cfg.py:2609
2025-10-23 00:43:44.364 145238 DEBUG oslo_service.service [req-a722c6c8-8a7d-4408-81ce-a1213ac7b249 - - - - -] consoleauth.token_ttl = 600 log_opt_values /usr/lib/python3/dist-packages/oslo_config/cfg.py:2609
2025-10-23 00:43:44.364 145543 DEBUG nova.service [req-2578ff7c-0984-48e9-9b2d-c97aa1a95dd9 - - - - -] Join ServiceGroup membership for this service conductor start /usr/lib/python3/dist-packages/nova/service.py:199
2025-10-23 00:43:44.364 145238 DEBUG oslo_service.service [req-a722c6c8-8a7d-4408-81ce-a1213ac7b249 - - - - -] cyborg.cafile = None log_opt_values /usr/lib/python3/dist-packages/oslo_config/cfg.py:2609
2025-10-23 00:43:44.364 145543 DEBUG nova.servicegroup.drivers.db [req-2578ff7c-0984-48e9-9b2d-c97aa1a95dd9 - - - - -] DB_Driver: join new ServiceGroup member juju-c7d1b9-0-lxd-7 to the conductor group, service = join /usr/lib/python3/dist-packages/nova/servicegroup/drivers/db.py:44
2025-10-23 00:43:44.364 145238 DEBUG oslo_service.service [req-a722c6c8-8a7d-4408-81ce-a1213ac7b249 - - - - -] cyborg.certfile = None log_opt_values /usr/lib/python3/dist-packages/oslo_config/cfg.py:2609
2025-10-23 00:43:44.364 145238 DEBUG oslo_service.service [req-a722c6c8-8a7d-4408-81ce-a1213ac7b249 - - - - -] cyborg.collect_timing = False log_opt_values /usr/lib/python3/dist-packages/oslo_config/cfg.py:2609
2025-10-23 00:43:44.365 145238 DEBUG oslo_service.service [req-a722c6c8-8a7d-4408-81ce-a1213ac7b249 - - - - -] cyborg.connect_retries = None log_opt_values /usr/lib/python3/dist-packages/oslo_config/cfg.py:2609
2025-10-23 00:43:44.365 145238 DEBUG oslo_service.service [req-a722c6c8-8a7d-4408-81ce-a1213ac7b249 - - - - -] cyborg.connect_retry_delay = None log_opt_values /usr/lib/python3/dist-packages/oslo_config/cfg.py:2609
2025-10-23 00:43:44.365 145238 DEBUG oslo_service.service [req-a722c6c8-8a7d-4408-81ce-a1213ac7b249 - - - - -] cyborg.endpoint_override = None log_opt_values /usr/lib/python3/dist-packages/oslo_config/cfg.py:2609
2025-10-23 00:43:44.365 145238 DEBUG oslo_service.service [req-a722c6c8-8a7d-4408-81ce-a1213ac7b249 - - - - -] cyborg.insecure = False log_opt_values /usr/lib/python3/dist-packages/oslo_config/cfg.py:2609
2025-10-23 00:43:44.365 145238 DEBUG oslo_service.service [req-a722c6c8-8a7d-4408-81ce-a1213ac7b249 - - - - -] cyborg.keyfile = None log_opt_values /usr/lib/python3/dist-packages/oslo_config/cfg.py:2609
2025-10-23 00:43:44.365 145238 DEBUG oslo_service.service [req-a722c6c8-8a7d-4408-81ce-a1213ac7b249 - - - - -] cyborg.max_version = None log_opt_values /usr/lib/python3/dist-packages/oslo_config/cfg.py:2609
2025-10-23 00:43:44.365 145238 DEBUG oslo_service.service [req-a722c6c8-8a7d-4408-81ce-a1213ac7b249 - - - - -] cyborg.min_version = None log_opt_values /usr/lib/python3/dist-packages/oslo_config/cfg.py:2609
2025-10-23 00:43:44.366 145238 DEBUG oslo_service.service [req-a722c6c8-8a7d-4408-81ce-a1213ac7b249 - - - - -] cyborg.region_name = None log_opt_values /usr/lib/python3/dist-packages/oslo_config/cfg.py:2609
2025-10-23 00:43:44.367 145238 DEBUG oslo_service.service [req-a722c6c8-8a7d-4408-81ce-a1213ac7b249 - - - - -] cyborg.service_name = None log_opt_values /usr/lib/python3/dist-packages/oslo_config/cfg.py:2609
2025-10-23 00:43:44.367 145238 DEBUG oslo_service.service [req-a722c6c8-8a7d-4408-81ce-a1213ac7b249 - - - - -] cyborg.service_type = accelerator log_opt_values /usr/lib/python3/dist-packages/oslo_config/cfg.py:2609
2025-10-23 00:43:44.367 145238 DEBUG oslo_service.service [req-a722c6c8-8a7d-4408-81ce-a1213ac7b249 - - - - -] cyborg.split_loggers = False log_opt_values /usr/lib/python3/dist-packages/oslo_config/cfg.py:2609
2025-10-23 00:43:44.367 145238 DEBUG oslo_service.service [req-a722c6c8-8a7d-4408-81ce-a1213ac7b249 - - - - -] cyborg.status_code_retries = None log_opt_values /usr/lib/python3/dist-packages/oslo_config/cfg.py:2609
2025-10-23 00:43:44.368 145238 DEBUG oslo_service.service [req-a722c6c8-8a7d-4408-81ce-a1213ac7b249 - - - - -] cyborg.status_code_retry_delay = None log_opt_values /usr/lib/python3/dist-packages/oslo_config/cfg.py:2609
2025-10-23 00:43:44.368 145238 DEBUG oslo_service.service [req-a722c6c8-8a7d-4408-81ce-a1213ac7b249 - - - - -] cyborg.timeout = None log_opt_values /usr/lib/python3/dist-packages/oslo_config/cfg.py:2609
2025-10-23 00:43:44.368 145238 DEBUG oslo_service.service [req-a722c6c8-8a7d-4408-81ce-a1213ac7b249 - - - - -] cyborg.valid_interfaces = ['internal', 'public'] log_opt_values /usr/lib/python3/dist-packages/oslo_config/cfg.py:2609
2025-10-23 00:43:44.368 145238 DEBUG oslo_service.service [req-a722c6c8-8a7d-4408-81ce-a1213ac7b249 - - - - -] cyborg.version = None log_opt_values /usr/lib/python3/dist-packages/oslo_config/cfg.py:2609
2025-10-23 00:43:44.368 145238 DEBUG oslo_service.service [req-a722c6c8-8a7d-4408-81ce-a1213ac7b249 - - - - -] database.backend = sqlalchemy log_opt_values /usr/lib/python3/dist-packages/oslo_config/cfg.py:2609
2025-10-23 00:43:44.368 145238 DEBUG oslo_service.service [req-a722c6c8-8a7d-4408-81ce-a1213ac7b249 - - - - -] database.connection = **** log_opt_values /usr/lib/python3/dist-packages/oslo_config/cfg.py:2609
2025-10-23 00:43:44.369 145238 DEBUG oslo_service.service [req-a722c6c8-8a7d-4408-81ce-a1213ac7b249 - - - - -] database.connection_debug = 0 log_opt_values /usr/lib/python3/dist-packages/oslo_config/cfg.py:2609
2025-10-23 00:43:44.369 145238 DEBUG oslo_service.service [req-a722c6c8-8a7d-4408-81ce-a1213ac7b249 - - - - -] database.connection_parameters = log_opt_values /usr/lib/python3/dist-packages/oslo_config/cfg.py:2609
2025-10-23 00:43:44.369 145238 DEBUG oslo_service.service [req-a722c6c8-8a7d-4408-81ce-a1213ac7b249 - - - - -] database.connection_recycle_time = 3600 log_opt_values /usr/lib/python3/dist-packages/oslo_config/cfg.py:2609
2025-10-23 00:43:44.369 145238 DEBUG oslo_service.service [req-a722c6c8-8a7d-4408-81ce-a1213ac7b249 - - - - -] database.connection_trace = False log_opt_values /usr/lib/python3/dist-packages/oslo_config/cfg.py:2609
2025-10-23 00:43:44.369 145238 DEBUG oslo_service.service [req-a722c6c8-8a7d-4408-81ce-a1213ac7b249 - - - - -] database.db_inc_retry_interval = True log_opt_values /usr/lib/python3/dist-packages/oslo_config/cfg.py:2609
2025-10-23 00:43:44.369 145238 DEBUG oslo_service.service [req-a722c6c8-8a7d-4408-81ce-a1213ac7b249 - - - - -] database.db_max_retries = 20 log_opt_values /usr/lib/python3/dist-packages/oslo_config/cfg.py:2609
2025-10-23 00:43:44.370 145238 DEBUG oslo_service.service [req-a722c6c8-8a7d-4408-81ce-a1213ac7b249 - - - - -] database.db_max_retry_interval = 10 log_opt_values /usr/lib/python3/dist-packages/oslo_config/cfg.py:2609
2025-10-23 00:43:44.370 145238 DEBUG oslo_service.service [req-a722c6c8-8a7d-4408-81ce-a1213ac7b249 - - - - -] database.db_retry_interval = 1 log_opt_values /usr/lib/python3/dist-packages/oslo_config/cfg.py:2609
2025-10-23 00:43:44.370 145238 DEBUG oslo_service.service [req-a722c6c8-8a7d-4408-81ce-a1213ac7b249 - - - - -] database.max_overflow = 50 log_opt_values /usr/lib/python3/dist-packages/oslo_config/cfg.py:2609
2025-10-23 00:43:44.370 145238 DEBUG oslo_service.service [req-a722c6c8-8a7d-4408-81ce-a1213ac7b249 - - - - -] database.max_pool_size = 4 log_opt_values /usr/lib/python3/dist-packages/oslo_config/cfg.py:2609
2025-10-23 00:43:44.370 145238 DEBUG oslo_service.service [req-a722c6c8-8a7d-4408-81ce-a1213ac7b249 - - - - -] database.max_retries = 10 log_opt_values /usr/lib/python3/dist-packages/oslo_config/cfg.py:2609
2025-10-23 00:43:44.370 145238 DEBUG oslo_service.service [req-a722c6c8-8a7d-4408-81ce-a1213ac7b249 - - - - -] database.mysql_enable_ndb = False log_opt_values /usr/lib/python3/dist-packages/oslo_config/cfg.py:2609
2025-10-23 00:43:44.371 145238 DEBUG oslo_service.service [req-a722c6c8-8a7d-4408-81ce-a1213ac7b249 - - - - -] database.mysql_sql_mode = TRADITIONAL log_opt_values /usr/lib/python3/dist-packages/oslo_config/cfg.py:2609
2025-10-23 00:43:44.371 145238 DEBUG oslo_service.service [req-a722c6c8-8a7d-4408-81ce-a1213ac7b249 - - - - -] database.pool_timeout = None log_opt_values /usr/lib/python3/dist-packages/oslo_config/cfg.py:2609
2025-10-23 00:43:44.371 145238 DEBUG oslo_service.service [req-a722c6c8-8a7d-4408-81ce-a1213ac7b249 - - - - -] database.retry_interval = 10 log_opt_values /usr/lib/python3/dist-packages/oslo_config/cfg.py:2609
2025-10-23 00:43:44.371 145238 DEBUG oslo_service.service [req-a722c6c8-8a7d-4408-81ce-a1213ac7b249 - - - - -] database.slave_connection = **** log_opt_values /usr/lib/python3/dist-packages/oslo_config/cfg.py:2609
2025-10-23 00:43:44.371 145238 DEBUG oslo_service.service [req-a722c6c8-8a7d-4408-81ce-a1213ac7b249 - - - - -] database.sqlite_synchronous = True log_opt_values /usr/lib/python3/dist-packages/oslo_config/cfg.py:2609
2025-10-23 00:43:44.371 145238 DEBUG oslo_service.service [req-a722c6c8-8a7d-4408-81ce-a1213ac7b249 - - - - -] database.use_db_reconnect = False log_opt_values /usr/lib/python3/dist-packages/oslo_config/cfg.py:2609
2025-10-23 00:43:44.372 145238 DEBUG oslo_service.service [req-a722c6c8-8a7d-4408-81ce-a1213ac7b249 - - - - -] api_database.backend = sqlalchemy log_opt_values /usr/lib/python3/dist-packages/oslo_config/cfg.py:2609
2025-10-23 00:43:44.372 145238 DEBUG oslo_service.service [req-a722c6c8-8a7d-4408-81ce-a1213ac7b249 - - - - -] api_database.connection = **** log_opt_values /usr/lib/python3/dist-packages/oslo_config/cfg.py:2609
2025-10-23 00:43:44.373 145238 DEBUG oslo_service.service [req-a722c6c8-8a7d-4408-81ce-a1213ac7b249 - - - - -] api_database.connection_debug = 0 log_opt_values /usr/lib/python3/dist-packages/oslo_config/cfg.py:2609
2025-10-23 00:43:44.374 145238 DEBUG oslo_service.service [req-a722c6c8-8a7d-4408-81ce-a1213ac7b249 - - - - -] api_database.connection_parameters = log_opt_values /usr/lib/python3/dist-packages/oslo_config/cfg.py:2609
2025-10-23 00:43:44.374 145238 DEBUG oslo_service.service [req-a722c6c8-8a7d-4408-81ce-a1213ac7b249 - - - - -] api_database.connection_recycle_time = 3600 log_opt_values /usr/lib/python3/dist-packages/oslo_config/cfg.py:2609
2025-10-23 00:43:44.374 145238 DEBUG oslo_service.service [req-a722c6c8-8a7d-4408-81ce-a1213ac7b249 - - - - -] api_database.connection_trace = False log_opt_values /usr/lib/python3/dist-packages/oslo_config/cfg.py:2609
2025-10-23 00:43:44.375 145238 DEBUG oslo_service.service [req-a722c6c8-8a7d-4408-81ce-a1213ac7b249 - - - - -] api_database.db_inc_retry_interval = True log_opt_values /usr/lib/python3/dist-packages/oslo_config/cfg.py:2609
2025-10-23 00:43:44.376 145238 DEBUG oslo_service.service [req-a722c6c8-8a7d-4408-81ce-a1213ac7b249 - - - - -] api_database.db_max_retries = 20 log_opt_values /usr/lib/python3/dist-packages/oslo_config/cfg.py:2609
2025-10-23 00:43:44.377 145543 DEBUG oslo_messaging._drivers.amqpdriver [-] AMQPListener connection timeout poll /usr/lib/python3/dist-packages/oslo_messaging/_drivers/amqpdriver.py:360
2025-10-23 00:43:44.376 145238 DEBUG oslo_service.service [req-a722c6c8-8a7d-4408-81ce-a1213ac7b249 - - - - -] api_database.db_max_retry_interval = 10 log_opt_values /usr/lib/python3/dist-packages/oslo_config/cfg.py:2609
2025-10-23 00:43:44.378 145543 DEBUG oslo_messaging._drivers.amqpdriver [-] Listener is running poll /usr/lib/python3/dist-packages/oslo_messaging/_drivers/amqpdriver.py:343
2025-10-23 00:43:44.378 145543 DEBUG oslo_messaging._drivers.amqpdriver [-] AMQPListener connection consume poll /usr/lib/python3/dist-packages/oslo_messaging/_drivers/amqpdriver.py:357
2025-10-23 00:43:44.378 145238 DEBUG oslo_service.service [req-a722c6c8-8a7d-4408-81ce-a1213ac7b249 - - - - -] api_database.db_retry_interval = 1 log_opt_values /usr/lib/python3/dist-packages/oslo_config/cfg.py:2609
2025-10-23 00:43:44.378 145238 DEBUG oslo_service.service [req-a722c6c8-8a7d-4408-81ce-a1213ac7b249 - - - - -] api_database.max_overflow = 50 log_opt_values /usr/lib/python3/dist-packages/oslo_config/cfg.py:2609
2025-10-23 00:43:44.378 145238 DEBUG oslo_service.service [req-a722c6c8-8a7d-4408-81ce-a1213ac7b249 - - - - -] api_database.max_pool_size = 4 log_opt_values /usr/lib/python3/dist-packages/oslo_config/cfg.py:2609
2025-10-23 00:43:44.379 145238 DEBUG oslo_service.service [req-a722c6c8-8a7d-4408-81ce-a1213ac7b249 - - - - -] api_database.max_retries = 10 log_opt_values /usr/lib/python3/dist-packages/oslo_config/cfg.py:2609
2025-10-23 00:43:44.379 145238 DEBUG oslo_service.service [req-a722c6c8-8a7d-4408-81ce-a1213ac7b249 - - - - -] api_database.mysql_enable_ndb = False log_opt_values /usr/lib/python3/dist-packages/oslo_config/cfg.py:2609
2025-10-23 00:43:44.380 145238 DEBUG oslo_service.service [req-a722c6c8-8a7d-4408-81ce-a1213ac7b249 - - - - -] api_database.mysql_sql_mode = TRADITIONAL log_opt_values /usr/lib/python3/dist-packages/oslo_config/cfg.py:2609
2025-10-23 00:43:44.380 145238 DEBUG oslo_service.service [req-a722c6c8-8a7d-4408-81ce-a1213ac7b249 - - - - -] api_database.pool_timeout = None log_opt_values /usr/lib/python3/dist-packages/oslo_config/cfg.py:2609
2025-10-23 00:43:44.381 145238 DEBUG oslo_service.service [req-a722c6c8-8a7d-4408-81ce-a1213ac7b249 - - - - -] api_database.retry_interval = 10 log_opt_values /usr/lib/python3/dist-packages/oslo_config/cfg.py:2609
2025-10-23 00:43:44.381 145238 DEBUG oslo_service.service [req-a722c6c8-8a7d-4408-81ce-a1213ac7b249 - - - - -] api_database.slave_connection = **** log_opt_values /usr/lib/python3/dist-packages/oslo_config/cfg.py:2609
2025-10-23 00:43:44.382 145238 DEBUG oslo_service.service [req-a722c6c8-8a7d-4408-81ce-a1213ac7b249 - - - - -] api_database.sqlite_synchronous = True log_opt_values /usr/lib/python3/dist-packages/oslo_config/cfg.py:2609
2025-10-23 00:43:44.382 145238 DEBUG oslo_service.service [req-a722c6c8-8a7d-4408-81ce-a1213ac7b249 - - - - -] devices.enabled_mdev_types = [] log_opt_values /usr/lib/python3/dist-packages/oslo_config/cfg.py:2609
2025-10-23 00:43:44.382 145238 DEBUG oslo_service.service [req-a722c6c8-8a7d-4408-81ce-a1213ac7b249 - - - - -] ephemeral_storage_encryption.cipher = aes-xts-plain64 log_opt_values /usr/lib/python3/dist-packages/oslo_config/cfg.py:2609
2025-10-23 00:43:44.382 145238 DEBUG oslo_service.service [req-a722c6c8-8a7d-4408-81ce-a1213ac7b249 - - - - -] ephemeral_storage_encryption.enabled = False log_opt_values /usr/lib/python3/dist-packages/oslo_config/cfg.py:2609
2025-10-23 00:43:44.383 145238 DEBUG oslo_service.service [req-a722c6c8-8a7d-4408-81ce-a1213ac7b249 - - - - -] ephemeral_storage_encryption.key_size = 512 log_opt_values /usr/lib/python3/dist-packages/oslo_config/cfg.py:2609
2025-10-23 00:43:44.383 145238 WARNING oslo_config.cfg [req-a722c6c8-8a7d-4408-81ce-a1213ac7b249 - - - - -] Deprecated: Option "api_servers" from group "glance" is deprecated for removal ( Support for image service configuration via standard keystoneauth1 Adapter options was added in the 17.0.0 Queens release. The api_servers option was retained temporarily to allow consumers time to cut over to a real load balancing solution. ). Its value may be silently ignored in the future.
2025-10-23 00:43:44.383 145238 DEBUG oslo_service.service [req-a722c6c8-8a7d-4408-81ce-a1213ac7b249 - - - - -] glance.api_servers = ['http://252.131.119.161:9292'] log_opt_values /usr/lib/python3/dist-packages/oslo_config/cfg.py:2609
2025-10-23 00:43:44.383 145238 DEBUG oslo_service.service [req-a722c6c8-8a7d-4408-81ce-a1213ac7b249 - - - - -] glance.cafile = None log_opt_values /usr/lib/python3/dist-packages/oslo_config/cfg.py:2609
2025-10-23 00:43:44.384 145238 DEBUG oslo_service.service [req-a722c6c8-8a7d-4408-81ce-a1213ac7b249 - - - - -] glance.certfile = None log_opt_values /usr/lib/python3/dist-packages/oslo_config/cfg.py:2609
2025-10-23 00:43:44.385 145238 DEBUG oslo_service.service [req-a722c6c8-8a7d-4408-81ce-a1213ac7b249 - - - - -] glance.collect_timing = False log_opt_values /usr/lib/python3/dist-packages/oslo_config/cfg.py:2609
2025-10-23 00:43:44.385 145238 DEBUG oslo_service.service [req-a722c6c8-8a7d-4408-81ce-a1213ac7b249 - - - - -] glance.connect_retries = None log_opt_values /usr/lib/python3/dist-packages/oslo_config/cfg.py:2609
2025-10-23 00:43:44.385 145238 DEBUG oslo_service.service [req-a722c6c8-8a7d-4408-81ce-a1213ac7b249 - - - - -] glance.connect_retry_delay = None log_opt_values /usr/lib/python3/dist-packages/oslo_config/cfg.py:2609
2025-10-23 00:43:44.386 145238 DEBUG oslo_service.service [req-a722c6c8-8a7d-4408-81ce-a1213ac7b249 - - - - -] glance.debug = False log_opt_values /usr/lib/python3/dist-packages/oslo_config/cfg.py:2609
2025-10-23 00:43:44.387 145238 DEBUG oslo_service.service [req-a722c6c8-8a7d-4408-81ce-a1213ac7b249 - - - - -] glance.default_trusted_certificate_ids = [] log_opt_values /usr/lib/python3/dist-packages/oslo_config/cfg.py:2609
2025-10-23 00:43:44.387 145238 DEBUG oslo_service.service [req-a722c6c8-8a7d-4408-81ce-a1213ac7b249 - - - - -] glance.enable_certificate_validation = False log_opt_values /usr/lib/python3/dist-packages/oslo_config/cfg.py:2609
2025-10-23 00:43:44.387 145238 DEBUG oslo_service.service [req-a722c6c8-8a7d-4408-81ce-a1213ac7b249 - - - - -] glance.enable_rbd_download = False log_opt_values /usr/lib/python3/dist-packages/oslo_config/cfg.py:2609
2025-10-23 00:43:44.387 145238 DEBUG oslo_service.service [req-a722c6c8-8a7d-4408-81ce-a1213ac7b249 - - - - -] glance.endpoint_override = None log_opt_values /usr/lib/python3/dist-packages/oslo_config/cfg.py:2609
2025-10-23 00:43:44.387 145542 DEBUG oslo_messaging._drivers.amqpdriver [-] Listener is running poll /usr/lib/python3/dist-packages/oslo_messaging/_drivers/amqpdriver.py:343
2025-10-23 00:43:44.388 145238 DEBUG oslo_service.service [req-a722c6c8-8a7d-4408-81ce-a1213ac7b249 - - - - -] glance.insecure = False log_opt_values /usr/lib/python3/dist-packages/oslo_config/cfg.py:2609
2025-10-23 00:43:44.388 145238 DEBUG oslo_service.service [req-a722c6c8-8a7d-4408-81ce-a1213ac7b249 - - - - -] glance.keyfile = None log_opt_values /usr/lib/python3/dist-packages/oslo_config/cfg.py:2609
2025-10-23 00:43:44.388 145542 DEBUG oslo_messaging._drivers.amqpdriver [-] AMQPListener connection consume poll /usr/lib/python3/dist-packages/oslo_messaging/_drivers/amqpdriver.py:357
2025-10-23 00:43:44.388 145238 DEBUG oslo_service.service [req-a722c6c8-8a7d-4408-81ce-a1213ac7b249 - - - - -] glance.max_version = None log_opt_values /usr/lib/python3/dist-packages/oslo_config/cfg.py:2609
2025-10-23 00:43:44.388 145238 DEBUG oslo_service.service [req-a722c6c8-8a7d-4408-81ce-a1213ac7b249 - - - - -] glance.min_version = None log_opt_values /usr/lib/python3/dist-packages/oslo_config/cfg.py:2609
2025-10-23 00:43:44.389 145238 DEBUG oslo_service.service [req-a722c6c8-8a7d-4408-81ce-a1213ac7b249 - - - - -] glance.num_retries = 3 log_opt_values /usr/lib/python3/dist-packages/oslo_config/cfg.py:2609
2025-10-23 00:43:44.388 145542 DEBUG nova.service [req-d22ccd01-83d4-482e-9602-9492662fc725 - - - - -] Join ServiceGroup membership for this service conductor start /usr/lib/python3/dist-packages/nova/service.py:199
2025-10-23 00:43:44.389 145238 DEBUG oslo_service.service [req-a722c6c8-8a7d-4408-81ce-a1213ac7b249 - - - - -] glance.rbd_ceph_conf = log_opt_values /usr/lib/python3/dist-packages/oslo_config/cfg.py:2609
2025-10-23 00:43:44.389 145542 DEBUG nova.servicegroup.drivers.db [req-d22ccd01-83d4-482e-9602-9492662fc725 - - - - -] DB_Driver: join new ServiceGroup member juju-c7d1b9-0-lxd-7 to the conductor group, service = join /usr/lib/python3/dist-packages/nova/servicegroup/drivers/db.py:44
2025-10-23 00:43:44.389 145238 DEBUG oslo_service.service [req-a722c6c8-8a7d-4408-81ce-a1213ac7b249 - - - - -] glance.rbd_connect_timeout = 5 log_opt_values /usr/lib/python3/dist-packages/oslo_config/cfg.py:2609
2025-10-23 00:43:44.389 145238 DEBUG oslo_service.service [req-a722c6c8-8a7d-4408-81ce-a1213ac7b249 - - - - -] glance.rbd_pool = log_opt_values /usr/lib/python3/dist-packages/oslo_config/cfg.py:2609
2025-10-23 00:43:44.389 145238 DEBUG oslo_service.service [req-a722c6c8-8a7d-4408-81ce-a1213ac7b249 - - - - -] glance.rbd_user = log_opt_values /usr/lib/python3/dist-packages/oslo_config/cfg.py:2609
2025-10-23 00:43:44.390 145238 DEBUG oslo_service.service [req-a722c6c8-8a7d-4408-81ce-a1213ac7b249 - - - - -] glance.region_name = None log_opt_values /usr/lib/python3/dist-packages/oslo_config/cfg.py:2609
2025-10-23 00:43:44.390 145238 DEBUG oslo_service.service [req-a722c6c8-8a7d-4408-81ce-a1213ac7b249 - - - - -] glance.service_name = None log_opt_values /usr/lib/python3/dist-packages/oslo_config/cfg.py:2609
2025-10-23 00:43:44.390 145238 DEBUG oslo_service.service [req-a722c6c8-8a7d-4408-81ce-a1213ac7b249 - - - - -] glance.service_type = image log_opt_values /usr/lib/python3/dist-packages/oslo_config/cfg.py:2609
2025-10-23 00:43:44.391 145238 DEBUG oslo_service.service [req-a722c6c8-8a7d-4408-81ce-a1213ac7b249 - - - - -] glance.split_loggers = False log_opt_values /usr/lib/python3/dist-packages/oslo_config/cfg.py:2609
2025-10-23 00:43:44.391 145238 DEBUG oslo_service.service [req-a722c6c8-8a7d-4408-81ce-a1213ac7b249 - - - - -] glance.status_code_retries = None log_opt_values /usr/lib/python3/dist-packages/oslo_config/cfg.py:2609
2025-10-23 00:43:44.391 145238 DEBUG oslo_service.service [req-a722c6c8-8a7d-4408-81ce-a1213ac7b249 - - - - -] glance.status_code_retry_delay = None log_opt_values /usr/lib/python3/dist-packages/oslo_config/cfg.py:2609
2025-10-23 00:43:44.391 145238 DEBUG oslo_service.service [req-a722c6c8-8a7d-4408-81ce-a1213ac7b249 - - - - -] glance.timeout = None log_opt_values /usr/lib/python3/dist-packages/oslo_config/cfg.py:2609
2025-10-23 00:43:44.391 145238 DEBUG oslo_service.service [req-a722c6c8-8a7d-4408-81ce-a1213ac7b249 - - - - -] glance.valid_interfaces = ['internal', 'public'] log_opt_values /usr/lib/python3/dist-packages/oslo_config/cfg.py:2609
2025-10-23 00:43:44.391 145238 DEBUG oslo_service.service [req-a722c6c8-8a7d-4408-81ce-a1213ac7b249 - - - - -] glance.verify_glance_signatures = False log_opt_values /usr/lib/python3/dist-packages/oslo_config/cfg.py:2609
2025-10-23 00:43:44.391 145542 DEBUG oslo_messaging._drivers.amqpdriver [-] AMQPListener connection timeout poll /usr/lib/python3/dist-packages/oslo_messaging/_drivers/amqpdriver.py:360
