2025-10-23 01:31:28.996 61637 DEBUG oslo_service.service [-] clients_keystone.ca_file = None log_opt_values /usr/lib/python3/dist-packages/oslo_config/cfg.py:2609
2025-10-23 01:31:28.996 61637 DEBUG oslo_service.service [-] clients_keystone.cert_file = None log_opt_values /usr/lib/python3/dist-packages/oslo_config/cfg.py:2609
2025-10-23 01:31:28.996 61637 DEBUG oslo_service.service [-] clients_keystone.endpoint_type = None log_opt_values /usr/lib/python3/dist-packages/oslo_config/cfg.py:2609
2025-10-23 01:31:28.996 61637 DEBUG oslo_service.service [-] clients_keystone.insecure = None log_opt_values /usr/lib/python3/dist-packages/oslo_config/cfg.py:2609
2025-10-23 01:31:28.996 61637 DEBUG oslo_service.service [-] clients_keystone.key_file = None log_opt_values /usr/lib/python3/dist-packages/oslo_config/cfg.py:2609
2025-10-23 01:31:28.997 61637 DEBUG oslo_service.service [-] clients_magnum.ca_file = None log_opt_values /usr/lib/python3/dist-packages/oslo_config/cfg.py:2609
2025-10-23 01:31:28.997 61637 DEBUG oslo_service.service [-] clients_magnum.cert_file = None log_opt_values /usr/lib/python3/dist-packages/oslo_config/cfg.py:2609
2025-10-23 01:31:28.997 61637 DEBUG oslo_service.service [-] clients_magnum.endpoint_type = None log_opt_values /usr/lib/python3/dist-packages/oslo_config/cfg.py:2609
2025-10-23 01:31:28.997 61637 DEBUG oslo_service.service [-] clients_magnum.insecure = None log_opt_values /usr/lib/python3/dist-packages/oslo_config/cfg.py:2609
2025-10-23 01:31:28.997 61637 DEBUG oslo_service.service [-] clients_magnum.key_file = None log_opt_values /usr/lib/python3/dist-packages/oslo_config/cfg.py:2609
2025-10-23 01:31:28.997 61637 DEBUG oslo_service.service [-] clients_manila.ca_file = None log_opt_values /usr/lib/python3/dist-packages/oslo_config/cfg.py:2609
2025-10-23 01:31:28.998 61637 DEBUG oslo_service.service [-] clients_manila.cert_file = None log_opt_values /usr/lib/python3/dist-packages/oslo_config/cfg.py:2609
2025-10-23 01:31:28.998 61637 DEBUG oslo_service.service [-] clients_manila.endpoint_type = None log_opt_values /usr/lib/python3/dist-packages/oslo_config/cfg.py:2609
2025-10-23 01:31:28.998 61637 DEBUG oslo_service.service [-] clients_manila.insecure = None log_opt_values /usr/lib/python3/dist-packages/oslo_config/cfg.py:2609
2025-10-23 01:31:28.998 61637 DEBUG oslo_service.service [-] clients_manila.key_file = None log_opt_values /usr/lib/python3/dist-packages/oslo_config/cfg.py:2609
2025-10-23 01:31:28.998 61637 DEBUG oslo_service.service [-] clients_mistral.ca_file = None log_opt_values /usr/lib/python3/dist-packages/oslo_config/cfg.py:2609
2025-10-23 01:31:28.999 61637 DEBUG oslo_service.service [-] clients_mistral.cert_file = None log_opt_values /usr/lib/python3/dist-packages/oslo_config/cfg.py:2609
2025-10-23 01:31:28.999 61637 DEBUG oslo_service.service [-] clients_mistral.endpoint_type = None log_opt_values /usr/lib/python3/dist-packages/oslo_config/cfg.py:2609
2025-10-23 01:31:28.999 61637 DEBUG oslo_service.service [-] clients_mistral.insecure = None log_opt_values /usr/lib/python3/dist-packages/oslo_config/cfg.py:2609
2025-10-23 01:31:28.999 61637 DEBUG oslo_service.service [-] clients_mistral.key_file = None log_opt_values /usr/lib/python3/dist-packages/oslo_config/cfg.py:2609
2025-10-23 01:31:28.999 61637 DEBUG oslo_service.service [-] clients_monasca.ca_file = None log_opt_values /usr/lib/python3/dist-packages/oslo_config/cfg.py:2609
2025-10-23 01:31:28.999 61637 DEBUG oslo_service.service [-] clients_monasca.cert_file = None log_opt_values /usr/lib/python3/dist-packages/oslo_config/cfg.py:2609
2025-10-23 01:31:29.000 61637 DEBUG oslo_service.service [-] clients_monasca.endpoint_type = None log_opt_values /usr/lib/python3/dist-packages/oslo_config/cfg.py:2609
2025-10-23 01:31:29.000 61637 DEBUG oslo_service.service [-] clients_monasca.insecure = None log_opt_values /usr/lib/python3/dist-packages/oslo_config/cfg.py:2609
2025-10-23 01:31:29.000 61637 DEBUG oslo_service.service [-] clients_monasca.key_file = None log_opt_values /usr/lib/python3/dist-packages/oslo_config/cfg.py:2609
2025-10-23 01:31:29.000 61637 DEBUG oslo_service.service [-] clients_neutron.ca_file = None log_opt_values /usr/lib/python3/dist-packages/oslo_config/cfg.py:2609
2025-10-23 01:31:29.000 61637 DEBUG oslo_service.service [-] clients_neutron.cert_file = None log_opt_values /usr/lib/python3/dist-packages/oslo_config/cfg.py:2609
2025-10-23 01:31:29.000 61637 DEBUG oslo_service.service [-] clients_neutron.endpoint_type = None log_opt_values /usr/lib/python3/dist-packages/oslo_config/cfg.py:2609
2025-10-23 01:31:29.001 61637 DEBUG oslo_service.service [-] clients_neutron.insecure = None log_opt_values /usr/lib/python3/dist-packages/oslo_config/cfg.py:2609
2025-10-23 01:31:29.001 61637 DEBUG oslo_service.service [-] clients_neutron.key_file = None log_opt_values /usr/lib/python3/dist-packages/oslo_config/cfg.py:2609
2025-10-23 01:31:29.001 61637 DEBUG oslo_service.service [-] clients_nova.ca_file = None log_opt_values /usr/lib/python3/dist-packages/oslo_config/cfg.py:2609
2025-10-23 01:31:29.001 61637 DEBUG oslo_service.service [-] clients_nova.cert_file = None log_opt_values /usr/lib/python3/dist-packages/oslo_config/cfg.py:2609
2025-10-23 01:31:29.001 61637 DEBUG oslo_service.service [-] clients_nova.endpoint_type = None log_opt_values /usr/lib/python3/dist-packages/oslo_config/cfg.py:2609
2025-10-23 01:31:29.001 61637 DEBUG oslo_service.service [-] clients_nova.http_log_debug = False log_opt_values /usr/lib/python3/dist-packages/oslo_config/cfg.py:2609
2025-10-23 01:31:29.001 61637 DEBUG oslo_service.service [-] clients_nova.insecure = None log_opt_values /usr/lib/python3/dist-packages/oslo_config/cfg.py:2609
2025-10-23 01:31:29.002 61637 DEBUG oslo_service.service [-] clients_nova.key_file = None log_opt_values /usr/lib/python3/dist-packages/oslo_config/cfg.py:2609
2025-10-23 01:31:29.002 61637 DEBUG oslo_service.service [-] clients_octavia.ca_file = None log_opt_values /usr/lib/python3/dist-packages/oslo_config/cfg.py:2609
2025-10-23 01:31:29.002 61637 DEBUG oslo_service.service [-] clients_octavia.cert_file = None log_opt_values /usr/lib/python3/dist-packages/oslo_config/cfg.py:2609
2025-10-23 01:31:29.002 61637 DEBUG oslo_service.service [-] clients_octavia.endpoint_type = None log_opt_values /usr/lib/python3/dist-packages/oslo_config/cfg.py:2609
2025-10-23 01:31:29.002 61637 DEBUG oslo_service.service [-] clients_octavia.insecure = None log_opt_values /usr/lib/python3/dist-packages/oslo_config/cfg.py:2609
2025-10-23 01:31:29.002 61637 DEBUG oslo_service.service [-] clients_octavia.key_file = None log_opt_values /usr/lib/python3/dist-packages/oslo_config/cfg.py:2609
2025-10-23 01:31:29.002 61637 DEBUG oslo_service.service [-] clients_sahara.ca_file = None log_opt_values /usr/lib/python3/dist-packages/oslo_config/cfg.py:2609
2025-10-23 01:31:29.002 61637 DEBUG oslo_service.service [-] clients_sahara.cert_file = None log_opt_values /usr/lib/python3/dist-packages/oslo_config/cfg.py:2609
2025-10-23 01:31:29.002 61637 DEBUG oslo_service.service [-] clients_sahara.endpoint_type = None log_opt_values /usr/lib/python3/dist-packages/oslo_config/cfg.py:2609
2025-10-23 01:31:29.003 61637 DEBUG oslo_service.service [-] clients_sahara.insecure = None log_opt_values /usr/lib/python3/dist-packages/oslo_config/cfg.py:2609
2025-10-23 01:31:29.003 61637 DEBUG oslo_service.service [-] clients_sahara.key_file = None log_opt_values /usr/lib/python3/dist-packages/oslo_config/cfg.py:2609
2025-10-23 01:31:29.003 61637 DEBUG oslo_service.service [-] clients_senlin.ca_file = None log_opt_values /usr/lib/python3/dist-packages/oslo_config/cfg.py:2609
2025-10-23 01:31:29.003 61637 DEBUG oslo_service.service [-] clients_senlin.cert_file = None log_opt_values /usr/lib/python3/dist-packages/oslo_config/cfg.py:2609
2025-10-23 01:31:29.003 61637 DEBUG oslo_service.service [-] clients_senlin.endpoint_type = None log_opt_values /usr/lib/python3/dist-packages/oslo_config/cfg.py:2609
2025-10-23 01:31:29.003 61637 DEBUG oslo_service.service [-] clients_senlin.insecure = None log_opt_values /usr/lib/python3/dist-packages/oslo_config/cfg.py:2609
2025-10-23 01:31:29.003 61637 DEBUG oslo_service.service [-] clients_senlin.key_file = None log_opt_values /usr/lib/python3/dist-packages/oslo_config/cfg.py:2609
2025-10-23 01:31:29.003 61637 DEBUG oslo_service.service [-] clients_swift.ca_file = None log_opt_values /usr/lib/python3/dist-packages/oslo_config/cfg.py:2609
2025-10-23 01:31:29.004 61637 DEBUG oslo_service.service [-] clients_swift.cert_file = None log_opt_values /usr/lib/python3/dist-packages/oslo_config/cfg.py:2609
2025-10-23 01:31:29.004 61637 DEBUG oslo_service.service [-] clients_swift.endpoint_type = None log_opt_values /usr/lib/python3/dist-packages/oslo_config/cfg.py:2609
2025-10-23 01:31:29.004 61637 DEBUG oslo_service.service [-] clients_swift.insecure = None log_opt_values /usr/lib/python3/dist-packages/oslo_config/cfg.py:2609
2025-10-23 01:31:29.004 61637 DEBUG oslo_service.service [-] clients_swift.key_file = None log_opt_values /usr/lib/python3/dist-packages/oslo_config/cfg.py:2609
2025-10-23 01:31:29.004 61637 DEBUG oslo_service.service [-] clients_trove.ca_file = None log_opt_values /usr/lib/python3/dist-packages/oslo_config/cfg.py:2609
2025-10-23 01:31:29.004 61637 DEBUG oslo_service.service [-] clients_trove.cert_file = None log_opt_values /usr/lib/python3/dist-packages/oslo_config/cfg.py:2609
2025-10-23 01:31:29.004 61637 DEBUG oslo_service.service [-] clients_trove.endpoint_type = None log_opt_values /usr/lib/python3/dist-packages/oslo_config/cfg.py:2609
2025-10-23 01:31:29.004 61637 DEBUG oslo_service.service [-] clients_trove.insecure = None log_opt_values /usr/lib/python3/dist-packages/oslo_config/cfg.py:2609
2025-10-23 01:31:29.004 61637 DEBUG oslo_service.service [-] clients_trove.key_file = None log_opt_values /usr/lib/python3/dist-packages/oslo_config/cfg.py:2609
2025-10-23 01:31:29.004 61637 DEBUG oslo_service.service [-] clients_vitrage.ca_file = None log_opt_values /usr/lib/python3/dist-packages/oslo_config/cfg.py:2609
2025-10-23 01:31:29.005 61637 DEBUG oslo_service.service [-] clients_vitrage.cert_file = None log_opt_values /usr/lib/python3/dist-packages/oslo_config/cfg.py:2609
2025-10-23 01:31:29.005 61637 DEBUG oslo_service.service [-] clients_vitrage.endpoint_type = None log_opt_values /usr/lib/python3/dist-packages/oslo_config/cfg.py:2609
2025-10-23 01:31:29.005 61637 DEBUG oslo_service.service [-] clients_vitrage.insecure = None log_opt_values /usr/lib/python3/dist-packages/oslo_config/cfg.py:2609
2025-10-23 01:31:29.005 61637 DEBUG oslo_service.service [-] clients_vitrage.key_file = None log_opt_values /usr/lib/python3/dist-packages/oslo_config/cfg.py:2609
2025-10-23 01:31:29.005 61637 DEBUG oslo_service.service [-] clients_zaqar.ca_file = None log_opt_values /usr/lib/python3/dist-packages/oslo_config/cfg.py:2609
2025-10-23 01:31:29.005 61637 DEBUG oslo_service.service [-] clients_zaqar.cert_file = None log_opt_values /usr/lib/python3/dist-packages/oslo_config/cfg.py:2609
2025-10-23 01:31:29.005 61637 DEBUG oslo_service.service [-] clients_zaqar.endpoint_type = None log_opt_values /usr/lib/python3/dist-packages/oslo_config/cfg.py:2609
2025-10-23 01:31:29.005 61637 DEBUG oslo_service.service [-] clients_zaqar.insecure = None log_opt_values /usr/lib/python3/dist-packages/oslo_config/cfg.py:2609
2025-10-23 01:31:29.005 61637 DEBUG oslo_service.service [-] clients_zaqar.key_file = None log_opt_values /usr/lib/python3/dist-packages/oslo_config/cfg.py:2609
2025-10-23 01:31:29.006 61637 DEBUG oslo_service.service [-] database.backend = sqlalchemy log_opt_values /usr/lib/python3/dist-packages/oslo_config/cfg.py:2609
2025-10-23 01:31:29.006 61637 DEBUG oslo_service.service [-] database.connection = **** log_opt_values /usr/lib/python3/dist-packages/oslo_config/cfg.py:2609
2025-10-23 01:31:29.006 61637 DEBUG oslo_service.service [-] database.connection_debug = 0 log_opt_values /usr/lib/python3/dist-packages/oslo_config/cfg.py:2609
2025-10-23 01:31:29.006 61637 DEBUG oslo_service.service [-] database.connection_parameters = log_opt_values /usr/lib/python3/dist-packages/oslo_config/cfg.py:2609
2025-10-23 01:31:29.006 61637 DEBUG oslo_service.service [-] database.connection_recycle_time = 3600 log_opt_values /usr/lib/python3/dist-packages/oslo_config/cfg.py:2609
2025-10-23 01:31:29.006 61637 DEBUG oslo_service.service [-] database.connection_trace = False log_opt_values /usr/lib/python3/dist-packages/oslo_config/cfg.py:2609
2025-10-23 01:31:29.006 61637 DEBUG oslo_service.service [-] database.db_inc_retry_interval = True log_opt_values /usr/lib/python3/dist-packages/oslo_config/cfg.py:2609
2025-10-23 01:31:29.006 61637 DEBUG oslo_service.service [-] database.db_max_retries = 20 log_opt_values /usr/lib/python3/dist-packages/oslo_config/cfg.py:2609
2025-10-23 01:31:29.007 61637 DEBUG oslo_service.service [-] database.db_max_retry_interval = 10 log_opt_values /usr/lib/python3/dist-packages/oslo_config/cfg.py:2609
2025-10-23 01:31:29.007 61637 DEBUG oslo_service.service [-] database.db_retry_interval = 1 log_opt_values /usr/lib/python3/dist-packages/oslo_config/cfg.py:2609
2025-10-23 01:31:29.007 61637 DEBUG oslo_service.service [-] database.max_overflow = 50 log_opt_values /usr/lib/python3/dist-packages/oslo_config/cfg.py:2609
2025-10-23 01:31:29.007 61637 DEBUG oslo_service.service [-] database.max_pool_size = 5 log_opt_values /usr/lib/python3/dist-packages/oslo_config/cfg.py:2609
2025-10-23 01:31:29.007 61637 DEBUG oslo_service.service [-] database.max_retries = 10 log_opt_values /usr/lib/python3/dist-packages/oslo_config/cfg.py:2609
2025-10-23 01:31:29.008 61637 DEBUG oslo_service.service [-] database.mysql_enable_ndb = False log_opt_values /usr/lib/python3/dist-packages/oslo_config/cfg.py:2609
2025-10-23 01:31:29.008 61637 DEBUG oslo_service.service [-] database.mysql_sql_mode = TRADITIONAL log_opt_values /usr/lib/python3/dist-packages/oslo_config/cfg.py:2609
2025-10-23 01:31:29.008 61637 DEBUG oslo_service.service [-] database.pool_timeout = None log_opt_values /usr/lib/python3/dist-packages/oslo_config/cfg.py:2609
2025-10-23 01:31:29.008 61637 DEBUG oslo_service.service [-] database.retry_interval = 10 log_opt_values /usr/lib/python3/dist-packages/oslo_config/cfg.py:2609
2025-10-23 01:31:29.008 61637 DEBUG oslo_service.service [-] database.slave_connection = **** log_opt_values /usr/lib/python3/dist-packages/oslo_config/cfg.py:2609
2025-10-23 01:31:29.008 61637 DEBUG oslo_service.service [-] database.sqlite_synchronous = True log_opt_values /usr/lib/python3/dist-packages/oslo_config/cfg.py:2609
2025-10-23 01:31:29.009 61637 DEBUG oslo_service.service [-] database.use_db_reconnect = False log_opt_values /usr/lib/python3/dist-packages/oslo_config/cfg.py:2609
2025-10-23 01:31:29.009 61637 DEBUG oslo_service.service [-] oslo_messaging_metrics.metrics_buffer_size = 1000 log_opt_values /usr/lib/python3/dist-packages/oslo_config/cfg.py:2609
2025-10-23 01:31:29.009 61637 DEBUG oslo_service.service [-] oslo_messaging_metrics.metrics_enabled = False log_opt_values /usr/lib/python3/dist-packages/oslo_config/cfg.py:2609
2025-10-23 01:31:29.009 61637 DEBUG oslo_service.service [-] oslo_messaging_metrics.metrics_process_name = log_opt_values /usr/lib/python3/dist-packages/oslo_config/cfg.py:2609
2025-10-23 01:31:29.009 61637 DEBUG oslo_service.service [-] oslo_messaging_metrics.metrics_socket_file = /var/tmp/metrics_collector.sock log_opt_values /usr/lib/python3/dist-packages/oslo_config/cfg.py:2609
2025-10-23 01:31:29.009 61637 DEBUG oslo_service.service [-] oslo_messaging_metrics.metrics_thread_stop_timeout = 10 log_opt_values /usr/lib/python3/dist-packages/oslo_config/cfg.py:2609
2025-10-23 01:31:29.010 61637 DEBUG oslo_service.service [-] oslo_policy.enforce_new_defaults = False log_opt_values /usr/lib/python3/dist-packages/oslo_config/cfg.py:2609
2025-10-23 01:31:29.010 61637 DEBUG oslo_service.service [-] oslo_policy.enforce_scope = False log_opt_values /usr/lib/python3/dist-packages/oslo_config/cfg.py:2609
2025-10-23 01:31:29.010 61637 DEBUG oslo_service.service [-] oslo_policy.policy_default_rule = default log_opt_values /usr/lib/python3/dist-packages/oslo_config/cfg.py:2609
2025-10-23 01:31:29.010 61637 DEBUG oslo_service.service [-] oslo_policy.policy_dirs = ['policy.d'] log_opt_values /usr/lib/python3/dist-packages/oslo_config/cfg.py:2609
2025-10-23 01:31:29.010 61637 DEBUG oslo_service.service [-] oslo_policy.policy_file = policy.yaml log_opt_values /usr/lib/python3/dist-packages/oslo_config/cfg.py:2609
2025-10-23 01:31:29.010 61637 DEBUG oslo_service.service [-] oslo_policy.remote_content_type = application/x-www-form-urlencoded log_opt_values /usr/lib/python3/dist-packages/oslo_config/cfg.py:2609
2025-10-23 01:31:29.011 61637 DEBUG oslo_service.service [-] oslo_policy.remote_ssl_ca_crt_file = None log_opt_values /usr/lib/python3/dist-packages/oslo_config/cfg.py:2609
2025-10-23 01:31:29.011 61637 DEBUG oslo_service.service [-] oslo_policy.remote_ssl_client_crt_file = None log_opt_values /usr/lib/python3/dist-packages/oslo_config/cfg.py:2609
2025-10-23 01:31:29.011 61637 DEBUG oslo_service.service [-] oslo_policy.remote_ssl_client_key_file = None log_opt_values /usr/lib/python3/dist-packages/oslo_config/cfg.py:2609
2025-10-23 01:31:29.011 61637 DEBUG oslo_service.service [-] oslo_policy.remote_ssl_verify_server_crt = False log_opt_values /usr/lib/python3/dist-packages/oslo_config/cfg.py:2609
2025-10-23 01:31:29.011 61637 DEBUG oslo_service.service [-] trustee.auth_section = None log_opt_values /usr/lib/python3/dist-packages/oslo_config/cfg.py:2609
2025-10-23 01:31:29.012 61637 WARNING oslo_config.cfg [-] Deprecated: Option "auth_plugin" from group "trustee" is deprecated. Use option "auth_type" from group "trustee".
2025-10-23 01:31:29.012 61637 DEBUG oslo_service.service [-] trustee.auth_type = password log_opt_values /usr/lib/python3/dist-packages/oslo_config/cfg.py:2609
2025-10-23 01:31:29.012 61637 DEBUG oslo_service.service [-] oslo_versionedobjects.fatal_exception_format_errors = False log_opt_values /usr/lib/python3/dist-packages/oslo_config/cfg.py:2609
2025-10-23 01:31:29.012 61637 DEBUG oslo_service.service [-] oslo_messaging_rabbit.amqp_auto_delete = False log_opt_values /usr/lib/python3/dist-packages/oslo_config/cfg.py:2609
2025-10-23 01:31:29.012 61637 DEBUG oslo_service.service [-] oslo_messaging_rabbit.amqp_durable_queues = False log_opt_values /usr/lib/python3/dist-packages/oslo_config/cfg.py:2609
2025-10-23 01:31:29.013 61637 DEBUG oslo_service.service [-] oslo_messaging_rabbit.conn_pool_min_size = 2 log_opt_values /usr/lib/python3/dist-packages/oslo_config/cfg.py:2609
2025-10-23 01:31:29.013 61637 DEBUG oslo_service.service [-] oslo_messaging_rabbit.conn_pool_ttl = 1200 log_opt_values /usr/lib/python3/dist-packages/oslo_config/cfg.py:2609
2025-10-23 01:31:29.013 61637 DEBUG oslo_service.service [-] oslo_messaging_rabbit.direct_mandatory_flag = True log_opt_values /usr/lib/python3/dist-packages/oslo_config/cfg.py:2609
2025-10-23 01:31:29.013 61637 DEBUG oslo_service.service [-] oslo_messaging_rabbit.enable_cancel_on_failover = False log_opt_values /usr/lib/python3/dist-packages/oslo_config/cfg.py:2609
2025-10-23 01:31:29.013 61637 DEBUG oslo_service.service [-] oslo_messaging_rabbit.heartbeat_in_pthread = False log_opt_values /usr/lib/python3/dist-packages/oslo_config/cfg.py:2609
2025-10-23 01:31:29.013 61637 DEBUG oslo_service.service [-] oslo_messaging_rabbit.heartbeat_rate = 2 log_opt_values /usr/lib/python3/dist-packages/oslo_config/cfg.py:2609
2025-10-23 01:31:29.014 61637 DEBUG oslo_service.service [-] oslo_messaging_rabbit.heartbeat_timeout_threshold = 60 log_opt_values /usr/lib/python3/dist-packages/oslo_config/cfg.py:2609
2025-10-23 01:31:29.014 61637 DEBUG oslo_service.service [-] oslo_messaging_rabbit.kombu_compression = None log_opt_values /usr/lib/python3/dist-packages/oslo_config/cfg.py:2609
2025-10-23 01:31:29.014 61637 DEBUG oslo_service.service [-] oslo_messaging_rabbit.kombu_failover_strategy = round-robin log_opt_values /usr/lib/python3/dist-packages/oslo_config/cfg.py:2609
2025-10-23 01:31:29.014 61637 DEBUG oslo_service.service [-] oslo_messaging_rabbit.kombu_missing_consumer_retry_timeout = 60 log_opt_values /usr/lib/python3/dist-packages/oslo_config/cfg.py:2609
2025-10-23 01:31:29.014 61637 DEBUG oslo_service.service [-] oslo_messaging_rabbit.kombu_reconnect_delay = 1.0 log_opt_values /usr/lib/python3/dist-packages/oslo_config/cfg.py:2609
2025-10-23 01:31:29.014 61637 DEBUG oslo_service.service [-] oslo_messaging_rabbit.rabbit_ha_queues = False log_opt_values /usr/lib/python3/dist-packages/oslo_config/cfg.py:2609
2025-10-23 01:31:29.014 61637 DEBUG oslo_service.service [-] oslo_messaging_rabbit.rabbit_interval_max = 30 log_opt_values /usr/lib/python3/dist-packages/oslo_config/cfg.py:2609
2025-10-23 01:31:29.015 61637 DEBUG oslo_service.service [-] oslo_messaging_rabbit.rabbit_login_method = AMQPLAIN log_opt_values /usr/lib/python3/dist-packages/oslo_config/cfg.py:2609
2025-10-23 01:31:29.015 61637 DEBUG oslo_service.service [-] oslo_messaging_rabbit.rabbit_qos_prefetch_count = 0 log_opt_values /usr/lib/python3/dist-packages/oslo_config/cfg.py:2609
2025-10-23 01:31:29.015 61637 DEBUG oslo_service.service [-] oslo_messaging_rabbit.rabbit_quorum_queue = False log_opt_values /usr/lib/python3/dist-packages/oslo_config/cfg.py:2609
2025-10-23 01:31:29.015 61637 DEBUG oslo_service.service [-] oslo_messaging_rabbit.rabbit_retry_backoff = 2 log_opt_values /usr/lib/python3/dist-packages/oslo_config/cfg.py:2609
2025-10-23 01:31:29.015 61637 DEBUG oslo_service.service [-] oslo_messaging_rabbit.rabbit_retry_interval = 1 log_opt_values /usr/lib/python3/dist-packages/oslo_config/cfg.py:2609
2025-10-23 01:31:29.015 61637 DEBUG oslo_service.service [-] oslo_messaging_rabbit.rabbit_transient_queues_ttl = 1800 log_opt_values /usr/lib/python3/dist-packages/oslo_config/cfg.py:2609
2025-10-23 01:31:29.016 61637 DEBUG oslo_service.service [-] oslo_messaging_rabbit.rpc_conn_pool_size = 30 log_opt_values /usr/lib/python3/dist-packages/oslo_config/cfg.py:2609
2025-10-23 01:31:29.016 61637 DEBUG oslo_service.service [-] oslo_messaging_rabbit.ssl = False log_opt_values /usr/lib/python3/dist-packages/oslo_config/cfg.py:2609
2025-10-23 01:31:29.016 61637 DEBUG oslo_service.service [-] oslo_messaging_rabbit.ssl_ca_file = log_opt_values /usr/lib/python3/dist-packages/oslo_config/cfg.py:2609
2025-10-23 01:31:29.016 61637 DEBUG oslo_service.service [-] oslo_messaging_rabbit.ssl_cert_file = log_opt_values /usr/lib/python3/dist-packages/oslo_config/cfg.py:2609
2025-10-23 01:31:29.017 61637 DEBUG oslo_service.service [-] oslo_messaging_rabbit.ssl_key_file = log_opt_values /usr/lib/python3/dist-packages/oslo_config/cfg.py:2609
2025-10-23 01:31:29.017 61637 DEBUG oslo_service.service [-] oslo_messaging_rabbit.ssl_version = log_opt_values /usr/lib/python3/dist-packages/oslo_config/cfg.py:2609
2025-10-23 01:31:29.017 61637 DEBUG oslo_service.service [-] oslo_messaging_notifications.driver = [] log_opt_values /usr/lib/python3/dist-packages/oslo_config/cfg.py:2609
2025-10-23 01:31:29.016 61860 DEBUG oslo_db.sqlalchemy.engines [req-52271c1d-b119-447d-8efd-ae9db27f141a - - - - -] MySQL server mode set to STRICT_TRANS_TABLES,STRICT_ALL_TABLES,NO_ZERO_IN_DATE,NO_ZERO_DATE,ERROR_FOR_DIVISION_BY_ZERO,TRADITIONAL,NO_ENGINE_SUBSTITUTION _check_effective_sql_mode /usr/lib/python3/dist-packages/oslo_db/sqlalchemy/engines.py:314
2025-10-23 01:31:29.017 61637 DEBUG oslo_service.service [-] oslo_messaging_notifications.retry = -1 log_opt_values /usr/lib/python3/dist-packages/oslo_config/cfg.py:2609
2025-10-23 01:31:29.017 61637 DEBUG oslo_service.service [-] oslo_messaging_notifications.topics = ['notifications'] log_opt_values /usr/lib/python3/dist-packages/oslo_config/cfg.py:2609
2025-10-23 01:31:29.017 61637 DEBUG oslo_service.service [-] oslo_messaging_notifications.transport_url = **** log_opt_values /usr/lib/python3/dist-packages/oslo_config/cfg.py:2609
2025-10-23 01:31:29.017 61637 DEBUG oslo_service.service [-] cache.backend = dogpile.cache.null log_opt_values /usr/lib/python3/dist-packages/oslo_config/cfg.py:2609
2025-10-23 01:31:29.017 61637 DEBUG oslo_service.service [-] cache.backend_argument = **** log_opt_values /usr/lib/python3/dist-packages/oslo_config/cfg.py:2609
2025-10-23 01:31:29.018 61637 DEBUG oslo_service.service [-] cache.config_prefix = cache.oslo log_opt_values /usr/lib/python3/dist-packages/oslo_config/cfg.py:2609
2025-10-23 01:31:29.018 61637 DEBUG oslo_service.service [-] cache.debug_cache_backend = False log_opt_values /usr/lib/python3/dist-packages/oslo_config/cfg.py:2609
2025-10-23 01:31:29.018 61637 DEBUG oslo_service.service [-] cache.enabled = False log_opt_values /usr/lib/python3/dist-packages/oslo_config/cfg.py:2609
2025-10-23 01:31:29.018 61637 DEBUG oslo_service.service [-] cache.expiration_time = 600 log_opt_values /usr/lib/python3/dist-packages/oslo_config/cfg.py:2609
2025-10-23 01:31:29.018 61637 DEBUG oslo_service.service [-] cache.memcache_dead_retry = 300 log_opt_values /usr/lib/python3/dist-packages/oslo_config/cfg.py:2609
2025-10-23 01:31:29.018 61637 DEBUG oslo_service.service [-] cache.memcache_pool_connection_get_timeout = 10 log_opt_values /usr/lib/python3/dist-packages/oslo_config/cfg.py:2609
2025-10-23 01:31:29.018 61637 DEBUG oslo_service.service [-] cache.memcache_pool_flush_on_reconnect = False log_opt_values /usr/lib/python3/dist-packages/oslo_config/cfg.py:2609
2025-10-23 01:31:29.018 61637 DEBUG oslo_service.service [-] cache.memcache_pool_maxsize = 10 log_opt_values /usr/lib/python3/dist-packages/oslo_config/cfg.py:2609
2025-10-23 01:31:29.019 61637 DEBUG oslo_service.service [-] cache.memcache_pool_unused_timeout = 60 log_opt_values /usr/lib/python3/dist-packages/oslo_config/cfg.py:2609
2025-10-23 01:31:29.019 61637 DEBUG oslo_service.service [-] cache.memcache_servers = ['localhost:11211'] log_opt_values /usr/lib/python3/dist-packages/oslo_config/cfg.py:2609
2025-10-23 01:31:29.019 61637 DEBUG oslo_service.service [-] cache.memcache_socket_timeout = 1.0 log_opt_values /usr/lib/python3/dist-packages/oslo_config/cfg.py:2609
2025-10-23 01:31:29.019 61637 DEBUG oslo_service.service [-] cache.proxies = [] log_opt_values /usr/lib/python3/dist-packages/oslo_config/cfg.py:2609
2025-10-23 01:31:29.019 61637 DEBUG oslo_service.service [-] cache.tls_allowed_ciphers = None log_opt_values /usr/lib/python3/dist-packages/oslo_config/cfg.py:2609
2025-10-23 01:31:29.019 61637 DEBUG oslo_service.service [-] cache.tls_cafile = None log_opt_values /usr/lib/python3/dist-packages/oslo_config/cfg.py:2609
2025-10-23 01:31:29.019 61637 DEBUG oslo_service.service [-] cache.tls_certfile = None log_opt_values /usr/lib/python3/dist-packages/oslo_config/cfg.py:2609
2025-10-23 01:31:29.019 61637 DEBUG oslo_service.service [-] cache.tls_enabled = False log_opt_values /usr/lib/python3/dist-packages/oslo_config/cfg.py:2609
2025-10-23 01:31:29.020 61637 DEBUG oslo_service.service [-] cache.tls_keyfile = None log_opt_values /usr/lib/python3/dist-packages/oslo_config/cfg.py:2609
2025-10-23 01:31:29.020 61637 DEBUG oslo_service.service [-] constraint_validation_cache.caching = True log_opt_values /usr/lib/python3/dist-packages/oslo_config/cfg.py:2609
2025-10-23 01:31:29.020 61637 DEBUG oslo_service.service [-] constraint_validation_cache.expiration_time = 60 log_opt_values /usr/lib/python3/dist-packages/oslo_config/cfg.py:2609
2025-10-23 01:31:29.020 61637 DEBUG oslo_service.service [-] service_extension_cache.caching = True log_opt_values /usr/lib/python3/dist-packages/oslo_config/cfg.py:2609
2025-10-23 01:31:29.020 61637 DEBUG oslo_service.service [-] service_extension_cache.expiration_time = 3600 log_opt_values /usr/lib/python3/dist-packages/oslo_config/cfg.py:2609
2025-10-23 01:31:29.020 61637 DEBUG oslo_service.service [-] resource_finder_cache.caching = True log_opt_values /usr/lib/python3/dist-packages/oslo_config/cfg.py:2609
2025-10-23 01:31:29.020 61637 DEBUG oslo_service.service [-] resource_finder_cache.expiration_time = 3600 log_opt_values /usr/lib/python3/dist-packages/oslo_config/cfg.py:2609
2025-10-23 01:31:29.020 61637 DEBUG oslo_service.service [-] yaql.limit_iterators = 200 log_opt_values /usr/lib/python3/dist-packages/oslo_config/cfg.py:2609
2025-10-23 01:31:29.020 61637 DEBUG oslo_service.service [-] yaql.memory_quota = 10000 log_opt_values /usr/lib/python3/dist-packages/oslo_config/cfg.py:2609
2025-10-23 01:31:29.021 61637 DEBUG oslo_service.service [-] ******************************************************************************** log_opt_values /usr/lib/python3/dist-packages/oslo_config/cfg.py:2613
2025-10-23 01:31:29.020 61862 DEBUG oslo_db.sqlalchemy.engines [req-e363e90b-ea7c-479b-a6b9-53a70243c74b - - - - -] MySQL server mode set to STRICT_TRANS_TABLES,STRICT_ALL_TABLES,NO_ZERO_IN_DATE,NO_ZERO_DATE,ERROR_FOR_DIVISION_BY_ZERO,TRADITIONAL,NO_ENGINE_SUBSTITUTION _check_effective_sql_mode /usr/lib/python3/dist-packages/oslo_db/sqlalchemy/engines.py:314
2025-10-23 01:31:29.029 61861 DEBUG oslo_db.sqlalchemy.engines [req-52c33484-c750-4b33-95f8-930a1780625c - - - - -] MySQL server mode set to STRICT_TRANS_TABLES,STRICT_ALL_TABLES,NO_ZERO_IN_DATE,NO_ZERO_DATE,ERROR_FOR_DIVISION_BY_ZERO,TRADITIONAL,NO_ENGINE_SUBSTITUTION _check_effective_sql_mode /usr/lib/python3/dist-packages/oslo_db/sqlalchemy/engines.py:314
2025-10-23 01:31:29.040 61863 DEBUG oslo_db.sqlalchemy.engines [req-f08d434e-05c6-4b76-bec6-1e5cdb17ccab - - - - -] MySQL server mode set to STRICT_TRANS_TABLES,STRICT_ALL_TABLES,NO_ZERO_IN_DATE,NO_ZERO_DATE,ERROR_FOR_DIVISION_BY_ZERO,TRADITIONAL,NO_ENGINE_SUBSTITUTION _check_effective_sql_mode /usr/lib/python3/dist-packages/oslo_db/sqlalchemy/engines.py:314
2025-10-23 01:31:29.066 61862 DEBUG heat.engine.service [req-e363e90b-ea7c-479b-a6b9-53a70243c74b - - - - -] Service 0ce341dc-4798-4554-b38e-54f68df11fe6 was aborted service_manage_cleanup /usr/lib/python3/dist-packages/heat/engine/service.py:2391
2025-10-23 01:31:29.085 61860 DEBUG heat.engine.service [req-52271c1d-b119-447d-8efd-ae9db27f141a - - - - -] Service 0ce341dc-4798-4554-b38e-54f68df11fe6 was aborted service_manage_cleanup /usr/lib/python3/dist-packages/heat/engine/service.py:2391
2025-10-23 01:31:29.095 61861 DEBUG heat.engine.service [req-52c33484-c750-4b33-95f8-930a1780625c - - - - -] Service 0ce341dc-4798-4554-b38e-54f68df11fe6 was aborted service_manage_cleanup /usr/lib/python3/dist-packages/heat/engine/service.py:2391
2025-10-23 01:31:29.097 61863 DEBUG heat.engine.service [req-f08d434e-05c6-4b76-bec6-1e5cdb17ccab - - - - -] Service 0ce341dc-4798-4554-b38e-54f68df11fe6 was aborted service_manage_cleanup /usr/lib/python3/dist-packages/heat/engine/service.py:2391
2025-10-23 01:31:29.240 61862 DEBUG heat.engine.service [req-e363e90b-ea7c-479b-a6b9-53a70243c74b - - - - -] Service 3e9f6e62-68d4-4ad9-8788-bc416e340072 was aborted service_manage_cleanup /usr/lib/python3/dist-packages/heat/engine/service.py:2391
2025-10-23 01:31:29.241 61860 DEBUG heat.engine.service [req-52271c1d-b119-447d-8efd-ae9db27f141a - - - - -] Service 3e9f6e62-68d4-4ad9-8788-bc416e340072 was aborted service_manage_cleanup /usr/lib/python3/dist-packages/heat/engine/service.py:2391
2025-10-23 01:31:29.243 61861 DEBUG heat.engine.service [req-52c33484-c750-4b33-95f8-930a1780625c - - - - -] Service 3e9f6e62-68d4-4ad9-8788-bc416e340072 was aborted service_manage_cleanup /usr/lib/python3/dist-packages/heat/engine/service.py:2391
2025-10-23 01:31:29.244 61863 DEBUG heat.engine.service [req-f08d434e-05c6-4b76-bec6-1e5cdb17ccab - - - - -] Service 3e9f6e62-68d4-4ad9-8788-bc416e340072 was aborted service_manage_cleanup /usr/lib/python3/dist-packages/heat/engine/service.py:2391
2025-10-23 01:31:29.367 61862 DEBUG heat.engine.service [req-e363e90b-ea7c-479b-a6b9-53a70243c74b - - - - -] Service 46290a37-1e90-4c2a-83f8-c79199f68624 was aborted service_manage_cleanup /usr/lib/python3/dist-packages/heat/engine/service.py:2391
2025-10-23 01:31:29.367 61860 DEBUG heat.engine.service [req-52271c1d-b119-447d-8efd-ae9db27f141a - - - - -] Service 46290a37-1e90-4c2a-83f8-c79199f68624 was aborted service_manage_cleanup /usr/lib/python3/dist-packages/heat/engine/service.py:2391
2025-10-23 01:31:29.369 61861 DEBUG heat.engine.service [req-52c33484-c750-4b33-95f8-930a1780625c - - - - -] Service 46290a37-1e90-4c2a-83f8-c79199f68624 was aborted service_manage_cleanup /usr/lib/python3/dist-packages/heat/engine/service.py:2391
2025-10-23 01:31:29.369 61863 DEBUG heat.engine.service [req-f08d434e-05c6-4b76-bec6-1e5cdb17ccab - - - - -] Service 46290a37-1e90-4c2a-83f8-c79199f68624 was aborted service_manage_cleanup /usr/lib/python3/dist-packages/heat/engine/service.py:2391
2025-10-23 01:31:29.472 61862 DEBUG heat.engine.service [req-e363e90b-ea7c-479b-a6b9-53a70243c74b - - - - -] Service 64163a48-ba38-4a72-bda5-137d2625bc1c was aborted service_manage_cleanup /usr/lib/python3/dist-packages/heat/engine/service.py:2391
2025-10-23 01:31:29.473 61861 DEBUG heat.engine.service [req-52c33484-c750-4b33-95f8-930a1780625c - - - - -] Service 64163a48-ba38-4a72-bda5-137d2625bc1c was aborted service_manage_cleanup /usr/lib/python3/dist-packages/heat/engine/service.py:2391
2025-10-23 01:31:29.474 61860 DEBUG heat.engine.service [req-52271c1d-b119-447d-8efd-ae9db27f141a - - - - -] Service 64163a48-ba38-4a72-bda5-137d2625bc1c was aborted service_manage_cleanup /usr/lib/python3/dist-packages/heat/engine/service.py:2391
2025-10-23 01:31:29.475 61863 DEBUG heat.engine.service [req-f08d434e-05c6-4b76-bec6-1e5cdb17ccab - - - - -] Service 64163a48-ba38-4a72-bda5-137d2625bc1c was aborted service_manage_cleanup /usr/lib/python3/dist-packages/heat/engine/service.py:2391
2025-10-23 01:31:29.535 61862 DEBUG heat.engine.service [req-e363e90b-ea7c-479b-a6b9-53a70243c74b - - - - -] Service 78e00dda-24c1-4cfd-b630-e8ea3b838b96 was aborted service_manage_cleanup /usr/lib/python3/dist-packages/heat/engine/service.py:2391
2025-10-23 01:31:29.536 61861 DEBUG heat.engine.service [req-52c33484-c750-4b33-95f8-930a1780625c - - - - -] Service 78e00dda-24c1-4cfd-b630-e8ea3b838b96 was aborted service_manage_cleanup /usr/lib/python3/dist-packages/heat/engine/service.py:2391
2025-10-23 01:31:29.539 61860 DEBUG heat.engine.service [req-52271c1d-b119-447d-8efd-ae9db27f141a - - - - -] Service 78e00dda-24c1-4cfd-b630-e8ea3b838b96 was aborted service_manage_cleanup /usr/lib/python3/dist-packages/heat/engine/service.py:2391
2025-10-23 01:31:29.539 61863 DEBUG heat.engine.service [req-f08d434e-05c6-4b76-bec6-1e5cdb17ccab - - - - -] Service 78e00dda-24c1-4cfd-b630-e8ea3b838b96 was aborted service_manage_cleanup /usr/lib/python3/dist-packages/heat/engine/service.py:2391
2025-10-23 01:31:29.631 61862 DEBUG heat.engine.service [req-e363e90b-ea7c-479b-a6b9-53a70243c74b - - - - -] Service 8a49f7c3-3556-44cc-9337-37c36a53bf3c was aborted service_manage_cleanup /usr/lib/python3/dist-packages/heat/engine/service.py:2391
2025-10-23 01:31:29.632 61861 DEBUG heat.engine.service [req-52c33484-c750-4b33-95f8-930a1780625c - - - - -] Service 8a49f7c3-3556-44cc-9337-37c36a53bf3c was aborted service_manage_cleanup /usr/lib/python3/dist-packages/heat/engine/service.py:2391
2025-10-23 01:31:29.633 61860 DEBUG heat.engine.service [req-52271c1d-b119-447d-8efd-ae9db27f141a - - - - -] Service 8a49f7c3-3556-44cc-9337-37c36a53bf3c was aborted service_manage_cleanup /usr/lib/python3/dist-packages/heat/engine/service.py:2391
2025-10-23 01:31:29.633 61863 DEBUG heat.engine.service [req-f08d434e-05c6-4b76-bec6-1e5cdb17ccab - - - - -] Service 8a49f7c3-3556-44cc-9337-37c36a53bf3c was aborted service_manage_cleanup /usr/lib/python3/dist-packages/heat/engine/service.py:2391
2025-10-23 01:31:29.645 61862 DEBUG heat.engine.service [req-e363e90b-ea7c-479b-a6b9-53a70243c74b - - - - -] Service 9fd4f6bf-51cf-4d0b-acf0-31687cc27f7a was aborted service_manage_cleanup /usr/lib/python3/dist-packages/heat/engine/service.py:2391
2025-10-23 01:31:29.645 61860 DEBUG heat.engine.service [req-52271c1d-b119-447d-8efd-ae9db27f141a - - - - -] Service 9fd4f6bf-51cf-4d0b-acf0-31687cc27f7a was aborted service_manage_cleanup /usr/lib/python3/dist-packages/heat/engine/service.py:2391
2025-10-23 01:31:29.646 61861 DEBUG heat.engine.service [req-52c33484-c750-4b33-95f8-930a1780625c - - - - -] Service 9fd4f6bf-51cf-4d0b-acf0-31687cc27f7a was aborted service_manage_cleanup /usr/lib/python3/dist-packages/heat/engine/service.py:2391
2025-10-23 01:31:29.648 61863 DEBUG heat.engine.service [req-f08d434e-05c6-4b76-bec6-1e5cdb17ccab - - - - -] Service 9fd4f6bf-51cf-4d0b-acf0-31687cc27f7a was aborted service_manage_cleanup /usr/lib/python3/dist-packages/heat/engine/service.py:2391
2025-10-23 01:31:29.658 61860 DEBUG heat.engine.service [req-52271c1d-b119-447d-8efd-ae9db27f141a - - - - -] Service a6b5da95-5b1c-404e-9b18-eba3eb74ce98 was aborted service_manage_cleanup /usr/lib/python3/dist-packages/heat/engine/service.py:2391
2025-10-23 01:31:29.659 61862 DEBUG heat.engine.service [req-e363e90b-ea7c-479b-a6b9-53a70243c74b - - - - -] Service a6b5da95-5b1c-404e-9b18-eba3eb74ce98 was aborted service_manage_cleanup /usr/lib/python3/dist-packages/heat/engine/service.py:2391
2025-10-23 01:31:29.660 61861 DEBUG heat.engine.service [req-52c33484-c750-4b33-95f8-930a1780625c - - - - -] Service a6b5da95-5b1c-404e-9b18-eba3eb74ce98 was aborted service_manage_cleanup /usr/lib/python3/dist-packages/heat/engine/service.py:2391
2025-10-23 01:31:29.661 61863 DEBUG heat.engine.service [req-f08d434e-05c6-4b76-bec6-1e5cdb17ccab - - - - -] Service a6b5da95-5b1c-404e-9b18-eba3eb74ce98 was aborted service_manage_cleanup /usr/lib/python3/dist-packages/heat/engine/service.py:2391
2025-10-23 01:31:29.672 61860 DEBUG heat.engine.service [req-52271c1d-b119-447d-8efd-ae9db27f141a - - - - -] Service a70038aa-947d-4ed7-b68c-6a8e24926b13 was aborted service_manage_cleanup /usr/lib/python3/dist-packages/heat/engine/service.py:2391
2025-10-23 01:31:29.672 61861 DEBUG heat.engine.service [req-52c33484-c750-4b33-95f8-930a1780625c - - - - -] Service a70038aa-947d-4ed7-b68c-6a8e24926b13 was aborted service_manage_cleanup /usr/lib/python3/dist-packages/heat/engine/service.py:2391
2025-10-23 01:31:29.673 61862 DEBUG heat.engine.service [req-e363e90b-ea7c-479b-a6b9-53a70243c74b - - - - -] Service a70038aa-947d-4ed7-b68c-6a8e24926b13 was aborted service_manage_cleanup /usr/lib/python3/dist-packages/heat/engine/service.py:2391
2025-10-23 01:31:29.675 61863 DEBUG heat.engine.service [req-f08d434e-05c6-4b76-bec6-1e5cdb17ccab - - - - -] Service a70038aa-947d-4ed7-b68c-6a8e24926b13 was aborted service_manage_cleanup /usr/lib/python3/dist-packages/heat/engine/service.py:2391
2025-10-23 01:31:29.687 61861 DEBUG heat.engine.service [req-52c33484-c750-4b33-95f8-930a1780625c - - - - -] Service a9f7f823-9def-4693-9bea-294985feff6e was aborted service_manage_cleanup /usr/lib/python3/dist-packages/heat/engine/service.py:2391
2025-10-23 01:31:29.688 61860 DEBUG heat.engine.service [req-52271c1d-b119-447d-8efd-ae9db27f141a - - - - -] Service a9f7f823-9def-4693-9bea-294985feff6e was aborted service_manage_cleanup /usr/lib/python3/dist-packages/heat/engine/service.py:2391
2025-10-23 01:31:29.689 61862 DEBUG heat.engine.service [req-e363e90b-ea7c-479b-a6b9-53a70243c74b - - - - -] Service a9f7f823-9def-4693-9bea-294985feff6e was aborted service_manage_cleanup /usr/lib/python3/dist-packages/heat/engine/service.py:2391
2025-10-23 01:31:29.690 61863 DEBUG heat.engine.service [req-f08d434e-05c6-4b76-bec6-1e5cdb17ccab - - - - -] Service a9f7f823-9def-4693-9bea-294985feff6e was aborted service_manage_cleanup /usr/lib/python3/dist-packages/heat/engine/service.py:2391
2025-10-23 01:31:29.700 61861 DEBUG heat.engine.service [req-52c33484-c750-4b33-95f8-930a1780625c - - - - -] Service e4365671-dfb9-4594-b0d7-80e30e7bf28f was aborted service_manage_cleanup /usr/lib/python3/dist-packages/heat/engine/service.py:2391
2025-10-23 01:31:29.700 61860 DEBUG heat.engine.service [req-52271c1d-b119-447d-8efd-ae9db27f141a - - - - -] Service e4365671-dfb9-4594-b0d7-80e30e7bf28f was aborted service_manage_cleanup /usr/lib/python3/dist-packages/heat/engine/service.py:2391
2025-10-23 01:31:29.701 61862 DEBUG heat.engine.service [req-e363e90b-ea7c-479b-a6b9-53a70243c74b - - - - -] Service e4365671-dfb9-4594-b0d7-80e30e7bf28f was aborted service_manage_cleanup /usr/lib/python3/dist-packages/heat/engine/service.py:2391
2025-10-23 01:31:29.703 61863 DEBUG heat.engine.service [req-f08d434e-05c6-4b76-bec6-1e5cdb17ccab - - - - -] Service e4365671-dfb9-4594-b0d7-80e30e7bf28f was aborted service_manage_cleanup /usr/lib/python3/dist-packages/heat/engine/service.py:2391
2025-10-23 01:31:29.713 61860 DEBUG heat.engine.service [req-52271c1d-b119-447d-8efd-ae9db27f141a - - - - -] Service f39128dc-5032-455e-8a42-cdf8b32df132 was aborted service_manage_cleanup /usr/lib/python3/dist-packages/heat/engine/service.py:2391
2025-10-23 01:31:29.715 61861 DEBUG heat.engine.service [req-52c33484-c750-4b33-95f8-930a1780625c - - - - -] Service f39128dc-5032-455e-8a42-cdf8b32df132 was aborted service_manage_cleanup /usr/lib/python3/dist-packages/heat/engine/service.py:2391
2025-10-23 01:31:29.715 61862 DEBUG heat.engine.service [req-e363e90b-ea7c-479b-a6b9-53a70243c74b - - - - -] Service f39128dc-5032-455e-8a42-cdf8b32df132 was aborted service_manage_cleanup /usr/lib/python3/dist-packages/heat/engine/service.py:2391
2025-10-23 01:31:29.716 61863 DEBUG heat.engine.service [req-f08d434e-05c6-4b76-bec6-1e5cdb17ccab - - - - -] Service f39128dc-5032-455e-8a42-cdf8b32df132 was aborted service_manage_cleanup /usr/lib/python3/dist-packages/heat/engine/service.py:2391
2025-10-23 01:31:29.744 61860 DEBUG heat.engine.service [req-6d890b34-1efe-4441-a9f4-a4fa1457d80f - - - - -] Service 20482915-0259-4f68-993b-e41829b2dfa1 is started service_manage_report /usr/lib/python3/dist-packages/heat/engine/service.py:2363
2025-10-23 01:31:29.755 61861 DEBUG heat.engine.service [req-a037bd53-e151-4a18-80e5-a429288eae2e - - - - -] Service 1f5a83a3-b2d9-40b9-a6e5-d39bbde8febe is started service_manage_report /usr/lib/python3/dist-packages/heat/engine/service.py:2363
2025-10-23 01:31:29.755 61862 DEBUG heat.engine.service [req-fd486d24-55a6-40fa-a3c4-034439aa6a23 - - - - -] Service 936f098e-bf9e-4afd-8980-0b0c2aa7c49d is started service_manage_report /usr/lib/python3/dist-packages/heat/engine/service.py:2363
2025-10-23 01:31:29.763 61863 DEBUG heat.engine.service [req-a5de0d50-cf82-4776-94e7-93298441ddb6 - - - - -] Service 7c6c73d9-5b33-4496-a521-3ee1ee73d9e0 is started service_manage_report /usr/lib/python3/dist-packages/heat/engine/service.py:2363
2025-10-23 01:31:29.764 61860 DEBUG heat.engine.service [req-6d890b34-1efe-4441-a9f4-a4fa1457d80f - - - - -] Service 20482915-0259-4f68-993b-e41829b2dfa1 is updated service_manage_report /usr/lib/python3/dist-packages/heat/engine/service.py:2370
2025-10-23 01:31:29.779 61861 DEBUG heat.engine.service [req-a037bd53-e151-4a18-80e5-a429288eae2e - - - - -] Service 1f5a83a3-b2d9-40b9-a6e5-d39bbde8febe is updated service_manage_report /usr/lib/python3/dist-packages/heat/engine/service.py:2370
2025-10-23 01:31:29.782 61863 DEBUG heat.engine.service [req-a5de0d50-cf82-4776-94e7-93298441ddb6 - - - - -] Service 7c6c73d9-5b33-4496-a521-3ee1ee73d9e0 is updated service_manage_report /usr/lib/python3/dist-packages/heat/engine/service.py:2370
2025-10-23 01:31:29.784 61862 DEBUG heat.engine.service [req-fd486d24-55a6-40fa-a3c4-034439aa6a23 - - - - -] Service 936f098e-bf9e-4afd-8980-0b0c2aa7c49d is updated service_manage_report /usr/lib/python3/dist-packages/heat/engine/service.py:2370
2025-10-23 01:32:25.065 61862 DEBUG heat.engine.service [-] Attempting to stop engine service... _stop_rpc_server /usr/lib/python3/dist-packages/heat/engine/service.py:437
2025-10-23 01:32:25.065 61863 DEBUG heat.engine.service [-] Attempting to stop engine service... _stop_rpc_server /usr/lib/python3/dist-packages/heat/engine/service.py:437
2025-10-23 01:32:25.065 61861 DEBUG heat.engine.service [-] Attempting to stop engine service... _stop_rpc_server /usr/lib/python3/dist-packages/heat/engine/service.py:437
2025-10-23 01:32:25.066 61860 DEBUG heat.engine.service [-] Attempting to stop engine service... _stop_rpc_server /usr/lib/python3/dist-packages/heat/engine/service.py:437
2025-10-23 01:32:25.070 61637 INFO oslo_service.service [-] Caught SIGTERM, stopping children
2025-10-23 01:32:25.070 61637 DEBUG oslo_concurrency.lockutils [-] Acquired lock "singleton_lock" lock /usr/lib/python3/dist-packages/oslo_concurrency/lockutils.py:294
2025-10-23 01:32:25.070 61637 DEBUG oslo_concurrency.lockutils [-] Releasing lock "singleton_lock" lock /usr/lib/python3/dist-packages/oslo_concurrency/lockutils.py:312
2025-10-23 01:32:25.071 61637 DEBUG oslo_service.service [-] Stop services. stop /usr/lib/python3/dist-packages/oslo_service/service.py:695
2025-10-23 01:32:25.071 61637 INFO heat.engine.service [-] All threads were gone, terminating engine
2025-10-23 01:32:25.071 61637 DEBUG oslo_service.service [-] Killing children. stop /usr/lib/python3/dist-packages/oslo_service/service.py:700
2025-10-23 01:32:25.072 61637 INFO oslo_service.service [-] Waiting on 4 children to exit
2025-10-23 01:32:25.085 61637 INFO oslo_service.service [-] Child 61860 killed by signal 15
2025-10-23 01:32:25.086 61637 INFO oslo_service.service [-] Child 61861 killed by signal 15
2025-10-23 01:32:25.086 61637 INFO oslo_service.service [-] Child 61862 killed by signal 15
2025-10-23 01:32:25.087 61637 INFO oslo_service.service [-] Child 61863 killed by signal 15
2025-10-23 01:32:26.873 63113 DEBUG oslo_concurrency.lockutils [-] Lock "context-manager" acquired by "neutron_lib.db.api._create_context_manager" :: waited 0.000s inner /usr/lib/python3/dist-packages/oslo_concurrency/lockutils.py:386
2025-10-23 01:32:26.874 63113 DEBUG oslo_concurrency.lockutils [-] Lock "context-manager" "released" by "neutron_lib.db.api._create_context_manager" :: held 0.000s inner /usr/lib/python3/dist-packages/oslo_concurrency/lockutils.py:400
2025-10-23 01:32:29.320 63113 WARNING heat.engine.environment [-] OS::Aodh::Alarm is DEPRECATED. Theshold alarm relies on ceilometer-api and has been deprecated in aodh since Ocata. Use OS::Aodh::GnocchiAggregationByResourcesAlarm instead.
2025-10-23 01:32:29.320 63113 WARNING heat.engine.environment [-] OS::Aodh::CombinationAlarm is HIDDEN. OS::Aodh::CombinationAlarm is deprecated and has been removed from Aodh, use OS::Aodh::CompositeAlarm instead.
2025-10-23 01:32:29.320 63113 WARNING heat.engine.environment [-] OS::Designate::Domain is HIDDEN. This resource has been removed, use OS::Designate::Zone instead.
2025-10-23 01:32:29.321 63113 WARNING heat.engine.environment [-] OS::Designate::Record is HIDDEN. This resource has been removed, use OS::Designate::RecordSet instead.
2025-10-23 01:32:29.321 63113 WARNING heat.engine.environment [-] OS::Glance::Image is DEPRECATED. Creating a Glance Image based on an existing URL location requires the Glance v1 API, which is deprecated.
2025-10-23 01:32:29.321 63113 WARNING heat.engine.environment [-] OS::Heat::HARestarter is HIDDEN. The HARestarter resource type has been removed. Existing stacks containing HARestarter resources can still be used, but the HARestarter resource will be a placeholder that does nothing.
2025-10-23 01:32:29.321 63113 WARNING heat.engine.environment [-] OS::Heat::SoftwareDeployments is HIDDEN. Please use OS::Heat::SoftwareDeploymentGroup instead.
2025-10-23 01:32:29.321 63113 WARNING heat.engine.environment [-] OS::Heat::StructuredDeployments is HIDDEN. Please use OS::Heat::StructuredDeploymentGroup instead.
2025-10-23 01:32:29.322 63113 WARNING heat.engine.environment [-] OS::Magnum::Bay is HIDDEN. Please use OS::Magnum::Cluster instead.
2025-10-23 01:32:29.322 63113 WARNING heat.engine.environment [-] OS::Magnum::BayModel is HIDDEN. Please use OS::Magnum::ClusterTemplate instead.
2025-10-23 01:32:29.322 63113 WARNING heat.engine.environment [-] OS::Neutron::ExtraRoute is UNSUPPORTED. Use this resource at your own risk.
2025-10-23 01:32:29.322 63113 WARNING heat.engine.environment [-] OS::Neutron::HealthMonitor is HIDDEN. Use LBaaS V2 instead.
2025-10-23 01:32:29.322 63113 WARNING heat.engine.environment [-] OS::Neutron::Pool is HIDDEN. Use LBaaS V2 instead.
2025-10-23 01:32:29.322 63113 WARNING heat.engine.environment [-] OS::Neutron::PoolMember is HIDDEN. Use LBaaS V2 instead.
2025-10-23 01:32:29.322 63113 WARNING heat.engine.environment [-] OS::Neutron::LoadBalancer is HIDDEN. Use LBaaS V2 instead.
2025-10-23 01:32:29.323 63113 WARNING heat.engine.environment [-] OS::Neutron::RouterGateway is HIDDEN. Use the `external_gateway_info` property in the router resource to set up the gateway.
2025-10-23 01:32:29.323 63113 WARNING heat.engine.environment [-] OS::Nova::FloatingIP is HIDDEN. Please use OS::Neutron::FloatingIP instead.
2025-10-23 01:32:29.323 63113 WARNING heat.engine.environment [-] OS::Nova::FloatingIPAssociation is HIDDEN. Please use OS::Neutron::FloatingIPAssociation instead.
2025-10-23 01:32:29.326 63113 INFO heat.engine.environment [-] Loading /etc/heat/environment.d/default.yaml
2025-10-23 01:32:29.327 63113 INFO heat.engine.environment [-] Registered: [Plugin](User:False) AWS::AutoScaling::AutoScalingGroup ->
2025-10-23 01:32:29.327 63113 INFO heat.engine.environment [-] Registered: [Plugin](User:False) AWS::AutoScaling::LaunchConfiguration ->
2025-10-23 01:32:29.327 63113 INFO heat.engine.environment [-] Registered: [Plugin](User:False) AWS::AutoScaling::ScalingPolicy ->
2025-10-23 01:32:29.327 63113 INFO heat.engine.environment [-] Registered: [Plugin](User:False) AWS::CloudFormation::Stack ->
2025-10-23 01:32:29.327 63113 INFO heat.engine.environment [-] Registered: [Plugin](User:False) AWS::CloudFormation::WaitCondition ->
