2025-10-20 00:41:45.435 147102 DEBUG oslo_service.service [req-52d0377c-3317-4040-a6f0-2fd57eb1deb0 - - - - -] workarounds.never_download_image_if_on_rbd = False log_opt_values /usr/lib/python3/dist-packages/oslo_config/cfg.py:2609
2025-10-20 00:41:45.435 147102 DEBUG oslo_service.service [req-52d0377c-3317-4040-a6f0-2fd57eb1deb0 - - - - -] workarounds.reserve_disk_resource_for_image_cache = False log_opt_values /usr/lib/python3/dist-packages/oslo_config/cfg.py:2609
2025-10-20 00:41:45.435 147102 DEBUG oslo_service.service [req-52d0377c-3317-4040-a6f0-2fd57eb1deb0 - - - - -] workarounds.skip_cpu_compare_at_startup = False log_opt_values /usr/lib/python3/dist-packages/oslo_config/cfg.py:2609
2025-10-20 00:41:45.435 147102 DEBUG oslo_service.service [req-52d0377c-3317-4040-a6f0-2fd57eb1deb0 - - - - -] workarounds.skip_cpu_compare_on_dest = False log_opt_values /usr/lib/python3/dist-packages/oslo_config/cfg.py:2609
2025-10-20 00:41:45.435 147102 DEBUG oslo_service.service [req-52d0377c-3317-4040-a6f0-2fd57eb1deb0 - - - - -] workarounds.skip_hypervisor_version_check_on_lm = False log_opt_values /usr/lib/python3/dist-packages/oslo_config/cfg.py:2609
2025-10-20 00:41:45.435 147102 DEBUG oslo_service.service [req-52d0377c-3317-4040-a6f0-2fd57eb1deb0 - - - - -] workarounds.unified_limits_count_pcpu_as_vcpu = False log_opt_values /usr/lib/python3/dist-packages/oslo_config/cfg.py:2609
2025-10-20 00:41:45.436 147102 DEBUG oslo_service.service [req-52d0377c-3317-4040-a6f0-2fd57eb1deb0 - - - - -] workarounds.wait_for_vif_plugged_event_during_hard_reboot = [] log_opt_values /usr/lib/python3/dist-packages/oslo_config/cfg.py:2609
2025-10-20 00:41:45.436 147102 DEBUG oslo_service.service [req-52d0377c-3317-4040-a6f0-2fd57eb1deb0 - - - - -] wsgi.api_paste_config = /etc/nova/api-paste.ini log_opt_values /usr/lib/python3/dist-packages/oslo_config/cfg.py:2609
2025-10-20 00:41:45.436 147102 DEBUG oslo_service.service [req-52d0377c-3317-4040-a6f0-2fd57eb1deb0 - - - - -] wsgi.client_socket_timeout = 900 log_opt_values /usr/lib/python3/dist-packages/oslo_config/cfg.py:2609
2025-10-20 00:41:45.436 147102 DEBUG oslo_service.service [req-52d0377c-3317-4040-a6f0-2fd57eb1deb0 - - - - -] wsgi.default_pool_size = 1000 log_opt_values /usr/lib/python3/dist-packages/oslo_config/cfg.py:2609
2025-10-20 00:41:45.436 147102 DEBUG oslo_service.service [req-52d0377c-3317-4040-a6f0-2fd57eb1deb0 - - - - -] wsgi.keep_alive = True log_opt_values /usr/lib/python3/dist-packages/oslo_config/cfg.py:2609
2025-10-20 00:41:45.436 147102 DEBUG oslo_service.service [req-52d0377c-3317-4040-a6f0-2fd57eb1deb0 - - - - -] wsgi.max_header_line = 16384 log_opt_values /usr/lib/python3/dist-packages/oslo_config/cfg.py:2609
2025-10-20 00:41:45.437 147102 DEBUG oslo_service.service [req-52d0377c-3317-4040-a6f0-2fd57eb1deb0 - - - - -] wsgi.secure_proxy_ssl_header = None log_opt_values /usr/lib/python3/dist-packages/oslo_config/cfg.py:2609
2025-10-20 00:41:45.437 147102 DEBUG oslo_service.service [req-52d0377c-3317-4040-a6f0-2fd57eb1deb0 - - - - -] wsgi.ssl_ca_file = None log_opt_values /usr/lib/python3/dist-packages/oslo_config/cfg.py:2609
2025-10-20 00:41:45.437 147102 DEBUG oslo_service.service [req-52d0377c-3317-4040-a6f0-2fd57eb1deb0 - - - - -] wsgi.ssl_cert_file = None log_opt_values /usr/lib/python3/dist-packages/oslo_config/cfg.py:2609
2025-10-20 00:41:45.437 147102 DEBUG oslo_service.service [req-52d0377c-3317-4040-a6f0-2fd57eb1deb0 - - - - -] wsgi.ssl_key_file = None log_opt_values /usr/lib/python3/dist-packages/oslo_config/cfg.py:2609
2025-10-20 00:41:45.437 147102 DEBUG oslo_service.service [req-52d0377c-3317-4040-a6f0-2fd57eb1deb0 - - - - -] wsgi.tcp_keepidle = 600 log_opt_values /usr/lib/python3/dist-packages/oslo_config/cfg.py:2609
2025-10-20 00:41:45.437 147102 DEBUG oslo_service.service [req-52d0377c-3317-4040-a6f0-2fd57eb1deb0 - - - - -] wsgi.wsgi_log_format = %(client_ip)s "%(request_line)s" status: %(status_code)s len: %(body_length)s time: %(wall_seconds).7f log_opt_values /usr/lib/python3/dist-packages/oslo_config/cfg.py:2609
2025-10-20 00:41:45.437 147102 DEBUG oslo_service.service [req-52d0377c-3317-4040-a6f0-2fd57eb1deb0 - - - - -] zvm.ca_file = None log_opt_values /usr/lib/python3/dist-packages/oslo_config/cfg.py:2609
2025-10-20 00:41:45.438 147102 DEBUG oslo_service.service [req-52d0377c-3317-4040-a6f0-2fd57eb1deb0 - - - - -] zvm.cloud_connector_url = None log_opt_values /usr/lib/python3/dist-packages/oslo_config/cfg.py:2609
2025-10-20 00:41:45.438 147102 DEBUG oslo_service.service [req-52d0377c-3317-4040-a6f0-2fd57eb1deb0 - - - - -] zvm.image_tmp_path = /var/lib/nova/images log_opt_values /usr/lib/python3/dist-packages/oslo_config/cfg.py:2609
2025-10-20 00:41:45.438 147102 DEBUG oslo_service.service [req-52d0377c-3317-4040-a6f0-2fd57eb1deb0 - - - - -] zvm.reachable_timeout = 300 log_opt_values /usr/lib/python3/dist-packages/oslo_config/cfg.py:2609
2025-10-20 00:41:45.438 147102 DEBUG oslo_service.service [req-52d0377c-3317-4040-a6f0-2fd57eb1deb0 - - - - -] oslo_messaging_metrics.metrics_buffer_size = 1000 log_opt_values /usr/lib/python3/dist-packages/oslo_config/cfg.py:2609
2025-10-20 00:41:45.438 147102 DEBUG oslo_service.service [req-52d0377c-3317-4040-a6f0-2fd57eb1deb0 - - - - -] oslo_messaging_metrics.metrics_enabled = False log_opt_values /usr/lib/python3/dist-packages/oslo_config/cfg.py:2609
2025-10-20 00:41:45.439 147102 DEBUG oslo_service.service [req-52d0377c-3317-4040-a6f0-2fd57eb1deb0 - - - - -] oslo_messaging_metrics.metrics_process_name = log_opt_values /usr/lib/python3/dist-packages/oslo_config/cfg.py:2609
2025-10-20 00:41:45.439 147102 DEBUG oslo_service.service [req-52d0377c-3317-4040-a6f0-2fd57eb1deb0 - - - - -] oslo_messaging_metrics.metrics_socket_file = /var/tmp/metrics_collector.sock log_opt_values /usr/lib/python3/dist-packages/oslo_config/cfg.py:2609
2025-10-20 00:41:45.439 147102 DEBUG oslo_service.service [req-52d0377c-3317-4040-a6f0-2fd57eb1deb0 - - - - -] oslo_messaging_metrics.metrics_thread_stop_timeout = 10 log_opt_values /usr/lib/python3/dist-packages/oslo_config/cfg.py:2609
2025-10-20 00:41:45.439 147102 DEBUG oslo_service.service [req-52d0377c-3317-4040-a6f0-2fd57eb1deb0 - - - - -] oslo_policy.enforce_new_defaults = False log_opt_values /usr/lib/python3/dist-packages/oslo_config/cfg.py:2609
2025-10-20 00:41:45.439 147102 DEBUG oslo_service.service [req-52d0377c-3317-4040-a6f0-2fd57eb1deb0 - - - - -] oslo_policy.enforce_scope = False log_opt_values /usr/lib/python3/dist-packages/oslo_config/cfg.py:2609
2025-10-20 00:41:45.439 147102 DEBUG oslo_service.service [req-52d0377c-3317-4040-a6f0-2fd57eb1deb0 - - - - -] oslo_policy.policy_default_rule = default log_opt_values /usr/lib/python3/dist-packages/oslo_config/cfg.py:2609
2025-10-20 00:41:45.440 147102 DEBUG oslo_service.service [req-52d0377c-3317-4040-a6f0-2fd57eb1deb0 - - - - -] oslo_policy.policy_dirs = ['policy.d'] log_opt_values /usr/lib/python3/dist-packages/oslo_config/cfg.py:2609
2025-10-20 00:41:45.440 147102 DEBUG oslo_service.service [req-52d0377c-3317-4040-a6f0-2fd57eb1deb0 - - - - -] oslo_policy.policy_file = policy.yaml log_opt_values /usr/lib/python3/dist-packages/oslo_config/cfg.py:2609
2025-10-20 00:41:45.440 147102 DEBUG oslo_service.service [req-52d0377c-3317-4040-a6f0-2fd57eb1deb0 - - - - -] oslo_policy.remote_content_type = application/x-www-form-urlencoded log_opt_values /usr/lib/python3/dist-packages/oslo_config/cfg.py:2609
2025-10-20 00:41:45.440 147102 DEBUG oslo_service.service [req-52d0377c-3317-4040-a6f0-2fd57eb1deb0 - - - - -] oslo_policy.remote_ssl_ca_crt_file = None log_opt_values /usr/lib/python3/dist-packages/oslo_config/cfg.py:2609
2025-10-20 00:41:45.440 147102 DEBUG oslo_service.service [req-52d0377c-3317-4040-a6f0-2fd57eb1deb0 - - - - -] oslo_policy.remote_ssl_client_crt_file = None log_opt_values /usr/lib/python3/dist-packages/oslo_config/cfg.py:2609
2025-10-20 00:41:45.440 147102 DEBUG oslo_service.service [req-52d0377c-3317-4040-a6f0-2fd57eb1deb0 - - - - -] oslo_policy.remote_ssl_client_key_file = None log_opt_values /usr/lib/python3/dist-packages/oslo_config/cfg.py:2609
2025-10-20 00:41:45.441 147102 DEBUG oslo_service.service [req-52d0377c-3317-4040-a6f0-2fd57eb1deb0 - - - - -] oslo_policy.remote_ssl_verify_server_crt = False log_opt_values /usr/lib/python3/dist-packages/oslo_config/cfg.py:2609
2025-10-20 00:41:45.441 147102 DEBUG oslo_service.service [req-52d0377c-3317-4040-a6f0-2fd57eb1deb0 - - - - -] oslo_versionedobjects.fatal_exception_format_errors = False log_opt_values /usr/lib/python3/dist-packages/oslo_config/cfg.py:2609
2025-10-20 00:41:45.441 147102 DEBUG oslo_service.service [req-52d0377c-3317-4040-a6f0-2fd57eb1deb0 - - - - -] oslo_middleware.http_basic_auth_user_file = /etc/htpasswd log_opt_values /usr/lib/python3/dist-packages/oslo_config/cfg.py:2609
2025-10-20 00:41:45.441 147102 DEBUG oslo_service.service [req-52d0377c-3317-4040-a6f0-2fd57eb1deb0 - - - - -] profiler.connection_string = messaging:// log_opt_values /usr/lib/python3/dist-packages/oslo_config/cfg.py:2609
2025-10-20 00:41:45.441 147102 DEBUG oslo_service.service [req-52d0377c-3317-4040-a6f0-2fd57eb1deb0 - - - - -] profiler.enabled = False log_opt_values /usr/lib/python3/dist-packages/oslo_config/cfg.py:2609
2025-10-20 00:41:45.441 147102 DEBUG oslo_service.service [req-52d0377c-3317-4040-a6f0-2fd57eb1deb0 - - - - -] profiler.es_doc_type = notification log_opt_values /usr/lib/python3/dist-packages/oslo_config/cfg.py:2609
2025-10-20 00:41:45.442 147102 DEBUG oslo_service.service [req-52d0377c-3317-4040-a6f0-2fd57eb1deb0 - - - - -] profiler.es_scroll_size = 10000 log_opt_values /usr/lib/python3/dist-packages/oslo_config/cfg.py:2609
2025-10-20 00:41:45.442 147102 DEBUG oslo_service.service [req-52d0377c-3317-4040-a6f0-2fd57eb1deb0 - - - - -] profiler.es_scroll_time = 2m log_opt_values /usr/lib/python3/dist-packages/oslo_config/cfg.py:2609
2025-10-20 00:41:45.442 147102 DEBUG oslo_service.service [req-52d0377c-3317-4040-a6f0-2fd57eb1deb0 - - - - -] profiler.filter_error_trace = False log_opt_values /usr/lib/python3/dist-packages/oslo_config/cfg.py:2609
2025-10-20 00:41:45.442 147102 DEBUG oslo_service.service [req-52d0377c-3317-4040-a6f0-2fd57eb1deb0 - - - - -] profiler.hmac_keys = SECRET_KEY log_opt_values /usr/lib/python3/dist-packages/oslo_config/cfg.py:2609
2025-10-20 00:41:45.442 147102 DEBUG oslo_service.service [req-52d0377c-3317-4040-a6f0-2fd57eb1deb0 - - - - -] profiler.sentinel_service_name = mymaster log_opt_values /usr/lib/python3/dist-packages/oslo_config/cfg.py:2609
2025-10-20 00:41:45.442 147102 DEBUG oslo_service.service [req-52d0377c-3317-4040-a6f0-2fd57eb1deb0 - - - - -] profiler.socket_timeout = 0.1 log_opt_values /usr/lib/python3/dist-packages/oslo_config/cfg.py:2609
2025-10-20 00:41:45.442 147102 DEBUG oslo_service.service [req-52d0377c-3317-4040-a6f0-2fd57eb1deb0 - - - - -] profiler.trace_sqlalchemy = False log_opt_values /usr/lib/python3/dist-packages/oslo_config/cfg.py:2609
2025-10-20 00:41:45.443 147102 DEBUG oslo_service.service [req-52d0377c-3317-4040-a6f0-2fd57eb1deb0 - - - - -] remote_debug.host = None log_opt_values /usr/lib/python3/dist-packages/oslo_config/cfg.py:2609
2025-10-20 00:41:45.443 147102 DEBUG oslo_service.service [req-52d0377c-3317-4040-a6f0-2fd57eb1deb0 - - - - -] remote_debug.port = None log_opt_values /usr/lib/python3/dist-packages/oslo_config/cfg.py:2609
2025-10-20 00:41:45.443 147102 DEBUG oslo_service.service [req-52d0377c-3317-4040-a6f0-2fd57eb1deb0 - - - - -] oslo_messaging_rabbit.amqp_auto_delete = False log_opt_values /usr/lib/python3/dist-packages/oslo_config/cfg.py:2609
2025-10-20 00:41:45.443 147102 DEBUG oslo_service.service [req-52d0377c-3317-4040-a6f0-2fd57eb1deb0 - - - - -] oslo_messaging_rabbit.amqp_durable_queues = False log_opt_values /usr/lib/python3/dist-packages/oslo_config/cfg.py:2609
2025-10-20 00:41:45.443 147102 DEBUG oslo_service.service [req-52d0377c-3317-4040-a6f0-2fd57eb1deb0 - - - - -] oslo_messaging_rabbit.conn_pool_min_size = 2 log_opt_values /usr/lib/python3/dist-packages/oslo_config/cfg.py:2609
2025-10-20 00:41:45.444 147102 DEBUG oslo_service.service [req-52d0377c-3317-4040-a6f0-2fd57eb1deb0 - - - - -] oslo_messaging_rabbit.conn_pool_ttl = 1200 log_opt_values /usr/lib/python3/dist-packages/oslo_config/cfg.py:2609
2025-10-20 00:41:45.444 147102 DEBUG oslo_service.service [req-52d0377c-3317-4040-a6f0-2fd57eb1deb0 - - - - -] oslo_messaging_rabbit.direct_mandatory_flag = True log_opt_values /usr/lib/python3/dist-packages/oslo_config/cfg.py:2609
2025-10-20 00:41:45.444 147102 DEBUG oslo_service.service [req-52d0377c-3317-4040-a6f0-2fd57eb1deb0 - - - - -] oslo_messaging_rabbit.enable_cancel_on_failover = False log_opt_values /usr/lib/python3/dist-packages/oslo_config/cfg.py:2609
2025-10-20 00:41:45.444 147102 DEBUG oslo_service.service [req-52d0377c-3317-4040-a6f0-2fd57eb1deb0 - - - - -] oslo_messaging_rabbit.heartbeat_in_pthread = False log_opt_values /usr/lib/python3/dist-packages/oslo_config/cfg.py:2609
2025-10-20 00:41:45.444 147102 DEBUG oslo_service.service [req-52d0377c-3317-4040-a6f0-2fd57eb1deb0 - - - - -] oslo_messaging_rabbit.heartbeat_rate = 2 log_opt_values /usr/lib/python3/dist-packages/oslo_config/cfg.py:2609
2025-10-20 00:41:45.444 147102 DEBUG oslo_service.service [req-52d0377c-3317-4040-a6f0-2fd57eb1deb0 - - - - -] oslo_messaging_rabbit.heartbeat_timeout_threshold = 60 log_opt_values /usr/lib/python3/dist-packages/oslo_config/cfg.py:2609
2025-10-20 00:41:45.444 147102 DEBUG oslo_service.service [req-52d0377c-3317-4040-a6f0-2fd57eb1deb0 - - - - -] oslo_messaging_rabbit.kombu_compression = None log_opt_values /usr/lib/python3/dist-packages/oslo_config/cfg.py:2609
2025-10-20 00:41:45.445 147102 DEBUG oslo_service.service [req-52d0377c-3317-4040-a6f0-2fd57eb1deb0 - - - - -] oslo_messaging_rabbit.kombu_failover_strategy = round-robin log_opt_values /usr/lib/python3/dist-packages/oslo_config/cfg.py:2609
2025-10-20 00:41:45.445 147102 DEBUG oslo_service.service [req-52d0377c-3317-4040-a6f0-2fd57eb1deb0 - - - - -] oslo_messaging_rabbit.kombu_missing_consumer_retry_timeout = 60 log_opt_values /usr/lib/python3/dist-packages/oslo_config/cfg.py:2609
2025-10-20 00:41:45.445 147102 DEBUG oslo_service.service [req-52d0377c-3317-4040-a6f0-2fd57eb1deb0 - - - - -] oslo_messaging_rabbit.kombu_reconnect_delay = 1.0 log_opt_values /usr/lib/python3/dist-packages/oslo_config/cfg.py:2609
2025-10-20 00:41:45.445 147102 DEBUG oslo_service.service [req-52d0377c-3317-4040-a6f0-2fd57eb1deb0 - - - - -] oslo_messaging_rabbit.rabbit_ha_queues = False log_opt_values /usr/lib/python3/dist-packages/oslo_config/cfg.py:2609
2025-10-20 00:41:45.445 147102 DEBUG oslo_service.service [req-52d0377c-3317-4040-a6f0-2fd57eb1deb0 - - - - -] oslo_messaging_rabbit.rabbit_interval_max = 30 log_opt_values /usr/lib/python3/dist-packages/oslo_config/cfg.py:2609
2025-10-20 00:41:45.445 147102 DEBUG oslo_service.service [req-52d0377c-3317-4040-a6f0-2fd57eb1deb0 - - - - -] oslo_messaging_rabbit.rabbit_login_method = AMQPLAIN log_opt_values /usr/lib/python3/dist-packages/oslo_config/cfg.py:2609
2025-10-20 00:41:45.446 147102 DEBUG oslo_service.service [req-52d0377c-3317-4040-a6f0-2fd57eb1deb0 - - - - -] oslo_messaging_rabbit.rabbit_qos_prefetch_count = 0 log_opt_values /usr/lib/python3/dist-packages/oslo_config/cfg.py:2609
2025-10-20 00:41:45.446 147102 DEBUG oslo_service.service [req-52d0377c-3317-4040-a6f0-2fd57eb1deb0 - - - - -] oslo_messaging_rabbit.rabbit_quorum_queue = False log_opt_values /usr/lib/python3/dist-packages/oslo_config/cfg.py:2609
2025-10-20 00:41:45.446 147102 DEBUG oslo_service.service [req-52d0377c-3317-4040-a6f0-2fd57eb1deb0 - - - - -] oslo_messaging_rabbit.rabbit_retry_backoff = 2 log_opt_values /usr/lib/python3/dist-packages/oslo_config/cfg.py:2609
2025-10-20 00:41:45.446 147102 DEBUG oslo_service.service [req-52d0377c-3317-4040-a6f0-2fd57eb1deb0 - - - - -] oslo_messaging_rabbit.rabbit_retry_interval = 1 log_opt_values /usr/lib/python3/dist-packages/oslo_config/cfg.py:2609
2025-10-20 00:41:45.446 147102 DEBUG oslo_service.service [req-52d0377c-3317-4040-a6f0-2fd57eb1deb0 - - - - -] oslo_messaging_rabbit.rabbit_transient_queues_ttl = 1800 log_opt_values /usr/lib/python3/dist-packages/oslo_config/cfg.py:2609
2025-10-20 00:41:45.446 147102 DEBUG oslo_service.service [req-52d0377c-3317-4040-a6f0-2fd57eb1deb0 - - - - -] oslo_messaging_rabbit.rpc_conn_pool_size = 30 log_opt_values /usr/lib/python3/dist-packages/oslo_config/cfg.py:2609
2025-10-20 00:41:45.446 147102 DEBUG oslo_service.service [req-52d0377c-3317-4040-a6f0-2fd57eb1deb0 - - - - -] oslo_messaging_rabbit.ssl = False log_opt_values /usr/lib/python3/dist-packages/oslo_config/cfg.py:2609
2025-10-20 00:41:45.447 147102 DEBUG oslo_service.service [req-52d0377c-3317-4040-a6f0-2fd57eb1deb0 - - - - -] oslo_messaging_rabbit.ssl_ca_file = log_opt_values /usr/lib/python3/dist-packages/oslo_config/cfg.py:2609
2025-10-20 00:41:45.447 147102 DEBUG oslo_service.service [req-52d0377c-3317-4040-a6f0-2fd57eb1deb0 - - - - -] oslo_messaging_rabbit.ssl_cert_file = log_opt_values /usr/lib/python3/dist-packages/oslo_config/cfg.py:2609
2025-10-20 00:41:45.447 147102 DEBUG oslo_service.service [req-52d0377c-3317-4040-a6f0-2fd57eb1deb0 - - - - -] oslo_messaging_rabbit.ssl_key_file = log_opt_values /usr/lib/python3/dist-packages/oslo_config/cfg.py:2609
2025-10-20 00:41:45.447 147102 DEBUG oslo_service.service [req-52d0377c-3317-4040-a6f0-2fd57eb1deb0 - - - - -] oslo_messaging_rabbit.ssl_version = log_opt_values /usr/lib/python3/dist-packages/oslo_config/cfg.py:2609
2025-10-20 00:41:45.447 147102 DEBUG oslo_service.service [req-52d0377c-3317-4040-a6f0-2fd57eb1deb0 - - - - -] oslo_messaging_notifications.driver = ['messagingv2'] log_opt_values /usr/lib/python3/dist-packages/oslo_config/cfg.py:2609
2025-10-20 00:41:45.448 147102 DEBUG oslo_service.service [req-52d0377c-3317-4040-a6f0-2fd57eb1deb0 - - - - -] oslo_messaging_notifications.retry = -1 log_opt_values /usr/lib/python3/dist-packages/oslo_config/cfg.py:2609
2025-10-20 00:41:45.448 147102 DEBUG oslo_service.service [req-52d0377c-3317-4040-a6f0-2fd57eb1deb0 - - - - -] oslo_messaging_notifications.topics = ['notifications'] log_opt_values /usr/lib/python3/dist-packages/oslo_config/cfg.py:2609
2025-10-20 00:41:45.448 147102 DEBUG oslo_service.service [req-52d0377c-3317-4040-a6f0-2fd57eb1deb0 - - - - -] oslo_messaging_notifications.transport_url = **** log_opt_values /usr/lib/python3/dist-packages/oslo_config/cfg.py:2609
2025-10-20 00:41:45.448 147102 DEBUG oslo_service.service [req-52d0377c-3317-4040-a6f0-2fd57eb1deb0 - - - - -] oslo_limit.auth_section = None log_opt_values /usr/lib/python3/dist-packages/oslo_config/cfg.py:2609
2025-10-20 00:41:45.448 147102 DEBUG oslo_service.service [req-52d0377c-3317-4040-a6f0-2fd57eb1deb0 - - - - -] oslo_limit.auth_type = None log_opt_values /usr/lib/python3/dist-packages/oslo_config/cfg.py:2609
2025-10-20 00:41:45.448 147102 DEBUG oslo_service.service [req-52d0377c-3317-4040-a6f0-2fd57eb1deb0 - - - - -] oslo_limit.cafile = None log_opt_values /usr/lib/python3/dist-packages/oslo_config/cfg.py:2609
2025-10-20 00:41:45.449 147102 DEBUG oslo_service.service [req-52d0377c-3317-4040-a6f0-2fd57eb1deb0 - - - - -] oslo_limit.certfile = None log_opt_values /usr/lib/python3/dist-packages/oslo_config/cfg.py:2609
2025-10-20 00:41:45.449 147102 DEBUG oslo_service.service [req-52d0377c-3317-4040-a6f0-2fd57eb1deb0 - - - - -] oslo_limit.collect_timing = False log_opt_values /usr/lib/python3/dist-packages/oslo_config/cfg.py:2609
2025-10-20 00:41:45.449 147102 DEBUG oslo_service.service [req-52d0377c-3317-4040-a6f0-2fd57eb1deb0 - - - - -] oslo_limit.connect_retries = None log_opt_values /usr/lib/python3/dist-packages/oslo_config/cfg.py:2609
2025-10-20 00:41:45.449 147102 DEBUG oslo_service.service [req-52d0377c-3317-4040-a6f0-2fd57eb1deb0 - - - - -] oslo_limit.connect_retry_delay = None log_opt_values /usr/lib/python3/dist-packages/oslo_config/cfg.py:2609
2025-10-20 00:41:45.449 147102 DEBUG oslo_service.service [req-52d0377c-3317-4040-a6f0-2fd57eb1deb0 - - - - -] oslo_limit.endpoint_id = None log_opt_values /usr/lib/python3/dist-packages/oslo_config/cfg.py:2609
2025-10-20 00:41:45.449 147102 DEBUG oslo_service.service [req-52d0377c-3317-4040-a6f0-2fd57eb1deb0 - - - - -] oslo_limit.endpoint_override = None log_opt_values /usr/lib/python3/dist-packages/oslo_config/cfg.py:2609
2025-10-20 00:41:45.449 147102 DEBUG oslo_service.service [req-52d0377c-3317-4040-a6f0-2fd57eb1deb0 - - - - -] oslo_limit.insecure = False log_opt_values /usr/lib/python3/dist-packages/oslo_config/cfg.py:2609
2025-10-20 00:41:45.450 147102 DEBUG oslo_service.service [req-52d0377c-3317-4040-a6f0-2fd57eb1deb0 - - - - -] oslo_limit.keyfile = None log_opt_values /usr/lib/python3/dist-packages/oslo_config/cfg.py:2609
2025-10-20 00:41:45.450 147102 DEBUG oslo_service.service [req-52d0377c-3317-4040-a6f0-2fd57eb1deb0 - - - - -] oslo_limit.max_version = None log_opt_values /usr/lib/python3/dist-packages/oslo_config/cfg.py:2609
2025-10-20 00:41:45.450 147102 DEBUG oslo_service.service [req-52d0377c-3317-4040-a6f0-2fd57eb1deb0 - - - - -] oslo_limit.min_version = None log_opt_values /usr/lib/python3/dist-packages/oslo_config/cfg.py:2609
2025-10-20 00:41:45.450 147102 DEBUG oslo_service.service [req-52d0377c-3317-4040-a6f0-2fd57eb1deb0 - - - - -] oslo_limit.region_name = None log_opt_values /usr/lib/python3/dist-packages/oslo_config/cfg.py:2609
2025-10-20 00:41:45.450 147102 DEBUG oslo_service.service [req-52d0377c-3317-4040-a6f0-2fd57eb1deb0 - - - - -] oslo_limit.service_name = None log_opt_values /usr/lib/python3/dist-packages/oslo_config/cfg.py:2609
2025-10-20 00:41:45.450 147102 DEBUG oslo_service.service [req-52d0377c-3317-4040-a6f0-2fd57eb1deb0 - - - - -] oslo_limit.service_type = None log_opt_values /usr/lib/python3/dist-packages/oslo_config/cfg.py:2609
2025-10-20 00:41:45.451 147102 DEBUG oslo_service.service [req-52d0377c-3317-4040-a6f0-2fd57eb1deb0 - - - - -] oslo_limit.split_loggers = False log_opt_values /usr/lib/python3/dist-packages/oslo_config/cfg.py:2609
2025-10-20 00:41:45.451 147102 DEBUG oslo_service.service [req-52d0377c-3317-4040-a6f0-2fd57eb1deb0 - - - - -] oslo_limit.status_code_retries = None log_opt_values /usr/lib/python3/dist-packages/oslo_config/cfg.py:2609
2025-10-20 00:41:45.451 147102 DEBUG oslo_service.service [req-52d0377c-3317-4040-a6f0-2fd57eb1deb0 - - - - -] oslo_limit.status_code_retry_delay = None log_opt_values /usr/lib/python3/dist-packages/oslo_config/cfg.py:2609
2025-10-20 00:41:45.451 147102 DEBUG oslo_service.service [req-52d0377c-3317-4040-a6f0-2fd57eb1deb0 - - - - -] oslo_limit.timeout = None log_opt_values /usr/lib/python3/dist-packages/oslo_config/cfg.py:2609
2025-10-20 00:41:45.451 147102 DEBUG oslo_service.service [req-52d0377c-3317-4040-a6f0-2fd57eb1deb0 - - - - -] oslo_limit.valid_interfaces = None log_opt_values /usr/lib/python3/dist-packages/oslo_config/cfg.py:2609
2025-10-20 00:41:45.451 147102 DEBUG oslo_service.service [req-52d0377c-3317-4040-a6f0-2fd57eb1deb0 - - - - -] oslo_limit.version = None log_opt_values /usr/lib/python3/dist-packages/oslo_config/cfg.py:2609
2025-10-20 00:41:45.451 147102 DEBUG oslo_service.service [req-52d0377c-3317-4040-a6f0-2fd57eb1deb0 - - - - -] oslo_reports.file_event_handler = None log_opt_values /usr/lib/python3/dist-packages/oslo_config/cfg.py:2609
2025-10-20 00:41:45.452 147102 DEBUG oslo_service.service [req-52d0377c-3317-4040-a6f0-2fd57eb1deb0 - - - - -] oslo_reports.file_event_handler_interval = 1 log_opt_values /usr/lib/python3/dist-packages/oslo_config/cfg.py:2609
2025-10-20 00:41:45.452 147102 DEBUG oslo_service.service [req-52d0377c-3317-4040-a6f0-2fd57eb1deb0 - - - - -] oslo_reports.log_dir = None log_opt_values /usr/lib/python3/dist-packages/oslo_config/cfg.py:2609
2025-10-20 00:41:45.452 147102 DEBUG oslo_service.service [req-52d0377c-3317-4040-a6f0-2fd57eb1deb0 - - - - -] ******************************************************************************** log_opt_values /usr/lib/python3/dist-packages/oslo_config/cfg.py:2613
2025-10-20 00:41:46.355 147401 DEBUG oslo_messaging._drivers.amqpdriver [-] AMQPListener connection timeout poll /usr/lib/python3/dist-packages/oslo_messaging/_drivers/amqpdriver.py:360
2025-10-20 00:41:46.355 147401 DEBUG oslo_messaging._drivers.amqpdriver [-] Listener is running poll /usr/lib/python3/dist-packages/oslo_messaging/_drivers/amqpdriver.py:343
2025-10-20 00:41:46.355 147401 DEBUG oslo_messaging._drivers.amqpdriver [-] AMQPListener connection consume poll /usr/lib/python3/dist-packages/oslo_messaging/_drivers/amqpdriver.py:357
2025-10-20 00:41:46.370 147402 DEBUG oslo_messaging._drivers.amqpdriver [-] AMQPListener connection timeout poll /usr/lib/python3/dist-packages/oslo_messaging/_drivers/amqpdriver.py:360
2025-10-20 00:41:46.370 147404 DEBUG oslo_messaging._drivers.amqpdriver [-] AMQPListener connection timeout poll /usr/lib/python3/dist-packages/oslo_messaging/_drivers/amqpdriver.py:360
2025-10-20 00:41:46.370 147402 DEBUG oslo_messaging._drivers.amqpdriver [-] Listener is running poll /usr/lib/python3/dist-packages/oslo_messaging/_drivers/amqpdriver.py:343
2025-10-20 00:41:46.370 147404 DEBUG oslo_messaging._drivers.amqpdriver [-] Listener is running poll /usr/lib/python3/dist-packages/oslo_messaging/_drivers/amqpdriver.py:343
2025-10-20 00:41:46.370 147402 DEBUG oslo_messaging._drivers.amqpdriver [-] AMQPListener connection consume poll /usr/lib/python3/dist-packages/oslo_messaging/_drivers/amqpdriver.py:357
2025-10-20 00:41:46.370 147404 DEBUG oslo_messaging._drivers.amqpdriver [-] AMQPListener connection consume poll /usr/lib/python3/dist-packages/oslo_messaging/_drivers/amqpdriver.py:357
2025-10-20 00:41:46.372 147403 DEBUG oslo_service.periodic_task [req-51e62007-61f3-4ab6-b7f2-3da6fda355a7 - - - - -] Running periodic task SchedulerManager._discover_hosts_in_cells run_periodic_tasks /usr/lib/python3/dist-packages/oslo_service/periodic_task.py:210
2025-10-20 00:41:46.373 147403 DEBUG oslo_db.sqlalchemy.engines [req-51e62007-61f3-4ab6-b7f2-3da6fda355a7 - - - - -] Parent process 147102 forked (147403) with an open database connection, which is being discarded and recreated. checkout /usr/lib/python3/dist-packages/oslo_db/sqlalchemy/engines.py:413
2025-10-20 00:41:46.374 147403 DEBUG oslo_messaging._drivers.amqpdriver [-] AMQPListener connection timeout poll /usr/lib/python3/dist-packages/oslo_messaging/_drivers/amqpdriver.py:360
2025-10-20 00:41:46.375 147403 DEBUG oslo_messaging._drivers.amqpdriver [-] Listener is running poll /usr/lib/python3/dist-packages/oslo_messaging/_drivers/amqpdriver.py:343
2025-10-20 00:41:46.375 147403 DEBUG oslo_messaging._drivers.amqpdriver [-] AMQPListener connection consume poll /usr/lib/python3/dist-packages/oslo_messaging/_drivers/amqpdriver.py:357
2025-10-20 00:41:46.380 147403 DEBUG oslo_concurrency.lockutils [req-51e62007-61f3-4ab6-b7f2-3da6fda355a7 - - - - -] Lock "7408098d-1624-4dce-a62c-0ed3ea11ab9c" acquired by "nova.context.set_target_cell..get_or_set_cached_cell_and_set_connections" :: waited 0.000s inner /usr/lib/python3/dist-packages/oslo_concurrency/lockutils.py:386
2025-10-20 00:41:46.381 147403 DEBUG oslo_concurrency.lockutils [req-51e62007-61f3-4ab6-b7f2-3da6fda355a7 - - - - -] Lock "7408098d-1624-4dce-a62c-0ed3ea11ab9c" "released" by "nova.context.set_target_cell..get_or_set_cached_cell_and_set_connections" :: held 0.002s inner /usr/lib/python3/dist-packages/oslo_concurrency/lockutils.py:400
2025-10-20 00:41:46.386 147403 DEBUG oslo_db.sqlalchemy.engines [req-51e62007-61f3-4ab6-b7f2-3da6fda355a7 - - - - -] MySQL server mode set to STRICT_TRANS_TABLES,STRICT_ALL_TABLES,NO_ZERO_IN_DATE,NO_ZERO_DATE,ERROR_FOR_DIVISION_BY_ZERO,TRADITIONAL,NO_ENGINE_SUBSTITUTION _check_effective_sql_mode /usr/lib/python3/dist-packages/oslo_db/sqlalchemy/engines.py:314
2025-10-20 00:41:48.358 147401 DEBUG oslo_messaging._drivers.amqpdriver [-] AMQPListener connection timeout poll /usr/lib/python3/dist-packages/oslo_messaging/_drivers/amqpdriver.py:360
2025-10-20 00:41:48.358 147401 DEBUG oslo_messaging._drivers.amqpdriver [-] Listener is running poll /usr/lib/python3/dist-packages/oslo_messaging/_drivers/amqpdriver.py:343
2025-10-20 00:41:48.358 147401 DEBUG oslo_messaging._drivers.amqpdriver [-] AMQPListener connection consume poll /usr/lib/python3/dist-packages/oslo_messaging/_drivers/amqpdriver.py:357
2025-10-20 00:41:48.371 147404 DEBUG oslo_messaging._drivers.amqpdriver [-] AMQPListener connection timeout poll /usr/lib/python3/dist-packages/oslo_messaging/_drivers/amqpdriver.py:360
2025-10-20 00:41:48.371 147402 DEBUG oslo_messaging._drivers.amqpdriver [-] AMQPListener connection timeout poll /usr/lib/python3/dist-packages/oslo_messaging/_drivers/amqpdriver.py:360
2025-10-20 00:41:48.372 147404 DEBUG oslo_messaging._drivers.amqpdriver [-] Listener is running poll /usr/lib/python3/dist-packages/oslo_messaging/_drivers/amqpdriver.py:343
2025-10-20 00:41:48.372 147404 DEBUG oslo_messaging._drivers.amqpdriver [-] AMQPListener connection consume poll /usr/lib/python3/dist-packages/oslo_messaging/_drivers/amqpdriver.py:357
2025-10-20 00:41:48.372 147402 DEBUG oslo_messaging._drivers.amqpdriver [-] Listener is running poll /usr/lib/python3/dist-packages/oslo_messaging/_drivers/amqpdriver.py:343
2025-10-20 00:41:48.372 147402 DEBUG oslo_messaging._drivers.amqpdriver [-] AMQPListener connection consume poll /usr/lib/python3/dist-packages/oslo_messaging/_drivers/amqpdriver.py:357
2025-10-20 00:41:48.376 147403 DEBUG oslo_messaging._drivers.amqpdriver [-] AMQPListener connection timeout poll /usr/lib/python3/dist-packages/oslo_messaging/_drivers/amqpdriver.py:360
2025-10-20 00:41:48.377 147403 DEBUG oslo_messaging._drivers.amqpdriver [-] Listener is running poll /usr/lib/python3/dist-packages/oslo_messaging/_drivers/amqpdriver.py:343
2025-10-20 00:41:48.377 147403 DEBUG oslo_messaging._drivers.amqpdriver [-] AMQPListener connection consume poll /usr/lib/python3/dist-packages/oslo_messaging/_drivers/amqpdriver.py:357
2025-10-20 00:41:50.373 147402 DEBUG oslo_service.periodic_task [req-f41fdadf-5e60-4be1-a792-5c53160ec62c - - - - -] Running periodic task SchedulerManager._discover_hosts_in_cells run_periodic_tasks /usr/lib/python3/dist-packages/oslo_service/periodic_task.py:210
2025-10-20 00:41:50.374 147402 DEBUG oslo_db.sqlalchemy.engines [req-f41fdadf-5e60-4be1-a792-5c53160ec62c - - - - -] Parent process 147102 forked (147402) with an open database connection, which is being discarded and recreated. checkout /usr/lib/python3/dist-packages/oslo_db/sqlalchemy/engines.py:413
2025-10-20 00:41:50.386 147402 DEBUG oslo_concurrency.lockutils [req-f41fdadf-5e60-4be1-a792-5c53160ec62c - - - - -] Lock "7408098d-1624-4dce-a62c-0ed3ea11ab9c" acquired by "nova.context.set_target_cell..get_or_set_cached_cell_and_set_connections" :: waited 0.000s inner /usr/lib/python3/dist-packages/oslo_concurrency/lockutils.py:386
2025-10-20 00:41:50.387 147402 DEBUG oslo_concurrency.lockutils [req-f41fdadf-5e60-4be1-a792-5c53160ec62c - - - - -] Lock "7408098d-1624-4dce-a62c-0ed3ea11ab9c" "released" by "nova.context.set_target_cell..get_or_set_cached_cell_and_set_connections" :: held 0.002s inner /usr/lib/python3/dist-packages/oslo_concurrency/lockutils.py:400
2025-10-20 00:41:50.392 147402 DEBUG oslo_db.sqlalchemy.engines [req-f41fdadf-5e60-4be1-a792-5c53160ec62c - - - - -] MySQL server mode set to STRICT_TRANS_TABLES,STRICT_ALL_TABLES,NO_ZERO_IN_DATE,NO_ZERO_DATE,ERROR_FOR_DIVISION_BY_ZERO,TRADITIONAL,NO_ENGINE_SUBSTITUTION _check_effective_sql_mode /usr/lib/python3/dist-packages/oslo_db/sqlalchemy/engines.py:314
2025-10-20 00:41:51.368 147404 DEBUG oslo_service.periodic_task [req-c475ed9d-030f-499c-841c-40a5ab2105e8 - - - - -] Running periodic task SchedulerManager._discover_hosts_in_cells run_periodic_tasks /usr/lib/python3/dist-packages/oslo_service/periodic_task.py:210
2025-10-20 00:41:51.369 147404 DEBUG oslo_db.sqlalchemy.engines [req-c475ed9d-030f-499c-841c-40a5ab2105e8 - - - - -] Parent process 147102 forked (147404) with an open database connection, which is being discarded and recreated. checkout /usr/lib/python3/dist-packages/oslo_db/sqlalchemy/engines.py:413
2025-10-20 00:41:51.375 147404 DEBUG oslo_concurrency.lockutils [req-c475ed9d-030f-499c-841c-40a5ab2105e8 - - - - -] Lock "7408098d-1624-4dce-a62c-0ed3ea11ab9c" acquired by "nova.context.set_target_cell..get_or_set_cached_cell_and_set_connections" :: waited 0.000s inner /usr/lib/python3/dist-packages/oslo_concurrency/lockutils.py:386
2025-10-20 00:41:51.377 147404 DEBUG oslo_concurrency.lockutils [req-c475ed9d-030f-499c-841c-40a5ab2105e8 - - - - -] Lock "7408098d-1624-4dce-a62c-0ed3ea11ab9c" "released" by "nova.context.set_target_cell..get_or_set_cached_cell_and_set_connections" :: held 0.002s inner /usr/lib/python3/dist-packages/oslo_concurrency/lockutils.py:400
2025-10-20 00:41:51.383 147404 DEBUG oslo_db.sqlalchemy.engines [req-c475ed9d-030f-499c-841c-40a5ab2105e8 - - - - -] MySQL server mode set to STRICT_TRANS_TABLES,STRICT_ALL_TABLES,NO_ZERO_IN_DATE,NO_ZERO_DATE,ERROR_FOR_DIVISION_BY_ZERO,TRADITIONAL,NO_ENGINE_SUBSTITUTION _check_effective_sql_mode /usr/lib/python3/dist-packages/oslo_db/sqlalchemy/engines.py:314
2025-10-20 00:41:52.360 147401 DEBUG oslo_messaging._drivers.amqpdriver [-] AMQPListener connection timeout poll /usr/lib/python3/dist-packages/oslo_messaging/_drivers/amqpdriver.py:360
2025-10-20 00:41:52.360 147401 DEBUG oslo_messaging._drivers.amqpdriver [-] Listener is running poll /usr/lib/python3/dist-packages/oslo_messaging/_drivers/amqpdriver.py:343
2025-10-20 00:41:52.361 147401 DEBUG oslo_messaging._drivers.amqpdriver [-] AMQPListener connection consume poll /usr/lib/python3/dist-packages/oslo_messaging/_drivers/amqpdriver.py:357
2025-10-20 00:41:52.373 147404 DEBUG oslo_messaging._drivers.amqpdriver [-] AMQPListener connection timeout poll /usr/lib/python3/dist-packages/oslo_messaging/_drivers/amqpdriver.py:360
2025-10-20 00:41:52.374 147404 DEBUG oslo_messaging._drivers.amqpdriver [-] Listener is running poll /usr/lib/python3/dist-packages/oslo_messaging/_drivers/amqpdriver.py:343
2025-10-20 00:41:52.374 147404 DEBUG oslo_messaging._drivers.amqpdriver [-] AMQPListener connection consume poll /usr/lib/python3/dist-packages/oslo_messaging/_drivers/amqpdriver.py:357
2025-10-20 00:41:52.375 147402 DEBUG oslo_messaging._drivers.amqpdriver [-] AMQPListener connection timeout poll /usr/lib/python3/dist-packages/oslo_messaging/_drivers/amqpdriver.py:360
2025-10-20 00:41:52.375 147402 DEBUG oslo_messaging._drivers.amqpdriver [-] Listener is running poll /usr/lib/python3/dist-packages/oslo_messaging/_drivers/amqpdriver.py:343
2025-10-20 00:41:52.375 147402 DEBUG oslo_messaging._drivers.amqpdriver [-] AMQPListener connection consume poll /usr/lib/python3/dist-packages/oslo_messaging/_drivers/amqpdriver.py:357
2025-10-20 00:41:52.378 147403 DEBUG oslo_messaging._drivers.amqpdriver [-] AMQPListener connection timeout poll /usr/lib/python3/dist-packages/oslo_messaging/_drivers/amqpdriver.py:360
2025-10-20 00:41:52.379 147403 DEBUG oslo_messaging._drivers.amqpdriver [-] Listener is running poll /usr/lib/python3/dist-packages/oslo_messaging/_drivers/amqpdriver.py:343
2025-10-20 00:41:52.379 147403 DEBUG oslo_messaging._drivers.amqpdriver [-] AMQPListener connection consume poll /usr/lib/python3/dist-packages/oslo_messaging/_drivers/amqpdriver.py:357
2025-10-20 00:42:00.362 147401 DEBUG oslo_messaging._drivers.amqpdriver [-] AMQPListener connection timeout poll /usr/lib/python3/dist-packages/oslo_messaging/_drivers/amqpdriver.py:360
2025-10-20 00:42:00.362 147401 DEBUG oslo_messaging._drivers.amqpdriver [-] Listener is running poll /usr/lib/python3/dist-packages/oslo_messaging/_drivers/amqpdriver.py:343
2025-10-20 00:42:00.362 147401 DEBUG oslo_messaging._drivers.amqpdriver [-] AMQPListener connection consume poll /usr/lib/python3/dist-packages/oslo_messaging/_drivers/amqpdriver.py:357
2025-10-20 00:42:00.376 147404 DEBUG oslo_messaging._drivers.amqpdriver [-] AMQPListener connection timeout poll /usr/lib/python3/dist-packages/oslo_messaging/_drivers/amqpdriver.py:360
2025-10-20 00:42:00.376 147404 DEBUG oslo_messaging._drivers.amqpdriver [-] Listener is running poll /usr/lib/python3/dist-packages/oslo_messaging/_drivers/amqpdriver.py:343
2025-10-20 00:42:00.377 147404 DEBUG oslo_messaging._drivers.amqpdriver [-] AMQPListener connection consume poll /usr/lib/python3/dist-packages/oslo_messaging/_drivers/amqpdriver.py:357
2025-10-20 00:42:00.380 147403 DEBUG oslo_messaging._drivers.amqpdriver [-] AMQPListener connection timeout poll /usr/lib/python3/dist-packages/oslo_messaging/_drivers/amqpdriver.py:360
2025-10-20 00:42:00.380 147403 DEBUG oslo_messaging._drivers.amqpdriver [-] Listener is running poll /usr/lib/python3/dist-packages/oslo_messaging/_drivers/amqpdriver.py:343
2025-10-20 00:42:00.380 147403 DEBUG oslo_messaging._drivers.amqpdriver [-] AMQPListener connection consume poll /usr/lib/python3/dist-packages/oslo_messaging/_drivers/amqpdriver.py:357
2025-10-20 00:42:00.381 147402 DEBUG oslo_messaging._drivers.amqpdriver [-] AMQPListener connection timeout poll /usr/lib/python3/dist-packages/oslo_messaging/_drivers/amqpdriver.py:360
2025-10-20 00:42:00.381 147402 DEBUG oslo_messaging._drivers.amqpdriver [-] Listener is running poll /usr/lib/python3/dist-packages/oslo_messaging/_drivers/amqpdriver.py:343
2025-10-20 00:42:00.382 147402 DEBUG oslo_messaging._drivers.amqpdriver [-] AMQPListener connection consume poll /usr/lib/python3/dist-packages/oslo_messaging/_drivers/amqpdriver.py:357
2025-10-20 00:42:01.353 147401 DEBUG oslo_service.periodic_task [req-e81a0bc7-9944-4638-898e-461aeb681bd6 - - - - -] Running periodic task SchedulerManager._discover_hosts_in_cells run_periodic_tasks /usr/lib/python3/dist-packages/oslo_service/periodic_task.py:210
2025-10-20 00:42:01.354 147401 DEBUG oslo_db.sqlalchemy.engines [req-e81a0bc7-9944-4638-898e-461aeb681bd6 - - - - -] Parent process 147102 forked (147401) with an open database connection, which is being discarded and recreated. checkout /usr/lib/python3/dist-packages/oslo_db/sqlalchemy/engines.py:413
2025-10-20 00:42:01.360 147401 DEBUG oslo_concurrency.lockutils [req-e81a0bc7-9944-4638-898e-461aeb681bd6 - - - - -] Lock "7408098d-1624-4dce-a62c-0ed3ea11ab9c" acquired by "nova.context.set_target_cell..get_or_set_cached_cell_and_set_connections" :: waited 0.000s inner /usr/lib/python3/dist-packages/oslo_concurrency/lockutils.py:386
2025-10-20 00:42:01.362 147401 DEBUG oslo_concurrency.lockutils [req-e81a0bc7-9944-4638-898e-461aeb681bd6 - - - - -] Lock "7408098d-1624-4dce-a62c-0ed3ea11ab9c" "released" by "nova.context.set_target_cell..get_or_set_cached_cell_and_set_connections" :: held 0.002s inner /usr/lib/python3/dist-packages/oslo_concurrency/lockutils.py:400
2025-10-20 00:42:01.367 147401 DEBUG oslo_db.sqlalchemy.engines [req-e81a0bc7-9944-4638-898e-461aeb681bd6 - - - - -] MySQL server mode set to STRICT_TRANS_TABLES,STRICT_ALL_TABLES,NO_ZERO_IN_DATE,NO_ZERO_DATE,ERROR_FOR_DIVISION_BY_ZERO,TRADITIONAL,NO_ENGINE_SUBSTITUTION _check_effective_sql_mode /usr/lib/python3/dist-packages/oslo_db/sqlalchemy/engines.py:314
2025-10-20 00:42:16.398 147403 DEBUG oslo_service.periodic_task [req-51e62007-61f3-4ab6-b7f2-3da6fda355a7 - - - - -] Running periodic task SchedulerManager._discover_hosts_in_cells run_periodic_tasks /usr/lib/python3/dist-packages/oslo_service/periodic_task.py:210
2025-10-20 00:42:16.402 147403 DEBUG oslo_concurrency.lockutils [req-7978f5d7-11d2-44d2-91a6-b7daadd50c16 - - - - -] Lock "7408098d-1624-4dce-a62c-0ed3ea11ab9c" acquired by "nova.context.set_target_cell..get_or_set_cached_cell_and_set_connections" :: waited 0.000s inner /usr/lib/python3/dist-packages/oslo_concurrency/lockutils.py:386
2025-10-20 00:42:16.403 147403 DEBUG oslo_concurrency.lockutils [req-7978f5d7-11d2-44d2-91a6-b7daadd50c16 - - - - -] Lock "7408098d-1624-4dce-a62c-0ed3ea11ab9c" "released" by "nova.context.set_target_cell..get_or_set_cached_cell_and_set_connections" :: held 0.000s inner /usr/lib/python3/dist-packages/oslo_concurrency/lockutils.py:400
2025-10-20 00:42:20.404 147402 DEBUG oslo_service.periodic_task [req-f41fdadf-5e60-4be1-a792-5c53160ec62c - - - - -] Running periodic task SchedulerManager._discover_hosts_in_cells run_periodic_tasks /usr/lib/python3/dist-packages/oslo_service/periodic_task.py:210
2025-10-20 00:42:20.409 147402 DEBUG oslo_concurrency.lockutils [req-383047ec-7e5c-43c8-9483-f66184a1b1ad - - - - -] Lock "7408098d-1624-4dce-a62c-0ed3ea11ab9c" acquired by "nova.context.set_target_cell..get_or_set_cached_cell_and_set_connections" :: waited 0.000s inner /usr/lib/python3/dist-packages/oslo_concurrency/lockutils.py:386
2025-10-20 00:42:20.409 147402 DEBUG oslo_concurrency.lockutils [req-383047ec-7e5c-43c8-9483-f66184a1b1ad - - - - -] Lock "7408098d-1624-4dce-a62c-0ed3ea11ab9c" "released" by "nova.context.set_target_cell..get_or_set_cached_cell_and_set_connections" :: held 0.000s inner /usr/lib/python3/dist-packages/oslo_concurrency/lockutils.py:400
2025-10-20 00:42:21.395 147404 DEBUG oslo_service.periodic_task [req-c475ed9d-030f-499c-841c-40a5ab2105e8 - - - - -] Running periodic task SchedulerManager._discover_hosts_in_cells run_periodic_tasks /usr/lib/python3/dist-packages/oslo_service/periodic_task.py:210
2025-10-20 00:42:21.399 147404 DEBUG oslo_concurrency.lockutils [req-2844f38f-18d7-4f32-9f90-d134107d74c4 - - - - -] Lock "7408098d-1624-4dce-a62c-0ed3ea11ab9c" acquired by "nova.context.set_target_cell..get_or_set_cached_cell_and_set_connections" :: waited 0.000s inner /usr/lib/python3/dist-packages/oslo_concurrency/lockutils.py:386
2025-10-20 00:42:21.400 147404 DEBUG oslo_concurrency.lockutils [req-2844f38f-18d7-4f32-9f90-d134107d74c4 - - - - -] Lock "7408098d-1624-4dce-a62c-0ed3ea11ab9c" "released" by "nova.context.set_target_cell..get_or_set_cached_cell_and_set_connections" :: held 0.000s inner /usr/lib/python3/dist-packages/oslo_concurrency/lockutils.py:400
2025-10-20 00:42:30.352 147401 DEBUG oslo_messaging._drivers.amqpdriver [-] AMQPListener connection timeout poll /usr/lib/python3/dist-packages/oslo_messaging/_drivers/amqpdriver.py:360
2025-10-20 00:42:30.352 147401 DEBUG oslo_messaging._drivers.amqpdriver [-] Listener is running poll /usr/lib/python3/dist-packages/oslo_messaging/_drivers/amqpdriver.py:343
2025-10-20 00:42:30.352 147401 DEBUG oslo_messaging._drivers.amqpdriver [-] AMQPListener connection consume poll /usr/lib/python3/dist-packages/oslo_messaging/_drivers/amqpdriver.py:357
2025-10-20 00:42:30.362 147402 DEBUG oslo_messaging._drivers.amqpdriver [-] AMQPListener connection timeout poll /usr/lib/python3/dist-packages/oslo_messaging/_drivers/amqpdriver.py:360
2025-10-20 00:42:30.362 147402 DEBUG oslo_messaging._drivers.amqpdriver [-] Listener is running poll /usr/lib/python3/dist-packages/oslo_messaging/_drivers/amqpdriver.py:343
2025-10-20 00:42:30.362 147402 DEBUG oslo_messaging._drivers.amqpdriver [-] AMQPListener connection consume poll /usr/lib/python3/dist-packages/oslo_messaging/_drivers/amqpdriver.py:357
2025-10-20 00:42:30.366 147403 DEBUG oslo_messaging._drivers.amqpdriver [-] AMQPListener connection timeout poll /usr/lib/python3/dist-packages/oslo_messaging/_drivers/amqpdriver.py:360
2025-10-20 00:42:30.366 147403 DEBUG oslo_messaging._drivers.amqpdriver [-] Listener is running poll /usr/lib/python3/dist-packages/oslo_messaging/_drivers/amqpdriver.py:343
2025-10-20 00:42:30.366 147404 DEBUG oslo_messaging._drivers.amqpdriver [-] AMQPListener connection timeout poll /usr/lib/python3/dist-packages/oslo_messaging/_drivers/amqpdriver.py:360
2025-10-20 00:42:30.366 147403 DEBUG oslo_messaging._drivers.amqpdriver [-] AMQPListener connection consume poll /usr/lib/python3/dist-packages/oslo_messaging/_drivers/amqpdriver.py:357
2025-10-20 00:42:30.367 147404 DEBUG oslo_messaging._drivers.amqpdriver [-] Listener is running poll /usr/lib/python3/dist-packages/oslo_messaging/_drivers/amqpdriver.py:343
2025-10-20 00:42:30.367 147404 DEBUG oslo_messaging._drivers.amqpdriver [-] AMQPListener connection consume poll /usr/lib/python3/dist-packages/oslo_messaging/_drivers/amqpdriver.py:357
2025-10-20 00:42:31.379 147401 DEBUG oslo_service.periodic_task [req-e81a0bc7-9944-4638-898e-461aeb681bd6 - - - - -] Running periodic task SchedulerManager._discover_hosts_in_cells run_periodic_tasks /usr/lib/python3/dist-packages/oslo_service/periodic_task.py:210
2025-10-20 00:42:31.383 147401 DEBUG oslo_concurrency.lockutils [req-a76be84c-b3a6-4476-acf4-f84f2b319b32 - - - - -] Lock "7408098d-1624-4dce-a62c-0ed3ea11ab9c" acquired by "nova.context.set_target_cell..get_or_set_cached_cell_and_set_connections" :: waited 0.000s inner /usr/lib/python3/dist-packages/oslo_concurrency/lockutils.py:386
2025-10-20 00:42:31.384 147401 DEBUG oslo_concurrency.lockutils [req-a76be84c-b3a6-4476-acf4-f84f2b319b32 - - - - -] Lock "7408098d-1624-4dce-a62c-0ed3ea11ab9c" "released" by "nova.context.set_target_cell..get_or_set_cached_cell_and_set_connections" :: held 0.000s inner /usr/lib/python3/dist-packages/oslo_concurrency/lockutils.py:400
2025-10-20 00:42:46.409 147403 DEBUG oslo_service.periodic_task [req-7978f5d7-11d2-44d2-91a6-b7daadd50c16 - - - - -] Running periodic task SchedulerManager._discover_hosts_in_cells run_periodic_tasks /usr/lib/python3/dist-packages/oslo_service/periodic_task.py:210
2025-10-20 00:42:46.413 147403 DEBUG oslo_concurrency.lockutils [req-734a4f1c-f6bb-4292-b225-685744f30e5a - - - - -] Lock "7408098d-1624-4dce-a62c-0ed3ea11ab9c" acquired by "nova.context.set_target_cell..get_or_set_cached_cell_and_set_connections" :: waited 0.000s inner /usr/lib/python3/dist-packages/oslo_concurrency/lockutils.py:386
2025-10-20 00:42:46.413 147403 DEBUG oslo_concurrency.lockutils [req-734a4f1c-f6bb-4292-b225-685744f30e5a - - - - -] Lock "7408098d-1624-4dce-a62c-0ed3ea11ab9c" "released" by "nova.context.set_target_cell..get_or_set_cached_cell_and_set_connections" :: held 0.000s inner /usr/lib/python3/dist-packages/oslo_concurrency/lockutils.py:400
2025-10-20 00:42:50.418 147402 DEBUG oslo_service.periodic_task [req-383047ec-7e5c-43c8-9483-f66184a1b1ad - - - - -] Running periodic task SchedulerManager._discover_hosts_in_cells run_periodic_tasks /usr/lib/python3/dist-packages/oslo_service/periodic_task.py:210
2025-10-20 00:42:50.424 147402 DEBUG oslo_concurrency.lockutils [req-9be7c001-1190-43fc-8012-ab28e4622c00 - - - - -] Lock "7408098d-1624-4dce-a62c-0ed3ea11ab9c" acquired by "nova.context.set_target_cell..get_or_set_cached_cell_and_set_connections" :: waited 0.000s inner /usr/lib/python3/dist-packages/oslo_concurrency/lockutils.py:386
2025-10-20 00:42:50.424 147402 DEBUG oslo_concurrency.lockutils [req-9be7c001-1190-43fc-8012-ab28e4622c00 - - - - -] Lock "7408098d-1624-4dce-a62c-0ed3ea11ab9c" "released" by "nova.context.set_target_cell..get_or_set_cached_cell_and_set_connections" :: held 0.000s inner /usr/lib/python3/dist-packages/oslo_concurrency/lockutils.py:400
2025-10-20 00:42:51.404 147404 DEBUG oslo_service.periodic_task [req-2844f38f-18d7-4f32-9f90-d134107d74c4 - - - - -] Running periodic task SchedulerManager._discover_hosts_in_cells run_periodic_tasks /usr/lib/python3/dist-packages/oslo_service/periodic_task.py:210
2025-10-20 00:42:51.409 147404 DEBUG oslo_concurrency.lockutils [req-90f7a36b-06db-4c0d-b214-51c483225d0a - - - - -] Lock "7408098d-1624-4dce-a62c-0ed3ea11ab9c" acquired by "nova.context.set_target_cell..get_or_set_cached_cell_and_set_connections" :: waited 0.000s inner /usr/lib/python3/dist-packages/oslo_concurrency/lockutils.py:386
2025-10-20 00:42:51.409 147404 DEBUG oslo_concurrency.lockutils [req-90f7a36b-06db-4c0d-b214-51c483225d0a - - - - -] Lock "7408098d-1624-4dce-a62c-0ed3ea11ab9c" "released" by "nova.context.set_target_cell..get_or_set_cached_cell_and_set_connections" :: held 0.000s inner /usr/lib/python3/dist-packages/oslo_concurrency/lockutils.py:400
2025-10-20 00:43:02.355 147401 DEBUG oslo_messaging._drivers.amqpdriver [-] AMQPListener connection timeout poll /usr/lib/python3/dist-packages/oslo_messaging/_drivers/amqpdriver.py:360
2025-10-20 00:43:02.355 147401 DEBUG oslo_messaging._drivers.amqpdriver [-] Listener is running poll /usr/lib/python3/dist-packages/oslo_messaging/_drivers/amqpdriver.py:343
2025-10-20 00:43:02.355 147401 DEBUG oslo_messaging._drivers.amqpdriver [-] AMQPListener connection consume poll /usr/lib/python3/dist-packages/oslo_messaging/_drivers/amqpdriver.py:357
2025-10-20 00:43:02.356 147401 DEBUG oslo_service.periodic_task [req-a76be84c-b3a6-4476-acf4-f84f2b319b32 - - - - -] Running periodic task SchedulerManager._discover_hosts_in_cells run_periodic_tasks /usr/lib/python3/dist-packages/oslo_service/periodic_task.py:210
2025-10-20 00:43:02.360 147401 DEBUG oslo_concurrency.lockutils [req-9e5b8ee5-4b36-4005-83c6-ce403235a95a - - - - -] Lock "7408098d-1624-4dce-a62c-0ed3ea11ab9c" acquired by "nova.context.set_target_cell..get_or_set_cached_cell_and_set_connections" :: waited 0.000s inner /usr/lib/python3/dist-packages/oslo_concurrency/lockutils.py:386
2025-10-20 00:43:02.360 147401 DEBUG oslo_concurrency.lockutils [req-9e5b8ee5-4b36-4005-83c6-ce403235a95a - - - - -] Lock "7408098d-1624-4dce-a62c-0ed3ea11ab9c" "released" by "nova.context.set_target_cell..get_or_set_cached_cell_and_set_connections" :: held 0.000s inner /usr/lib/python3/dist-packages/oslo_concurrency/lockutils.py:400
2025-10-20 00:43:02.366 147402 DEBUG oslo_messaging._drivers.amqpdriver [-] AMQPListener connection timeout poll /usr/lib/python3/dist-packages/oslo_messaging/_drivers/amqpdriver.py:360
2025-10-20 00:43:02.366 147402 DEBUG oslo_messaging._drivers.amqpdriver [-] Listener is running poll /usr/lib/python3/dist-packages/oslo_messaging/_drivers/amqpdriver.py:343
2025-10-20 00:43:02.366 147402 DEBUG oslo_messaging._drivers.amqpdriver [-] AMQPListener connection consume poll /usr/lib/python3/dist-packages/oslo_messaging/_drivers/amqpdriver.py:357
