2025-10-20 00:41:01.398 131456 DEBUG oslo_service.service [req-03d12198-7321-4d92-bb1c-7fd1b9a5ad0f - - - - -] ironic.region_name = None log_opt_values /usr/lib/python3/dist-packages/oslo_config/cfg.py:2609
2025-10-20 00:41:01.399 131456 DEBUG oslo_service.service [req-03d12198-7321-4d92-bb1c-7fd1b9a5ad0f - - - - -] ironic.serial_console_state_timeout = 10 log_opt_values /usr/lib/python3/dist-packages/oslo_config/cfg.py:2609
2025-10-20 00:41:01.399 131456 DEBUG oslo_service.service [req-03d12198-7321-4d92-bb1c-7fd1b9a5ad0f - - - - -] ironic.service_name = None log_opt_values /usr/lib/python3/dist-packages/oslo_config/cfg.py:2609
2025-10-20 00:41:01.399 131456 DEBUG oslo_service.service [req-03d12198-7321-4d92-bb1c-7fd1b9a5ad0f - - - - -] ironic.service_type = baremetal log_opt_values /usr/lib/python3/dist-packages/oslo_config/cfg.py:2609
2025-10-20 00:41:01.399 131456 DEBUG oslo_service.service [req-03d12198-7321-4d92-bb1c-7fd1b9a5ad0f - - - - -] ironic.split_loggers = False log_opt_values /usr/lib/python3/dist-packages/oslo_config/cfg.py:2609
2025-10-20 00:41:01.400 131456 DEBUG oslo_service.service [req-03d12198-7321-4d92-bb1c-7fd1b9a5ad0f - - - - -] ironic.status_code_retries = None log_opt_values /usr/lib/python3/dist-packages/oslo_config/cfg.py:2609
2025-10-20 00:41:01.400 131456 DEBUG oslo_service.service [req-03d12198-7321-4d92-bb1c-7fd1b9a5ad0f - - - - -] ironic.status_code_retry_delay = None log_opt_values /usr/lib/python3/dist-packages/oslo_config/cfg.py:2609
2025-10-20 00:41:01.400 131456 DEBUG oslo_service.service [req-03d12198-7321-4d92-bb1c-7fd1b9a5ad0f - - - - -] ironic.timeout = None log_opt_values /usr/lib/python3/dist-packages/oslo_config/cfg.py:2609
2025-10-20 00:41:01.400 131456 DEBUG oslo_service.service [req-03d12198-7321-4d92-bb1c-7fd1b9a5ad0f - - - - -] ironic.valid_interfaces = ['internal', 'public'] log_opt_values /usr/lib/python3/dist-packages/oslo_config/cfg.py:2609
2025-10-20 00:41:01.400 131456 DEBUG oslo_service.service [req-03d12198-7321-4d92-bb1c-7fd1b9a5ad0f - - - - -] ironic.version = None log_opt_values /usr/lib/python3/dist-packages/oslo_config/cfg.py:2609
2025-10-20 00:41:01.401 131456 DEBUG oslo_service.service [req-03d12198-7321-4d92-bb1c-7fd1b9a5ad0f - - - - -] key_manager.backend = barbican log_opt_values /usr/lib/python3/dist-packages/oslo_config/cfg.py:2609
2025-10-20 00:41:01.401 131456 DEBUG oslo_service.service [req-03d12198-7321-4d92-bb1c-7fd1b9a5ad0f - - - - -] key_manager.fixed_key = **** log_opt_values /usr/lib/python3/dist-packages/oslo_config/cfg.py:2609
2025-10-20 00:41:01.401 131456 DEBUG oslo_service.service [req-03d12198-7321-4d92-bb1c-7fd1b9a5ad0f - - - - -] barbican.auth_endpoint = http://localhost/identity/v3 log_opt_values /usr/lib/python3/dist-packages/oslo_config/cfg.py:2609
2025-10-20 00:41:01.401 131456 DEBUG oslo_service.service [req-03d12198-7321-4d92-bb1c-7fd1b9a5ad0f - - - - -] barbican.barbican_api_version = None log_opt_values /usr/lib/python3/dist-packages/oslo_config/cfg.py:2609
2025-10-20 00:41:01.401 131456 DEBUG oslo_service.service [req-03d12198-7321-4d92-bb1c-7fd1b9a5ad0f - - - - -] barbican.barbican_endpoint = None log_opt_values /usr/lib/python3/dist-packages/oslo_config/cfg.py:2609
2025-10-20 00:41:01.402 131456 DEBUG oslo_service.service [req-03d12198-7321-4d92-bb1c-7fd1b9a5ad0f - - - - -] barbican.barbican_endpoint_type = public log_opt_values /usr/lib/python3/dist-packages/oslo_config/cfg.py:2609
2025-10-20 00:41:01.402 131456 DEBUG oslo_service.service [req-03d12198-7321-4d92-bb1c-7fd1b9a5ad0f - - - - -] barbican.barbican_region_name = None log_opt_values /usr/lib/python3/dist-packages/oslo_config/cfg.py:2609
2025-10-20 00:41:01.402 131456 DEBUG oslo_service.service [req-03d12198-7321-4d92-bb1c-7fd1b9a5ad0f - - - - -] barbican.cafile = None log_opt_values /usr/lib/python3/dist-packages/oslo_config/cfg.py:2609
2025-10-20 00:41:01.402 131456 DEBUG oslo_service.service [req-03d12198-7321-4d92-bb1c-7fd1b9a5ad0f - - - - -] barbican.certfile = None log_opt_values /usr/lib/python3/dist-packages/oslo_config/cfg.py:2609
2025-10-20 00:41:01.402 131456 DEBUG oslo_service.service [req-03d12198-7321-4d92-bb1c-7fd1b9a5ad0f - - - - -] barbican.collect_timing = False log_opt_values /usr/lib/python3/dist-packages/oslo_config/cfg.py:2609
2025-10-20 00:41:01.402 131456 DEBUG oslo_service.service [req-03d12198-7321-4d92-bb1c-7fd1b9a5ad0f - - - - -] barbican.insecure = False log_opt_values /usr/lib/python3/dist-packages/oslo_config/cfg.py:2609
2025-10-20 00:41:01.403 131456 DEBUG oslo_service.service [req-03d12198-7321-4d92-bb1c-7fd1b9a5ad0f - - - - -] barbican.keyfile = None log_opt_values /usr/lib/python3/dist-packages/oslo_config/cfg.py:2609
2025-10-20 00:41:01.404 131456 DEBUG oslo_service.service [req-03d12198-7321-4d92-bb1c-7fd1b9a5ad0f - - - - -] barbican.number_of_retries = 60 log_opt_values /usr/lib/python3/dist-packages/oslo_config/cfg.py:2609
2025-10-20 00:41:01.404 131456 DEBUG oslo_service.service [req-03d12198-7321-4d92-bb1c-7fd1b9a5ad0f - - - - -] barbican.retry_delay = 1 log_opt_values /usr/lib/python3/dist-packages/oslo_config/cfg.py:2609
2025-10-20 00:41:01.405 131456 DEBUG oslo_service.service [req-03d12198-7321-4d92-bb1c-7fd1b9a5ad0f - - - - -] barbican.send_service_user_token = False log_opt_values /usr/lib/python3/dist-packages/oslo_config/cfg.py:2609
2025-10-20 00:41:01.405 131456 DEBUG oslo_service.service [req-03d12198-7321-4d92-bb1c-7fd1b9a5ad0f - - - - -] barbican.split_loggers = False log_opt_values /usr/lib/python3/dist-packages/oslo_config/cfg.py:2609
2025-10-20 00:41:01.406 132280 DEBUG nova.service [req-0ce07376-6d48-4327-9741-911dda82ad95 - - - - -] Creating RPC server for service scheduler start /usr/lib/python3/dist-packages/nova/service.py:182
2025-10-20 00:41:01.406 131456 DEBUG oslo_service.service [req-03d12198-7321-4d92-bb1c-7fd1b9a5ad0f - - - - -] barbican.timeout = None log_opt_values /usr/lib/python3/dist-packages/oslo_config/cfg.py:2609
2025-10-20 00:41:01.407 131456 DEBUG oslo_service.service [req-03d12198-7321-4d92-bb1c-7fd1b9a5ad0f - - - - -] barbican.verify_ssl = True log_opt_values /usr/lib/python3/dist-packages/oslo_config/cfg.py:2609
2025-10-20 00:41:01.407 131456 DEBUG oslo_service.service [req-03d12198-7321-4d92-bb1c-7fd1b9a5ad0f - - - - -] barbican.verify_ssl_path = None log_opt_values /usr/lib/python3/dist-packages/oslo_config/cfg.py:2609
2025-10-20 00:41:01.407 132283 DEBUG nova.service [req-398a3d83-4679-469c-835e-343eb64d56b5 - - - - -] Creating RPC server for service scheduler start /usr/lib/python3/dist-packages/nova/service.py:182
2025-10-20 00:41:01.407 131456 DEBUG oslo_service.service [req-03d12198-7321-4d92-bb1c-7fd1b9a5ad0f - - - - -] barbican_service_user.auth_section = None log_opt_values /usr/lib/python3/dist-packages/oslo_config/cfg.py:2609
2025-10-20 00:41:01.408 131456 DEBUG oslo_service.service [req-03d12198-7321-4d92-bb1c-7fd1b9a5ad0f - - - - -] barbican_service_user.auth_type = None log_opt_values /usr/lib/python3/dist-packages/oslo_config/cfg.py:2609
2025-10-20 00:41:01.410 131456 DEBUG oslo_service.service [req-03d12198-7321-4d92-bb1c-7fd1b9a5ad0f - - - - -] barbican_service_user.cafile = None log_opt_values /usr/lib/python3/dist-packages/oslo_config/cfg.py:2609
2025-10-20 00:41:01.410 131456 DEBUG oslo_service.service [req-03d12198-7321-4d92-bb1c-7fd1b9a5ad0f - - - - -] barbican_service_user.certfile = None log_opt_values /usr/lib/python3/dist-packages/oslo_config/cfg.py:2609
2025-10-20 00:41:01.412 131456 DEBUG oslo_service.service [req-03d12198-7321-4d92-bb1c-7fd1b9a5ad0f - - - - -] barbican_service_user.collect_timing = False log_opt_values /usr/lib/python3/dist-packages/oslo_config/cfg.py:2609
2025-10-20 00:41:01.412 132281 DEBUG nova.service [req-b258c203-a4ca-4624-b18c-ea5779830de4 - - - - -] Creating RPC server for service scheduler start /usr/lib/python3/dist-packages/nova/service.py:182
2025-10-20 00:41:01.412 131456 DEBUG oslo_service.service [req-03d12198-7321-4d92-bb1c-7fd1b9a5ad0f - - - - -] barbican_service_user.insecure = False log_opt_values /usr/lib/python3/dist-packages/oslo_config/cfg.py:2609
2025-10-20 00:41:01.413 131456 DEBUG oslo_service.service [req-03d12198-7321-4d92-bb1c-7fd1b9a5ad0f - - - - -] barbican_service_user.keyfile = None log_opt_values /usr/lib/python3/dist-packages/oslo_config/cfg.py:2609
2025-10-20 00:41:01.414 131456 DEBUG oslo_service.service [req-03d12198-7321-4d92-bb1c-7fd1b9a5ad0f - - - - -] barbican_service_user.split_loggers = False log_opt_values /usr/lib/python3/dist-packages/oslo_config/cfg.py:2609
2025-10-20 00:41:01.414 131456 DEBUG oslo_service.service [req-03d12198-7321-4d92-bb1c-7fd1b9a5ad0f - - - - -] barbican_service_user.timeout = None log_opt_values /usr/lib/python3/dist-packages/oslo_config/cfg.py:2609
2025-10-20 00:41:01.414 131456 DEBUG oslo_service.service [req-03d12198-7321-4d92-bb1c-7fd1b9a5ad0f - - - - -] vault.approle_role_id = None log_opt_values /usr/lib/python3/dist-packages/oslo_config/cfg.py:2609
2025-10-20 00:41:01.415 131456 DEBUG oslo_service.service [req-03d12198-7321-4d92-bb1c-7fd1b9a5ad0f - - - - -] vault.approle_secret_id = None log_opt_values /usr/lib/python3/dist-packages/oslo_config/cfg.py:2609
2025-10-20 00:41:01.415 131456 DEBUG oslo_service.service [req-03d12198-7321-4d92-bb1c-7fd1b9a5ad0f - - - - -] vault.cafile = None log_opt_values /usr/lib/python3/dist-packages/oslo_config/cfg.py:2609
2025-10-20 00:41:01.415 131456 DEBUG oslo_service.service [req-03d12198-7321-4d92-bb1c-7fd1b9a5ad0f - - - - -] vault.certfile = None log_opt_values /usr/lib/python3/dist-packages/oslo_config/cfg.py:2609
2025-10-20 00:41:01.415 131456 DEBUG oslo_service.service [req-03d12198-7321-4d92-bb1c-7fd1b9a5ad0f - - - - -] vault.collect_timing = False log_opt_values /usr/lib/python3/dist-packages/oslo_config/cfg.py:2609
2025-10-20 00:41:01.417 131456 DEBUG oslo_service.service [req-03d12198-7321-4d92-bb1c-7fd1b9a5ad0f - - - - -] vault.insecure = False log_opt_values /usr/lib/python3/dist-packages/oslo_config/cfg.py:2609
2025-10-20 00:41:01.417 131456 DEBUG oslo_service.service [req-03d12198-7321-4d92-bb1c-7fd1b9a5ad0f - - - - -] vault.keyfile = None log_opt_values /usr/lib/python3/dist-packages/oslo_config/cfg.py:2609
2025-10-20 00:41:01.417 131456 DEBUG oslo_service.service [req-03d12198-7321-4d92-bb1c-7fd1b9a5ad0f - - - - -] vault.kv_mountpoint = secret log_opt_values /usr/lib/python3/dist-packages/oslo_config/cfg.py:2609
2025-10-20 00:41:01.418 131456 DEBUG oslo_service.service [req-03d12198-7321-4d92-bb1c-7fd1b9a5ad0f - - - - -] vault.kv_version = 2 log_opt_values /usr/lib/python3/dist-packages/oslo_config/cfg.py:2609
2025-10-20 00:41:01.420 131456 DEBUG oslo_service.service [req-03d12198-7321-4d92-bb1c-7fd1b9a5ad0f - - - - -] vault.namespace = None log_opt_values /usr/lib/python3/dist-packages/oslo_config/cfg.py:2609
2025-10-20 00:41:01.422 131456 DEBUG oslo_service.service [req-03d12198-7321-4d92-bb1c-7fd1b9a5ad0f - - - - -] vault.root_token_id = None log_opt_values /usr/lib/python3/dist-packages/oslo_config/cfg.py:2609
2025-10-20 00:41:01.422 131456 DEBUG oslo_service.service [req-03d12198-7321-4d92-bb1c-7fd1b9a5ad0f - - - - -] vault.split_loggers = False log_opt_values /usr/lib/python3/dist-packages/oslo_config/cfg.py:2609
2025-10-20 00:41:01.424 131456 DEBUG oslo_service.service [req-03d12198-7321-4d92-bb1c-7fd1b9a5ad0f - - - - -] vault.ssl_ca_crt_file = None log_opt_values /usr/lib/python3/dist-packages/oslo_config/cfg.py:2609
2025-10-20 00:41:01.425 131456 DEBUG oslo_service.service [req-03d12198-7321-4d92-bb1c-7fd1b9a5ad0f - - - - -] vault.timeout = None log_opt_values /usr/lib/python3/dist-packages/oslo_config/cfg.py:2609
2025-10-20 00:41:01.426 131456 DEBUG oslo_service.service [req-03d12198-7321-4d92-bb1c-7fd1b9a5ad0f - - - - -] vault.use_ssl = False log_opt_values /usr/lib/python3/dist-packages/oslo_config/cfg.py:2609
2025-10-20 00:41:01.426 131456 DEBUG oslo_service.service [req-03d12198-7321-4d92-bb1c-7fd1b9a5ad0f - - - - -] vault.vault_url = http://127.0.0.1:8200 log_opt_values /usr/lib/python3/dist-packages/oslo_config/cfg.py:2609
2025-10-20 00:41:01.426 131456 DEBUG oslo_service.service [req-03d12198-7321-4d92-bb1c-7fd1b9a5ad0f - - - - -] keystone.cafile = None log_opt_values /usr/lib/python3/dist-packages/oslo_config/cfg.py:2609
2025-10-20 00:41:01.426 131456 DEBUG oslo_service.service [req-03d12198-7321-4d92-bb1c-7fd1b9a5ad0f - - - - -] keystone.certfile = None log_opt_values /usr/lib/python3/dist-packages/oslo_config/cfg.py:2609
2025-10-20 00:41:01.427 131456 DEBUG oslo_service.service [req-03d12198-7321-4d92-bb1c-7fd1b9a5ad0f - - - - -] keystone.collect_timing = False log_opt_values /usr/lib/python3/dist-packages/oslo_config/cfg.py:2609
2025-10-20 00:41:01.427 131456 DEBUG oslo_service.service [req-03d12198-7321-4d92-bb1c-7fd1b9a5ad0f - - - - -] keystone.connect_retries = None log_opt_values /usr/lib/python3/dist-packages/oslo_config/cfg.py:2609
2025-10-20 00:41:01.427 131456 DEBUG oslo_service.service [req-03d12198-7321-4d92-bb1c-7fd1b9a5ad0f - - - - -] keystone.connect_retry_delay = None log_opt_values /usr/lib/python3/dist-packages/oslo_config/cfg.py:2609
2025-10-20 00:41:01.428 131456 DEBUG oslo_service.service [req-03d12198-7321-4d92-bb1c-7fd1b9a5ad0f - - - - -] keystone.endpoint_override = None log_opt_values /usr/lib/python3/dist-packages/oslo_config/cfg.py:2609
2025-10-20 00:41:01.428 131456 DEBUG oslo_service.service [req-03d12198-7321-4d92-bb1c-7fd1b9a5ad0f - - - - -] keystone.insecure = False log_opt_values /usr/lib/python3/dist-packages/oslo_config/cfg.py:2609
2025-10-20 00:41:01.428 131456 DEBUG oslo_service.service [req-03d12198-7321-4d92-bb1c-7fd1b9a5ad0f - - - - -] keystone.keyfile = None log_opt_values /usr/lib/python3/dist-packages/oslo_config/cfg.py:2609
2025-10-20 00:41:01.428 131456 DEBUG oslo_service.service [req-03d12198-7321-4d92-bb1c-7fd1b9a5ad0f - - - - -] keystone.max_version = None log_opt_values /usr/lib/python3/dist-packages/oslo_config/cfg.py:2609
2025-10-20 00:41:01.428 131456 DEBUG oslo_service.service [req-03d12198-7321-4d92-bb1c-7fd1b9a5ad0f - - - - -] keystone.min_version = None log_opt_values /usr/lib/python3/dist-packages/oslo_config/cfg.py:2609
2025-10-20 00:41:01.428 131456 DEBUG oslo_service.service [req-03d12198-7321-4d92-bb1c-7fd1b9a5ad0f - - - - -] keystone.region_name = None log_opt_values /usr/lib/python3/dist-packages/oslo_config/cfg.py:2609
2025-10-20 00:41:01.428 131456 DEBUG oslo_service.service [req-03d12198-7321-4d92-bb1c-7fd1b9a5ad0f - - - - -] keystone.service_name = None log_opt_values /usr/lib/python3/dist-packages/oslo_config/cfg.py:2609
2025-10-20 00:41:01.429 131456 DEBUG oslo_service.service [req-03d12198-7321-4d92-bb1c-7fd1b9a5ad0f - - - - -] keystone.service_type = identity log_opt_values /usr/lib/python3/dist-packages/oslo_config/cfg.py:2609
2025-10-20 00:41:01.429 131456 DEBUG oslo_service.service [req-03d12198-7321-4d92-bb1c-7fd1b9a5ad0f - - - - -] keystone.split_loggers = False log_opt_values /usr/lib/python3/dist-packages/oslo_config/cfg.py:2609
2025-10-20 00:41:01.429 131456 DEBUG oslo_service.service [req-03d12198-7321-4d92-bb1c-7fd1b9a5ad0f - - - - -] keystone.status_code_retries = None log_opt_values /usr/lib/python3/dist-packages/oslo_config/cfg.py:2609
2025-10-20 00:41:01.429 131456 DEBUG oslo_service.service [req-03d12198-7321-4d92-bb1c-7fd1b9a5ad0f - - - - -] keystone.status_code_retry_delay = None log_opt_values /usr/lib/python3/dist-packages/oslo_config/cfg.py:2609
2025-10-20 00:41:01.430 131456 DEBUG oslo_service.service [req-03d12198-7321-4d92-bb1c-7fd1b9a5ad0f - - - - -] keystone.timeout = None log_opt_values /usr/lib/python3/dist-packages/oslo_config/cfg.py:2609
2025-10-20 00:41:01.429 132282 DEBUG oslo_messaging._drivers.amqpdriver [-] Listener is running poll /usr/lib/python3/dist-packages/oslo_messaging/_drivers/amqpdriver.py:343
2025-10-20 00:41:01.430 131456 DEBUG oslo_service.service [req-03d12198-7321-4d92-bb1c-7fd1b9a5ad0f - - - - -] keystone.valid_interfaces = ['internal', 'public'] log_opt_values /usr/lib/python3/dist-packages/oslo_config/cfg.py:2609
2025-10-20 00:41:01.430 132282 DEBUG oslo_messaging._drivers.amqpdriver [-] AMQPListener connection consume poll /usr/lib/python3/dist-packages/oslo_messaging/_drivers/amqpdriver.py:357
2025-10-20 00:41:01.430 131456 DEBUG oslo_service.service [req-03d12198-7321-4d92-bb1c-7fd1b9a5ad0f - - - - -] keystone.version = None log_opt_values /usr/lib/python3/dist-packages/oslo_config/cfg.py:2609
2025-10-20 00:41:01.430 131456 DEBUG oslo_service.service [req-03d12198-7321-4d92-bb1c-7fd1b9a5ad0f - - - - -] libvirt.connection_uri = log_opt_values /usr/lib/python3/dist-packages/oslo_config/cfg.py:2609
2025-10-20 00:41:01.430 132282 DEBUG nova.service [req-7e65e497-78f6-4f57-a22f-5e18b3f659e6 - - - - -] Join ServiceGroup membership for this service scheduler start /usr/lib/python3/dist-packages/nova/service.py:199
2025-10-20 00:41:01.431 131456 DEBUG oslo_service.service [req-03d12198-7321-4d92-bb1c-7fd1b9a5ad0f - - - - -] libvirt.cpu_mode = None log_opt_values /usr/lib/python3/dist-packages/oslo_config/cfg.py:2609
2025-10-20 00:41:01.431 131456 DEBUG oslo_service.service [req-03d12198-7321-4d92-bb1c-7fd1b9a5ad0f - - - - -] libvirt.cpu_model_extra_flags = [] log_opt_values /usr/lib/python3/dist-packages/oslo_config/cfg.py:2609
2025-10-20 00:41:01.431 132282 DEBUG nova.servicegroup.drivers.db [req-7e65e497-78f6-4f57-a22f-5e18b3f659e6 - - - - -] DB_Driver: join new ServiceGroup member juju-1f3811-0-lxd-7 to the scheduler group, service = join /usr/lib/python3/dist-packages/nova/servicegroup/drivers/db.py:44
2025-10-20 00:41:01.431 131456 DEBUG oslo_service.service [req-03d12198-7321-4d92-bb1c-7fd1b9a5ad0f - - - - -] libvirt.cpu_models = [] log_opt_values /usr/lib/python3/dist-packages/oslo_config/cfg.py:2609
2025-10-20 00:41:01.431 131456 DEBUG oslo_service.service [req-03d12198-7321-4d92-bb1c-7fd1b9a5ad0f - - - - -] libvirt.device_detach_attempts = 8 log_opt_values /usr/lib/python3/dist-packages/oslo_config/cfg.py:2609
2025-10-20 00:41:01.431 131456 DEBUG oslo_service.service [req-03d12198-7321-4d92-bb1c-7fd1b9a5ad0f - - - - -] libvirt.device_detach_timeout = 20 log_opt_values /usr/lib/python3/dist-packages/oslo_config/cfg.py:2609
2025-10-20 00:41:01.432 131456 DEBUG oslo_service.service [req-03d12198-7321-4d92-bb1c-7fd1b9a5ad0f - - - - -] libvirt.disk_cachemodes = [] log_opt_values /usr/lib/python3/dist-packages/oslo_config/cfg.py:2609
2025-10-20 00:41:01.432 131456 DEBUG oslo_service.service [req-03d12198-7321-4d92-bb1c-7fd1b9a5ad0f - - - - -] libvirt.disk_prefix = None log_opt_values /usr/lib/python3/dist-packages/oslo_config/cfg.py:2609
2025-10-20 00:41:01.432 131456 DEBUG oslo_service.service [req-03d12198-7321-4d92-bb1c-7fd1b9a5ad0f - - - - -] libvirt.enabled_perf_events = [] log_opt_values /usr/lib/python3/dist-packages/oslo_config/cfg.py:2609
2025-10-20 00:41:01.432 131456 DEBUG oslo_service.service [req-03d12198-7321-4d92-bb1c-7fd1b9a5ad0f - - - - -] libvirt.file_backed_memory = 0 log_opt_values /usr/lib/python3/dist-packages/oslo_config/cfg.py:2609
2025-10-20 00:41:01.432 131456 DEBUG oslo_service.service [req-03d12198-7321-4d92-bb1c-7fd1b9a5ad0f - - - - -] libvirt.gid_maps = [] log_opt_values /usr/lib/python3/dist-packages/oslo_config/cfg.py:2609
2025-10-20 00:41:01.433 131456 DEBUG oslo_service.service [req-03d12198-7321-4d92-bb1c-7fd1b9a5ad0f - - - - -] libvirt.hw_disk_discard = None log_opt_values /usr/lib/python3/dist-packages/oslo_config/cfg.py:2609
2025-10-20 00:41:01.433 131456 DEBUG oslo_service.service [req-03d12198-7321-4d92-bb1c-7fd1b9a5ad0f - - - - -] libvirt.hw_machine_type = None log_opt_values /usr/lib/python3/dist-packages/oslo_config/cfg.py:2609
2025-10-20 00:41:01.433 131456 DEBUG oslo_service.service [req-03d12198-7321-4d92-bb1c-7fd1b9a5ad0f - - - - -] libvirt.images_rbd_ceph_conf = log_opt_values /usr/lib/python3/dist-packages/oslo_config/cfg.py:2609
2025-10-20 00:41:01.433 131456 DEBUG oslo_service.service [req-03d12198-7321-4d92-bb1c-7fd1b9a5ad0f - - - - -] libvirt.images_rbd_glance_copy_poll_interval = 15 log_opt_values /usr/lib/python3/dist-packages/oslo_config/cfg.py:2609
2025-10-20 00:41:01.433 131456 DEBUG oslo_service.service [req-03d12198-7321-4d92-bb1c-7fd1b9a5ad0f - - - - -] libvirt.images_rbd_glance_copy_timeout = 600 log_opt_values /usr/lib/python3/dist-packages/oslo_config/cfg.py:2609
2025-10-20 00:41:01.433 131456 DEBUG oslo_service.service [req-03d12198-7321-4d92-bb1c-7fd1b9a5ad0f - - - - -] libvirt.images_rbd_glance_store_name = log_opt_values /usr/lib/python3/dist-packages/oslo_config/cfg.py:2609
2025-10-20 00:41:01.434 131456 DEBUG oslo_service.service [req-03d12198-7321-4d92-bb1c-7fd1b9a5ad0f - - - - -] libvirt.images_rbd_pool = rbd log_opt_values /usr/lib/python3/dist-packages/oslo_config/cfg.py:2609
2025-10-20 00:41:01.434 131456 DEBUG oslo_service.service [req-03d12198-7321-4d92-bb1c-7fd1b9a5ad0f - - - - -] libvirt.images_type = default log_opt_values /usr/lib/python3/dist-packages/oslo_config/cfg.py:2609
2025-10-20 00:41:01.434 131456 DEBUG oslo_service.service [req-03d12198-7321-4d92-bb1c-7fd1b9a5ad0f - - - - -] libvirt.images_volume_group = None log_opt_values /usr/lib/python3/dist-packages/oslo_config/cfg.py:2609
2025-10-20 00:41:01.434 131456 DEBUG oslo_service.service [req-03d12198-7321-4d92-bb1c-7fd1b9a5ad0f - - - - -] libvirt.inject_key = False log_opt_values /usr/lib/python3/dist-packages/oslo_config/cfg.py:2609
2025-10-20 00:41:01.434 131456 DEBUG oslo_service.service [req-03d12198-7321-4d92-bb1c-7fd1b9a5ad0f - - - - -] libvirt.inject_partition = -2 log_opt_values /usr/lib/python3/dist-packages/oslo_config/cfg.py:2609
2025-10-20 00:41:01.435 131456 DEBUG oslo_service.service [req-03d12198-7321-4d92-bb1c-7fd1b9a5ad0f - - - - -] libvirt.inject_password = False log_opt_values /usr/lib/python3/dist-packages/oslo_config/cfg.py:2609
2025-10-20 00:41:01.435 131456 DEBUG oslo_service.service [req-03d12198-7321-4d92-bb1c-7fd1b9a5ad0f - - - - -] libvirt.iscsi_iface = None log_opt_values /usr/lib/python3/dist-packages/oslo_config/cfg.py:2609
2025-10-20 00:41:01.435 131456 DEBUG oslo_service.service [req-03d12198-7321-4d92-bb1c-7fd1b9a5ad0f - - - - -] libvirt.iser_use_multipath = False log_opt_values /usr/lib/python3/dist-packages/oslo_config/cfg.py:2609
2025-10-20 00:41:01.435 131456 DEBUG oslo_service.service [req-03d12198-7321-4d92-bb1c-7fd1b9a5ad0f - - - - -] libvirt.live_migration_bandwidth = 0 log_opt_values /usr/lib/python3/dist-packages/oslo_config/cfg.py:2609
2025-10-20 00:41:01.436 131456 DEBUG oslo_service.service [req-03d12198-7321-4d92-bb1c-7fd1b9a5ad0f - - - - -] libvirt.live_migration_completion_timeout = 800 log_opt_values /usr/lib/python3/dist-packages/oslo_config/cfg.py:2609
2025-10-20 00:41:01.436 131456 DEBUG oslo_service.service [req-03d12198-7321-4d92-bb1c-7fd1b9a5ad0f - - - - -] libvirt.live_migration_downtime = 500 log_opt_values /usr/lib/python3/dist-packages/oslo_config/cfg.py:2609
2025-10-20 00:41:01.436 131456 DEBUG oslo_service.service [req-03d12198-7321-4d92-bb1c-7fd1b9a5ad0f - - - - -] libvirt.live_migration_downtime_delay = 75 log_opt_values /usr/lib/python3/dist-packages/oslo_config/cfg.py:2609
2025-10-20 00:41:01.436 132282 DEBUG oslo_messaging._drivers.amqpdriver [-] AMQPListener connection timeout poll /usr/lib/python3/dist-packages/oslo_messaging/_drivers/amqpdriver.py:360
2025-10-20 00:41:01.436 131456 DEBUG oslo_service.service [req-03d12198-7321-4d92-bb1c-7fd1b9a5ad0f - - - - -] libvirt.live_migration_downtime_steps = 10 log_opt_values /usr/lib/python3/dist-packages/oslo_config/cfg.py:2609
2025-10-20 00:41:01.436 131456 DEBUG oslo_service.service [req-03d12198-7321-4d92-bb1c-7fd1b9a5ad0f - - - - -] libvirt.live_migration_inbound_addr = None log_opt_values /usr/lib/python3/dist-packages/oslo_config/cfg.py:2609
2025-10-20 00:41:01.436 132282 DEBUG oslo_messaging._drivers.amqpdriver [-] Listener is running poll /usr/lib/python3/dist-packages/oslo_messaging/_drivers/amqpdriver.py:343
2025-10-20 00:41:01.437 132282 DEBUG oslo_messaging._drivers.amqpdriver [-] AMQPListener connection consume poll /usr/lib/python3/dist-packages/oslo_messaging/_drivers/amqpdriver.py:357
2025-10-20 00:41:01.437 131456 DEBUG oslo_service.service [req-03d12198-7321-4d92-bb1c-7fd1b9a5ad0f - - - - -] libvirt.live_migration_permit_auto_converge = False log_opt_values /usr/lib/python3/dist-packages/oslo_config/cfg.py:2609
2025-10-20 00:41:01.437 131456 DEBUG oslo_service.service [req-03d12198-7321-4d92-bb1c-7fd1b9a5ad0f - - - - -] libvirt.live_migration_permit_post_copy = False log_opt_values /usr/lib/python3/dist-packages/oslo_config/cfg.py:2609
2025-10-20 00:41:01.437 131456 DEBUG oslo_service.service [req-03d12198-7321-4d92-bb1c-7fd1b9a5ad0f - - - - -] libvirt.live_migration_scheme = None log_opt_values /usr/lib/python3/dist-packages/oslo_config/cfg.py:2609
2025-10-20 00:41:01.437 131456 DEBUG oslo_service.service [req-03d12198-7321-4d92-bb1c-7fd1b9a5ad0f - - - - -] libvirt.live_migration_timeout_action = abort log_opt_values /usr/lib/python3/dist-packages/oslo_config/cfg.py:2609
2025-10-20 00:41:01.437 131456 DEBUG oslo_service.service [req-03d12198-7321-4d92-bb1c-7fd1b9a5ad0f - - - - -] libvirt.live_migration_tunnelled = False log_opt_values /usr/lib/python3/dist-packages/oslo_config/cfg.py:2609
2025-10-20 00:41:01.438 131456 DEBUG oslo_service.service [req-03d12198-7321-4d92-bb1c-7fd1b9a5ad0f - - - - -] libvirt.live_migration_uri = None log_opt_values /usr/lib/python3/dist-packages/oslo_config/cfg.py:2609
2025-10-20 00:41:01.438 131456 DEBUG oslo_service.service [req-03d12198-7321-4d92-bb1c-7fd1b9a5ad0f - - - - -] libvirt.live_migration_with_native_tls = False log_opt_values /usr/lib/python3/dist-packages/oslo_config/cfg.py:2609
2025-10-20 00:41:01.438 131456 DEBUG oslo_service.service [req-03d12198-7321-4d92-bb1c-7fd1b9a5ad0f - - - - -] libvirt.max_queues = None log_opt_values /usr/lib/python3/dist-packages/oslo_config/cfg.py:2609
2025-10-20 00:41:01.438 131456 DEBUG oslo_service.service [req-03d12198-7321-4d92-bb1c-7fd1b9a5ad0f - - - - -] libvirt.mem_stats_period_seconds = 10 log_opt_values /usr/lib/python3/dist-packages/oslo_config/cfg.py:2609
2025-10-20 00:41:01.438 131456 DEBUG oslo_service.service [req-03d12198-7321-4d92-bb1c-7fd1b9a5ad0f - - - - -] libvirt.nfs_mount_options = None log_opt_values /usr/lib/python3/dist-packages/oslo_config/cfg.py:2609
2025-10-20 00:41:01.439 131456 DEBUG oslo_service.service [req-03d12198-7321-4d92-bb1c-7fd1b9a5ad0f - - - - -] libvirt.nfs_mount_point_base = /var/lib/nova/mnt log_opt_values /usr/lib/python3/dist-packages/oslo_config/cfg.py:2609
2025-10-20 00:41:01.439 131456 DEBUG oslo_service.service [req-03d12198-7321-4d92-bb1c-7fd1b9a5ad0f - - - - -] libvirt.num_aoe_discover_tries = 3 log_opt_values /usr/lib/python3/dist-packages/oslo_config/cfg.py:2609
2025-10-20 00:41:01.439 131456 DEBUG oslo_service.service [req-03d12198-7321-4d92-bb1c-7fd1b9a5ad0f - - - - -] libvirt.num_iser_scan_tries = 5 log_opt_values /usr/lib/python3/dist-packages/oslo_config/cfg.py:2609
2025-10-20 00:41:01.439 131456 DEBUG oslo_service.service [req-03d12198-7321-4d92-bb1c-7fd1b9a5ad0f - - - - -] libvirt.num_memory_encrypted_guests = None log_opt_values /usr/lib/python3/dist-packages/oslo_config/cfg.py:2609
2025-10-20 00:41:01.439 131456 DEBUG oslo_service.service [req-03d12198-7321-4d92-bb1c-7fd1b9a5ad0f - - - - -] libvirt.num_nvme_discover_tries = 5 log_opt_values /usr/lib/python3/dist-packages/oslo_config/cfg.py:2609
2025-10-20 00:41:01.440 131456 DEBUG oslo_service.service [req-03d12198-7321-4d92-bb1c-7fd1b9a5ad0f - - - - -] libvirt.num_pcie_ports = 0 log_opt_values /usr/lib/python3/dist-packages/oslo_config/cfg.py:2609
2025-10-20 00:41:01.439 132280 DEBUG oslo_messaging._drivers.amqpdriver [-] Listener is running poll /usr/lib/python3/dist-packages/oslo_messaging/_drivers/amqpdriver.py:343
2025-10-20 00:41:01.440 131456 DEBUG oslo_service.service [req-03d12198-7321-4d92-bb1c-7fd1b9a5ad0f - - - - -] libvirt.num_volume_scan_tries = 5 log_opt_values /usr/lib/python3/dist-packages/oslo_config/cfg.py:2609
2025-10-20 00:41:01.440 132280 DEBUG oslo_messaging._drivers.amqpdriver [-] AMQPListener connection consume poll /usr/lib/python3/dist-packages/oslo_messaging/_drivers/amqpdriver.py:357
2025-10-20 00:41:01.440 131456 DEBUG oslo_service.service [req-03d12198-7321-4d92-bb1c-7fd1b9a5ad0f - - - - -] libvirt.pmem_namespaces = [] log_opt_values /usr/lib/python3/dist-packages/oslo_config/cfg.py:2609
2025-10-20 00:41:01.440 131456 DEBUG oslo_service.service [req-03d12198-7321-4d92-bb1c-7fd1b9a5ad0f - - - - -] libvirt.quobyte_client_cfg = None log_opt_values /usr/lib/python3/dist-packages/oslo_config/cfg.py:2609
2025-10-20 00:41:01.440 131456 DEBUG oslo_service.service [req-03d12198-7321-4d92-bb1c-7fd1b9a5ad0f - - - - -] libvirt.quobyte_mount_point_base = /var/lib/nova/mnt log_opt_values /usr/lib/python3/dist-packages/oslo_config/cfg.py:2609
2025-10-20 00:41:01.440 132280 DEBUG nova.service [req-0ce07376-6d48-4327-9741-911dda82ad95 - - - - -] Join ServiceGroup membership for this service scheduler start /usr/lib/python3/dist-packages/nova/service.py:199
2025-10-20 00:41:01.441 131456 DEBUG oslo_service.service [req-03d12198-7321-4d92-bb1c-7fd1b9a5ad0f - - - - -] libvirt.rbd_connect_timeout = 5 log_opt_values /usr/lib/python3/dist-packages/oslo_config/cfg.py:2609
2025-10-20 00:41:01.441 132280 DEBUG nova.servicegroup.drivers.db [req-0ce07376-6d48-4327-9741-911dda82ad95 - - - - -] DB_Driver: join new ServiceGroup member juju-1f3811-0-lxd-7 to the scheduler group, service = join /usr/lib/python3/dist-packages/nova/servicegroup/drivers/db.py:44
2025-10-20 00:41:01.441 131456 DEBUG oslo_service.service [req-03d12198-7321-4d92-bb1c-7fd1b9a5ad0f - - - - -] libvirt.rbd_destroy_volume_retries = 12 log_opt_values /usr/lib/python3/dist-packages/oslo_config/cfg.py:2609
2025-10-20 00:41:01.441 131456 DEBUG oslo_service.service [req-03d12198-7321-4d92-bb1c-7fd1b9a5ad0f - - - - -] libvirt.rbd_destroy_volume_retry_interval = 5 log_opt_values /usr/lib/python3/dist-packages/oslo_config/cfg.py:2609
2025-10-20 00:41:01.441 131456 DEBUG oslo_service.service [req-03d12198-7321-4d92-bb1c-7fd1b9a5ad0f - - - - -] libvirt.rbd_secret_uuid = None log_opt_values /usr/lib/python3/dist-packages/oslo_config/cfg.py:2609
2025-10-20 00:41:01.441 131456 DEBUG oslo_service.service [req-03d12198-7321-4d92-bb1c-7fd1b9a5ad0f - - - - -] libvirt.rbd_user = None log_opt_values /usr/lib/python3/dist-packages/oslo_config/cfg.py:2609
2025-10-20 00:41:01.442 131456 DEBUG oslo_service.service [req-03d12198-7321-4d92-bb1c-7fd1b9a5ad0f - - - - -] libvirt.realtime_scheduler_priority = 1 log_opt_values /usr/lib/python3/dist-packages/oslo_config/cfg.py:2609
2025-10-20 00:41:01.442 131456 DEBUG oslo_service.service [req-03d12198-7321-4d92-bb1c-7fd1b9a5ad0f - - - - -] libvirt.remote_filesystem_transport = ssh log_opt_values /usr/lib/python3/dist-packages/oslo_config/cfg.py:2609
2025-10-20 00:41:01.442 131456 DEBUG oslo_service.service [req-03d12198-7321-4d92-bb1c-7fd1b9a5ad0f - - - - -] libvirt.rescue_image_id = None log_opt_values /usr/lib/python3/dist-packages/oslo_config/cfg.py:2609
2025-10-20 00:41:01.442 131456 DEBUG oslo_service.service [req-03d12198-7321-4d92-bb1c-7fd1b9a5ad0f - - - - -] libvirt.rescue_kernel_id = None log_opt_values /usr/lib/python3/dist-packages/oslo_config/cfg.py:2609
2025-10-20 00:41:01.442 131456 DEBUG oslo_service.service [req-03d12198-7321-4d92-bb1c-7fd1b9a5ad0f - - - - -] libvirt.rescue_ramdisk_id = None log_opt_values /usr/lib/python3/dist-packages/oslo_config/cfg.py:2609
2025-10-20 00:41:01.443 131456 DEBUG oslo_service.service [req-03d12198-7321-4d92-bb1c-7fd1b9a5ad0f - - - - -] libvirt.rng_dev_path = /dev/urandom log_opt_values /usr/lib/python3/dist-packages/oslo_config/cfg.py:2609
2025-10-20 00:41:01.443 131456 DEBUG oslo_service.service [req-03d12198-7321-4d92-bb1c-7fd1b9a5ad0f - - - - -] libvirt.rx_queue_size = None log_opt_values /usr/lib/python3/dist-packages/oslo_config/cfg.py:2609
2025-10-20 00:41:01.443 131456 DEBUG oslo_service.service [req-03d12198-7321-4d92-bb1c-7fd1b9a5ad0f - - - - -] libvirt.smbfs_mount_options = log_opt_values /usr/lib/python3/dist-packages/oslo_config/cfg.py:2609
2025-10-20 00:41:01.443 131456 DEBUG oslo_service.service [req-03d12198-7321-4d92-bb1c-7fd1b9a5ad0f - - - - -] libvirt.smbfs_mount_point_base = /var/lib/nova/mnt log_opt_values /usr/lib/python3/dist-packages/oslo_config/cfg.py:2609
2025-10-20 00:41:01.443 132280 DEBUG oslo_messaging._drivers.amqpdriver [-] AMQPListener connection timeout poll /usr/lib/python3/dist-packages/oslo_messaging/_drivers/amqpdriver.py:360
2025-10-20 00:41:01.443 131456 DEBUG oslo_service.service [req-03d12198-7321-4d92-bb1c-7fd1b9a5ad0f - - - - -] libvirt.snapshot_compression = False log_opt_values /usr/lib/python3/dist-packages/oslo_config/cfg.py:2609
2025-10-20 00:41:01.443 132280 DEBUG oslo_messaging._drivers.amqpdriver [-] Listener is running poll /usr/lib/python3/dist-packages/oslo_messaging/_drivers/amqpdriver.py:343
2025-10-20 00:41:01.443 131456 DEBUG oslo_service.service [req-03d12198-7321-4d92-bb1c-7fd1b9a5ad0f - - - - -] libvirt.snapshot_image_format = None log_opt_values /usr/lib/python3/dist-packages/oslo_config/cfg.py:2609
2025-10-20 00:41:01.444 132280 DEBUG oslo_messaging._drivers.amqpdriver [-] AMQPListener connection consume poll /usr/lib/python3/dist-packages/oslo_messaging/_drivers/amqpdriver.py:357
2025-10-20 00:41:01.444 131456 DEBUG oslo_service.service [req-03d12198-7321-4d92-bb1c-7fd1b9a5ad0f - - - - -] libvirt.snapshots_directory = /var/lib/nova/instances/snapshots log_opt_values /usr/lib/python3/dist-packages/oslo_config/cfg.py:2609
2025-10-20 00:41:01.444 131456 DEBUG oslo_service.service [req-03d12198-7321-4d92-bb1c-7fd1b9a5ad0f - - - - -] libvirt.sparse_logical_volumes = False log_opt_values /usr/lib/python3/dist-packages/oslo_config/cfg.py:2609
2025-10-20 00:41:01.445 131456 DEBUG oslo_service.service [req-03d12198-7321-4d92-bb1c-7fd1b9a5ad0f - - - - -] libvirt.swtpm_enabled = False log_opt_values /usr/lib/python3/dist-packages/oslo_config/cfg.py:2609
2025-10-20 00:41:01.445 131456 DEBUG oslo_service.service [req-03d12198-7321-4d92-bb1c-7fd1b9a5ad0f - - - - -] libvirt.swtpm_group = tss log_opt_values /usr/lib/python3/dist-packages/oslo_config/cfg.py:2609
2025-10-20 00:41:01.445 131456 DEBUG oslo_service.service [req-03d12198-7321-4d92-bb1c-7fd1b9a5ad0f - - - - -] libvirt.swtpm_user = tss log_opt_values /usr/lib/python3/dist-packages/oslo_config/cfg.py:2609
2025-10-20 00:41:01.445 131456 DEBUG oslo_service.service [req-03d12198-7321-4d92-bb1c-7fd1b9a5ad0f - - - - -] libvirt.sysinfo_serial = unique log_opt_values /usr/lib/python3/dist-packages/oslo_config/cfg.py:2609
2025-10-20 00:41:01.445 131456 DEBUG oslo_service.service [req-03d12198-7321-4d92-bb1c-7fd1b9a5ad0f - - - - -] libvirt.tx_queue_size = None log_opt_values /usr/lib/python3/dist-packages/oslo_config/cfg.py:2609
2025-10-20 00:41:01.446 131456 DEBUG oslo_service.service [req-03d12198-7321-4d92-bb1c-7fd1b9a5ad0f - - - - -] libvirt.uid_maps = [] log_opt_values /usr/lib/python3/dist-packages/oslo_config/cfg.py:2609
2025-10-20 00:41:01.446 131456 DEBUG oslo_service.service [req-03d12198-7321-4d92-bb1c-7fd1b9a5ad0f - - - - -] libvirt.use_virtio_for_bridges = True log_opt_values /usr/lib/python3/dist-packages/oslo_config/cfg.py:2609
2025-10-20 00:41:01.446 131456 DEBUG oslo_service.service [req-03d12198-7321-4d92-bb1c-7fd1b9a5ad0f - - - - -] libvirt.virt_type = kvm log_opt_values /usr/lib/python3/dist-packages/oslo_config/cfg.py:2609
2025-10-20 00:41:01.446 131456 DEBUG oslo_service.service [req-03d12198-7321-4d92-bb1c-7fd1b9a5ad0f - - - - -] libvirt.volume_clear = zero log_opt_values /usr/lib/python3/dist-packages/oslo_config/cfg.py:2609
2025-10-20 00:41:01.446 131456 DEBUG oslo_service.service [req-03d12198-7321-4d92-bb1c-7fd1b9a5ad0f - - - - -] libvirt.volume_clear_size = 0 log_opt_values /usr/lib/python3/dist-packages/oslo_config/cfg.py:2609
2025-10-20 00:41:01.447 131456 DEBUG oslo_service.service [req-03d12198-7321-4d92-bb1c-7fd1b9a5ad0f - - - - -] libvirt.volume_use_multipath = False log_opt_values /usr/lib/python3/dist-packages/oslo_config/cfg.py:2609
2025-10-20 00:41:01.447 132281 DEBUG oslo_messaging._drivers.amqpdriver [-] Listener is running poll /usr/lib/python3/dist-packages/oslo_messaging/_drivers/amqpdriver.py:343
2025-10-20 00:41:01.447 131456 DEBUG oslo_service.service [req-03d12198-7321-4d92-bb1c-7fd1b9a5ad0f - - - - -] libvirt.vzstorage_cache_path = None log_opt_values /usr/lib/python3/dist-packages/oslo_config/cfg.py:2609
2025-10-20 00:41:01.447 132281 DEBUG oslo_messaging._drivers.amqpdriver [-] AMQPListener connection consume poll /usr/lib/python3/dist-packages/oslo_messaging/_drivers/amqpdriver.py:357
2025-10-20 00:41:01.447 131456 DEBUG oslo_service.service [req-03d12198-7321-4d92-bb1c-7fd1b9a5ad0f - - - - -] libvirt.vzstorage_log_path = /var/log/vstorage/%(cluster_name)s/nova.log.gz log_opt_values /usr/lib/python3/dist-packages/oslo_config/cfg.py:2609
2025-10-20 00:41:01.447 131456 DEBUG oslo_service.service [req-03d12198-7321-4d92-bb1c-7fd1b9a5ad0f - - - - -] libvirt.vzstorage_mount_group = qemu log_opt_values /usr/lib/python3/dist-packages/oslo_config/cfg.py:2609
2025-10-20 00:41:01.447 131456 DEBUG oslo_service.service [req-03d12198-7321-4d92-bb1c-7fd1b9a5ad0f - - - - -] libvirt.vzstorage_mount_opts = [] log_opt_values /usr/lib/python3/dist-packages/oslo_config/cfg.py:2609
2025-10-20 00:41:01.447 132281 DEBUG nova.service [req-b258c203-a4ca-4624-b18c-ea5779830de4 - - - - -] Join ServiceGroup membership for this service scheduler start /usr/lib/python3/dist-packages/nova/service.py:199
2025-10-20 00:41:01.448 131456 DEBUG oslo_service.service [req-03d12198-7321-4d92-bb1c-7fd1b9a5ad0f - - - - -] libvirt.vzstorage_mount_perms = 0770 log_opt_values /usr/lib/python3/dist-packages/oslo_config/cfg.py:2609
2025-10-20 00:41:01.448 131456 DEBUG oslo_service.service [req-03d12198-7321-4d92-bb1c-7fd1b9a5ad0f - - - - -] libvirt.vzstorage_mount_point_base = /var/lib/nova/mnt log_opt_values /usr/lib/python3/dist-packages/oslo_config/cfg.py:2609
2025-10-20 00:41:01.448 132281 DEBUG nova.servicegroup.drivers.db [req-b258c203-a4ca-4624-b18c-ea5779830de4 - - - - -] DB_Driver: join new ServiceGroup member juju-1f3811-0-lxd-7 to the scheduler group, service = join /usr/lib/python3/dist-packages/nova/servicegroup/drivers/db.py:44
2025-10-20 00:41:01.448 131456 DEBUG oslo_service.service [req-03d12198-7321-4d92-bb1c-7fd1b9a5ad0f - - - - -] libvirt.vzstorage_mount_user = stack log_opt_values /usr/lib/python3/dist-packages/oslo_config/cfg.py:2609
2025-10-20 00:41:01.448 131456 DEBUG oslo_service.service [req-03d12198-7321-4d92-bb1c-7fd1b9a5ad0f - - - - -] libvirt.wait_soft_reboot_seconds = 120 log_opt_values /usr/lib/python3/dist-packages/oslo_config/cfg.py:2609
2025-10-20 00:41:01.448 131456 DEBUG oslo_service.service [req-03d12198-7321-4d92-bb1c-7fd1b9a5ad0f - - - - -] neutron.auth_section = None log_opt_values /usr/lib/python3/dist-packages/oslo_config/cfg.py:2609
2025-10-20 00:41:01.449 131456 DEBUG oslo_service.service [req-03d12198-7321-4d92-bb1c-7fd1b9a5ad0f - - - - -] neutron.auth_type = password log_opt_values /usr/lib/python3/dist-packages/oslo_config/cfg.py:2609
2025-10-20 00:41:01.448 132283 DEBUG oslo_messaging._drivers.amqpdriver [-] Listener is running poll /usr/lib/python3/dist-packages/oslo_messaging/_drivers/amqpdriver.py:343
2025-10-20 00:41:01.449 131456 DEBUG oslo_service.service [req-03d12198-7321-4d92-bb1c-7fd1b9a5ad0f - - - - -] neutron.cafile = None log_opt_values /usr/lib/python3/dist-packages/oslo_config/cfg.py:2609
2025-10-20 00:41:01.449 132283 DEBUG oslo_messaging._drivers.amqpdriver [-] AMQPListener connection consume poll /usr/lib/python3/dist-packages/oslo_messaging/_drivers/amqpdriver.py:357
2025-10-20 00:41:01.449 131456 DEBUG oslo_service.service [req-03d12198-7321-4d92-bb1c-7fd1b9a5ad0f - - - - -] neutron.certfile = None log_opt_values /usr/lib/python3/dist-packages/oslo_config/cfg.py:2609
2025-10-20 00:41:01.449 131456 DEBUG oslo_service.service [req-03d12198-7321-4d92-bb1c-7fd1b9a5ad0f - - - - -] neutron.collect_timing = False log_opt_values /usr/lib/python3/dist-packages/oslo_config/cfg.py:2609
2025-10-20 00:41:01.449 131456 DEBUG oslo_service.service [req-03d12198-7321-4d92-bb1c-7fd1b9a5ad0f - - - - -] neutron.connect_retries = None log_opt_values /usr/lib/python3/dist-packages/oslo_config/cfg.py:2609
2025-10-20 00:41:01.449 132283 DEBUG nova.service [req-398a3d83-4679-469c-835e-343eb64d56b5 - - - - -] Join ServiceGroup membership for this service scheduler start /usr/lib/python3/dist-packages/nova/service.py:199
2025-10-20 00:41:01.449 131456 DEBUG oslo_service.service [req-03d12198-7321-4d92-bb1c-7fd1b9a5ad0f - - - - -] neutron.connect_retry_delay = None log_opt_values /usr/lib/python3/dist-packages/oslo_config/cfg.py:2609
2025-10-20 00:41:01.450 132283 DEBUG nova.servicegroup.drivers.db [req-398a3d83-4679-469c-835e-343eb64d56b5 - - - - -] DB_Driver: join new ServiceGroup member juju-1f3811-0-lxd-7 to the scheduler group, service = join /usr/lib/python3/dist-packages/nova/servicegroup/drivers/db.py:44
2025-10-20 00:41:01.450 131456 DEBUG oslo_service.service [req-03d12198-7321-4d92-bb1c-7fd1b9a5ad0f - - - - -] neutron.default_floating_pool = nova log_opt_values /usr/lib/python3/dist-packages/oslo_config/cfg.py:2609
2025-10-20 00:41:01.450 131456 DEBUG oslo_service.service [req-03d12198-7321-4d92-bb1c-7fd1b9a5ad0f - - - - -] neutron.endpoint_override = None log_opt_values /usr/lib/python3/dist-packages/oslo_config/cfg.py:2609
2025-10-20 00:41:01.450 131456 DEBUG oslo_service.service [req-03d12198-7321-4d92-bb1c-7fd1b9a5ad0f - - - - -] neutron.extension_sync_interval = 600 log_opt_values /usr/lib/python3/dist-packages/oslo_config/cfg.py:2609
2025-10-20 00:41:01.450 131456 DEBUG oslo_service.service [req-03d12198-7321-4d92-bb1c-7fd1b9a5ad0f - - - - -] neutron.http_retries = 3 log_opt_values /usr/lib/python3/dist-packages/oslo_config/cfg.py:2609
2025-10-20 00:41:01.450 131456 DEBUG oslo_service.service [req-03d12198-7321-4d92-bb1c-7fd1b9a5ad0f - - - - -] neutron.insecure = False log_opt_values /usr/lib/python3/dist-packages/oslo_config/cfg.py:2609
2025-10-20 00:41:01.451 131456 DEBUG oslo_service.service [req-03d12198-7321-4d92-bb1c-7fd1b9a5ad0f - - - - -] neutron.keyfile = None log_opt_values /usr/lib/python3/dist-packages/oslo_config/cfg.py:2609
2025-10-20 00:41:01.451 131456 DEBUG oslo_service.service [req-03d12198-7321-4d92-bb1c-7fd1b9a5ad0f - - - - -] neutron.max_version = None log_opt_values /usr/lib/python3/dist-packages/oslo_config/cfg.py:2609
2025-10-20 00:41:01.451 131456 DEBUG oslo_service.service [req-03d12198-7321-4d92-bb1c-7fd1b9a5ad0f - - - - -] neutron.metadata_proxy_shared_secret = **** log_opt_values /usr/lib/python3/dist-packages/oslo_config/cfg.py:2609
2025-10-20 00:41:01.451 131456 DEBUG oslo_service.service [req-03d12198-7321-4d92-bb1c-7fd1b9a5ad0f - - - - -] neutron.min_version = None log_opt_values /usr/lib/python3/dist-packages/oslo_config/cfg.py:2609
2025-10-20 00:41:01.451 131456 DEBUG oslo_service.service [req-03d12198-7321-4d92-bb1c-7fd1b9a5ad0f - - - - -] neutron.ovs_bridge = br-int log_opt_values /usr/lib/python3/dist-packages/oslo_config/cfg.py:2609
2025-10-20 00:41:01.452 131456 DEBUG oslo_service.service [req-03d12198-7321-4d92-bb1c-7fd1b9a5ad0f - - - - -] neutron.physnets = [] log_opt_values /usr/lib/python3/dist-packages/oslo_config/cfg.py:2609
2025-10-20 00:41:01.452 131456 DEBUG oslo_service.service [req-03d12198-7321-4d92-bb1c-7fd1b9a5ad0f - - - - -] neutron.region_name = RegionOne log_opt_values /usr/lib/python3/dist-packages/oslo_config/cfg.py:2609
2025-10-20 00:41:01.452 131456 DEBUG oslo_service.service [req-03d12198-7321-4d92-bb1c-7fd1b9a5ad0f - - - - -] neutron.service_metadata_proxy = True log_opt_values /usr/lib/python3/dist-packages/oslo_config/cfg.py:2609
2025-10-20 00:41:01.452 131456 DEBUG oslo_service.service [req-03d12198-7321-4d92-bb1c-7fd1b9a5ad0f - - - - -] neutron.service_name = None log_opt_values /usr/lib/python3/dist-packages/oslo_config/cfg.py:2609
2025-10-20 00:41:01.452 132283 DEBUG oslo_messaging._drivers.amqpdriver [-] AMQPListener connection timeout poll /usr/lib/python3/dist-packages/oslo_messaging/_drivers/amqpdriver.py:360
2025-10-20 00:41:01.452 131456 DEBUG oslo_service.service [req-03d12198-7321-4d92-bb1c-7fd1b9a5ad0f - - - - -] neutron.service_type = network log_opt_values /usr/lib/python3/dist-packages/oslo_config/cfg.py:2609
2025-10-20 00:41:01.453 132283 DEBUG oslo_messaging._drivers.amqpdriver [-] Listener is running poll /usr/lib/python3/dist-packages/oslo_messaging/_drivers/amqpdriver.py:343
2025-10-20 00:41:01.453 131456 DEBUG oslo_service.service [req-03d12198-7321-4d92-bb1c-7fd1b9a5ad0f - - - - -] neutron.split_loggers = False log_opt_values /usr/lib/python3/dist-packages/oslo_config/cfg.py:2609
2025-10-20 00:41:01.453 132283 DEBUG oslo_messaging._drivers.amqpdriver [-] AMQPListener connection consume poll /usr/lib/python3/dist-packages/oslo_messaging/_drivers/amqpdriver.py:357
2025-10-20 00:41:01.453 132281 DEBUG oslo_messaging._drivers.amqpdriver [-] AMQPListener connection timeout poll /usr/lib/python3/dist-packages/oslo_messaging/_drivers/amqpdriver.py:360
2025-10-20 00:41:01.453 131456 DEBUG oslo_service.service [req-03d12198-7321-4d92-bb1c-7fd1b9a5ad0f - - - - -] neutron.status_code_retries = None log_opt_values /usr/lib/python3/dist-packages/oslo_config/cfg.py:2609
2025-10-20 00:41:01.453 132281 DEBUG oslo_messaging._drivers.amqpdriver [-] Listener is running poll /usr/lib/python3/dist-packages/oslo_messaging/_drivers/amqpdriver.py:343
2025-10-20 00:41:01.453 132281 DEBUG oslo_messaging._drivers.amqpdriver [-] AMQPListener connection consume poll /usr/lib/python3/dist-packages/oslo_messaging/_drivers/amqpdriver.py:357
2025-10-20 00:41:01.453 131456 DEBUG oslo_service.service [req-03d12198-7321-4d92-bb1c-7fd1b9a5ad0f - - - - -] neutron.status_code_retry_delay = None log_opt_values /usr/lib/python3/dist-packages/oslo_config/cfg.py:2609
2025-10-20 00:41:01.453 131456 DEBUG oslo_service.service [req-03d12198-7321-4d92-bb1c-7fd1b9a5ad0f - - - - -] neutron.timeout = None log_opt_values /usr/lib/python3/dist-packages/oslo_config/cfg.py:2609
2025-10-20 00:41:01.453 131456 DEBUG oslo_service.service [req-03d12198-7321-4d92-bb1c-7fd1b9a5ad0f - - - - -] neutron.valid_interfaces = ['internal', 'public'] log_opt_values /usr/lib/python3/dist-packages/oslo_config/cfg.py:2609
2025-10-20 00:41:01.453 131456 DEBUG oslo_service.service [req-03d12198-7321-4d92-bb1c-7fd1b9a5ad0f - - - - -] neutron.version = None log_opt_values /usr/lib/python3/dist-packages/oslo_config/cfg.py:2609
2025-10-20 00:41:01.454 131456 DEBUG oslo_service.service [req-03d12198-7321-4d92-bb1c-7fd1b9a5ad0f - - - - -] notifications.bdms_in_notifications = False log_opt_values /usr/lib/python3/dist-packages/oslo_config/cfg.py:2609
2025-10-20 00:41:01.454 131456 DEBUG oslo_service.service [req-03d12198-7321-4d92-bb1c-7fd1b9a5ad0f - - - - -] notifications.default_level = INFO log_opt_values /usr/lib/python3/dist-packages/oslo_config/cfg.py:2609
2025-10-20 00:41:01.454 131456 DEBUG oslo_service.service [req-03d12198-7321-4d92-bb1c-7fd1b9a5ad0f - - - - -] notifications.notification_format = unversioned log_opt_values /usr/lib/python3/dist-packages/oslo_config/cfg.py:2609
2025-10-20 00:41:01.454 131456 DEBUG oslo_service.service [req-03d12198-7321-4d92-bb1c-7fd1b9a5ad0f - - - - -] notifications.notify_on_state_change = None log_opt_values /usr/lib/python3/dist-packages/oslo_config/cfg.py:2609
2025-10-20 00:41:01.454 131456 DEBUG oslo_service.service [req-03d12198-7321-4d92-bb1c-7fd1b9a5ad0f - - - - -] notifications.versioned_notifications_topics = ['versioned_notifications'] log_opt_values /usr/lib/python3/dist-packages/oslo_config/cfg.py:2609
2025-10-20 00:41:01.454 131456 DEBUG oslo_service.service [req-03d12198-7321-4d92-bb1c-7fd1b9a5ad0f - - - - -] pci.alias = [] log_opt_values /usr/lib/python3/dist-packages/oslo_config/cfg.py:2609
2025-10-20 00:41:01.455 131456 DEBUG oslo_service.service [req-03d12198-7321-4d92-bb1c-7fd1b9a5ad0f - - - - -] pci.passthrough_whitelist = [] log_opt_values /usr/lib/python3/dist-packages/oslo_config/cfg.py:2609
2025-10-20 00:41:01.455 131456 DEBUG oslo_service.service [req-03d12198-7321-4d92-bb1c-7fd1b9a5ad0f - - - - -] placement.auth_section = None log_opt_values /usr/lib/python3/dist-packages/oslo_config/cfg.py:2609
2025-10-20 00:41:01.455 131456 DEBUG oslo_service.service [req-03d12198-7321-4d92-bb1c-7fd1b9a5ad0f - - - - -] placement.auth_type = password log_opt_values /usr/lib/python3/dist-packages/oslo_config/cfg.py:2609
2025-10-20 00:41:01.455 131456 DEBUG oslo_service.service [req-03d12198-7321-4d92-bb1c-7fd1b9a5ad0f - - - - -] placement.auth_url = http://252.129.33.43:35357 log_opt_values /usr/lib/python3/dist-packages/oslo_config/cfg.py:2609
2025-10-20 00:41:01.456 131456 DEBUG oslo_service.service [req-03d12198-7321-4d92-bb1c-7fd1b9a5ad0f - - - - -] placement.cafile = None log_opt_values /usr/lib/python3/dist-packages/oslo_config/cfg.py:2609
2025-10-20 00:41:01.456 131456 DEBUG oslo_service.service [req-03d12198-7321-4d92-bb1c-7fd1b9a5ad0f - - - - -] placement.certfile = None log_opt_values /usr/lib/python3/dist-packages/oslo_config/cfg.py:2609
2025-10-20 00:41:01.456 131456 DEBUG oslo_service.service [req-03d12198-7321-4d92-bb1c-7fd1b9a5ad0f - - - - -] placement.collect_timing = False log_opt_values /usr/lib/python3/dist-packages/oslo_config/cfg.py:2609
2025-10-20 00:41:01.456 131456 DEBUG oslo_service.service [req-03d12198-7321-4d92-bb1c-7fd1b9a5ad0f - - - - -] placement.connect_retries = None log_opt_values /usr/lib/python3/dist-packages/oslo_config/cfg.py:2609
