2025-10-20 00:41:44.649 147047 DEBUG oslo_service.service [req-7457a02d-50bc-47bd-911c-c6c2b4a88340 - - - - -] ram_allocation_ratio = 0.98 log_opt_values /usr/lib/python3/dist-packages/oslo_config/cfg.py:2602
2025-10-20 00:41:44.649 147047 DEBUG oslo_service.service [req-7457a02d-50bc-47bd-911c-c6c2b4a88340 - - - - -] rate_limit_burst = 0 log_opt_values /usr/lib/python3/dist-packages/oslo_config/cfg.py:2602
2025-10-20 00:41:44.650 147047 DEBUG oslo_service.service [req-7457a02d-50bc-47bd-911c-c6c2b4a88340 - - - - -] rate_limit_except_level = CRITICAL log_opt_values /usr/lib/python3/dist-packages/oslo_config/cfg.py:2602
2025-10-20 00:41:44.651 147047 DEBUG oslo_service.service [req-7457a02d-50bc-47bd-911c-c6c2b4a88340 - - - - -] rate_limit_interval = 0 log_opt_values /usr/lib/python3/dist-packages/oslo_config/cfg.py:2602
2025-10-20 00:41:44.652 147397 DEBUG nova.service [req-458b3f10-43e5-4f68-87ec-ea9ec09e8955 - - - - -] Creating RPC server for service conductor start /usr/lib/python3/dist-packages/nova/service.py:182
2025-10-20 00:41:44.653 147398 DEBUG nova.service [req-c5d9d162-0ed6-40f9-b90c-62751bccd0b4 - - - - -] Creating RPC server for service conductor start /usr/lib/python3/dist-packages/nova/service.py:182
2025-10-20 00:41:44.652 147047 DEBUG oslo_service.service [req-7457a02d-50bc-47bd-911c-c6c2b4a88340 - - - - -] reboot_timeout = 0 log_opt_values /usr/lib/python3/dist-packages/oslo_config/cfg.py:2602
2025-10-20 00:41:44.654 147047 DEBUG oslo_service.service [req-7457a02d-50bc-47bd-911c-c6c2b4a88340 - - - - -] reclaim_instance_interval = 0 log_opt_values /usr/lib/python3/dist-packages/oslo_config/cfg.py:2602
2025-10-20 00:41:44.654 147047 DEBUG oslo_service.service [req-7457a02d-50bc-47bd-911c-c6c2b4a88340 - - - - -] record = None log_opt_values /usr/lib/python3/dist-packages/oslo_config/cfg.py:2602
2025-10-20 00:41:44.654 147400 DEBUG oslo_db.sqlalchemy.engines [req-da1cb318-f254-45b0-ac2e-bb3f01478fb8 - - - - -] MySQL server mode set to STRICT_TRANS_TABLES,STRICT_ALL_TABLES,NO_ZERO_IN_DATE,NO_ZERO_DATE,ERROR_FOR_DIVISION_BY_ZERO,TRADITIONAL,NO_ENGINE_SUBSTITUTION _check_effective_sql_mode /usr/lib/python3/dist-packages/oslo_db/sqlalchemy/engines.py:314
2025-10-20 00:41:44.654 147047 DEBUG oslo_service.service [req-7457a02d-50bc-47bd-911c-c6c2b4a88340 - - - - -] report_interval = 10 log_opt_values /usr/lib/python3/dist-packages/oslo_config/cfg.py:2602
2025-10-20 00:41:44.654 147047 DEBUG oslo_service.service [req-7457a02d-50bc-47bd-911c-c6c2b4a88340 - - - - -] rescue_timeout = 0 log_opt_values /usr/lib/python3/dist-packages/oslo_config/cfg.py:2602
2025-10-20 00:41:44.654 147399 DEBUG nova.service [req-e8c8c438-a2a4-411c-8eb0-9ddcf8de77dd - - - - -] Creating RPC server for service conductor start /usr/lib/python3/dist-packages/nova/service.py:182
2025-10-20 00:41:44.655 147047 DEBUG oslo_service.service [req-7457a02d-50bc-47bd-911c-c6c2b4a88340 - - - - -] reserved_host_cpus = 0 log_opt_values /usr/lib/python3/dist-packages/oslo_config/cfg.py:2602
2025-10-20 00:41:44.655 147047 DEBUG oslo_service.service [req-7457a02d-50bc-47bd-911c-c6c2b4a88340 - - - - -] reserved_host_disk_mb = 0 log_opt_values /usr/lib/python3/dist-packages/oslo_config/cfg.py:2602
2025-10-20 00:41:44.655 147047 DEBUG oslo_service.service [req-7457a02d-50bc-47bd-911c-c6c2b4a88340 - - - - -] reserved_host_memory_mb = 512 log_opt_values /usr/lib/python3/dist-packages/oslo_config/cfg.py:2602
2025-10-20 00:41:44.656 147047 DEBUG oslo_service.service [req-7457a02d-50bc-47bd-911c-c6c2b4a88340 - - - - -] reserved_huge_pages = None log_opt_values /usr/lib/python3/dist-packages/oslo_config/cfg.py:2602
2025-10-20 00:41:44.656 147047 DEBUG oslo_service.service [req-7457a02d-50bc-47bd-911c-c6c2b4a88340 - - - - -] resize_confirm_window = 0 log_opt_values /usr/lib/python3/dist-packages/oslo_config/cfg.py:2602
2025-10-20 00:41:44.656 147047 DEBUG oslo_service.service [req-7457a02d-50bc-47bd-911c-c6c2b4a88340 - - - - -] resize_fs_using_block_device = False log_opt_values /usr/lib/python3/dist-packages/oslo_config/cfg.py:2602
2025-10-20 00:41:44.657 147047 DEBUG oslo_service.service [req-7457a02d-50bc-47bd-911c-c6c2b4a88340 - - - - -] resume_guests_state_on_host_boot = False log_opt_values /usr/lib/python3/dist-packages/oslo_config/cfg.py:2602
2025-10-20 00:41:44.657 147047 DEBUG oslo_service.service [req-7457a02d-50bc-47bd-911c-c6c2b4a88340 - - - - -] rootwrap_config = /etc/nova/rootwrap.conf log_opt_values /usr/lib/python3/dist-packages/oslo_config/cfg.py:2602
2025-10-20 00:41:44.657 147047 DEBUG oslo_service.service [req-7457a02d-50bc-47bd-911c-c6c2b4a88340 - - - - -] rpc_response_timeout = 60 log_opt_values /usr/lib/python3/dist-packages/oslo_config/cfg.py:2602
2025-10-20 00:41:44.658 147047 DEBUG oslo_service.service [req-7457a02d-50bc-47bd-911c-c6c2b4a88340 - - - - -] run_external_periodic_tasks = True log_opt_values /usr/lib/python3/dist-packages/oslo_config/cfg.py:2602
2025-10-20 00:41:44.658 147047 DEBUG oslo_service.service [req-7457a02d-50bc-47bd-911c-c6c2b4a88340 - - - - -] running_deleted_instance_action = reap log_opt_values /usr/lib/python3/dist-packages/oslo_config/cfg.py:2602
2025-10-20 00:41:44.658 147047 DEBUG oslo_service.service [req-7457a02d-50bc-47bd-911c-c6c2b4a88340 - - - - -] running_deleted_instance_poll_interval = 1800 log_opt_values /usr/lib/python3/dist-packages/oslo_config/cfg.py:2602
2025-10-20 00:41:44.659 147047 DEBUG oslo_service.service [req-7457a02d-50bc-47bd-911c-c6c2b4a88340 - - - - -] running_deleted_instance_timeout = 0 log_opt_values /usr/lib/python3/dist-packages/oslo_config/cfg.py:2602
2025-10-20 00:41:44.659 147047 DEBUG oslo_service.service [req-7457a02d-50bc-47bd-911c-c6c2b4a88340 - - - - -] scheduler_instance_sync_interval = 120 log_opt_values /usr/lib/python3/dist-packages/oslo_config/cfg.py:2602
2025-10-20 00:41:44.659 147047 DEBUG oslo_service.service [req-7457a02d-50bc-47bd-911c-c6c2b4a88340 - - - - -] service_down_time = 60 log_opt_values /usr/lib/python3/dist-packages/oslo_config/cfg.py:2602
2025-10-20 00:41:44.659 147047 DEBUG oslo_service.service [req-7457a02d-50bc-47bd-911c-c6c2b4a88340 - - - - -] servicegroup_driver = db log_opt_values /usr/lib/python3/dist-packages/oslo_config/cfg.py:2602
2025-10-20 00:41:44.660 147047 DEBUG oslo_service.service [req-7457a02d-50bc-47bd-911c-c6c2b4a88340 - - - - -] shelved_offload_time = 0 log_opt_values /usr/lib/python3/dist-packages/oslo_config/cfg.py:2602
2025-10-20 00:41:44.660 147047 DEBUG oslo_service.service [req-7457a02d-50bc-47bd-911c-c6c2b4a88340 - - - - -] shelved_poll_interval = 3600 log_opt_values /usr/lib/python3/dist-packages/oslo_config/cfg.py:2602
2025-10-20 00:41:44.660 147047 DEBUG oslo_service.service [req-7457a02d-50bc-47bd-911c-c6c2b4a88340 - - - - -] shutdown_timeout = 60 log_opt_values /usr/lib/python3/dist-packages/oslo_config/cfg.py:2602
2025-10-20 00:41:44.661 147047 DEBUG oslo_service.service [req-7457a02d-50bc-47bd-911c-c6c2b4a88340 - - - - -] source_is_ipv6 = False log_opt_values /usr/lib/python3/dist-packages/oslo_config/cfg.py:2602
2025-10-20 00:41:44.661 147047 DEBUG oslo_service.service [req-7457a02d-50bc-47bd-911c-c6c2b4a88340 - - - - -] ssl_only = False log_opt_values /usr/lib/python3/dist-packages/oslo_config/cfg.py:2602
2025-10-20 00:41:44.661 147047 DEBUG oslo_service.service [req-7457a02d-50bc-47bd-911c-c6c2b4a88340 - - - - -] state_path = /var/lib/nova log_opt_values /usr/lib/python3/dist-packages/oslo_config/cfg.py:2602
2025-10-20 00:41:44.661 147047 DEBUG oslo_service.service [req-7457a02d-50bc-47bd-911c-c6c2b4a88340 - - - - -] sync_power_state_interval = 600 log_opt_values /usr/lib/python3/dist-packages/oslo_config/cfg.py:2602
2025-10-20 00:41:44.662 147047 DEBUG oslo_service.service [req-7457a02d-50bc-47bd-911c-c6c2b4a88340 - - - - -] sync_power_state_pool_size = 1000 log_opt_values /usr/lib/python3/dist-packages/oslo_config/cfg.py:2602
2025-10-20 00:41:44.662 147047 DEBUG oslo_service.service [req-7457a02d-50bc-47bd-911c-c6c2b4a88340 - - - - -] syslog_log_facility = LOG_USER log_opt_values /usr/lib/python3/dist-packages/oslo_config/cfg.py:2602
2025-10-20 00:41:44.662 147047 DEBUG oslo_service.service [req-7457a02d-50bc-47bd-911c-c6c2b4a88340 - - - - -] tempdir = None log_opt_values /usr/lib/python3/dist-packages/oslo_config/cfg.py:2602
2025-10-20 00:41:44.662 147047 DEBUG oslo_service.service [req-7457a02d-50bc-47bd-911c-c6c2b4a88340 - - - - -] timeout_nbd = 10 log_opt_values /usr/lib/python3/dist-packages/oslo_config/cfg.py:2602
2025-10-20 00:41:44.662 147047 DEBUG oslo_service.service [req-7457a02d-50bc-47bd-911c-c6c2b4a88340 - - - - -] transport_url = **** log_opt_values /usr/lib/python3/dist-packages/oslo_config/cfg.py:2602
2025-10-20 00:41:44.663 147047 DEBUG oslo_service.service [req-7457a02d-50bc-47bd-911c-c6c2b4a88340 - - - - -] update_resources_interval = 0 log_opt_values /usr/lib/python3/dist-packages/oslo_config/cfg.py:2602
2025-10-20 00:41:44.663 147047 DEBUG oslo_service.service [req-7457a02d-50bc-47bd-911c-c6c2b4a88340 - - - - -] use_cow_images = True log_opt_values /usr/lib/python3/dist-packages/oslo_config/cfg.py:2602
2025-10-20 00:41:44.663 147047 DEBUG oslo_service.service [req-7457a02d-50bc-47bd-911c-c6c2b4a88340 - - - - -] use_eventlog = False log_opt_values /usr/lib/python3/dist-packages/oslo_config/cfg.py:2602
2025-10-20 00:41:44.663 147047 DEBUG oslo_service.service [req-7457a02d-50bc-47bd-911c-c6c2b4a88340 - - - - -] use_journal = False log_opt_values /usr/lib/python3/dist-packages/oslo_config/cfg.py:2602
2025-10-20 00:41:44.663 147047 DEBUG oslo_service.service [req-7457a02d-50bc-47bd-911c-c6c2b4a88340 - - - - -] use_json = False log_opt_values /usr/lib/python3/dist-packages/oslo_config/cfg.py:2602
2025-10-20 00:41:44.664 147047 DEBUG oslo_service.service [req-7457a02d-50bc-47bd-911c-c6c2b4a88340 - - - - -] use_rootwrap_daemon = False log_opt_values /usr/lib/python3/dist-packages/oslo_config/cfg.py:2602
2025-10-20 00:41:44.664 147047 DEBUG oslo_service.service [req-7457a02d-50bc-47bd-911c-c6c2b4a88340 - - - - -] use_stderr = False log_opt_values /usr/lib/python3/dist-packages/oslo_config/cfg.py:2602
2025-10-20 00:41:44.664 147047 DEBUG oslo_service.service [req-7457a02d-50bc-47bd-911c-c6c2b4a88340 - - - - -] use_syslog = False log_opt_values /usr/lib/python3/dist-packages/oslo_config/cfg.py:2602
2025-10-20 00:41:44.666 147047 DEBUG oslo_service.service [req-7457a02d-50bc-47bd-911c-c6c2b4a88340 - - - - -] vcpu_pin_set = None log_opt_values /usr/lib/python3/dist-packages/oslo_config/cfg.py:2602
2025-10-20 00:41:44.666 147047 DEBUG oslo_service.service [req-7457a02d-50bc-47bd-911c-c6c2b4a88340 - - - - -] vif_plugging_is_fatal = True log_opt_values /usr/lib/python3/dist-packages/oslo_config/cfg.py:2602
2025-10-20 00:41:44.667 147047 DEBUG oslo_service.service [req-7457a02d-50bc-47bd-911c-c6c2b4a88340 - - - - -] vif_plugging_timeout = 300 log_opt_values /usr/lib/python3/dist-packages/oslo_config/cfg.py:2602
2025-10-20 00:41:44.671 147047 DEBUG oslo_service.service [req-7457a02d-50bc-47bd-911c-c6c2b4a88340 - - - - -] virt_mkfs = [] log_opt_values /usr/lib/python3/dist-packages/oslo_config/cfg.py:2602
2025-10-20 00:41:44.676 147047 DEBUG oslo_service.service [req-7457a02d-50bc-47bd-911c-c6c2b4a88340 - - - - -] volume_usage_poll_interval = 0 log_opt_values /usr/lib/python3/dist-packages/oslo_config/cfg.py:2602
2025-10-20 00:41:44.678 147398 DEBUG oslo_messaging._drivers.amqpdriver [-] Listener is running poll /usr/lib/python3/dist-packages/oslo_messaging/_drivers/amqpdriver.py:343
2025-10-20 00:41:44.678 147398 DEBUG oslo_messaging._drivers.amqpdriver [-] AMQPListener connection consume poll /usr/lib/python3/dist-packages/oslo_messaging/_drivers/amqpdriver.py:357
2025-10-20 00:41:44.679 147398 DEBUG nova.service [req-c5d9d162-0ed6-40f9-b90c-62751bccd0b4 - - - - -] Join ServiceGroup membership for this service conductor start /usr/lib/python3/dist-packages/nova/service.py:199
2025-10-20 00:41:44.678 147047 DEBUG oslo_service.service [req-7457a02d-50bc-47bd-911c-c6c2b4a88340 - - - - -] watch_log_file = False log_opt_values /usr/lib/python3/dist-packages/oslo_config/cfg.py:2602
2025-10-20 00:41:44.679 147398 DEBUG nova.servicegroup.drivers.db [req-c5d9d162-0ed6-40f9-b90c-62751bccd0b4 - - - - -] DB_Driver: join new ServiceGroup member juju-1f3811-0-lxd-7 to the conductor group, service = join /usr/lib/python3/dist-packages/nova/servicegroup/drivers/db.py:44
2025-10-20 00:41:44.679 147397 DEBUG oslo_messaging._drivers.amqpdriver [-] Listener is running poll /usr/lib/python3/dist-packages/oslo_messaging/_drivers/amqpdriver.py:343
2025-10-20 00:41:44.680 147047 DEBUG oslo_service.service [req-7457a02d-50bc-47bd-911c-c6c2b4a88340 - - - - -] web = /usr/share/spice-html5 log_opt_values /usr/lib/python3/dist-packages/oslo_config/cfg.py:2602
2025-10-20 00:41:44.680 147397 DEBUG oslo_messaging._drivers.amqpdriver [-] AMQPListener connection consume poll /usr/lib/python3/dist-packages/oslo_messaging/_drivers/amqpdriver.py:357
2025-10-20 00:41:44.680 147047 DEBUG oslo_service.service [req-7457a02d-50bc-47bd-911c-c6c2b4a88340 - - - - -] oslo_concurrency.disable_process_locking = False log_opt_values /usr/lib/python3/dist-packages/oslo_config/cfg.py:2609
2025-10-20 00:41:44.680 147400 DEBUG nova.service [req-da1cb318-f254-45b0-ac2e-bb3f01478fb8 - - - - -] Creating RPC server for service conductor start /usr/lib/python3/dist-packages/nova/service.py:182
2025-10-20 00:41:44.680 147047 DEBUG oslo_service.service [req-7457a02d-50bc-47bd-911c-c6c2b4a88340 - - - - -] oslo_concurrency.lock_path = /var/lock/nova log_opt_values /usr/lib/python3/dist-packages/oslo_config/cfg.py:2609
2025-10-20 00:41:44.680 147398 DEBUG oslo_messaging._drivers.amqpdriver [-] received message msg_id: e3c457f4c8c24b3584b8cade8f59d42b reply to reply_44b1fb9a437b4feab433b326153f9a43 __call__ /usr/lib/python3/dist-packages/oslo_messaging/_drivers/amqpdriver.py:320
2025-10-20 00:41:44.680 147397 DEBUG nova.service [req-458b3f10-43e5-4f68-87ec-ea9ec09e8955 - - - - -] Join ServiceGroup membership for this service conductor start /usr/lib/python3/dist-packages/nova/service.py:199
2025-10-20 00:41:44.681 147047 DEBUG oslo_service.service [req-7457a02d-50bc-47bd-911c-c6c2b4a88340 - - - - -] oslo_messaging_metrics.metrics_buffer_size = 1000 log_opt_values /usr/lib/python3/dist-packages/oslo_config/cfg.py:2609
2025-10-20 00:41:44.681 147397 DEBUG nova.servicegroup.drivers.db [req-458b3f10-43e5-4f68-87ec-ea9ec09e8955 - - - - -] DB_Driver: join new ServiceGroup member juju-1f3811-0-lxd-7 to the conductor group, service = join /usr/lib/python3/dist-packages/nova/servicegroup/drivers/db.py:44
2025-10-20 00:41:44.681 147047 DEBUG oslo_service.service [req-7457a02d-50bc-47bd-911c-c6c2b4a88340 - - - - -] oslo_messaging_metrics.metrics_enabled = False log_opt_values /usr/lib/python3/dist-packages/oslo_config/cfg.py:2609
2025-10-20 00:41:44.681 147047 DEBUG oslo_service.service [req-7457a02d-50bc-47bd-911c-c6c2b4a88340 - - - - -] oslo_messaging_metrics.metrics_process_name = log_opt_values /usr/lib/python3/dist-packages/oslo_config/cfg.py:2609
2025-10-20 00:41:44.682 147047 DEBUG oslo_service.service [req-7457a02d-50bc-47bd-911c-c6c2b4a88340 - - - - -] oslo_messaging_metrics.metrics_socket_file = /var/tmp/metrics_collector.sock log_opt_values /usr/lib/python3/dist-packages/oslo_config/cfg.py:2609
2025-10-20 00:41:44.682 147047 DEBUG oslo_service.service [req-7457a02d-50bc-47bd-911c-c6c2b4a88340 - - - - -] oslo_messaging_metrics.metrics_thread_stop_timeout = 10 log_opt_values /usr/lib/python3/dist-packages/oslo_config/cfg.py:2609
2025-10-20 00:41:44.682 147047 WARNING oslo_config.cfg [req-7457a02d-50bc-47bd-911c-c6c2b4a88340 - - - - -] Deprecated: Option "auth_strategy" from group "api" is deprecated for removal ( The only non-default choice, ``noauth2``, is for internal development and testing purposes only and should not be used in deployments. This option and its middleware, NoAuthMiddleware[V2_18], will be removed in a future release. ). Its value may be silently ignored in the future.
2025-10-20 00:41:44.683 147398 DEBUG oslo_messaging._drivers.amqpdriver [-] AMQPListener connection timeout poll /usr/lib/python3/dist-packages/oslo_messaging/_drivers/amqpdriver.py:360
2025-10-20 00:41:44.683 147398 DEBUG oslo_messaging._drivers.amqpdriver [-] Listener is running poll /usr/lib/python3/dist-packages/oslo_messaging/_drivers/amqpdriver.py:343
2025-10-20 00:41:44.683 147398 DEBUG oslo_messaging._drivers.amqpdriver [-] Poll the incoming message with unique_id: 1d5ec9379c4d4330b10683f0a84f1368 poll /usr/lib/python3/dist-packages/oslo_messaging/_drivers/amqpdriver.py:346
2025-10-20 00:41:44.682 147047 DEBUG oslo_service.service [req-7457a02d-50bc-47bd-911c-c6c2b4a88340 - - - - -] api.auth_strategy = keystone log_opt_values /usr/lib/python3/dist-packages/oslo_config/cfg.py:2609
2025-10-20 00:41:44.683 147398 DEBUG oslo_messaging._drivers.amqpdriver [-] Listener is running poll /usr/lib/python3/dist-packages/oslo_messaging/_drivers/amqpdriver.py:343
2025-10-20 00:41:44.683 147398 DEBUG oslo_messaging._drivers.amqpdriver [-] AMQPListener connection consume poll /usr/lib/python3/dist-packages/oslo_messaging/_drivers/amqpdriver.py:357
2025-10-20 00:41:44.683 147047 DEBUG oslo_service.service [req-7457a02d-50bc-47bd-911c-c6c2b4a88340 - - - - -] api.compute_link_prefix = None log_opt_values /usr/lib/python3/dist-packages/oslo_config/cfg.py:2609
2025-10-20 00:41:44.683 147397 DEBUG oslo_messaging._drivers.amqpdriver [-] AMQPListener connection timeout poll /usr/lib/python3/dist-packages/oslo_messaging/_drivers/amqpdriver.py:360
2025-10-20 00:41:44.684 147047 DEBUG oslo_service.service [req-7457a02d-50bc-47bd-911c-c6c2b4a88340 - - - - -] api.config_drive_skip_versions = 1.0 2007-01-19 2007-03-01 2007-08-29 2007-10-10 2007-12-15 2008-02-01 2008-09-01 log_opt_values /usr/lib/python3/dist-packages/oslo_config/cfg.py:2609
2025-10-20 00:41:44.684 147397 DEBUG oslo_messaging._drivers.amqpdriver [-] Listener is running poll /usr/lib/python3/dist-packages/oslo_messaging/_drivers/amqpdriver.py:343
2025-10-20 00:41:44.684 147399 DEBUG oslo_messaging._drivers.amqpdriver [-] Listener is running poll /usr/lib/python3/dist-packages/oslo_messaging/_drivers/amqpdriver.py:343
2025-10-20 00:41:44.684 147397 DEBUG oslo_messaging._drivers.amqpdriver [-] AMQPListener connection consume poll /usr/lib/python3/dist-packages/oslo_messaging/_drivers/amqpdriver.py:357
2025-10-20 00:41:44.684 147399 DEBUG oslo_messaging._drivers.amqpdriver [-] AMQPListener connection consume poll /usr/lib/python3/dist-packages/oslo_messaging/_drivers/amqpdriver.py:357
2025-10-20 00:41:44.684 147047 DEBUG oslo_service.service [req-7457a02d-50bc-47bd-911c-c6c2b4a88340 - - - - -] api.dhcp_domain = novalocal log_opt_values /usr/lib/python3/dist-packages/oslo_config/cfg.py:2609
2025-10-20 00:41:44.684 147047 DEBUG oslo_service.service [req-7457a02d-50bc-47bd-911c-c6c2b4a88340 - - - - -] api.enable_instance_password = True log_opt_values /usr/lib/python3/dist-packages/oslo_config/cfg.py:2609
2025-10-20 00:41:44.684 147399 DEBUG nova.service [req-e8c8c438-a2a4-411c-8eb0-9ddcf8de77dd - - - - -] Join ServiceGroup membership for this service conductor start /usr/lib/python3/dist-packages/nova/service.py:199
2025-10-20 00:41:44.685 147399 DEBUG nova.servicegroup.drivers.db [req-e8c8c438-a2a4-411c-8eb0-9ddcf8de77dd - - - - -] DB_Driver: join new ServiceGroup member juju-1f3811-0-lxd-7 to the conductor group, service = join /usr/lib/python3/dist-packages/nova/servicegroup/drivers/db.py:44
2025-10-20 00:41:44.685 147047 DEBUG oslo_service.service [req-7457a02d-50bc-47bd-911c-c6c2b4a88340 - - - - -] api.glance_link_prefix = None log_opt_values /usr/lib/python3/dist-packages/oslo_config/cfg.py:2609
2025-10-20 00:41:44.686 147047 DEBUG oslo_service.service [req-7457a02d-50bc-47bd-911c-c6c2b4a88340 - - - - -] api.instance_list_cells_batch_fixed_size = 100 log_opt_values /usr/lib/python3/dist-packages/oslo_config/cfg.py:2609
2025-10-20 00:41:44.686 147047 DEBUG oslo_service.service [req-7457a02d-50bc-47bd-911c-c6c2b4a88340 - - - - -] api.instance_list_cells_batch_strategy = distributed log_opt_values /usr/lib/python3/dist-packages/oslo_config/cfg.py:2609
2025-10-20 00:41:44.686 147047 DEBUG oslo_service.service [req-7457a02d-50bc-47bd-911c-c6c2b4a88340 - - - - -] api.instance_list_per_project_cells = False log_opt_values /usr/lib/python3/dist-packages/oslo_config/cfg.py:2609
2025-10-20 00:41:44.687 147047 DEBUG oslo_service.service [req-7457a02d-50bc-47bd-911c-c6c2b4a88340 - - - - -] api.list_records_by_skipping_down_cells = True log_opt_values /usr/lib/python3/dist-packages/oslo_config/cfg.py:2609
2025-10-20 00:41:44.687 147047 DEBUG oslo_service.service [req-7457a02d-50bc-47bd-911c-c6c2b4a88340 - - - - -] api.local_metadata_per_cell = False log_opt_values /usr/lib/python3/dist-packages/oslo_config/cfg.py:2609
2025-10-20 00:41:44.687 147399 DEBUG oslo_messaging._drivers.amqpdriver [-] AMQPListener connection timeout poll /usr/lib/python3/dist-packages/oslo_messaging/_drivers/amqpdriver.py:360
2025-10-20 00:41:44.687 147047 DEBUG oslo_service.service [req-7457a02d-50bc-47bd-911c-c6c2b4a88340 - - - - -] api.max_limit = 1000 log_opt_values /usr/lib/python3/dist-packages/oslo_config/cfg.py:2609
2025-10-20 00:41:44.687 147399 DEBUG oslo_messaging._drivers.amqpdriver [-] Listener is running poll /usr/lib/python3/dist-packages/oslo_messaging/_drivers/amqpdriver.py:343
2025-10-20 00:41:44.687 147047 DEBUG oslo_service.service [req-7457a02d-50bc-47bd-911c-c6c2b4a88340 - - - - -] api.metadata_cache_expiration = 15 log_opt_values /usr/lib/python3/dist-packages/oslo_config/cfg.py:2609
2025-10-20 00:41:44.688 147399 DEBUG oslo_messaging._drivers.amqpdriver [-] AMQPListener connection consume poll /usr/lib/python3/dist-packages/oslo_messaging/_drivers/amqpdriver.py:357
2025-10-20 00:41:44.688 147047 DEBUG oslo_service.service [req-7457a02d-50bc-47bd-911c-c6c2b4a88340 - - - - -] api.neutron_default_tenant_id = default log_opt_values /usr/lib/python3/dist-packages/oslo_config/cfg.py:2609
2025-10-20 00:41:44.688 147047 DEBUG oslo_service.service [req-7457a02d-50bc-47bd-911c-c6c2b4a88340 - - - - -] api.use_forwarded_for = False log_opt_values /usr/lib/python3/dist-packages/oslo_config/cfg.py:2609
2025-10-20 00:41:44.688 147047 DEBUG oslo_service.service [req-7457a02d-50bc-47bd-911c-c6c2b4a88340 - - - - -] api.use_neutron_default_nets = False log_opt_values /usr/lib/python3/dist-packages/oslo_config/cfg.py:2609
2025-10-20 00:41:44.688 147047 DEBUG oslo_service.service [req-7457a02d-50bc-47bd-911c-c6c2b4a88340 - - - - -] api.vendordata_dynamic_connect_timeout = 5 log_opt_values /usr/lib/python3/dist-packages/oslo_config/cfg.py:2609
2025-10-20 00:41:44.688 147047 DEBUG oslo_service.service [req-7457a02d-50bc-47bd-911c-c6c2b4a88340 - - - - -] api.vendordata_dynamic_failure_fatal = False log_opt_values /usr/lib/python3/dist-packages/oslo_config/cfg.py:2609
2025-10-20 00:41:44.689 147047 DEBUG oslo_service.service [req-7457a02d-50bc-47bd-911c-c6c2b4a88340 - - - - -] api.vendordata_dynamic_read_timeout = 5 log_opt_values /usr/lib/python3/dist-packages/oslo_config/cfg.py:2609
2025-10-20 00:41:44.689 147047 DEBUG oslo_service.service [req-7457a02d-50bc-47bd-911c-c6c2b4a88340 - - - - -] api.vendordata_dynamic_ssl_certfile = log_opt_values /usr/lib/python3/dist-packages/oslo_config/cfg.py:2609
2025-10-20 00:41:44.689 147047 DEBUG oslo_service.service [req-7457a02d-50bc-47bd-911c-c6c2b4a88340 - - - - -] api.vendordata_dynamic_targets = [] log_opt_values /usr/lib/python3/dist-packages/oslo_config/cfg.py:2609
2025-10-20 00:41:44.689 147047 DEBUG oslo_service.service [req-7457a02d-50bc-47bd-911c-c6c2b4a88340 - - - - -] api.vendordata_jsonfile_path = None log_opt_values /usr/lib/python3/dist-packages/oslo_config/cfg.py:2609
2025-10-20 00:41:44.689 147047 DEBUG oslo_service.service [req-7457a02d-50bc-47bd-911c-c6c2b4a88340 - - - - -] api.vendordata_providers = ['StaticJSON'] log_opt_values /usr/lib/python3/dist-packages/oslo_config/cfg.py:2609
2025-10-20 00:41:44.690 147047 DEBUG oslo_service.service [req-7457a02d-50bc-47bd-911c-c6c2b4a88340 - - - - -] cache.backend = dogpile.cache.null log_opt_values /usr/lib/python3/dist-packages/oslo_config/cfg.py:2609
2025-10-20 00:41:44.690 147047 DEBUG oslo_service.service [req-7457a02d-50bc-47bd-911c-c6c2b4a88340 - - - - -] cache.backend_argument = **** log_opt_values /usr/lib/python3/dist-packages/oslo_config/cfg.py:2609
2025-10-20 00:41:44.690 147047 DEBUG oslo_service.service [req-7457a02d-50bc-47bd-911c-c6c2b4a88340 - - - - -] cache.config_prefix = cache.oslo log_opt_values /usr/lib/python3/dist-packages/oslo_config/cfg.py:2609
2025-10-20 00:41:44.690 147047 DEBUG oslo_service.service [req-7457a02d-50bc-47bd-911c-c6c2b4a88340 - - - - -] cache.debug_cache_backend = False log_opt_values /usr/lib/python3/dist-packages/oslo_config/cfg.py:2609
2025-10-20 00:41:44.690 147047 DEBUG oslo_service.service [req-7457a02d-50bc-47bd-911c-c6c2b4a88340 - - - - -] cache.enabled = False log_opt_values /usr/lib/python3/dist-packages/oslo_config/cfg.py:2609
2025-10-20 00:41:44.691 147047 DEBUG oslo_service.service [req-7457a02d-50bc-47bd-911c-c6c2b4a88340 - - - - -] cache.expiration_time = 600 log_opt_values /usr/lib/python3/dist-packages/oslo_config/cfg.py:2609
2025-10-20 00:41:44.691 147047 DEBUG oslo_service.service [req-7457a02d-50bc-47bd-911c-c6c2b4a88340 - - - - -] cache.memcache_dead_retry = 300 log_opt_values /usr/lib/python3/dist-packages/oslo_config/cfg.py:2609
2025-10-20 00:41:44.691 147047 DEBUG oslo_service.service [req-7457a02d-50bc-47bd-911c-c6c2b4a88340 - - - - -] cache.memcache_pool_connection_get_timeout = 10 log_opt_values /usr/lib/python3/dist-packages/oslo_config/cfg.py:2609
2025-10-20 00:41:44.691 147047 DEBUG oslo_service.service [req-7457a02d-50bc-47bd-911c-c6c2b4a88340 - - - - -] cache.memcache_pool_flush_on_reconnect = False log_opt_values /usr/lib/python3/dist-packages/oslo_config/cfg.py:2609
2025-10-20 00:41:44.692 147047 DEBUG oslo_service.service [req-7457a02d-50bc-47bd-911c-c6c2b4a88340 - - - - -] cache.memcache_pool_maxsize = 10 log_opt_values /usr/lib/python3/dist-packages/oslo_config/cfg.py:2609
2025-10-20 00:41:44.692 147047 DEBUG oslo_service.service [req-7457a02d-50bc-47bd-911c-c6c2b4a88340 - - - - -] cache.memcache_pool_unused_timeout = 60 log_opt_values /usr/lib/python3/dist-packages/oslo_config/cfg.py:2609
2025-10-20 00:41:44.692 147047 DEBUG oslo_service.service [req-7457a02d-50bc-47bd-911c-c6c2b4a88340 - - - - -] cache.memcache_servers = ['localhost:11211'] log_opt_values /usr/lib/python3/dist-packages/oslo_config/cfg.py:2609
2025-10-20 00:41:44.692 147047 DEBUG oslo_service.service [req-7457a02d-50bc-47bd-911c-c6c2b4a88340 - - - - -] cache.memcache_socket_timeout = 1.0 log_opt_values /usr/lib/python3/dist-packages/oslo_config/cfg.py:2609
2025-10-20 00:41:44.692 147047 DEBUG oslo_service.service [req-7457a02d-50bc-47bd-911c-c6c2b4a88340 - - - - -] cache.proxies = [] log_opt_values /usr/lib/python3/dist-packages/oslo_config/cfg.py:2609
2025-10-20 00:41:44.693 147047 DEBUG oslo_service.service [req-7457a02d-50bc-47bd-911c-c6c2b4a88340 - - - - -] cache.tls_allowed_ciphers = None log_opt_values /usr/lib/python3/dist-packages/oslo_config/cfg.py:2609
2025-10-20 00:41:44.693 147047 DEBUG oslo_service.service [req-7457a02d-50bc-47bd-911c-c6c2b4a88340 - - - - -] cache.tls_cafile = None log_opt_values /usr/lib/python3/dist-packages/oslo_config/cfg.py:2609
2025-10-20 00:41:44.693 147047 DEBUG oslo_service.service [req-7457a02d-50bc-47bd-911c-c6c2b4a88340 - - - - -] cache.tls_certfile = None log_opt_values /usr/lib/python3/dist-packages/oslo_config/cfg.py:2609
2025-10-20 00:41:44.693 147047 DEBUG oslo_service.service [req-7457a02d-50bc-47bd-911c-c6c2b4a88340 - - - - -] cache.tls_enabled = False log_opt_values /usr/lib/python3/dist-packages/oslo_config/cfg.py:2609
2025-10-20 00:41:44.694 147047 DEBUG oslo_service.service [req-7457a02d-50bc-47bd-911c-c6c2b4a88340 - - - - -] cache.tls_keyfile = None log_opt_values /usr/lib/python3/dist-packages/oslo_config/cfg.py:2609
2025-10-20 00:41:44.694 147047 DEBUG oslo_service.service [req-7457a02d-50bc-47bd-911c-c6c2b4a88340 - - - - -] cinder.auth_section = None log_opt_values /usr/lib/python3/dist-packages/oslo_config/cfg.py:2609
2025-10-20 00:41:44.694 147047 DEBUG oslo_service.service [req-7457a02d-50bc-47bd-911c-c6c2b4a88340 - - - - -] cinder.auth_type = None log_opt_values /usr/lib/python3/dist-packages/oslo_config/cfg.py:2609
2025-10-20 00:41:44.694 147047 DEBUG oslo_service.service [req-7457a02d-50bc-47bd-911c-c6c2b4a88340 - - - - -] cinder.cafile = None log_opt_values /usr/lib/python3/dist-packages/oslo_config/cfg.py:2609
2025-10-20 00:41:44.695 147047 DEBUG oslo_service.service [req-7457a02d-50bc-47bd-911c-c6c2b4a88340 - - - - -] cinder.catalog_info = volumev3::publicURL log_opt_values /usr/lib/python3/dist-packages/oslo_config/cfg.py:2609
2025-10-20 00:41:44.695 147047 DEBUG oslo_service.service [req-7457a02d-50bc-47bd-911c-c6c2b4a88340 - - - - -] cinder.certfile = None log_opt_values /usr/lib/python3/dist-packages/oslo_config/cfg.py:2609
2025-10-20 00:41:44.695 147047 DEBUG oslo_service.service [req-7457a02d-50bc-47bd-911c-c6c2b4a88340 - - - - -] cinder.collect_timing = False log_opt_values /usr/lib/python3/dist-packages/oslo_config/cfg.py:2609
2025-10-20 00:41:44.696 147047 DEBUG oslo_service.service [req-7457a02d-50bc-47bd-911c-c6c2b4a88340 - - - - -] cinder.cross_az_attach = True log_opt_values /usr/lib/python3/dist-packages/oslo_config/cfg.py:2609
2025-10-20 00:41:44.696 147047 DEBUG oslo_service.service [req-7457a02d-50bc-47bd-911c-c6c2b4a88340 - - - - -] cinder.debug = False log_opt_values /usr/lib/python3/dist-packages/oslo_config/cfg.py:2609
2025-10-20 00:41:44.696 147047 DEBUG oslo_service.service [req-7457a02d-50bc-47bd-911c-c6c2b4a88340 - - - - -] cinder.endpoint_template = None log_opt_values /usr/lib/python3/dist-packages/oslo_config/cfg.py:2609
2025-10-20 00:41:44.696 147047 DEBUG oslo_service.service [req-7457a02d-50bc-47bd-911c-c6c2b4a88340 - - - - -] cinder.http_retries = 3 log_opt_values /usr/lib/python3/dist-packages/oslo_config/cfg.py:2609
2025-10-20 00:41:44.696 147047 DEBUG oslo_service.service [req-7457a02d-50bc-47bd-911c-c6c2b4a88340 - - - - -] cinder.insecure = False log_opt_values /usr/lib/python3/dist-packages/oslo_config/cfg.py:2609
2025-10-20 00:41:44.697 147047 DEBUG oslo_service.service [req-7457a02d-50bc-47bd-911c-c6c2b4a88340 - - - - -] cinder.keyfile = None log_opt_values /usr/lib/python3/dist-packages/oslo_config/cfg.py:2609
2025-10-20 00:41:44.697 147047 DEBUG oslo_service.service [req-7457a02d-50bc-47bd-911c-c6c2b4a88340 - - - - -] cinder.os_region_name = None log_opt_values /usr/lib/python3/dist-packages/oslo_config/cfg.py:2609
2025-10-20 00:41:44.697 147047 DEBUG oslo_service.service [req-7457a02d-50bc-47bd-911c-c6c2b4a88340 - - - - -] cinder.split_loggers = False log_opt_values /usr/lib/python3/dist-packages/oslo_config/cfg.py:2609
2025-10-20 00:41:44.697 147047 DEBUG oslo_service.service [req-7457a02d-50bc-47bd-911c-c6c2b4a88340 - - - - -] cinder.timeout = None log_opt_values /usr/lib/python3/dist-packages/oslo_config/cfg.py:2609
2025-10-20 00:41:44.697 147047 DEBUG oslo_service.service [req-7457a02d-50bc-47bd-911c-c6c2b4a88340 - - - - -] compute.consecutive_build_service_disable_threshold = 10 log_opt_values /usr/lib/python3/dist-packages/oslo_config/cfg.py:2609
2025-10-20 00:41:44.698 147047 DEBUG oslo_service.service [req-7457a02d-50bc-47bd-911c-c6c2b4a88340 - - - - -] compute.cpu_dedicated_set = None log_opt_values /usr/lib/python3/dist-packages/oslo_config/cfg.py:2609
2025-10-20 00:41:44.698 147047 DEBUG oslo_service.service [req-7457a02d-50bc-47bd-911c-c6c2b4a88340 - - - - -] compute.cpu_shared_set = None log_opt_values /usr/lib/python3/dist-packages/oslo_config/cfg.py:2609
2025-10-20 00:41:44.698 147047 DEBUG oslo_service.service [req-7457a02d-50bc-47bd-911c-c6c2b4a88340 - - - - -] compute.image_type_exclude_list = [] log_opt_values /usr/lib/python3/dist-packages/oslo_config/cfg.py:2609
2025-10-20 00:41:44.698 147047 DEBUG oslo_service.service [req-7457a02d-50bc-47bd-911c-c6c2b4a88340 - - - - -] compute.live_migration_wait_for_vif_plug = True log_opt_values /usr/lib/python3/dist-packages/oslo_config/cfg.py:2609
2025-10-20 00:41:44.698 147047 DEBUG oslo_service.service [req-7457a02d-50bc-47bd-911c-c6c2b4a88340 - - - - -] compute.max_concurrent_disk_ops = 0 log_opt_values /usr/lib/python3/dist-packages/oslo_config/cfg.py:2609
2025-10-20 00:41:44.699 147047 DEBUG oslo_service.service [req-7457a02d-50bc-47bd-911c-c6c2b4a88340 - - - - -] compute.max_disk_devices_to_attach = -1 log_opt_values /usr/lib/python3/dist-packages/oslo_config/cfg.py:2609
2025-10-20 00:41:44.699 147047 DEBUG oslo_service.service [req-7457a02d-50bc-47bd-911c-c6c2b4a88340 - - - - -] compute.packing_host_numa_cells_allocation_strategy = True log_opt_values /usr/lib/python3/dist-packages/oslo_config/cfg.py:2609
2025-10-20 00:41:44.699 147047 DEBUG oslo_service.service [req-7457a02d-50bc-47bd-911c-c6c2b4a88340 - - - - -] compute.provider_config_location = /etc/nova/provider_config/ log_opt_values /usr/lib/python3/dist-packages/oslo_config/cfg.py:2609
2025-10-20 00:41:44.699 147047 DEBUG oslo_service.service [req-7457a02d-50bc-47bd-911c-c6c2b4a88340 - - - - -] compute.resource_provider_association_refresh = 300 log_opt_values /usr/lib/python3/dist-packages/oslo_config/cfg.py:2609
2025-10-20 00:41:44.699 147047 DEBUG oslo_service.service [req-7457a02d-50bc-47bd-911c-c6c2b4a88340 - - - - -] compute.shutdown_retry_interval = 10 log_opt_values /usr/lib/python3/dist-packages/oslo_config/cfg.py:2609
2025-10-20 00:41:44.699 147047 DEBUG oslo_service.service [req-7457a02d-50bc-47bd-911c-c6c2b4a88340 - - - - -] compute.vmdk_allowed_types = ['streamOptimized', 'monolithicSparse'] log_opt_values /usr/lib/python3/dist-packages/oslo_config/cfg.py:2609
2025-10-20 00:41:44.700 147047 DEBUG oslo_service.service [req-7457a02d-50bc-47bd-911c-c6c2b4a88340 - - - - -] conductor.workers = 4 log_opt_values /usr/lib/python3/dist-packages/oslo_config/cfg.py:2609
2025-10-20 00:41:44.700 147047 DEBUG oslo_service.service [req-7457a02d-50bc-47bd-911c-c6c2b4a88340 - - - - -] console.allowed_origins = [] log_opt_values /usr/lib/python3/dist-packages/oslo_config/cfg.py:2609
2025-10-20 00:41:44.700 147047 DEBUG oslo_service.service [req-7457a02d-50bc-47bd-911c-c6c2b4a88340 - - - - -] console.ssl_ciphers = None log_opt_values /usr/lib/python3/dist-packages/oslo_config/cfg.py:2609
2025-10-20 00:41:44.700 147047 DEBUG oslo_service.service [req-7457a02d-50bc-47bd-911c-c6c2b4a88340 - - - - -] console.ssl_minimum_version = default log_opt_values /usr/lib/python3/dist-packages/oslo_config/cfg.py:2609
2025-10-20 00:41:44.702 147047 DEBUG oslo_service.service [req-7457a02d-50bc-47bd-911c-c6c2b4a88340 - - - - -] consoleauth.token_ttl = 600 log_opt_values /usr/lib/python3/dist-packages/oslo_config/cfg.py:2609
2025-10-20 00:41:44.702 147047 DEBUG oslo_service.service [req-7457a02d-50bc-47bd-911c-c6c2b4a88340 - - - - -] cyborg.cafile = None log_opt_values /usr/lib/python3/dist-packages/oslo_config/cfg.py:2609
2025-10-20 00:41:44.702 147047 DEBUG oslo_service.service [req-7457a02d-50bc-47bd-911c-c6c2b4a88340 - - - - -] cyborg.certfile = None log_opt_values /usr/lib/python3/dist-packages/oslo_config/cfg.py:2609
2025-10-20 00:41:44.702 147047 DEBUG oslo_service.service [req-7457a02d-50bc-47bd-911c-c6c2b4a88340 - - - - -] cyborg.collect_timing = False log_opt_values /usr/lib/python3/dist-packages/oslo_config/cfg.py:2609
2025-10-20 00:41:44.702 147047 DEBUG oslo_service.service [req-7457a02d-50bc-47bd-911c-c6c2b4a88340 - - - - -] cyborg.connect_retries = None log_opt_values /usr/lib/python3/dist-packages/oslo_config/cfg.py:2609
2025-10-20 00:41:44.703 147047 DEBUG oslo_service.service [req-7457a02d-50bc-47bd-911c-c6c2b4a88340 - - - - -] cyborg.connect_retry_delay = None log_opt_values /usr/lib/python3/dist-packages/oslo_config/cfg.py:2609
2025-10-20 00:41:44.703 147047 DEBUG oslo_service.service [req-7457a02d-50bc-47bd-911c-c6c2b4a88340 - - - - -] cyborg.endpoint_override = None log_opt_values /usr/lib/python3/dist-packages/oslo_config/cfg.py:2609
2025-10-20 00:41:44.704 147047 DEBUG oslo_service.service [req-7457a02d-50bc-47bd-911c-c6c2b4a88340 - - - - -] cyborg.insecure = False log_opt_values /usr/lib/python3/dist-packages/oslo_config/cfg.py:2609
2025-10-20 00:41:44.704 147047 DEBUG oslo_service.service [req-7457a02d-50bc-47bd-911c-c6c2b4a88340 - - - - -] cyborg.keyfile = None log_opt_values /usr/lib/python3/dist-packages/oslo_config/cfg.py:2609
2025-10-20 00:41:44.705 147047 DEBUG oslo_service.service [req-7457a02d-50bc-47bd-911c-c6c2b4a88340 - - - - -] cyborg.max_version = None log_opt_values /usr/lib/python3/dist-packages/oslo_config/cfg.py:2609
2025-10-20 00:41:44.705 147047 DEBUG oslo_service.service [req-7457a02d-50bc-47bd-911c-c6c2b4a88340 - - - - -] cyborg.min_version = None log_opt_values /usr/lib/python3/dist-packages/oslo_config/cfg.py:2609
2025-10-20 00:41:44.706 147047 DEBUG oslo_service.service [req-7457a02d-50bc-47bd-911c-c6c2b4a88340 - - - - -] cyborg.region_name = None log_opt_values /usr/lib/python3/dist-packages/oslo_config/cfg.py:2609
2025-10-20 00:41:44.706 147047 DEBUG oslo_service.service [req-7457a02d-50bc-47bd-911c-c6c2b4a88340 - - - - -] cyborg.service_name = None log_opt_values /usr/lib/python3/dist-packages/oslo_config/cfg.py:2609
2025-10-20 00:41:44.706 147047 DEBUG oslo_service.service [req-7457a02d-50bc-47bd-911c-c6c2b4a88340 - - - - -] cyborg.service_type = accelerator log_opt_values /usr/lib/python3/dist-packages/oslo_config/cfg.py:2609
2025-10-20 00:41:44.706 147047 DEBUG oslo_service.service [req-7457a02d-50bc-47bd-911c-c6c2b4a88340 - - - - -] cyborg.split_loggers = False log_opt_values /usr/lib/python3/dist-packages/oslo_config/cfg.py:2609
2025-10-20 00:41:44.706 147047 DEBUG oslo_service.service [req-7457a02d-50bc-47bd-911c-c6c2b4a88340 - - - - -] cyborg.status_code_retries = None log_opt_values /usr/lib/python3/dist-packages/oslo_config/cfg.py:2609
2025-10-20 00:41:44.707 147047 DEBUG oslo_service.service [req-7457a02d-50bc-47bd-911c-c6c2b4a88340 - - - - -] cyborg.status_code_retry_delay = None log_opt_values /usr/lib/python3/dist-packages/oslo_config/cfg.py:2609
2025-10-20 00:41:44.707 147047 DEBUG oslo_service.service [req-7457a02d-50bc-47bd-911c-c6c2b4a88340 - - - - -] cyborg.timeout = None log_opt_values /usr/lib/python3/dist-packages/oslo_config/cfg.py:2609
2025-10-20 00:41:44.708 147400 DEBUG oslo_messaging._drivers.amqpdriver [-] Listener is running poll /usr/lib/python3/dist-packages/oslo_messaging/_drivers/amqpdriver.py:343
2025-10-20 00:41:44.709 147047 DEBUG oslo_service.service [req-7457a02d-50bc-47bd-911c-c6c2b4a88340 - - - - -] cyborg.valid_interfaces = ['internal', 'public'] log_opt_values /usr/lib/python3/dist-packages/oslo_config/cfg.py:2609
2025-10-20 00:41:44.709 147400 DEBUG oslo_messaging._drivers.amqpdriver [-] AMQPListener connection consume poll /usr/lib/python3/dist-packages/oslo_messaging/_drivers/amqpdriver.py:357
2025-10-20 00:41:44.709 147047 DEBUG oslo_service.service [req-7457a02d-50bc-47bd-911c-c6c2b4a88340 - - - - -] cyborg.version = None log_opt_values /usr/lib/python3/dist-packages/oslo_config/cfg.py:2609
2025-10-20 00:41:44.709 147047 DEBUG oslo_service.service [req-7457a02d-50bc-47bd-911c-c6c2b4a88340 - - - - -] database.backend = sqlalchemy log_opt_values /usr/lib/python3/dist-packages/oslo_config/cfg.py:2609
2025-10-20 00:41:44.709 147400 DEBUG nova.service [req-da1cb318-f254-45b0-ac2e-bb3f01478fb8 - - - - -] Join ServiceGroup membership for this service conductor start /usr/lib/python3/dist-packages/nova/service.py:199
2025-10-20 00:41:44.710 147400 DEBUG nova.servicegroup.drivers.db [req-da1cb318-f254-45b0-ac2e-bb3f01478fb8 - - - - -] DB_Driver: join new ServiceGroup member juju-1f3811-0-lxd-7 to the conductor group, service = join /usr/lib/python3/dist-packages/nova/servicegroup/drivers/db.py:44
2025-10-20 00:41:44.709 147047 DEBUG oslo_service.service [req-7457a02d-50bc-47bd-911c-c6c2b4a88340 - - - - -] database.connection = **** log_opt_values /usr/lib/python3/dist-packages/oslo_config/cfg.py:2609
2025-10-20 00:41:44.711 147047 DEBUG oslo_service.service [req-7457a02d-50bc-47bd-911c-c6c2b4a88340 - - - - -] database.connection_debug = 0 log_opt_values /usr/lib/python3/dist-packages/oslo_config/cfg.py:2609
2025-10-20 00:41:44.711 147047 DEBUG oslo_service.service [req-7457a02d-50bc-47bd-911c-c6c2b4a88340 - - - - -] database.connection_parameters = log_opt_values /usr/lib/python3/dist-packages/oslo_config/cfg.py:2609
2025-10-20 00:41:44.711 147047 DEBUG oslo_service.service [req-7457a02d-50bc-47bd-911c-c6c2b4a88340 - - - - -] database.connection_recycle_time = 3600 log_opt_values /usr/lib/python3/dist-packages/oslo_config/cfg.py:2609
2025-10-20 00:41:44.712 147047 DEBUG oslo_service.service [req-7457a02d-50bc-47bd-911c-c6c2b4a88340 - - - - -] database.connection_trace = False log_opt_values /usr/lib/python3/dist-packages/oslo_config/cfg.py:2609
2025-10-20 00:41:44.712 147400 DEBUG oslo_messaging._drivers.amqpdriver [-] AMQPListener connection timeout poll /usr/lib/python3/dist-packages/oslo_messaging/_drivers/amqpdriver.py:360
2025-10-20 00:41:44.712 147047 DEBUG oslo_service.service [req-7457a02d-50bc-47bd-911c-c6c2b4a88340 - - - - -] database.db_inc_retry_interval = True log_opt_values /usr/lib/python3/dist-packages/oslo_config/cfg.py:2609
2025-10-20 00:41:44.713 147400 DEBUG oslo_messaging._drivers.amqpdriver [-] Listener is running poll /usr/lib/python3/dist-packages/oslo_messaging/_drivers/amqpdriver.py:343
2025-10-20 00:41:44.713 147400 DEBUG oslo_messaging._drivers.amqpdriver [-] AMQPListener connection consume poll /usr/lib/python3/dist-packages/oslo_messaging/_drivers/amqpdriver.py:357
2025-10-20 00:41:44.713 147047 DEBUG oslo_service.service [req-7457a02d-50bc-47bd-911c-c6c2b4a88340 - - - - -] database.db_max_retries = 20 log_opt_values /usr/lib/python3/dist-packages/oslo_config/cfg.py:2609
2025-10-20 00:41:44.714 147047 DEBUG oslo_service.service [req-7457a02d-50bc-47bd-911c-c6c2b4a88340 - - - - -] database.db_max_retry_interval = 10 log_opt_values /usr/lib/python3/dist-packages/oslo_config/cfg.py:2609
2025-10-20 00:41:44.714 147047 DEBUG oslo_service.service [req-7457a02d-50bc-47bd-911c-c6c2b4a88340 - - - - -] database.db_retry_interval = 1 log_opt_values /usr/lib/python3/dist-packages/oslo_config/cfg.py:2609
2025-10-20 00:41:44.715 147398 DEBUG oslo_messaging._drivers.amqpdriver [req-555cd443-59ec-4a83-8487-8ee6fa4d42a9 - - - - -] sending reply msg_id: e3c457f4c8c24b3584b8cade8f59d42b reply queue: reply_44b1fb9a437b4feab433b326153f9a43 time elapsed: 0.03423777499983771s _send_reply /usr/lib/python3/dist-packages/oslo_messaging/_drivers/amqpdriver.py:118
2025-10-20 00:41:44.715 147047 DEBUG oslo_service.service [req-7457a02d-50bc-47bd-911c-c6c2b4a88340 - - - - -] database.max_overflow = 50 log_opt_values /usr/lib/python3/dist-packages/oslo_config/cfg.py:2609
2025-10-20 00:41:44.716 147047 DEBUG oslo_service.service [req-7457a02d-50bc-47bd-911c-c6c2b4a88340 - - - - -] database.max_pool_size = 4 log_opt_values /usr/lib/python3/dist-packages/oslo_config/cfg.py:2609
2025-10-20 00:41:44.717 147047 DEBUG oslo_service.service [req-7457a02d-50bc-47bd-911c-c6c2b4a88340 - - - - -] database.max_retries = 10 log_opt_values /usr/lib/python3/dist-packages/oslo_config/cfg.py:2609
2025-10-20 00:41:44.717 147047 DEBUG oslo_service.service [req-7457a02d-50bc-47bd-911c-c6c2b4a88340 - - - - -] database.mysql_enable_ndb = False log_opt_values /usr/lib/python3/dist-packages/oslo_config/cfg.py:2609
2025-10-20 00:41:44.718 147047 DEBUG oslo_service.service [req-7457a02d-50bc-47bd-911c-c6c2b4a88340 - - - - -] database.mysql_sql_mode = TRADITIONAL log_opt_values /usr/lib/python3/dist-packages/oslo_config/cfg.py:2609
2025-10-20 00:41:44.718 147047 DEBUG oslo_service.service [req-7457a02d-50bc-47bd-911c-c6c2b4a88340 - - - - -] database.pool_timeout = None log_opt_values /usr/lib/python3/dist-packages/oslo_config/cfg.py:2609
2025-10-20 00:41:44.719 147047 DEBUG oslo_service.service [req-7457a02d-50bc-47bd-911c-c6c2b4a88340 - - - - -] database.retry_interval = 10 log_opt_values /usr/lib/python3/dist-packages/oslo_config/cfg.py:2609
2025-10-20 00:41:44.720 147047 DEBUG oslo_service.service [req-7457a02d-50bc-47bd-911c-c6c2b4a88340 - - - - -] database.slave_connection = **** log_opt_values /usr/lib/python3/dist-packages/oslo_config/cfg.py:2609
2025-10-20 00:41:44.721 147047 DEBUG oslo_service.service [req-7457a02d-50bc-47bd-911c-c6c2b4a88340 - - - - -] database.sqlite_synchronous = True log_opt_values /usr/lib/python3/dist-packages/oslo_config/cfg.py:2609
2025-10-20 00:41:44.721 147047 DEBUG oslo_service.service [req-7457a02d-50bc-47bd-911c-c6c2b4a88340 - - - - -] database.use_db_reconnect = False log_opt_values /usr/lib/python3/dist-packages/oslo_config/cfg.py:2609
2025-10-20 00:41:44.722 147047 DEBUG oslo_service.service [req-7457a02d-50bc-47bd-911c-c6c2b4a88340 - - - - -] api_database.backend = sqlalchemy log_opt_values /usr/lib/python3/dist-packages/oslo_config/cfg.py:2609
2025-10-20 00:41:44.723 147047 DEBUG oslo_service.service [req-7457a02d-50bc-47bd-911c-c6c2b4a88340 - - - - -] api_database.connection = **** log_opt_values /usr/lib/python3/dist-packages/oslo_config/cfg.py:2609
2025-10-20 00:41:44.723 147047 DEBUG oslo_service.service [req-7457a02d-50bc-47bd-911c-c6c2b4a88340 - - - - -] api_database.connection_debug = 0 log_opt_values /usr/lib/python3/dist-packages/oslo_config/cfg.py:2609
2025-10-20 00:41:44.723 147047 DEBUG oslo_service.service [req-7457a02d-50bc-47bd-911c-c6c2b4a88340 - - - - -] api_database.connection_parameters = log_opt_values /usr/lib/python3/dist-packages/oslo_config/cfg.py:2609
2025-10-20 00:41:44.724 147047 DEBUG oslo_service.service [req-7457a02d-50bc-47bd-911c-c6c2b4a88340 - - - - -] api_database.connection_recycle_time = 3600 log_opt_values /usr/lib/python3/dist-packages/oslo_config/cfg.py:2609
2025-10-20 00:41:44.724 147047 DEBUG oslo_service.service [req-7457a02d-50bc-47bd-911c-c6c2b4a88340 - - - - -] api_database.connection_trace = False log_opt_values /usr/lib/python3/dist-packages/oslo_config/cfg.py:2609
2025-10-20 00:41:44.724 147047 DEBUG oslo_service.service [req-7457a02d-50bc-47bd-911c-c6c2b4a88340 - - - - -] api_database.db_inc_retry_interval = True log_opt_values /usr/lib/python3/dist-packages/oslo_config/cfg.py:2609
2025-10-20 00:41:44.724 147047 DEBUG oslo_service.service [req-7457a02d-50bc-47bd-911c-c6c2b4a88340 - - - - -] api_database.db_max_retries = 20 log_opt_values /usr/lib/python3/dist-packages/oslo_config/cfg.py:2609
2025-10-20 00:41:44.725 147047 DEBUG oslo_service.service [req-7457a02d-50bc-47bd-911c-c6c2b4a88340 - - - - -] api_database.db_max_retry_interval = 10 log_opt_values /usr/lib/python3/dist-packages/oslo_config/cfg.py:2609
2025-10-20 00:41:44.726 147047 DEBUG oslo_service.service [req-7457a02d-50bc-47bd-911c-c6c2b4a88340 - - - - -] api_database.db_retry_interval = 1 log_opt_values /usr/lib/python3/dist-packages/oslo_config/cfg.py:2609
2025-10-20 00:41:44.726 147047 DEBUG oslo_service.service [req-7457a02d-50bc-47bd-911c-c6c2b4a88340 - - - - -] api_database.max_overflow = 50 log_opt_values /usr/lib/python3/dist-packages/oslo_config/cfg.py:2609
2025-10-20 00:41:44.726 147047 DEBUG oslo_service.service [req-7457a02d-50bc-47bd-911c-c6c2b4a88340 - - - - -] api_database.max_pool_size = 4 log_opt_values /usr/lib/python3/dist-packages/oslo_config/cfg.py:2609
2025-10-20 00:41:44.727 147047 DEBUG oslo_service.service [req-7457a02d-50bc-47bd-911c-c6c2b4a88340 - - - - -] api_database.max_retries = 10 log_opt_values /usr/lib/python3/dist-packages/oslo_config/cfg.py:2609
2025-10-20 00:41:44.728 147047 DEBUG oslo_service.service [req-7457a02d-50bc-47bd-911c-c6c2b4a88340 - - - - -] api_database.mysql_enable_ndb = False log_opt_values /usr/lib/python3/dist-packages/oslo_config/cfg.py:2609
2025-10-20 00:41:44.728 147047 DEBUG oslo_service.service [req-7457a02d-50bc-47bd-911c-c6c2b4a88340 - - - - -] api_database.mysql_sql_mode = TRADITIONAL log_opt_values /usr/lib/python3/dist-packages/oslo_config/cfg.py:2609
2025-10-20 00:41:44.728 147047 DEBUG oslo_service.service [req-7457a02d-50bc-47bd-911c-c6c2b4a88340 - - - - -] api_database.pool_timeout = None log_opt_values /usr/lib/python3/dist-packages/oslo_config/cfg.py:2609
2025-10-20 00:41:44.728 147047 DEBUG oslo_service.service [req-7457a02d-50bc-47bd-911c-c6c2b4a88340 - - - - -] api_database.retry_interval = 10 log_opt_values /usr/lib/python3/dist-packages/oslo_config/cfg.py:2609
2025-10-20 00:41:44.728 147047 DEBUG oslo_service.service [req-7457a02d-50bc-47bd-911c-c6c2b4a88340 - - - - -] api_database.slave_connection = **** log_opt_values /usr/lib/python3/dist-packages/oslo_config/cfg.py:2609
2025-10-20 00:41:44.729 147047 DEBUG oslo_service.service [req-7457a02d-50bc-47bd-911c-c6c2b4a88340 - - - - -] api_database.sqlite_synchronous = True log_opt_values /usr/lib/python3/dist-packages/oslo_config/cfg.py:2609
2025-10-20 00:41:44.729 147047 DEBUG oslo_service.service [req-7457a02d-50bc-47bd-911c-c6c2b4a88340 - - - - -] devices.enabled_mdev_types = [] log_opt_values /usr/lib/python3/dist-packages/oslo_config/cfg.py:2609
2025-10-20 00:41:44.730 147047 DEBUG oslo_service.service [req-7457a02d-50bc-47bd-911c-c6c2b4a88340 - - - - -] ephemeral_storage_encryption.cipher = aes-xts-plain64 log_opt_values /usr/lib/python3/dist-packages/oslo_config/cfg.py:2609
2025-10-20 00:41:44.731 147047 DEBUG oslo_service.service [req-7457a02d-50bc-47bd-911c-c6c2b4a88340 - - - - -] ephemeral_storage_encryption.enabled = False log_opt_values /usr/lib/python3/dist-packages/oslo_config/cfg.py:2609
