2025-10-20 00:39:47.178 125445 DEBUG oslo_service.service [req-0c880642-b13a-4c92-b697-95f9f2b581db - - - - -] oslo_messaging_metrics.metrics_thread_stop_timeout = 10 log_opt_values /usr/lib/python3/dist-packages/oslo_config/cfg.py:2609
2025-10-20 00:39:47.178 125445 WARNING oslo_config.cfg [req-0c880642-b13a-4c92-b697-95f9f2b581db - - - - -] Deprecated: Option "auth_strategy" from group "api" is deprecated for removal ( The only non-default choice, ``noauth2``, is for internal development and testing purposes only and should not be used in deployments. This option and its middleware, NoAuthMiddleware[V2_18], will be removed in a future release. ). Its value may be silently ignored in the future.
2025-10-20 00:39:47.179 125445 DEBUG oslo_service.service [req-0c880642-b13a-4c92-b697-95f9f2b581db - - - - -] api.auth_strategy = keystone log_opt_values /usr/lib/python3/dist-packages/oslo_config/cfg.py:2609
2025-10-20 00:39:47.180 125445 DEBUG oslo_service.service [req-0c880642-b13a-4c92-b697-95f9f2b581db - - - - -] api.compute_link_prefix = None log_opt_values /usr/lib/python3/dist-packages/oslo_config/cfg.py:2609
2025-10-20 00:39:47.180 125445 DEBUG oslo_service.service [req-0c880642-b13a-4c92-b697-95f9f2b581db - - - - -] api.config_drive_skip_versions = 1.0 2007-01-19 2007-03-01 2007-08-29 2007-10-10 2007-12-15 2008-02-01 2008-09-01 log_opt_values /usr/lib/python3/dist-packages/oslo_config/cfg.py:2609
2025-10-20 00:39:47.180 125445 DEBUG oslo_service.service [req-0c880642-b13a-4c92-b697-95f9f2b581db - - - - -] api.dhcp_domain = novalocal log_opt_values /usr/lib/python3/dist-packages/oslo_config/cfg.py:2609
2025-10-20 00:39:47.180 125445 DEBUG oslo_service.service [req-0c880642-b13a-4c92-b697-95f9f2b581db - - - - -] api.enable_instance_password = True log_opt_values /usr/lib/python3/dist-packages/oslo_config/cfg.py:2609
2025-10-20 00:39:47.181 125445 DEBUG oslo_service.service [req-0c880642-b13a-4c92-b697-95f9f2b581db - - - - -] api.glance_link_prefix = None log_opt_values /usr/lib/python3/dist-packages/oslo_config/cfg.py:2609
2025-10-20 00:39:47.181 125445 DEBUG oslo_service.service [req-0c880642-b13a-4c92-b697-95f9f2b581db - - - - -] api.instance_list_cells_batch_fixed_size = 100 log_opt_values /usr/lib/python3/dist-packages/oslo_config/cfg.py:2609
2025-10-20 00:39:47.181 125445 DEBUG oslo_service.service [req-0c880642-b13a-4c92-b697-95f9f2b581db - - - - -] api.instance_list_cells_batch_strategy = distributed log_opt_values /usr/lib/python3/dist-packages/oslo_config/cfg.py:2609
2025-10-20 00:39:47.181 125445 DEBUG oslo_service.service [req-0c880642-b13a-4c92-b697-95f9f2b581db - - - - -] api.instance_list_per_project_cells = False log_opt_values /usr/lib/python3/dist-packages/oslo_config/cfg.py:2609
2025-10-20 00:39:47.181 125445 DEBUG oslo_service.service [req-0c880642-b13a-4c92-b697-95f9f2b581db - - - - -] api.list_records_by_skipping_down_cells = True log_opt_values /usr/lib/python3/dist-packages/oslo_config/cfg.py:2609
2025-10-20 00:39:47.182 125445 DEBUG oslo_service.service [req-0c880642-b13a-4c92-b697-95f9f2b581db - - - - -] api.local_metadata_per_cell = False log_opt_values /usr/lib/python3/dist-packages/oslo_config/cfg.py:2609
2025-10-20 00:39:47.182 125445 DEBUG oslo_service.service [req-0c880642-b13a-4c92-b697-95f9f2b581db - - - - -] api.max_limit = 1000 log_opt_values /usr/lib/python3/dist-packages/oslo_config/cfg.py:2609
2025-10-20 00:39:47.182 125445 DEBUG oslo_service.service [req-0c880642-b13a-4c92-b697-95f9f2b581db - - - - -] api.metadata_cache_expiration = 15 log_opt_values /usr/lib/python3/dist-packages/oslo_config/cfg.py:2609
2025-10-20 00:39:47.182 125445 DEBUG oslo_service.service [req-0c880642-b13a-4c92-b697-95f9f2b581db - - - - -] api.neutron_default_tenant_id = default log_opt_values /usr/lib/python3/dist-packages/oslo_config/cfg.py:2609
2025-10-20 00:39:47.182 125445 DEBUG oslo_service.service [req-0c880642-b13a-4c92-b697-95f9f2b581db - - - - -] api.use_forwarded_for = False log_opt_values /usr/lib/python3/dist-packages/oslo_config/cfg.py:2609
2025-10-20 00:39:47.183 125445 DEBUG oslo_service.service [req-0c880642-b13a-4c92-b697-95f9f2b581db - - - - -] api.use_neutron_default_nets = False log_opt_values /usr/lib/python3/dist-packages/oslo_config/cfg.py:2609
2025-10-20 00:39:47.183 125445 DEBUG oslo_service.service [req-0c880642-b13a-4c92-b697-95f9f2b581db - - - - -] api.vendordata_dynamic_connect_timeout = 5 log_opt_values /usr/lib/python3/dist-packages/oslo_config/cfg.py:2609
2025-10-20 00:39:47.183 125445 DEBUG oslo_service.service [req-0c880642-b13a-4c92-b697-95f9f2b581db - - - - -] api.vendordata_dynamic_failure_fatal = False log_opt_values /usr/lib/python3/dist-packages/oslo_config/cfg.py:2609
2025-10-20 00:39:47.183 125445 DEBUG oslo_service.service [req-0c880642-b13a-4c92-b697-95f9f2b581db - - - - -] api.vendordata_dynamic_read_timeout = 5 log_opt_values /usr/lib/python3/dist-packages/oslo_config/cfg.py:2609
2025-10-20 00:39:47.184 125445 DEBUG oslo_service.service [req-0c880642-b13a-4c92-b697-95f9f2b581db - - - - -] api.vendordata_dynamic_ssl_certfile = log_opt_values /usr/lib/python3/dist-packages/oslo_config/cfg.py:2609
2025-10-20 00:39:47.185 125445 DEBUG oslo_service.service [req-0c880642-b13a-4c92-b697-95f9f2b581db - - - - -] api.vendordata_dynamic_targets = [] log_opt_values /usr/lib/python3/dist-packages/oslo_config/cfg.py:2609
2025-10-20 00:39:47.185 125445 DEBUG oslo_service.service [req-0c880642-b13a-4c92-b697-95f9f2b581db - - - - -] api.vendordata_jsonfile_path = None log_opt_values /usr/lib/python3/dist-packages/oslo_config/cfg.py:2609
2025-10-20 00:39:47.185 125445 DEBUG oslo_service.service [req-0c880642-b13a-4c92-b697-95f9f2b581db - - - - -] api.vendordata_providers = ['StaticJSON'] log_opt_values /usr/lib/python3/dist-packages/oslo_config/cfg.py:2609
2025-10-20 00:39:47.185 125445 DEBUG oslo_service.service [req-0c880642-b13a-4c92-b697-95f9f2b581db - - - - -] cache.backend = dogpile.cache.null log_opt_values /usr/lib/python3/dist-packages/oslo_config/cfg.py:2609
2025-10-20 00:39:47.186 125445 DEBUG oslo_service.service [req-0c880642-b13a-4c92-b697-95f9f2b581db - - - - -] cache.backend_argument = **** log_opt_values /usr/lib/python3/dist-packages/oslo_config/cfg.py:2609
2025-10-20 00:39:47.187 125445 DEBUG oslo_service.service [req-0c880642-b13a-4c92-b697-95f9f2b581db - - - - -] cache.config_prefix = cache.oslo log_opt_values /usr/lib/python3/dist-packages/oslo_config/cfg.py:2609
2025-10-20 00:39:47.187 127282 DEBUG nova.service [req-21cb6bab-ac07-4eb2-8935-b68de1a13b54 - - - - -] Creating RPC server for service conductor start /usr/lib/python3/dist-packages/nova/service.py:182
2025-10-20 00:39:47.187 125445 DEBUG oslo_service.service [req-0c880642-b13a-4c92-b697-95f9f2b581db - - - - -] cache.debug_cache_backend = False log_opt_values /usr/lib/python3/dist-packages/oslo_config/cfg.py:2609
2025-10-20 00:39:47.187 127275 DEBUG nova.service [req-3e9907a1-0aed-4b08-ba67-a9113422e0c7 - - - - -] Creating RPC server for service conductor start /usr/lib/python3/dist-packages/nova/service.py:182
2025-10-20 00:39:47.187 125445 DEBUG oslo_service.service [req-0c880642-b13a-4c92-b697-95f9f2b581db - - - - -] cache.enabled = False log_opt_values /usr/lib/python3/dist-packages/oslo_config/cfg.py:2609
2025-10-20 00:39:47.187 125445 DEBUG oslo_service.service [req-0c880642-b13a-4c92-b697-95f9f2b581db - - - - -] cache.expiration_time = 600 log_opt_values /usr/lib/python3/dist-packages/oslo_config/cfg.py:2609
2025-10-20 00:39:47.188 125445 DEBUG oslo_service.service [req-0c880642-b13a-4c92-b697-95f9f2b581db - - - - -] cache.memcache_dead_retry = 300 log_opt_values /usr/lib/python3/dist-packages/oslo_config/cfg.py:2609
2025-10-20 00:39:47.188 125445 DEBUG oslo_service.service [req-0c880642-b13a-4c92-b697-95f9f2b581db - - - - -] cache.memcache_pool_connection_get_timeout = 10 log_opt_values /usr/lib/python3/dist-packages/oslo_config/cfg.py:2609
2025-10-20 00:39:47.188 125445 DEBUG oslo_service.service [req-0c880642-b13a-4c92-b697-95f9f2b581db - - - - -] cache.memcache_pool_flush_on_reconnect = False log_opt_values /usr/lib/python3/dist-packages/oslo_config/cfg.py:2609
2025-10-20 00:39:47.188 125445 DEBUG oslo_service.service [req-0c880642-b13a-4c92-b697-95f9f2b581db - - - - -] cache.memcache_pool_maxsize = 10 log_opt_values /usr/lib/python3/dist-packages/oslo_config/cfg.py:2609
2025-10-20 00:39:47.188 125445 DEBUG oslo_service.service [req-0c880642-b13a-4c92-b697-95f9f2b581db - - - - -] cache.memcache_pool_unused_timeout = 60 log_opt_values /usr/lib/python3/dist-packages/oslo_config/cfg.py:2609
2025-10-20 00:39:47.188 125445 DEBUG oslo_service.service [req-0c880642-b13a-4c92-b697-95f9f2b581db - - - - -] cache.memcache_servers = ['localhost:11211'] log_opt_values /usr/lib/python3/dist-packages/oslo_config/cfg.py:2609
2025-10-20 00:39:47.186 127280 DEBUG nova.service [req-8fc96e23-a920-4bc6-9113-df76efcd6755 - - - - -] Creating RPC server for service conductor start /usr/lib/python3/dist-packages/nova/service.py:182
2025-10-20 00:39:47.189 125445 DEBUG oslo_service.service [req-0c880642-b13a-4c92-b697-95f9f2b581db - - - - -] cache.memcache_socket_timeout = 1.0 log_opt_values /usr/lib/python3/dist-packages/oslo_config/cfg.py:2609
2025-10-20 00:39:47.193 125445 DEBUG oslo_service.service [req-0c880642-b13a-4c92-b697-95f9f2b581db - - - - -] cache.proxies = [] log_opt_values /usr/lib/python3/dist-packages/oslo_config/cfg.py:2609
2025-10-20 00:39:47.193 125445 DEBUG oslo_service.service [req-0c880642-b13a-4c92-b697-95f9f2b581db - - - - -] cache.tls_allowed_ciphers = None log_opt_values /usr/lib/python3/dist-packages/oslo_config/cfg.py:2609
2025-10-20 00:39:47.193 125445 DEBUG oslo_service.service [req-0c880642-b13a-4c92-b697-95f9f2b581db - - - - -] cache.tls_cafile = None log_opt_values /usr/lib/python3/dist-packages/oslo_config/cfg.py:2609
2025-10-20 00:39:47.193 125445 DEBUG oslo_service.service [req-0c880642-b13a-4c92-b697-95f9f2b581db - - - - -] cache.tls_certfile = None log_opt_values /usr/lib/python3/dist-packages/oslo_config/cfg.py:2609
2025-10-20 00:39:47.194 125445 DEBUG oslo_service.service [req-0c880642-b13a-4c92-b697-95f9f2b581db - - - - -] cache.tls_enabled = False log_opt_values /usr/lib/python3/dist-packages/oslo_config/cfg.py:2609
2025-10-20 00:39:47.194 125445 DEBUG oslo_service.service [req-0c880642-b13a-4c92-b697-95f9f2b581db - - - - -] cache.tls_keyfile = None log_opt_values /usr/lib/python3/dist-packages/oslo_config/cfg.py:2609
2025-10-20 00:39:47.200 125445 DEBUG oslo_service.service [req-0c880642-b13a-4c92-b697-95f9f2b581db - - - - -] cinder.auth_section = None log_opt_values /usr/lib/python3/dist-packages/oslo_config/cfg.py:2609
2025-10-20 00:39:47.201 125445 DEBUG oslo_service.service [req-0c880642-b13a-4c92-b697-95f9f2b581db - - - - -] cinder.auth_type = None log_opt_values /usr/lib/python3/dist-packages/oslo_config/cfg.py:2609
2025-10-20 00:39:47.201 125445 DEBUG oslo_service.service [req-0c880642-b13a-4c92-b697-95f9f2b581db - - - - -] cinder.cafile = None log_opt_values /usr/lib/python3/dist-packages/oslo_config/cfg.py:2609
2025-10-20 00:39:47.201 125445 DEBUG oslo_service.service [req-0c880642-b13a-4c92-b697-95f9f2b581db - - - - -] cinder.catalog_info = volumev3::publicURL log_opt_values /usr/lib/python3/dist-packages/oslo_config/cfg.py:2609
2025-10-20 00:39:47.201 125445 DEBUG oslo_service.service [req-0c880642-b13a-4c92-b697-95f9f2b581db - - - - -] cinder.certfile = None log_opt_values /usr/lib/python3/dist-packages/oslo_config/cfg.py:2609
2025-10-20 00:39:47.202 125445 DEBUG oslo_service.service [req-0c880642-b13a-4c92-b697-95f9f2b581db - - - - -] cinder.collect_timing = False log_opt_values /usr/lib/python3/dist-packages/oslo_config/cfg.py:2609
2025-10-20 00:39:47.202 125445 DEBUG oslo_service.service [req-0c880642-b13a-4c92-b697-95f9f2b581db - - - - -] cinder.cross_az_attach = True log_opt_values /usr/lib/python3/dist-packages/oslo_config/cfg.py:2609
2025-10-20 00:39:47.203 125445 DEBUG oslo_service.service [req-0c880642-b13a-4c92-b697-95f9f2b581db - - - - -] cinder.debug = False log_opt_values /usr/lib/python3/dist-packages/oslo_config/cfg.py:2609
2025-10-20 00:39:47.203 125445 DEBUG oslo_service.service [req-0c880642-b13a-4c92-b697-95f9f2b581db - - - - -] cinder.endpoint_template = None log_opt_values /usr/lib/python3/dist-packages/oslo_config/cfg.py:2609
2025-10-20 00:39:47.203 125445 DEBUG oslo_service.service [req-0c880642-b13a-4c92-b697-95f9f2b581db - - - - -] cinder.http_retries = 3 log_opt_values /usr/lib/python3/dist-packages/oslo_config/cfg.py:2609
2025-10-20 00:39:47.204 125445 DEBUG oslo_service.service [req-0c880642-b13a-4c92-b697-95f9f2b581db - - - - -] cinder.insecure = False log_opt_values /usr/lib/python3/dist-packages/oslo_config/cfg.py:2609
2025-10-20 00:39:47.204 125445 DEBUG oslo_service.service [req-0c880642-b13a-4c92-b697-95f9f2b581db - - - - -] cinder.keyfile = None log_opt_values /usr/lib/python3/dist-packages/oslo_config/cfg.py:2609
2025-10-20 00:39:47.204 125445 DEBUG oslo_service.service [req-0c880642-b13a-4c92-b697-95f9f2b581db - - - - -] cinder.os_region_name = None log_opt_values /usr/lib/python3/dist-packages/oslo_config/cfg.py:2609
2025-10-20 00:39:47.204 125445 DEBUG oslo_service.service [req-0c880642-b13a-4c92-b697-95f9f2b581db - - - - -] cinder.split_loggers = False log_opt_values /usr/lib/python3/dist-packages/oslo_config/cfg.py:2609
2025-10-20 00:39:47.208 125445 DEBUG oslo_service.service [req-0c880642-b13a-4c92-b697-95f9f2b581db - - - - -] cinder.timeout = None log_opt_values /usr/lib/python3/dist-packages/oslo_config/cfg.py:2609
2025-10-20 00:39:47.208 125445 DEBUG oslo_service.service [req-0c880642-b13a-4c92-b697-95f9f2b581db - - - - -] compute.consecutive_build_service_disable_threshold = 10 log_opt_values /usr/lib/python3/dist-packages/oslo_config/cfg.py:2609
2025-10-20 00:39:47.209 125445 DEBUG oslo_service.service [req-0c880642-b13a-4c92-b697-95f9f2b581db - - - - -] compute.cpu_dedicated_set = None log_opt_values /usr/lib/python3/dist-packages/oslo_config/cfg.py:2609
2025-10-20 00:39:47.211 125445 DEBUG oslo_service.service [req-0c880642-b13a-4c92-b697-95f9f2b581db - - - - -] compute.cpu_shared_set = None log_opt_values /usr/lib/python3/dist-packages/oslo_config/cfg.py:2609
2025-10-20 00:39:47.211 125445 DEBUG oslo_service.service [req-0c880642-b13a-4c92-b697-95f9f2b581db - - - - -] compute.image_type_exclude_list = [] log_opt_values /usr/lib/python3/dist-packages/oslo_config/cfg.py:2609
2025-10-20 00:39:47.211 125445 DEBUG oslo_service.service [req-0c880642-b13a-4c92-b697-95f9f2b581db - - - - -] compute.live_migration_wait_for_vif_plug = True log_opt_values /usr/lib/python3/dist-packages/oslo_config/cfg.py:2609
2025-10-20 00:39:47.212 125445 DEBUG oslo_service.service [req-0c880642-b13a-4c92-b697-95f9f2b581db - - - - -] compute.max_concurrent_disk_ops = 0 log_opt_values /usr/lib/python3/dist-packages/oslo_config/cfg.py:2609
2025-10-20 00:39:47.212 125445 DEBUG oslo_service.service [req-0c880642-b13a-4c92-b697-95f9f2b581db - - - - -] compute.max_disk_devices_to_attach = -1 log_opt_values /usr/lib/python3/dist-packages/oslo_config/cfg.py:2609
2025-10-20 00:39:47.212 125445 DEBUG oslo_service.service [req-0c880642-b13a-4c92-b697-95f9f2b581db - - - - -] compute.packing_host_numa_cells_allocation_strategy = True log_opt_values /usr/lib/python3/dist-packages/oslo_config/cfg.py:2609
2025-10-20 00:39:47.212 125445 DEBUG oslo_service.service [req-0c880642-b13a-4c92-b697-95f9f2b581db - - - - -] compute.provider_config_location = /etc/nova/provider_config/ log_opt_values /usr/lib/python3/dist-packages/oslo_config/cfg.py:2609
2025-10-20 00:39:47.214 125445 DEBUG oslo_service.service [req-0c880642-b13a-4c92-b697-95f9f2b581db - - - - -] compute.resource_provider_association_refresh = 300 log_opt_values /usr/lib/python3/dist-packages/oslo_config/cfg.py:2609
2025-10-20 00:39:47.214 125445 DEBUG oslo_service.service [req-0c880642-b13a-4c92-b697-95f9f2b581db - - - - -] compute.shutdown_retry_interval = 10 log_opt_values /usr/lib/python3/dist-packages/oslo_config/cfg.py:2609
2025-10-20 00:39:47.214 125445 DEBUG oslo_service.service [req-0c880642-b13a-4c92-b697-95f9f2b581db - - - - -] compute.vmdk_allowed_types = ['streamOptimized', 'monolithicSparse'] log_opt_values /usr/lib/python3/dist-packages/oslo_config/cfg.py:2609
2025-10-20 00:39:47.214 125445 DEBUG oslo_service.service [req-0c880642-b13a-4c92-b697-95f9f2b581db - - - - -] conductor.workers = 4 log_opt_values /usr/lib/python3/dist-packages/oslo_config/cfg.py:2609
2025-10-20 00:39:47.215 125445 DEBUG oslo_service.service [req-0c880642-b13a-4c92-b697-95f9f2b581db - - - - -] console.allowed_origins = [] log_opt_values /usr/lib/python3/dist-packages/oslo_config/cfg.py:2609
2025-10-20 00:39:47.215 125445 DEBUG oslo_service.service [req-0c880642-b13a-4c92-b697-95f9f2b581db - - - - -] console.ssl_ciphers = None log_opt_values /usr/lib/python3/dist-packages/oslo_config/cfg.py:2609
2025-10-20 00:39:47.216 125445 DEBUG oslo_service.service [req-0c880642-b13a-4c92-b697-95f9f2b581db - - - - -] console.ssl_minimum_version = default log_opt_values /usr/lib/python3/dist-packages/oslo_config/cfg.py:2609
2025-10-20 00:39:47.216 125445 DEBUG oslo_service.service [req-0c880642-b13a-4c92-b697-95f9f2b581db - - - - -] consoleauth.token_ttl = 600 log_opt_values /usr/lib/python3/dist-packages/oslo_config/cfg.py:2609
2025-10-20 00:39:47.217 125445 DEBUG oslo_service.service [req-0c880642-b13a-4c92-b697-95f9f2b581db - - - - -] cyborg.cafile = None log_opt_values /usr/lib/python3/dist-packages/oslo_config/cfg.py:2609
2025-10-20 00:39:47.217 125445 DEBUG oslo_service.service [req-0c880642-b13a-4c92-b697-95f9f2b581db - - - - -] cyborg.certfile = None log_opt_values /usr/lib/python3/dist-packages/oslo_config/cfg.py:2609
2025-10-20 00:39:47.218 125445 DEBUG oslo_service.service [req-0c880642-b13a-4c92-b697-95f9f2b581db - - - - -] cyborg.collect_timing = False log_opt_values /usr/lib/python3/dist-packages/oslo_config/cfg.py:2609
2025-10-20 00:39:47.218 125445 DEBUG oslo_service.service [req-0c880642-b13a-4c92-b697-95f9f2b581db - - - - -] cyborg.connect_retries = None log_opt_values /usr/lib/python3/dist-packages/oslo_config/cfg.py:2609
2025-10-20 00:39:47.218 125445 DEBUG oslo_service.service [req-0c880642-b13a-4c92-b697-95f9f2b581db - - - - -] cyborg.connect_retry_delay = None log_opt_values /usr/lib/python3/dist-packages/oslo_config/cfg.py:2609
2025-10-20 00:39:47.219 125445 DEBUG oslo_service.service [req-0c880642-b13a-4c92-b697-95f9f2b581db - - - - -] cyborg.endpoint_override = None log_opt_values /usr/lib/python3/dist-packages/oslo_config/cfg.py:2609
2025-10-20 00:39:47.219 125445 DEBUG oslo_service.service [req-0c880642-b13a-4c92-b697-95f9f2b581db - - - - -] cyborg.insecure = False log_opt_values /usr/lib/python3/dist-packages/oslo_config/cfg.py:2609
2025-10-20 00:39:47.220 125445 DEBUG oslo_service.service [req-0c880642-b13a-4c92-b697-95f9f2b581db - - - - -] cyborg.keyfile = None log_opt_values /usr/lib/python3/dist-packages/oslo_config/cfg.py:2609
2025-10-20 00:39:47.220 125445 DEBUG oslo_service.service [req-0c880642-b13a-4c92-b697-95f9f2b581db - - - - -] cyborg.max_version = None log_opt_values /usr/lib/python3/dist-packages/oslo_config/cfg.py:2609
2025-10-20 00:39:47.220 125445 DEBUG oslo_service.service [req-0c880642-b13a-4c92-b697-95f9f2b581db - - - - -] cyborg.min_version = None log_opt_values /usr/lib/python3/dist-packages/oslo_config/cfg.py:2609
2025-10-20 00:39:47.221 125445 DEBUG oslo_service.service [req-0c880642-b13a-4c92-b697-95f9f2b581db - - - - -] cyborg.region_name = None log_opt_values /usr/lib/python3/dist-packages/oslo_config/cfg.py:2609
2025-10-20 00:39:47.222 125445 DEBUG oslo_service.service [req-0c880642-b13a-4c92-b697-95f9f2b581db - - - - -] cyborg.service_name = None log_opt_values /usr/lib/python3/dist-packages/oslo_config/cfg.py:2609
2025-10-20 00:39:47.222 125445 DEBUG oslo_service.service [req-0c880642-b13a-4c92-b697-95f9f2b581db - - - - -] cyborg.service_type = accelerator log_opt_values /usr/lib/python3/dist-packages/oslo_config/cfg.py:2609
2025-10-20 00:39:47.222 125445 DEBUG oslo_service.service [req-0c880642-b13a-4c92-b697-95f9f2b581db - - - - -] cyborg.split_loggers = False log_opt_values /usr/lib/python3/dist-packages/oslo_config/cfg.py:2609
2025-10-20 00:39:47.222 125445 DEBUG oslo_service.service [req-0c880642-b13a-4c92-b697-95f9f2b581db - - - - -] cyborg.status_code_retries = None log_opt_values /usr/lib/python3/dist-packages/oslo_config/cfg.py:2609
2025-10-20 00:39:47.222 125445 DEBUG oslo_service.service [req-0c880642-b13a-4c92-b697-95f9f2b581db - - - - -] cyborg.status_code_retry_delay = None log_opt_values /usr/lib/python3/dist-packages/oslo_config/cfg.py:2609
2025-10-20 00:39:47.223 125445 DEBUG oslo_service.service [req-0c880642-b13a-4c92-b697-95f9f2b581db - - - - -] cyborg.timeout = None log_opt_values /usr/lib/python3/dist-packages/oslo_config/cfg.py:2609
2025-10-20 00:39:47.223 125445 DEBUG oslo_service.service [req-0c880642-b13a-4c92-b697-95f9f2b581db - - - - -] cyborg.valid_interfaces = ['internal', 'public'] log_opt_values /usr/lib/python3/dist-packages/oslo_config/cfg.py:2609
2025-10-20 00:39:47.224 125445 DEBUG oslo_service.service [req-0c880642-b13a-4c92-b697-95f9f2b581db - - - - -] cyborg.version = None log_opt_values /usr/lib/python3/dist-packages/oslo_config/cfg.py:2609
2025-10-20 00:39:47.224 125445 DEBUG oslo_service.service [req-0c880642-b13a-4c92-b697-95f9f2b581db - - - - -] database.backend = sqlalchemy log_opt_values /usr/lib/python3/dist-packages/oslo_config/cfg.py:2609
2025-10-20 00:39:47.224 125445 DEBUG oslo_service.service [req-0c880642-b13a-4c92-b697-95f9f2b581db - - - - -] database.connection = **** log_opt_values /usr/lib/python3/dist-packages/oslo_config/cfg.py:2609
2025-10-20 00:39:47.224 125445 DEBUG oslo_service.service [req-0c880642-b13a-4c92-b697-95f9f2b581db - - - - -] database.connection_debug = 0 log_opt_values /usr/lib/python3/dist-packages/oslo_config/cfg.py:2609
2025-10-20 00:39:47.225 125445 DEBUG oslo_service.service [req-0c880642-b13a-4c92-b697-95f9f2b581db - - - - -] database.connection_parameters = log_opt_values /usr/lib/python3/dist-packages/oslo_config/cfg.py:2609
2025-10-20 00:39:47.225 125445 DEBUG oslo_service.service [req-0c880642-b13a-4c92-b697-95f9f2b581db - - - - -] database.connection_recycle_time = 3600 log_opt_values /usr/lib/python3/dist-packages/oslo_config/cfg.py:2609
2025-10-20 00:39:47.225 125445 DEBUG oslo_service.service [req-0c880642-b13a-4c92-b697-95f9f2b581db - - - - -] database.connection_trace = False log_opt_values /usr/lib/python3/dist-packages/oslo_config/cfg.py:2609
2025-10-20 00:39:47.225 125445 DEBUG oslo_service.service [req-0c880642-b13a-4c92-b697-95f9f2b581db - - - - -] database.db_inc_retry_interval = True log_opt_values /usr/lib/python3/dist-packages/oslo_config/cfg.py:2609
2025-10-20 00:39:47.226 125445 DEBUG oslo_service.service [req-0c880642-b13a-4c92-b697-95f9f2b581db - - - - -] database.db_max_retries = 20 log_opt_values /usr/lib/python3/dist-packages/oslo_config/cfg.py:2609
2025-10-20 00:39:47.226 125445 DEBUG oslo_service.service [req-0c880642-b13a-4c92-b697-95f9f2b581db - - - - -] database.db_max_retry_interval = 10 log_opt_values /usr/lib/python3/dist-packages/oslo_config/cfg.py:2609
2025-10-20 00:39:47.226 125445 DEBUG oslo_service.service [req-0c880642-b13a-4c92-b697-95f9f2b581db - - - - -] database.db_retry_interval = 1 log_opt_values /usr/lib/python3/dist-packages/oslo_config/cfg.py:2609
2025-10-20 00:39:47.226 125445 DEBUG oslo_service.service [req-0c880642-b13a-4c92-b697-95f9f2b581db - - - - -] database.max_overflow = 50 log_opt_values /usr/lib/python3/dist-packages/oslo_config/cfg.py:2609
2025-10-20 00:39:47.227 125445 DEBUG oslo_service.service [req-0c880642-b13a-4c92-b697-95f9f2b581db - - - - -] database.max_pool_size = 4 log_opt_values /usr/lib/python3/dist-packages/oslo_config/cfg.py:2609
2025-10-20 00:39:47.228 127280 DEBUG oslo_messaging._drivers.amqpdriver [-] Listener is running poll /usr/lib/python3/dist-packages/oslo_messaging/_drivers/amqpdriver.py:343
2025-10-20 00:39:47.228 127280 DEBUG oslo_messaging._drivers.amqpdriver [-] AMQPListener connection consume poll /usr/lib/python3/dist-packages/oslo_messaging/_drivers/amqpdriver.py:357
2025-10-20 00:39:47.229 127281 DEBUG oslo_messaging._drivers.amqpdriver [-] Listener is running poll /usr/lib/python3/dist-packages/oslo_messaging/_drivers/amqpdriver.py:343
2025-10-20 00:39:47.229 127280 DEBUG nova.service [req-8fc96e23-a920-4bc6-9113-df76efcd6755 - - - - -] Join ServiceGroup membership for this service conductor start /usr/lib/python3/dist-packages/nova/service.py:199
2025-10-20 00:39:47.229 127281 DEBUG oslo_messaging._drivers.amqpdriver [-] AMQPListener connection consume poll /usr/lib/python3/dist-packages/oslo_messaging/_drivers/amqpdriver.py:357
2025-10-20 00:39:47.229 127280 DEBUG nova.servicegroup.drivers.db [req-8fc96e23-a920-4bc6-9113-df76efcd6755 - - - - -] DB_Driver: join new ServiceGroup member juju-1f3811-0-lxd-7 to the conductor group, service = join /usr/lib/python3/dist-packages/nova/servicegroup/drivers/db.py:44
2025-10-20 00:39:47.227 125445 DEBUG oslo_service.service [req-0c880642-b13a-4c92-b697-95f9f2b581db - - - - -] database.max_retries = 10 log_opt_values /usr/lib/python3/dist-packages/oslo_config/cfg.py:2609
2025-10-20 00:39:47.230 127281 DEBUG nova.service [req-48811183-98e0-42f3-830a-b64140d53488 - - - - -] Join ServiceGroup membership for this service conductor start /usr/lib/python3/dist-packages/nova/service.py:199
2025-10-20 00:39:47.230 125445 DEBUG oslo_service.service [req-0c880642-b13a-4c92-b697-95f9f2b581db - - - - -] database.mysql_enable_ndb = False log_opt_values /usr/lib/python3/dist-packages/oslo_config/cfg.py:2609
2025-10-20 00:39:47.231 127281 DEBUG nova.servicegroup.drivers.db [req-48811183-98e0-42f3-830a-b64140d53488 - - - - -] DB_Driver: join new ServiceGroup member juju-1f3811-0-lxd-7 to the conductor group, service = join /usr/lib/python3/dist-packages/nova/servicegroup/drivers/db.py:44
2025-10-20 00:39:47.231 125445 DEBUG oslo_service.service [req-0c880642-b13a-4c92-b697-95f9f2b581db - - - - -] database.mysql_sql_mode = TRADITIONAL log_opt_values /usr/lib/python3/dist-packages/oslo_config/cfg.py:2609
2025-10-20 00:39:47.231 125445 DEBUG oslo_service.service [req-0c880642-b13a-4c92-b697-95f9f2b581db - - - - -] database.pool_timeout = None log_opt_values /usr/lib/python3/dist-packages/oslo_config/cfg.py:2609
2025-10-20 00:39:47.231 125445 DEBUG oslo_service.service [req-0c880642-b13a-4c92-b697-95f9f2b581db - - - - -] database.retry_interval = 10 log_opt_values /usr/lib/python3/dist-packages/oslo_config/cfg.py:2609
2025-10-20 00:39:47.232 125445 DEBUG oslo_service.service [req-0c880642-b13a-4c92-b697-95f9f2b581db - - - - -] database.slave_connection = **** log_opt_values /usr/lib/python3/dist-packages/oslo_config/cfg.py:2609
2025-10-20 00:39:47.232 125445 DEBUG oslo_service.service [req-0c880642-b13a-4c92-b697-95f9f2b581db - - - - -] database.sqlite_synchronous = True log_opt_values /usr/lib/python3/dist-packages/oslo_config/cfg.py:2609
2025-10-20 00:39:47.232 127280 DEBUG oslo_messaging._drivers.amqpdriver [-] AMQPListener connection timeout poll /usr/lib/python3/dist-packages/oslo_messaging/_drivers/amqpdriver.py:360
2025-10-20 00:39:47.233 127280 DEBUG oslo_messaging._drivers.amqpdriver [-] Listener is running poll /usr/lib/python3/dist-packages/oslo_messaging/_drivers/amqpdriver.py:343
2025-10-20 00:39:47.233 127280 DEBUG oslo_messaging._drivers.amqpdriver [-] AMQPListener connection consume poll /usr/lib/python3/dist-packages/oslo_messaging/_drivers/amqpdriver.py:357
2025-10-20 00:39:47.233 125445 DEBUG oslo_service.service [req-0c880642-b13a-4c92-b697-95f9f2b581db - - - - -] database.use_db_reconnect = False log_opt_values /usr/lib/python3/dist-packages/oslo_config/cfg.py:2609
2025-10-20 00:39:47.234 125445 DEBUG oslo_service.service [req-0c880642-b13a-4c92-b697-95f9f2b581db - - - - -] api_database.backend = sqlalchemy log_opt_values /usr/lib/python3/dist-packages/oslo_config/cfg.py:2609
2025-10-20 00:39:47.234 127281 DEBUG oslo_messaging._drivers.amqpdriver [-] AMQPListener connection timeout poll /usr/lib/python3/dist-packages/oslo_messaging/_drivers/amqpdriver.py:360
2025-10-20 00:39:47.234 127281 DEBUG oslo_messaging._drivers.amqpdriver [-] Listener is running poll /usr/lib/python3/dist-packages/oslo_messaging/_drivers/amqpdriver.py:343
2025-10-20 00:39:47.234 127281 DEBUG oslo_messaging._drivers.amqpdriver [-] AMQPListener connection consume poll /usr/lib/python3/dist-packages/oslo_messaging/_drivers/amqpdriver.py:357
2025-10-20 00:39:47.234 125445 DEBUG oslo_service.service [req-0c880642-b13a-4c92-b697-95f9f2b581db - - - - -] api_database.connection = **** log_opt_values /usr/lib/python3/dist-packages/oslo_config/cfg.py:2609
2025-10-20 00:39:47.234 127282 DEBUG oslo_messaging._drivers.amqpdriver [-] Listener is running poll /usr/lib/python3/dist-packages/oslo_messaging/_drivers/amqpdriver.py:343
2025-10-20 00:39:47.234 127282 DEBUG oslo_messaging._drivers.amqpdriver [-] AMQPListener connection consume poll /usr/lib/python3/dist-packages/oslo_messaging/_drivers/amqpdriver.py:357
2025-10-20 00:39:47.234 125445 DEBUG oslo_service.service [req-0c880642-b13a-4c92-b697-95f9f2b581db - - - - -] api_database.connection_debug = 0 log_opt_values /usr/lib/python3/dist-packages/oslo_config/cfg.py:2609
2025-10-20 00:39:47.234 125445 DEBUG oslo_service.service [req-0c880642-b13a-4c92-b697-95f9f2b581db - - - - -] api_database.connection_parameters = log_opt_values /usr/lib/python3/dist-packages/oslo_config/cfg.py:2609
2025-10-20 00:39:47.235 125445 DEBUG oslo_service.service [req-0c880642-b13a-4c92-b697-95f9f2b581db - - - - -] api_database.connection_recycle_time = 3600 log_opt_values /usr/lib/python3/dist-packages/oslo_config/cfg.py:2609
2025-10-20 00:39:47.235 125445 DEBUG oslo_service.service [req-0c880642-b13a-4c92-b697-95f9f2b581db - - - - -] api_database.connection_trace = False log_opt_values /usr/lib/python3/dist-packages/oslo_config/cfg.py:2609
2025-10-20 00:39:47.235 127282 DEBUG nova.service [req-21cb6bab-ac07-4eb2-8935-b68de1a13b54 - - - - -] Join ServiceGroup membership for this service conductor start /usr/lib/python3/dist-packages/nova/service.py:199
2025-10-20 00:39:47.235 125445 DEBUG oslo_service.service [req-0c880642-b13a-4c92-b697-95f9f2b581db - - - - -] api_database.db_inc_retry_interval = True log_opt_values /usr/lib/python3/dist-packages/oslo_config/cfg.py:2609
2025-10-20 00:39:47.235 127282 DEBUG nova.servicegroup.drivers.db [req-21cb6bab-ac07-4eb2-8935-b68de1a13b54 - - - - -] DB_Driver: join new ServiceGroup member juju-1f3811-0-lxd-7 to the conductor group, service = join /usr/lib/python3/dist-packages/nova/servicegroup/drivers/db.py:44
2025-10-20 00:39:47.235 125445 DEBUG oslo_service.service [req-0c880642-b13a-4c92-b697-95f9f2b581db - - - - -] api_database.db_max_retries = 20 log_opt_values /usr/lib/python3/dist-packages/oslo_config/cfg.py:2609
2025-10-20 00:39:47.236 125445 DEBUG oslo_service.service [req-0c880642-b13a-4c92-b697-95f9f2b581db - - - - -] api_database.db_max_retry_interval = 10 log_opt_values /usr/lib/python3/dist-packages/oslo_config/cfg.py:2609
2025-10-20 00:39:47.236 125445 DEBUG oslo_service.service [req-0c880642-b13a-4c92-b697-95f9f2b581db - - - - -] api_database.db_retry_interval = 1 log_opt_values /usr/lib/python3/dist-packages/oslo_config/cfg.py:2609
2025-10-20 00:39:47.236 125445 DEBUG oslo_service.service [req-0c880642-b13a-4c92-b697-95f9f2b581db - - - - -] api_database.max_overflow = 50 log_opt_values /usr/lib/python3/dist-packages/oslo_config/cfg.py:2609
2025-10-20 00:39:47.236 125445 DEBUG oslo_service.service [req-0c880642-b13a-4c92-b697-95f9f2b581db - - - - -] api_database.max_pool_size = 4 log_opt_values /usr/lib/python3/dist-packages/oslo_config/cfg.py:2609
2025-10-20 00:39:47.237 125445 DEBUG oslo_service.service [req-0c880642-b13a-4c92-b697-95f9f2b581db - - - - -] api_database.max_retries = 10 log_opt_values /usr/lib/python3/dist-packages/oslo_config/cfg.py:2609
2025-10-20 00:39:47.237 125445 DEBUG oslo_service.service [req-0c880642-b13a-4c92-b697-95f9f2b581db - - - - -] api_database.mysql_enable_ndb = False log_opt_values /usr/lib/python3/dist-packages/oslo_config/cfg.py:2609
2025-10-20 00:39:47.237 125445 DEBUG oslo_service.service [req-0c880642-b13a-4c92-b697-95f9f2b581db - - - - -] api_database.mysql_sql_mode = TRADITIONAL log_opt_values /usr/lib/python3/dist-packages/oslo_config/cfg.py:2609
2025-10-20 00:39:47.237 125445 DEBUG oslo_service.service [req-0c880642-b13a-4c92-b697-95f9f2b581db - - - - -] api_database.pool_timeout = None log_opt_values /usr/lib/python3/dist-packages/oslo_config/cfg.py:2609
2025-10-20 00:39:47.237 125445 DEBUG oslo_service.service [req-0c880642-b13a-4c92-b697-95f9f2b581db - - - - -] api_database.retry_interval = 10 log_opt_values /usr/lib/python3/dist-packages/oslo_config/cfg.py:2609
2025-10-20 00:39:47.238 125445 DEBUG oslo_service.service [req-0c880642-b13a-4c92-b697-95f9f2b581db - - - - -] api_database.slave_connection = **** log_opt_values /usr/lib/python3/dist-packages/oslo_config/cfg.py:2609
2025-10-20 00:39:47.238 125445 DEBUG oslo_service.service [req-0c880642-b13a-4c92-b697-95f9f2b581db - - - - -] api_database.sqlite_synchronous = True log_opt_values /usr/lib/python3/dist-packages/oslo_config/cfg.py:2609
2025-10-20 00:39:47.238 127275 DEBUG oslo_messaging._drivers.amqpdriver [-] Listener is running poll /usr/lib/python3/dist-packages/oslo_messaging/_drivers/amqpdriver.py:343
2025-10-20 00:39:47.238 125445 DEBUG oslo_service.service [req-0c880642-b13a-4c92-b697-95f9f2b581db - - - - -] devices.enabled_mdev_types = [] log_opt_values /usr/lib/python3/dist-packages/oslo_config/cfg.py:2609
2025-10-20 00:39:47.238 127275 DEBUG oslo_messaging._drivers.amqpdriver [-] AMQPListener connection consume poll /usr/lib/python3/dist-packages/oslo_messaging/_drivers/amqpdriver.py:357
2025-10-20 00:39:47.238 125445 DEBUG oslo_service.service [req-0c880642-b13a-4c92-b697-95f9f2b581db - - - - -] ephemeral_storage_encryption.cipher = aes-xts-plain64 log_opt_values /usr/lib/python3/dist-packages/oslo_config/cfg.py:2609
2025-10-20 00:39:47.239 125445 DEBUG oslo_service.service [req-0c880642-b13a-4c92-b697-95f9f2b581db - - - - -] ephemeral_storage_encryption.enabled = False log_opt_values /usr/lib/python3/dist-packages/oslo_config/cfg.py:2609
2025-10-20 00:39:47.239 127275 DEBUG nova.service [req-3e9907a1-0aed-4b08-ba67-a9113422e0c7 - - - - -] Join ServiceGroup membership for this service conductor start /usr/lib/python3/dist-packages/nova/service.py:199
2025-10-20 00:39:47.239 125445 DEBUG oslo_service.service [req-0c880642-b13a-4c92-b697-95f9f2b581db - - - - -] ephemeral_storage_encryption.key_size = 512 log_opt_values /usr/lib/python3/dist-packages/oslo_config/cfg.py:2609
2025-10-20 00:39:47.239 127275 DEBUG nova.servicegroup.drivers.db [req-3e9907a1-0aed-4b08-ba67-a9113422e0c7 - - - - -] DB_Driver: join new ServiceGroup member juju-1f3811-0-lxd-7 to the conductor group, service = join /usr/lib/python3/dist-packages/nova/servicegroup/drivers/db.py:44
2025-10-20 00:39:47.239 125445 WARNING oslo_config.cfg [req-0c880642-b13a-4c92-b697-95f9f2b581db - - - - -] Deprecated: Option "api_servers" from group "glance" is deprecated for removal ( Support for image service configuration via standard keystoneauth1 Adapter options was added in the 17.0.0 Queens release. The api_servers option was retained temporarily to allow consumers time to cut over to a real load balancing solution. ). Its value may be silently ignored in the future.
2025-10-20 00:39:47.239 127282 DEBUG oslo_messaging._drivers.amqpdriver [-] AMQPListener connection timeout poll /usr/lib/python3/dist-packages/oslo_messaging/_drivers/amqpdriver.py:360
2025-10-20 00:39:47.240 125445 DEBUG oslo_service.service [req-0c880642-b13a-4c92-b697-95f9f2b581db - - - - -] glance.api_servers = ['http://252.129.232.149:9292'] log_opt_values /usr/lib/python3/dist-packages/oslo_config/cfg.py:2609
2025-10-20 00:39:47.240 125445 DEBUG oslo_service.service [req-0c880642-b13a-4c92-b697-95f9f2b581db - - - - -] glance.cafile = None log_opt_values /usr/lib/python3/dist-packages/oslo_config/cfg.py:2609
2025-10-20 00:39:47.240 125445 DEBUG oslo_service.service [req-0c880642-b13a-4c92-b697-95f9f2b581db - - - - -] glance.certfile = None log_opt_values /usr/lib/python3/dist-packages/oslo_config/cfg.py:2609
2025-10-20 00:39:47.240 125445 DEBUG oslo_service.service [req-0c880642-b13a-4c92-b697-95f9f2b581db - - - - -] glance.collect_timing = False log_opt_values /usr/lib/python3/dist-packages/oslo_config/cfg.py:2609
2025-10-20 00:39:47.241 125445 DEBUG oslo_service.service [req-0c880642-b13a-4c92-b697-95f9f2b581db - - - - -] glance.connect_retries = None log_opt_values /usr/lib/python3/dist-packages/oslo_config/cfg.py:2609
2025-10-20 00:39:47.241 125445 DEBUG oslo_service.service [req-0c880642-b13a-4c92-b697-95f9f2b581db - - - - -] glance.connect_retry_delay = None log_opt_values /usr/lib/python3/dist-packages/oslo_config/cfg.py:2609
2025-10-20 00:39:47.240 127282 DEBUG oslo_messaging._drivers.amqpdriver [-] Listener is running poll /usr/lib/python3/dist-packages/oslo_messaging/_drivers/amqpdriver.py:343
2025-10-20 00:39:47.241 127282 DEBUG oslo_messaging._drivers.amqpdriver [-] AMQPListener connection consume poll /usr/lib/python3/dist-packages/oslo_messaging/_drivers/amqpdriver.py:357
2025-10-20 00:39:47.241 125445 DEBUG oslo_service.service [req-0c880642-b13a-4c92-b697-95f9f2b581db - - - - -] glance.debug = False log_opt_values /usr/lib/python3/dist-packages/oslo_config/cfg.py:2609
2025-10-20 00:39:47.241 125445 DEBUG oslo_service.service [req-0c880642-b13a-4c92-b697-95f9f2b581db - - - - -] glance.default_trusted_certificate_ids = [] log_opt_values /usr/lib/python3/dist-packages/oslo_config/cfg.py:2609
2025-10-20 00:39:47.242 125445 DEBUG oslo_service.service [req-0c880642-b13a-4c92-b697-95f9f2b581db - - - - -] glance.enable_certificate_validation = False log_opt_values /usr/lib/python3/dist-packages/oslo_config/cfg.py:2609
2025-10-20 00:39:47.242 127275 DEBUG oslo_messaging._drivers.amqpdriver [-] AMQPListener connection timeout poll /usr/lib/python3/dist-packages/oslo_messaging/_drivers/amqpdriver.py:360
2025-10-20 00:39:47.242 125445 DEBUG oslo_service.service [req-0c880642-b13a-4c92-b697-95f9f2b581db - - - - -] glance.enable_rbd_download = False log_opt_values /usr/lib/python3/dist-packages/oslo_config/cfg.py:2609
2025-10-20 00:39:47.242 127275 DEBUG oslo_messaging._drivers.amqpdriver [-] Listener is running poll /usr/lib/python3/dist-packages/oslo_messaging/_drivers/amqpdriver.py:343
2025-10-20 00:39:47.242 127275 DEBUG oslo_messaging._drivers.amqpdriver [-] AMQPListener connection consume poll /usr/lib/python3/dist-packages/oslo_messaging/_drivers/amqpdriver.py:357
2025-10-20 00:39:47.242 125445 DEBUG oslo_service.service [req-0c880642-b13a-4c92-b697-95f9f2b581db - - - - -] glance.endpoint_override = None log_opt_values /usr/lib/python3/dist-packages/oslo_config/cfg.py:2609
2025-10-20 00:39:47.242 125445 DEBUG oslo_service.service [req-0c880642-b13a-4c92-b697-95f9f2b581db - - - - -] glance.insecure = False log_opt_values /usr/lib/python3/dist-packages/oslo_config/cfg.py:2609
2025-10-20 00:39:47.242 125445 DEBUG oslo_service.service [req-0c880642-b13a-4c92-b697-95f9f2b581db - - - - -] glance.keyfile = None log_opt_values /usr/lib/python3/dist-packages/oslo_config/cfg.py:2609
2025-10-20 00:39:47.243 125445 DEBUG oslo_service.service [req-0c880642-b13a-4c92-b697-95f9f2b581db - - - - -] glance.max_version = None log_opt_values /usr/lib/python3/dist-packages/oslo_config/cfg.py:2609
2025-10-20 00:39:47.243 125445 DEBUG oslo_service.service [req-0c880642-b13a-4c92-b697-95f9f2b581db - - - - -] glance.min_version = None log_opt_values /usr/lib/python3/dist-packages/oslo_config/cfg.py:2609
2025-10-20 00:39:47.243 125445 DEBUG oslo_service.service [req-0c880642-b13a-4c92-b697-95f9f2b581db - - - - -] glance.num_retries = 3 log_opt_values /usr/lib/python3/dist-packages/oslo_config/cfg.py:2609
2025-10-20 00:39:47.244 125445 DEBUG oslo_service.service [req-0c880642-b13a-4c92-b697-95f9f2b581db - - - - -] glance.rbd_ceph_conf = log_opt_values /usr/lib/python3/dist-packages/oslo_config/cfg.py:2609
2025-10-20 00:39:47.244 125445 DEBUG oslo_service.service [req-0c880642-b13a-4c92-b697-95f9f2b581db - - - - -] glance.rbd_connect_timeout = 5 log_opt_values /usr/lib/python3/dist-packages/oslo_config/cfg.py:2609
2025-10-20 00:39:47.244 125445 DEBUG oslo_service.service [req-0c880642-b13a-4c92-b697-95f9f2b581db - - - - -] glance.rbd_pool = log_opt_values /usr/lib/python3/dist-packages/oslo_config/cfg.py:2609
2025-10-20 00:39:47.244 125445 DEBUG oslo_service.service [req-0c880642-b13a-4c92-b697-95f9f2b581db - - - - -] glance.rbd_user = log_opt_values /usr/lib/python3/dist-packages/oslo_config/cfg.py:2609
2025-10-20 00:39:47.245 125445 DEBUG oslo_service.service [req-0c880642-b13a-4c92-b697-95f9f2b581db - - - - -] glance.region_name = None log_opt_values /usr/lib/python3/dist-packages/oslo_config/cfg.py:2609
2025-10-20 00:39:47.245 125445 DEBUG oslo_service.service [req-0c880642-b13a-4c92-b697-95f9f2b581db - - - - -] glance.service_name = None log_opt_values /usr/lib/python3/dist-packages/oslo_config/cfg.py:2609
2025-10-20 00:39:47.245 125445 DEBUG oslo_service.service [req-0c880642-b13a-4c92-b697-95f9f2b581db - - - - -] glance.service_type = image log_opt_values /usr/lib/python3/dist-packages/oslo_config/cfg.py:2609
2025-10-20 00:39:47.245 125445 DEBUG oslo_service.service [req-0c880642-b13a-4c92-b697-95f9f2b581db - - - - -] glance.split_loggers = False log_opt_values /usr/lib/python3/dist-packages/oslo_config/cfg.py:2609
2025-10-20 00:39:47.245 125445 DEBUG oslo_service.service [req-0c880642-b13a-4c92-b697-95f9f2b581db - - - - -] glance.status_code_retries = None log_opt_values /usr/lib/python3/dist-packages/oslo_config/cfg.py:2609
2025-10-20 00:39:47.246 125445 DEBUG oslo_service.service [req-0c880642-b13a-4c92-b697-95f9f2b581db - - - - -] glance.status_code_retry_delay = None log_opt_values /usr/lib/python3/dist-packages/oslo_config/cfg.py:2609
2025-10-20 00:39:47.246 125445 DEBUG oslo_service.service [req-0c880642-b13a-4c92-b697-95f9f2b581db - - - - -] glance.timeout = None log_opt_values /usr/lib/python3/dist-packages/oslo_config/cfg.py:2609
2025-10-20 00:39:47.246 125445 DEBUG oslo_service.service [req-0c880642-b13a-4c92-b697-95f9f2b581db - - - - -] glance.valid_interfaces = ['internal', 'public'] log_opt_values /usr/lib/python3/dist-packages/oslo_config/cfg.py:2609
2025-10-20 00:39:47.246 125445 DEBUG oslo_service.service [req-0c880642-b13a-4c92-b697-95f9f2b581db - - - - -] glance.verify_glance_signatures = False log_opt_values /usr/lib/python3/dist-packages/oslo_config/cfg.py:2609
2025-10-20 00:39:47.247 125445 DEBUG oslo_service.service [req-0c880642-b13a-4c92-b697-95f9f2b581db - - - - -] glance.version = None log_opt_values /usr/lib/python3/dist-packages/oslo_config/cfg.py:2609
2025-10-20 00:39:47.247 125445 DEBUG oslo_service.service [req-0c880642-b13a-4c92-b697-95f9f2b581db - - - - -] guestfs.debug = False log_opt_values /usr/lib/python3/dist-packages/oslo_config/cfg.py:2609
2025-10-20 00:39:47.247 125445 DEBUG oslo_service.service [req-0c880642-b13a-4c92-b697-95f9f2b581db - - - - -] hyperv.config_drive_cdrom = False log_opt_values /usr/lib/python3/dist-packages/oslo_config/cfg.py:2609
2025-10-20 00:39:47.247 125445 DEBUG oslo_service.service [req-0c880642-b13a-4c92-b697-95f9f2b581db - - - - -] hyperv.config_drive_inject_password = False log_opt_values /usr/lib/python3/dist-packages/oslo_config/cfg.py:2609
2025-10-20 00:39:47.248 125445 DEBUG oslo_service.service [req-0c880642-b13a-4c92-b697-95f9f2b581db - - - - -] hyperv.dynamic_memory_ratio = 1.0 log_opt_values /usr/lib/python3/dist-packages/oslo_config/cfg.py:2609
2025-10-20 00:39:47.248 125445 DEBUG oslo_service.service [req-0c880642-b13a-4c92-b697-95f9f2b581db - - - - -] hyperv.enable_instance_metrics_collection = False log_opt_values /usr/lib/python3/dist-packages/oslo_config/cfg.py:2609
2025-10-20 00:39:47.248 125445 DEBUG oslo_service.service [req-0c880642-b13a-4c92-b697-95f9f2b581db - - - - -] hyperv.enable_remotefx = False log_opt_values /usr/lib/python3/dist-packages/oslo_config/cfg.py:2609
2025-10-20 00:39:47.248 125445 DEBUG oslo_service.service [req-0c880642-b13a-4c92-b697-95f9f2b581db - - - - -] hyperv.instances_path_share = log_opt_values /usr/lib/python3/dist-packages/oslo_config/cfg.py:2609
2025-10-20 00:39:47.248 125445 DEBUG oslo_service.service [req-0c880642-b13a-4c92-b697-95f9f2b581db - - - - -] hyperv.iscsi_initiator_list = [] log_opt_values /usr/lib/python3/dist-packages/oslo_config/cfg.py:2609
2025-10-20 00:39:47.249 125445 DEBUG oslo_service.service [req-0c880642-b13a-4c92-b697-95f9f2b581db - - - - -] hyperv.limit_cpu_features = False log_opt_values /usr/lib/python3/dist-packages/oslo_config/cfg.py:2609
2025-10-20 00:39:47.249 125445 DEBUG oslo_service.service [req-0c880642-b13a-4c92-b697-95f9f2b581db - - - - -] hyperv.mounted_disk_query_retry_count = 10 log_opt_values /usr/lib/python3/dist-packages/oslo_config/cfg.py:2609
2025-10-20 00:39:47.249 125445 DEBUG oslo_service.service [req-0c880642-b13a-4c92-b697-95f9f2b581db - - - - -] hyperv.mounted_disk_query_retry_interval = 5 log_opt_values /usr/lib/python3/dist-packages/oslo_config/cfg.py:2609
2025-10-20 00:39:47.249 125445 DEBUG oslo_service.service [req-0c880642-b13a-4c92-b697-95f9f2b581db - - - - -] hyperv.power_state_check_timeframe = 60 log_opt_values /usr/lib/python3/dist-packages/oslo_config/cfg.py:2609
2025-10-20 00:39:47.250 125445 DEBUG oslo_service.service [req-0c880642-b13a-4c92-b697-95f9f2b581db - - - - -] hyperv.power_state_event_polling_interval = 2 log_opt_values /usr/lib/python3/dist-packages/oslo_config/cfg.py:2609
2025-10-20 00:39:47.250 125445 DEBUG oslo_service.service [req-0c880642-b13a-4c92-b697-95f9f2b581db - - - - -] hyperv.qemu_img_cmd = qemu-img.exe log_opt_values /usr/lib/python3/dist-packages/oslo_config/cfg.py:2609
2025-10-20 00:39:47.250 125445 DEBUG oslo_service.service [req-0c880642-b13a-4c92-b697-95f9f2b581db - - - - -] hyperv.use_multipath_io = False log_opt_values /usr/lib/python3/dist-packages/oslo_config/cfg.py:2609
2025-10-20 00:39:47.250 125445 DEBUG oslo_service.service [req-0c880642-b13a-4c92-b697-95f9f2b581db - - - - -] hyperv.volume_attach_retry_count = 10 log_opt_values /usr/lib/python3/dist-packages/oslo_config/cfg.py:2609
2025-10-20 00:39:47.250 125445 DEBUG oslo_service.service [req-0c880642-b13a-4c92-b697-95f9f2b581db - - - - -] hyperv.volume_attach_retry_interval = 5 log_opt_values /usr/lib/python3/dist-packages/oslo_config/cfg.py:2609
2025-10-20 00:39:47.251 125445 DEBUG oslo_service.service [req-0c880642-b13a-4c92-b697-95f9f2b581db - - - - -] hyperv.vswitch_name = None log_opt_values /usr/lib/python3/dist-packages/oslo_config/cfg.py:2609
2025-10-20 00:39:47.251 125445 DEBUG oslo_service.service [req-0c880642-b13a-4c92-b697-95f9f2b581db - - - - -] hyperv.wait_soft_reboot_seconds = 60 log_opt_values /usr/lib/python3/dist-packages/oslo_config/cfg.py:2609
2025-10-20 00:39:47.251 125445 DEBUG oslo_service.service [req-0c880642-b13a-4c92-b697-95f9f2b581db - - - - -] mks.enabled = False log_opt_values /usr/lib/python3/dist-packages/oslo_config/cfg.py:2609
2025-10-20 00:39:47.252 125445 DEBUG oslo_service.service [req-0c880642-b13a-4c92-b697-95f9f2b581db - - - - -] mks.mksproxy_base_url = http://127.0.0.1:6090/ log_opt_values /usr/lib/python3/dist-packages/oslo_config/cfg.py:2609
2025-10-20 00:39:47.252 125445 DEBUG oslo_service.service [req-0c880642-b13a-4c92-b697-95f9f2b581db - - - - -] image_cache.manager_interval = 2400 log_opt_values /usr/lib/python3/dist-packages/oslo_config/cfg.py:2609
2025-10-20 00:39:47.252 125445 DEBUG oslo_service.service [req-0c880642-b13a-4c92-b697-95f9f2b581db - - - - -] image_cache.precache_concurrency = 1 log_opt_values /usr/lib/python3/dist-packages/oslo_config/cfg.py:2609
2025-10-20 00:39:47.253 125445 DEBUG oslo_service.service [req-0c880642-b13a-4c92-b697-95f9f2b581db - - - - -] image_cache.remove_unused_base_images = True log_opt_values /usr/lib/python3/dist-packages/oslo_config/cfg.py:2609
2025-10-20 00:39:47.253 125445 DEBUG oslo_service.service [req-0c880642-b13a-4c92-b697-95f9f2b581db - - - - -] image_cache.remove_unused_original_minimum_age_seconds = 86400 log_opt_values /usr/lib/python3/dist-packages/oslo_config/cfg.py:2609
2025-10-20 00:39:47.253 125445 DEBUG oslo_service.service [req-0c880642-b13a-4c92-b697-95f9f2b581db - - - - -] image_cache.remove_unused_resized_minimum_age_seconds = 3600 log_opt_values /usr/lib/python3/dist-packages/oslo_config/cfg.py:2609
2025-10-20 00:39:47.254 125445 DEBUG oslo_service.service [req-0c880642-b13a-4c92-b697-95f9f2b581db - - - - -] image_cache.subdirectory_name = _base log_opt_values /usr/lib/python3/dist-packages/oslo_config/cfg.py:2609
2025-10-20 00:39:47.254 125445 DEBUG oslo_service.service [req-0c880642-b13a-4c92-b697-95f9f2b581db - - - - -] ironic.api_max_retries = 60 log_opt_values /usr/lib/python3/dist-packages/oslo_config/cfg.py:2609
2025-10-20 00:39:47.254 125445 DEBUG oslo_service.service [req-0c880642-b13a-4c92-b697-95f9f2b581db - - - - -] ironic.api_retry_interval = 2 log_opt_values /usr/lib/python3/dist-packages/oslo_config/cfg.py:2609
2025-10-20 00:39:47.254 125445 DEBUG oslo_service.service [req-0c880642-b13a-4c92-b697-95f9f2b581db - - - - -] ironic.auth_section = None log_opt_values /usr/lib/python3/dist-packages/oslo_config/cfg.py:2609
2025-10-20 00:39:47.255 125445 DEBUG oslo_service.service [req-0c880642-b13a-4c92-b697-95f9f2b581db - - - - -] ironic.auth_type = None log_opt_values /usr/lib/python3/dist-packages/oslo_config/cfg.py:2609
