2025-10-20 01:44:13.052 69048 DEBUG oslo_service.service [-] clients_glance.cert_file = None log_opt_values /usr/lib/python3/dist-packages/oslo_config/cfg.py:2609
2025-10-20 01:44:13.052 69048 DEBUG oslo_service.service [-] clients_glance.endpoint_type = None log_opt_values /usr/lib/python3/dist-packages/oslo_config/cfg.py:2609
2025-10-20 01:44:13.052 69048 DEBUG oslo_service.service [-] clients_glance.insecure = None log_opt_values /usr/lib/python3/dist-packages/oslo_config/cfg.py:2609
2025-10-20 01:44:13.052 69048 DEBUG oslo_service.service [-] clients_glance.key_file = None log_opt_values /usr/lib/python3/dist-packages/oslo_config/cfg.py:2609
2025-10-20 01:44:13.052 69048 DEBUG oslo_service.service [-] clients_heat.ca_file = None log_opt_values /usr/lib/python3/dist-packages/oslo_config/cfg.py:2609
2025-10-20 01:44:13.052 69048 DEBUG oslo_service.service [-] clients_heat.cert_file = None log_opt_values /usr/lib/python3/dist-packages/oslo_config/cfg.py:2609
2025-10-20 01:44:13.052 69048 DEBUG oslo_service.service [-] clients_heat.endpoint_type = None log_opt_values /usr/lib/python3/dist-packages/oslo_config/cfg.py:2609
2025-10-20 01:44:13.052 69048 DEBUG oslo_service.service [-] clients_heat.insecure = None log_opt_values /usr/lib/python3/dist-packages/oslo_config/cfg.py:2609
2025-10-20 01:44:13.053 69048 DEBUG oslo_service.service [-] clients_heat.key_file = None log_opt_values /usr/lib/python3/dist-packages/oslo_config/cfg.py:2609
2025-10-20 01:44:13.053 69048 DEBUG oslo_service.service [-] clients_heat.url = log_opt_values /usr/lib/python3/dist-packages/oslo_config/cfg.py:2609
2025-10-20 01:44:13.053 69048 DEBUG oslo_service.service [-] clients_keystone.auth_uri = http://252.129.33.43:5050 log_opt_values /usr/lib/python3/dist-packages/oslo_config/cfg.py:2609
2025-10-20 01:44:13.053 69048 DEBUG oslo_service.service [-] clients_keystone.ca_file = None log_opt_values /usr/lib/python3/dist-packages/oslo_config/cfg.py:2609
2025-10-20 01:44:13.053 69048 DEBUG oslo_service.service [-] clients_keystone.cert_file = None log_opt_values /usr/lib/python3/dist-packages/oslo_config/cfg.py:2609
2025-10-20 01:44:13.053 69048 DEBUG oslo_service.service [-] clients_keystone.endpoint_type = None log_opt_values /usr/lib/python3/dist-packages/oslo_config/cfg.py:2609
2025-10-20 01:44:13.053 69048 DEBUG oslo_service.service [-] clients_keystone.insecure = None log_opt_values /usr/lib/python3/dist-packages/oslo_config/cfg.py:2609
2025-10-20 01:44:13.053 69048 DEBUG oslo_service.service [-] clients_keystone.key_file = None log_opt_values /usr/lib/python3/dist-packages/oslo_config/cfg.py:2609
2025-10-20 01:44:13.053 69048 DEBUG oslo_service.service [-] clients_magnum.ca_file = None log_opt_values /usr/lib/python3/dist-packages/oslo_config/cfg.py:2609
2025-10-20 01:44:13.054 69048 DEBUG oslo_service.service [-] clients_magnum.cert_file = None log_opt_values /usr/lib/python3/dist-packages/oslo_config/cfg.py:2609
2025-10-20 01:44:13.054 69048 DEBUG oslo_service.service [-] clients_magnum.endpoint_type = None log_opt_values /usr/lib/python3/dist-packages/oslo_config/cfg.py:2609
2025-10-20 01:44:13.054 69048 DEBUG oslo_service.service [-] clients_magnum.insecure = None log_opt_values /usr/lib/python3/dist-packages/oslo_config/cfg.py:2609
2025-10-20 01:44:13.054 69048 DEBUG oslo_service.service [-] clients_magnum.key_file = None log_opt_values /usr/lib/python3/dist-packages/oslo_config/cfg.py:2609
2025-10-20 01:44:13.054 69048 DEBUG oslo_service.service [-] clients_manila.ca_file = None log_opt_values /usr/lib/python3/dist-packages/oslo_config/cfg.py:2609
2025-10-20 01:44:13.054 69048 DEBUG oslo_service.service [-] clients_manila.cert_file = None log_opt_values /usr/lib/python3/dist-packages/oslo_config/cfg.py:2609
2025-10-20 01:44:13.054 69048 DEBUG oslo_service.service [-] clients_manila.endpoint_type = None log_opt_values /usr/lib/python3/dist-packages/oslo_config/cfg.py:2609
2025-10-20 01:44:13.054 69048 DEBUG oslo_service.service [-] clients_manila.insecure = None log_opt_values /usr/lib/python3/dist-packages/oslo_config/cfg.py:2609
2025-10-20 01:44:13.054 69048 DEBUG oslo_service.service [-] clients_manila.key_file = None log_opt_values /usr/lib/python3/dist-packages/oslo_config/cfg.py:2609
2025-10-20 01:44:13.055 69048 DEBUG oslo_service.service [-] clients_mistral.ca_file = None log_opt_values /usr/lib/python3/dist-packages/oslo_config/cfg.py:2609
2025-10-20 01:44:13.055 69048 DEBUG oslo_service.service [-] clients_mistral.cert_file = None log_opt_values /usr/lib/python3/dist-packages/oslo_config/cfg.py:2609
2025-10-20 01:44:13.055 69048 DEBUG oslo_service.service [-] clients_mistral.endpoint_type = None log_opt_values /usr/lib/python3/dist-packages/oslo_config/cfg.py:2609
2025-10-20 01:44:13.055 69048 DEBUG oslo_service.service [-] clients_mistral.insecure = None log_opt_values /usr/lib/python3/dist-packages/oslo_config/cfg.py:2609
2025-10-20 01:44:13.055 69048 DEBUG oslo_service.service [-] clients_mistral.key_file = None log_opt_values /usr/lib/python3/dist-packages/oslo_config/cfg.py:2609
2025-10-20 01:44:13.055 69048 DEBUG oslo_service.service [-] clients_monasca.ca_file = None log_opt_values /usr/lib/python3/dist-packages/oslo_config/cfg.py:2609
2025-10-20 01:44:13.055 69048 DEBUG oslo_service.service [-] clients_monasca.cert_file = None log_opt_values /usr/lib/python3/dist-packages/oslo_config/cfg.py:2609
2025-10-20 01:44:13.055 69048 DEBUG oslo_service.service [-] clients_monasca.endpoint_type = None log_opt_values /usr/lib/python3/dist-packages/oslo_config/cfg.py:2609
2025-10-20 01:44:13.055 69048 DEBUG oslo_service.service [-] clients_monasca.insecure = None log_opt_values /usr/lib/python3/dist-packages/oslo_config/cfg.py:2609
2025-10-20 01:44:13.055 69048 DEBUG oslo_service.service [-] clients_monasca.key_file = None log_opt_values /usr/lib/python3/dist-packages/oslo_config/cfg.py:2609
2025-10-20 01:44:13.056 69048 DEBUG oslo_service.service [-] clients_neutron.ca_file = None log_opt_values /usr/lib/python3/dist-packages/oslo_config/cfg.py:2609
2025-10-20 01:44:13.056 69048 DEBUG oslo_service.service [-] clients_neutron.cert_file = None log_opt_values /usr/lib/python3/dist-packages/oslo_config/cfg.py:2609
2025-10-20 01:44:13.056 69048 DEBUG oslo_service.service [-] clients_neutron.endpoint_type = None log_opt_values /usr/lib/python3/dist-packages/oslo_config/cfg.py:2609
2025-10-20 01:44:13.056 69048 DEBUG oslo_service.service [-] clients_neutron.insecure = None log_opt_values /usr/lib/python3/dist-packages/oslo_config/cfg.py:2609
2025-10-20 01:44:13.056 69048 DEBUG oslo_service.service [-] clients_neutron.key_file = None log_opt_values /usr/lib/python3/dist-packages/oslo_config/cfg.py:2609
2025-10-20 01:44:13.056 69048 DEBUG oslo_service.service [-] clients_nova.ca_file = None log_opt_values /usr/lib/python3/dist-packages/oslo_config/cfg.py:2609
2025-10-20 01:44:13.056 69048 DEBUG oslo_service.service [-] clients_nova.cert_file = None log_opt_values /usr/lib/python3/dist-packages/oslo_config/cfg.py:2609
2025-10-20 01:44:13.056 69048 DEBUG oslo_service.service [-] clients_nova.endpoint_type = None log_opt_values /usr/lib/python3/dist-packages/oslo_config/cfg.py:2609
2025-10-20 01:44:13.056 69048 DEBUG oslo_service.service [-] clients_nova.http_log_debug = False log_opt_values /usr/lib/python3/dist-packages/oslo_config/cfg.py:2609
2025-10-20 01:44:13.057 69048 DEBUG oslo_service.service [-] clients_nova.insecure = None log_opt_values /usr/lib/python3/dist-packages/oslo_config/cfg.py:2609
2025-10-20 01:44:13.057 69048 DEBUG oslo_service.service [-] clients_nova.key_file = None log_opt_values /usr/lib/python3/dist-packages/oslo_config/cfg.py:2609
2025-10-20 01:44:13.057 69048 DEBUG oslo_service.service [-] clients_octavia.ca_file = None log_opt_values /usr/lib/python3/dist-packages/oslo_config/cfg.py:2609
2025-10-20 01:44:13.057 69048 DEBUG oslo_service.service [-] clients_octavia.cert_file = None log_opt_values /usr/lib/python3/dist-packages/oslo_config/cfg.py:2609
2025-10-20 01:44:13.057 69048 DEBUG oslo_service.service [-] clients_octavia.endpoint_type = None log_opt_values /usr/lib/python3/dist-packages/oslo_config/cfg.py:2609
2025-10-20 01:44:13.057 69048 DEBUG oslo_service.service [-] clients_octavia.insecure = None log_opt_values /usr/lib/python3/dist-packages/oslo_config/cfg.py:2609
2025-10-20 01:44:13.057 69048 DEBUG oslo_service.service [-] clients_octavia.key_file = None log_opt_values /usr/lib/python3/dist-packages/oslo_config/cfg.py:2609
2025-10-20 01:44:13.057 69048 DEBUG oslo_service.service [-] clients_sahara.ca_file = None log_opt_values /usr/lib/python3/dist-packages/oslo_config/cfg.py:2609
2025-10-20 01:44:13.057 69048 DEBUG oslo_service.service [-] clients_sahara.cert_file = None log_opt_values /usr/lib/python3/dist-packages/oslo_config/cfg.py:2609
2025-10-20 01:44:13.057 69048 DEBUG oslo_service.service [-] clients_sahara.endpoint_type = None log_opt_values /usr/lib/python3/dist-packages/oslo_config/cfg.py:2609
2025-10-20 01:44:13.058 69048 DEBUG oslo_service.service [-] clients_sahara.insecure = None log_opt_values /usr/lib/python3/dist-packages/oslo_config/cfg.py:2609
2025-10-20 01:44:13.058 69048 DEBUG oslo_service.service [-] clients_sahara.key_file = None log_opt_values /usr/lib/python3/dist-packages/oslo_config/cfg.py:2609
2025-10-20 01:44:13.058 69048 DEBUG oslo_service.service [-] clients_senlin.ca_file = None log_opt_values /usr/lib/python3/dist-packages/oslo_config/cfg.py:2609
2025-10-20 01:44:13.058 69048 DEBUG oslo_service.service [-] clients_senlin.cert_file = None log_opt_values /usr/lib/python3/dist-packages/oslo_config/cfg.py:2609
2025-10-20 01:44:13.058 69048 DEBUG oslo_service.service [-] clients_senlin.endpoint_type = None log_opt_values /usr/lib/python3/dist-packages/oslo_config/cfg.py:2609
2025-10-20 01:44:13.058 69048 DEBUG oslo_service.service [-] clients_senlin.insecure = None log_opt_values /usr/lib/python3/dist-packages/oslo_config/cfg.py:2609
2025-10-20 01:44:13.058 69048 DEBUG oslo_service.service [-] clients_senlin.key_file = None log_opt_values /usr/lib/python3/dist-packages/oslo_config/cfg.py:2609
2025-10-20 01:44:13.058 69048 DEBUG oslo_service.service [-] clients_swift.ca_file = None log_opt_values /usr/lib/python3/dist-packages/oslo_config/cfg.py:2609
2025-10-20 01:44:13.058 69048 DEBUG oslo_service.service [-] clients_swift.cert_file = None log_opt_values /usr/lib/python3/dist-packages/oslo_config/cfg.py:2609
2025-10-20 01:44:13.058 69048 DEBUG oslo_service.service [-] clients_swift.endpoint_type = None log_opt_values /usr/lib/python3/dist-packages/oslo_config/cfg.py:2609
2025-10-20 01:44:13.059 69048 DEBUG oslo_service.service [-] clients_swift.insecure = None log_opt_values /usr/lib/python3/dist-packages/oslo_config/cfg.py:2609
2025-10-20 01:44:13.059 69048 DEBUG oslo_service.service [-] clients_swift.key_file = None log_opt_values /usr/lib/python3/dist-packages/oslo_config/cfg.py:2609
2025-10-20 01:44:13.059 69048 DEBUG oslo_service.service [-] clients_trove.ca_file = None log_opt_values /usr/lib/python3/dist-packages/oslo_config/cfg.py:2609
2025-10-20 01:44:13.059 69048 DEBUG oslo_service.service [-] clients_trove.cert_file = None log_opt_values /usr/lib/python3/dist-packages/oslo_config/cfg.py:2609
2025-10-20 01:44:13.059 69048 DEBUG oslo_service.service [-] clients_trove.endpoint_type = None log_opt_values /usr/lib/python3/dist-packages/oslo_config/cfg.py:2609
2025-10-20 01:44:13.059 69048 DEBUG oslo_service.service [-] clients_trove.insecure = None log_opt_values /usr/lib/python3/dist-packages/oslo_config/cfg.py:2609
2025-10-20 01:44:13.059 69048 DEBUG oslo_service.service [-] clients_trove.key_file = None log_opt_values /usr/lib/python3/dist-packages/oslo_config/cfg.py:2609
2025-10-20 01:44:13.059 69048 DEBUG oslo_service.service [-] clients_vitrage.ca_file = None log_opt_values /usr/lib/python3/dist-packages/oslo_config/cfg.py:2609
2025-10-20 01:44:13.059 69048 DEBUG oslo_service.service [-] clients_vitrage.cert_file = None log_opt_values /usr/lib/python3/dist-packages/oslo_config/cfg.py:2609
2025-10-20 01:44:13.059 69048 DEBUG oslo_service.service [-] clients_vitrage.endpoint_type = None log_opt_values /usr/lib/python3/dist-packages/oslo_config/cfg.py:2609
2025-10-20 01:44:13.060 69048 DEBUG oslo_service.service [-] clients_vitrage.insecure = None log_opt_values /usr/lib/python3/dist-packages/oslo_config/cfg.py:2609
2025-10-20 01:44:13.060 69048 DEBUG oslo_service.service [-] clients_vitrage.key_file = None log_opt_values /usr/lib/python3/dist-packages/oslo_config/cfg.py:2609
2025-10-20 01:44:13.060 69048 DEBUG oslo_service.service [-] clients_zaqar.ca_file = None log_opt_values /usr/lib/python3/dist-packages/oslo_config/cfg.py:2609
2025-10-20 01:44:13.060 69048 DEBUG oslo_service.service [-] clients_zaqar.cert_file = None log_opt_values /usr/lib/python3/dist-packages/oslo_config/cfg.py:2609
2025-10-20 01:44:13.060 69048 DEBUG oslo_service.service [-] clients_zaqar.endpoint_type = None log_opt_values /usr/lib/python3/dist-packages/oslo_config/cfg.py:2609
2025-10-20 01:44:13.060 69048 DEBUG oslo_service.service [-] clients_zaqar.insecure = None log_opt_values /usr/lib/python3/dist-packages/oslo_config/cfg.py:2609
2025-10-20 01:44:13.060 69048 DEBUG oslo_service.service [-] clients_zaqar.key_file = None log_opt_values /usr/lib/python3/dist-packages/oslo_config/cfg.py:2609
2025-10-20 01:44:13.060 69048 DEBUG oslo_service.service [-] database.backend = sqlalchemy log_opt_values /usr/lib/python3/dist-packages/oslo_config/cfg.py:2609
2025-10-20 01:44:13.061 69048 DEBUG oslo_service.service [-] database.connection = **** log_opt_values /usr/lib/python3/dist-packages/oslo_config/cfg.py:2609
2025-10-20 01:44:13.061 69048 DEBUG oslo_service.service [-] database.connection_debug = 0 log_opt_values /usr/lib/python3/dist-packages/oslo_config/cfg.py:2609
2025-10-20 01:44:13.061 69048 DEBUG oslo_service.service [-] database.connection_parameters = log_opt_values /usr/lib/python3/dist-packages/oslo_config/cfg.py:2609
2025-10-20 01:44:13.061 69048 DEBUG oslo_service.service [-] database.connection_recycle_time = 3600 log_opt_values /usr/lib/python3/dist-packages/oslo_config/cfg.py:2609
2025-10-20 01:44:13.061 69048 DEBUG oslo_service.service [-] database.connection_trace = False log_opt_values /usr/lib/python3/dist-packages/oslo_config/cfg.py:2609
2025-10-20 01:44:13.061 69048 DEBUG oslo_service.service [-] database.db_inc_retry_interval = True log_opt_values /usr/lib/python3/dist-packages/oslo_config/cfg.py:2609
2025-10-20 01:44:13.061 69048 DEBUG oslo_service.service [-] database.db_max_retries = 20 log_opt_values /usr/lib/python3/dist-packages/oslo_config/cfg.py:2609
2025-10-20 01:44:13.061 69048 DEBUG oslo_service.service [-] database.db_max_retry_interval = 10 log_opt_values /usr/lib/python3/dist-packages/oslo_config/cfg.py:2609
2025-10-20 01:44:13.062 69048 DEBUG oslo_service.service [-] database.db_retry_interval = 1 log_opt_values /usr/lib/python3/dist-packages/oslo_config/cfg.py:2609
2025-10-20 01:44:13.062 69048 DEBUG oslo_service.service [-] database.max_overflow = 50 log_opt_values /usr/lib/python3/dist-packages/oslo_config/cfg.py:2609
2025-10-20 01:44:13.062 69048 DEBUG oslo_service.service [-] database.max_pool_size = 5 log_opt_values /usr/lib/python3/dist-packages/oslo_config/cfg.py:2609
2025-10-20 01:44:13.062 69048 DEBUG oslo_service.service [-] database.max_retries = 10 log_opt_values /usr/lib/python3/dist-packages/oslo_config/cfg.py:2609
2025-10-20 01:44:13.062 69048 DEBUG oslo_service.service [-] database.mysql_enable_ndb = False log_opt_values /usr/lib/python3/dist-packages/oslo_config/cfg.py:2609
2025-10-20 01:44:13.062 69048 DEBUG oslo_service.service [-] database.mysql_sql_mode = TRADITIONAL log_opt_values /usr/lib/python3/dist-packages/oslo_config/cfg.py:2609
2025-10-20 01:44:13.062 69048 DEBUG oslo_service.service [-] database.pool_timeout = None log_opt_values /usr/lib/python3/dist-packages/oslo_config/cfg.py:2609
2025-10-20 01:44:13.062 69048 DEBUG oslo_service.service [-] database.retry_interval = 10 log_opt_values /usr/lib/python3/dist-packages/oslo_config/cfg.py:2609
2025-10-20 01:44:13.062 69048 DEBUG oslo_service.service [-] database.slave_connection = **** log_opt_values /usr/lib/python3/dist-packages/oslo_config/cfg.py:2609
2025-10-20 01:44:13.063 69048 DEBUG oslo_service.service [-] database.sqlite_synchronous = True log_opt_values /usr/lib/python3/dist-packages/oslo_config/cfg.py:2609
2025-10-20 01:44:13.063 69048 DEBUG oslo_service.service [-] database.use_db_reconnect = False log_opt_values /usr/lib/python3/dist-packages/oslo_config/cfg.py:2609
2025-10-20 01:44:13.063 69048 DEBUG oslo_service.service [-] oslo_messaging_metrics.metrics_buffer_size = 1000 log_opt_values /usr/lib/python3/dist-packages/oslo_config/cfg.py:2609
2025-10-20 01:44:13.063 69048 DEBUG oslo_service.service [-] oslo_messaging_metrics.metrics_enabled = False log_opt_values /usr/lib/python3/dist-packages/oslo_config/cfg.py:2609
2025-10-20 01:44:13.063 69048 DEBUG oslo_service.service [-] oslo_messaging_metrics.metrics_process_name = log_opt_values /usr/lib/python3/dist-packages/oslo_config/cfg.py:2609
2025-10-20 01:44:13.063 69048 DEBUG oslo_service.service [-] oslo_messaging_metrics.metrics_socket_file = /var/tmp/metrics_collector.sock log_opt_values /usr/lib/python3/dist-packages/oslo_config/cfg.py:2609
2025-10-20 01:44:13.063 69048 DEBUG oslo_service.service [-] oslo_messaging_metrics.metrics_thread_stop_timeout = 10 log_opt_values /usr/lib/python3/dist-packages/oslo_config/cfg.py:2609
2025-10-20 01:44:13.064 69048 DEBUG oslo_service.service [-] oslo_policy.enforce_new_defaults = False log_opt_values /usr/lib/python3/dist-packages/oslo_config/cfg.py:2609
2025-10-20 01:44:13.064 69048 DEBUG oslo_service.service [-] oslo_policy.enforce_scope = False log_opt_values /usr/lib/python3/dist-packages/oslo_config/cfg.py:2609
2025-10-20 01:44:13.064 69048 DEBUG oslo_service.service [-] oslo_policy.policy_default_rule = default log_opt_values /usr/lib/python3/dist-packages/oslo_config/cfg.py:2609
2025-10-20 01:44:13.064 69048 DEBUG oslo_service.service [-] oslo_policy.policy_dirs = ['policy.d'] log_opt_values /usr/lib/python3/dist-packages/oslo_config/cfg.py:2609
2025-10-20 01:44:13.064 69048 DEBUG oslo_service.service [-] oslo_policy.policy_file = policy.yaml log_opt_values /usr/lib/python3/dist-packages/oslo_config/cfg.py:2609
2025-10-20 01:44:13.064 69048 DEBUG oslo_service.service [-] oslo_policy.remote_content_type = application/x-www-form-urlencoded log_opt_values /usr/lib/python3/dist-packages/oslo_config/cfg.py:2609
2025-10-20 01:44:13.064 69048 DEBUG oslo_service.service [-] oslo_policy.remote_ssl_ca_crt_file = None log_opt_values /usr/lib/python3/dist-packages/oslo_config/cfg.py:2609
2025-10-20 01:44:13.064 69048 DEBUG oslo_service.service [-] oslo_policy.remote_ssl_client_crt_file = None log_opt_values /usr/lib/python3/dist-packages/oslo_config/cfg.py:2609
2025-10-20 01:44:13.064 69048 DEBUG oslo_service.service [-] oslo_policy.remote_ssl_client_key_file = None log_opt_values /usr/lib/python3/dist-packages/oslo_config/cfg.py:2609
2025-10-20 01:44:13.065 69048 DEBUG oslo_service.service [-] oslo_policy.remote_ssl_verify_server_crt = False log_opt_values /usr/lib/python3/dist-packages/oslo_config/cfg.py:2609
2025-10-20 01:44:13.065 69048 DEBUG oslo_service.service [-] trustee.auth_section = None log_opt_values /usr/lib/python3/dist-packages/oslo_config/cfg.py:2609
2025-10-20 01:44:13.065 69048 WARNING oslo_config.cfg [-] Deprecated: Option "auth_plugin" from group "trustee" is deprecated. Use option "auth_type" from group "trustee".
2025-10-20 01:44:13.065 69048 DEBUG oslo_service.service [-] trustee.auth_type = password log_opt_values /usr/lib/python3/dist-packages/oslo_config/cfg.py:2609
2025-10-20 01:44:13.065 69048 DEBUG oslo_service.service [-] oslo_versionedobjects.fatal_exception_format_errors = False log_opt_values /usr/lib/python3/dist-packages/oslo_config/cfg.py:2609
2025-10-20 01:44:13.065 69048 DEBUG oslo_service.service [-] oslo_messaging_rabbit.amqp_auto_delete = False log_opt_values /usr/lib/python3/dist-packages/oslo_config/cfg.py:2609
2025-10-20 01:44:13.066 69048 DEBUG oslo_service.service [-] oslo_messaging_rabbit.amqp_durable_queues = False log_opt_values /usr/lib/python3/dist-packages/oslo_config/cfg.py:2609
2025-10-20 01:44:13.066 69048 DEBUG oslo_service.service [-] oslo_messaging_rabbit.conn_pool_min_size = 2 log_opt_values /usr/lib/python3/dist-packages/oslo_config/cfg.py:2609
2025-10-20 01:44:13.066 69048 DEBUG oslo_service.service [-] oslo_messaging_rabbit.conn_pool_ttl = 1200 log_opt_values /usr/lib/python3/dist-packages/oslo_config/cfg.py:2609
2025-10-20 01:44:13.066 69048 DEBUG oslo_service.service [-] oslo_messaging_rabbit.direct_mandatory_flag = True log_opt_values /usr/lib/python3/dist-packages/oslo_config/cfg.py:2609
2025-10-20 01:44:13.066 69048 DEBUG oslo_service.service [-] oslo_messaging_rabbit.enable_cancel_on_failover = False log_opt_values /usr/lib/python3/dist-packages/oslo_config/cfg.py:2609
2025-10-20 01:44:13.067 69048 DEBUG oslo_service.service [-] oslo_messaging_rabbit.heartbeat_in_pthread = False log_opt_values /usr/lib/python3/dist-packages/oslo_config/cfg.py:2609
2025-10-20 01:44:13.067 69048 DEBUG oslo_service.service [-] oslo_messaging_rabbit.heartbeat_rate = 2 log_opt_values /usr/lib/python3/dist-packages/oslo_config/cfg.py:2609
2025-10-20 01:44:13.067 69048 DEBUG oslo_service.service [-] oslo_messaging_rabbit.heartbeat_timeout_threshold = 60 log_opt_values /usr/lib/python3/dist-packages/oslo_config/cfg.py:2609
2025-10-20 01:44:13.067 69048 DEBUG oslo_service.service [-] oslo_messaging_rabbit.kombu_compression = None log_opt_values /usr/lib/python3/dist-packages/oslo_config/cfg.py:2609
2025-10-20 01:44:13.067 69048 DEBUG oslo_service.service [-] oslo_messaging_rabbit.kombu_failover_strategy = round-robin log_opt_values /usr/lib/python3/dist-packages/oslo_config/cfg.py:2609
2025-10-20 01:44:13.067 69048 DEBUG oslo_service.service [-] oslo_messaging_rabbit.kombu_missing_consumer_retry_timeout = 60 log_opt_values /usr/lib/python3/dist-packages/oslo_config/cfg.py:2609
2025-10-20 01:44:13.068 69048 DEBUG oslo_service.service [-] oslo_messaging_rabbit.kombu_reconnect_delay = 1.0 log_opt_values /usr/lib/python3/dist-packages/oslo_config/cfg.py:2609
2025-10-20 01:44:13.068 69048 DEBUG oslo_service.service [-] oslo_messaging_rabbit.rabbit_ha_queues = False log_opt_values /usr/lib/python3/dist-packages/oslo_config/cfg.py:2609
2025-10-20 01:44:13.068 69048 DEBUG oslo_service.service [-] oslo_messaging_rabbit.rabbit_interval_max = 30 log_opt_values /usr/lib/python3/dist-packages/oslo_config/cfg.py:2609
2025-10-20 01:44:13.068 69048 DEBUG oslo_service.service [-] oslo_messaging_rabbit.rabbit_login_method = AMQPLAIN log_opt_values /usr/lib/python3/dist-packages/oslo_config/cfg.py:2609
2025-10-20 01:44:13.068 69048 DEBUG oslo_service.service [-] oslo_messaging_rabbit.rabbit_qos_prefetch_count = 0 log_opt_values /usr/lib/python3/dist-packages/oslo_config/cfg.py:2609
2025-10-20 01:44:13.068 69048 DEBUG oslo_service.service [-] oslo_messaging_rabbit.rabbit_quorum_queue = False log_opt_values /usr/lib/python3/dist-packages/oslo_config/cfg.py:2609
2025-10-20 01:44:13.068 69048 DEBUG oslo_service.service [-] oslo_messaging_rabbit.rabbit_retry_backoff = 2 log_opt_values /usr/lib/python3/dist-packages/oslo_config/cfg.py:2609
2025-10-20 01:44:13.068 69048 DEBUG oslo_service.service [-] oslo_messaging_rabbit.rabbit_retry_interval = 1 log_opt_values /usr/lib/python3/dist-packages/oslo_config/cfg.py:2609
2025-10-20 01:44:13.069 69048 DEBUG oslo_service.service [-] oslo_messaging_rabbit.rabbit_transient_queues_ttl = 1800 log_opt_values /usr/lib/python3/dist-packages/oslo_config/cfg.py:2609
2025-10-20 01:44:13.069 69048 DEBUG oslo_service.service [-] oslo_messaging_rabbit.rpc_conn_pool_size = 30 log_opt_values /usr/lib/python3/dist-packages/oslo_config/cfg.py:2609
2025-10-20 01:44:13.069 69048 DEBUG oslo_service.service [-] oslo_messaging_rabbit.ssl = False log_opt_values /usr/lib/python3/dist-packages/oslo_config/cfg.py:2609
2025-10-20 01:44:13.069 69048 DEBUG oslo_service.service [-] oslo_messaging_rabbit.ssl_ca_file = log_opt_values /usr/lib/python3/dist-packages/oslo_config/cfg.py:2609
2025-10-20 01:44:13.069 69048 DEBUG oslo_service.service [-] oslo_messaging_rabbit.ssl_cert_file = log_opt_values /usr/lib/python3/dist-packages/oslo_config/cfg.py:2609
2025-10-20 01:44:13.069 69048 DEBUG oslo_service.service [-] oslo_messaging_rabbit.ssl_key_file = log_opt_values /usr/lib/python3/dist-packages/oslo_config/cfg.py:2609
2025-10-20 01:44:13.069 69048 DEBUG oslo_service.service [-] oslo_messaging_rabbit.ssl_version = log_opt_values /usr/lib/python3/dist-packages/oslo_config/cfg.py:2609
2025-10-20 01:44:13.069 69048 DEBUG oslo_service.service [-] oslo_messaging_notifications.driver = [] log_opt_values /usr/lib/python3/dist-packages/oslo_config/cfg.py:2609
2025-10-20 01:44:13.070 69048 DEBUG oslo_service.service [-] oslo_messaging_notifications.retry = -1 log_opt_values /usr/lib/python3/dist-packages/oslo_config/cfg.py:2609
2025-10-20 01:44:13.070 69048 DEBUG oslo_service.service [-] oslo_messaging_notifications.topics = ['notifications'] log_opt_values /usr/lib/python3/dist-packages/oslo_config/cfg.py:2609
2025-10-20 01:44:13.070 69048 DEBUG oslo_service.service [-] oslo_messaging_notifications.transport_url = **** log_opt_values /usr/lib/python3/dist-packages/oslo_config/cfg.py:2609
2025-10-20 01:44:13.070 69048 DEBUG oslo_service.service [-] cache.backend = dogpile.cache.null log_opt_values /usr/lib/python3/dist-packages/oslo_config/cfg.py:2609
2025-10-20 01:44:13.070 69048 DEBUG oslo_service.service [-] cache.backend_argument = **** log_opt_values /usr/lib/python3/dist-packages/oslo_config/cfg.py:2609
2025-10-20 01:44:13.070 69048 DEBUG oslo_service.service [-] cache.config_prefix = cache.oslo log_opt_values /usr/lib/python3/dist-packages/oslo_config/cfg.py:2609
2025-10-20 01:44:13.070 69048 DEBUG oslo_service.service [-] cache.debug_cache_backend = False log_opt_values /usr/lib/python3/dist-packages/oslo_config/cfg.py:2609
2025-10-20 01:44:13.070 69048 DEBUG oslo_service.service [-] cache.enabled = False log_opt_values /usr/lib/python3/dist-packages/oslo_config/cfg.py:2609
2025-10-20 01:44:13.071 69048 DEBUG oslo_service.service [-] cache.expiration_time = 600 log_opt_values /usr/lib/python3/dist-packages/oslo_config/cfg.py:2609
2025-10-20 01:44:13.071 69048 DEBUG oslo_service.service [-] cache.memcache_dead_retry = 300 log_opt_values /usr/lib/python3/dist-packages/oslo_config/cfg.py:2609
2025-10-20 01:44:13.071 69048 DEBUG oslo_service.service [-] cache.memcache_pool_connection_get_timeout = 10 log_opt_values /usr/lib/python3/dist-packages/oslo_config/cfg.py:2609
2025-10-20 01:44:13.071 69048 DEBUG oslo_service.service [-] cache.memcache_pool_flush_on_reconnect = False log_opt_values /usr/lib/python3/dist-packages/oslo_config/cfg.py:2609
2025-10-20 01:44:13.071 69048 DEBUG oslo_service.service [-] cache.memcache_pool_maxsize = 10 log_opt_values /usr/lib/python3/dist-packages/oslo_config/cfg.py:2609
2025-10-20 01:44:13.071 69048 DEBUG oslo_service.service [-] cache.memcache_pool_unused_timeout = 60 log_opt_values /usr/lib/python3/dist-packages/oslo_config/cfg.py:2609
2025-10-20 01:44:13.071 69048 DEBUG oslo_service.service [-] cache.memcache_servers = ['localhost:11211'] log_opt_values /usr/lib/python3/dist-packages/oslo_config/cfg.py:2609
2025-10-20 01:44:13.071 69048 DEBUG oslo_service.service [-] cache.memcache_socket_timeout = 1.0 log_opt_values /usr/lib/python3/dist-packages/oslo_config/cfg.py:2609
2025-10-20 01:44:13.071 69048 DEBUG oslo_service.service [-] cache.proxies = [] log_opt_values /usr/lib/python3/dist-packages/oslo_config/cfg.py:2609
2025-10-20 01:44:13.072 69048 DEBUG oslo_service.service [-] cache.tls_allowed_ciphers = None log_opt_values /usr/lib/python3/dist-packages/oslo_config/cfg.py:2609
2025-10-20 01:44:13.072 69048 DEBUG oslo_service.service [-] cache.tls_cafile = None log_opt_values /usr/lib/python3/dist-packages/oslo_config/cfg.py:2609
2025-10-20 01:44:13.072 69048 DEBUG oslo_service.service [-] cache.tls_certfile = None log_opt_values /usr/lib/python3/dist-packages/oslo_config/cfg.py:2609
2025-10-20 01:44:13.072 69048 DEBUG oslo_service.service [-] cache.tls_enabled = False log_opt_values /usr/lib/python3/dist-packages/oslo_config/cfg.py:2609
2025-10-20 01:44:13.072 69048 DEBUG oslo_service.service [-] cache.tls_keyfile = None log_opt_values /usr/lib/python3/dist-packages/oslo_config/cfg.py:2609
2025-10-20 01:44:13.072 69048 DEBUG oslo_service.service [-] constraint_validation_cache.caching = True log_opt_values /usr/lib/python3/dist-packages/oslo_config/cfg.py:2609
2025-10-20 01:44:13.072 69048 DEBUG oslo_service.service [-] constraint_validation_cache.expiration_time = 60 log_opt_values /usr/lib/python3/dist-packages/oslo_config/cfg.py:2609
2025-10-20 01:44:13.073 69048 DEBUG oslo_service.service [-] service_extension_cache.caching = True log_opt_values /usr/lib/python3/dist-packages/oslo_config/cfg.py:2609
2025-10-20 01:44:13.073 69048 DEBUG oslo_service.service [-] service_extension_cache.expiration_time = 3600 log_opt_values /usr/lib/python3/dist-packages/oslo_config/cfg.py:2609
2025-10-20 01:44:13.073 69048 DEBUG oslo_service.service [-] resource_finder_cache.caching = True log_opt_values /usr/lib/python3/dist-packages/oslo_config/cfg.py:2609
2025-10-20 01:44:13.073 69048 DEBUG oslo_service.service [-] resource_finder_cache.expiration_time = 3600 log_opt_values /usr/lib/python3/dist-packages/oslo_config/cfg.py:2609
2025-10-20 01:44:13.073 69048 DEBUG oslo_service.service [-] yaql.limit_iterators = 200 log_opt_values /usr/lib/python3/dist-packages/oslo_config/cfg.py:2609
2025-10-20 01:44:13.073 69048 DEBUG oslo_service.service [-] yaql.memory_quota = 10000 log_opt_values /usr/lib/python3/dist-packages/oslo_config/cfg.py:2609
2025-10-20 01:44:13.073 69048 DEBUG oslo_service.service [-] ******************************************************************************** log_opt_values /usr/lib/python3/dist-packages/oslo_config/cfg.py:2613
2025-10-20 01:44:13.176 69287 INFO heat.engine.worker [-] Starting engine_worker (1.4) in engine 782c028f-6e83-44ae-95dd-d046e93bbea5.
2025-10-20 01:44:13.178 69289 INFO heat.engine.worker [-] Starting engine_worker (1.4) in engine 1ce6a1c1-9a26-42b4-aa94-98f69974573c.
2025-10-20 01:44:13.188 69288 INFO heat.engine.worker [-] Starting engine_worker (1.4) in engine 24251fe3-9c67-4d75-b5bb-a2130c17f92a.
2025-10-20 01:44:13.189 69286 INFO heat.engine.worker [-] Starting engine_worker (1.4) in engine 6401e505-94d5-41d0-95eb-ba1241182950.
2025-10-20 01:44:13.276 69289 DEBUG oslo_db.sqlalchemy.engines [req-ba85681d-84a3-40c4-9455-9a6a563adc8b - - - - -] MySQL server mode set to STRICT_TRANS_TABLES,STRICT_ALL_TABLES,NO_ZERO_IN_DATE,NO_ZERO_DATE,ERROR_FOR_DIVISION_BY_ZERO,TRADITIONAL,NO_ENGINE_SUBSTITUTION _check_effective_sql_mode /usr/lib/python3/dist-packages/oslo_db/sqlalchemy/engines.py:314
2025-10-20 01:44:13.275 69287 DEBUG oslo_db.sqlalchemy.engines [req-1ba348d4-7d58-453d-a913-ce52db97607e - - - - -] MySQL server mode set to STRICT_TRANS_TABLES,STRICT_ALL_TABLES,NO_ZERO_IN_DATE,NO_ZERO_DATE,ERROR_FOR_DIVISION_BY_ZERO,TRADITIONAL,NO_ENGINE_SUBSTITUTION _check_effective_sql_mode /usr/lib/python3/dist-packages/oslo_db/sqlalchemy/engines.py:314
2025-10-20 01:44:13.280 69288 DEBUG oslo_db.sqlalchemy.engines [req-4a69f7d5-65b3-4869-a1d6-6034b4e2d663 - - - - -] MySQL server mode set to STRICT_TRANS_TABLES,STRICT_ALL_TABLES,NO_ZERO_IN_DATE,NO_ZERO_DATE,ERROR_FOR_DIVISION_BY_ZERO,TRADITIONAL,NO_ENGINE_SUBSTITUTION _check_effective_sql_mode /usr/lib/python3/dist-packages/oslo_db/sqlalchemy/engines.py:314
2025-10-20 01:44:13.283 69286 DEBUG oslo_db.sqlalchemy.engines [req-724beddc-7d33-4e35-9d3e-7a688e102024 - - - - -] MySQL server mode set to STRICT_TRANS_TABLES,STRICT_ALL_TABLES,NO_ZERO_IN_DATE,NO_ZERO_DATE,ERROR_FOR_DIVISION_BY_ZERO,TRADITIONAL,NO_ENGINE_SUBSTITUTION _check_effective_sql_mode /usr/lib/python3/dist-packages/oslo_db/sqlalchemy/engines.py:314
2025-10-20 01:44:13.378 69289 DEBUG heat.engine.service [req-a9f65546-63de-4d0c-9b4a-7c0722f5fc9d - - - - -] Service 1f8a1aeb-f4b0-4a4a-8694-635e2e55af7a is started service_manage_report /usr/lib/python3/dist-packages/heat/engine/service.py:2363
2025-10-20 01:44:13.391 69287 DEBUG heat.engine.service [req-3806f728-a278-4a41-ad8c-4bb149989a9f - - - - -] Service 9a82ddce-7cae-4e99-9db4-33ab0eb14cc2 is started service_manage_report /usr/lib/python3/dist-packages/heat/engine/service.py:2363
2025-10-20 01:44:13.394 69288 DEBUG heat.engine.service [req-24956e97-e3a0-4820-822b-b2b2cfd50a87 - - - - -] Service b748f4f0-59fc-4bd0-a1e0-42d2541b7e1c is started service_manage_report /usr/lib/python3/dist-packages/heat/engine/service.py:2363
2025-10-20 01:44:13.396 69286 DEBUG heat.engine.service [req-f2839169-4925-4726-b76f-b0f81042540d - - - - -] Service b4f00050-1037-4d35-9476-0d1e6121fa02 is started service_manage_report /usr/lib/python3/dist-packages/heat/engine/service.py:2363
2025-10-20 01:44:13.399 69289 DEBUG heat.engine.service [req-a9f65546-63de-4d0c-9b4a-7c0722f5fc9d - - - - -] Service 1f8a1aeb-f4b0-4a4a-8694-635e2e55af7a is updated service_manage_report /usr/lib/python3/dist-packages/heat/engine/service.py:2370
2025-10-20 01:44:13.411 69287 DEBUG heat.engine.service [req-3806f728-a278-4a41-ad8c-4bb149989a9f - - - - -] Service 9a82ddce-7cae-4e99-9db4-33ab0eb14cc2 is updated service_manage_report /usr/lib/python3/dist-packages/heat/engine/service.py:2370
2025-10-20 01:44:13.414 69286 DEBUG heat.engine.service [req-f2839169-4925-4726-b76f-b0f81042540d - - - - -] Service b4f00050-1037-4d35-9476-0d1e6121fa02 is updated service_manage_report /usr/lib/python3/dist-packages/heat/engine/service.py:2370
2025-10-20 01:44:13.415 69288 DEBUG heat.engine.service [req-24956e97-e3a0-4820-822b-b2b2cfd50a87 - - - - -] Service b748f4f0-59fc-4bd0-a1e0-42d2541b7e1c is updated service_manage_report /usr/lib/python3/dist-packages/heat/engine/service.py:2370
2025-10-20 01:45:13.364 69289 DEBUG heat.engine.service [req-86944c4e-c445-4803-96d8-9707252fdeda - - - - -] Service 1f8a1aeb-f4b0-4a4a-8694-635e2e55af7a is updated service_manage_report /usr/lib/python3/dist-packages/heat/engine/service.py:2370
2025-10-20 01:45:13.376 69287 DEBUG heat.engine.service [req-dca29e90-ecc0-42c7-98d6-85359a8502c1 - - - - -] Service 9a82ddce-7cae-4e99-9db4-33ab0eb14cc2 is updated service_manage_report /usr/lib/python3/dist-packages/heat/engine/service.py:2370
2025-10-20 01:45:13.384 69288 DEBUG heat.engine.service [req-ced2ca23-4889-415e-9b89-b62123e6dea4 - - - - -] Service b748f4f0-59fc-4bd0-a1e0-42d2541b7e1c is updated service_manage_report /usr/lib/python3/dist-packages/heat/engine/service.py:2370
2025-10-20 01:45:13.385 69286 DEBUG heat.engine.service [req-5c5a4222-1826-4d75-a50c-dec78db0dc34 - - - - -] Service b4f00050-1037-4d35-9476-0d1e6121fa02 is updated service_manage_report /usr/lib/python3/dist-packages/heat/engine/service.py:2370
2025-10-20 01:46:13.369 69289 DEBUG heat.engine.service [req-da2c289c-1faf-4d41-a297-5e98768a1e6e - - - - -] Service 1f8a1aeb-f4b0-4a4a-8694-635e2e55af7a is updated service_manage_report /usr/lib/python3/dist-packages/heat/engine/service.py:2370
2025-10-20 01:46:13.378 69288 DEBUG heat.engine.service [req-cbea8605-1ec7-49b9-93de-1f0f4a32adf1 - - - - -] Service b748f4f0-59fc-4bd0-a1e0-42d2541b7e1c is updated service_manage_report /usr/lib/python3/dist-packages/heat/engine/service.py:2370
2025-10-20 01:46:13.380 69286 DEBUG heat.engine.service [req-2eadf78e-530b-48eb-af5c-b426fca1c887 - - - - -] Service b4f00050-1037-4d35-9476-0d1e6121fa02 is updated service_manage_report /usr/lib/python3/dist-packages/heat/engine/service.py:2370
2025-10-20 01:46:13.380 69287 DEBUG heat.engine.service [req-ecb73061-d8b9-4438-93cd-c31329b80668 - - - - -] Service 9a82ddce-7cae-4e99-9db4-33ab0eb14cc2 is updated service_manage_report /usr/lib/python3/dist-packages/heat/engine/service.py:2370
2025-10-20 01:47:13.385 69289 DEBUG heat.engine.service [req-ee9daa16-2e56-4556-a13c-22633b7bc6b5 - - - - -] Service 1f8a1aeb-f4b0-4a4a-8694-635e2e55af7a is updated service_manage_report /usr/lib/python3/dist-packages/heat/engine/service.py:2370
2025-10-20 01:47:13.391 69286 DEBUG heat.engine.service [req-677d1fe5-fca9-485a-a03a-1bae8610bd24 - - - - -] Service b4f00050-1037-4d35-9476-0d1e6121fa02 is updated service_manage_report /usr/lib/python3/dist-packages/heat/engine/service.py:2370
2025-10-20 01:47:13.394 69287 DEBUG heat.engine.service [req-5eb747bb-4ccb-4d92-93e5-d43a4e80ff13 - - - - -] Service 9a82ddce-7cae-4e99-9db4-33ab0eb14cc2 is updated service_manage_report /usr/lib/python3/dist-packages/heat/engine/service.py:2370
2025-10-20 01:47:13.395 69288 DEBUG heat.engine.service [req-5f6828b5-49cc-4157-9cd8-6300a421be13 - - - - -] Service b748f4f0-59fc-4bd0-a1e0-42d2541b7e1c is updated service_manage_report /usr/lib/python3/dist-packages/heat/engine/service.py:2370
2025-10-20 01:48:13.369 69289 DEBUG heat.engine.service [req-bbf24dfc-ec25-4e5d-9d10-51ae7b6505cd - - - - -] Service 1f8a1aeb-f4b0-4a4a-8694-635e2e55af7a is updated service_manage_report /usr/lib/python3/dist-packages/heat/engine/service.py:2370
2025-10-20 01:48:13.378 69288 DEBUG heat.engine.service [req-550166aa-f7c6-44ed-9daa-a271d1b1d7cf - - - - -] Service b748f4f0-59fc-4bd0-a1e0-42d2541b7e1c is updated service_manage_report /usr/lib/python3/dist-packages/heat/engine/service.py:2370
2025-10-20 01:48:13.383 69286 DEBUG heat.engine.service [req-75ff1b26-452c-4d2d-8947-f445e18e5b5d - - - - -] Service b4f00050-1037-4d35-9476-0d1e6121fa02 is updated service_manage_report /usr/lib/python3/dist-packages/heat/engine/service.py:2370
2025-10-20 01:48:13.387 69287 DEBUG heat.engine.service [req-aede48c6-b293-40cf-bc7b-307d4fbb94d1 - - - - -] Service 9a82ddce-7cae-4e99-9db4-33ab0eb14cc2 is updated service_manage_report /usr/lib/python3/dist-packages/heat/engine/service.py:2370
2025-10-20 01:49:13.372 69289 DEBUG heat.engine.service [req-edea47a8-d72a-48a9-816c-889dfc415ec7 - - - - -] Service 1f8a1aeb-f4b0-4a4a-8694-635e2e55af7a is updated service_manage_report /usr/lib/python3/dist-packages/heat/engine/service.py:2370
2025-10-20 01:49:13.389 69288 DEBUG heat.engine.service [req-9b727e1b-fa3f-4e72-aa83-20aceb0ae525 - - - - -] Service b748f4f0-59fc-4bd0-a1e0-42d2541b7e1c is updated service_manage_report /usr/lib/python3/dist-packages/heat/engine/service.py:2370
2025-10-20 01:49:13.391 69287 DEBUG heat.engine.service [req-1e303303-091e-4a5f-9c5c-8504a8f94f31 - - - - -] Service 9a82ddce-7cae-4e99-9db4-33ab0eb14cc2 is updated service_manage_report /usr/lib/python3/dist-packages/heat/engine/service.py:2370
2025-10-20 01:49:13.392 69286 DEBUG heat.engine.service [req-8e02c5f7-8830-4b14-b7f5-bf40ef4ee107 - - - - -] Service b4f00050-1037-4d35-9476-0d1e6121fa02 is updated service_manage_report /usr/lib/python3/dist-packages/heat/engine/service.py:2370
2025-10-20 01:50:13.378 69289 DEBUG heat.engine.service [req-e7657a93-355d-4446-a6f6-d3a6fa68bf14 - - - - -] Service 1f8a1aeb-f4b0-4a4a-8694-635e2e55af7a is updated service_manage_report /usr/lib/python3/dist-packages/heat/engine/service.py:2370
2025-10-20 01:50:13.382 69288 DEBUG heat.engine.service [req-d78d1794-797b-4cc4-a6d1-9ae00a04ec03 - - - - -] Service b748f4f0-59fc-4bd0-a1e0-42d2541b7e1c is updated service_manage_report /usr/lib/python3/dist-packages/heat/engine/service.py:2370
2025-10-20 01:50:13.385 69286 DEBUG heat.engine.service [req-e0f529d3-cb25-4ab3-aa5c-b5d54cb684fc - - - - -] Service b4f00050-1037-4d35-9476-0d1e6121fa02 is updated service_manage_report /usr/lib/python3/dist-packages/heat/engine/service.py:2370
2025-10-20 01:50:13.394 69287 DEBUG heat.engine.service [req-b85846a2-e744-46a2-ab71-c454aaeb1ef6 - - - - -] Service 9a82ddce-7cae-4e99-9db4-33ab0eb14cc2 is updated service_manage_report /usr/lib/python3/dist-packages/heat/engine/service.py:2370
2025-10-20 01:51:13.381 69289 DEBUG heat.engine.service [req-cc519a70-60bc-478b-9672-3c4fb14ca776 - - - - -] Service 1f8a1aeb-f4b0-4a4a-8694-635e2e55af7a is updated service_manage_report /usr/lib/python3/dist-packages/heat/engine/service.py:2370
2025-10-20 01:51:13.387 69288 DEBUG heat.engine.service [req-7c1a7f90-8c5a-4172-9c19-8beb637fc723 - - - - -] Service b748f4f0-59fc-4bd0-a1e0-42d2541b7e1c is updated service_manage_report /usr/lib/python3/dist-packages/heat/engine/service.py:2370
2025-10-20 01:51:13.389 69286 DEBUG heat.engine.service [req-29d415a8-b91d-4ec5-8872-c015e4adf253 - - - - -] Service b4f00050-1037-4d35-9476-0d1e6121fa02 is updated service_manage_report /usr/lib/python3/dist-packages/heat/engine/service.py:2370
2025-10-20 01:51:13.401 69287 DEBUG heat.engine.service [req-78b15e86-d215-44ac-8b55-a577abaf8c2e - - - - -] Service 9a82ddce-7cae-4e99-9db4-33ab0eb14cc2 is updated service_manage_report /usr/lib/python3/dist-packages/heat/engine/service.py:2370
2025-10-20 01:52:13.385 69289 DEBUG heat.engine.service [req-f75f71af-6513-4865-92df-ac794860cc72 - - - - -] Service 1f8a1aeb-f4b0-4a4a-8694-635e2e55af7a is updated service_manage_report /usr/lib/python3/dist-packages/heat/engine/service.py:2370
2025-10-20 01:52:13.391 69288 DEBUG heat.engine.service [req-fd86e540-5578-4d65-9b62-24d3745cf491 - - - - -] Service b748f4f0-59fc-4bd0-a1e0-42d2541b7e1c is updated service_manage_report /usr/lib/python3/dist-packages/heat/engine/service.py:2370
2025-10-20 01:52:13.395 69286 DEBUG heat.engine.service [req-0f54bc4e-4c77-4bfc-b29e-dea4cfe6126d - - - - -] Service b4f00050-1037-4d35-9476-0d1e6121fa02 is updated service_manage_report /usr/lib/python3/dist-packages/heat/engine/service.py:2370
2025-10-20 01:52:13.398 69287 DEBUG heat.engine.service [req-8bd6ed3f-c1e2-475e-9dac-7c94de6581d1 - - - - -] Service 9a82ddce-7cae-4e99-9db4-33ab0eb14cc2 is updated service_manage_report /usr/lib/python3/dist-packages/heat/engine/service.py:2370
2025-10-20 01:53:13.392 69286 DEBUG heat.engine.service [req-31fb00d3-6e04-42e0-8a70-9a00c9b60549 - - - - -] Service b4f00050-1037-4d35-9476-0d1e6121fa02 is updated service_manage_report /usr/lib/python3/dist-packages/heat/engine/service.py:2370
2025-10-20 01:53:13.396 69288 DEBUG heat.engine.service [req-f5fe0d27-d0da-4d44-8909-b41554da46c4 - - - - -] Service b748f4f0-59fc-4bd0-a1e0-42d2541b7e1c is updated service_manage_report /usr/lib/python3/dist-packages/heat/engine/service.py:2370
2025-10-20 01:53:13.396 69289 DEBUG heat.engine.service [req-01cb16de-eefb-451a-bc5e-7163db10cdec - - - - -] Service 1f8a1aeb-f4b0-4a4a-8694-635e2e55af7a is updated service_manage_report /usr/lib/python3/dist-packages/heat/engine/service.py:2370
2025-10-20 01:53:13.397 69287 DEBUG heat.engine.service [req-4a2e04cb-df00-4571-93b7-c3120fdffc7a - - - - -] Service 9a82ddce-7cae-4e99-9db4-33ab0eb14cc2 is updated service_manage_report /usr/lib/python3/dist-packages/heat/engine/service.py:2370
2025-10-20 01:54:13.386 69286 DEBUG heat.engine.service [req-14339d4d-f9c7-49c8-846c-40f00a51763a - - - - -] Service b4f00050-1037-4d35-9476-0d1e6121fa02 is updated service_manage_report /usr/lib/python3/dist-packages/heat/engine/service.py:2370
2025-10-20 01:54:13.389 69287 DEBUG heat.engine.service [req-569e24a5-0525-44bf-90c9-2833f352f5b5 - - - - -] Service 9a82ddce-7cae-4e99-9db4-33ab0eb14cc2 is updated service_manage_report /usr/lib/python3/dist-packages/heat/engine/service.py:2370
2025-10-20 01:54:13.389 69289 DEBUG heat.engine.service [req-ac18673e-8c2c-431a-954c-e893dff021f1 - - - - -] Service 1f8a1aeb-f4b0-4a4a-8694-635e2e55af7a is updated service_manage_report /usr/lib/python3/dist-packages/heat/engine/service.py:2370
2025-10-20 01:54:13.398 69288 DEBUG heat.engine.service [req-d3907f5d-2db5-4c0c-bc39-34fc8a4a30bc - - - - -] Service b748f4f0-59fc-4bd0-a1e0-42d2541b7e1c is updated service_manage_report /usr/lib/python3/dist-packages/heat/engine/service.py:2370
2025-10-20 01:55:13.395 69286 DEBUG heat.engine.service [req-56ea3654-2e44-49f0-9171-7e9acbbc49df - - - - -] Service b4f00050-1037-4d35-9476-0d1e6121fa02 is updated service_manage_report /usr/lib/python3/dist-packages/heat/engine/service.py:2370
2025-10-20 01:55:13.397 69289 DEBUG heat.engine.service [req-d0055082-1eb0-41cd-b982-1e65c49d09fe - - - - -] Service 1f8a1aeb-f4b0-4a4a-8694-635e2e55af7a is updated service_manage_report /usr/lib/python3/dist-packages/heat/engine/service.py:2370
2025-10-20 01:55:13.397 69287 DEBUG heat.engine.service [req-45494de1-2d56-4bd1-821c-fda4769777d8 - - - - -] Service 9a82ddce-7cae-4e99-9db4-33ab0eb14cc2 is updated service_manage_report /usr/lib/python3/dist-packages/heat/engine/service.py:2370
2025-10-20 01:55:13.402 69288 DEBUG heat.engine.service [req-6fe3e4ce-e266-4e58-ab84-f91f1491f3a1 - - - - -] Service b748f4f0-59fc-4bd0-a1e0-42d2541b7e1c is updated service_manage_report /usr/lib/python3/dist-packages/heat/engine/service.py:2370
2025-10-20 01:56:13.390 69286 DEBUG heat.engine.service [req-9ea5edc1-2df6-4640-9ea6-cf990b476975 - - - - -] Service b4f00050-1037-4d35-9476-0d1e6121fa02 is updated service_manage_report /usr/lib/python3/dist-packages/heat/engine/service.py:2370
2025-10-20 01:56:13.392 69287 DEBUG heat.engine.service [req-d2b5ad46-4548-4c76-a65f-9f90beadb5f1 - - - - -] Service 9a82ddce-7cae-4e99-9db4-33ab0eb14cc2 is updated service_manage_report /usr/lib/python3/dist-packages/heat/engine/service.py:2370
2025-10-20 01:56:13.392 69289 DEBUG heat.engine.service [req-54675bef-0486-4d74-8194-e85f4dc0a2b9 - - - - -] Service 1f8a1aeb-f4b0-4a4a-8694-635e2e55af7a is updated service_manage_report /usr/lib/python3/dist-packages/heat/engine/service.py:2370
2025-10-20 01:56:13.405 69288 DEBUG heat.engine.service [req-8e23e8c8-2f5c-4dde-b8a8-48ebd9c4f669 - - - - -] Service b748f4f0-59fc-4bd0-a1e0-42d2541b7e1c is updated service_manage_report /usr/lib/python3/dist-packages/heat/engine/service.py:2370
2025-10-20 01:57:13.399 69286 DEBUG heat.engine.service [req-63c69d04-1bc4-4199-b9c3-9b71b020d563 - - - - -] Service b4f00050-1037-4d35-9476-0d1e6121fa02 is updated service_manage_report /usr/lib/python3/dist-packages/heat/engine/service.py:2370
2025-10-20 01:57:13.401 69289 DEBUG heat.engine.service [req-f6ac23b5-f338-4944-97cb-8b2854c14425 - - - - -] Service 1f8a1aeb-f4b0-4a4a-8694-635e2e55af7a is updated service_manage_report /usr/lib/python3/dist-packages/heat/engine/service.py:2370
2025-10-20 01:57:13.401 69287 DEBUG heat.engine.service [req-b36a6189-ddbe-472d-8150-95b78dd858df - - - - -] Service 9a82ddce-7cae-4e99-9db4-33ab0eb14cc2 is updated service_manage_report /usr/lib/python3/dist-packages/heat/engine/service.py:2370
2025-10-20 01:57:13.409 69288 DEBUG heat.engine.service [req-e11a7b38-bc65-40ed-8ebe-9172d468558d - - - - -] Service b748f4f0-59fc-4bd0-a1e0-42d2541b7e1c is updated service_manage_report /usr/lib/python3/dist-packages/heat/engine/service.py:2370
2025-10-20 01:58:13.395 69289 DEBUG heat.engine.service [req-ecabd988-d989-40aa-8356-7b4b7dfacf14 - - - - -] Service 1f8a1aeb-f4b0-4a4a-8694-635e2e55af7a is updated service_manage_report /usr/lib/python3/dist-packages/heat/engine/service.py:2370
2025-10-20 01:58:13.399 69287 DEBUG heat.engine.service [req-af3da294-9e59-4f60-b2b8-44717d1e1acf - - - - -] Service 9a82ddce-7cae-4e99-9db4-33ab0eb14cc2 is updated service_manage_report /usr/lib/python3/dist-packages/heat/engine/service.py:2370
2025-10-20 01:58:13.400 69286 DEBUG heat.engine.service [req-4eed867c-2a7b-4507-bf82-3a55d245f866 - - - - -] Service b4f00050-1037-4d35-9476-0d1e6121fa02 is updated service_manage_report /usr/lib/python3/dist-packages/heat/engine/service.py:2370
2025-10-20 01:58:13.413 69288 DEBUG heat.engine.service [req-b7ad14b0-2475-4811-95d8-af29d0429281 - - - - -] Service b748f4f0-59fc-4bd0-a1e0-42d2541b7e1c is updated service_manage_report /usr/lib/python3/dist-packages/heat/engine/service.py:2370
2025-10-20 01:59:13.395 69287 DEBUG heat.engine.service [req-9e41a3cb-15d9-4583-94cc-937d5933f9aa - - - - -] Service 9a82ddce-7cae-4e99-9db4-33ab0eb14cc2 is updated service_manage_report /usr/lib/python3/dist-packages/heat/engine/service.py:2370
2025-10-20 01:59:13.400 69289 DEBUG heat.engine.service [req-698fc7bd-017e-466c-a2ce-973590555e66 - - - - -] Service 1f8a1aeb-f4b0-4a4a-8694-635e2e55af7a is updated service_manage_report /usr/lib/python3/dist-packages/heat/engine/service.py:2370
2025-10-20 01:59:13.401 69286 DEBUG heat.engine.service [req-62dc4972-35fd-4d86-9e61-57b954709e0a - - - - -] Service b4f00050-1037-4d35-9476-0d1e6121fa02 is updated service_manage_report /usr/lib/python3/dist-packages/heat/engine/service.py:2370
2025-10-20 01:59:13.418 69288 DEBUG heat.engine.service [req-7c465e7c-6976-47f6-be73-b490f8811ad5 - - - - -] Service b748f4f0-59fc-4bd0-a1e0-42d2541b7e1c is updated service_manage_report /usr/lib/python3/dist-packages/heat/engine/service.py:2370
2025-10-20 02:00:13.390 69287 DEBUG heat.engine.service [req-d946f060-a8bf-49d5-bcee-4e39fadbdf8f - - - - -] Service 9a82ddce-7cae-4e99-9db4-33ab0eb14cc2 is updated service_manage_report /usr/lib/python3/dist-packages/heat/engine/service.py:2370
2025-10-20 02:00:13.394 69286 DEBUG heat.engine.service [req-e19e3ff1-8299-45d0-b102-6296bdd50933 - - - - -] Service b4f00050-1037-4d35-9476-0d1e6121fa02 is updated service_manage_report /usr/lib/python3/dist-packages/heat/engine/service.py:2370
2025-10-20 02:00:13.404 69289 DEBUG heat.engine.service [req-f01ef7ca-dd8b-45c5-999f-dba68cc289c7 - - - - -] Service 1f8a1aeb-f4b0-4a4a-8694-635e2e55af7a is updated service_manage_report /usr/lib/python3/dist-packages/heat/engine/service.py:2370
2025-10-20 02:00:13.427 69288 DEBUG heat.engine.service [req-f5eaf5a0-b9ac-4f50-bc01-248467144c26 - - - - -] Service b748f4f0-59fc-4bd0-a1e0-42d2541b7e1c is updated service_manage_report /usr/lib/python3/dist-packages/heat/engine/service.py:2370
