2025-10-20 01:19:28.671 38175 DEBUG heat.engine.service [req-03e25e90-d993-424f-8705-77be18512ee6 - - - - -] Service 85f05bec-699a-4099-a3cd-b9a4619a2961 is updated service_manage_report /usr/lib/python3/dist-packages/heat/engine/service.py:2370
2025-10-20 01:19:28.711 38176 DEBUG heat.engine.service [req-5e78d0b5-0ac3-4d59-94ad-f9d9bce30d30 - - - - -] Service b995f291-0efb-485e-9a79-127e4c66872f is updated service_manage_report /usr/lib/python3/dist-packages/heat/engine/service.py:2370
2025-10-20 01:20:28.660 38178 DEBUG heat.engine.service [req-76d46acf-00af-42b9-a881-0ec08510decd - - - - -] Service 1dd82e66-e8f4-419b-baeb-0df9a2dba8ad is updated service_manage_report /usr/lib/python3/dist-packages/heat/engine/service.py:2370
2025-10-20 01:20:28.673 38177 DEBUG heat.engine.service [req-5f95c6cf-035d-462c-a938-5b21676e3457 - - - - -] Service e6bcf72d-ed2f-4683-b27b-14a77068c54d is updated service_manage_report /usr/lib/python3/dist-packages/heat/engine/service.py:2370
2025-10-20 01:20:28.676 38175 DEBUG heat.engine.service [req-e4a404ca-34fa-41c4-9573-9d38932adf69 - - - - -] Service 85f05bec-699a-4099-a3cd-b9a4619a2961 is updated service_manage_report /usr/lib/python3/dist-packages/heat/engine/service.py:2370
2025-10-20 01:20:28.715 38176 DEBUG heat.engine.service [req-bf94fda7-4526-40a7-8992-1225b8afbcd5 - - - - -] Service b995f291-0efb-485e-9a79-127e4c66872f is updated service_manage_report /usr/lib/python3/dist-packages/heat/engine/service.py:2370
2025-10-20 01:21:28.665 38178 DEBUG heat.engine.service [req-13deca5a-582e-42e1-8a36-aa2c95c80992 - - - - -] Service 1dd82e66-e8f4-419b-baeb-0df9a2dba8ad is updated service_manage_report /usr/lib/python3/dist-packages/heat/engine/service.py:2370
2025-10-20 01:21:28.681 38177 DEBUG heat.engine.service [req-4e603caf-9150-4e0b-9571-e2107f757673 - - - - -] Service e6bcf72d-ed2f-4683-b27b-14a77068c54d is updated service_manage_report /usr/lib/python3/dist-packages/heat/engine/service.py:2370
2025-10-20 01:21:28.684 38175 DEBUG heat.engine.service [req-a3468a66-a68b-434c-b3d6-378fc5631787 - - - - -] Service 85f05bec-699a-4099-a3cd-b9a4619a2961 is updated service_manage_report /usr/lib/python3/dist-packages/heat/engine/service.py:2370
2025-10-20 01:21:28.719 38176 DEBUG heat.engine.service [req-a73858e0-b626-48b3-989f-6c0d92a3a5d8 - - - - -] Service b995f291-0efb-485e-9a79-127e4c66872f is updated service_manage_report /usr/lib/python3/dist-packages/heat/engine/service.py:2370
2025-10-20 01:22:28.669 38178 DEBUG heat.engine.service [req-4cfe35ca-62de-45cd-a593-9e9473eba0f1 - - - - -] Service 1dd82e66-e8f4-419b-baeb-0df9a2dba8ad is updated service_manage_report /usr/lib/python3/dist-packages/heat/engine/service.py:2370
2025-10-20 01:22:28.678 38177 DEBUG heat.engine.service [req-ed41424d-1452-4691-97ba-63d2cff90dfa - - - - -] Service e6bcf72d-ed2f-4683-b27b-14a77068c54d is updated service_manage_report /usr/lib/python3/dist-packages/heat/engine/service.py:2370
2025-10-20 01:22:28.679 38175 DEBUG heat.engine.service [req-5a3f3867-759a-42a8-b909-c617acfa49c8 - - - - -] Service 85f05bec-699a-4099-a3cd-b9a4619a2961 is updated service_manage_report /usr/lib/python3/dist-packages/heat/engine/service.py:2370
2025-10-20 01:22:28.723 38176 DEBUG heat.engine.service [req-49144d6d-c57f-43cf-a655-0fd17fddbafc - - - - -] Service b995f291-0efb-485e-9a79-127e4c66872f is updated service_manage_report /usr/lib/python3/dist-packages/heat/engine/service.py:2370
2025-10-20 01:23:28.672 38177 DEBUG heat.engine.service [req-5c65e6e3-a6c9-47b6-b07f-084ea1f4f72b - - - - -] Service e6bcf72d-ed2f-4683-b27b-14a77068c54d is updated service_manage_report /usr/lib/python3/dist-packages/heat/engine/service.py:2370
2025-10-20 01:23:28.676 38178 DEBUG heat.engine.service [req-0bade0f6-6cd5-4779-8a40-99cb27a659ff - - - - -] Service 1dd82e66-e8f4-419b-baeb-0df9a2dba8ad is updated service_manage_report /usr/lib/python3/dist-packages/heat/engine/service.py:2370
2025-10-20 01:23:28.682 38175 DEBUG heat.engine.service [req-0958acc5-77be-4500-9f34-5be0f5e84779 - - - - -] Service 85f05bec-699a-4099-a3cd-b9a4619a2961 is updated service_manage_report /usr/lib/python3/dist-packages/heat/engine/service.py:2370
2025-10-20 01:23:28.727 38176 DEBUG heat.engine.service [req-0948e9ab-1f36-45a2-b0d3-e22903eb9220 - - - - -] Service b995f291-0efb-485e-9a79-127e4c66872f is updated service_manage_report /usr/lib/python3/dist-packages/heat/engine/service.py:2370
2025-10-20 01:24:28.668 38178 DEBUG heat.engine.service [req-1124c710-fbb9-4411-9503-99077e091d57 - - - - -] Service 1dd82e66-e8f4-419b-baeb-0df9a2dba8ad is updated service_manage_report /usr/lib/python3/dist-packages/heat/engine/service.py:2370
2025-10-20 01:24:28.674 38177 DEBUG heat.engine.service [req-a8e610b8-8eb3-430a-8413-d347a4dbcd74 - - - - -] Service e6bcf72d-ed2f-4683-b27b-14a77068c54d is updated service_manage_report /usr/lib/python3/dist-packages/heat/engine/service.py:2370
2025-10-20 01:24:28.685 38175 DEBUG heat.engine.service [req-91a578c5-8ce0-44df-b229-7b8e1022d008 - - - - -] Service 85f05bec-699a-4099-a3cd-b9a4619a2961 is updated service_manage_report /usr/lib/python3/dist-packages/heat/engine/service.py:2370
2025-10-20 01:24:28.732 38176 DEBUG heat.engine.service [req-3f3d08c0-e152-4eec-80ba-61ef66910523 - - - - -] Service b995f291-0efb-485e-9a79-127e4c66872f is updated service_manage_report /usr/lib/python3/dist-packages/heat/engine/service.py:2370
2025-10-20 01:25:28.673 38178 DEBUG heat.engine.service [req-a490959c-7b54-40ba-83c4-e805793276e4 - - - - -] Service 1dd82e66-e8f4-419b-baeb-0df9a2dba8ad is updated service_manage_report /usr/lib/python3/dist-packages/heat/engine/service.py:2370
2025-10-20 01:25:28.680 38177 DEBUG heat.engine.service [req-6e06577b-ca76-4699-be72-2aa85417d2d0 - - - - -] Service e6bcf72d-ed2f-4683-b27b-14a77068c54d is updated service_manage_report /usr/lib/python3/dist-packages/heat/engine/service.py:2370
2025-10-20 01:25:28.688 38175 DEBUG heat.engine.service [req-db6bae8a-7423-4ecb-aed8-3abd2cf91f58 - - - - -] Service 85f05bec-699a-4099-a3cd-b9a4619a2961 is updated service_manage_report /usr/lib/python3/dist-packages/heat/engine/service.py:2370
2025-10-20 01:25:28.735 38176 DEBUG heat.engine.service [req-dcd2cb90-0681-4a78-b03e-926ffd7b8ca6 - - - - -] Service b995f291-0efb-485e-9a79-127e4c66872f is updated service_manage_report /usr/lib/python3/dist-packages/heat/engine/service.py:2370
2025-10-20 01:26:28.679 38178 DEBUG heat.engine.service [req-510e8b96-b977-43e0-bd52-46dfd9a69989 - - - - -] Service 1dd82e66-e8f4-419b-baeb-0df9a2dba8ad is updated service_manage_report /usr/lib/python3/dist-packages/heat/engine/service.py:2370
2025-10-20 01:26:28.685 38177 DEBUG heat.engine.service [req-ca2ee994-dd84-40c7-9c31-d8d12db139fe - - - - -] Service e6bcf72d-ed2f-4683-b27b-14a77068c54d is updated service_manage_report /usr/lib/python3/dist-packages/heat/engine/service.py:2370
2025-10-20 01:26:28.691 38175 DEBUG heat.engine.service [req-cb542e46-cd4c-4b6c-99bc-c8674d7340a0 - - - - -] Service 85f05bec-699a-4099-a3cd-b9a4619a2961 is updated service_manage_report /usr/lib/python3/dist-packages/heat/engine/service.py:2370
2025-10-20 01:26:28.737 38176 DEBUG heat.engine.service [req-459ba134-e97a-4ac6-a742-845e29eef15c - - - - -] Service b995f291-0efb-485e-9a79-127e4c66872f is updated service_manage_report /usr/lib/python3/dist-packages/heat/engine/service.py:2370
2025-10-20 01:27:28.685 38178 DEBUG heat.engine.service [req-832f4f9f-7ccf-4ddd-b19d-8e81c2081ce8 - - - - -] Service 1dd82e66-e8f4-419b-baeb-0df9a2dba8ad is updated service_manage_report /usr/lib/python3/dist-packages/heat/engine/service.py:2370
2025-10-20 01:27:28.689 38177 DEBUG heat.engine.service [req-0ed035e7-e08b-4bd3-a71a-e3a6bf40cbc8 - - - - -] Service e6bcf72d-ed2f-4683-b27b-14a77068c54d is updated service_manage_report /usr/lib/python3/dist-packages/heat/engine/service.py:2370
2025-10-20 01:27:28.693 38175 DEBUG heat.engine.service [req-c7cda65a-6288-4128-9d74-0f4d7e0da8a2 - - - - -] Service 85f05bec-699a-4099-a3cd-b9a4619a2961 is updated service_manage_report /usr/lib/python3/dist-packages/heat/engine/service.py:2370
2025-10-20 01:27:28.739 38176 DEBUG heat.engine.service [req-28f304fd-4393-4509-8723-606bf6b054f6 - - - - -] Service b995f291-0efb-485e-9a79-127e4c66872f is updated service_manage_report /usr/lib/python3/dist-packages/heat/engine/service.py:2370
2025-10-20 01:28:28.681 38178 DEBUG heat.engine.service [req-9952e098-f547-4d3b-9d1f-e41d49f0e4b6 - - - - -] Service 1dd82e66-e8f4-419b-baeb-0df9a2dba8ad is updated service_manage_report /usr/lib/python3/dist-packages/heat/engine/service.py:2370
2025-10-20 01:28:28.694 38177 DEBUG heat.engine.service [req-9d951a4b-68be-4c04-9cb9-2ec34a4a2107 - - - - -] Service e6bcf72d-ed2f-4683-b27b-14a77068c54d is updated service_manage_report /usr/lib/python3/dist-packages/heat/engine/service.py:2370
2025-10-20 01:28:28.702 38175 DEBUG heat.engine.service [req-35abc2fb-81e2-4716-a11d-6b853ac7baa2 - - - - -] Service 85f05bec-699a-4099-a3cd-b9a4619a2961 is updated service_manage_report /usr/lib/python3/dist-packages/heat/engine/service.py:2370
2025-10-20 01:28:28.743 38176 DEBUG heat.engine.service [req-46286bd9-42b7-4397-96c1-b3a3d5a87d87 - - - - -] Service b995f291-0efb-485e-9a79-127e4c66872f is updated service_manage_report /usr/lib/python3/dist-packages/heat/engine/service.py:2370
2025-10-20 01:29:28.676 38178 DEBUG heat.engine.service [req-aa509419-9fd0-4c42-aca1-5785d42bb5c1 - - - - -] Service 1dd82e66-e8f4-419b-baeb-0df9a2dba8ad is updated service_manage_report /usr/lib/python3/dist-packages/heat/engine/service.py:2370
2025-10-20 01:29:28.700 38177 DEBUG heat.engine.service [req-1e797cfe-a65d-4bc3-9dc7-32e3e7dde53c - - - - -] Service e6bcf72d-ed2f-4683-b27b-14a77068c54d is updated service_manage_report /usr/lib/python3/dist-packages/heat/engine/service.py:2370
2025-10-20 01:29:28.703 38175 DEBUG heat.engine.service [req-d693bb0b-71f5-4b42-8659-d6fe66d0f789 - - - - -] Service 85f05bec-699a-4099-a3cd-b9a4619a2961 is updated service_manage_report /usr/lib/python3/dist-packages/heat/engine/service.py:2370
2025-10-20 01:29:28.747 38176 DEBUG heat.engine.service [req-2d0d824f-1b3c-46e3-963a-62e1c5711a25 - - - - -] Service b995f291-0efb-485e-9a79-127e4c66872f is updated service_manage_report /usr/lib/python3/dist-packages/heat/engine/service.py:2370
2025-10-20 01:30:28.673 38178 DEBUG heat.engine.service [req-b77398c0-20ed-4d48-8408-7d5701250556 - - - - -] Service 1dd82e66-e8f4-419b-baeb-0df9a2dba8ad is updated service_manage_report /usr/lib/python3/dist-packages/heat/engine/service.py:2370
2025-10-20 01:30:28.695 38177 DEBUG heat.engine.service [req-662b3e1f-2e44-43d5-9533-f9fad34b7c21 - - - - -] Service e6bcf72d-ed2f-4683-b27b-14a77068c54d is updated service_manage_report /usr/lib/python3/dist-packages/heat/engine/service.py:2370
2025-10-20 01:30:28.696 38175 DEBUG heat.engine.service [req-3e0b62b8-474a-4c2d-b366-94ba2a86ff14 - - - - -] Service 85f05bec-699a-4099-a3cd-b9a4619a2961 is updated service_manage_report /usr/lib/python3/dist-packages/heat/engine/service.py:2370
2025-10-20 01:30:28.751 38176 DEBUG heat.engine.service [req-8cdbce18-83c4-424f-8dfd-9fa853aa27ce - - - - -] Service b995f291-0efb-485e-9a79-127e4c66872f is updated service_manage_report /usr/lib/python3/dist-packages/heat/engine/service.py:2370
2025-10-20 01:31:28.667 38178 DEBUG heat.engine.service [req-b3b1d79b-e948-467d-8656-48e23337eeb5 - - - - -] Service 1dd82e66-e8f4-419b-baeb-0df9a2dba8ad is updated service_manage_report /usr/lib/python3/dist-packages/heat/engine/service.py:2370
2025-10-20 01:31:28.700 38177 DEBUG heat.engine.service [req-bbae6d11-f3a5-424e-b328-7e4ecd6f0020 - - - - -] Service e6bcf72d-ed2f-4683-b27b-14a77068c54d is updated service_manage_report /usr/lib/python3/dist-packages/heat/engine/service.py:2370
2025-10-20 01:31:28.702 38175 DEBUG heat.engine.service [req-75c906da-e0b9-47f2-b796-922349b0d6cf - - - - -] Service 85f05bec-699a-4099-a3cd-b9a4619a2961 is updated service_manage_report /usr/lib/python3/dist-packages/heat/engine/service.py:2370
2025-10-20 01:31:28.755 38176 DEBUG heat.engine.service [req-761b1fa0-3022-4124-82f8-12f274f8ed53 - - - - -] Service b995f291-0efb-485e-9a79-127e4c66872f is updated service_manage_report /usr/lib/python3/dist-packages/heat/engine/service.py:2370
2025-10-20 01:32:28.675 38178 DEBUG heat.engine.service [req-94522647-e2df-423a-9a89-273bc1236b72 - - - - -] Service 1dd82e66-e8f4-419b-baeb-0df9a2dba8ad is updated service_manage_report /usr/lib/python3/dist-packages/heat/engine/service.py:2370
2025-10-20 01:32:28.697 38175 DEBUG heat.engine.service [req-c6016939-6c64-4ac5-9b1a-d7d120f33bc7 - - - - -] Service 85f05bec-699a-4099-a3cd-b9a4619a2961 is updated service_manage_report /usr/lib/python3/dist-packages/heat/engine/service.py:2370
2025-10-20 01:32:28.703 38177 DEBUG heat.engine.service [req-b324fbdd-1db9-44f6-b51c-99ff9d9642fd - - - - -] Service e6bcf72d-ed2f-4683-b27b-14a77068c54d is updated service_manage_report /usr/lib/python3/dist-packages/heat/engine/service.py:2370
2025-10-20 01:32:28.758 38176 DEBUG heat.engine.service [req-f202fece-2caa-412a-b5d5-8e3d57f96f85 - - - - -] Service b995f291-0efb-485e-9a79-127e4c66872f is updated service_manage_report /usr/lib/python3/dist-packages/heat/engine/service.py:2370
2025-10-20 01:33:28.667 38178 DEBUG heat.engine.service [req-95e7a65c-2b8f-4ef2-b44e-0bd19864f139 - - - - -] Service 1dd82e66-e8f4-419b-baeb-0df9a2dba8ad is updated service_manage_report /usr/lib/python3/dist-packages/heat/engine/service.py:2370
2025-10-20 01:33:28.702 38175 DEBUG heat.engine.service [req-67719f87-0554-4b58-866d-d8d8000eab6f - - - - -] Service 85f05bec-699a-4099-a3cd-b9a4619a2961 is updated service_manage_report /usr/lib/python3/dist-packages/heat/engine/service.py:2370
2025-10-20 01:33:28.706 38177 DEBUG heat.engine.service [req-f504df51-3b3f-4889-9842-46869b7c7683 - - - - -] Service e6bcf72d-ed2f-4683-b27b-14a77068c54d is updated service_manage_report /usr/lib/python3/dist-packages/heat/engine/service.py:2370
2025-10-20 01:33:28.761 38176 DEBUG heat.engine.service [req-f9790f6d-32b4-4fef-beff-2e3e9c87f0e7 - - - - -] Service b995f291-0efb-485e-9a79-127e4c66872f is updated service_manage_report /usr/lib/python3/dist-packages/heat/engine/service.py:2370
2025-10-20 01:34:28.671 38178 DEBUG heat.engine.service [req-99e4a8eb-d751-4fa1-93f0-d98fa6674560 - - - - -] Service 1dd82e66-e8f4-419b-baeb-0df9a2dba8ad is updated service_manage_report /usr/lib/python3/dist-packages/heat/engine/service.py:2370
2025-10-20 01:34:28.706 38175 DEBUG heat.engine.service [req-fbc67d82-5c23-4f80-a4cc-5685a88823b2 - - - - -] Service 85f05bec-699a-4099-a3cd-b9a4619a2961 is updated service_manage_report /usr/lib/python3/dist-packages/heat/engine/service.py:2370
2025-10-20 01:34:28.707 38177 DEBUG heat.engine.service [req-2e379301-9ae4-4c79-a701-f0bdda17b41a - - - - -] Service e6bcf72d-ed2f-4683-b27b-14a77068c54d is updated service_manage_report /usr/lib/python3/dist-packages/heat/engine/service.py:2370
2025-10-20 01:34:28.763 38176 DEBUG heat.engine.service [req-6e4f42da-0ba0-4143-9689-df837e27ee52 - - - - -] Service b995f291-0efb-485e-9a79-127e4c66872f is updated service_manage_report /usr/lib/python3/dist-packages/heat/engine/service.py:2370
2025-10-20 01:35:28.673 38178 DEBUG heat.engine.service [req-bf26d7f2-53fe-40e7-a5c6-a671709121d3 - - - - -] Service 1dd82e66-e8f4-419b-baeb-0df9a2dba8ad is updated service_manage_report /usr/lib/python3/dist-packages/heat/engine/service.py:2370
2025-10-20 01:35:28.710 38175 DEBUG heat.engine.service [req-8f7b833b-d6c1-45d2-b1ec-ac132703c61f - - - - -] Service 85f05bec-699a-4099-a3cd-b9a4619a2961 is updated service_manage_report /usr/lib/python3/dist-packages/heat/engine/service.py:2370
2025-10-20 01:35:28.712 38177 DEBUG heat.engine.service [req-3a1e0ea9-38f6-43c8-a046-63ee944c8247 - - - - -] Service e6bcf72d-ed2f-4683-b27b-14a77068c54d is updated service_manage_report /usr/lib/python3/dist-packages/heat/engine/service.py:2370
2025-10-20 01:35:28.767 38176 DEBUG heat.engine.service [req-70266b4e-18e7-4c6f-be18-12e817ba6455 - - - - -] Service b995f291-0efb-485e-9a79-127e4c66872f is updated service_manage_report /usr/lib/python3/dist-packages/heat/engine/service.py:2370
2025-10-20 01:36:28.676 38178 DEBUG heat.engine.service [req-0d34bcfe-f417-44c8-a051-273030e59473 - - - - -] Service 1dd82e66-e8f4-419b-baeb-0df9a2dba8ad is updated service_manage_report /usr/lib/python3/dist-packages/heat/engine/service.py:2370
2025-10-20 01:36:28.715 38175 DEBUG heat.engine.service [req-57a3731b-f586-423e-a60c-9f1515267a28 - - - - -] Service 85f05bec-699a-4099-a3cd-b9a4619a2961 is updated service_manage_report /usr/lib/python3/dist-packages/heat/engine/service.py:2370
2025-10-20 01:36:28.719 38177 DEBUG heat.engine.service [req-c40b3a9c-71e9-41f3-9381-3624122c0cdd - - - - -] Service e6bcf72d-ed2f-4683-b27b-14a77068c54d is updated service_manage_report /usr/lib/python3/dist-packages/heat/engine/service.py:2370
2025-10-20 01:36:28.770 38176 DEBUG heat.engine.service [req-fb21982e-2e7b-4afa-9181-aea80819bbf9 - - - - -] Service b995f291-0efb-485e-9a79-127e4c66872f is updated service_manage_report /usr/lib/python3/dist-packages/heat/engine/service.py:2370
2025-10-20 01:37:28.681 38178 DEBUG heat.engine.service [req-849a1065-8c80-4f92-9447-fc476f8aa2aa - - - - -] Service 1dd82e66-e8f4-419b-baeb-0df9a2dba8ad is updated service_manage_report /usr/lib/python3/dist-packages/heat/engine/service.py:2370
2025-10-20 01:37:28.715 38177 DEBUG heat.engine.service [req-6c99e3e9-95d7-4e19-ad16-ff3d1893fc91 - - - - -] Service e6bcf72d-ed2f-4683-b27b-14a77068c54d is updated service_manage_report /usr/lib/python3/dist-packages/heat/engine/service.py:2370
2025-10-20 01:37:28.719 38175 DEBUG heat.engine.service [req-d499087f-3447-4932-9316-645d02729dda - - - - -] Service 85f05bec-699a-4099-a3cd-b9a4619a2961 is updated service_manage_report /usr/lib/python3/dist-packages/heat/engine/service.py:2370
2025-10-20 01:37:28.772 38176 DEBUG heat.engine.service [req-cfb2bf0b-1ef9-4c48-86c0-24ed081c1e26 - - - - -] Service b995f291-0efb-485e-9a79-127e4c66872f is updated service_manage_report /usr/lib/python3/dist-packages/heat/engine/service.py:2370
2025-10-20 01:38:28.688 38178 DEBUG heat.engine.service [req-72d162e4-d174-4c53-a79f-08a2b36b743a - - - - -] Service 1dd82e66-e8f4-419b-baeb-0df9a2dba8ad is updated service_manage_report /usr/lib/python3/dist-packages/heat/engine/service.py:2370
2025-10-20 01:38:28.723 38177 DEBUG heat.engine.service [req-dcba265c-0f0e-4645-8d76-462cacf7a403 - - - - -] Service e6bcf72d-ed2f-4683-b27b-14a77068c54d is updated service_manage_report /usr/lib/python3/dist-packages/heat/engine/service.py:2370
2025-10-20 01:38:28.729 38175 DEBUG heat.engine.service [req-9ffbd9bb-334e-4129-b2cc-ef0eef60e430 - - - - -] Service 85f05bec-699a-4099-a3cd-b9a4619a2961 is updated service_manage_report /usr/lib/python3/dist-packages/heat/engine/service.py:2370
2025-10-20 01:38:28.778 38176 DEBUG heat.engine.service [req-76457d4e-9045-4608-8df4-87f8d1cf6c7b - - - - -] Service b995f291-0efb-485e-9a79-127e4c66872f is updated service_manage_report /usr/lib/python3/dist-packages/heat/engine/service.py:2370
2025-10-20 01:38:57.669 38175 DEBUG heat.engine.service [-] Attempting to stop engine service... _stop_rpc_server /usr/lib/python3/dist-packages/heat/engine/service.py:437
2025-10-20 01:38:57.669 38178 DEBUG heat.engine.service [-] Attempting to stop engine service... _stop_rpc_server /usr/lib/python3/dist-packages/heat/engine/service.py:437
2025-10-20 01:38:57.670 38177 DEBUG heat.engine.service [-] Attempting to stop engine service... _stop_rpc_server /usr/lib/python3/dist-packages/heat/engine/service.py:437
2025-10-20 01:38:57.670 38176 DEBUG heat.engine.service [-] Attempting to stop engine service... _stop_rpc_server /usr/lib/python3/dist-packages/heat/engine/service.py:437
2025-10-20 01:38:57.679 37959 INFO oslo_service.service [-] Caught SIGTERM, stopping children
2025-10-20 01:38:57.679 37959 DEBUG oslo_concurrency.lockutils [-] Acquired lock "singleton_lock" lock /usr/lib/python3/dist-packages/oslo_concurrency/lockutils.py:294
2025-10-20 01:38:57.679 37959 DEBUG oslo_concurrency.lockutils [-] Releasing lock "singleton_lock" lock /usr/lib/python3/dist-packages/oslo_concurrency/lockutils.py:312
2025-10-20 01:38:57.679 37959 DEBUG oslo_service.service [-] Stop services. stop /usr/lib/python3/dist-packages/oslo_service/service.py:695
2025-10-20 01:38:57.680 37959 INFO heat.engine.service [-] All threads were gone, terminating engine
2025-10-20 01:38:57.680 37959 DEBUG oslo_service.service [-] Killing children. stop /usr/lib/python3/dist-packages/oslo_service/service.py:700
2025-10-20 01:38:57.688 37959 INFO oslo_service.service [-] Waiting on 4 children to exit
2025-10-20 01:38:57.692 37959 INFO oslo_service.service [-] Child 38175 killed by signal 15
2025-10-20 01:38:57.692 37959 INFO oslo_service.service [-] Child 38176 killed by signal 15
2025-10-20 01:38:57.692 37959 INFO oslo_service.service [-] Child 38177 killed by signal 15
2025-10-20 01:38:57.693 37959 INFO oslo_service.service [-] Child 38178 killed by signal 15
2025-10-20 01:38:59.808 61349 DEBUG oslo_concurrency.lockutils [-] Lock "context-manager" acquired by "neutron_lib.db.api._create_context_manager" :: waited 0.000s inner /usr/lib/python3/dist-packages/oslo_concurrency/lockutils.py:386
2025-10-20 01:38:59.822 61349 DEBUG oslo_concurrency.lockutils [-] Lock "context-manager" "released" by "neutron_lib.db.api._create_context_manager" :: held 0.013s inner /usr/lib/python3/dist-packages/oslo_concurrency/lockutils.py:400
2025-10-20 01:39:00.060 61349 WARNING heat.engine.environment [-] OS::Aodh::Alarm is DEPRECATED. Theshold alarm relies on ceilometer-api and has been deprecated in aodh since Ocata. Use OS::Aodh::GnocchiAggregationByResourcesAlarm instead.
2025-10-20 01:39:00.211 61349 WARNING heat.engine.environment [-] OS::Aodh::CombinationAlarm is HIDDEN. OS::Aodh::CombinationAlarm is deprecated and has been removed from Aodh, use OS::Aodh::CompositeAlarm instead.
2025-10-20 01:39:00.212 61349 WARNING heat.engine.environment [-] OS::Designate::Domain is HIDDEN. This resource has been removed, use OS::Designate::Zone instead.
2025-10-20 01:39:00.212 61349 WARNING heat.engine.environment [-] OS::Designate::Record is HIDDEN. This resource has been removed, use OS::Designate::RecordSet instead.
2025-10-20 01:39:00.212 61349 WARNING heat.engine.environment [-] OS::Glance::Image is DEPRECATED. Creating a Glance Image based on an existing URL location requires the Glance v1 API, which is deprecated.
2025-10-20 01:39:00.212 61349 WARNING heat.engine.environment [-] OS::Heat::HARestarter is HIDDEN. The HARestarter resource type has been removed. Existing stacks containing HARestarter resources can still be used, but the HARestarter resource will be a placeholder that does nothing.
2025-10-20 01:39:00.213 61349 WARNING heat.engine.environment [-] OS::Heat::SoftwareDeployments is HIDDEN. Please use OS::Heat::SoftwareDeploymentGroup instead.
2025-10-20 01:39:00.213 61349 WARNING heat.engine.environment [-] OS::Heat::StructuredDeployments is HIDDEN. Please use OS::Heat::StructuredDeploymentGroup instead.
2025-10-20 01:39:00.213 61349 WARNING heat.engine.environment [-] OS::Magnum::Bay is HIDDEN. Please use OS::Magnum::Cluster instead.
2025-10-20 01:39:00.213 61349 WARNING heat.engine.environment [-] OS::Magnum::BayModel is HIDDEN. Please use OS::Magnum::ClusterTemplate instead.
2025-10-20 01:39:00.214 61349 WARNING heat.engine.environment [-] OS::Neutron::ExtraRoute is UNSUPPORTED. Use this resource at your own risk.
2025-10-20 01:39:00.214 61349 WARNING heat.engine.environment [-] OS::Neutron::HealthMonitor is HIDDEN. Use LBaaS V2 instead.
2025-10-20 01:39:00.214 61349 WARNING heat.engine.environment [-] OS::Neutron::Pool is HIDDEN. Use LBaaS V2 instead.
2025-10-20 01:39:00.214 61349 WARNING heat.engine.environment [-] OS::Neutron::PoolMember is HIDDEN. Use LBaaS V2 instead.
2025-10-20 01:39:00.214 61349 WARNING heat.engine.environment [-] OS::Neutron::LoadBalancer is HIDDEN. Use LBaaS V2 instead.
2025-10-20 01:39:00.215 61349 WARNING heat.engine.environment [-] OS::Neutron::RouterGateway is HIDDEN. Use the `external_gateway_info` property in the router resource to set up the gateway.
2025-10-20 01:39:00.215 61349 WARNING heat.engine.environment [-] OS::Nova::FloatingIP is HIDDEN. Please use OS::Neutron::FloatingIP instead.
2025-10-20 01:39:00.215 61349 WARNING heat.engine.environment [-] OS::Nova::FloatingIPAssociation is HIDDEN. Please use OS::Neutron::FloatingIPAssociation instead.
2025-10-20 01:39:00.251 61349 INFO heat.engine.environment [-] Loading /etc/heat/environment.d/default.yaml
2025-10-20 01:39:00.252 61349 INFO heat.engine.environment [-] Registered: [Plugin](User:False) AWS::AutoScaling::AutoScalingGroup ->
2025-10-20 01:39:00.252 61349 INFO heat.engine.environment [-] Registered: [Plugin](User:False) AWS::AutoScaling::LaunchConfiguration ->
2025-10-20 01:39:00.252 61349 INFO heat.engine.environment [-] Registered: [Plugin](User:False) AWS::AutoScaling::ScalingPolicy ->
2025-10-20 01:39:00.253 61349 INFO heat.engine.environment [-] Registered: [Plugin](User:False) AWS::CloudFormation::Stack ->
2025-10-20 01:39:00.253 61349 INFO heat.engine.environment [-] Registered: [Plugin](User:False) AWS::CloudFormation::WaitCondition ->
2025-10-20 01:39:00.253 61349 INFO heat.engine.environment [-] Registered: [Plugin](User:False) AWS::CloudFormation::WaitConditionHandle ->
2025-10-20 01:39:00.253 61349 INFO heat.engine.environment [-] Registered: [Plugin](User:False) AWS::EC2::EIP ->
2025-10-20 01:39:00.253 61349 INFO heat.engine.environment [-] Registered: [Plugin](User:False) AWS::EC2::EIPAssociation ->
2025-10-20 01:39:00.253 61349 INFO heat.engine.environment [-] Registered: [Plugin](User:False) AWS::EC2::Instance ->
2025-10-20 01:39:00.253 61349 INFO heat.engine.environment [-] Registered: [Plugin](User:False) AWS::EC2::InternetGateway ->
2025-10-20 01:39:00.253 61349 INFO heat.engine.environment [-] Registered: [Plugin](User:False) AWS::EC2::VPCGatewayAttachment ->
2025-10-20 01:39:00.253 61349 INFO heat.engine.environment [-] Registered: [Plugin](User:False) AWS::EC2::NetworkInterface ->
2025-10-20 01:39:00.254 61349 INFO heat.engine.environment [-] Registered: [Plugin](User:False) AWS::EC2::RouteTable ->
2025-10-20 01:39:00.254 61349 INFO heat.engine.environment [-] Registered: [Plugin](User:False) AWS::EC2::SubnetRouteTableAssociation ->
2025-10-20 01:39:00.254 61349 INFO heat.engine.environment [-] Registered: [Plugin](User:False) AWS::EC2::SecurityGroup ->
2025-10-20 01:39:00.254 61349 INFO heat.engine.environment [-] Registered: [Plugin](User:False) AWS::EC2::Subnet ->
2025-10-20 01:39:00.254 61349 INFO heat.engine.environment [-] Registered: [Plugin](User:False) AWS::EC2::Volume ->
2025-10-20 01:39:00.254 61349 INFO heat.engine.environment [-] Registered: [Plugin](User:False) AWS::EC2::VolumeAttachment ->
2025-10-20 01:39:00.254 61349 INFO heat.engine.environment [-] Registered: [Plugin](User:False) AWS::EC2::VPC ->
2025-10-20 01:39:00.254 61349 INFO heat.engine.environment [-] Registered: [Plugin](User:False) AWS::IAM::User ->
2025-10-20 01:39:00.254 61349 INFO heat.engine.environment [-] Registered: [Plugin](User:False) AWS::IAM::AccessKey ->
2025-10-20 01:39:00.254 61349 INFO heat.engine.environment [-] Registered: [Plugin](User:False) AWS::ElasticLoadBalancing::LoadBalancer ->
2025-10-20 01:39:00.255 61349 INFO heat.engine.environment [-] Registered: [Plugin](User:False) AWS::S3::Bucket ->
2025-10-20 01:39:00.255 61349 INFO heat.engine.environment [-] Registered: [Plugin](User:False) OS::Aodh::Alarm ->
2025-10-20 01:39:00.255 61349 INFO heat.engine.environment [-] Registered: [Plugin](User:False) OS::Aodh::CombinationAlarm ->
2025-10-20 01:39:00.255 61349 INFO heat.engine.environment [-] Registered: [Plugin](User:False) OS::Aodh::EventAlarm ->
2025-10-20 01:39:00.255 61349 INFO heat.engine.environment [-] Registered: [Plugin](User:False) OS::Aodh::LBMemberHealthAlarm ->
2025-10-20 01:39:00.255 61349 INFO heat.engine.environment [-] Registered: [Plugin](User:False) OS::Aodh::CompositeAlarm ->
2025-10-20 01:39:00.255 61349 INFO heat.engine.environment [-] Registered: [Plugin](User:False) OS::Aodh::GnocchiResourcesAlarm ->
2025-10-20 01:39:00.255 61349 INFO heat.engine.environment [-] Registered: [Plugin](User:False) OS::Aodh::GnocchiAggregationByMetricsAlarm ->
2025-10-20 01:39:00.255 61349 INFO heat.engine.environment [-] Registered: [Plugin](User:False) OS::Aodh::GnocchiAggregationByResourcesAlarm ->
2025-10-20 01:39:00.256 61349 INFO heat.engine.environment [-] Registered: [Plugin](User:False) OS::Barbican::GenericContainer ->
2025-10-20 01:39:00.256 61349 INFO heat.engine.environment [-] Registered: [Plugin](User:False) OS::Barbican::CertificateContainer ->
2025-10-20 01:39:00.256 61349 INFO heat.engine.environment [-] Registered: [Plugin](User:False) OS::Barbican::RSAContainer ->
2025-10-20 01:39:00.256 61349 INFO heat.engine.environment [-] Registered: [Plugin](User:False) OS::Barbican::Order ->
2025-10-20 01:39:00.256 61349 INFO heat.engine.environment [-] Registered: [Plugin](User:False) OS::Barbican::Secret ->
2025-10-20 01:39:00.256 61349 INFO heat.engine.environment [-] Registered: [Plugin](User:False) OS::Blazar::Host ->
2025-10-20 01:39:00.256 61349 INFO heat.engine.environment [-] Registered: [Plugin](User:False) OS::Blazar::Lease ->
2025-10-20 01:39:00.256 61349 INFO heat.engine.environment [-] Registered: [Plugin](User:False) OS::Cinder::EncryptedVolumeType ->
2025-10-20 01:39:00.256 61349 INFO heat.engine.environment [-] Registered: [Plugin](User:False) OS::Cinder::QoSSpecs ->
2025-10-20 01:39:00.256 61349 INFO heat.engine.environment [-] Registered: [Plugin](User:False) OS::Cinder::QoSAssociation ->
2025-10-20 01:39:00.257 61349 INFO heat.engine.environment [-] Registered: [Plugin](User:False) OS::Cinder::Quota ->
2025-10-20 01:39:00.257 61349 INFO heat.engine.environment [-] Registered: [Plugin](User:False) OS::Cinder::Volume ->
2025-10-20 01:39:00.257 61349 INFO heat.engine.environment [-] Registered: [Plugin](User:False) OS::Cinder::VolumeAttachment ->
2025-10-20 01:39:00.257 61349 INFO heat.engine.environment [-] Registered: [Plugin](User:False) OS::Cinder::VolumeType ->
2025-10-20 01:39:00.257 61349 INFO heat.engine.environment [-] Registered: [Plugin](User:False) OS::Designate::Domain ->
2025-10-20 01:39:00.257 61349 INFO heat.engine.environment [-] Registered: [Plugin](User:False) OS::Designate::Record ->
2025-10-20 01:39:00.257 61349 INFO heat.engine.environment [-] Registered: [Plugin](User:False) OS::Designate::RecordSet ->
2025-10-20 01:39:00.257 61349 INFO heat.engine.environment [-] Registered: [Plugin](User:False) OS::Designate::Zone ->
2025-10-20 01:39:00.257 61349 INFO heat.engine.environment [-] Registered: [Plugin](User:False) OS::Glance::Image ->
2025-10-20 01:39:00.257 61349 INFO heat.engine.environment [-] Registered: [Plugin](User:False) OS::Glance::WebImage ->
2025-10-20 01:39:00.257 61349 INFO heat.engine.environment [-] Registered: [Plugin](User:False) OS::Heat::AccessPolicy ->
2025-10-20 01:39:00.257 61349 INFO heat.engine.environment [-] Registered: [Plugin](User:False) OS::Heat::AutoScalingGroup ->
2025-10-20 01:39:00.258 61349 INFO heat.engine.environment [-] Registered: [Plugin](User:False) OS::Heat::CloudConfig ->
2025-10-20 01:39:00.258 61349 INFO heat.engine.environment [-] Registered: [Plugin](User:False) OS::Heat::Delay ->
2025-10-20 01:39:00.258 61349 INFO heat.engine.environment [-] Registered: [Plugin](User:False) OS::Heat::DeployedServer ->
2025-10-20 01:39:00.258 61349 INFO heat.engine.environment [-] Registered: [Plugin](User:False) OS::Heat::HARestarter ->
2025-10-20 01:39:00.258 61349 INFO heat.engine.environment [-] Registered: [Plugin](User:False) OS::Heat::InstanceGroup ->
2025-10-20 01:39:00.258 61349 INFO heat.engine.environment [-] Registered: [Plugin](User:False) OS::Heat::MultipartMime ->
2025-10-20 01:39:00.258 61349 INFO heat.engine.environment [-] Registered: [Plugin](User:False) OS::Heat::None ->
2025-10-20 01:39:00.258 61349 INFO heat.engine.environment [-] Registered: [Plugin](User:False) OS::Heat::RandomString ->
2025-10-20 01:39:00.258 61349 INFO heat.engine.environment [-] Registered: [Plugin](User:False) OS::Heat::Stack ->
2025-10-20 01:39:00.258 61349 INFO heat.engine.environment [-] Registered: [Plugin](User:False) OS::Heat::ResourceChain ->
2025-10-20 01:39:00.258 61349 INFO heat.engine.environment [-] Registered: [Plugin](User:False) OS::Heat::ResourceGroup ->
2025-10-20 01:39:00.258 61349 INFO heat.engine.environment [-] Registered: [Plugin](User:False) OS::Heat::ScalingPolicy ->
2025-10-20 01:39:00.259 61349 INFO heat.engine.environment [-] Registered: [Plugin](User:False) OS::Heat::SoftwareComponent ->
2025-10-20 01:39:00.259 61349 INFO heat.engine.environment [-] Registered: [Plugin](User:False) OS::Heat::SoftwareConfig ->
2025-10-20 01:39:00.259 61349 INFO heat.engine.environment [-] Registered: [Plugin](User:False) OS::Heat::SoftwareDeployment ->
2025-10-20 01:39:00.259 61349 INFO heat.engine.environment [-] Registered: [Plugin](User:False) OS::Heat::SoftwareDeploymentGroup ->
2025-10-20 01:39:00.259 61349 INFO heat.engine.environment [-] Registered: [Plugin](User:False) OS::Heat::SoftwareDeployments ->
2025-10-20 01:39:00.259 61349 INFO heat.engine.environment [-] Registered: [Plugin](User:False) OS::Heat::StructuredConfig ->
2025-10-20 01:39:00.259 61349 INFO heat.engine.environment [-] Registered: [Plugin](User:False) OS::Heat::StructuredDeployment ->
2025-10-20 01:39:00.259 61349 INFO heat.engine.environment [-] Registered: [Plugin](User:False) OS::Heat::StructuredDeploymentGroup ->
2025-10-20 01:39:00.259 61349 INFO heat.engine.environment [-] Registered: [Plugin](User:False) OS::Heat::StructuredDeployments ->
2025-10-20 01:39:00.259 61349 INFO heat.engine.environment [-] Registered: [Plugin](User:False) OS::Heat::SwiftSignal ->
2025-10-20 01:39:00.259 61349 INFO heat.engine.environment [-] Registered: [Plugin](User:False) OS::Heat::SwiftSignalHandle ->
2025-10-20 01:39:00.260 61349 INFO heat.engine.environment [-] Registered: [Plugin](User:False) OS::Heat::TestResource ->
2025-10-20 01:39:00.260 61349 INFO heat.engine.environment [-] Registered: [Plugin](User:False) OS::Heat::Value ->
2025-10-20 01:39:00.260 61349 INFO heat.engine.environment [-] Registered: [Plugin](User:False) OS::Heat::WaitCondition ->
2025-10-20 01:39:00.260 61349 INFO heat.engine.environment [-] Registered: [Plugin](User:False) OS::Heat::WaitConditionHandle ->
2025-10-20 01:39:00.260 61349 INFO heat.engine.environment [-] Registered: [Plugin](User:False) OS::Heat::UpdateWaitConditionHandle ->
2025-10-20 01:39:00.260 61349 INFO heat.engine.environment [-] Registered: [Plugin](User:False) OS::Ironic::Port ->
2025-10-20 01:39:00.260 61349 INFO heat.engine.environment [-] Registered: [Plugin](User:False) OS::Keystone::Domain ->
2025-10-20 01:39:00.260 61349 INFO heat.engine.environment [-] Registered: [Plugin](User:False) OS::Keystone::Endpoint ->
2025-10-20 01:39:00.260 61349 INFO heat.engine.environment [-] Registered: [Plugin](User:False) OS::Keystone::Group ->
2025-10-20 01:39:00.260 61349 INFO heat.engine.environment [-] Registered: [Plugin](User:False) OS::Keystone::Project ->
2025-10-20 01:39:00.260 61349 INFO heat.engine.environment [-] Registered: [Plugin](User:False) OS::Keystone::Region ->
2025-10-20 01:39:00.260 61349 INFO heat.engine.environment [-] Registered: [Plugin](User:False) OS::Keystone::Role ->
2025-10-20 01:39:00.261 61349 INFO heat.engine.environment [-] Registered: [Plugin](User:False) OS::Keystone::UserRoleAssignment ->
2025-10-20 01:39:00.261 61349 INFO heat.engine.environment [-] Registered: [Plugin](User:False) OS::Keystone::GroupRoleAssignment ->
2025-10-20 01:39:00.261 61349 INFO heat.engine.environment [-] Registered: [Plugin](User:False) OS::Keystone::Service ->
2025-10-20 01:39:00.261 61349 INFO heat.engine.environment [-] Registered: [Plugin](User:False) OS::Keystone::User ->
2025-10-20 01:39:00.261 61349 INFO heat.engine.environment [-] Registered: [Plugin](User:False) OS::Magnum::Bay ->
2025-10-20 01:39:00.261 61349 INFO heat.engine.environment [-] Registered: [Plugin](User:False) OS::Magnum::BayModel ->
2025-10-20 01:39:00.261 61349 INFO heat.engine.environment [-] Registered: [Plugin](User:False) OS::Magnum::Cluster ->
2025-10-20 01:39:00.261 61349 INFO heat.engine.environment [-] Registered: [Plugin](User:False) OS::Magnum::ClusterTemplate ->
2025-10-20 01:39:00.261 61349 INFO heat.engine.environment [-] Registered: [Plugin](User:False) OS::Manila::SecurityService ->
2025-10-20 01:39:00.261 61349 INFO heat.engine.environment [-] Registered: [Plugin](User:False) OS::Manila::Share ->
2025-10-20 01:39:00.261 61349 INFO heat.engine.environment [-] Registered: [Plugin](User:False) OS::Manila::ShareNetwork ->
2025-10-20 01:39:00.261 61349 INFO heat.engine.environment [-] Registered: [Plugin](User:False) OS::Manila::ShareType ->
2025-10-20 01:39:00.262 61349 INFO heat.engine.environment [-] Registered: [Plugin](User:False) OS::Mistral::CronTrigger ->
2025-10-20 01:39:00.262 61349 INFO heat.engine.environment [-] Registered: [Plugin](User:False) OS::Mistral::ExternalResource ->
2025-10-20 01:39:00.262 61349 INFO heat.engine.environment [-] Registered: [Plugin](User:False) OS::Mistral::Workflow ->
2025-10-20 01:39:00.262 61349 INFO heat.engine.environment [-] Registered: [Plugin](User:False) OS::Monasca::AlarmDefinition ->
2025-10-20 01:39:00.262 61349 INFO heat.engine.environment [-] Registered: [Plugin](User:False) OS::Monasca::Notification ->
2025-10-20 01:39:00.262 61349 INFO heat.engine.environment [-] Registered: [Plugin](User:False) OS::Neutron::AddressScope ->
2025-10-20 01:39:00.262 61349 INFO heat.engine.environment [-] Registered: [Plugin](User:False) OS::Neutron::ExtraRoute ->
2025-10-20 01:39:00.262 61349 INFO heat.engine.environment [-] Registered: [Plugin](User:False) OS::Neutron::ExtraRouteSet ->
2025-10-20 01:39:00.262 61349 INFO heat.engine.environment [-] Registered: [Plugin](User:False) OS::Neutron::Firewall ->
2025-10-20 01:39:00.262 61349 INFO heat.engine.environment [-] Registered: [Plugin](User:False) OS::Neutron::FirewallPolicy ->
2025-10-20 01:39:00.262 61349 INFO heat.engine.environment [-] Registered: [Plugin](User:False) OS::Neutron::FirewallRule ->
2025-10-20 01:39:00.262 61349 INFO heat.engine.environment [-] Registered: [Plugin](User:False) OS::Neutron::FloatingIP ->
2025-10-20 01:39:00.263 61349 INFO heat.engine.environment [-] Registered: [Plugin](User:False) OS::Neutron::FloatingIPAssociation ->
2025-10-20 01:39:00.263 61349 INFO heat.engine.environment [-] Registered: [Plugin](User:False) OS::Neutron::L2Gateway ->
2025-10-20 01:39:00.263 61349 INFO heat.engine.environment [-] Registered: [Plugin](User:False) OS::Neutron::L2GatewayConnection ->
2025-10-20 01:39:00.263 61349 INFO heat.engine.environment [-] Registered: [Plugin](User:False) OS::Neutron::LBaaS::HealthMonitor ->
2025-10-20 01:39:00.263 61349 INFO heat.engine.environment [-] Registered: [Plugin](User:False) OS::Neutron::LBaaS::L7Policy ->
2025-10-20 01:39:00.263 61349 INFO heat.engine.environment [-] Registered: [Plugin](User:False) OS::Neutron::LBaaS::L7Rule ->
2025-10-20 01:39:00.263 61349 INFO heat.engine.environment [-] Registered: [Plugin](User:False) OS::Neutron::LBaaS::Listener ->
2025-10-20 01:39:00.263 61349 INFO heat.engine.environment [-] Registered: [Plugin](User:False) OS::Neutron::LBaaS::LoadBalancer ->
2025-10-20 01:39:00.263 61349 INFO heat.engine.environment [-] Registered: [Plugin](User:False) OS::Neutron::LBaaS::Pool ->
2025-10-20 01:39:00.263 61349 INFO heat.engine.environment [-] Registered: [Plugin](User:False) OS::Neutron::LBaaS::PoolMember ->
2025-10-20 01:39:00.263 61349 INFO heat.engine.environment [-] Registered: [Plugin](User:False) OS::Neutron::HealthMonitor ->
2025-10-20 01:39:00.263 61349 INFO heat.engine.environment [-] Registered: [Plugin](User:False) OS::Neutron::Pool ->
2025-10-20 01:39:00.264 61349 INFO heat.engine.environment [-] Registered: [Plugin](User:False) OS::Neutron::PoolMember ->
2025-10-20 01:39:00.264 61349 INFO heat.engine.environment [-] Registered: [Plugin](User:False) OS::Neutron::LoadBalancer ->
2025-10-20 01:39:00.264 61349 INFO heat.engine.environment [-] Registered: [Plugin](User:False) OS::Neutron::MeteringLabel ->
2025-10-20 01:39:00.264 61349 INFO heat.engine.environment [-] Registered: [Plugin](User:False) OS::Neutron::MeteringRule ->
2025-10-20 01:39:00.264 61349 INFO heat.engine.environment [-] Registered: [Plugin](User:False) OS::Neutron::Net ->
2025-10-20 01:39:00.264 61349 INFO heat.engine.environment [-] Registered: [Plugin](User:False) OS::Neutron::NetworkGateway ->
2025-10-20 01:39:00.264 61349 INFO heat.engine.environment [-] Registered: [Plugin](User:False) OS::Neutron::Port ->
2025-10-20 01:39:00.264 61349 INFO heat.engine.environment [-] Registered: [Plugin](User:False) OS::Neutron::ProviderNet ->
2025-10-20 01:39:00.264 61349 INFO heat.engine.environment [-] Registered: [Plugin](User:False) OS::Neutron::QoSPolicy ->
2025-10-20 01:39:00.264 61349 INFO heat.engine.environment [-] Registered: [Plugin](User:False) OS::Neutron::QoSBandwidthLimitRule ->
2025-10-20 01:39:00.264 61349 INFO heat.engine.environment [-] Registered: [Plugin](User:False) OS::Neutron::QoSDscpMarkingRule ->
2025-10-20 01:39:00.264 61349 INFO heat.engine.environment [-] Registered: [Plugin](User:False) OS::Neutron::QoSMinimumBandwidthRule ->
2025-10-20 01:39:00.265 61349 INFO heat.engine.environment [-] Registered: [Plugin](User:False) OS::Neutron::Quota ->
2025-10-20 01:39:00.265 61349 INFO heat.engine.environment [-] Registered: [Plugin](User:False) OS::Neutron::RBACPolicy ->
2025-10-20 01:39:00.265 61349 INFO heat.engine.environment [-] Registered: [Plugin](User:False) OS::Neutron::Router ->
2025-10-20 01:39:00.265 61349 INFO heat.engine.environment [-] Registered: [Plugin](User:False) OS::Neutron::RouterInterface ->
2025-10-20 01:39:00.265 61349 INFO heat.engine.environment [-] Registered: [Plugin](User:False) OS::Neutron::RouterGateway ->
2025-10-20 01:39:00.265 61349 INFO heat.engine.environment [-] Registered: [Plugin](User:False) OS::Neutron::SecurityGroup ->
2025-10-20 01:39:00.265 61349 INFO heat.engine.environment [-] Registered: [Plugin](User:False) OS::Neutron::SecurityGroupRule ->
2025-10-20 01:39:00.265 61349 INFO heat.engine.environment [-] Registered: [Plugin](User:False) OS::Neutron::Segment ->
2025-10-20 01:39:00.265 61349 INFO heat.engine.environment [-] Registered: [Plugin](User:False) OS::Neutron::FlowClassifier ->
2025-10-20 01:39:00.265 61349 INFO heat.engine.environment [-] Registered: [Plugin](User:False) OS::Neutron::PortChain ->
2025-10-20 01:39:00.265 61349 INFO heat.engine.environment [-] Registered: [Plugin](User:False) OS::Neutron::PortPair ->
2025-10-20 01:39:00.265 61349 INFO heat.engine.environment [-] Registered: [Plugin](User:False) OS::Neutron::PortPairGroup ->
2025-10-20 01:39:00.266 61349 INFO heat.engine.environment [-] Registered: [Plugin](User:False) OS::Neutron::Subnet ->
2025-10-20 01:39:00.266 61349 INFO heat.engine.environment [-] Registered: [Plugin](User:False) OS::Neutron::SubnetPool ->
2025-10-20 01:39:00.266 61349 INFO heat.engine.environment [-] Registered: [Plugin](User:False) OS::Neutron::TaaS::TapFlow ->
2025-10-20 01:39:00.266 61349 INFO heat.engine.environment [-] Registered: [Plugin](User:False) OS::Neutron::TaaS::TapService ->
2025-10-20 01:39:00.266 61349 INFO heat.engine.environment [-] Registered: [Plugin](User:False) OS::Neutron::Trunk ->
2025-10-20 01:39:00.266 61349 INFO heat.engine.environment [-] Registered: [Plugin](User:False) OS::Neutron::VPNService ->
2025-10-20 01:39:00.266 61349 INFO heat.engine.environment [-] Registered: [Plugin](User:False) OS::Neutron::IPsecSiteConnection ->
2025-10-20 01:39:00.266 61349 INFO heat.engine.environment [-] Registered: [Plugin](User:False) OS::Neutron::IKEPolicy ->
2025-10-20 01:39:00.266 61349 INFO heat.engine.environment [-] Registered: [Plugin](User:False) OS::Neutron::IPsecPolicy ->
2025-10-20 01:39:00.266 61349 INFO heat.engine.environment [-] Registered: [Plugin](User:False) OS::Nova::Flavor ->
2025-10-20 01:39:00.266 61349 INFO heat.engine.environment [-] Registered: [Plugin](User:False) OS::Nova::FloatingIP ->
2025-10-20 01:39:00.266 61349 INFO heat.engine.environment [-] Registered: [Plugin](User:False) OS::Nova::FloatingIPAssociation ->
2025-10-20 01:39:00.267 61349 INFO heat.engine.environment [-] Registered: [Plugin](User:False) OS::Nova::HostAggregate ->
2025-10-20 01:39:00.304 61349 INFO heat.engine.environment [-] Registered: [Plugin](User:False) OS::Nova::KeyPair ->
2025-10-20 01:39:00.304 61349 INFO heat.engine.environment [-] Registered: [Plugin](User:False) OS::Nova::Quota ->
2025-10-20 01:39:00.304 61349 INFO heat.engine.environment [-] Registered: [Plugin](User:False) OS::Nova::Server ->
2025-10-20 01:39:00.305 61349 INFO heat.engine.environment [-] Registered: [Plugin](User:False) OS::Nova::ServerGroup ->
2025-10-20 01:39:00.305 61349 INFO heat.engine.environment [-] Registered: [Plugin](User:False) OS::Octavia::Flavor ->
2025-10-20 01:39:00.305 61349 INFO heat.engine.environment [-] Registered: [Plugin](User:False) OS::Octavia::FlavorProfile ->
2025-10-20 01:39:00.305 61349 INFO heat.engine.environment [-] Registered: [Plugin](User:False) OS::Octavia::HealthMonitor ->
2025-10-20 01:39:00.305 61349 INFO heat.engine.environment [-] Registered: [Plugin](User:False) OS::Octavia::L7Policy ->
2025-10-20 01:39:00.305 61349 INFO heat.engine.environment [-] Registered: [Plugin](User:False) OS::Octavia::L7Rule ->
2025-10-20 01:39:00.305 61349 INFO heat.engine.environment [-] Registered: [Plugin](User:False) OS::Octavia::Listener ->
2025-10-20 01:39:00.305 61349 INFO heat.engine.environment [-] Registered: [Plugin](User:False) OS::Octavia::LoadBalancer ->
2025-10-20 01:39:00.306 61349 INFO heat.engine.environment [-] Registered: [Plugin](User:False) OS::Octavia::Pool ->
2025-10-20 01:39:00.306 61349 INFO heat.engine.environment [-] Registered: [Plugin](User:False) OS::Octavia::PoolMember ->
2025-10-20 01:39:00.306 61349 INFO heat.engine.environment [-] Registered: [Plugin](User:False) OS::Octavia::Quota ->
2025-10-20 01:39:00.306 61349 INFO heat.engine.environment [-] Registered: [Plugin](User:False) OS::Sahara::Cluster ->
2025-10-20 01:39:00.306 61349 INFO heat.engine.environment [-] Registered: [Plugin](User:False) OS::Sahara::DataSource ->
2025-10-20 01:39:00.306 61349 INFO heat.engine.environment [-] Registered: [Plugin](User:False) OS::Sahara::ImageRegistry ->
2025-10-20 01:39:00.306 61349 INFO heat.engine.environment [-] Registered: [Plugin](User:False) OS::Sahara::Job ->
2025-10-20 01:39:00.306 61349 INFO heat.engine.environment [-] Registered: [Plugin](User:False) OS::Sahara::JobBinary ->
2025-10-20 01:39:00.306 61349 INFO heat.engine.environment [-] Registered: [Plugin](User:False) OS::Sahara::NodeGroupTemplate ->
2025-10-20 01:39:00.307 61349 INFO heat.engine.environment [-] Registered: [Plugin](User:False) OS::Sahara::ClusterTemplate ->
2025-10-20 01:39:00.307 61349 INFO heat.engine.environment [-] Registered: [Plugin](User:False) OS::Senlin::Cluster ->
2025-10-20 01:39:00.307 61349 INFO heat.engine.environment [-] Registered: [Plugin](User:False) OS::Senlin::Node ->
2025-10-20 01:39:00.307 61349 INFO heat.engine.environment [-] Registered: [Plugin](User:False) OS::Senlin::Policy ->
2025-10-20 01:39:00.307 61349 INFO heat.engine.environment [-] Registered: [Plugin](User:False) OS::Senlin::Profile ->
2025-10-20 01:39:00.307 61349 INFO heat.engine.environment [-] Registered: [Plugin](User:False) OS::Senlin::Receiver ->
2025-10-20 01:39:00.307 61349 INFO heat.engine.environment [-] Registered: [Plugin](User:False) OS::Swift::Container ->
2025-10-20 01:39:00.307 61349 INFO heat.engine.environment [-] Registered: [Plugin](User:False) OS::Trove::Cluster ->
2025-10-20 01:39:00.307 61349 INFO heat.engine.environment [-] Registered: [Plugin](User:False) OS::Trove::Instance ->
2025-10-20 01:39:00.308 61349 INFO heat.engine.environment [-] Registered: [Plugin](User:False) OS::Vitrage::Template ->
2025-10-20 01:39:00.308 61349 INFO heat.engine.environment [-] Registered: [Plugin](User:False) OS::Zaqar::Queue ->
2025-10-20 01:39:00.308 61349 INFO heat.engine.environment [-] Registered: [Plugin](User:False) OS::Zaqar::SignedQueueURL ->
2025-10-20 01:39:00.308 61349 INFO heat.engine.environment [-] Registered: [Plugin](User:False) OS::Zaqar::Subscription ->
2025-10-20 01:39:00.308 61349 INFO heat.engine.environment [-] Registered: [Plugin](User:False) OS::Zaqar::MistralTrigger ->
2025-10-20 01:39:00.308 61349 INFO heat.engine.environment [-] Registered: [Wildcard Mapping](User:False) OS::Quantum* -> OS::Neutron*
2025-10-20 01:39:00.308 61349 INFO heat.engine.environment [-] Registered: [Template](User:False) AWS::CloudWatch::Alarm -> file:///etc/heat/templates/AWS_CloudWatch_Alarm.yaml
2025-10-20 01:39:00.308 61349 INFO heat.engine.environment [-] Registered: [Mapping](User:False) OS::Metering::Alarm -> OS::Aodh::Alarm
2025-10-20 01:39:00.308 61349 INFO heat.engine.environment [-] Registered: [Template](User:False) AWS::RDS::DBInstance -> file:///etc/heat/templates/AWS_RDS_DBInstance.yaml
2025-10-20 01:39:00.308 61349 INFO heat.engine.environment [-] Registered: [Mapping](User:False) OS::Ceilometer::Alarm -> OS::Aodh::Alarm
2025-10-20 01:39:00.308 61349 INFO heat.engine.environment [-] Registered: [Mapping](User:False) OS::Ceilometer::GnocchiResourcesAlarm -> OS::Aodh::GnocchiResourcesAlarm
2025-10-20 01:39:00.309 61349 INFO heat.engine.environment [-] Registered: [Mapping](User:False) OS::Ceilometer::GnocchiAggregationByMetricsAlarm -> OS::Aodh::GnocchiAggregationByMetricsAlarm
